20.171.207.4 - - [13/Jul/2025:08:35:40 -0400] "GET /228ef4/index.php?loknya=%2F.%2Fopt%2Falt%2Fphp53%2Fusr%2Fshare%2Fdoc%2Fpear%2FValidator HTTP/1.1" 200 8263 "-" "Mozilla/5.0 AppleWebKit/537.36 (KHTML, like Gecko; compatible; GPTBot/1.2; +https://openai.com/gptbot)"
98.83.178.66 - - [13/Jul/2025:08:35:40 -0400] "GET /228ef4/?loknya=/proc/thread-self/root/home/akhalid/./dangroup.sa/wp-content/plugins/elementor-pro/core/ HTTP/1.1" 200 8940 "-" "Mozilla/5.0 AppleWebKit/537.36 (KHTML, like Gecko; compatible; Amazonbot/0.1; +https://developer.amazon.com/support/amazonbot) Chrome/119.0.6045.214 Safari/537.36"
20.171.207.39 - - [13/Jul/2025:08:35:40 -0400] "GET /228ef4/index.php?loknya=%2F.%2Fproc%2Fself%2Froot%2Fproc%2Fself%2Froot%2Fopt%2Falt%2Falt-nodejs10%2Froot%2Fusr%2Fshare%2Fman%2Fman7 HTTP/1.1" 200 8662 "-" "Mozilla/5.0 AppleWebKit/537.36 (KHTML, like Gecko; compatible; GPTBot/1.2; +https://openai.com/gptbot)"
2a03:2880:f800:13:: - - [13/Jul/2025:08:35:40 -0400] "GET /228ef4/?lokasie=/usr/include/linux/nfs_fs.h&loknya=/usr/include/linux HTTP/1.1" 200 8593 "-" "meta-externalagent/1.1 (+https://developers.facebook.com/docs/sharing/webmasters/crawler)"
216.73.216.82 - - [13/Jul/2025:08:35:40 -0400] "GET /228ef4/?lokasie=%2Fhome%2Fakhalid%2Fomerys%2Fpublic_html--%2Fimage%2Fcache%2Fcatalog%2Fup%2F04%2F4988931682633552-500x300.jpeg&loknya=%2Fhome%2Fakhalid%2Fomerys%2Fpublic_html--%2Fimage%2Fcache%2Fcatalog%2Fup%2F04 HTTP/1.1" 200 42309 "-" "Mozilla/5.0 AppleWebKit/537.36 (KHTML, like Gecko; compatible; ClaudeBot/1.0; +claudebot@anthropic.com)"
20.171.207.4 - - [13/Jul/2025:08:35:41 -0400] "GET /228ef4/index.php?loknya=%2F.%2Fopt%2Falt%2Fphp53%2Fusr%2Fshare%2Fdoc%2Fpear%2FHttpKernel HTTP/1.1" 200 8262 "-" "Mozilla/5.0 AppleWebKit/537.36 (KHTML, like Gecko; compatible; GPTBot/1.2; +https://openai.com/gptbot)"
20.171.207.39 - - [13/Jul/2025:08:35:41 -0400] "GET /228ef4/index.php?loknya=%2F.%2Fproc%2Fself%2Froot%2Fproc%2Fself%2Froot%2Fopt%2Falt%2Falt-nodejs10%2Froot%2Fusr%2Fshare%2Flocale%2Fes_PE HTTP/1.1" 200 8327 "-" "Mozilla/5.0 AppleWebKit/537.36 (KHTML, like Gecko; compatible; GPTBot/1.2; +https://openai.com/gptbot)"
216.73.216.82 - - [13/Jul/2025:08:35:42 -0400] "GET /228ef4/?lokasie=%2Fhome%2Fakhalid%2Flscache%2F2%2Fe%2F7%2F2e7eb1106c44f994&loknya=%2Fhome%2Fakhalid%2Flscache%2F2%2Fe%2F7 HTTP/1.1" 200 8219 "-" "Mozilla/5.0 AppleWebKit/537.36 (KHTML, like Gecko; compatible; ClaudeBot/1.0; +claudebot@anthropic.com)"
20.171.207.4 - - [13/Jul/2025:08:35:42 -0400] "GET /228ef4/index.php?loknya=%2F.%2Fopt%2Falt%2Fphp73%2Fusr%2Fshare%2Fdoc%2Fpear%2FFile_MARC%2Fexamples HTTP/1.1" 200 8453 "-" "Mozilla/5.0 AppleWebKit/537.36 (KHTML, like Gecko; compatible; GPTBot/1.2; +https://openai.com/gptbot)"
20.171.207.39 - - [13/Jul/2025:08:35:42 -0400] "GET /228ef4/index.php?loknya=%2F.%2Fproc%2Fself%2Froot%2Fproc%2Fself%2Froot%2Fopt%2Falt%2Falt-nodejs10%2Froot%2Fusr%2Fshare%2Flocale%2Fes_HN HTTP/1.1" 200 8327 "-" "Mozilla/5.0 AppleWebKit/537.36 (KHTML, like Gecko; compatible; GPTBot/1.2; +https://openai.com/gptbot)"
216.73.216.82 - - [13/Jul/2025:08:35:42 -0400] "GET /228ef4/?lokasie=%2Fusr%2Fshare%2Fman%2Fman3%2FBIO_gets.3ssl.gz&loknya=%2Fusr%2Fshare%2Fman%2Fman3 HTTP/1.1" 200 11100 "-" "Mozilla/5.0 AppleWebKit/537.36 (KHTML, like Gecko; compatible; ClaudeBot/1.0; +claudebot@anthropic.com)"
20.171.207.4 - - [13/Jul/2025:08:35:43 -0400] "GET /228ef4/index.php?loknya=%2F.%2Fopt%2Falt%2Fphp70%2Fusr%2Fshare%2Fdoc%2Fpear%2FFile_MARC%2F HTTP/1.1" 200 8474 "-" "Mozilla/5.0 AppleWebKit/537.36 (KHTML, like Gecko; compatible; GPTBot/1.2; +https://openai.com/gptbot)"
20.171.207.39 - - [13/Jul/2025:08:35:43 -0400] "GET /228ef4/index.php?loknya=%2F.%2Fproc%2Fself%2Froot%2Fproc%2Fself%2Froot%2Fopt%2Falt%2Falt-nodejs10%2Froot%2Fusr%2Fshare%2Fman%2Fman6 HTTP/1.1" 200 8177 "-" "Mozilla/5.0 AppleWebKit/537.36 (KHTML, like Gecko; compatible; GPTBot/1.2; +https://openai.com/gptbot)"
216.73.216.82 - - [13/Jul/2025:08:35:43 -0400] "GET /228ef4/?lokasie=%2Fhome%2Fakhalid%2Flscache%2F4%2F6%2Fe%2F46e3dbd5edef1fe7&loknya=%2Fhome%2Fakhalid%2Flscache%2F4%2F6%2Fe HTTP/1.1" 200 8199 "-" "Mozilla/5.0 AppleWebKit/537.36 (KHTML, like Gecko; compatible; ClaudeBot/1.0; +claudebot@anthropic.com)"
54.147.238.89 - - [13/Jul/2025:08:35:44 -0400] "GET /228ef4/?loknya=/proc/thread-self/root/proc/thread-self/root/proc/thread-self/root/opt/alt/python310/share/licenses HTTP/1.1" 200 8352 "-" "Mozilla/5.0 AppleWebKit/537.36 (KHTML, like Gecko; compatible; Amazonbot/0.1; +https://developer.amazon.com/support/amazonbot) Chrome/119.0.6045.214 Safari/537.36"
20.171.207.4 - - [13/Jul/2025:08:35:44 -0400] "GET /228ef4/index.php?loknya=%2F.%2Fopt%2Falt%2Fphp53%2Fusr%2Fshare%2Fdoc%2Fpear%2FSerializer HTTP/1.1" 200 8299 "-" "Mozilla/5.0 AppleWebKit/537.36 (KHTML, like Gecko; compatible; GPTBot/1.2; +https://openai.com/gptbot)"
216.73.216.82 - - [13/Jul/2025:08:35:44 -0400] "GET /228ef4/?lokasie=%2Flib%2Fnode_modules%2Fnpm%2Fman%2Fman8%2Fmariadbd.8.gz&loknya=%2Flib%2Fnode_modules%2Fnpm%2Fman%2Fman8 HTTP/1.1" 200 7930 "-" "Mozilla/5.0 AppleWebKit/537.36 (KHTML, like Gecko; compatible; ClaudeBot/1.0; +claudebot@anthropic.com)"
20.171.207.39 - - [13/Jul/2025:08:35:45 -0400] "GET /228ef4/index.php?loknya=%2F.%2Fproc%2Fself%2Froot%2Fproc%2Fself%2Froot%2Fopt%2Falt%2Falt-nodejs10%2Froot%2Fusr%2Fshare%2Flocale%2Fqaa-qtz HTTP/1.1" 200 8324 "-" "Mozilla/5.0 AppleWebKit/537.36 (KHTML, like Gecko; compatible; GPTBot/1.2; +https://openai.com/gptbot)"
20.171.207.4 - - [13/Jul/2025:08:35:45 -0400] "GET /228ef4/index.php?loknya=%2F.%2Fopt%2Falt%2Fphp53%2Fusr%2Fshare%2Fdoc%2Fpear%2FConfig%2F HTTP/1.1" 200 8296 "-" "Mozilla/5.0 AppleWebKit/537.36 (KHTML, like Gecko; compatible; GPTBot/1.2; +https://openai.com/gptbot)"
20.171.207.39 - - [13/Jul/2025:08:35:46 -0400] "GET /228ef4/index.php?loknya=%2F.%2Fproc%2Fself%2Froot%2Fproc%2Fself%2Froot%2Fopt%2Falt%2Falt-nodejs10%2Froot%2Fusr%2Fshare%2Flocale%2Fes_NI HTTP/1.1" 200 8326 "-" "Mozilla/5.0 AppleWebKit/537.36 (KHTML, like Gecko; compatible; GPTBot/1.2; +https://openai.com/gptbot)"
216.73.216.82 - - [13/Jul/2025:08:35:46 -0400] "GET /228ef4/index.php?lokasie=%2Fhome%2Fakhalid%2Flscache%2F6%2F6%2Fa%2F66a98caf4fb124ad&loknya=%2Fhome%2Fakhalid%2Flscache%2F6%2F6%2Fa HTTP/1.1" 200 8190 "-" "Mozilla/5.0 AppleWebKit/537.36 (KHTML, like Gecko; compatible; ClaudeBot/1.0; +claudebot@anthropic.com)"
20.171.207.4 - - [13/Jul/2025:08:35:47 -0400] "GET /228ef4/index.php?loknya=%2F.%2Fopt%2Falt%2Fphp53%2Fusr%2Fshare%2Fdoc%2Fpear%2FRouting%2F HTTP/1.1" 200 8255 "-" "Mozilla/5.0 AppleWebKit/537.36 (KHTML, like Gecko; compatible; GPTBot/1.2; +https://openai.com/gptbot)"
216.73.216.82 - - [13/Jul/2025:08:35:46 -0400] "GET /228ef4/?lokasie=%2Fusr%2Fshare%2Fman%2Fman3%2Fxcb_randr_delete_output_property_checked.3.gz&loknya=%2Fusr%2Fshare%2Fman%2Fman3 HTTP/1.1" 200 7975 "-" "Mozilla/5.0 AppleWebKit/537.36 (KHTML, like Gecko; compatible; ClaudeBot/1.0; +claudebot@anthropic.com)"
20.171.207.39 - - [13/Jul/2025:08:35:47 -0400] "GET /228ef4/index.php?loknya=%2F.%2Fproc%2Fself%2Froot%2Fproc%2Fself%2Froot%2Fopt%2Falt%2Falt-nodejs10%2Froot%2Fusr%2Fshare%2Fman%2Fman5 HTTP/1.1" 200 8563 "-" "Mozilla/5.0 AppleWebKit/537.36 (KHTML, like Gecko; compatible; GPTBot/1.2; +https://openai.com/gptbot)"
216.73.216.82 - - [13/Jul/2025:08:35:47 -0400] "GET /228ef4/?lokasie=%2Fhome%2Fakhalid%2Fdangroup.sa%2Fwp-includes%2Fblocks%2Fdetails%2Feditor.min.css&loknya=%2Fhome%2Fakhalid%2Fdangroup.sa%2Fwp-includes%2Fblocks%2Fdetails HTTP/1.1" 200 7899 "-" "Mozilla/5.0 AppleWebKit/537.36 (KHTML, like Gecko; compatible; ClaudeBot/1.0; +claudebot@anthropic.com)"
20.171.207.4 - - [13/Jul/2025:08:35:48 -0400] "GET /228ef4/index.php?loknya=%2F.%2Fopt%2Falt%2Fphp53%2Fusr%2Fshare%2Fdoc%2Fpear%2FLocale HTTP/1.1" 200 8262 "-" "Mozilla/5.0 AppleWebKit/537.36 (KHTML, like Gecko; compatible; GPTBot/1.2; +https://openai.com/gptbot)"
44.208.223.68 - - [13/Jul/2025:08:35:48 -0400] "GET /228ef4/?loknya=/proc/thread-self/root/proc/self/root/proc/thread-self/root/lib/python3.6/site-packages/dnf-plugins HTTP/1.1" 200 9192 "-" "Mozilla/5.0 AppleWebKit/537.36 (KHTML, like Gecko; compatible; Amazonbot/0.1; +https://developer.amazon.com/support/amazonbot) Chrome/119.0.6045.214 Safari/537.36"
20.171.207.39 - - [13/Jul/2025:08:35:48 -0400] "GET /228ef4/index.php?loknya=%2F.%2Fproc%2Fself%2Froot%2Fproc%2Fself%2Froot%2Fopt%2Falt%2Falt-nodejs10%2Froot%2Fusr%2Fshare%2Flocale%2Fpt_BR HTTP/1.1" 200 8362 "-" "Mozilla/5.0 AppleWebKit/537.36 (KHTML, like Gecko; compatible; GPTBot/1.2; +https://openai.com/gptbot)"
20.171.207.4 - - [13/Jul/2025:08:35:49 -0400] "GET /228ef4/index.php?loknya=%2F.%2Fopt%2Falt%2Fphp53%2Fusr%2Fshare%2Fdoc%2Fpear%2FFinder%2F HTTP/1.1" 200 8296 "-" "Mozilla/5.0 AppleWebKit/537.36 (KHTML, like Gecko; compatible; GPTBot/1.2; +https://openai.com/gptbot)"
20.171.207.39 - - [13/Jul/2025:08:35:49 -0400] "GET /228ef4/index.php?loknya=%2F.%2Fproc%2Fself%2Froot%2Fproc%2Fself%2Froot%2Fopt%2Falt%2Falt-nodejs10%2Froot%2Fusr%2Fshare%2Flocale%2Fes_PA HTTP/1.1" 200 8362 "-" "Mozilla/5.0 AppleWebKit/537.36 (KHTML, like Gecko; compatible; GPTBot/1.2; +https://openai.com/gptbot)"
216.73.216.82 - - [13/Jul/2025:08:35:49 -0400] "GET /228ef4/?lokasie=%2Fusr%2Flib%2F.build-id%2Ff9%2F5c838ac4ae3386280d531d5c00701983a49f9c&loknya=%2Fusr%2Flib%2F.build-id%2Ff9 HTTP/1.1" 200 1136396 "-" "Mozilla/5.0 AppleWebKit/537.36 (KHTML, like Gecko; compatible; ClaudeBot/1.0; +claudebot@anthropic.com)"
20.171.207.4 - - [13/Jul/2025:08:35:50 -0400] "GET /228ef4/index.php?loknya=%2F.%2Fopt%2Falt%2Fphp53%2Fusr%2Fshare%2Fdoc%2Fpear%2FForm%2F HTTP/1.1" 200 8288 "-" "Mozilla/5.0 AppleWebKit/537.36 (KHTML, like Gecko; compatible; GPTBot/1.2; +https://openai.com/gptbot)"
20.171.207.39 - - [13/Jul/2025:08:35:50 -0400] "GET /228ef4/index.php?loknya=%2F.%2Fproc%2Fself%2Froot%2Fproc%2Fself%2Froot%2Fopt%2Falt%2Falt-nodejs10%2Froot%2Fusr%2Fshare%2Flocale%2Fsl_SI HTTP/1.1" 200 8362 "-" "Mozilla/5.0 AppleWebKit/537.36 (KHTML, like Gecko; compatible; GPTBot/1.2; +https://openai.com/gptbot)"
216.73.216.82 - - [13/Jul/2025:08:35:51 -0400] "GET /228ef4/?lokasie=%2Fhome%2Fakhalid%2F.%2Flscache%2Ff%2F7%2F3%2Ff73dbe8e0e42a378&loknya=%2Fhome%2Fakhalid%2F.%2Flscache%2Ff%2F7%2F3 HTTP/1.1" 200 8229 "-" "Mozilla/5.0 AppleWebKit/537.36 (KHTML, like Gecko; compatible; ClaudeBot/1.0; +claudebot@anthropic.com)"
20.171.207.4 - - [13/Jul/2025:08:35:51 -0400] "GET /228ef4/index.php?loknya=%2F.%2Fopt%2Falt%2Fphp73%2Fusr%2Fshare%2Fdoc%2Fpear%2FFile_MARC%2F HTTP/1.1" 200 8521 "-" "Mozilla/5.0 AppleWebKit/537.36 (KHTML, like Gecko; compatible; GPTBot/1.2; +https://openai.com/gptbot)"
20.171.207.39 - - [13/Jul/2025:08:35:51 -0400] "GET /228ef4/index.php?loknya=%2F.%2Fproc%2Fself%2Froot%2Fproc%2Fself%2Froot%2Fopt%2Falt%2Falt-nodejs10%2Froot%2Fusr%2Fshare%2Flocale%2Fast_ES HTTP/1.1" 200 8327 "-" "Mozilla/5.0 AppleWebKit/537.36 (KHTML, like Gecko; compatible; GPTBot/1.2; +https://openai.com/gptbot)"
54.90.244.132 - - [13/Jul/2025:08:35:52 -0400] "GET /228ef4/?lokasie=/proc/thread-self/root/proc/thread-self/root/lib/systemd/system//nfs-mountd.service&loknya=/proc/thread-self/root/proc/thread-self/root/lib/systemd/system/ HTTP/1.1" 200 8079 "-" "Mozilla/5.0 AppleWebKit/537.36 (KHTML, like Gecko; compatible; Amazonbot/0.1; +https://developer.amazon.com/support/amazonbot) Chrome/119.0.6045.214 Safari/537.36"
20.171.207.4 - - [13/Jul/2025:08:35:52 -0400] "GET /228ef4/index.php?loknya=%2F.%2Fopt%2Falt%2Fphp53%2Fusr%2Fshare%2Fdoc%2Fpear%2FSecurity%2FSymfony HTTP/1.1" 200 8267 "-" "Mozilla/5.0 AppleWebKit/537.36 (KHTML, like Gecko; compatible; GPTBot/1.2; +https://openai.com/gptbot)"
216.73.216.82 - - [13/Jul/2025:08:35:52 -0400] "GET /228ef4/?lokasie=%2Fhome%2Fakhalid%2Flscache%2F4%2Fd%2Ff%2F4dfbaed4e7c68bd9&loknya=%2Fhome%2Fakhalid%2Flscache%2F4%2Fd%2Ff HTTP/1.1" 200 8186 "-" "Mozilla/5.0 AppleWebKit/537.36 (KHTML, like Gecko; compatible; ClaudeBot/1.0; +claudebot@anthropic.com)"
20.171.207.39 - - [13/Jul/2025:08:35:53 -0400] "GET /228ef4/index.php?loknya=%2F.%2Fproc%2Fself%2Froot%2Fproc%2Fself%2Froot%2Fopt%2Falt%2Falt-nodejs10%2Froot%2Fusr%2Fshare%2Flocale%2Fsr_RS HTTP/1.1" 200 8325 "-" "Mozilla/5.0 AppleWebKit/537.36 (KHTML, like Gecko; compatible; GPTBot/1.2; +https://openai.com/gptbot)"
20.171.207.4 - - [13/Jul/2025:08:35:53 -0400] "GET /228ef4/index.php?loknya=%2F.%2Fopt%2Falt%2Fphp73%2Fusr%2Fshare%2Fdoc%2Fpear%2FMail HTTP/1.1" 200 8360 "-" "Mozilla/5.0 AppleWebKit/537.36 (KHTML, like Gecko; compatible; GPTBot/1.2; +https://openai.com/gptbot)"
216.73.216.82 - - [13/Jul/2025:08:35:53 -0400] "GET /228ef4/?lokasie=%2Fhome%2Fakhalid%2Flscache%2Fa%2F5%2F7%2Fa57ef6677b673f9d&loknya=%2Fhome%2Fakhalid%2Flscache%2Fa%2F5%2F7 HTTP/1.1" 200 35097 "-" "Mozilla/5.0 AppleWebKit/537.36 (KHTML, like Gecko; compatible; ClaudeBot/1.0; +claudebot@anthropic.com)"
20.171.207.39 - - [13/Jul/2025:08:35:54 -0400] "GET /228ef4/index.php?loknya=%2F.%2Fproc%2Fself%2Froot%2Fproc%2Fself%2Froot%2Fopt%2Falt%2Falt-nodejs10%2Froot%2Fusr%2Fshare%2Flocale%2Fpl_PL HTTP/1.1" 200 8325 "-" "Mozilla/5.0 AppleWebKit/537.36 (KHTML, like Gecko; compatible; GPTBot/1.2; +https://openai.com/gptbot)"
20.171.207.4 - - [13/Jul/2025:08:35:55 -0400] "GET /228ef4/index.php?loknya=%2F.%2Fopt%2Falt%2Fphp53%2Fusr%2Fshare%2Fdoc%2Fpear%2FFilesystem%2FSymfony HTTP/1.1" 200 8314 "-" "Mozilla/5.0 AppleWebKit/537.36 (KHTML, like Gecko; compatible; GPTBot/1.2; +https://openai.com/gptbot)"
216.73.216.142 - - [13/Jul/2025:08:35:55 -0400] "GET /228ef4/?loknya=%2Fopt%2Falt%2Falt-nodejs10%2Froot%2Flib%2Fnode_modules%2Fnpm%2Fnode_modules%2Fnode-fetch-npm%2F HTTP/1.1" 200 8562 "-" "Mozilla/5.0 AppleWebKit/537.36 (KHTML, like Gecko; compatible; ClaudeBot/1.0; +claudebot@anthropic.com)"
20.171.207.39 - - [13/Jul/2025:08:35:55 -0400] "GET /228ef4/index.php?loknya=%2F.%2Fproc%2Fself%2Froot%2Fproc%2Fself%2Froot%2Fopt%2Falt%2Falt-nodejs10%2Froot%2Fusr%2Fshare%2Flocale%2Fel_GR HTTP/1.1" 200 8362 "-" "Mozilla/5.0 AppleWebKit/537.36 (KHTML, like Gecko; compatible; GPTBot/1.2; +https://openai.com/gptbot)"
216.73.216.142 - - [13/Jul/2025:08:35:56 -0400] "GET /228ef4/?lokasie=%2Fopt%2Falt%2Fphp71%2Fusr%2Fshare%2Fpear%2FPEAR%2FInstaller%2FRole.php&loknya=%2Fopt%2Falt%2Fphp71%2Fusr%2Fshare%2Fpear%2FPEAR%2FInstaller HTTP/1.1" 200 9918 "-" "Mozilla/5.0 AppleWebKit/537.36 (KHTML, like Gecko; compatible; ClaudeBot/1.0; +claudebot@anthropic.com)"
20.171.207.4 - - [13/Jul/2025:08:35:56 -0400] "GET /228ef4/index.php?loknya=%2F.%2Fopt%2Falt%2Fphp53%2Fusr%2Fshare%2Fdoc%2Fpear%2FMail HTTP/1.1" 200 8317 "-" "Mozilla/5.0 AppleWebKit/537.36 (KHTML, like Gecko; compatible; GPTBot/1.2; +https://openai.com/gptbot)"
20.171.207.39 - - [13/Jul/2025:08:35:56 -0400] "GET /228ef4/index.php?loknya=%2F.%2Fproc%2Fself%2Froot%2Fproc%2Fself%2Froot%2Fopt%2Falt%2Falt-nodejs10%2Froot%2Fusr%2Fshare%2Flocale%2Fes_CR HTTP/1.1" 200 8362 "-" "Mozilla/5.0 AppleWebKit/537.36 (KHTML, like Gecko; compatible; GPTBot/1.2; +https://openai.com/gptbot)"
54.147.238.89 - - [13/Jul/2025:08:35:56 -0400] "GET /228ef4/index.php?loknya=/home/akhalid/saitoncompany.com/wp-includes/sodium_compat/src/Core/Curve25519 HTTP/1.1" 200 8519 "-" "Mozilla/5.0 AppleWebKit/537.36 (KHTML, like Gecko; compatible; Amazonbot/0.1; +https://developer.amazon.com/support/amazonbot) Chrome/119.0.6045.214 Safari/537.36"
216.73.216.142 - - [13/Jul/2025:08:35:57 -0400] "GET /228ef4/?lokasie=%2Fopt%2Fimunify360%2Fvenv%2Flib64%2Fpython3.11%2Fsite-packages%2Fsimplejson%2Ftests%2Ftest_raw_json.py&loknya=%2Fopt%2Fimunify360%2Fvenv%2Flib64%2Fpython3.11%2Fsite-packages%2Fsimplejson%2Ftests HTTP/1.1" 200 8187 "-" "Mozilla/5.0 AppleWebKit/537.36 (KHTML, like Gecko; compatible; ClaudeBot/1.0; +claudebot@anthropic.com)"
20.171.207.4 - - [13/Jul/2025:08:35:57 -0400] "GET /228ef4/index.php?loknya=%2F.%2Fopt%2Falt%2Fphp53%2Fusr%2Fshare%2Fdoc%2Fpear%2FYaml HTTP/1.1" 200 8253 "-" "Mozilla/5.0 AppleWebKit/537.36 (KHTML, like Gecko; compatible; GPTBot/1.2; +https://openai.com/gptbot)"
20.171.207.39 - - [13/Jul/2025:08:35:57 -0400] "GET /228ef4/index.php?loknya=%2F.%2Fproc%2Fself%2Froot%2Fproc%2Fself%2Froot%2Fopt%2Falt%2Falt-nodejs10%2Froot%2Fusr%2Fshare%2Flocale%2Fnl_NL HTTP/1.1" 200 8362 "-" "Mozilla/5.0 AppleWebKit/537.36 (KHTML, like Gecko; compatible; GPTBot/1.2; +https://openai.com/gptbot)"
216.73.216.142 - - [13/Jul/2025:08:35:58 -0400] "GET /228ef4/index.php?lokasie=%2Flib%2Fpython3.6%2Fsite-packages%2Ftuned%2Fprofiles%2Ffunctions%2F%2Ffunction_cpulist2hex.py&loknya=%2Flib%2Fpython3.6%2Fsite-packages%2Ftuned%2Fprofiles%2Ffunctions%2F HTTP/1.1" 200 8161 "-" "Mozilla/5.0 AppleWebKit/537.36 (KHTML, like Gecko; compatible; ClaudeBot/1.0; +claudebot@anthropic.com)"
20.171.207.4 - - [13/Jul/2025:08:35:58 -0400] "GET /228ef4/index.php?loknya=%2F.%2Fopt%2Falt%2Fphp70%2Fusr%2Fshare%2Fdoc%2Fpear%2FMail HTTP/1.1" 200 8318 "-" "Mozilla/5.0 AppleWebKit/537.36 (KHTML, like Gecko; compatible; GPTBot/1.2; +https://openai.com/gptbot)"
20.171.207.39 - - [13/Jul/2025:08:35:58 -0400] "GET /228ef4/index.php?loknya=%2F.%2Fproc%2Fself%2Froot%2Fproc%2Fself%2Froot%2Fopt%2Falt%2Falt-nodejs10%2Froot%2Fusr%2Fshare%2Flocale%2Ffr_CH HTTP/1.1" 200 8326 "-" "Mozilla/5.0 AppleWebKit/537.36 (KHTML, like Gecko; compatible; GPTBot/1.2; +https://openai.com/gptbot)"
216.73.216.142 - - [13/Jul/2025:08:35:59 -0400] "GET /228ef4/?lokasie=%2Fopt%2Falt%2Falt-nodejs10%2Froot%2Flib%2Fnode_modules%2Fnpm%2Fnode_modules.bundled%2Fnode-gyp%2Flib%2Fremove.js&loknya=%2Fopt%2Falt%2Falt-nodejs10%2Froot%2Flib%2Fnode_modules%2Fnpm%2Fnode_modules.bundled%2Fnode-gyp%2Flib HTTP/1.1" 200 8521 "-" "Mozilla/5.0 AppleWebKit/537.36 (KHTML, like Gecko; compatible; ClaudeBot/1.0; +claudebot@anthropic.com)"
20.171.207.4 - - [13/Jul/2025:08:35:59 -0400] "GET /228ef4/index.php?loknya=%2F.%2Fopt%2Falt%2Fphp53%2Fusr%2Fshare%2Fdoc%2Fpear%2FProcess HTTP/1.1" 200 8256 "-" "Mozilla/5.0 AppleWebKit/537.36 (KHTML, like Gecko; compatible; GPTBot/1.2; +https://openai.com/gptbot)"
20.171.207.39 - - [13/Jul/2025:08:35:59 -0400] "GET /228ef4/index.php?loknya=%2F.%2Fproc%2Fself%2Froot%2Fproc%2Fself%2Froot%2Fopt%2Falt%2Falt-nodejs10%2Froot%2Fusr%2Fshare%2Flocale%2Fbh HTTP/1.1" 200 8322 "-" "Mozilla/5.0 AppleWebKit/537.36 (KHTML, like Gecko; compatible; GPTBot/1.2; +https://openai.com/gptbot)"
216.73.216.142 - - [13/Jul/2025:08:36:00 -0400] "GET /228ef4/index.php?lokasie=%2Fusr%2Flib64%2Fpython3.8%2Fencodings%2F%2Fcp1258.py&loknya=%2Fusr%2Flib64%2Fpython3.8%2Fencodings%2F HTTP/1.1" 200 11078 "-" "Mozilla/5.0 AppleWebKit/537.36 (KHTML, like Gecko; compatible; ClaudeBot/1.0; +claudebot@anthropic.com)"
44.194.134.53 - - [13/Jul/2025:08:36:00 -0400] "GET /228ef4/?loknya=/proc/thread-self/root/proc/self/root/opt/alt/alt-nodejs19/root/var/spool/lpd HTTP/1.1" 200 8182 "-" "Mozilla/5.0 AppleWebKit/537.36 (KHTML, like Gecko; compatible; Amazonbot/0.1; +https://developer.amazon.com/support/amazonbot) Chrome/119.0.6045.214 Safari/537.36"
20.171.207.4 - - [13/Jul/2025:08:36:00 -0400] "GET /228ef4/index.php?loknya=%2F.%2Fopt%2Falt%2Fphp53%2Fusr%2Fshare%2Fdoc%2Fpear%2FLocale%2FSymfony HTTP/1.1" 200 8263 "-" "Mozilla/5.0 AppleWebKit/537.36 (KHTML, like Gecko; compatible; GPTBot/1.2; +https://openai.com/gptbot)"
20.171.207.39 - - [13/Jul/2025:08:36:01 -0400] "GET /228ef4/index.php?loknya=%2F.%2Fproc%2Fself%2Froot%2Fproc%2Fself%2Froot%2Fopt%2Falt%2Falt-nodejs10%2Froot%2Fusr%2Fshare%2Flocale%2Flb HTTP/1.1" 200 8363 "-" "Mozilla/5.0 AppleWebKit/537.36 (KHTML, like Gecko; compatible; GPTBot/1.2; +https://openai.com/gptbot)"
216.73.216.142 - - [13/Jul/2025:08:36:01 -0400] "GET /228ef4/index.php?loknya=%2Fopt%2Falt%2Fphp55%2Fusr%2Fshare%2Fpear%2Ftest%2FTemplating%2FSymfony%2FComponent%2FTemplating%2FTests%2FStorage HTTP/1.1" 200 8460 "-" "Mozilla/5.0 AppleWebKit/537.36 (KHTML, like Gecko; compatible; ClaudeBot/1.0; +claudebot@anthropic.com)"
20.171.207.4 - - [13/Jul/2025:08:36:02 -0400] "GET /228ef4/index.php?loknya=%2F.%2Fopt%2Falt%2Fphp53%2Fusr%2Fshare%2Fdoc%2Fpear%2FArchive HTTP/1.1" 200 8254 "-" "Mozilla/5.0 AppleWebKit/537.36 (KHTML, like Gecko; compatible; GPTBot/1.2; +https://openai.com/gptbot)"
216.73.216.142 - - [13/Jul/2025:08:36:02 -0400] "GET /228ef4/?lokasie=%2Fopt%2Fcpanel%2Fea-php70%2Froot%2Fusr%2Flib64%2Fphp%2Fmodules%2Ftokenizer.so&loknya=%2Fopt%2Fcpanel%2Fea-php70%2Froot%2Fusr%2Flib64%2Fphp%2Fmodules HTTP/1.1" 200 15095 "-" "Mozilla/5.0 AppleWebKit/537.36 (KHTML, like Gecko; compatible; ClaudeBot/1.0; +claudebot@anthropic.com)"
20.171.207.39 - - [13/Jul/2025:08:36:02 -0400] "GET /228ef4/index.php?loknya=%2F.%2Fproc%2Fself%2Froot%2Fproc%2Fself%2Froot%2Fopt%2Falt%2Falt-nodejs10%2Froot%2Fusr%2Fshare%2Flocale%2Fps HTTP/1.1" 200 8361 "-" "Mozilla/5.0 AppleWebKit/537.36 (KHTML, like Gecko; compatible; GPTBot/1.2; +https://openai.com/gptbot)"
216.73.216.142 - - [13/Jul/2025:08:36:03 -0400] "GET /228ef4/?lokasie=%2Fopt%2Fcloudlinux%2Fvenv%2Flib64%2Fpython3.11%2Fsite-packages%2Fsetuptools%2F_distutils%2Ftests%2Fcompat%2F%2Fpy39.py&loknya=%2Fopt%2Fcloudlinux%2Fvenv%2Flib64%2Fpython3.11%2Fsite-packages%2Fsetuptools%2F_distutils%2Ftests%2Fcompat%2F HTTP/1.1" 200 8117 "-" "Mozilla/5.0 AppleWebKit/537.36 (KHTML, like Gecko; compatible; ClaudeBot/1.0; +claudebot@anthropic.com)"
20.171.207.39 - - [13/Jul/2025:08:36:03 -0400] "GET /228ef4/index.php?loknya=%2F.%2Fproc%2Fself%2Froot%2Fproc%2Fself%2Froot%2Fopt%2Falt%2Falt-nodejs10%2Froot%2Fusr%2Fshare%2Flocale%2Fnb HTTP/1.1" 200 8363 "-" "Mozilla/5.0 AppleWebKit/537.36 (KHTML, like Gecko; compatible; GPTBot/1.2; +https://openai.com/gptbot)"
20.171.207.4 - - [13/Jul/2025:08:36:03 -0400] "GET /228ef4/index.php?loknya=%2F.%2Fopt%2Falt%2Fphp53%2Fusr%2Fshare%2Fdoc%2Fpear%2FConsole HTTP/1.1" 200 8255 "-" "Mozilla/5.0 AppleWebKit/537.36 (KHTML, like Gecko; compatible; GPTBot/1.2; +https://openai.com/gptbot)"
216.73.216.142 - - [13/Jul/2025:08:36:04 -0400] "GET /228ef4/index.php?lokasie=%2Fopt%2Falt%2Fpython37%2Flib64%2Fpython3.7%2Flib2to3%2Fpgen2%2F__pycache__%2Fpgen.cpython-37.opt-1.pyc&loknya=%2Fopt%2Falt%2Fpython37%2Flib64%2Fpython3.7%2Flib2to3%2Fpgen2%2F__pycache__ HTTP/1.1" 200 12708 "-" "Mozilla/5.0 AppleWebKit/537.36 (KHTML, like Gecko; compatible; ClaudeBot/1.0; +claudebot@anthropic.com)"
54.80.185.200 - - [13/Jul/2025:08:36:04 -0400] "GET /228ef4/?lokasie=/proc/thread-self/root/proc/thread-self/root/home/akhalid/omerys/public_html/admin/controller/extension/module/pp_button.php&loknya=/proc/thread-self/root/proc/thread-self/root/home/akhalid/omerys/public_html/admin/controller/extension/module HTTP/1.1" 200 8893 "-" "Mozilla/5.0 AppleWebKit/537.36 (KHTML, like Gecko; compatible; Amazonbot/0.1; +https://developer.amazon.com/support/amazonbot) Chrome/119.0.6045.214 Safari/537.36"
20.171.207.39 - - [13/Jul/2025:08:36:04 -0400] "GET /228ef4/index.php?loknya=%2F.%2Fproc%2Fself%2Froot%2Fproc%2Fself%2Froot%2Fopt%2Falt%2Falt-nodejs10%2Froot%2Fusr%2Fshare%2Flocale%2Fbn HTTP/1.1" 200 8321 "-" "Mozilla/5.0 AppleWebKit/537.36 (KHTML, like Gecko; compatible; GPTBot/1.2; +https://openai.com/gptbot)"
20.171.207.4 - - [13/Jul/2025:08:36:04 -0400] "GET /228ef4/index.php?loknya=%2F.%2Fopt%2Falt%2Fphp53%2Fusr%2Fshare%2Fdoc%2Fpear%2FSecurity%2F HTTP/1.1" 200 8298 "-" "Mozilla/5.0 AppleWebKit/537.36 (KHTML, like Gecko; compatible; GPTBot/1.2; +https://openai.com/gptbot)"
216.73.216.142 - - [13/Jul/2025:08:36:05 -0400] "GET /228ef4/?lokasie=%2Fopt%2Falt%2Falt-nodejs11%2Froot%2Flib%2Fnode_modules%2Fnpm%2Fnode_modules%2Ftar%2Fnode_modules%2Fchownr%2Fchownr.js&loknya=%2Fopt%2Falt%2Falt-nodejs11%2Froot%2Flib%2Fnode_modules%2Fnpm%2Fnode_modules%2Ftar%2Fnode_modules%2Fchownr HTTP/1.1" 200 8737 "-" "Mozilla/5.0 AppleWebKit/537.36 (KHTML, like Gecko; compatible; ClaudeBot/1.0; +claudebot@anthropic.com)"
20.171.207.4 - - [13/Jul/2025:08:36:05 -0400] "GET /228ef4/index.php?loknya=%2F.%2Fopt%2Falt%2Fphp70%2Fusr%2Fshare%2Fdoc%2Fpear%2FXML_Util%2F HTTP/1.1" 200 8269 "-" "Mozilla/5.0 AppleWebKit/537.36 (KHTML, like Gecko; compatible; GPTBot/1.2; +https://openai.com/gptbot)"
20.171.207.39 - - [13/Jul/2025:08:36:05 -0400] "GET /228ef4/index.php?loknya=%2F.%2Fproc%2Fself%2Froot%2Fproc%2Fself%2Froot%2Fopt%2Falt%2Falt-nodejs10%2Froot%2Fusr%2Fshare%2Flocale%2Fpl_PL HTTP/1.1" 200 8325 "-" "Mozilla/5.0 AppleWebKit/537.36 (KHTML, like Gecko; compatible; GPTBot/1.2; +https://openai.com/gptbot)"
216.73.216.142 - - [13/Jul/2025:08:36:06 -0400] "GET /228ef4/index.php?lokasie=%2Fopt%2Fimunify360%2Fvenv%2Flib%2Fpython3.11%2Fsite-packages%2Fpip%2F_internal%2F%2Fcache.py&loknya=%2Fopt%2Fimunify360%2Fvenv%2Flib%2Fpython3.11%2Fsite-packages%2Fpip%2F_internal%2F HTTP/1.1" 200 11146 "-" "Mozilla/5.0 AppleWebKit/537.36 (KHTML, like Gecko; compatible; ClaudeBot/1.0; +claudebot@anthropic.com)"
20.171.207.4 - - [13/Jul/2025:08:36:06 -0400] "GET /228ef4/index.php?loknya=%2F.%2Fopt%2Falt%2Fphp53%2Fusr%2Fshare%2Fdoc%2Fpear%2FFilesystem%2F HTTP/1.1" 200 8295 "-" "Mozilla/5.0 AppleWebKit/537.36 (KHTML, like Gecko; compatible; GPTBot/1.2; +https://openai.com/gptbot)"
20.171.207.39 - - [13/Jul/2025:08:36:06 -0400] "GET /228ef4/index.php?loknya=%2F.%2Fproc%2Fself%2Froot%2Fproc%2Fself%2Froot%2Fopt%2Falt%2Falt-nodejs10%2Froot%2Fusr%2Fshare%2Flocale%2Fti HTTP/1.1" 200 8321 "-" "Mozilla/5.0 AppleWebKit/537.36 (KHTML, like Gecko; compatible; GPTBot/1.2; +https://openai.com/gptbot)"
216.73.216.142 - - [13/Jul/2025:08:36:07 -0400] "GET /228ef4/?lokasie=%2Fusr%2Flib%2Fdracut%2Fmodules.d%2F99kdumpbase%2Fkdump-error-handler.sh&loknya=%2Fusr%2Flib%2Fdracut%2Fmodules.d%2F99kdumpbase HTTP/1.1" 200 7970 "-" "Mozilla/5.0 AppleWebKit/537.36 (KHTML, like Gecko; compatible; ClaudeBot/1.0; +claudebot@anthropic.com)"
20.171.207.4 - - [13/Jul/2025:08:36:07 -0400] "GET /228ef4/index.php?loknya=%2F.%2Fopt%2Falt%2Fphp70%2Fusr%2Fshare%2Fdoc%2Fpear%2FNet_SMTP%2F HTTP/1.1" 200 8472 "-" "Mozilla/5.0 AppleWebKit/537.36 (KHTML, like Gecko; compatible; GPTBot/1.2; +https://openai.com/gptbot)"
20.171.207.39 - - [13/Jul/2025:08:36:07 -0400] "GET /228ef4/index.php?loknya=%2F.%2Fproc%2Fself%2Froot%2Fproc%2Fself%2Froot%2Fopt%2Falt%2Falt-nodejs10%2Froot%2Fusr%2Fshare%2Flocale%2Fmr HTTP/1.1" 200 8320 "-" "Mozilla/5.0 AppleWebKit/537.36 (KHTML, like Gecko; compatible; GPTBot/1.2; +https://openai.com/gptbot)"
216.73.216.142 - - [13/Jul/2025:08:36:08 -0400] "GET /228ef4/?lokasie=%2Fopt%2Falt%2Flibicu65%2Fusr%2Fshare%2Fdoc%2Falt-libicu65-devel%2Fsamples%2Ftranslit%2Fanswers%2Funaccent.h&loknya=%2Fopt%2Falt%2Flibicu65%2Fusr%2Fshare%2Fdoc%2Falt-libicu65-devel%2Fsamples%2Ftranslit%2Fanswers HTTP/1.1" 200 8352 "-" "Mozilla/5.0 AppleWebKit/537.36 (KHTML, like Gecko; compatible; ClaudeBot/1.0; +claudebot@anthropic.com)"
52.6.97.88 - - [13/Jul/2025:08:36:08 -0400] "GET /228ef4/?loknya=/opt/alt/alt-nodejs12/root/lib/node_modules/npm/node_modules/iconv-lite/encodings/tables HTTP/1.1" 200 8600 "-" "Mozilla/5.0 AppleWebKit/537.36 (KHTML, like Gecko; compatible; Amazonbot/0.1; +https://developer.amazon.com/support/amazonbot) Chrome/119.0.6045.214 Safari/537.36"
216.73.216.142 - - [13/Jul/2025:08:36:09 -0400] "GET /228ef4/index.php?lokasie=%2Fopt%2Fcloudlinux%2Falt-php71%2Froot%2Fusr%2Fshare%2Fdoc%2Fpear%2FNet_SMTP%2F%2FLICENSE&loknya=%2Fopt%2Fcloudlinux%2Falt-php71%2Froot%2Fusr%2Fshare%2Fdoc%2Fpear%2FNet_SMTP%2F HTTP/1.1" 200 8625 "-" "Mozilla/5.0 AppleWebKit/537.36 (KHTML, like Gecko; compatible; ClaudeBot/1.0; +claudebot@anthropic.com)"
20.171.207.4 - - [13/Jul/2025:08:36:09 -0400] "GET /228ef4/index.php?loknya=%2F.%2Fopt%2Falt%2Fphp53%2Fusr%2Fshare%2Fdoc%2Fpear%2FYaml%2FSymfony HTTP/1.1" 200 8265 "-" "Mozilla/5.0 AppleWebKit/537.36 (KHTML, like Gecko; compatible; GPTBot/1.2; +https://openai.com/gptbot)"
20.171.207.39 - - [13/Jul/2025:08:36:09 -0400] "GET /228ef4/index.php?loknya=%2F.%2Fproc%2Fself%2Froot%2Fproc%2Fself%2Froot%2Fopt%2Falt%2Falt-nodejs10%2Froot%2Fusr%2Fshare%2Flocale%2Fgl HTTP/1.1" 200 8320 "-" "Mozilla/5.0 AppleWebKit/537.36 (KHTML, like Gecko; compatible; GPTBot/1.2; +https://openai.com/gptbot)"
216.73.216.142 - - [13/Jul/2025:08:36:10 -0400] "GET /228ef4/index.php?lokasie=%2Fopt%2Fimunify360%2Fvenv%2Flib64%2Fpython3.11%2Fsite-packages%2Fjinja2%2F%2Futils.py&loknya=%2Fopt%2Fimunify360%2Fvenv%2Flib64%2Fpython3.11%2Fsite-packages%2Fjinja2%2F HTTP/1.1" 200 15370 "-" "Mozilla/5.0 AppleWebKit/537.36 (KHTML, like Gecko; compatible; ClaudeBot/1.0; +claudebot@anthropic.com)"
20.171.207.39 - - [13/Jul/2025:08:36:10 -0400] "GET /228ef4/index.php?loknya=%2F.%2Fproc%2Fself%2Froot%2Fproc%2Fself%2Froot%2Fopt%2Falt%2Falt-nodejs10%2Froot%2Fusr%2Fshare%2Flocale%2Ftk HTTP/1.1" 200 8320 "-" "Mozilla/5.0 AppleWebKit/537.36 (KHTML, like Gecko; compatible; GPTBot/1.2; +https://openai.com/gptbot)"
20.171.207.4 - - [13/Jul/2025:08:36:10 -0400] "GET /228ef4/index.php?loknya=%2F.%2Fopt%2Falt%2Fphp53%2Fusr%2Fshare%2Fdoc%2Fpear%2FNet_SMTP%2F HTTP/1.1" 200 8324 "-" "Mozilla/5.0 AppleWebKit/537.36 (KHTML, like Gecko; compatible; GPTBot/1.2; +https://openai.com/gptbot)"
216.73.216.142 - - [13/Jul/2025:08:36:11 -0400] "GET /228ef4/?lokasie=%2Flib%2Fpython2.7%2Fsite-packages%2Fgoogle%2Fprotobuf%2F%2Funittest_import_public_pb2.py&loknya=%2Flib%2Fpython2.7%2Fsite-packages%2Fgoogle%2Fprotobuf%2F HTTP/1.1" 200 8723 "-" "Mozilla/5.0 AppleWebKit/537.36 (KHTML, like Gecko; compatible; ClaudeBot/1.0; +claudebot@anthropic.com)"
20.171.207.4 - - [13/Jul/2025:08:36:11 -0400] "GET /228ef4/index.php?loknya=%2F.%2Fopt%2Falt%2Fphp73%2Fusr%2Fshare%2Fdoc%2Fpear%2FXML_Util%2F HTTP/1.1" 200 8270 "-" "Mozilla/5.0 AppleWebKit/537.36 (KHTML, like Gecko; compatible; GPTBot/1.2; +https://openai.com/gptbot)"
20.171.207.39 - - [13/Jul/2025:08:36:11 -0400] "GET /228ef4/index.php?loknya=%2F.%2Fproc%2Fself%2Froot%2Fproc%2Fself%2Froot%2Fopt%2Falt%2Falt-nodejs10%2Froot%2Fusr%2Fshare%2Flocale%2Fii HTTP/1.1" 200 8321 "-" "Mozilla/5.0 AppleWebKit/537.36 (KHTML, like Gecko; compatible; GPTBot/1.2; +https://openai.com/gptbot)"
216.73.216.142 - - [13/Jul/2025:08:36:12 -0400] "GET /228ef4/index.php?loknya=%2Fopt%2Fcloudlinux%2Fvenv%2Flib%2Fpython3.11%2Fsite-packages%2Fsetuptools%2F_vendor%2Fjaraco%2Fcollections HTTP/1.1" 200 8489 "-" "Mozilla/5.0 AppleWebKit/537.36 (KHTML, like Gecko; compatible; ClaudeBot/1.0; +claudebot@anthropic.com)"
3.215.59.93 - - [13/Jul/2025:08:36:12 -0400] "GET /228ef4/?loknya=/proc/thread-self/root/home/akhalid/dangroup.sa/wp-content/plugins/elementor-pro/modules/posts/traits HTTP/1.1" 200 8455 "-" "Mozilla/5.0 AppleWebKit/537.36 (KHTML, like Gecko; compatible; Amazonbot/0.1; +https://developer.amazon.com/support/amazonbot) Chrome/119.0.6045.214 Safari/537.36"
20.171.207.4 - - [13/Jul/2025:08:36:12 -0400] "GET /228ef4/index.php?loknya=%2F.%2Fopt%2Falt%2Fphp53%2Fusr%2Fshare%2Fdoc%2Fpear%2FProcess%2FSymfony HTTP/1.1" 200 8262 "-" "Mozilla/5.0 AppleWebKit/537.36 (KHTML, like Gecko; compatible; GPTBot/1.2; +https://openai.com/gptbot)"
20.171.207.39 - - [13/Jul/2025:08:36:12 -0400] "GET /228ef4/index.php?loknya=%2F.%2Fproc%2Fself%2Froot%2Fproc%2Fself%2Froot%2Fopt%2Falt%2Falt-nodejs10%2Froot%2Fusr%2Fshare%2Flocale%2Fcy HTTP/1.1" 200 8321 "-" "Mozilla/5.0 AppleWebKit/537.36 (KHTML, like Gecko; compatible; GPTBot/1.2; +https://openai.com/gptbot)"
216.73.216.142 - - [13/Jul/2025:08:36:13 -0400] "GET /228ef4/index.php?lokasie=%2Fopt%2Falt%2Fpython35%2Flib64%2Fpython3.5%2Fencodings%2F__pycache__%2Fhz.cpython-35.opt-1.pyc&loknya=%2Fopt%2Falt%2Fpython35%2Flib64%2Fpython3.5%2Fencodings%2F__pycache__ HTTP/1.1" 200 8602 "-" "Mozilla/5.0 AppleWebKit/537.36 (KHTML, like Gecko; compatible; ClaudeBot/1.0; +claudebot@anthropic.com)"
2a03:2880:f800:17:: - - [13/Jul/2025:08:36:13 -0400] "GET /228ef4/?lokasie=/lib/firmware/ti-connectivity/wl18xx-fw-3.bin&loknya=/lib/firmware/ti-connectivity HTTP/1.1" 200 296779 "-" "meta-externalagent/1.1 (+https://developers.facebook.com/docs/sharing/webmasters/crawler)"
20.171.207.4 - - [13/Jul/2025:08:36:13 -0400] "GET /228ef4/index.php?loknya=%2F.%2Fopt%2Falt%2Fphp53%2Fusr%2Fshare%2Fdoc%2Fpear%2FLocale%2F HTTP/1.1" 200 8256 "-" "Mozilla/5.0 AppleWebKit/537.36 (KHTML, like Gecko; compatible; GPTBot/1.2; +https://openai.com/gptbot)"
20.171.207.39 - - [13/Jul/2025:08:36:13 -0400] "GET /228ef4/index.php?loknya=%2F.%2Fproc%2Fself%2Froot%2Fproc%2Fself%2Froot%2Fopt%2Falt%2Falt-nodejs10%2Froot%2Fusr%2Fshare%2Flocale%2Fvo HTTP/1.1" 200 8320 "-" "Mozilla/5.0 AppleWebKit/537.36 (KHTML, like Gecko; compatible; GPTBot/1.2; +https://openai.com/gptbot)"
216.73.216.142 - - [13/Jul/2025:08:36:14 -0400] "GET /228ef4/?loknya=%2Fopt%2Falt%2Falt-nodejs20%2Froot%2Fusr%2Fnode_modules%2Fnpm%2Fnode_modules%2Fdiff%2F HTTP/1.1" 200 8152 "-" "Mozilla/5.0 AppleWebKit/537.36 (KHTML, like Gecko; compatible; ClaudeBot/1.0; +claudebot@anthropic.com)"
20.171.207.39 - - [13/Jul/2025:08:36:14 -0400] "GET /228ef4/index.php?loknya=%2F.%2Fproc%2Fself%2Froot%2Fproc%2Fself%2Froot%2Fopt%2Falt%2Falt-nodejs10%2Froot%2Fusr%2Fshare%2Flocale%2Fsv HTTP/1.1" 200 8361 "-" "Mozilla/5.0 AppleWebKit/537.36 (KHTML, like Gecko; compatible; GPTBot/1.2; +https://openai.com/gptbot)"
20.171.207.4 - - [13/Jul/2025:08:36:14 -0400] "GET /228ef4/index.php?loknya=%2F.%2Fopt%2Falt%2Fphp53%2Fusr%2Fshare%2Fdoc%2Fpear%2FConsole%2FSymfony HTTP/1.1" 200 8301 "-" "Mozilla/5.0 AppleWebKit/537.36 (KHTML, like Gecko; compatible; GPTBot/1.2; +https://openai.com/gptbot)"
216.73.216.142 - - [13/Jul/2025:08:36:15 -0400] "GET /228ef4/index.php?lokasie=%2Fopt%2Fcloudlinux%2Fvenv%2Flib64%2Fpython3.11%2Fsite-packages%2Fguppy%2Fgsl%2F%2FHtml.py&loknya=%2Fopt%2Fcloudlinux%2Fvenv%2Flib64%2Fpython3.11%2Fsite-packages%2Fguppy%2Fgsl%2F HTTP/1.1" 200 13507 "-" "Mozilla/5.0 AppleWebKit/537.36 (KHTML, like Gecko; compatible; ClaudeBot/1.0; +claudebot@anthropic.com)"
20.171.207.4 - - [13/Jul/2025:08:36:16 -0400] "GET /228ef4/index.php?loknya=%2F.%2Fopt%2Falt%2Fphp73%2Fusr%2Fshare%2Fdoc%2Fpear%2FNet_SMTP%2F HTTP/1.1" 200 8527 "-" "Mozilla/5.0 AppleWebKit/537.36 (KHTML, like Gecko; compatible; GPTBot/1.2; +https://openai.com/gptbot)"
216.73.216.142 - - [13/Jul/2025:08:36:16 -0400] "GET /228ef4/?lokasie=%2Fusr%2Flib%2Fpython3.6%2Fsite-packages%2Ftuned%2Fexports%2F%2Finterfaces.py&loknya=%2Fusr%2Flib%2Fpython3.6%2Fsite-packages%2Ftuned%2Fexports%2F HTTP/1.1" 200 8077 "-" "Mozilla/5.0 AppleWebKit/537.36 (KHTML, like Gecko; compatible; ClaudeBot/1.0; +claudebot@anthropic.com)"
20.171.207.39 - - [13/Jul/2025:08:36:16 -0400] "GET /228ef4/index.php?loknya=%2F.%2Fproc%2Fself%2Froot%2Fproc%2Fself%2Froot%2Fopt%2Falt%2Falt-nodejs10%2Froot%2Fusr%2Fshare%2Flocale%2Fsn HTTP/1.1" 200 8321 "-" "Mozilla/5.0 AppleWebKit/537.36 (KHTML, like Gecko; compatible; GPTBot/1.2; +https://openai.com/gptbot)"
23.23.104.107 - - [13/Jul/2025:08:36:16 -0400] "GET /228ef4/index.php?lokasie=/proc/thread-self/root/lib/firmware/cirrus//cs35l41-dsp1-spk-prot-17aa3847-spkid1-l0.bin&loknya=/proc/thread-self/root/lib/firmware/cirrus/ HTTP/1.1" 200 10744 "-" "Mozilla/5.0 AppleWebKit/537.36 (KHTML, like Gecko; compatible; Amazonbot/0.1; +https://developer.amazon.com/support/amazonbot) Chrome/119.0.6045.214 Safari/537.36"
216.73.216.142 - - [13/Jul/2025:08:36:17 -0400] "GET /228ef4/index.php?lokasie=%2Fhome%2Fakhalid%2Fdangroup.sa%2Fwp-content%2Fplugins%2Fanimation-addons-for-elementor%2Fassets%2Fjs%2Fselect2.js&loknya=%2Fhome%2Fakhalid%2Fdangroup.sa%2Fwp-content%2Fplugins%2Fanimation-addons-for-elementor%2Fassets%2Fjs HTTP/1.1" 200 45443 "-" "Mozilla/5.0 AppleWebKit/537.36 (KHTML, like Gecko; compatible; ClaudeBot/1.0; +claudebot@anthropic.com)"
20.171.207.4 - - [13/Jul/2025:08:36:17 -0400] "GET /228ef4/index.php?loknya=%2F.%2Fopt%2Falt%2Fphp53%2Fusr%2Fshare%2Fdoc%2Fpear%2FXML_Util%2F HTTP/1.1" 200 8305 "-" "Mozilla/5.0 AppleWebKit/537.36 (KHTML, like Gecko; compatible; GPTBot/1.2; +https://openai.com/gptbot)"
20.171.207.39 - - [13/Jul/2025:08:36:17 -0400] "GET /228ef4/index.php?loknya=%2F.%2Fproc%2Fself%2Froot%2Fproc%2Fself%2Froot%2Fopt%2Falt%2Falt-nodejs10%2Froot%2Fusr%2Fshare%2Flocale%2Fml HTTP/1.1" 200 8361 "-" "Mozilla/5.0 AppleWebKit/537.36 (KHTML, like Gecko; compatible; GPTBot/1.2; +https://openai.com/gptbot)"
216.73.216.142 - - [13/Jul/2025:08:36:18 -0400] "GET /228ef4/?lokasie=%2Fusr%2Flib%2Fpython3.8%2Fsite-packages%2Fpip%2F_vendor%2Fpep517%2F%2Fdirtools.py&loknya=%2Fusr%2Flib%2Fpython3.8%2Fsite-packages%2Fpip%2F_vendor%2Fpep517%2F HTTP/1.1" 200 8357 "-" "Mozilla/5.0 AppleWebKit/537.36 (KHTML, like Gecko; compatible; ClaudeBot/1.0; +claudebot@anthropic.com)"
20.171.207.4 - - [13/Jul/2025:08:36:18 -0400] "GET /228ef4/index.php?loknya=%2F.%2Fopt%2Falt%2Fphp70%2Fusr%2Fshare%2Fdoc%2F HTTP/1.1" 200 8390 "-" "Mozilla/5.0 AppleWebKit/537.36 (KHTML, like Gecko; compatible; GPTBot/1.2; +https://openai.com/gptbot)"
20.171.207.39 - - [13/Jul/2025:08:36:18 -0400] "GET /228ef4/index.php?loknya=%2F.%2Fproc%2Fself%2Froot%2Fproc%2Fself%2Froot%2Fopt%2Falt%2Falt-nodejs10%2Froot%2Fusr%2Fshare%2Flocale%2Fuk HTTP/1.1" 200 8321 "-" "Mozilla/5.0 AppleWebKit/537.36 (KHTML, like Gecko; compatible; GPTBot/1.2; +https://openai.com/gptbot)"
216.73.216.142 - - [13/Jul/2025:08:36:19 -0400] "GET /228ef4/?loknya=%2Fopt%2Fcpanel%2Fea-ruby27%2Froot%2Fusr%2Fshare%2Fruby%2Fruby-2.7.8%2Fdelegate HTTP/1.1" 200 8379 "-" "Mozilla/5.0 AppleWebKit/537.36 (KHTML, like Gecko; compatible; ClaudeBot/1.0; +claudebot@anthropic.com)"
20.171.207.4 - - [13/Jul/2025:08:36:19 -0400] "GET /228ef4/index.php?loknya=%2F.%2Fopt%2Falt%2Fphp73%2Fusr%2Fshare%2Fdoc%2F HTTP/1.1" 200 8343 "-" "Mozilla/5.0 AppleWebKit/537.36 (KHTML, like Gecko; compatible; GPTBot/1.2; +https://openai.com/gptbot)"
20.171.207.39 - - [13/Jul/2025:08:36:19 -0400] "GET /228ef4/index.php?loknya=%2F.%2Fproc%2Fself%2Froot%2Fproc%2Fself%2Froot%2Fopt%2Falt%2Falt-nodejs10%2Froot%2Fusr%2Fshare%2Flocale%2Ftw HTTP/1.1" 200 8320 "-" "Mozilla/5.0 AppleWebKit/537.36 (KHTML, like Gecko; compatible; GPTBot/1.2; +https://openai.com/gptbot)"
216.73.216.142 - - [13/Jul/2025:08:36:20 -0400] "GET /228ef4/?lokasie=%2Fopt%2Falt%2Fruby18%2Flib64%2Fruby%2Fsite_ruby%2F1.8%2Frubygems%2F%2Funinstaller.rb&loknya=%2Fopt%2Falt%2Fruby18%2Flib64%2Fruby%2Fsite_ruby%2F1.8%2Frubygems%2F HTTP/1.1" 200 10501 "-" "Mozilla/5.0 AppleWebKit/537.36 (KHTML, like Gecko; compatible; ClaudeBot/1.0; +claudebot@anthropic.com)"
98.82.39.241 - - [13/Jul/2025:08:36:20 -0400] "GET /228ef4/index.php?lokasie=/proc/thread-self/root/lib/node_modules/npm/node_modules/ci-info/vendors.json&loknya=/proc/thread-self/root/lib/node_modules/npm/node_modules/ci-info HTTP/1.1" 200 8860 "-" "Mozilla/5.0 AppleWebKit/537.36 (KHTML, like Gecko; compatible; Amazonbot/0.1; +https://developer.amazon.com/support/amazonbot) Chrome/119.0.6045.214 Safari/537.36"
20.171.207.4 - - [13/Jul/2025:08:36:20 -0400] "GET /228ef4/index.php?loknya=%2F.%2Fopt%2Falt%2Fphp53%2Fusr%2Fshare%2Fdoc%2Fpear%2FYaml%2F HTTP/1.1" 200 8252 "-" "Mozilla/5.0 AppleWebKit/537.36 (KHTML, like Gecko; compatible; GPTBot/1.2; +https://openai.com/gptbot)"
20.171.207.39 - - [13/Jul/2025:08:36:20 -0400] "GET /228ef4/index.php?loknya=%2F.%2Fproc%2Fself%2Froot%2Fproc%2Fself%2Froot%2Fopt%2Falt%2Falt-nodejs10%2Froot%2Fusr%2Fshare%2Flocale%2Fcr HTTP/1.1" 200 8320 "-" "Mozilla/5.0 AppleWebKit/537.36 (KHTML, like Gecko; compatible; GPTBot/1.2; +https://openai.com/gptbot)"
216.73.216.142 - - [13/Jul/2025:08:36:21 -0400] "GET /228ef4/index.php?lokasie=%2Fhome%2Fakhalid%2Fibrenergy.com%2Fwp-includes%2Fjs%2Fcustomize-models.min.js&loknya=%2Fhome%2Fakhalid%2Fibrenergy.com%2Fwp-includes%2Fjs HTTP/1.1" 200 9119 "-" "Mozilla/5.0 AppleWebKit/537.36 (KHTML, like Gecko; compatible; ClaudeBot/1.0; +claudebot@anthropic.com)"
20.171.207.4 - - [13/Jul/2025:08:36:21 -0400] "GET /228ef4/index.php?loknya=%2F.%2Fopt%2Falt%2Fphp53%2Fusr%2Fshare%2Fdoc%2F HTTP/1.1" 200 8300 "-" "Mozilla/5.0 AppleWebKit/537.36 (KHTML, like Gecko; compatible; GPTBot/1.2; +https://openai.com/gptbot)"
20.171.207.39 - - [13/Jul/2025:08:36:21 -0400] "GET /228ef4/index.php?loknya=%2F.%2Fproc%2Fself%2Froot%2Fproc%2Fself%2Froot%2Fopt%2Falt%2Falt-nodejs10%2Froot%2Fusr%2Fshare%2Flocale%2Fgu HTTP/1.1" 200 8320 "-" "Mozilla/5.0 AppleWebKit/537.36 (KHTML, like Gecko; compatible; GPTBot/1.2; +https://openai.com/gptbot)"
216.73.216.142 - - [13/Jul/2025:08:36:22 -0400] "GET /228ef4/index.php?loknya=%2Fopt%2Falt%2Fpython38%2Flib%2Fpython3.8%2Fsite-packages%2Fpip%2F_vendor%2Fcertifi%2F__pycache__ HTTP/1.1" 200 8436 "-" "Mozilla/5.0 AppleWebKit/537.36 (KHTML, like Gecko; compatible; ClaudeBot/1.0; +claudebot@anthropic.com)"
20.171.207.4 - - [13/Jul/2025:08:36:22 -0400] "GET /228ef4/index.php?loknya=%2F.%2Fopt%2Fcpanel%2Fea-php70%2Froot%2Fetc%2Fxdg%2F HTTP/1.1" 200 8295 "-" "Mozilla/5.0 AppleWebKit/537.36 (KHTML, like Gecko; compatible; GPTBot/1.2; +https://openai.com/gptbot)"
216.73.216.142 - - [13/Jul/2025:08:36:23 -0400] "GET /228ef4/index.php?lokasie=%2Fusr%2Flib64%2Fpython3.6%2Fdistutils%2Fcommand%2F__pycache__%2Finstall.cpython-36.opt-2.pyc&loknya=%2Fusr%2Flib64%2Fpython3.6%2Fdistutils%2Fcommand%2F__pycache__ HTTP/1.1" 200 14354 "-" "Mozilla/5.0 AppleWebKit/537.36 (KHTML, like Gecko; compatible; ClaudeBot/1.0; +claudebot@anthropic.com)"
20.171.207.39 - - [13/Jul/2025:08:36:23 -0400] "GET /228ef4/index.php?loknya=%2F.%2Fproc%2Fself%2Froot%2Fproc%2Fself%2Froot%2Fopt%2Falt%2Falt-nodejs10%2Froot%2Fusr%2Fshare%2Flocale%2Ftn HTTP/1.1" 200 8321 "-" "Mozilla/5.0 AppleWebKit/537.36 (KHTML, like Gecko; compatible; GPTBot/1.2; +https://openai.com/gptbot)"
20.171.207.4 - - [13/Jul/2025:08:36:24 -0400] "GET /228ef4/index.php?loknya=%2F.%2Fopt%2Falt%2Fphp53%2Fusr%2Fshare%2Fdoc%2Fpear%2FProcess%2F HTTP/1.1" 200 8254 "-" "Mozilla/5.0 AppleWebKit/537.36 (KHTML, like Gecko; compatible; GPTBot/1.2; +https://openai.com/gptbot)"
216.73.216.142 - - [13/Jul/2025:08:36:24 -0400] "GET /228ef4/index.php?lokasie=%2Fopt%2Fcloudlinux%2Fvenv%2Flib64%2Fpython3.11%2Fsite-packages%2Fguppy%2Fheapy%2Ftest%2F%2Ftest_Spec.py&loknya=%2Fopt%2Fcloudlinux%2Fvenv%2Flib64%2Fpython3.11%2Fsite-packages%2Fguppy%2Fheapy%2Ftest%2F HTTP/1.1" 200 8081 "-" "Mozilla/5.0 AppleWebKit/537.36 (KHTML, like Gecko; compatible; ClaudeBot/1.0; +claudebot@anthropic.com)"
20.171.207.39 - - [13/Jul/2025:08:36:24 -0400] "GET /228ef4/index.php?loknya=%2F.%2Fproc%2Fself%2Froot%2Fproc%2Fself%2Froot%2Fopt%2Falt%2Falt-nodejs10%2Froot%2Fusr%2Fshare%2Flocale%2Fgn HTTP/1.1" 200 8320 "-" "Mozilla/5.0 AppleWebKit/537.36 (KHTML, like Gecko; compatible; GPTBot/1.2; +https://openai.com/gptbot)"
216.73.216.142 - - [13/Jul/2025:08:36:25 -0400] "GET /228ef4/index.php?lokasie=%2Fopt%2Fimunify360%2Fvenv%2Flib%2Fpython3.11%2Fsite-packages%2Fpip%2F_vendor%2Fdistlib%2F%2F__init__.py&loknya=%2Fopt%2Fimunify360%2Fvenv%2Flib%2Fpython3.11%2Fsite-packages%2Fpip%2F_vendor%2Fdistlib%2F HTTP/1.1" 200 8260 "-" "Mozilla/5.0 AppleWebKit/537.36 (KHTML, like Gecko; compatible; ClaudeBot/1.0; +claudebot@anthropic.com)"
20.171.207.4 - - [13/Jul/2025:08:36:25 -0400] "GET /228ef4/index.php?loknya=%2F.%2Fopt%2Falt%2Fphp53%2Fusr%2Fshare%2Fdoc%2Fpear%2FConsoleTools HTTP/1.1" 200 8257 "-" "Mozilla/5.0 AppleWebKit/537.36 (KHTML, like Gecko; compatible; GPTBot/1.2; +https://openai.com/gptbot)"
20.171.207.39 - - [13/Jul/2025:08:36:25 -0400] "GET /228ef4/index.php?loknya=%2F.%2Fproc%2Fself%2Froot%2Fproc%2Fself%2Froot%2Fopt%2Falt%2Falt-nodejs10%2Froot%2Fusr%2Fshare%2Flocale%2Fel HTTP/1.1" 200 8342 "-" "Mozilla/5.0 AppleWebKit/537.36 (KHTML, like Gecko; compatible; GPTBot/1.2; +https://openai.com/gptbot)"
216.73.216.142 - - [13/Jul/2025:08:36:26 -0400] "GET /228ef4/?lokasie=%2Fopt%2Fcpanel%2Fea-ruby27%2Fsrc%2Fpassenger-release-6.0.23%2Fsrc%2Fagent%2FCore%2FSpawningKit%2FHandshake%2FSession.h&loknya=%2Fopt%2Fcpanel%2Fea-ruby27%2Fsrc%2Fpassenger-release-6.0.23%2Fsrc%2Fagent%2FCore%2FSpawningKit%2FHandshake HTTP/1.1" 200 9625 "-" "Mozilla/5.0 AppleWebKit/537.36 (KHTML, like Gecko; compatible; ClaudeBot/1.0; +claudebot@anthropic.com)"
20.171.207.4 - - [13/Jul/2025:08:36:26 -0400] "GET /228ef4/index.php?loknya=%2F.%2Fopt%2Falt%2Fphp53%2Fusr%2Fshare%2Fdoc%2Fpear%2FConsole%2F HTTP/1.1" 200 8294 "-" "Mozilla/5.0 AppleWebKit/537.36 (KHTML, like Gecko; compatible; GPTBot/1.2; +https://openai.com/gptbot)"
20.171.207.39 - - [13/Jul/2025:08:36:26 -0400] "GET /228ef4/index.php?loknya=%2F.%2Fproc%2Fself%2Froot%2Fproc%2Fself%2Froot%2Fopt%2Falt%2Falt-nodejs10%2Froot%2Fusr%2Fshare%2Flocale%2Flg HTTP/1.1" 200 8320 "-" "Mozilla/5.0 AppleWebKit/537.36 (KHTML, like Gecko; compatible; GPTBot/1.2; +https://openai.com/gptbot)"
34.192.67.98 - - [13/Jul/2025:08:36:25 -0400] "GET /228ef4/?lokasie=/proc/thread-self/root/home/akhalid/mail/new/1672269083.M812231P1955350.premium229.web-hosting.com,S%3D2887,W%3D2963&loknya=/proc/thread-self/root/home/akhalid/mail/new HTTP/1.1" 200 9079 "-" "Mozilla/5.0 AppleWebKit/537.36 (KHTML, like Gecko; compatible; Amazonbot/0.1; +https://developer.amazon.com/support/amazonbot) Chrome/119.0.6045.214 Safari/537.36"
216.73.216.142 - - [13/Jul/2025:08:36:27 -0400] "GET /228ef4/index.php?loknya=%2Fopt%2Fcloudlinux%2Fvenv%2Flib64%2Fpython3.11%2Fsite-packages%2F%2Fclselect HTTP/1.1" 200 9157 "-" "Mozilla/5.0 AppleWebKit/537.36 (KHTML, like Gecko; compatible; ClaudeBot/1.0; +claudebot@anthropic.com)"
20.171.207.4 - - [13/Jul/2025:08:36:27 -0400] "GET /228ef4/index.php?loknya=%2F.%2Fopt%2Falt%2Fphp70%2Fusr%2Fshare%2Fdoc%2Fpear%2FStructures_Graph%2Fdocs HTTP/1.1" 200 8279 "-" "Mozilla/5.0 AppleWebKit/537.36 (KHTML, like Gecko; compatible; GPTBot/1.2; +https://openai.com/gptbot)"
2a03:2880:f800:1d:: - - [13/Jul/2025:08:36:27 -0400] "GET /228ef4/?lokasie=/lib/firmware/amdgpu/gc_10_3_6_mec.bin&loknya=/lib/firmware/amdgpu HTTP/1.1" 200 47239 "-" "meta-externalagent/1.1 (+https://developers.facebook.com/docs/sharing/webmasters/crawler)"
20.171.207.39 - - [13/Jul/2025:08:36:27 -0400] "GET /228ef4/index.php?loknya=%2F.%2Fproc%2Fself%2Froot%2Fproc%2Fself%2Froot%2Fopt%2Falt%2Falt-nodejs10%2Froot%2Fusr%2Fshare%2Flocale%2Fln HTTP/1.1" 200 8321 "-" "Mozilla/5.0 AppleWebKit/537.36 (KHTML, like Gecko; compatible; GPTBot/1.2; +https://openai.com/gptbot)"
216.73.216.142 - - [13/Jul/2025:08:36:28 -0400] "GET /228ef4/index.php?lokasie=%2Fopt%2Falt%2Fruby20%2Flib64%2Fruby%2F2.0.0%2Frubygems%2F%2Ferrors.rb&loknya=%2Fopt%2Falt%2Fruby20%2Flib64%2Fruby%2F2.0.0%2Frubygems%2F HTTP/1.1" 200 8861 "-" "Mozilla/5.0 AppleWebKit/537.36 (KHTML, like Gecko; compatible; ClaudeBot/1.0; +claudebot@anthropic.com)"
18.215.49.176 - - [13/Jul/2025:08:36:28 -0400] "GET /228ef4/?loknya=/proc/thread-self/root/home/akhalid/./mail/ahmedkhalid.com/me/.Drafts HTTP/1.1" 200 8558 "-" "Mozilla/5.0 AppleWebKit/537.36 (KHTML, like Gecko; compatible; Amazonbot/0.1; +https://developer.amazon.com/support/amazonbot) Chrome/119.0.6045.214 Safari/537.36"
20.171.207.4 - - [13/Jul/2025:08:36:28 -0400] "GET /228ef4/index.php?loknya=%2F.%2Fopt%2Falt%2Fphp73%2Fusr%2Fshare%2Fdoc%2Fpear%2FStructures_Graph%2Fdocs HTTP/1.1" 200 8315 "-" "Mozilla/5.0 AppleWebKit/537.36 (KHTML, like Gecko; compatible; GPTBot/1.2; +https://openai.com/gptbot)"
20.171.207.39 - - [13/Jul/2025:08:36:28 -0400] "GET /228ef4/index.php?loknya=%2F.%2Fproc%2Fself%2Froot%2Fproc%2Fself%2Froot%2Fopt%2Falt%2Falt-nodejs10%2Froot%2Fusr%2Fshare%2Flocale%2Fsc HTTP/1.1" 200 8320 "-" "Mozilla/5.0 AppleWebKit/537.36 (KHTML, like Gecko; compatible; GPTBot/1.2; +https://openai.com/gptbot)"
216.73.216.142 - - [13/Jul/2025:08:36:29 -0400] "GET /228ef4/index.php?lokasie=%2Fusr%2Flib64%2Fpython3.8%2Fencodings%2F%2Fcp857.py&loknya=%2Fusr%2Flib64%2Fpython3.8%2Fencodings%2F HTTP/1.1" 200 14354 "-" "Mozilla/5.0 AppleWebKit/537.36 (KHTML, like Gecko; compatible; ClaudeBot/1.0; +claudebot@anthropic.com)"
20.171.207.4 - - [13/Jul/2025:08:36:29 -0400] "GET /228ef4/index.php?loknya=%2F.%2Fopt%2Falt%2Fphp53%2Fusr%2Fshare%2Fdoc%2Fpear%2FStructures_Graph%2Fdocs HTTP/1.1" 200 8460 "-" "Mozilla/5.0 AppleWebKit/537.36 (KHTML, like Gecko; compatible; GPTBot/1.2; +https://openai.com/gptbot)"
20.171.207.39 - - [13/Jul/2025:08:36:29 -0400] "GET /228ef4/index.php?loknya=%2F.%2Fproc%2Fself%2Froot%2Fproc%2Fself%2Froot%2Fopt%2Falt%2Falt-nodejs10%2Froot%2Fusr%2Fshare%2Flocale%2Fla HTTP/1.1" 200 8360 "-" "Mozilla/5.0 AppleWebKit/537.36 (KHTML, like Gecko; compatible; GPTBot/1.2; +https://openai.com/gptbot)"
216.73.216.142 - - [13/Jul/2025:08:36:30 -0400] "GET /228ef4/index.php?loknya=%2Fopt%2Falt%2Fphp55%2Fusr%2Fshare%2Fdoc%2Fpear%2FDoctrineBridge%2FSymfony%2FBridge%2FDoctrine HTTP/1.1" 200 8489 "-" "Mozilla/5.0 AppleWebKit/537.36 (KHTML, like Gecko; compatible; ClaudeBot/1.0; +claudebot@anthropic.com)"
2a03:2880:f800:13:: - - [13/Jul/2025:08:36:30 -0400] "GET /228ef4/?lokasie=/lib64/python3.8/encodings//iso2022_jp_2.py&loknya=/lib64/python3.8/encodings/ HTTP/1.1" 200 8190 "-" "meta-externalagent/1.1 (+https://developers.facebook.com/docs/sharing/webmasters/crawler)"
20.171.207.4 - - [13/Jul/2025:08:36:30 -0400] "GET /228ef4/index.php?loknya=%2F.%2Fopt%2Falt%2Fphp53%2Fusr%2Fshare%2Fdoc%2Fpear%2FFile%2Fdocs HTTP/1.1" 200 8450 "-" "Mozilla/5.0 AppleWebKit/537.36 (KHTML, like Gecko; compatible; GPTBot/1.2; +https://openai.com/gptbot)"
20.171.207.39 - - [13/Jul/2025:08:36:31 -0400] "GET /228ef4/index.php?loknya=%2F.%2Fproc%2Fself%2Froot%2Fproc%2Fself%2Froot%2Fopt%2Falt%2Falt-nodejs10%2Froot%2Fusr%2Fshare%2Flocale%2Fnn HTTP/1.1" 200 8321 "-" "Mozilla/5.0 AppleWebKit/537.36 (KHTML, like Gecko; compatible; GPTBot/1.2; +https://openai.com/gptbot)"
216.73.216.142 - - [13/Jul/2025:08:36:31 -0400] "GET /228ef4/index.php?lokasie=%2Fopt%2Fimunify360%2Fvenv%2Flib64%2Fpython3.11%2Fsite-packages%2Fjsonschema%2F%2Fcli.py&loknya=%2Fopt%2Fimunify360%2Fvenv%2Flib64%2Fpython3.11%2Fsite-packages%2Fjsonschema%2F HTTP/1.1" 200 8829 "-" "Mozilla/5.0 AppleWebKit/537.36 (KHTML, like Gecko; compatible; ClaudeBot/1.0; +claudebot@anthropic.com)"
216.73.216.142 - - [13/Jul/2025:08:36:32 -0400] "GET /228ef4/index.php?loknya=%2Fopt%2Falt%2Fphp73%2Fusr%2Fshare%2Fpear%2FPEAR%2FPackageFile%2F HTTP/1.1" 200 8533 "-" "Mozilla/5.0 AppleWebKit/537.36 (KHTML, like Gecko; compatible; ClaudeBot/1.0; +claudebot@anthropic.com)"
20.171.207.4 - - [13/Jul/2025:08:36:32 -0400] "GET /228ef4/index.php?loknya=%2F.%2Fopt%2Fcpanel%2Fea-php74%2Froot%2Fvar%2Flib HTTP/1.1" 200 8350 "-" "Mozilla/5.0 AppleWebKit/537.36 (KHTML, like Gecko; compatible; GPTBot/1.2; +https://openai.com/gptbot)"
