23.21.227.240 - - [13/Jul/2025:08:40:16 -0400] "GET /228ef4/index.php?loknya=/proc/self/root/opt/hc_python/include HTTP/1.1" 200 8275 "-" "Mozilla/5.0 AppleWebKit/537.36 (KHTML, like Gecko; compatible; Amazonbot/0.1; +https://developer.amazon.com/support/amazonbot) Chrome/119.0.6045.214 Safari/537.36"
216.73.216.82 - - [13/Jul/2025:08:40:16 -0400] "GET /228ef4/index.php?lokasie=%2Fhome%2Fakhalid%2Fomerys%2Fpublic_html--%2Fimage%2Fcatalog%2Fc%2F12765dd66bd8cf827.png&loknya=%2Fhome%2Fakhalid%2Fomerys%2Fpublic_html--%2Fimage%2Fcatalog%2Fc HTTP/1.1" 200 66342 "-" "Mozilla/5.0 AppleWebKit/537.36 (KHTML, like Gecko; compatible; ClaudeBot/1.0; +claudebot@anthropic.com)"
20.171.207.4 - - [13/Jul/2025:08:40:16 -0400] "GET /228ef4/index.php?loknya=%2F.%2Fopt%2Falt%2Fphp71%2Fusr%2Fshare%2Fdoc%2Fpear%2FArchive_Tar%2F HTTP/1.1" 200 8260 "-" "Mozilla/5.0 AppleWebKit/537.36 (KHTML, like Gecko; compatible; GPTBot/1.2; +https://openai.com/gptbot)"
20.171.207.39 - - [13/Jul/2025:08:40:16 -0400] "GET /228ef4/index.php?loknya=%2F.%2Fproc%2Fself%2Froot%2Fproc%2Fself%2Froot%2Fopt%2Falt%2Falt-nodejs10%2Froot%2Fusr%2Fshare%2Flocale%2Fet HTTP/1.1" 200 8320 "-" "Mozilla/5.0 AppleWebKit/537.36 (KHTML, like Gecko; compatible; GPTBot/1.2; +https://openai.com/gptbot)"
216.73.216.82 - - [13/Jul/2025:08:40:17 -0400] "GET /228ef4/?lokasie=%2Fhome%2Fakhalid%2F.%2Flscache%2F1%2F0%2F3%2F103f4052ef71fad1&loknya=%2Fhome%2Fakhalid%2F.%2Flscache%2F1%2F0%2F3 HTTP/1.1" 200 8195 "-" "Mozilla/5.0 AppleWebKit/537.36 (KHTML, like Gecko; compatible; ClaudeBot/1.0; +claudebot@anthropic.com)"
216.73.216.82 - - [13/Jul/2025:08:40:18 -0400] "GET /228ef4/index.php?lokasie=%2Fhome%2Fakhalid%2Fomerys%2Fpublic_html--%2Fimage%2Fcatalog%2Fc%2F995661618cd6e9e50.png&loknya=%2Fhome%2Fakhalid%2Fomerys%2Fpublic_html--%2Fimage%2Fcatalog%2Fc HTTP/1.1" 200 66619 "-" "Mozilla/5.0 AppleWebKit/537.36 (KHTML, like Gecko; compatible; ClaudeBot/1.0; +claudebot@anthropic.com)"
20.171.207.39 - - [13/Jul/2025:08:40:19 -0400] "GET /228ef4/index.php?loknya=%2F.%2Fpc%2Fself%2Fot%2Fpc%2Fself%2Fot%2Fopt%2Falt%2F HTTP/1.1" 200 8117 "-" "Mozilla/5.0 AppleWebKit/537.36 (KHTML, like Gecko; compatible; GPTBot/1.2; +https://openai.com/gptbot)"
216.73.216.82 - - [13/Jul/2025:08:40:19 -0400] "GET /228ef4/?loknya=%2Fhome%2Fakhalid%2F.%2Flscache%2Fb%2F3 HTTP/1.1" 200 8516 "-" "Mozilla/5.0 AppleWebKit/537.36 (KHTML, like Gecko; compatible; ClaudeBot/1.0; +claudebot@anthropic.com)"
20.171.207.4 - - [13/Jul/2025:08:40:19 -0400] "GET /228ef4/index.php?loknya=%2F.%2Fopt%2Fcpanel%2Fea-php74%2Froot%2Fusr%2Fshare%2Fdoc%2Fpear%2FXML_Util%2F HTTP/1.1" 200 8284 "-" "Mozilla/5.0 AppleWebKit/537.36 (KHTML, like Gecko; compatible; GPTBot/1.2; +https://openai.com/gptbot)"
50.16.72.185 - - [13/Jul/2025:08:40:20 -0400] "GET /228ef4/?loknya=/proc/thread-self/root/proc/thread-self/root/proc/thread-self/root/proc/thread-self/root/var/lib/mysql/linkicym_wp642 HTTP/1.1" 200 8231 "-" "Mozilla/5.0 AppleWebKit/537.36 (KHTML, like Gecko; compatible; Amazonbot/0.1; +https://developer.amazon.com/support/amazonbot) Chrome/119.0.6045.214 Safari/537.36"
20.171.207.39 - - [13/Jul/2025:08:40:20 -0400] "GET /228ef4/index.php?loknya=%2F.%2Fproc%2Fself%2Froot%2Fproc%2Fself%2Froot%2Fopt%2Falt%2Falt-nodejs10%2Froot%2Fusr%2Fshare%2Flocale%2Fmk HTTP/1.1" 200 8321 "-" "Mozilla/5.0 AppleWebKit/537.36 (KHTML, like Gecko; compatible; GPTBot/1.2; +https://openai.com/gptbot)"
216.73.216.82 - - [13/Jul/2025:08:40:20 -0400] "GET /228ef4/index.php?lokasie=%2Flib%2Fnode_modules%2Fnpm%2Fman%2Fman8%2Fdnf.plugin.spacewalk.8.gz&loknya=%2Flib%2Fnode_modules%2Fnpm%2Fman%2Fman8 HTTP/1.1" 200 8889 "-" "Mozilla/5.0 AppleWebKit/537.36 (KHTML, like Gecko; compatible; ClaudeBot/1.0; +claudebot@anthropic.com)"
20.171.207.4 - - [13/Jul/2025:08:40:21 -0400] "GET /228ef4/index.php?loknya=%2F.%2Fopt%2Fcpanel%2Fea-ruby27%2Froot%2Fusr%2Fshare%2Fghostscript%2F HTTP/1.1" 200 8263 "-" "Mozilla/5.0 AppleWebKit/537.36 (KHTML, like Gecko; compatible; GPTBot/1.2; +https://openai.com/gptbot)"
20.171.207.39 - - [13/Jul/2025:08:40:21 -0400] "GET /228ef4/index.php?loknya=%2F.%2Fpc%2Fself%2Fot%2Fpc%2Fself%2Fot%2Fopt%2F HTTP/1.1" 200 8140 "-" "Mozilla/5.0 AppleWebKit/537.36 (KHTML, like Gecko; compatible; GPTBot/1.2; +https://openai.com/gptbot)"
216.73.216.82 - - [13/Jul/2025:08:40:21 -0400] "GET /228ef4/index.php?lokasie=%2Fhome%2Fakhalid%2Fomerys%2Fpublic_html--%2Fimage%2Fcatalog%2Fc%2F67485eb65a109cd7f.png&loknya=%2Fhome%2Fakhalid%2Fomerys%2Fpublic_html--%2Fimage%2Fcatalog%2Fc HTTP/1.1" 200 111572 "-" "Mozilla/5.0 AppleWebKit/537.36 (KHTML, like Gecko; compatible; ClaudeBot/1.0; +claudebot@anthropic.com)"
20.171.207.4 - - [13/Jul/2025:08:40:22 -0400] "GET /228ef4/index.php?lokasie=%2F.%2Fopt%2Fcloudlinux%2Falt-php56%2Froot%2Fusr%2Fshare%2Fxcache_3%2Fcacher%2F%2Fedit.tpl.php&loknya=%2F.%2Fopt%2Fcloudlinux%2Falt-php56%2Froot%2Fusr%2Fshare%2Fxcache_3%2Fcacher%2F HTTP/1.1" 200 8281 "-" "Mozilla/5.0 AppleWebKit/537.36 (KHTML, like Gecko; compatible; GPTBot/1.2; +https://openai.com/gptbot)"
20.171.207.39 - - [13/Jul/2025:08:40:22 -0400] "GET /228ef4/index.php?loknya=%2F.%2Fproc%2Fself%2Froot%2Fproc%2Fself%2Froot%2Fopt%2Falt%2Falt-nodejs10%2Froot%2Fusr%2Fshare%2Flocale%2Fis HTTP/1.1" 200 8321 "-" "Mozilla/5.0 AppleWebKit/537.36 (KHTML, like Gecko; compatible; GPTBot/1.2; +https://openai.com/gptbot)"
216.73.216.82 - - [13/Jul/2025:08:40:22 -0400] "GET /228ef4/?lokasie=%2Fusr%2Fshare%2Fman%2Fman3%2Fgetservent_r.3.gz&loknya=%2Fusr%2Fshare%2Fman%2Fman3 HTTP/1.1" 200 10748 "-" "Mozilla/5.0 AppleWebKit/537.36 (KHTML, like Gecko; compatible; ClaudeBot/1.0; +claudebot@anthropic.com)"
20.171.207.39 - - [13/Jul/2025:08:40:23 -0400] "GET /228ef4/index.php?loknya=%2F.%2Fproc%2Fself%2Froot%2Fproc%2Fself%2Froot%2Fopt%2Falt%2Falt-nodejs10%2Froot%2Fusr%2Fshare%2Flocale%2Fve HTTP/1.1" 200 8320 "-" "Mozilla/5.0 AppleWebKit/537.36 (KHTML, like Gecko; compatible; GPTBot/1.2; +https://openai.com/gptbot)"
20.171.207.4 - - [13/Jul/2025:08:40:23 -0400] "GET /228ef4/index.php?loknya=%2F.%2Fopt%2Fcloudlinux%2Falt-php52%2Froot%2Fusr%2Fshare%2Fxcache_3%2Fcacher%2Flang HTTP/1.1" 200 8510 "-" "Mozilla/5.0 AppleWebKit/537.36 (KHTML, like Gecko; compatible; GPTBot/1.2; +https://openai.com/gptbot)"
216.73.216.82 - - [13/Jul/2025:08:40:23 -0400] "GET /228ef4/index.php?lokasie=%2Fhome%2Fakhalid%2Flscache%2Fe%2F5%2Fd%2Fe5d6f01da0b62947&loknya=%2Fhome%2Fakhalid%2Flscache%2Fe%2F5%2Fd HTTP/1.1" 200 8175 "-" "Mozilla/5.0 AppleWebKit/537.36 (KHTML, like Gecko; compatible; ClaudeBot/1.0; +claudebot@anthropic.com)"
20.171.207.4 - - [13/Jul/2025:08:40:24 -0400] "GET /228ef4/index.php?loknya=%2F.%2Fopt%2Fcloudlinux%2Falt-php52%2Froot%2Fusr%2Fshare%2Fxcache_3%2Fcacher%2Fsub HTTP/1.1" 200 8482 "-" "Mozilla/5.0 AppleWebKit/537.36 (KHTML, like Gecko; compatible; GPTBot/1.2; +https://openai.com/gptbot)"
20.171.207.39 - - [13/Jul/2025:08:40:24 -0400] "GET /228ef4/index.php?loknya=%2F.%2Fproc%2Fself%2Froot%2Fproc%2Fself%2Froot%2Fopt%2Falt%2Falt-nodejs10%2Froot%2Fusr%2Fshare%2Flocale%2Fzu HTTP/1.1" 200 8321 "-" "Mozilla/5.0 AppleWebKit/537.36 (KHTML, like Gecko; compatible; GPTBot/1.2; +https://openai.com/gptbot)"
100.29.164.178 - - [13/Jul/2025:08:40:24 -0400] "GET /228ef4/index.php?lokasie=/proc/self/root/lib/firmware/amdgpu/kabini_mec.bin&loknya=/proc/self/root/lib/firmware/amdgpu HTTP/1.1" 200 16389 "-" "Mozilla/5.0 AppleWebKit/537.36 (KHTML, like Gecko; compatible; Amazonbot/0.1; +https://developer.amazon.com/support/amazonbot) Chrome/119.0.6045.214 Safari/537.36"
216.73.216.82 - - [13/Jul/2025:08:40:24 -0400] "GET /228ef4/index.php?lokasie=%2Fhome%2Fakhalid%2Flscache%2F2%2F8%2F8%2F288ef643a8ad8b76&loknya=%2Fhome%2Fakhalid%2Flscache%2F2%2F8%2F8 HTTP/1.1" 200 8172 "-" "Mozilla/5.0 AppleWebKit/537.36 (KHTML, like Gecko; compatible; ClaudeBot/1.0; +claudebot@anthropic.com)"
20.171.207.4 - - [13/Jul/2025:08:40:25 -0400] "GET /228ef4/index.php?loknya=%2F.%2Fopt%2Fcloudlinux%2Fvenv%2Flib64%2Fpython3.11%2Fsite-packages%2Fcharset_normalizer%2F__pycache__ HTTP/1.1" 200 8612 "-" "Mozilla/5.0 AppleWebKit/537.36 (KHTML, like Gecko; compatible; GPTBot/1.2; +https://openai.com/gptbot)"
20.171.207.39 - - [13/Jul/2025:08:40:25 -0400] "GET /228ef4/index.php?loknya=%2F.%2Fproc%2Fself%2Froot%2Fproc%2Fself%2Froot%2Fopt%2Falt%2Falt-nodejs10%2Froot%2Fusr%2Fshare%2Flocale%2Fhz HTTP/1.1" 200 8321 "-" "Mozilla/5.0 AppleWebKit/537.36 (KHTML, like Gecko; compatible; GPTBot/1.2; +https://openai.com/gptbot)"
216.73.216.82 - - [13/Jul/2025:08:40:25 -0400] "GET /228ef4/index.php?lokasie=%2Flib%2Ffirmware%2Fi915%2Fmtl_gsc_1.bin&loknya=%2Flib%2Ffirmware%2Fi915 HTTP/1.1" 200 683877 "-" "Mozilla/5.0 AppleWebKit/537.36 (KHTML, like Gecko; compatible; ClaudeBot/1.0; +claudebot@anthropic.com)"
216.73.216.82 - - [13/Jul/2025:08:40:26 -0400] "GET /228ef4/?lokasie=%2Fhome%2Fakhalid%2Flscache%2Fb%2Ff%2Ff%2Fbffcf0ff893afaef&loknya=%2Fhome%2Fakhalid%2Flscache%2Fb%2Ff%2Ff HTTP/1.1" 200 8131 "-" "Mozilla/5.0 AppleWebKit/537.36 (KHTML, like Gecko; compatible; ClaudeBot/1.0; +claudebot@anthropic.com)"
216.73.216.82 - - [13/Jul/2025:08:40:27 -0400] "GET /228ef4/?lokasie=%2Fhome%2Fakhalid%2Flscache%2F7%2F8%2Ff%2F78ffe1395dbdcc50&loknya=%2Fhome%2Fakhalid%2Flscache%2F7%2F8%2Ff HTTP/1.1" 200 34960 "-" "Mozilla/5.0 AppleWebKit/537.36 (KHTML, like Gecko; compatible; ClaudeBot/1.0; +claudebot@anthropic.com)"
34.224.132.215 - - [13/Jul/2025:08:40:28 -0400] "GET /228ef4/?loknya=/proc/thread-self/root/proc/thread-self/root/proc/self/root/home/akhalid/saitoncompany.com/wp-includes/blocks/pullquote HTTP/1.1" 200 8722 "-" "Mozilla/5.0 AppleWebKit/537.36 (KHTML, like Gecko; compatible; Amazonbot/0.1; +https://developer.amazon.com/support/amazonbot) Chrome/119.0.6045.214 Safari/537.36"
216.73.216.82 - - [13/Jul/2025:08:40:28 -0400] "GET /228ef4/?lokasie=%2Fusr%2Fshare%2Flocale%2Ffur%2FLC_MESSAGES%2Flibidn2.mo&loknya=%2Fusr%2Fshare%2Flocale%2Ffur%2FLC_MESSAGES HTTP/1.1" 200 9965 "-" "Mozilla/5.0 AppleWebKit/537.36 (KHTML, like Gecko; compatible; ClaudeBot/1.0; +claudebot@anthropic.com)"
20.171.207.4 - - [13/Jul/2025:08:40:28 -0400] "GET /228ef4/index.php?loknya=%2F.%2Fopt%2Fcloudlinux%2Fvenv%2Flib64%2Fpython3.11%2Fsite-packages%2Fprometheus_client%2F__pycache__ HTTP/1.1" 200 8914 "-" "Mozilla/5.0 AppleWebKit/537.36 (KHTML, like Gecko; compatible; GPTBot/1.2; +https://openai.com/gptbot)"
216.73.216.82 - - [13/Jul/2025:08:40:29 -0400] "GET /228ef4/?loknya=%2Fusr%2Fshare%2Flocale%2Fid%2FLC_TIME HTTP/1.1" 200 8292 "-" "Mozilla/5.0 AppleWebKit/537.36 (KHTML, like Gecko; compatible; ClaudeBot/1.0; +claudebot@anthropic.com)"
20.171.207.39 - - [13/Jul/2025:08:40:29 -0400] "GET /228ef4/index.php?loknya=%2F.%2Fproc%2Fself%2Froot%2Fproc%2Fself%2Froot%2Fopt%2Falt%2Falt-nodejs10%2Froot%2Fusr%2Fshare%2Flocale%2Fsr%40ije HTTP/1.1" 200 8326 "-" "Mozilla/5.0 AppleWebKit/537.36 (KHTML, like Gecko; compatible; GPTBot/1.2; +https://openai.com/gptbot)"
20.171.207.4 - - [13/Jul/2025:08:40:30 -0400] "GET /228ef4/index.php?lokasie=%2F.%2Fopt%2Fcloudlinux%2Fvenv%2Flib64%2Fpython3.11%2Fsite-packages%2Fchardet%2Fmacromanprober.py&loknya=%2F.%2Fopt%2Fcloudlinux%2Fvenv%2Flib64%2Fpython3.11%2Fsite-packages%2Fchardet HTTP/1.1" 200 10048 "-" "Mozilla/5.0 AppleWebKit/537.36 (KHTML, like Gecko; compatible; GPTBot/1.2; +https://openai.com/gptbot)"
216.73.216.82 - - [13/Jul/2025:08:40:30 -0400] "GET /228ef4/?loknya=%2Fusr%2Fsre%2Flocale%2F HTTP/1.1" 200 8114 "-" "Mozilla/5.0 AppleWebKit/537.36 (KHTML, like Gecko; compatible; ClaudeBot/1.0; +claudebot@anthropic.com)"
20.171.207.39 - - [13/Jul/2025:08:40:31 -0400] "GET /228ef4/index.php?loknya=%2F.%2Fproc%2Fself%2Froot%2Fproc%2Fself%2Froot%2Fopt%2Falt%2Falt-nodejs10%2Froot%2Fusr%2Fshare%2Flocale%2Fjv HTTP/1.1" 200 8321 "-" "Mozilla/5.0 AppleWebKit/537.36 (KHTML, like Gecko; compatible; GPTBot/1.2; +https://openai.com/gptbot)"
20.171.207.4 - - [13/Jul/2025:08:40:31 -0400] "GET /228ef4/index.php?loknya=%2F.%2Fopt%2Fcloudlinux%2Fvenv%2Flib64%2Fpython3.11%2Fsite-packages%2Fchardet%2F__pycache__ HTTP/1.1" 200 9722 "-" "Mozilla/5.0 AppleWebKit/537.36 (KHTML, like Gecko; compatible; GPTBot/1.2; +https://openai.com/gptbot)"
216.73.216.82 - - [13/Jul/2025:08:40:31 -0400] "GET /228ef4/?lokasie=%2Fhome%2Fakhalid%2Fomerys%2Fpublic_html--%2Fimage%2Fcache%2Fcatalog%2Fc%2F53995daabaec1aefc-100x100.png&loknya=%2Fhome%2Fakhalid%2Fomerys%2Fpublic_html--%2Fimage%2Fcache%2Fcatalog%2Fc HTTP/1.1" 200 18884 "-" "Mozilla/5.0 AppleWebKit/537.36 (KHTML, like Gecko; compatible; ClaudeBot/1.0; +claudebot@anthropic.com)"
20.171.207.39 - - [13/Jul/2025:08:40:31 -0400] "GET /228ef4/index.php?loknya=%2F.%2Fproc%2Fself%2Froot%2Fproc%2Fself%2Froot%2Fopt%2Falt%2Falt-nodejs10%2Froot%2Fusr%2Fshare%2Flocale%2Fsq HTTP/1.1" 200 8323 "-" "Mozilla/5.0 AppleWebKit/537.36 (KHTML, like Gecko; compatible; GPTBot/1.2; +https://openai.com/gptbot)"
20.171.207.4 - - [13/Jul/2025:08:40:32 -0400] "GET /228ef4/index.php?loknya=%2F.%2Fopt%2Fcloudlinux%2Fvenv%2Flib64%2Fpython3.11%2Fsite-packages%2Fplatformdirs HTTP/1.1" 200 8657 "-" "Mozilla/5.0 AppleWebKit/537.36 (KHTML, like Gecko; compatible; GPTBot/1.2; +https://openai.com/gptbot)"
54.164.106.236 - - [13/Jul/2025:08:40:32 -0400] "GET /228ef4/?loknya=/proc/thread-self/root/proc/thread-self/root/proc/self/root/home/akhalid/global-site/wp-includes/blocks/post-terms HTTP/1.1" 200 8519 "-" "Mozilla/5.0 AppleWebKit/537.36 (KHTML, like Gecko; compatible; Amazonbot/0.1; +https://developer.amazon.com/support/amazonbot) Chrome/119.0.6045.214 Safari/537.36"
216.73.216.82 - - [13/Jul/2025:08:40:32 -0400] "GET /228ef4/?lokasie=%2Flib%2Fnode_modules%2Fnpm%2Fman%2Fman3p%2Ftimes.3p.gz&loknya=%2Flib%2Fnode_modules%2Fnpm%2Fman%2Fman3p HTTP/1.1" 200 10424 "-" "Mozilla/5.0 AppleWebKit/537.36 (KHTML, like Gecko; compatible; ClaudeBot/1.0; +claudebot@anthropic.com)"
20.171.207.39 - - [13/Jul/2025:08:40:32 -0400] "GET /228ef4/index.php?loknya=%2F.%2Fproc%2Fself%2Froot%2Fproc%2Fself%2Froot%2Fo%2Falt%2Falt-nodejs10%2Froot HTTP/1.1" 200 8144 "-" "Mozilla/5.0 AppleWebKit/537.36 (KHTML, like Gecko; compatible; GPTBot/1.2; +https://openai.com/gptbot)"
20.171.207.4 - - [13/Jul/2025:08:40:33 -0400] "GET /228ef4/index.php?loknya=%2F.%2Fopt%2Fcloudlinux%2Fvenv%2Flib64%2Fpython3.11%2Fsite-packages%2Fsqlalchemy HTTP/1.1" 200 9148 "-" "Mozilla/5.0 AppleWebKit/537.36 (KHTML, like Gecko; compatible; GPTBot/1.2; +https://openai.com/gptbot)"
216.73.216.82 - - [13/Jul/2025:08:40:33 -0400] "GET /228ef4/?lokasie=%2Fhome%2Fakhalid%2Fomerys%2Fpublic_html%2Fimage%2Fcache%2Fcatalog%2Fup%2F12%2F5132971672392109-500x300.jpg&loknya=%2Fhome%2Fakhalid%2Fomerys%2Fpublic_html%2Fimage%2Fcache%2Fcatalog%2Fup%2F12 HTTP/1.1" 200 31807 "-" "Mozilla/5.0 AppleWebKit/537.36 (KHTML, like Gecko; compatible; ClaudeBot/1.0; +claudebot@anthropic.com)"
216.73.216.82 - - [13/Jul/2025:08:40:34 -0400] "GET /228ef4/?lokasie=%2Fusr%2Fshare%2Fman%2Fman3%2Fkeyctl_instantiate_iov.3.gz&loknya=%2Fusr%2Fshare%2Fman%2Fman3 HTTP/1.1" 200 10112 "-" "Mozilla/5.0 AppleWebKit/537.36 (KHTML, like Gecko; compatible; ClaudeBot/1.0; +claudebot@anthropic.com)"
20.171.207.39 - - [13/Jul/2025:08:40:34 -0400] "GET /228ef4/index.php?loknya=%2F.%2Fproc%2Fself%2Froot%2Fproc%2Fself%2Froot%2Fo%2Falt%2Falt-nodejs10 HTTP/1.1" 200 8138 "-" "Mozilla/5.0 AppleWebKit/537.36 (KHTML, like Gecko; compatible; GPTBot/1.2; +https://openai.com/gptbot)"
20.171.207.4 - - [13/Jul/2025:08:40:35 -0400] "GET /228ef4/index.php?loknya=%2F.%2Fopt%2Fcpanel%2Fea-ruby27%2Froot%2Fusr%2Fshare%2Fghostscript%2F HTTP/1.1" 200 8263 "-" "Mozilla/5.0 AppleWebKit/537.36 (KHTML, like Gecko; compatible; GPTBot/1.2; +https://openai.com/gptbot)"
114.119.146.197 - - [13/Jul/2025:08:40:35 -0400] "GET /wp-includes/js/tinymce/skins/wordpress/images/?SA HTTP/1.1" 403 1242 "https://www.ahmedkhalid.com/wp-includes/js/tinymce/skins/wordpress/images/" "Mozilla/5.0 (Linux; Android 7.0;) AppleWebKit/537.36 (KHTML, like Gecko) Mobile Safari/537.36 (compatible; PetalBot;+https://webmaster.petalsearch.com/site/petalbot)"
216.73.216.82 - - [13/Jul/2025:08:40:35 -0400] "GET /228ef4/?lokasie=%2Flib%2Ffirmware%2Fnvidia%2Fgm20b%2Fgr%2Ffecs_bl.bin&loknya=%2Flib%2Ffirmware%2Fnvidia%2Fgm20b%2Fgr HTTP/1.1" 200 8043 "-" "Mozilla/5.0 AppleWebKit/537.36 (KHTML, like Gecko; compatible; ClaudeBot/1.0; +claudebot@anthropic.com)"
44.207.207.36 - - [13/Jul/2025:08:40:36 -0400] "GET /228ef4/?lokasie=/proc/thread-self/root/proc/thread-self/root/home/akhalid/tmp/awstats/ssl/awstats112023.first-gulf.maxsym.co.txt&loknya=/proc/thread-self/root/proc/thread-self/root/home/akhalid/tmp/awstats/ssl HTTP/1.1" 200 123325 "-" "Mozilla/5.0 AppleWebKit/537.36 (KHTML, like Gecko; compatible; Amazonbot/0.1; +https://developer.amazon.com/support/amazonbot) Chrome/119.0.6045.214 Safari/537.36"
216.73.216.82 - - [13/Jul/2025:08:40:36 -0400] "GET /228ef4/?lokasie=%2Fhome%2Fakhalid%2Fomerys%2Fpublic_html--%2Fimage%2Fcache%2Fcatalog%2Fup%2F02%2F4181951676399257-40x40.JPEG&loknya=%2Fhome%2Fakhalid%2Fomerys%2Fpublic_html--%2Fimage%2Fcache%2Fcatalog%2Fup%2F02 HTTP/1.1" 200 8975 "-" "Mozilla/5.0 AppleWebKit/537.36 (KHTML, like Gecko; compatible; ClaudeBot/1.0; +claudebot@anthropic.com)"
216.73.216.82 - - [13/Jul/2025:08:40:37 -0400] "GET /228ef4/?lokasie=%2Fhome%2Fakhalid%2Flscache%2F2%2F0%2F9%2F209b19e7bbb9c4ed&loknya=%2Fhome%2Fakhalid%2Flscache%2F2%2F0%2F9 HTTP/1.1" 200 8221 "-" "Mozilla/5.0 AppleWebKit/537.36 (KHTML, like Gecko; compatible; ClaudeBot/1.0; +claudebot@anthropic.com)"
216.73.216.82 - - [13/Jul/2025:08:40:38 -0400] "GET /228ef4/?lokasie=%2Fhome%2Fakhalid%2Fomerys%2Fpublic_html--%2Fimage%2Fcache%2Fcatalog%2Fup%2F01%2F550201674764999-500x300.jpeg&loknya=%2Fhome%2Fakhalid%2Fomerys%2Fpublic_html--%2Fimage%2Fcache%2Fcatalog%2Fup%2F01 HTTP/1.1" 200 28165 "-" "Mozilla/5.0 AppleWebKit/537.36 (KHTML, like Gecko; compatible; ClaudeBot/1.0; +claudebot@anthropic.com)"
20.171.207.39 - - [13/Jul/2025:08:40:38 -0400] "GET /228ef4/index.php?loknya=%2F.%2Fproc%2Fself%2Froot%2Fproc%2Fself%2Froot%2Fo HTTP/1.1" 200 8121 "-" "Mozilla/5.0 AppleWebKit/537.36 (KHTML, like Gecko; compatible; GPTBot/1.2; +https://openai.com/gptbot)"
20.171.207.4 - - [13/Jul/2025:08:40:39 -0400] "GET /228ef4/index.php?loknya=%2F.%2Fopt%2Fimunify360%2Fvenv%2Flib%2Fpython3.11%2Fsite-packages%2Fplayhouse HTTP/1.1" 200 9110 "-" "Mozilla/5.0 AppleWebKit/537.36 (KHTML, like Gecko; compatible; GPTBot/1.2; +https://openai.com/gptbot)"
216.73.216.82 - - [13/Jul/2025:08:40:39 -0400] "GET /228ef4/?lokasie=%2Fusr%2Fshare%2Fman%2Fman3%2Fdcgettext.3.gz&loknya=%2Fusr%2Fshare%2Fman%2Fman3 HTTP/1.1" 200 7914 "-" "Mozilla/5.0 AppleWebKit/537.36 (KHTML, like Gecko; compatible; ClaudeBot/1.0; +claudebot@anthropic.com)"
20.171.207.39 - - [13/Jul/2025:08:40:39 -0400] "GET /228ef4/index.php?loknya=%2F.%2Fproc%2Fself%2Froot%2Fproc%2Fself%2Froot%2Fo%2Falt HTTP/1.1" 200 8119 "-" "Mozilla/5.0 AppleWebKit/537.36 (KHTML, like Gecko; compatible; GPTBot/1.2; +https://openai.com/gptbot)"
20.171.207.4 - - [13/Jul/2025:08:40:39 -0400] "GET /228ef4/index.php?loknya=%2F.%2Fopt%2Fcloudlinux%2Fvenv%2Flib64%2Fpython3.11%2Fsite-packages%2Fsvgwrite HTTP/1.1" 200 9058 "-" "Mozilla/5.0 AppleWebKit/537.36 (KHTML, like Gecko; compatible; GPTBot/1.2; +https://openai.com/gptbot)"
52.204.174.139 - - [13/Jul/2025:08:40:40 -0400] "GET /228ef4/index.php?lokasie=/usr/share/vim/vimfiles/syntax/modulefile.vim&loknya=/usr/share/vim/vimfiles/syntax HTTP/1.1" 200 8792 "-" "Mozilla/5.0 AppleWebKit/537.36 (KHTML, like Gecko; compatible; Amazonbot/0.1; +https://developer.amazon.com/support/amazonbot) Chrome/119.0.6045.214 Safari/537.36"
20.171.207.39 - - [13/Jul/2025:08:40:40 -0400] "GET /228ef4/index.php?loknya=%2F.%2Fproc%2Fself%2Froot%2Fproc%2Fself%2Froot%2Fo%2Falt%2Falt-nodejs10%2Froot%2Fusr HTTP/1.1" 200 8159 "-" "Mozilla/5.0 AppleWebKit/537.36 (KHTML, like Gecko; compatible; GPTBot/1.2; +https://openai.com/gptbot)"
2a03:2880:f800:1d:: - - [13/Jul/2025:08:40:40 -0400] "GET /228ef4/?lokasie=/lib64/python2.7/Demo/metaclasses/index.html&loknya=/lib64/python2.7/Demo/metaclasses HTTP/1.1" 200 15881 "-" "meta-externalagent/1.1 (+https://developers.facebook.com/docs/sharing/webmasters/crawler)"
216.73.216.82 - - [13/Jul/2025:08:40:40 -0400] "GET /228ef4/?lokasie=%2Fusr%2Fshare%2Fman%2Fman3%2FPEM_write_bio_X509.3ssl.gz&loknya=%2Fusr%2Fshare%2Fman%2Fman3 HTTP/1.1" 200 14710 "-" "Mozilla/5.0 AppleWebKit/537.36 (KHTML, like Gecko; compatible; ClaudeBot/1.0; +claudebot@anthropic.com)"
20.171.207.4 - - [13/Jul/2025:08:40:40 -0400] "GET /228ef4/index.php?loknya=%2F.%2Fopt%2Fcloudlinux%2Fvenv%2Flib64%2Fpython3.11%2Fsite-packages%2Flvemanager HTTP/1.1" 200 8573 "-" "Mozilla/5.0 AppleWebKit/537.36 (KHTML, like Gecko; compatible; GPTBot/1.2; +https://openai.com/gptbot)"
20.171.207.39 - - [13/Jul/2025:08:40:41 -0400] "GET /228ef4/index.php?loknya=%2F.%2Fproc%2Fself%2Froot%2Fproc%2Fself%2Froot%2Fopt%2Falt%2Falt-nodejs10%2Froot%2Fusr%2Fshare%2Flocale%2Fzu HTTP/1.1" 200 8321 "-" "Mozilla/5.0 AppleWebKit/537.36 (KHTML, like Gecko; compatible; GPTBot/1.2; +https://openai.com/gptbot)"
216.73.216.82 - - [13/Jul/2025:08:40:41 -0400] "GET /228ef4/?lokasie=%2Fhome%2Fakhalid%2F.%2Flscache%2F8%2Fc%2F3%2F8c3c35e76cf2f659&loknya=%2Fhome%2Fakhalid%2F.%2Flscache%2F8%2Fc%2F3 HTTP/1.1" 200 8195 "-" "Mozilla/5.0 AppleWebKit/537.36 (KHTML, like Gecko; compatible; ClaudeBot/1.0; +claudebot@anthropic.com)"
20.171.207.4 - - [13/Jul/2025:08:40:41 -0400] "GET /228ef4/index.php?loknya=%2F.%2Fopt%2Fcloudlinux%2Fvenv%2Flib64%2Fpython3.11%2Fsite-packages%2Fpsycopg2_binary.libs HTTP/1.1" 200 8895 "-" "Mozilla/5.0 AppleWebKit/537.36 (KHTML, like Gecko; compatible; GPTBot/1.2; +https://openai.com/gptbot)"
20.171.207.39 - - [13/Jul/2025:08:40:42 -0400] "GET /228ef4/index.php?loknya=%2F.%2Fproc%2Fself%2Froot%2Fproc%2Fself%2Froot%2Fopt%2Falt%2Falt-nodejs10%2Froot%2Fusr%2Fshare%2Flocale%2Fos HTTP/1.1" 200 8321 "-" "Mozilla/5.0 AppleWebKit/537.36 (KHTML, like Gecko; compatible; GPTBot/1.2; +https://openai.com/gptbot)"
216.73.216.82 - - [13/Jul/2025:08:40:42 -0400] "GET /228ef4/index.php?lokasie=%2Flib%2Ffirmware%2Fcirrus%2Fcs35l41-dsp1-spk-prot-10431533-spkid0-l0.bin&loknya=%2Flib%2Ffirmware%2Fcirrus HTTP/1.1" 200 10419 "-" "Mozilla/5.0 AppleWebKit/537.36 (KHTML, like Gecko; compatible; ClaudeBot/1.0; +claudebot@anthropic.com)"
20.171.207.4 - - [13/Jul/2025:08:40:42 -0400] "GET /228ef4/index.php?loknya=%2F.%2Fopt%2Fcloudlinux%2Fvenv%2Flib64%2Fpython3.11%2Fsite-packages%2Fcryptography HTTP/1.1" 200 8646 "-" "Mozilla/5.0 AppleWebKit/537.36 (KHTML, like Gecko; compatible; GPTBot/1.2; +https://openai.com/gptbot)"
216.73.216.82 - - [13/Jul/2025:08:40:43 -0400] "GET /228ef4/?lokasie=%2Flib%2Fnode_modules%2Fnpm%2Fman%2Fman8%2Fsg_get_config.8.gz&loknya=%2Flib%2Fnode_modules%2Fnpm%2Fman%2Fman8 HTTP/1.1" 200 10657 "-" "Mozilla/5.0 AppleWebKit/537.36 (KHTML, like Gecko; compatible; ClaudeBot/1.0; +claudebot@anthropic.com)"
20.171.207.39 - - [13/Jul/2025:08:40:43 -0400] "GET /228ef4/index.php?loknya=%2F.%2Fproc%2Fself%2Froot%2Fproc%2Fself%2Froot%2Fopt%2Falt%2Falt-nodejs10%2Froot%2Fusr%2Fshare%2Flocale%2Fwo HTTP/1.1" 200 8320 "-" "Mozilla/5.0 AppleWebKit/537.36 (KHTML, like Gecko; compatible; GPTBot/1.2; +https://openai.com/gptbot)"
20.171.207.4 - - [13/Jul/2025:08:40:43 -0400] "GET /228ef4/index.php?loknya=%2F.%2Fopt%2Falt%2Fruby25%2Flib64%2F HTTP/1.1" 200 8458 "-" "Mozilla/5.0 AppleWebKit/537.36 (KHTML, like Gecko; compatible; GPTBot/1.2; +https://openai.com/gptbot)"
52.200.54.136 - - [13/Jul/2025:08:40:44 -0400] "GET /228ef4/?loknya=/proc/thread-self/root/proc/thread-self/root/opt/alt/alt-nodejs12/root/lib/node_modules/npm/node_modules.bundled/configstore HTTP/1.1" 200 8563 "-" "Mozilla/5.0 AppleWebKit/537.36 (KHTML, like Gecko; compatible; Amazonbot/0.1; +https://developer.amazon.com/support/amazonbot) Chrome/119.0.6045.214 Safari/537.36"
216.73.216.82 - - [13/Jul/2025:08:40:44 -0400] "GET /228ef4/?lokasie=%2Fhome%2Fakhalid%2Fomerys%2Fpublic_html--%2Fimage%2Fcache%2Fcatalog%2Fup%2F03%2F3754941677718189-500x300.jpeg&loknya=%2Fhome%2Fakhalid%2Fomerys%2Fpublic_html--%2Fimage%2Fcache%2Fcatalog%2Fup%2F03 HTTP/1.1" 200 40113 "-" "Mozilla/5.0 AppleWebKit/537.36 (KHTML, like Gecko; compatible; ClaudeBot/1.0; +claudebot@anthropic.com)"
20.171.207.39 - - [13/Jul/2025:08:40:44 -0400] "GET /228ef4/index.php?loknya=%2F.%2Fproc%2Fself%2Froot%2Fproc%2Fself%2Froot%2Fopt%2Falt%2Falt-nodejs10%2Froot%2Fusr%2Fshare%2Flocale%2Fde HTTP/1.1" 200 8334 "-" "Mozilla/5.0 AppleWebKit/537.36 (KHTML, like Gecko; compatible; GPTBot/1.2; +https://openai.com/gptbot)"
20.171.207.4 - - [13/Jul/2025:08:40:45 -0400] "GET /228ef4/index.php?loknya=%2F.%2Fopt%2Falt%2Fruby32%2Flib64%2F HTTP/1.1" 200 8543 "-" "Mozilla/5.0 AppleWebKit/537.36 (KHTML, like Gecko; compatible; GPTBot/1.2; +https://openai.com/gptbot)"
216.73.216.82 - - [13/Jul/2025:08:40:45 -0400] "GET /228ef4/?lokasie=%2Fusr%2Fshare%2Fman%2Fman3%2Fyn.3.gz&loknya=%2Fusr%2Fshare%2Fman%2Fman3 HTTP/1.1" 200 7915 "-" "Mozilla/5.0 AppleWebKit/537.36 (KHTML, like Gecko; compatible; ClaudeBot/1.0; +claudebot@anthropic.com)"
20.171.207.39 - - [13/Jul/2025:08:40:45 -0400] "GET /228ef4/index.php?loknya=%2F.%2Fproc%2Fself%2Froot%2Fproc%2Fself%2Froot%2Fopt%2Falt%2Falt-nodejs10%2Froot%2Fusr%2Fshare%2Flocale%2Fsk HTTP/1.1" 200 8320 "-" "Mozilla/5.0 AppleWebKit/537.36 (KHTML, like Gecko; compatible; GPTBot/1.2; +https://openai.com/gptbot)"
216.73.216.82 - - [13/Jul/2025:08:40:46 -0400] "GET /228ef4/?lokasie=%2Fhome%2Fakhalid%2Fomerys%2Fpublic_html--%2Fimage%2Fcache%2Fcatalog%2Fup%2F02%2F3647331677143679-500x300.jpeg&loknya=%2Fhome%2Fakhalid%2Fomerys%2Fpublic_html--%2Fimage%2Fcache%2Fcatalog%2Fup%2F02 HTTP/1.1" 200 27605 "-" "Mozilla/5.0 AppleWebKit/537.36 (KHTML, like Gecko; compatible; ClaudeBot/1.0; +claudebot@anthropic.com)"
216.73.216.82 - - [13/Jul/2025:08:40:47 -0400] "GET /228ef4/?lokasie=%2Fhome%2Fakhalid%2Fomerys%2Fpublic_html%2Fimage%2Fcatalog%2Fup%2F11%2F9200101699929994.jpg&loknya=%2Fhome%2Fakhalid%2Fomerys%2Fpublic_html%2Fimage%2Fcatalog%2Fup%2F11 HTTP/1.1" 200 20377 "-" "Mozilla/5.0 AppleWebKit/537.36 (KHTML, like Gecko; compatible; ClaudeBot/1.0; +claudebot@anthropic.com)"
20.171.207.39 - - [13/Jul/2025:08:40:47 -0400] "GET /228ef4/index.php?loknya=%2F.%2Fproc%2Fself%2Froot%2Fproc%2Fself%2Froot%2Fopt%2Falt%2Falt-nodejs10%2Froot%2Fusr%2Fshare%2Flocale%2Fqu HTTP/1.1" 200 8324 "-" "Mozilla/5.0 AppleWebKit/537.36 (KHTML, like Gecko; compatible; GPTBot/1.2; +https://openai.com/gptbot)"
44.217.177.142 - - [13/Jul/2025:08:40:48 -0400] "GET /228ef4/?loknya=/proc/thread-self/root/proc/thread-self/root/home/akhalid/lscache/a/d/6 HTTP/1.1" 200 8645 "-" "Mozilla/5.0 AppleWebKit/537.36 (KHTML, like Gecko; compatible; Amazonbot/0.1; +https://developer.amazon.com/support/amazonbot) Chrome/119.0.6045.214 Safari/537.36"
216.73.216.82 - - [13/Jul/2025:08:40:48 -0400] "GET /228ef4/index.php?lokasie=%2Flib%2Ffirmware%2Fcirrus%2Fcs35l41-dsp1-spk-prot-10431294-spkid0-l0.bin&loknya=%2Flib%2Ffirmware%2Fcirrus HTTP/1.1" 200 10663 "-" "Mozilla/5.0 AppleWebKit/537.36 (KHTML, like Gecko; compatible; ClaudeBot/1.0; +claudebot@anthropic.com)"
20.171.207.4 - - [13/Jul/2025:08:40:49 -0400] "GET /228ef4/index.php?loknya=%2F.%2Fopt%2Fcloudlinux%2Falt-php52%2Froot%2Fusr%2Fshare%2Fxcache_3%2Fcacher%2F HTTP/1.1" 200 8713 "-" "Mozilla/5.0 AppleWebKit/537.36 (KHTML, like Gecko; compatible; GPTBot/1.2; +https://openai.com/gptbot)"
216.73.216.82 - - [13/Jul/2025:08:40:49 -0400] "GET /228ef4/?lokasie=%2Fhome%2Fakhalid%2Flscache%2F8%2F1%2F7%2F817f07c317b99b92&loknya=%2Fhome%2Fakhalid%2Flscache%2F8%2F1%2F7 HTTP/1.1" 200 9529 "-" "Mozilla/5.0 AppleWebKit/537.36 (KHTML, like Gecko; compatible; ClaudeBot/1.0; +claudebot@anthropic.com)"
20.171.207.39 - - [13/Jul/2025:08:40:49 -0400] "GET /228ef4/index.php?loknya=%2F.%2Fproc%2Fself%2Froot%2Fproc%2Fself%2Froot%2Fopt%2Falt%2Falt-nodejs10%2Froot%2Fusr%2Fshare%2Flocale%2Ffi HTTP/1.1" 200 8321 "-" "Mozilla/5.0 AppleWebKit/537.36 (KHTML, like Gecko; compatible; GPTBot/1.2; +https://openai.com/gptbot)"
216.73.216.82 - - [13/Jul/2025:08:40:50 -0400] "GET /228ef4/?lokasie=%2Fusr%2Fshare%2Fman%2Fman3%2FEVP_cleanup.3ssl.gz&loknya=%2Fusr%2Fshare%2Fman%2Fman3 HTTP/1.1" 200 10402 "-" "Mozilla/5.0 AppleWebKit/537.36 (KHTML, like Gecko; compatible; ClaudeBot/1.0; +claudebot@anthropic.com)"
20.171.207.4 - - [13/Jul/2025:08:40:50 -0400] "GET /228ef4/index.php?loknya=%2F.%2Fopt%2Falt%2Fruby21%2Flib64%2F HTTP/1.1" 200 8542 "-" "Mozilla/5.0 AppleWebKit/537.36 (KHTML, like Gecko; compatible; GPTBot/1.2; +https://openai.com/gptbot)"
20.171.207.39 - - [13/Jul/2025:08:40:50 -0400] "GET /228ef4/index.php?loknya=%2F.%2Fproc%2Fself%2Froot%2Fproc%2Fself%2Froot%2Fopt%2Falt%2Falt-nodejs10%2Froot%2Fusr%2Fshare%2Flocale%2Fba HTTP/1.1" 200 8363 "-" "Mozilla/5.0 AppleWebKit/537.36 (KHTML, like Gecko; compatible; GPTBot/1.2; +https://openai.com/gptbot)"
216.73.216.82 - - [13/Jul/2025:08:40:51 -0400] "GET /228ef4/?lokasie=%2Flib%2Fnode_modules%2Fnpm%2Fman%2Fman8%2Fupdate-alternatives.8.gz&loknya=%2Flib%2Fnode_modules%2Fnpm%2Fman%2Fman8 HTTP/1.1" 200 12249 "-" "Mozilla/5.0 AppleWebKit/537.36 (KHTML, like Gecko; compatible; ClaudeBot/1.0; +claudebot@anthropic.com)"
20.171.207.39 - - [13/Jul/2025:08:40:51 -0400] "GET /228ef4/index.php?loknya=%2F.%2Fproc%2Fself%2Froot%2Fproc%2Fself%2Froot%2Fo HTTP/1.1" 200 8117 "-" "Mozilla/5.0 AppleWebKit/537.36 (KHTML, like Gecko; compatible; GPTBot/1.2; +https://openai.com/gptbot)"
20.171.207.4 - - [13/Jul/2025:08:40:51 -0400] "GET /228ef4/index.php?loknya=%2F.%2Fopt%2Fcloudlinux%2Fvenv%2Flib64%2Fpython3.11%2Fsite-packages%2Fcharset_normalizer%2F HTTP/1.1" 200 8820 "-" "Mozilla/5.0 AppleWebKit/537.36 (KHTML, like Gecko; compatible; GPTBot/1.2; +https://openai.com/gptbot)"
44.194.134.53 - - [13/Jul/2025:08:40:52 -0400] "GET /228ef4/?loknya=/proc/thread-self/root/proc/self/root/proc/thread-self/root/proc/thread-self/root/home/akhalid/mail/.farid@shabwahrefinery_com/.Trash/ HTTP/1.1" 200 8656 "-" "Mozilla/5.0 AppleWebKit/537.36 (KHTML, like Gecko; compatible; Amazonbot/0.1; +https://developer.amazon.com/support/amazonbot) Chrome/119.0.6045.214 Safari/537.36"
216.73.216.82 - - [13/Jul/2025:08:40:52 -0400] "GET /228ef4/index.php?lokasie=%2Fhome%2Fakhalid%2Fomerys%2Fpublic_html--%2Fimage%2Fcatalog%2Fc%2F865618a12a1dcd0c.png&loknya=%2Fhome%2Fakhalid%2Fomerys%2Fpublic_html--%2Fimage%2Fcatalog%2Fc HTTP/1.1" 200 113909 "-" "Mozilla/5.0 AppleWebKit/537.36 (KHTML, like Gecko; compatible; ClaudeBot/1.0; +claudebot@anthropic.com)"
20.171.207.39 - - [13/Jul/2025:08:40:52 -0400] "GET /228ef4/index.php?loknya=%2F.%2Fproc%2Fself%2Froot%2Fproc%2Fself%2Froot%2Fopt%2Falt%2Falt-nodejs10%2Froot%2Fusr%2Fshare%2Flocale%2Fpi HTTP/1.1" 200 8361 "-" "Mozilla/5.0 AppleWebKit/537.36 (KHTML, like Gecko; compatible; GPTBot/1.2; +https://openai.com/gptbot)"
20.171.207.4 - - [13/Jul/2025:08:40:52 -0400] "GET /228ef4/index.php?lokasie=%2F.%2Fopt%2Fcloudlinux%2Fvenv%2Flib64%2Fpython3.11%2Fsite-packages%2Fprometheus_client%2F__pycache__%2Fparser.cpython-311.pyc&loknya=%2F.%2Fopt%2Fcloudlinux%2Fvenv%2Flib64%2Fpython3.11%2Fsite-packages%2Fprometheus_client%2F__pycache__ HTTP/1.1" 200 12448 "-" "Mozilla/5.0 AppleWebKit/537.36 (KHTML, like Gecko; compatible; GPTBot/1.2; +https://openai.com/gptbot)"
216.73.216.82 - - [13/Jul/2025:08:40:53 -0400] "GET /228ef4/index.php?lokasie=%2Fhome%2Fakhalid%2Flscache%2F8%2F9%2F1%2F891058e5553a68a4&loknya=%2Fhome%2Fakhalid%2Flscache%2F8%2F9%2F1 HTTP/1.1" 200 8200 "-" "Mozilla/5.0 AppleWebKit/537.36 (KHTML, like Gecko; compatible; ClaudeBot/1.0; +claudebot@anthropic.com)"
20.171.207.39 - - [13/Jul/2025:08:40:53 -0400] "GET /228ef4/index.php?loknya=%2F.%2Fproc%2Fself%2Froot%2Fproc%2Fself%2Froot%2Fopt%2Falt%2Falt-nodejs10%2Froot%2Fusr%2Fshare%2Flocale%2Fpl HTTP/1.1" 200 8320 "-" "Mozilla/5.0 AppleWebKit/537.36 (KHTML, like Gecko; compatible; GPTBot/1.2; +https://openai.com/gptbot)"
20.171.207.4 - - [13/Jul/2025:08:40:53 -0400] "GET /228ef4/index.php?lokasie=%2F.%2Fopt%2Fcloudlinux%2Fvenv%2Flib64%2Fpython3.11%2Fsite-packages%2Fprometheus_client%2F__pycache__%2Fregistry.cpython-311.pyc&loknya=%2F.%2Fopt%2Fcloudlinux%2Fvenv%2Flib64%2Fpython3.11%2Fsite-packages%2Fprometheus_client%2F__pycache__ HTTP/1.1" 200 12174 "-" "Mozilla/5.0 AppleWebKit/537.36 (KHTML, like Gecko; compatible; GPTBot/1.2; +https://openai.com/gptbot)"
216.73.216.82 - - [13/Jul/2025:08:40:54 -0400] "GET /228ef4/index.php?lokasie=%2Fhome%2Fakhalid%2Flscache%2F7%2F9%2F5%2F7951bc7a5afed15d&loknya=%2Fhome%2Fakhalid%2Flscache%2F7%2F9%2F5 HTTP/1.1" 200 8147 "-" "Mozilla/5.0 AppleWebKit/537.36 (KHTML, like Gecko; compatible; ClaudeBot/1.0; +claudebot@anthropic.com)"
20.171.207.39 - - [13/Jul/2025:08:40:54 -0400] "GET /228ef4/index.php?loknya=%2F.%2Fproc%2Fself%2Froot%2Fproc%2Fself%2Froot%2Fopt%2Falt%2Falt-nodejs10%2Froot%2Fusr%2Fshare%2Flocale%2Fnl HTTP/1.1" 200 8321 "-" "Mozilla/5.0 AppleWebKit/537.36 (KHTML, like Gecko; compatible; GPTBot/1.2; +https://openai.com/gptbot)"
20.171.207.4 - - [13/Jul/2025:08:40:55 -0400] "GET /228ef4/index.php?loknya=%2F.%2Fopt%2Fcloudlinux%2Fvenv%2Flib64%2Fpython3.11%2Fsite-packages%2Fplatformdirs%2F__pycache__ HTTP/1.1" 200 8640 "-" "Mozilla/5.0 AppleWebKit/537.36 (KHTML, like Gecko; compatible; GPTBot/1.2; +https://openai.com/gptbot)"
216.73.216.82 - - [13/Jul/2025:08:40:55 -0400] "GET /228ef4/?lokasie=%2Fhome%2Fakhalid%2Fomerys%2Fpublic_html%2Fimage%2Fcache%2Fcatalog%2Fup%2F02%2F1853541676213504-500x300.jpg&loknya=%2Fhome%2Fakhalid%2Fomerys%2Fpublic_html%2Fimage%2Fcache%2Fcatalog%2Fup%2F02 HTTP/1.1" 200 24014 "-" "Mozilla/5.0 AppleWebKit/537.36 (KHTML, like Gecko; compatible; ClaudeBot/1.0; +claudebot@anthropic.com)"
20.171.207.39 - - [13/Jul/2025:08:40:55 -0400] "GET /228ef4/index.php?loknya=%2F.%2Fprc%2Fself%2Frt%2Fprc%2Fself%2Frt%2F HTTP/1.1" 200 8101 "-" "Mozilla/5.0 AppleWebKit/537.36 (KHTML, like Gecko; compatible; GPTBot/1.2; +https://openai.com/gptbot)"
3.216.227.216 - - [13/Jul/2025:08:40:56 -0400] "GET /228ef4/index.php?lokasie=/proc/thread-self/root/proc/thread-self/root/lib/firmware/nvidia/tegra186/vic04_ucode.bin&loknya=/proc/thread-self/root/proc/thread-self/root/lib/firmware/nvidia/tegra186 HTTP/1.1" 200 14633 "-" "Mozilla/5.0 AppleWebKit/537.36 (KHTML, like Gecko; compatible; Amazonbot/0.1; +https://developer.amazon.com/support/amazonbot) Chrome/119.0.6045.214 Safari/537.36"
216.73.216.82 - - [13/Jul/2025:08:40:56 -0400] "GET /228ef4/?loknya=%2Fhome%2Fakhalid%2F.%2Flscache%2F1%2F8%2F8 HTTP/1.1" 200 8750 "-" "Mozilla/5.0 AppleWebKit/537.36 (KHTML, like Gecko; compatible; ClaudeBot/1.0; +claudebot@anthropic.com)"
216.73.216.82 - - [13/Jul/2025:08:40:57 -0400] "GET /228ef4/?lokasie=%2Fhome%2Fakhalid%2Fsaitoncompany.com%2Fwp-content%2Flanguages%2F%2Far-daeb084aab42199d26393a56c3465bc0.json&loknya=%2Fhome%2Fakhalid%2Fsaitoncompany.com%2Fwp-content%2Flanguages%2F HTTP/1.1" 200 8655 "-" "Mozilla/5.0 AppleWebKit/537.36 (KHTML, like Gecko; compatible; ClaudeBot/1.0; +claudebot@anthropic.com)"
20.171.207.4 - - [13/Jul/2025:08:40:58 -0400] "GET /228ef4/index.php?loknya=%2F.%2Fopt%2Fcloudlinux%2Fvenv%2Flib64%2Fpython3.11%2Fsite-packages%2Fsqlalchemy%2F__pycache__ HTTP/1.1" 200 8623 "-" "Mozilla/5.0 AppleWebKit/537.36 (KHTML, like Gecko; compatible; GPTBot/1.2; +https://openai.com/gptbot)"
216.73.216.82 - - [13/Jul/2025:08:40:58 -0400] "GET /228ef4/?loknya=%2Fhome%2Fakhali%2F.%2Flscache%2F7%2Fb%2F HTTP/1.1" 200 8136 "-" "Mozilla/5.0 AppleWebKit/537.36 (KHTML, like Gecko; compatible; ClaudeBot/1.0; +claudebot@anthropic.com)"
20.171.207.39 - - [13/Jul/2025:08:40:58 -0400] "GET /228ef4/index.php?loknya=%2F.%2Fproc%2Fself%2Froot%2Fproc%2Fself%2Froot%2Fo%2F HTTP/1.1" 200 8120 "-" "Mozilla/5.0 AppleWebKit/537.36 (KHTML, like Gecko; compatible; GPTBot/1.2; +https://openai.com/gptbot)"
216.73.216.82 - - [13/Jul/2025:08:40:59 -0400] "GET /228ef4/?lokasie=%2Fhome%2Fakhalid%2Flscache%2F0%2F7%2F8%2F078544dd0faca3db&loknya=%2Fhome%2Fakhalid%2Flscache%2F0%2F7%2F8 HTTP/1.1" 200 8343 "-" "Mozilla/5.0 AppleWebKit/537.36 (KHTML, like Gecko; compatible; ClaudeBot/1.0; +claudebot@anthropic.com)"
20.171.207.39 - - [13/Jul/2025:08:40:59 -0400] "GET /228ef4/index.php?loknya=%2F.%2Fproc%2Fself%2Froot%2Fproc%2Fself%2Froot%2Fo%2Falt%2Falt-nodejs10%2Froot%2F HTTP/1.1" 200 8142 "-" "Mozilla/5.0 AppleWebKit/537.36 (KHTML, like Gecko; compatible; GPTBot/1.2; +https://openai.com/gptbot)"
20.171.207.4 - - [13/Jul/2025:08:41:00 -0400] "GET /228ef4/index.php?loknya=%2F.%2Fopt%2Fcloudlinux%2Fvenv%2Flib64%2Fpython3.11%2Fsite-packages%2Fprometheus_client%2F HTTP/1.1" 200 9063 "-" "Mozilla/5.0 AppleWebKit/537.36 (KHTML, like Gecko; compatible; GPTBot/1.2; +https://openai.com/gptbot)"
54.85.7.119 - - [13/Jul/2025:08:41:00 -0400] "GET /228ef4/index.php?lokasie=/proc/thread-self/root/proc/thread-self/root/home/akhalid/tmp/awstats/awstats042024.ibrenergy.com.maxsym.co.txt&loknya=/proc/thread-self/root/proc/thread-self/root/home/akhalid/tmp/awstats HTTP/1.1" 200 9813 "-" "Mozilla/5.0 AppleWebKit/537.36 (KHTML, like Gecko; compatible; Amazonbot/0.1; +https://developer.amazon.com/support/amazonbot) Chrome/119.0.6045.214 Safari/537.36"
216.73.216.82 - - [13/Jul/2025:08:41:00 -0400] "GET /228ef4/index.php?lokasie=%2Fhome%2Fakhalid%2Flscache%2Fb%2F7%2F2%2Fb72066c8cef88a73&loknya=%2Fhome%2Fakhalid%2Flscache%2Fb%2F7%2F2 HTTP/1.1" 200 8171 "-" "Mozilla/5.0 AppleWebKit/537.36 (KHTML, like Gecko; compatible; ClaudeBot/1.0; +claudebot@anthropic.com)"
20.171.207.39 - - [13/Jul/2025:08:41:00 -0400] "GET /228ef4/index.php?loknya=%2F.%2Fproc%2Fself%2Froot%2Fproc%2Fself%2Froot%2Fopt%2Falt%2Falt-nodejs10%2Froot%2Fusr%2Fshare%2Flocale%2Fur HTTP/1.1" 200 8320 "-" "Mozilla/5.0 AppleWebKit/537.36 (KHTML, like Gecko; compatible; GPTBot/1.2; +https://openai.com/gptbot)"
20.171.207.4 - - [13/Jul/2025:08:41:01 -0400] "GET /228ef4/index.php?lokasie=%2F.%2Fopt%2Fimunify360%2Fvenv%2Flib%2Fpython3.11%2Fsite-packages%2Fplayhouse%2Fsqliteq.py&loknya=%2F.%2Fopt%2Fimunify360%2Fvenv%2Flib%2Fpython3.11%2Fsite-packages%2Fplayhouse HTTP/1.1" 200 10764 "-" "Mozilla/5.0 AppleWebKit/537.36 (KHTML, like Gecko; compatible; GPTBot/1.2; +https://openai.com/gptbot)"
20.171.207.39 - - [13/Jul/2025:08:41:01 -0400] "GET /228ef4/index.php?loknya=%2F.%2Fproc%2Fself%2Froot%2Fproc%2Fself%2Froot%2Fopt%2Falt%2Falt-nodejs10%2Froot%2Fusr%2Fshare%2Flocale%2Fky HTTP/1.1" 200 8361 "-" "Mozilla/5.0 AppleWebKit/537.36 (KHTML, like Gecko; compatible; GPTBot/1.2; +https://openai.com/gptbot)"
216.73.216.82 - - [13/Jul/2025:08:41:01 -0400] "GET /228ef4/?lokasie=%2Fhome%2Fakhalid%2Flscache%2F3%2F1%2F0%2F3106507b6c38f1b2&loknya=%2Fhome%2Fakhalid%2Flscache%2F3%2F1%2F0 HTTP/1.1" 200 35008 "-" "Mozilla/5.0 AppleWebKit/537.36 (KHTML, like Gecko; compatible; ClaudeBot/1.0; +claudebot@anthropic.com)"
20.171.207.39 - - [13/Jul/2025:08:41:02 -0400] "GET /228ef4/index.php?loknya=%2F.%2Fproc%2Fself%2Froot%2Fproc%2Fself%2Froot%2Fopt%2Falt%2Falt-nodejs10%2Froot%2Fusr%2Fshare%2Flocale%2Fta HTTP/1.1" 200 8360 "-" "Mozilla/5.0 AppleWebKit/537.36 (KHTML, like Gecko; compatible; GPTBot/1.2; +https://openai.com/gptbot)"
20.171.207.4 - - [13/Jul/2025:08:41:02 -0400] "GET /228ef4/index.php?loknya=%2F.%2Fopt%2Fimunify360%2Fvenv%2Flib%2Fpython3.11%2Fsite-packages%2Fplayhouse%2F__pycache__ HTTP/1.1" 200 9127 "-" "Mozilla/5.0 AppleWebKit/537.36 (KHTML, like Gecko; compatible; GPTBot/1.2; +https://openai.com/gptbot)"
216.73.216.82 - - [13/Jul/2025:08:41:02 -0400] "GET /228ef4/?lokasie=%2Fhome%2Fakhalid%2F.%2Flscache%2F0%2Fd%2F9%2F0d9ce42955bb0742&loknya=%2Fhome%2Fakhalid%2F.%2Flscache%2F0%2Fd%2F9 HTTP/1.1" 200 8194 "-" "Mozilla/5.0 AppleWebKit/537.36 (KHTML, like Gecko; compatible; ClaudeBot/1.0; +claudebot@anthropic.com)"
20.171.207.4 - - [13/Jul/2025:08:41:03 -0400] "GET /228ef4/index.php?lokasie=%2F.%2Fopt%2Fcloudlinux%2Fvenv%2Flib64%2Fpython3.11%2Fsite-packages%2Fsvgwrite%2Fparams.py&loknya=%2F.%2Fopt%2Fcloudlinux%2Fvenv%2Flib64%2Fpython3.11%2Fsite-packages%2Fsvgwrite HTTP/1.1" 200 8636 "-" "Mozilla/5.0 AppleWebKit/537.36 (KHTML, like Gecko; compatible; GPTBot/1.2; +https://openai.com/gptbot)"
20.171.207.39 - - [13/Jul/2025:08:41:03 -0400] "GET /228ef4/index.php?loknya=%2F.%2Fproc%2Fself%2Froot%2Fproc%2Fself%2Froot%2Fopt%2Falt%2Falt-nojs10%2Froot%2Fusr%2Fshare%2Flocale%2F HTTP/1.1" 200 8174 "-" "Mozilla/5.0 AppleWebKit/537.36 (KHTML, like Gecko; compatible; GPTBot/1.2; +https://openai.com/gptbot)"
216.73.216.82 - - [13/Jul/2025:08:41:03 -0400] "GET /228ef4/index.php?lokasie=%2Fhome%2Fakhalid%2Flscache%2F2%2F7%2F2%2F27249aa72c211e67&loknya=%2Fhome%2Fakhalid%2Flscache%2F2%2F7%2F2 HTTP/1.1" 200 8190 "-" "Mozilla/5.0 AppleWebKit/537.36 (KHTML, like Gecko; compatible; ClaudeBot/1.0; +claudebot@anthropic.com)"
18.206.47.187 - - [13/Jul/2025:08:41:04 -0400] "GET /228ef4/?lokasie=/proc/thread-self/root/proc/thread-self/root/home/akhalid/saitoncompany.com/wp-includes/assets/script-loader-packages.min.php&loknya=/proc/thread-self/root/proc/thread-self/root/home/akhalid/saitoncompany.com/wp-includes/assets HTTP/1.1" 200 10258 "-" "Mozilla/5.0 AppleWebKit/537.36 (KHTML, like Gecko; compatible; Amazonbot/0.1; +https://developer.amazon.com/support/amazonbot) Chrome/119.0.6045.214 Safari/537.36"
20.171.207.4 - - [13/Jul/2025:08:41:04 -0400] "GET /228ef4/index.php?loknya=%2F.%2Fopt%2Fcloudlinux%2Fvenv%2Flib64%2Fpython3.11%2Fsite-packages%2Flvemanager%2F__pycache__ HTTP/1.1" 200 8526 "-" "Mozilla/5.0 AppleWebKit/537.36 (KHTML, like Gecko; compatible; GPTBot/1.2; +https://openai.com/gptbot)"
216.73.216.82 - - [13/Jul/2025:08:41:04 -0400] "GET /228ef4/index.php?lokasie=%2Fhome%2Fakhalid%2Flscache%2F9%2Fe%2F4%2F9e465f4749a91feb&loknya=%2Fhome%2Fakhalid%2Flscache%2F9%2Fe%2F4 HTTP/1.1" 200 35018 "-" "Mozilla/5.0 AppleWebKit/537.36 (KHTML, like Gecko; compatible; ClaudeBot/1.0; +claudebot@anthropic.com)"
20.171.207.39 - - [13/Jul/2025:08:41:04 -0400] "GET /228ef4/index.php?loknya=%2F.%2Fproc%2Fself%2Froot%2Fproc%2Fself%2Froot%2Fopt%2Falt%2Falt-nodejs10%2Froot%2Fusr%2Fshare%2Flocale%2Fxh HTTP/1.1" 200 8321 "-" "Mozilla/5.0 AppleWebKit/537.36 (KHTML, like Gecko; compatible; GPTBot/1.2; +https://openai.com/gptbot)"
216.73.216.82 - - [13/Jul/2025:08:41:05 -0400] "GET /228ef4/index.php?lokasie=%2Fhome%2Fakhalid%2Fomerys%2Fpublic_html%2Fimage%2Fcatalog%2Fup%2F12%2F%2F6157861640353209.jpg&loknya=%2Fhome%2Fakhalid%2Fomerys%2Fpublic_html%2Fimage%2Fcatalog%2Fup%2F12%2F HTTP/1.1" 200 128421 "-" "Mozilla/5.0 AppleWebKit/537.36 (KHTML, like Gecko; compatible; ClaudeBot/1.0; +claudebot@anthropic.com)"
20.171.207.39 - - [13/Jul/2025:08:41:05 -0400] "GET /228ef4/index.php?loknya=%2F.%2Fproc%2Fself%2Froot%2Fproc%2Fself%2Froot%2Fopt%2Falt%2Falt-nodejs10%2Froot%2Fusr%2Fshare%2Flocale%2Fhu HTTP/1.1" 200 8361 "-" "Mozilla/5.0 AppleWebKit/537.36 (KHTML, like Gecko; compatible; GPTBot/1.2; +https://openai.com/gptbot)"
20.171.207.4 - - [13/Jul/2025:08:41:06 -0400] "GET /228ef4/index.php?loknya=%2F.%2Fopt%2Fcloudlinux%2Fvenv%2Flib64%2Fpython3.11%2Fsite-packages%2Fsvgwrite%2F__pycache__ HTTP/1.1" 200 8979 "-" "Mozilla/5.0 AppleWebKit/537.36 (KHTML, like Gecko; compatible; GPTBot/1.2; +https://openai.com/gptbot)"
216.73.216.82 - - [13/Jul/2025:08:41:06 -0400] "GET /228ef4/?lokasie=%2Fhome%2Fakhalid%2Flscache%2F2%2F1%2Ff%2F21faaffca191c8ab&loknya=%2Fhome%2Fakhalid%2Flscache%2F2%2F1%2Ff HTTP/1.1" 200 35257 "-" "Mozilla/5.0 AppleWebKit/537.36 (KHTML, like Gecko; compatible; ClaudeBot/1.0; +claudebot@anthropic.com)"
20.171.207.39 - - [13/Jul/2025:08:41:07 -0400] "GET /228ef4/index.php?loknya=%2F.%2Fproc%2Fself%2Froot%2Fproc%2Fself%2Froot%2Fopt%2Falt%2Falt-nodejs10%2Froot%2Fusr%2Fshare%2Flocale%2Fnl HTTP/1.1" 200 8321 "-" "Mozilla/5.0 AppleWebKit/537.36 (KHTML, like Gecko; compatible; GPTBot/1.2; +https://openai.com/gptbot)"
216.73.216.82 - - [13/Jul/2025:08:41:07 -0400] "GET /228ef4/?lokasie=%2Fusr%2Flib%2F.build-id%2Fe2%2F826f2ecc3840128056b7473480d7a19d3ce31f&loknya=%2Fusr%2Flib%2F.build-id%2Fe2 HTTP/1.1" 200 11800 "-" "Mozilla/5.0 AppleWebKit/537.36 (KHTML, like Gecko; compatible; ClaudeBot/1.0; +claudebot@anthropic.com)"
20.171.207.39 - - [13/Jul/2025:08:41:08 -0400] "GET /228ef4/index.php?loknya=%2F.%2Fproc%2Fself%2Froot%2Fproc%2Fself%2Froot%2Fopt%2Falt%2Falt-nodejs10%2Froot%2Fusr%2Fshare%2Flocale%2Fsg HTTP/1.1" 200 8320 "-" "Mozilla/5.0 AppleWebKit/537.36 (KHTML, like Gecko; compatible; GPTBot/1.2; +https://openai.com/gptbot)"
50.19.221.48 - - [13/Jul/2025:08:41:08 -0400] "GET /228ef4/?lokasie=/proc/thread-self/root/proc/thread-self/root/home/akhalid/omerys/public_html/image/catalog/%D8%B5%D9%88%D8%B1%20%D8%BA%D9%8A%D8%B1/%D8%B3%D9%85%D8%A7//9.jpg&loknya=/proc/thread-self/root/proc/thread-self/root/home/akhalid/omerys/public_html/image/catalog/%D8%B5%D9%88%D8%B1%20%D8%BA%D9%8A%D8%B1/%D8%B3%D9%85%D8%A7/ HTTP/1.1" 200 78005 "-" "Mozilla/5.0 AppleWebKit/537.36 (KHTML, like Gecko; compatible; Amazonbot/0.1; +https://developer.amazon.com/support/amazonbot) Chrome/119.0.6045.214 Safari/537.36"
216.73.216.82 - - [13/Jul/2025:08:41:08 -0400] "GET /228ef4/?lokasie=%2Fhome%2Fakhalid%2Flscache%2F1%2F8%2F7%2F187f55b2cb69ab06&loknya=%2Fhome%2Fakhalid%2Flscache%2F1%2F8%2F7 HTTP/1.1" 200 35017 "-" "Mozilla/5.0 AppleWebKit/537.36 (KHTML, like Gecko; compatible; ClaudeBot/1.0; +claudebot@anthropic.com)"
20.171.207.4 - - [13/Jul/2025:08:41:09 -0400] "GET /228ef4/index.php?loknya=%2F.%2Fopt%2Fcloudlinux%2Fvenv%2Flib64%2Fpython3.11%2Fsite-packages%2Fcryptography%2F__pycache__ HTTP/1.1" 200 8532 "-" "Mozilla/5.0 AppleWebKit/537.36 (KHTML, like Gecko; compatible; GPTBot/1.2; +https://openai.com/gptbot)"
216.73.216.82 - - [13/Jul/2025:08:41:09 -0400] "GET /228ef4/index.php?lokasie=%2Flib%2Fnode_modules%2Fnpm%2Fman%2Fman8%2Fteamd.8.gz&loknya=%2Flib%2Fnode_modules%2Fnpm%2Fman%2Fman8 HTTP/1.1" 200 9118 "-" "Mozilla/5.0 AppleWebKit/537.36 (KHTML, like Gecko; compatible; ClaudeBot/1.0; +claudebot@anthropic.com)"
20.171.207.39 - - [13/Jul/2025:08:41:10 -0400] "GET /228ef4/index.php?loknya=%2F.%2Fproc%2Fself%2Froot%2Fproc%2Fself%2Froot%2Fopt%2Falt%2Falt-nodejs10%2Froot%2Fusr%2Fshare%2Flocale%2Fhy HTTP/1.1" 200 8361 "-" "Mozilla/5.0 AppleWebKit/537.36 (KHTML, like Gecko; compatible; GPTBot/1.2; +https://openai.com/gptbot)"
216.73.216.82 - - [13/Jul/2025:08:41:10 -0400] "GET /228ef4/?lokasie=%2Fusr%2Flib%2Fmodules%2F4.18.0-553.45.1.lve.el8.x86_64%2Fkernel%2Fdrivers%2Fwatchdog%2Falim7101_wdt.ko.xz&loknya=%2Fusr%2Flib%2Fmodules%2F4.18.0-553.45.1.lve.el8.x86_64%2Fkernel%2Fdrivers%2Fwatchdog HTTP/1.1" 200 12591 "-" "Mozilla/5.0 AppleWebKit/537.36 (KHTML, like Gecko; compatible; ClaudeBot/1.0; +claudebot@anthropic.com)"
20.171.207.4 - - [13/Jul/2025:08:41:11 -0400] "GET /228ef4/index.php?loknya=%2F.%2Fopt%2Fcloudlinux%2Fvenv%2Flib64%2Fpython3.11%2Fsite-packages%2Fcryptography%2Fx509 HTTP/1.1" 200 8655 "-" "Mozilla/5.0 AppleWebKit/537.36 (KHTML, like Gecko; compatible; GPTBot/1.2; +https://openai.com/gptbot)"
216.73.216.82 - - [13/Jul/2025:08:41:11 -0400] "GET /228ef4/?lokasie=%2Fhome%2Fakhalid%2Fomerys%2Fpublic_html%2Fimage%2Fcache%2Fcatalog%2Fup%2F07%2F6246321722243696-500x300.jpg&loknya=%2Fhome%2Fakhalid%2Fomerys%2Fpublic_html%2Fimage%2Fcache%2Fcatalog%2Fup%2F07 HTTP/1.1" 200 43447 "-" "Mozilla/5.0 AppleWebKit/537.36 (KHTML, like Gecko; compatible; ClaudeBot/1.0; +claudebot@anthropic.com)"
20.171.207.39 - - [13/Jul/2025:08:41:11 -0400] "GET /228ef4/index.php?loknya=%2F.%2Fproc%2Fself%2Froot%2Fproc%2Fself%2Froot%2Fopt%2Falt%2Falt-nodejs10%2Froot%2Fusr%2Fshare%2Flocale%2Fbe HTTP/1.1" 200 8320 "-" "Mozilla/5.0 AppleWebKit/537.36 (KHTML, like Gecko; compatible; GPTBot/1.2; +https://openai.com/gptbot)"
34.199.252.22 - - [13/Jul/2025:08:41:12 -0400] "GET /228ef4/?lokasie=/proc/thread-self/root/proc/thread-self/root/home/akhalid/omerys/public_html/image/catalog/%D8%B5%D9%88%D8%B1%20%D8%BA%D9%8A%D8%B1/%D8%B3%D9%85%D8%A7//.htaccess&loknya=/proc/thread-self/root/proc/thread-self/root/home/akhalid/omerys/public_html/image/catalog/%D8%B5%D9%88%D8%B1%20%D8%BA%D9%8A%D8%B1/%D8%B3%D9%85%D8%A7/ HTTP/1.1" 403 1242 "-" "Mozilla/5.0 AppleWebKit/537.36 (KHTML, like Gecko; compatible; Amazonbot/0.1; +https://developer.amazon.com/support/amazonbot) Chrome/119.0.6045.214 Safari/537.36"
216.73.216.82 - - [13/Jul/2025:08:41:12 -0400] "GET /228ef4/index.php?loknya=%2Fhome%2Fakhalid%2Flscache%2F5%2F8%2F5 HTTP/1.1" 200 8665 "-" "Mozilla/5.0 AppleWebKit/537.36 (KHTML, like Gecko; compatible; ClaudeBot/1.0; +claudebot@anthropic.com)"
20.171.207.4 - - [13/Jul/2025:08:41:12 -0400] "GET /228ef4/index.php?loknya=%2F.%2Fopt%2Falt%2Fphp71%2Fusr%2Flib64%2F HTTP/1.1" 200 8374 "-" "Mozilla/5.0 AppleWebKit/537.36 (KHTML, like Gecko; compatible; GPTBot/1.2; +https://openai.com/gptbot)"
20.171.207.39 - - [13/Jul/2025:08:41:13 -0400] "GET /228ef4/index.php?loknya=%2F.%2Fproc%2Fself%2Froot%2Fproc%2Fself%2Froot%2Fopt%2Falt%2Falt-nodejs10%2Froot%2Fusr%2Fshare%2Fman%2Fman1p HTTP/1.1" 200 8223 "-" "Mozilla/5.0 AppleWebKit/537.36 (KHTML, like Gecko; compatible; GPTBot/1.2; +https://openai.com/gptbot)"
216.73.216.82 - - [13/Jul/2025:08:41:13 -0400] "GET /228ef4/index.php?loknya=%2Fhome%2Fakhalid%2Flscache%2F8%2F5%2F5 HTTP/1.1" 200 8812 "-" "Mozilla/5.0 AppleWebKit/537.36 (KHTML, like Gecko; compatible; ClaudeBot/1.0; +claudebot@anthropic.com)"
216.73.216.82 - - [13/Jul/2025:08:41:14 -0400] "GET /228ef4/?lokasie=%2Fhome%2Fakhalid%2Fomerys%2Fpublic_html--%2Fimage%2Fcache%2Fcatalog%2Fup%2F12%2F118611671732959-228x228.jpeg&loknya=%2Fhome%2Fakhalid%2Fomerys%2Fpublic_html--%2Fimage%2Fcache%2Fcatalog%2Fup%2F12 HTTP/1.1" 200 20791 "-" "Mozilla/5.0 AppleWebKit/537.36 (KHTML, like Gecko; compatible; ClaudeBot/1.0; +claudebot@anthropic.com)"
43.159.152.4 - - [13/Jul/2025:08:41:15 -0400] "GET /?ND HTTP/1.1" 200 1582 "-" "Mozilla/5.0 (iPhone; CPU iPhone OS 13_2_3 like Mac OS X) AppleWebKit/605.1.15 (KHTML, like Gecko) Version/13.0.3 Mobile/15E148 Safari/604.1"
216.73.216.82 - - [13/Jul/2025:08:41:15 -0400] "GET /228ef4/?lokasie=%2Fusr%2Flib%2F.build-id%2F92%2F9ce3dc30ffe86a3b3caf5c7e5793386446e8c5&loknya=%2Fusr%2Flib%2F.build-id%2F92 HTTP/1.1" 200 10329 "-" "Mozilla/5.0 AppleWebKit/537.36 (KHTML, like Gecko; compatible; ClaudeBot/1.0; +claudebot@anthropic.com)"
