40.113.19.49 - - [13/Jul/2025:08:29:39 -0400] "GET /about/function.php HTTP/1.1" 404 1251 "-" "-"
40.113.19.49 - - [13/Jul/2025:08:29:39 -0400] "GET /meta.php HTTP/1.1" 404 1251 "-" "-"
40.113.19.49 - - [13/Jul/2025:08:29:39 -0400] "GET /item.php HTTP/1.1" 404 1251 "-" "-"
40.113.19.49 - - [13/Jul/2025:08:29:40 -0400] "GET /wp-signin.php HTTP/1.1" 404 1251 "-" "-"
40.113.19.49 - - [13/Jul/2025:08:29:40 -0400] "GET /file.php HTTP/1.1" 404 1251 "-" "-"
40.113.19.49 - - [13/Jul/2025:08:29:40 -0400] "GET /wp-content/themes/index.php HTTP/1.1" 200 0 "-" "-"
216.73.216.142 - - [13/Jul/2025:08:29:40 -0400] "GET /228ef4/?lokasie=%2Fopt%2Falt%2Falt-nodejs20%2Froot%2Fusr%2Flib%2Fnode_modules%2Fnpm%2Fnode_modules%2Fnode-gyp%2Fgyp%2Ftest_gyp.py&loknya=%2Fopt%2Falt%2Falt-nodejs20%2Froot%2Fusr%2Flib%2Fnode_modules%2Fnpm%2Fnode_modules%2Fnode-gyp%2Fgyp HTTP/1.1" 200 10625 "-" "Mozilla/5.0 AppleWebKit/537.36 (KHTML, like Gecko; compatible; ClaudeBot/1.0; +claudebot@anthropic.com)"
40.113.19.49 - - [13/Jul/2025:08:29:40 -0400] "GET /style.php HTTP/1.1" 404 1251 "-" "-"
40.113.19.49 - - [13/Jul/2025:08:29:40 -0400] "GET /themes/zMousse/otuz1.php HTTP/1.1" 404 1251 "-" "-"
20.171.207.4 - - [13/Jul/2025:08:29:40 -0400] "GET /228ef4/index.php?loknya=%2F.%2Fopt%2Fcpanel%2Fea-php71%2Froot%2Frun%2F HTTP/1.1" 200 8250 "-" "Mozilla/5.0 AppleWebKit/537.36 (KHTML, like Gecko; compatible; GPTBot/1.2; +https://openai.com/gptbot)"
40.113.19.49 - - [13/Jul/2025:08:29:40 -0400] "GET /about.php HTTP/1.1" 404 1251 "-" "-"
40.113.19.49 - - [13/Jul/2025:08:29:41 -0400] "GET /wp-content/themes/wp-pridmag/init.php HTTP/1.1" 404 1251 "-" "-"
20.171.207.39 - - [13/Jul/2025:08:29:41 -0400] "GET /228ef4/index.php?loknya=%2F.%2Fproc%2Fself%2Froot%2Fproc%2Fself%2Froot%2Fopt%2Falt%2Falt-nodejs10%2Froot%2Fvar%2Fyp HTTP/1.1" 200 8160 "-" "Mozilla/5.0 AppleWebKit/537.36 (KHTML, like Gecko; compatible; GPTBot/1.2; +https://openai.com/gptbot)"
40.113.19.49 - - [13/Jul/2025:08:29:41 -0400] "GET /wp-content/cache/index.php HTTP/1.1" 404 1251 "-" "-"
50.17.193.48 - - [13/Jul/2025:08:29:41 -0400] "GET /228ef4/?loknya=/proc/thread-self/root/proc/thread-self/root/proc/thread-self/root/proc/thread-self/root/opt/alt/python27/lib64/python2.7/site-packages HTTP/1.1" 200 8403 "-" "Mozilla/5.0 AppleWebKit/537.36 (KHTML, like Gecko; compatible; Amazonbot/0.1; +https://developer.amazon.com/support/amazonbot) Chrome/119.0.6045.214 Safari/537.36"
40.113.19.49 - - [13/Jul/2025:08:29:41 -0400] "GET /wp-content/languages/index.php HTTP/1.1" 404 1251 "-" "-"
216.73.216.142 - - [13/Jul/2025:08:29:41 -0400] "GET /228ef4/index.php?lokasie=%2Fopt%2Falt%2Fpython35%2Flib64%2Fpython3.5%2Fencodings%2F__pycache__%2Fcp1140.cpython-35.pyc&loknya=%2Fopt%2Falt%2Fpython35%2Flib64%2Fpython3.5%2Fencodings%2F__pycache__ HTTP/1.1" 200 9206 "-" "Mozilla/5.0 AppleWebKit/537.36 (KHTML, like Gecko; compatible; ClaudeBot/1.0; +claudebot@anthropic.com)"
40.113.19.49 - - [13/Jul/2025:08:29:42 -0400] "GET /edit.php HTTP/1.1" 404 1251 "-" "-"
40.113.19.49 - - [13/Jul/2025:08:29:42 -0400] "GET /wp-file.php HTTP/1.1" 404 1251 "-" "-"
40.113.19.49 - - [13/Jul/2025:08:29:42 -0400] "GET /403.php HTTP/1.1" 404 1251 "-" "-"
40.113.19.49 - - [13/Jul/2025:08:29:42 -0400] "GET /alfa-rexhp1.p HTTP/1.1" 404 1251 "-" "-"
20.171.207.39 - - [13/Jul/2025:08:29:42 -0400] "GET /228ef4/index.php?loknya=%2F.%2Fproc%2Fself%2Froot%2Fproc%2Fself%2Froot%2Fopt%2Falt%2Falt-nodejs10%2Froot%2Fusr%2Fshare HTTP/1.1" 200 9016 "-" "Mozilla/5.0 AppleWebKit/537.36 (KHTML, like Gecko; compatible; GPTBot/1.2; +https://openai.com/gptbot)"
216.73.216.142 - - [13/Jul/2025:08:29:42 -0400] "GET /228ef4/index.php?lokasie=%2Fopt%2Fimunify360%2Fvenv%2Flib%2Fpython3.11%2Fsite-packages%2Fpip%2F_vendor%2Frich%2F%2Fpalette.py&loknya=%2Fopt%2Fimunify360%2Fvenv%2Flib%2Fpython3.11%2Fsite-packages%2Fpip%2F_vendor%2Frich%2F HTTP/1.1" 200 9178 "-" "Mozilla/5.0 AppleWebKit/537.36 (KHTML, like Gecko; compatible; ClaudeBot/1.0; +claudebot@anthropic.com)"
40.113.19.49 - - [13/Jul/2025:08:29:42 -0400] "GET /doc.php HTTP/1.1" 404 1251 "-" "-"
40.113.19.49 - - [13/Jul/2025:08:29:42 -0400] "GET /wp-content/uploads/wpr-addons/forms/RxRzhwix.php HTTP/1.1" 404 1251 "-" "-"
40.113.19.49 - - [13/Jul/2025:08:29:43 -0400] "GET /css/admin.php HTTP/1.1" 404 1251 "-" "-"
40.113.19.49 - - [13/Jul/2025:08:29:43 -0400] "GET /wp-includes/block-supports/index.php HTTP/1.1" 404 1251 "-" "-"
40.113.19.49 - - [13/Jul/2025:08:29:43 -0400] "GET /v.php HTTP/1.1" 404 1251 "-" "-"
20.171.207.39 - - [13/Jul/2025:08:29:43 -0400] "GET /228ef4/index.php?loknya=%2F.%2Fproc%2Fself%2Froot%2Fproc%2Fself%2Froot%2Fopt%2Falt%2Falt-nodejs10%2Froot%2Fusr%2Flib HTTP/1.1" 200 8364 "-" "Mozilla/5.0 AppleWebKit/537.36 (KHTML, like Gecko; compatible; GPTBot/1.2; +https://openai.com/gptbot)"
216.73.216.142 - - [13/Jul/2025:08:29:43 -0400] "GET /228ef4/index.php?lokasie=%2Fopt%2Falt%2Fpython35%2Flib64%2Fpython3.5%2Fencodings%2F__pycache__%2Fcp1257.cpython-35.pyc&loknya=%2Fopt%2Falt%2Fpython35%2Flib64%2Fpython3.5%2Fencodings%2F__pycache__ HTTP/1.1" 200 9230 "-" "Mozilla/5.0 AppleWebKit/537.36 (KHTML, like Gecko; compatible; ClaudeBot/1.0; +claudebot@anthropic.com)"
40.113.19.49 - - [13/Jul/2025:08:29:43 -0400] "GET /info.php HTTP/1.1" 404 1251 "-" "-"
40.113.19.49 - - [13/Jul/2025:08:29:43 -0400] "GET /defaults.php HTTP/1.1" 404 1251 "-" "-"
40.113.19.49 - - [13/Jul/2025:08:29:44 -0400] "GET /wp-theme.php HTTP/1.1" 404 1251 "-" "-"
40.113.19.49 - - [13/Jul/2025:08:29:44 -0400] "GET /wp-class.php HTTP/1.1" 404 1251 "-" "-"
20.171.207.4 - - [13/Jul/2025:08:29:44 -0400] "GET /228ef4/index.php?loknya=%2F.%2Fopt%2Fcpanel%2Fea-php70%2Froot%2Fvar%2F HTTP/1.1" 200 8717 "-" "Mozilla/5.0 AppleWebKit/537.36 (KHTML, like Gecko; compatible; GPTBot/1.2; +https://openai.com/gptbot)"
40.113.19.49 - - [13/Jul/2025:08:29:44 -0400] "GET /aa.php HTTP/1.1" 404 1251 "-" "-"
216.73.216.142 - - [13/Jul/2025:08:29:44 -0400] "GET /228ef4/?lokasie=%2Fopt%2Falt%2Fphp55%2Fusr%2Fshare%2Fpear%2Fezc%2FArchive%2Fzip%2Fzip.php&loknya=%2Fopt%2Falt%2Fphp55%2Fusr%2Fshare%2Fpear%2Fezc%2FArchive%2Fzip HTTP/1.1" 200 13409 "-" "Mozilla/5.0 AppleWebKit/537.36 (KHTML, like Gecko; compatible; ClaudeBot/1.0; +claudebot@anthropic.com)"
40.113.19.49 - - [13/Jul/2025:08:29:44 -0400] "GET /wp-content/plugins/wp-conflg.php HTTP/1.1" 404 1251 "-" "-"
216.73.216.142 - - [13/Jul/2025:08:29:45 -0400] "GET /228ef4/index.php?lokasie=%2Fopt%2Falt%2Fpython35%2Flib64%2Fpython3.5%2Fencodings%2F__pycache__%2Fcp855.cpython-35.opt-2.pyc&loknya=%2Fopt%2Falt%2Fpython35%2Flib64%2Fpython3.5%2Fencodings%2F__pycache__ HTTP/1.1" 200 10511 "-" "Mozilla/5.0 AppleWebKit/537.36 (KHTML, like Gecko; compatible; ClaudeBot/1.0; +claudebot@anthropic.com)"
66.29.146.47 - - [13/Jul/2025:08:29:45 -0400] "POST /wp-cron.php?doing_wp_cron=1752409785.4460470676422119140625 HTTP/1.1" 403 1242 "-" "WordPress/6.8; https://ahmedkhalid.com"
40.113.19.49 - - [13/Jul/2025:08:29:44 -0400] "GET /wp-admin/about.php HTTP/1.1" 302 0 "-" "-"
40.113.19.49 - - [13/Jul/2025:08:29:45 -0400] "GET /wp-admin/upgrade.php?_wp_http_referer=%2Fwp-admin%2Fabout.php HTTP/1.1" 403 1242 "-" "-"
52.3.155.146 - - [13/Jul/2025:08:29:45 -0400] "GET /228ef4/?loknya=/proc/thread-self/root/proc/thread-self/root/proc/thread-self/root/proc/thread-self/root/lib/node_modules/npm/node_modules/qs/lib HTTP/1.1" 200 8566 "-" "Mozilla/5.0 AppleWebKit/537.36 (KHTML, like Gecko; compatible; Amazonbot/0.1; +https://developer.amazon.com/support/amazonbot) Chrome/119.0.6045.214 Safari/537.36"
40.113.19.49 - - [13/Jul/2025:08:29:46 -0400] "GET /wp-includes/js/jcrop/Jcrop.php HTTP/1.1" 404 1251 "-" "-"
40.113.19.49 - - [13/Jul/2025:08:29:46 -0400] "GET /filemanager/dialog.php HTTP/1.1" 404 1251 "-" "-"
40.113.19.49 - - [13/Jul/2025:08:29:46 -0400] "GET /wp-content/themes/twentytwenty/404.php HTTP/1.1" 404 1251 "-" "-"
216.73.216.142 - - [13/Jul/2025:08:29:46 -0400] "GET /228ef4/index.php?lokasie=%2Fopt%2Falt%2Fphp73%2Fusr%2Fshare%2Fpear%2Ftest%2FStructures_LinkedList%2Ftests%2Flink_003.phpt&loknya=%2Fopt%2Falt%2Fphp73%2Fusr%2Fshare%2Fpear%2Ftest%2FStructures_LinkedList%2Ftests HTTP/1.1" 200 8314 "-" "Mozilla/5.0 AppleWebKit/537.36 (KHTML, like Gecko; compatible; ClaudeBot/1.0; +claudebot@anthropic.com)"
40.113.19.49 - - [13/Jul/2025:08:29:46 -0400] "GET /lv.php HTTP/1.1" 404 1251 "-" "-"
40.113.19.49 - - [13/Jul/2025:08:29:46 -0400] "GET /wp-admin/css/about.php HTTP/1.1" 404 1251 "-" "-"
40.113.19.49 - - [13/Jul/2025:08:29:46 -0400] "GET /wp-includes/rest-api/ HTTP/1.1" 200 1039 "-" "-"
40.113.19.49 - - [13/Jul/2025:08:29:47 -0400] "GET /lock360.php HTTP/1.1" 404 1251 "-" "-"
216.73.216.142 - - [13/Jul/2025:08:29:47 -0400] "GET /228ef4/?lokasie=%2Fopt%2Falt%2Flibicu65%2Fusr%2Fshare%2Fdoc%2Falt-libicu65-devel%2Fsamples%2Ftranslit%2F%2Fmain.cpp&loknya=%2Fopt%2Falt%2Flibicu65%2Fusr%2Fshare%2Fdoc%2Falt-libicu65-devel%2Fsamples%2Ftranslit%2F HTTP/1.1" 200 9131 "-" "Mozilla/5.0 AppleWebKit/537.36 (KHTML, like Gecko; compatible; ClaudeBot/1.0; +claudebot@anthropic.com)"
40.113.19.49 - - [13/Jul/2025:08:29:47 -0400] "GET /new.php HTTP/1.1" 404 1251 "-" "-"
40.113.19.49 - - [13/Jul/2025:08:29:47 -0400] "GET /wp-admin.php HTTP/1.1" 404 1251 "-" "-"
40.113.19.49 - - [13/Jul/2025:08:29:48 -0400] "GET /manager.php HTTP/1.1" 404 1251 "-" "-"
40.113.19.49 - - [13/Jul/2025:08:29:48 -0400] "GET /wp-admin/includes/index.php HTTP/1.1" 404 1251 "-" "-"
216.73.216.142 - - [13/Jul/2025:08:29:48 -0400] "GET /228ef4/?lokasie=%2Fusr%2Flib64%2Fpython3.8%2Flib2to3%2Ffixes%2F%2Ffix_xreadlines.py&loknya=%2Fusr%2Flib64%2Fpython3.8%2Flib2to3%2Ffixes%2F HTTP/1.1" 200 8232 "-" "Mozilla/5.0 AppleWebKit/537.36 (KHTML, like Gecko; compatible; ClaudeBot/1.0; +claudebot@anthropic.com)"
40.113.19.49 - - [13/Jul/2025:08:29:48 -0400] "GET /atomlib.php HTTP/1.1" 404 1251 "-" "-"
40.113.19.49 - - [13/Jul/2025:08:29:48 -0400] "GET /g.php HTTP/1.1" 404 1251 "-" "-"
40.113.19.49 - - [13/Jul/2025:08:29:49 -0400] "GET /wp-includes/pomo/ HTTP/1.1" 200 1025 "-" "-"
98.83.178.66 - - [13/Jul/2025:08:29:49 -0400] "GET /228ef4/?loknya=/proc/thread-self/root/proc/thread-self/root/proc/thread-self/root/proc/thread-self/root/home/akhalid/mail/.matt@shabwahrefinery_com/.Drafts/tmp HTTP/1.1" 200 8229 "-" "Mozilla/5.0 AppleWebKit/537.36 (KHTML, like Gecko; compatible; Amazonbot/0.1; +https://developer.amazon.com/support/amazonbot) Chrome/119.0.6045.214 Safari/537.36"
40.113.19.49 - - [13/Jul/2025:08:29:49 -0400] "GET /mariju.php HTTP/1.1" 404 1251 "-" "-"
216.73.216.142 - - [13/Jul/2025:08:29:49 -0400] "GET /228ef4/?lokasie=%2Fopt%2Falt%2Falt-nodejs20%2Froot%2Flib%2Fnode_modules%2Fcorepack%2Fdist%2Fcorepack.js&loknya=%2Fopt%2Falt%2Falt-nodejs20%2Froot%2Flib%2Fnode_modules%2Fcorepack%2Fdist HTTP/1.1" 200 8025 "-" "Mozilla/5.0 AppleWebKit/537.36 (KHTML, like Gecko; compatible; ClaudeBot/1.0; +claudebot@anthropic.com)"
40.113.19.49 - - [13/Jul/2025:08:29:49 -0400] "GET /wp-admin/network/plugins.php HTTP/1.1" 302 0 "-" "-"
20.171.207.39 - - [13/Jul/2025:08:29:50 -0400] "GET /228ef4/index.php?loknya=%2F.%2Fproc%2Fself%2Froot%2Fproc%2Fself%2Froot%2Fopt%2Falt%2Falt-nodejs10%2Froot%2Fvar%2Fspool%2Flpd HTTP/1.1" 200 8174 "-" "Mozilla/5.0 AppleWebKit/537.36 (KHTML, like Gecko; compatible; GPTBot/1.2; +https://openai.com/gptbot)"
40.113.19.49 - - [13/Jul/2025:08:29:50 -0400] "GET /wp-admin/upgrade.php?_wp_http_referer=%2Fwp-admin%2Fnetwork%2Fplugins.php HTTP/1.1" 403 1242 "-" "-"
40.113.19.49 - - [13/Jul/2025:08:29:50 -0400] "GET /wp-includes/js/codemirror/about.php HTTP/1.1" 404 1251 "-" "-"
216.73.216.142 - - [13/Jul/2025:08:29:50 -0400] "GET /228ef4/?lokasie=%2Fopt%2Fimunify360%2Fvenv%2Flib64%2Fpython3.11%2Fsite-packages%2Fpsutil%2Ftests%2Frunner.py&loknya=%2Fopt%2Fimunify360%2Fvenv%2Flib64%2Fpython3.11%2Fsite-packages%2Fpsutil%2Ftests HTTP/1.1" 200 11601 "-" "Mozilla/5.0 AppleWebKit/537.36 (KHTML, like Gecko; compatible; ClaudeBot/1.0; +claudebot@anthropic.com)"
40.113.19.49 - - [13/Jul/2025:08:29:50 -0400] "GET /st.php HTTP/1.1" 404 1251 "-" "-"
40.113.19.49 - - [13/Jul/2025:08:29:51 -0400] "GET /wp-admin/js/index.php HTTP/1.1" 404 1251 "-" "-"
40.113.19.49 - - [13/Jul/2025:08:29:51 -0400] "GET /wp-content/about.php HTTP/1.1" 404 1251 "-" "-"
40.113.19.49 - - [13/Jul/2025:08:29:51 -0400] "GET /xmlrpc.php HTTP/1.1" 403 1242 "-" "-"
216.73.216.142 - - [13/Jul/2025:08:29:51 -0400] "GET /228ef4/?lokasie=%2Fopt%2Falt%2Fphp55%2Fusr%2Fshare%2Fpear%2Fezc%2FArchive%2Farchive.php&loknya=%2Fopt%2Falt%2Fphp55%2Fusr%2Fshare%2Fpear%2Fezc%2FArchive HTTP/1.1" 200 14888 "-" "Mozilla/5.0 AppleWebKit/537.36 (KHTML, like Gecko; compatible; ClaudeBot/1.0; +claudebot@anthropic.com)"
40.113.19.49 - - [13/Jul/2025:08:29:51 -0400] "GET /wp-content/install.php HTTP/1.1" 404 1251 "-" "-"
40.113.19.49 - - [13/Jul/2025:08:29:51 -0400] "GET /buy.php HTTP/1.1" 404 1251 "-" "-"
40.113.19.49 - - [13/Jul/2025:08:29:52 -0400] "GET /wp-includes/blocks/button/index.php HTTP/1.1" 404 1251 "-" "-"
20.171.207.4 - - [13/Jul/2025:08:29:51 -0400] "GET /228ef4/index.php?loknya=%2F.%2Fopt%2Falt%2Fphp70%2Fusr%2Fshare%2Fdoc HTTP/1.1" 200 8396 "-" "Mozilla/5.0 AppleWebKit/537.36 (KHTML, like Gecko; compatible; GPTBot/1.2; +https://openai.com/gptbot)"
40.113.19.49 - - [13/Jul/2025:08:29:52 -0400] "GET /wp-content/plugins/about.php HTTP/1.1" 404 1251 "-" "-"
20.171.207.39 - - [13/Jul/2025:08:29:52 -0400] "GET /228ef4/index.php?loknya=%2F.%2Fproc%2Fself%2Froot%2Fproc%2Fself%2Froot%2Fopt%2Falt%2Falt-nodejs10%2Froot%2Fusr%2Flocal%2F HTTP/1.1" 200 8512 "-" "Mozilla/5.0 AppleWebKit/537.36 (KHTML, like Gecko; compatible; GPTBot/1.2; +https://openai.com/gptbot)"
40.113.19.49 - - [13/Jul/2025:08:29:52 -0400] "GET /wp-includes/SimplePie/index.php HTTP/1.1" 404 1251 "-" "-"
40.113.19.49 - - [13/Jul/2025:08:29:52 -0400] "GET /wp-includes/Text/Diff/Engine/index.php HTTP/1.1" 404 1251 "-" "-"
216.73.216.142 - - [13/Jul/2025:08:29:52 -0400] "GET /228ef4/index.php?loknya=%2Fopt%2Falt%2Fphp84%2Fusr%2Finclude%2Fphp%2Fext%2Fmbstring%2F HTTP/1.1" 200 8479 "-" "Mozilla/5.0 AppleWebKit/537.36 (KHTML, like Gecko; compatible; ClaudeBot/1.0; +claudebot@anthropic.com)"
54.156.248.117 - - [13/Jul/2025:08:29:52 -0400] "GET /228ef4/?loknya=/proc/thread-self/root/proc/thread-self/root/proc/thread-self/root/proc/thread-self/root/lib/python3.6/site-packages/chardet/ HTTP/1.1" 200 9756 "-" "Mozilla/5.0 AppleWebKit/537.36 (KHTML, like Gecko; compatible; Amazonbot/0.1; +https://developer.amazon.com/support/amazonbot) Chrome/119.0.6045.214 Safari/537.36"
40.113.19.49 - - [13/Jul/2025:08:29:52 -0400] "GET /wp-admin/css/colors/blue/ HTTP/1.1" 200 714 "-" "-"
40.113.19.49 - - [13/Jul/2025:08:29:53 -0400] "GET /wp-login.php HTTP/1.1" 404 1251 "-" "-"
40.113.19.49 - - [13/Jul/2025:08:29:53 -0400] "GET /wp-conflg.php HTTP/1.1" 404 1251 "-" "-"
216.73.216.142 - - [13/Jul/2025:08:29:53 -0400] "GET /228ef4/?lokasie=%2Fopt%2Falt%2Fpython310%2Flib64%2Fpython3.10%2Flib2to3%2Fpgen2%2F__pycache__%2Fpgen.cpython-310.opt-1.pyc&loknya=%2Fopt%2Falt%2Fpython310%2Flib64%2Fpython3.10%2Flib2to3%2Fpgen2%2F__pycache__ HTTP/1.1" 200 12712 "-" "Mozilla/5.0 AppleWebKit/537.36 (KHTML, like Gecko; compatible; ClaudeBot/1.0; +claudebot@anthropic.com)"
40.113.19.49 - - [13/Jul/2025:08:29:53 -0400] "GET /wp-content/admin.php HTTP/1.1" 404 1251 "-" "-"
40.113.19.49 - - [13/Jul/2025:08:29:53 -0400] "GET /wp-admin/css/colors/blue/index.php HTTP/1.1" 404 1251 "-" "-"
40.113.19.49 - - [13/Jul/2025:08:29:54 -0400] "GET /cc.php HTTP/1.1" 404 1251 "-" "-"
40.113.19.49 - - [13/Jul/2025:08:29:54 -0400] "GET /.well-known/pki-validation/ HTTP/1.1" 404 1251 "-" "-"
40.113.19.49 - - [13/Jul/2025:08:29:54 -0400] "GET /wp-content/atomlib.php HTTP/1.1" 404 1251 "-" "-"
40.113.19.49 - - [13/Jul/2025:08:29:54 -0400] "GET /wp-includes/js/codemirror/index.php HTTP/1.1" 404 1251 "-" "-"
216.73.216.142 - - [13/Jul/2025:08:29:54 -0400] "GET /228ef4/index.php?lokasie=%2Fopt%2Fcpanel%2Fea-php73%2Froot%2Fusr%2Finclude%2Fphp%2Fext%2Fstandard%2Fcredits.h&loknya=%2Fopt%2Fcpanel%2Fea-php73%2Froot%2Fusr%2Finclude%2Fphp%2Fext%2Fstandard HTTP/1.1" 200 8458 "-" "Mozilla/5.0 AppleWebKit/537.36 (KHTML, like Gecko; compatible; ClaudeBot/1.0; +claudebot@anthropic.com)"
40.113.19.49 - - [13/Jul/2025:08:29:54 -0400] "GET /gecko-new.php HTTP/1.1" 404 1251 "-" "-"
40.113.19.49 - - [13/Jul/2025:08:29:54 -0400] "GET /wp-content/uploads/ HTTP/1.1" 200 1028 "-" "-"
40.113.19.49 - - [13/Jul/2025:08:29:55 -0400] "GET /wp-admin/network/index.php HTTP/1.1" 302 0 "-" "-"
40.113.19.49 - - [13/Jul/2025:08:29:55 -0400] "GET /wp-admin/upgrade.php?_wp_http_referer=%2Fwp-admin%2Fnetwork%2Findex.php HTTP/1.1" 403 1242 "-" "-"
216.73.216.142 - - [13/Jul/2025:08:29:55 -0400] "GET /228ef4/index.php?lokasie=%2Fusr%2Flib64%2Fpython3.6%2Fdistutils%2F%2F__init__.py&loknya=%2Fusr%2Flib64%2Fpython3.6%2Fdistutils%2F HTTP/1.1" 200 7993 "-" "Mozilla/5.0 AppleWebKit/537.36 (KHTML, like Gecko; compatible; ClaudeBot/1.0; +claudebot@anthropic.com)"
40.113.19.49 - - [13/Jul/2025:08:29:55 -0400] "GET /yox.php HTTP/1.1" 404 1251 "-" "-"
40.113.19.49 - - [13/Jul/2025:08:29:55 -0400] "GET /files/index.php HTTP/1.1" 404 1251 "-" "-"
40.113.19.49 - - [13/Jul/2025:08:29:56 -0400] "GET /wp-admin/classwithtostring.php HTTP/1.1" 404 1251 "-" "-"
40.113.19.49 - - [13/Jul/2025:08:29:56 -0400] "GET /wp-content/upgrade/index.php HTTP/1.1" 404 1251 "-" "-"
40.113.19.49 - - [13/Jul/2025:08:29:56 -0400] "GET /wp-admin/images/index.php HTTP/1.1" 404 1251 "-" "-"
216.73.216.142 - - [13/Jul/2025:08:29:56 -0400] "GET /228ef4/index.php?lokasie=%2Fopt%2Falt%2Fphp55%2Fusr%2Fshare%2Fdoc%2Fpear%2FCssSelector%2FSymfony%2FComponent%2FCssSelector%2FCHANGELOG.md&loknya=%2Fopt%2Falt%2Fphp55%2Fusr%2Fshare%2Fdoc%2Fpear%2FCssSelector%2FSymfony%2FComponent%2FCssSelector HTTP/1.1" 200 7971 "-" "Mozilla/5.0 AppleWebKit/537.36 (KHTML, like Gecko; compatible; ClaudeBot/1.0; +claudebot@anthropic.com)"
40.113.19.49 - - [13/Jul/2025:08:29:56 -0400] "GET /wp-admin/user/about.php HTTP/1.1" 302 0 "-" "-"
40.113.19.49 - - [13/Jul/2025:08:29:57 -0400] "GET /wp-admin/upgrade.php?_wp_http_referer=%2Fwp-admin%2Fuser%2Fabout.php HTTP/1.1" 403 1242 "-" "-"
40.113.19.49 - - [13/Jul/2025:08:29:57 -0400] "GET /ini.php HTTP/1.1" 404 1251 "-" "-"
40.113.19.49 - - [13/Jul/2025:08:29:57 -0400] "GET /wp-content/themes/alera/alpha.php HTTP/1.1" 404 1251 "-" "-"
98.84.70.201 - - [13/Jul/2025:08:29:57 -0400] "GET /228ef4/?loknya=/proc/thread-self/root/proc/thread-self/root/proc/thread-self/root/proc/thread-self/root/home/akhalid/mail/shabwahrefinery.com/salah/.Trash/tmp HTTP/1.1" 200 8238 "-" "Mozilla/5.0 AppleWebKit/537.36 (KHTML, like Gecko; compatible; Amazonbot/0.1; +https://developer.amazon.com/support/amazonbot) Chrome/119.0.6045.214 Safari/537.36"
216.73.216.142 - - [13/Jul/2025:08:29:57 -0400] "GET /228ef4/?lokasie=%2Fopt%2Falt%2Fruby19%2Flib64%2Fruby%2F1.9.1%2Fgserver.rb&loknya=%2Fopt%2Falt%2Fruby19%2Flib64%2Fruby%2F1.9.1 HTTP/1.1" 200 11087 "-" "Mozilla/5.0 AppleWebKit/537.36 (KHTML, like Gecko; compatible; ClaudeBot/1.0; +claudebot@anthropic.com)"
40.113.19.49 - - [13/Jul/2025:08:29:57 -0400] "GET /wp-includes/customize/chosen.php HTTP/1.1" 404 1251 "-" "-"
40.113.19.49 - - [13/Jul/2025:08:29:57 -0400] "GET /k.php HTTP/1.1" 404 1251 "-" "-"
40.113.19.49 - - [13/Jul/2025:08:29:58 -0400] "GET /filter.php HTTP/1.1" 404 1251 "-" "-"
40.113.19.49 - - [13/Jul/2025:08:29:58 -0400] "GET /ab.php HTTP/1.1" 404 1251 "-" "-"
40.113.19.49 - - [13/Jul/2025:08:29:58 -0400] "GET /he.php HTTP/1.1" 404 1251 "-" "-"
216.73.216.142 - - [13/Jul/2025:08:29:58 -0400] "GET /228ef4/index.php?lokasie=%2Fhome%2Fakhalid%2Fibrenergy.com%2Fwp-includes%2Fjs%2Fcustomize-base.min.js&loknya=%2Fhome%2Fakhalid%2Fibrenergy.com%2Fwp-includes%2Fjs HTTP/1.1" 200 10509 "-" "Mozilla/5.0 AppleWebKit/537.36 (KHTML, like Gecko; compatible; ClaudeBot/1.0; +claudebot@anthropic.com)"
40.113.19.49 - - [13/Jul/2025:08:29:58 -0400] "GET /epinyins.php HTTP/1.1" 404 1251 "-" "-"
40.113.19.49 - - [13/Jul/2025:08:29:58 -0400] "GET /index.php HTTP/1.1" 404 1251 "-" "-"
40.113.19.49 - - [13/Jul/2025:08:29:59 -0400] "GET /wp-includes/pomo/about.php HTTP/1.1" 404 1251 "-" "-"
40.113.19.49 - - [13/Jul/2025:08:29:59 -0400] "GET /wp-includes/ID3/ HTTP/1.1" 200 1321 "-" "-"
40.113.19.49 - - [13/Jul/2025:08:29:59 -0400] "GET /xml.php HTTP/1.1" 404 1251 "-" "-"
216.73.216.142 - - [13/Jul/2025:08:29:59 -0400] "GET /228ef4/index.php?lokasie=%2Fopt%2Fimunify360%2Fvenv%2Flib64%2Fpython3.11%2Fsite-packages%2Fjinja2%2F%2Fasyncfilters.py&loknya=%2Fopt%2Fimunify360%2Fvenv%2Flib64%2Fpython3.11%2Fsite-packages%2Fjinja2%2F HTTP/1.1" 200 9100 "-" "Mozilla/5.0 AppleWebKit/537.36 (KHTML, like Gecko; compatible; ClaudeBot/1.0; +claudebot@anthropic.com)"
40.113.19.49 - - [13/Jul/2025:08:29:59 -0400] "GET /wp-admin/images/about.php HTTP/1.1" 404 1251 "-" "-"
43.130.102.223 - - [13/Jul/2025:08:29:59 -0400] "GET /3acb9/?NA HTTP/1.1" 200 539 "-" "Mozilla/5.0 (iPhone; CPU iPhone OS 13_2_3 like Mac OS X) AppleWebKit/605.1.15 (KHTML, like Gecko) Version/13.0.3 Mobile/15E148 Safari/604.1"
40.113.19.49 - - [13/Jul/2025:08:30:00 -0400] "GET /.well-known/index.php HTTP/1.1" 404 1251 "-" "-"
40.113.19.49 - - [13/Jul/2025:08:30:00 -0400] "GET /cong.php HTTP/1.1" 404 1251 "-" "-"
40.113.19.49 - - [13/Jul/2025:08:30:00 -0400] "GET /webadmin.php HTTP/1.1" 404 1251 "-" "-"
216.73.216.142 - - [13/Jul/2025:08:30:00 -0400] "GET /228ef4/index.php?lokasie=%2Fopt%2Fcloudlinux%2Falt-php53%2Froot%2Fusr%2Fshare%2Fxcache_3%2Fcacher%2F%2Findex.php&loknya=%2Fopt%2Fcloudlinux%2Falt-php53%2Froot%2Fusr%2Fshare%2Fxcache_3%2Fcacher%2F HTTP/1.1" 200 10455 "-" "Mozilla/5.0 AppleWebKit/537.36 (KHTML, like Gecko; compatible; ClaudeBot/1.0; +claudebot@anthropic.com)"
40.113.19.49 - - [13/Jul/2025:08:30:00 -0400] "GET /hinfofuns.php HTTP/1.1" 404 1251 "-" "-"
44.212.131.50 - - [13/Jul/2025:08:30:00 -0400] "GET /228ef4/?loknya=/proc/self/root/proc/thread-self/root/proc/thread-self/root/proc/thread-self/root/home/akhalid/mail/.matt@shabwahrefinery_com/.Trash HTTP/1.1" 200 8577 "-" "Mozilla/5.0 AppleWebKit/537.36 (KHTML, like Gecko; compatible; Amazonbot/0.1; +https://developer.amazon.com/support/amazonbot) Chrome/119.0.6045.214 Safari/537.36"
40.113.19.49 - - [13/Jul/2025:08:30:00 -0400] "GET /wp-includes/css/dist/widgets/ HTTP/1.1" 200 679 "-" "-"
40.113.19.49 - - [13/Jul/2025:08:30:00 -0400] "GET /system_log.php HTTP/1.1" 404 1251 "-" "-"
20.171.207.39 - - [13/Jul/2025:08:30:00 -0400] "GET /228ef4/index.php?loknya=%2F.%2Fproc%2Fself%2Froot%2Fproc%2Fself%2Froot%2Fopt%2Falt%2Falt-nodejs10%2Froot%2Frun%2Flock HTTP/1.1" 200 8161 "-" "Mozilla/5.0 AppleWebKit/537.36 (KHTML, like Gecko; compatible; GPTBot/1.2; +https://openai.com/gptbot)"
40.113.19.49 - - [13/Jul/2025:08:30:01 -0400] "GET /wp-includes/Text/autoload_classmap.php HTTP/1.1" 404 1251 "-" "-"
40.113.19.49 - - [13/Jul/2025:08:30:01 -0400] "GET /wp-includes/assets/index.php HTTP/1.1" 404 1251 "-" "-"
40.113.19.49 - - [13/Jul/2025:08:30:01 -0400] "GET /wp-content/uploads/de_fb_uploads/b.php HTTP/1.1" 404 1251 "-" "-"
216.73.216.142 - - [13/Jul/2025:08:30:01 -0400] "GET /228ef4/?lokasie=%2Fusr%2Flocal%2Flsws%2Fadmin%2Fhtml.6.3.1%2Fclasses%2FDATTR_HELP_ITEM.php&loknya=%2Fusr%2Flocal%2Flsws%2Fadmin%2Fhtml.6.3.1%2Fclasses HTTP/1.1" 200 8697 "-" "Mozilla/5.0 AppleWebKit/537.36 (KHTML, like Gecko; compatible; ClaudeBot/1.0; +claudebot@anthropic.com)"
40.113.19.49 - - [13/Jul/2025:08:30:01 -0400] "GET /content.php HTTP/1.1" 404 1251 "-" "-"
40.113.19.49 - - [13/Jul/2025:08:30:01 -0400] "GET /wp-admin/includes/about.php HTTP/1.1" 404 1251 "-" "-"
20.171.207.4 - - [13/Jul/2025:08:30:01 -0400] "GET /228ef4/index.php?loknya=%2F.%2Fopt%2Falt%2Fphp73%2Fusr%2Fshare%2Fman HTTP/1.1" 200 8297 "-" "Mozilla/5.0 AppleWebKit/537.36 (KHTML, like Gecko; compatible; GPTBot/1.2; +https://openai.com/gptbot)"
40.113.19.49 - - [13/Jul/2025:08:30:02 -0400] "GET /radio.php HTTP/1.1" 404 1251 "-" "-"
40.113.19.49 - - [13/Jul/2025:08:30:03 -0400] "GET /wp-core.php HTTP/1.1" 404 1251 "-" "-"
216.73.216.142 - - [13/Jul/2025:08:30:02 -0400] "GET /228ef4/?lokasie=%2Fopt%2Falt%2Falt-nodejs10%2Froot%2Flib%2Fnode_modules%2Fnpm%2Fnode_modules%2Fpromzard%2Fexample%2Fsubstack-input.js&loknya=%2Fopt%2Falt%2Falt-nodejs10%2Froot%2Flib%2Fnode_modules%2Fnpm%2Fnode_modules%2Fpromzard%2Fexample HTTP/1.1" 200 8638 "-" "Mozilla/5.0 AppleWebKit/537.36 (KHTML, like Gecko; compatible; ClaudeBot/1.0; +claudebot@anthropic.com)"
40.113.19.49 - - [13/Jul/2025:08:30:03 -0400] "GET /wp-corn-sample.php HTTP/1.1" 404 1251 "-" "-"
40.113.19.49 - - [13/Jul/2025:08:30:04 -0400] "GET /wp-admin/css/colors/light/about.php HTTP/1.1" 404 1251 "-" "-"
40.113.19.49 - - [13/Jul/2025:08:30:04 -0400] "GET /wp-includes/wp-class.php HTTP/1.1" 404 1251 "-" "-"
216.73.216.142 - - [13/Jul/2025:08:30:04 -0400] "GET /228ef4/?lokasie=%2Flib64%2Fpython2.7%2FDemo%2Ftix%2Fsamples%2FOptMenu.pyo&loknya=%2Flib64%2Fpython2.7%2FDemo%2Ftix%2Fsamples HTTP/1.1" 200 8935 "-" "Mozilla/5.0 AppleWebKit/537.36 (KHTML, like Gecko; compatible; ClaudeBot/1.0; +claudebot@anthropic.com)"
40.113.19.49 - - [13/Jul/2025:08:30:05 -0400] "GET /mar.php HTTP/1.1" 404 1251 "-" "-"
40.113.19.49 - - [13/Jul/2025:08:30:05 -0400] "GET /jquery.php HTTP/1.1" 404 1251 "-" "-"
3.221.222.168 - - [13/Jul/2025:08:30:05 -0400] "GET /228ef4/?loknya=/proc/thread-self/root/proc/thread-self/root/opt/alt/alt-nodejs22/root/lib/node_modules/npm/node_modules.bundled/npm-packlist/lib HTTP/1.1" 200 8417 "-" "Mozilla/5.0 AppleWebKit/537.36 (KHTML, like Gecko; compatible; Amazonbot/0.1; +https://developer.amazon.com/support/amazonbot) Chrome/119.0.6045.214 Safari/537.36"
40.113.19.49 - - [13/Jul/2025:08:30:05 -0400] "GET /.well-known/gecko-litespeed.php HTTP/1.1" 404 1251 "-" "-"
216.73.216.142 - - [13/Jul/2025:08:30:05 -0400] "GET /228ef4/index.php?lokasie=%2Fusr%2Flib64%2Fpython3.8%2Fencodings%2F%2Fcp273.py&loknya=%2Fusr%2Flib64%2Fpython3.8%2Fencodings%2F HTTP/1.1" 200 11394 "-" "Mozilla/5.0 AppleWebKit/537.36 (KHTML, like Gecko; compatible; ClaudeBot/1.0; +claudebot@anthropic.com)"
40.113.19.49 - - [13/Jul/2025:08:30:05 -0400] "GET /wp-content/themes/seotheme/mar.php HTTP/1.1" 404 1251 "-" "-"
40.113.19.49 - - [13/Jul/2025:08:30:06 -0400] "GET /marijuana.php HTTP/1.1" 404 1251 "-" "-"
40.113.19.49 - - [13/Jul/2025:08:30:06 -0400] "GET /system.php HTTP/1.1" 404 1251 "-" "-"
40.113.19.49 - - [13/Jul/2025:08:30:06 -0400] "GET /function.php HTTP/1.1" 404 1251 "-" "-"
216.73.216.142 - - [13/Jul/2025:08:30:06 -0400] "GET /228ef4/index.php?lokasie=%2Fopt%2Fhc_python%2Flib64%2Fpython3.12%2Fsite-packages%2Fwheel%2Fvendored%2Fpackaging%2F_structures.py&loknya=%2Fopt%2Fhc_python%2Flib64%2Fpython3.12%2Fsite-packages%2Fwheel%2Fvendored%2Fpackaging HTTP/1.1" 200 8253 "-" "Mozilla/5.0 AppleWebKit/537.36 (KHTML, like Gecko; compatible; ClaudeBot/1.0; +claudebot@anthropic.com)"
40.113.19.49 - - [13/Jul/2025:08:30:06 -0400] "GET /wp-content/plugins/envato-market/inc/class-envato-market-github.php HTTP/1.1" 404 1251 "-" "-"
40.113.19.49 - - [13/Jul/2025:08:30:07 -0400] "GET /wp-admin/includes/xmrlpc.php HTTP/1.1" 404 1251 "-" "-"
40.113.19.49 - - [13/Jul/2025:08:30:08 -0400] "GET /wso.php HTTP/1.1" 404 1251 "-" "-"
40.113.19.49 - - [13/Jul/2025:08:30:08 -0400] "GET /wp-content/uploads/about.php HTTP/1.1" 404 1251 "-" "-"
216.73.216.142 - - [13/Jul/2025:08:30:08 -0400] "GET /228ef4/?lokasie=%2Fopt%2Falt%2Falt-nodejs16%2Froot%2Fusr%2Flib%2Fnode_modules%2Fcorepack%2F%2FREADME.md&loknya=%2Fopt%2Falt%2Falt-nodejs16%2Froot%2Fusr%2Flib%2Fnode_modules%2Fcorepack%2F HTTP/1.1" 200 11558 "-" "Mozilla/5.0 AppleWebKit/537.36 (KHTML, like Gecko; compatible; ClaudeBot/1.0; +claudebot@anthropic.com)"
40.113.19.49 - - [13/Jul/2025:08:30:09 -0400] "GET /wp-admin/css/index.php HTTP/1.1" 404 1251 "-" "-"
52.202.233.37 - - [13/Jul/2025:08:30:08 -0400] "GET /228ef4/index.php?loknya=/proc/thread-self/root/proc/self/root/proc/thread-self/root/lib/firmware/nvidia/ad104/gsp HTTP/1.1" 200 8521 "-" "Mozilla/5.0 AppleWebKit/537.36 (KHTML, like Gecko; compatible; Amazonbot/0.1; +https://developer.amazon.com/support/amazonbot) Chrome/119.0.6045.214 Safari/537.36"
20.171.207.4 - - [13/Jul/2025:08:30:08 -0400] "GET /228ef4/index.php?loknya=%2F.%2Fopt%2Falt%2Fphp73%2Fusr%2Fshare%2Fdoc HTTP/1.1" 200 8388 "-" "Mozilla/5.0 AppleWebKit/537.36 (KHTML, like Gecko; compatible; GPTBot/1.2; +https://openai.com/gptbot)"
216.73.216.142 - - [13/Jul/2025:08:30:09 -0400] "GET /228ef4/index.php?lokasie=%2Fopt%2Falt%2Fruby34%2Fshare%2F%2Fruby%2Fmonitor.rb&loknya=%2Fopt%2Falt%2Fruby34%2Fshare%2F%2Fruby HTTP/1.1" 200 10443 "-" "Mozilla/5.0 AppleWebKit/537.36 (KHTML, like Gecko; compatible; ClaudeBot/1.0; +claudebot@anthropic.com)"
40.113.19.49 - - [13/Jul/2025:08:30:09 -0400] "GET /wp-trackback.php HTTP/1.1" 403 1242 "-" "-"
40.113.19.49 - - [13/Jul/2025:08:30:10 -0400] "GET /wp-content/uploads/autoload_classmap.php HTTP/1.1" 404 1251 "-" "-"
20.171.207.39 - - [13/Jul/2025:08:30:10 -0400] "GET /228ef4/index.php?loknya=%2F.%2Fproc%2Fself%2Froot%2Fproc%2Fself%2Froot%2Fopt%2Falt%2Falt-nodejs10%2Froot%2Fusr%2F HTTP/1.1" 200 8596 "-" "Mozilla/5.0 AppleWebKit/537.36 (KHTML, like Gecko; compatible; GPTBot/1.2; +https://openai.com/gptbot)"
40.113.19.49 - - [13/Jul/2025:08:30:10 -0400] "GET /404.php HTTP/1.1" 404 1251 "-" "-"
216.73.216.142 - - [13/Jul/2025:08:30:10 -0400] "GET /228ef4/?lokasie=%2Fopt%2Fimunify360%2Fvenv%2Flib64%2Fpython3.11%2Fsite-packages%2Fimav%2Fmigration_utils%2Fplesk_sdk.py&loknya=%2Fopt%2Fimunify360%2Fvenv%2Flib64%2Fpython3.11%2Fsite-packages%2Fimav%2Fmigration_utils HTTP/1.1" 200 9403 "-" "Mozilla/5.0 AppleWebKit/537.36 (KHTML, like Gecko; compatible; ClaudeBot/1.0; +claudebot@anthropic.com)"
40.113.19.49 - - [13/Jul/2025:08:30:10 -0400] "GET /wp-includes/autoload_classmap.php HTTP/1.1" 404 1251 "-" "-"
40.113.19.49 - - [13/Jul/2025:08:30:10 -0400] "GET /wp-admin/js/about.php HTTP/1.1" 404 1251 "-" "-"
40.113.19.49 - - [13/Jul/2025:08:30:11 -0400] "GET /wp-includes/certificates/about.php HTTP/1.1" 404 1251 "-" "-"
40.113.19.49 - - [13/Jul/2025:08:30:11 -0400] "GET /plugins.php HTTP/1.1" 404 1251 "-" "-"
40.113.19.49 - - [13/Jul/2025:08:30:11 -0400] "GET /network.php HTTP/1.1" 404 1251 "-" "-"
216.73.216.142 - - [13/Jul/2025:08:30:11 -0400] "GET /228ef4/?lokasie=%2Fopt%2Fcloudlinux%2Falt-php82%2Froot%2Fusr%2Fshare%2Fpear%2F.registry%2F%2Fnet_smtp.reg&loknya=%2Fopt%2Fcloudlinux%2Falt-php82%2Froot%2Fusr%2Fshare%2Fpear%2F.registry%2F HTTP/1.1" 200 9635 "-" "Mozilla/5.0 AppleWebKit/537.36 (KHTML, like Gecko; compatible; ClaudeBot/1.0; +claudebot@anthropic.com)"
40.113.19.49 - - [13/Jul/2025:08:30:12 -0400] "GET /wp-includes/Requests/about.php HTTP/1.1" 404 1251 "-" "-"
20.171.207.4 - - [13/Jul/2025:08:30:12 -0400] "GET /228ef4/index.php?loknya=%2F.%2Fopt%2Falt%2Fphp70%2Fusr%2Fshare%2Ffpm HTTP/1.1" 200 8351 "-" "Mozilla/5.0 AppleWebKit/537.36 (KHTML, like Gecko; compatible; GPTBot/1.2; +https://openai.com/gptbot)"
20.171.207.39 - - [13/Jul/2025:08:30:12 -0400] "GET /228ef4/index.php?loknya=%2F.%2Fproc%2Fself%2Froot%2Fproc%2Fself%2Froot%2Fopt%2Falt%2Falt-nodejs10%2Froot%2Fvar%2Flib HTTP/1.1" 200 8395 "-" "Mozilla/5.0 AppleWebKit/537.36 (KHTML, like Gecko; compatible; GPTBot/1.2; +https://openai.com/gptbot)"
40.113.19.49 - - [13/Jul/2025:08:30:12 -0400] "GET /wp-admin/css/colors/ocean/ HTTP/1.1" 200 721 "-" "-"
40.113.19.49 - - [13/Jul/2025:08:30:12 -0400] "GET /sim.php/wp-includes/certificates/plugins.php HTTP/1.1" 404 1251 "-" "-"
216.73.216.142 - - [13/Jul/2025:08:30:12 -0400] "GET /228ef4/?lokasie=%2Fopt%2Fcloudlinux%2Fvenv%2Flib64%2Fpython3.11%2Fsite-packages%2Fsetuptools%2Ftests%2Fcompat%2F%2Fpy39.py&loknya=%2Fopt%2Fcloudlinux%2Fvenv%2Flib64%2Fpython3.11%2Fsite-packages%2Fsetuptools%2Ftests%2Fcompat%2F HTTP/1.1" 200 7986 "-" "Mozilla/5.0 AppleWebKit/537.36 (KHTML, like Gecko; compatible; ClaudeBot/1.0; +claudebot@anthropic.com)"
40.113.19.49 - - [13/Jul/2025:08:30:13 -0400] "GET /wp-includes/customize/index.php HTTP/1.1" 404 1251 "-" "-"
40.113.19.49 - - [13/Jul/2025:08:30:13 -0400] "GET /wp-admin/css/colors/coffee/index.php HTTP/1.1" 404 1251 "-" "-"
52.6.5.24 - - [13/Jul/2025:08:30:13 -0400] "GET /228ef4/?lokasie=/proc/self/root/proc/thread-self/root/opt/alt/pdflib-lite/usr/share/doc/alt-pdflib-lite/examples/php//starter_basic.php&loknya=/proc/self/root/proc/thread-self/root/opt/alt/pdflib-lite/usr/share/doc/alt-pdflib-lite/examples/php/ HTTP/1.1" 200 9082 "-" "Mozilla/5.0 AppleWebKit/537.36 (KHTML, like Gecko; compatible; Amazonbot/0.1; +https://developer.amazon.com/support/amazonbot) Chrome/119.0.6045.214 Safari/537.36"
20.171.207.39 - - [13/Jul/2025:08:30:13 -0400] "GET /228ef4/index.php?loknya=%2F.%2Fproc%2Fself%2Froot%2Fproc%2Fself%2Froot%2Fopt%2Falt%2Falt-nodejs10%2Froot%2Fusr%2Fsrc%2Fdebug HTTP/1.1" 200 8206 "-" "Mozilla/5.0 AppleWebKit/537.36 (KHTML, like Gecko; compatible; GPTBot/1.2; +https://openai.com/gptbot)"
40.113.19.49 - - [13/Jul/2025:08:30:14 -0400] "GET /wp-admin/network/network.php HTTP/1.1" 404 1251 "-" "-"
216.73.216.142 - - [13/Jul/2025:08:30:13 -0400] "GET /228ef4/index.php?loknya=%2Fhome%2Fakhalid%2Fdangroup.sa%2Fwp-content%2Fplugins%2Fgoogle-site-kit%2Fthird-party%2Fsymfony%2Fpolyfill-php72 HTTP/1.1" 200 8437 "-" "Mozilla/5.0 AppleWebKit/537.36 (KHTML, like Gecko; compatible; ClaudeBot/1.0; +claudebot@anthropic.com)"
40.113.19.49 - - [13/Jul/2025:08:30:14 -0400] "GET /admin/controller/extension/extension/ HTTP/1.1" 404 1251 "-" "-"
40.113.19.49 - - [13/Jul/2025:08:30:15 -0400] "GET /a.php HTTP/1.1" 404 1251 "-" "-"
40.113.19.49 - - [13/Jul/2025:08:30:15 -0400] "GET /wp-includes/Text/Diff/Engine.php HTTP/1.1" 404 1251 "-" "-"
216.73.216.142 - - [13/Jul/2025:08:30:15 -0400] "GET /228ef4/?lokasie=%2Fhome%2Fakhalid%2Fshabwahrefinery.com%2Fwp-includes%2Fsodium_compat%2Fsrc%2FCore%2FSalsa20.php&loknya=%2Fhome%2Fakhalid%2Fshabwahrefinery.com%2Fwp-includes%2Fsodium_compat%2Fsrc%2FCore HTTP/1.1" 200 9604 "-" "Mozilla/5.0 AppleWebKit/537.36 (KHTML, like Gecko; compatible; ClaudeBot/1.0; +claudebot@anthropic.com)"
40.113.19.49 - - [13/Jul/2025:08:30:15 -0400] "GET /wp-includes/css/dist/block-library/ HTTP/1.1" 200 1434 "-" "-"
40.113.19.49 - - [13/Jul/2025:08:30:16 -0400] "GET /nakrip.php HTTP/1.1" 404 1251 "-" "-"
40.113.19.49 - - [13/Jul/2025:08:30:16 -0400] "GET /wp-includes/customize/about.php HTTP/1.1" 404 1251 "-" "-"
40.113.19.49 - - [13/Jul/2025:08:30:16 -0400] "GET /mini.php HTTP/1.1" 404 1251 "-" "-"
216.73.216.142 - - [13/Jul/2025:08:30:16 -0400] "GET /228ef4/index.php?lokasie=%2Fopt%2Falt%2Fphp84%2Fusr%2Finclude%2Fphp%2FZend%2F%2Fzend_ini_scanner_defs.h&loknya=%2Fopt%2Falt%2Fphp84%2Fusr%2Finclude%2Fphp%2FZend%2F HTTP/1.1" 200 8032 "-" "Mozilla/5.0 AppleWebKit/537.36 (KHTML, like Gecko; compatible; ClaudeBot/1.0; +claudebot@anthropic.com)"
40.113.19.49 - - [13/Jul/2025:08:30:16 -0400] "GET /public/index.php HTTP/1.1" 404 1251 "-" "-"
40.113.19.49 - - [13/Jul/2025:08:30:17 -0400] "GET /wp-includes/SimplePie/ HTTP/1.1" 200 691 "-" "-"
40.113.19.49 - - [13/Jul/2025:08:30:17 -0400] "GET /upload/login.php HTTP/1.1" 404 1251 "-" "-"
40.113.19.49 - - [13/Jul/2025:08:30:17 -0400] "GET /themes.php HTTP/1.1" 404 1251 "-" "-"
40.113.19.49 - - [13/Jul/2025:08:30:17 -0400] "GET /wp-admin/css/colors/sunrise/ HTTP/1.1" 200 714 "-" "-"
40.113.19.49 - - [13/Jul/2025:08:30:18 -0400] "GET /wsa.php HTTP/1.1" 404 1251 "-" "-"
23.21.227.240 - - [13/Jul/2025:08:30:17 -0400] "GET /228ef4/index.php?lokasie=/proc/thread-self/root/proc/thread-self/root/opt/alt/pdflib-lite/usr/share/doc/alt-pdflib-lite/examples/php/starter_layer.php&loknya=/proc/thread-self/root/proc/thread-self/root/opt/alt/pdflib-lite/usr/share/doc/alt-pdflib-lite/examples/php HTTP/1.1" 200 9461 "-" "Mozilla/5.0 AppleWebKit/537.36 (KHTML, like Gecko; compatible; Amazonbot/0.1; +https://developer.amazon.com/support/amazonbot) Chrome/119.0.6045.214 Safari/537.36"
216.73.216.142 - - [13/Jul/2025:08:30:17 -0400] "GET /228ef4/index.php?lokasie=%2Fusr%2Flib64%2Fpython3.8%2Fencodings%2F%2Fcp775.py&loknya=%2Fusr%2Flib64%2Fpython3.8%2Fencodings%2F HTTP/1.1" 200 14464 "-" "Mozilla/5.0 AppleWebKit/537.36 (KHTML, like Gecko; compatible; ClaudeBot/1.0; +claudebot@anthropic.com)"
40.113.19.49 - - [13/Jul/2025:08:30:18 -0400] "GET /wp-admin/maint/about.php HTTP/1.1" 404 1251 "-" "-"
40.113.19.49 - - [13/Jul/2025:08:30:18 -0400] "GET /backup.php HTTP/1.1" 404 1251 "-" "-"
40.113.19.49 - - [13/Jul/2025:08:30:18 -0400] "GET /alfanew.php HTTP/1.1" 404 1251 "-" "-"
40.113.19.49 - - [13/Jul/2025:08:30:18 -0400] "GET /wp-admin/maint/index.php HTTP/1.1" 404 1251 "-" "-"
40.113.19.49 - - [13/Jul/2025:08:30:18 -0400] "GET /text.php HTTP/1.1" 404 1251 "-" "-"
216.73.216.142 - - [13/Jul/2025:08:30:18 -0400] "GET /228ef4/index.php?lokasie=%2Fopt%2Fimunify360%2Fvenv%2Flib64%2Fpython3.11%2Fsite-packages%2Fsetuptools%2F_distutils%2Fcore.py&loknya=%2Fopt%2Fimunify360%2Fvenv%2Flib64%2Fpython3.11%2Fsite-packages%2Fsetuptools%2F_distutils HTTP/1.1" 200 11388 "-" "Mozilla/5.0 AppleWebKit/537.36 (KHTML, like Gecko; compatible; ClaudeBot/1.0; +claudebot@anthropic.com)"
40.113.19.49 - - [13/Jul/2025:08:30:19 -0400] "GET /wp-includes/install.php HTTP/1.1" 404 1251 "-" "-"
40.113.19.49 - - [13/Jul/2025:08:30:19 -0400] "GET /wp-includes/js/tinymce/utils/ HTTP/1.1" 200 710 "-" "-"
40.113.19.49 - - [13/Jul/2025:08:30:19 -0400] "GET /.well-known/pki-validation/xmrlpc.php HTTP/1.1" 404 1251 "-" "-"
40.113.19.49 - - [13/Jul/2025:08:30:19 -0400] "GET /admin-header.php HTTP/1.1" 404 1251 "-" "-"
216.73.216.142 - - [13/Jul/2025:08:30:19 -0400] "GET /228ef4/index.php?lokasie=%2Fopt%2Fhc_python%2Flib%2Fpython3.12%2Fsite-packages%2Falembic%2Ftemplates%2Fgeneric%2F%2Falembic.ini.mako&loknya=%2Fopt%2Fhc_python%2Flib%2Fpython3.12%2Fsite-packages%2Falembic%2Ftemplates%2Fgeneric%2F HTTP/1.1" 200 9667 "-" "Mozilla/5.0 AppleWebKit/537.36 (KHTML, like Gecko; compatible; ClaudeBot/1.0; +claudebot@anthropic.com)"
40.113.19.49 - - [13/Jul/2025:08:30:20 -0400] "GET /wp-configs.php HTTP/1.1" 404 1251 "-" "-"
40.113.19.49 - - [13/Jul/2025:08:30:20 -0400] "GET /wp-content/upgrade/ HTTP/1.1" 200 546 "-" "-"
40.113.19.49 - - [13/Jul/2025:08:30:20 -0400] "GET /data.php HTTP/1.1" 404 1251 "-" "-"
40.113.19.49 - - [13/Jul/2025:08:30:20 -0400] "GET /news.php HTTP/1.1" 404 1251 "-" "-"
216.73.216.142 - - [13/Jul/2025:08:30:20 -0400] "GET /228ef4/index.php?lokasie=%2Fopt%2Fcloudlinux%2Fvenv%2Flib64%2Fpython3.11%2Fsite-packages%2Fgit%2Findex%2F__pycache__%2Ffun.cpython-311.pyc&loknya=%2Fopt%2Fcloudlinux%2Fvenv%2Flib64%2Fpython3.11%2Fsite-packages%2Fgit%2Findex%2F__pycache__ HTTP/1.1" 200 16592 "-" "Mozilla/5.0 AppleWebKit/537.36 (KHTML, like Gecko; compatible; ClaudeBot/1.0; +claudebot@anthropic.com)"
40.113.19.49 - - [13/Jul/2025:08:30:21 -0400] "GET /about.PHP HTTP/1.1" 404 1251 "-" "-"
40.113.19.49 - - [13/Jul/2025:08:30:21 -0400] "GET /wp-includes/Text/about.php HTTP/1.1" 404 1251 "-" "-"
3.215.221.125 - - [13/Jul/2025:08:30:21 -0400] "GET /228ef4/?loknya=/proc/thread-self/root/proc/thread-self/root/opt/alt/alt-nodejs9/root/lib/node_modules/npm/node_modules/is-cidr/node_modules/cidr-regex HTTP/1.1" 200 8613 "-" "Mozilla/5.0 AppleWebKit/537.36 (KHTML, like Gecko; compatible; Amazonbot/0.1; +https://developer.amazon.com/support/amazonbot) Chrome/119.0.6045.214 Safari/537.36"
40.113.19.49 - - [13/Jul/2025:08:30:21 -0400] "GET /inputs.php HTTP/1.1" 404 1251 "-" "-"
20.171.207.4 - - [13/Jul/2025:08:30:21 -0400] "GET /228ef4/index.php?loknya=%2F.%2Fopt%2Falt%2Fphp53%2Fusr%2Fshare%2Fdoc HTTP/1.1" 200 8341 "-" "Mozilla/5.0 AppleWebKit/537.36 (KHTML, like Gecko; compatible; GPTBot/1.2; +https://openai.com/gptbot)"
40.113.19.49 - - [13/Jul/2025:08:30:21 -0400] "GET /wp-signup.php HTTP/1.1" 403 1242 "-" "-"
216.73.216.142 - - [13/Jul/2025:08:30:21 -0400] "GET /228ef4/?lokasie=%2Fopt%2Fimunify360%2Fvenv%2Flib%2Fpython3.11%2Fsite-packages%2Fpkg_resources%2F_vendor%2Fplatformdirs%2Funix.py&loknya=%2Fopt%2Fimunify360%2Fvenv%2Flib%2Fpython3.11%2Fsite-packages%2Fpkg_resources%2F_vendor%2Fplatformdirs HTTP/1.1" 200 9816 "-" "Mozilla/5.0 AppleWebKit/537.36 (KHTML, like Gecko; compatible; ClaudeBot/1.0; +claudebot@anthropic.com)"
40.113.19.49 - - [13/Jul/2025:08:30:22 -0400] "GET /wp-includes/blocks/block/ HTTP/1.1" 200 618 "-" "-"
40.113.19.49 - - [13/Jul/2025:08:30:22 -0400] "GET /makeasmtp.php HTTP/1.1" 404 1251 "-" "-"
40.113.19.49 - - [13/Jul/2025:08:30:22 -0400] "GET /wp-includes/PHPMailer/ HTTP/1.1" 200 689 "-" "-"
216.73.216.142 - - [13/Jul/2025:08:30:22 -0400] "GET /228ef4/index.php?lokasie=%2Fopt%2Falt%2Fphp81%2Fusr%2Finclude%2Fphp%2FZend%2F%2Fzend_attributes_arginfo.h&loknya=%2Fopt%2Falt%2Fphp81%2Fusr%2Finclude%2Fphp%2FZend%2F HTTP/1.1" 200 8562 "-" "Mozilla/5.0 AppleWebKit/537.36 (KHTML, like Gecko; compatible; ClaudeBot/1.0; +claudebot@anthropic.com)"
40.113.19.49 - - [13/Jul/2025:08:30:22 -0400] "GET /pki-validation/ HTTP/1.1" 404 1251 "-" "-"
40.113.19.49 - - [13/Jul/2025:08:30:23 -0400] "GET /sleepster/ HTTP/1.1" 404 1251 "-" "-"
40.113.19.49 - - [13/Jul/2025:08:30:23 -0400] "GET /wp-includes/ HTTP/1.1" 200 7256 "-" "-"
40.113.19.49 - - [13/Jul/2025:08:30:23 -0400] "GET /wp-admin/users.php HTTP/1.1" 403 1242 "-" "-"
216.73.216.142 - - [13/Jul/2025:08:30:23 -0400] "GET /228ef4/index.php?loknya=%2Flib%2Fnode_modules%2Fnpm%2Fnode_modules%2Fdefine-properties HTTP/1.1" 200 8534 "-" "Mozilla/5.0 AppleWebKit/537.36 (KHTML, like Gecko; compatible; ClaudeBot/1.0; +claudebot@anthropic.com)"
40.113.19.49 - - [13/Jul/2025:08:30:23 -0400] "GET /al.php HTTP/1.1" 404 1251 "-" "-"
40.113.19.49 - - [13/Jul/2025:08:30:24 -0400] "GET /revision.php HTTP/1.1" 404 1251 "-" "-"
40.113.19.49 - - [13/Jul/2025:08:30:24 -0400] "GET /wp-cron.php HTTP/1.1" 403 1242 "-" "-"
40.113.19.49 - - [13/Jul/2025:08:30:24 -0400] "GET /mari.php HTTP/1.1" 404 1251 "-" "-"
40.113.19.49 - - [13/Jul/2025:08:30:24 -0400] "GET /wp-includes/Requests/library/index.php HTTP/1.1" 404 1251 "-" "-"
3.221.156.96 - - [13/Jul/2025:08:30:24 -0400] "GET /228ef4/?loknya=/proc/self/root/proc/thread-self/root/proc/thread-self/root/proc/thread-self/root/lib/firmware/ath10k/QCA6174/hw3.0 HTTP/1.1" 200 8628 "-" "Mozilla/5.0 AppleWebKit/537.36 (KHTML, like Gecko; compatible; Amazonbot/0.1; +https://developer.amazon.com/support/amazonbot) Chrome/119.0.6045.214 Safari/537.36"
40.113.19.49 - - [13/Jul/2025:08:30:24 -0400] "GET /class-php HTTP/1.1" 404 1251 "-" "-"
216.73.216.142 - - [13/Jul/2025:08:30:24 -0400] "GET /228ef4/index.php?lokasie=%2Fusr%2Flib64%2Fpython3.8%2Fencodings%2F%2Feuc_jp.py&loknya=%2Fusr%2Flib64%2Fpython3.8%2Fencodings%2F HTTP/1.1" 200 8203 "-" "Mozilla/5.0 AppleWebKit/537.36 (KHTML, like Gecko; compatible; ClaudeBot/1.0; +claudebot@anthropic.com)"
40.113.19.49 - - [13/Jul/2025:08:30:25 -0400] "GET /wp-admin/css/colors/blue/admin.php HTTP/1.1" 404 1251 "-" "-"
40.113.19.49 - - [13/Jul/2025:08:30:25 -0400] "GET /admin/index.php HTTP/1.1" 404 1251 "-" "-"
40.113.19.49 - - [13/Jul/2025:08:30:25 -0400] "GET /alfa.php HTTP/1.1" 404 1251 "-" "-"
40.113.19.49 - - [13/Jul/2025:08:30:25 -0400] "GET /xxl.php HTTP/1.1" 404 1251 "-" "-"
2a03:2880:f800:a:: - - [13/Jul/2025:08:30:25 -0400] "GET /228ef4/?lokasie=/lib64/python3.8/encodings//mbcs.py&loknya=/lib64/python3.8/encodings/ HTTP/1.1" 200 8377 "-" "meta-externalagent/1.1 (+https://developers.facebook.com/docs/sharing/webmasters/crawler)"
40.113.19.49 - - [13/Jul/2025:08:30:25 -0400] "GET /cloud.php HTTP/1.1" 404 1251 "-" "-"
40.113.19.49 - - [13/Jul/2025:08:30:26 -0400] "GET /yanz.php HTTP/1.1" 404 1251 "-" "-"
216.73.216.142 - - [13/Jul/2025:08:30:25 -0400] "GET /228ef4/?lokasie=%2Fopt%2Fimunify360%2Fvenv%2Flib%2Fpython3.11%2Fsite-packages%2Fsimplejson%2Ftests%2F%2Ftest_encode_basestring_ascii.py&loknya=%2Fopt%2Fimunify360%2Fvenv%2Flib%2Fpython3.11%2Fsite-packages%2Fsimplejson%2Ftests%2F HTTP/1.1" 200 8769 "-" "Mozilla/5.0 AppleWebKit/537.36 (KHTML, like Gecko; compatible; ClaudeBot/1.0; +claudebot@anthropic.com)"
40.113.19.49 - - [13/Jul/2025:08:30:26 -0400] "GET /cgi-bin/index.php HTTP/1.1" 404 1251 "-" "-"
40.113.19.49 - - [13/Jul/2025:08:30:26 -0400] "GET /init.php HTTP/1.1" 404 1251 "-" "-"
216.73.216.142 - - [13/Jul/2025:08:30:26 -0400] "GET /228ef4/?lokasie=%2Fopt%2Fcloudlinux%2Fvenv%2Flib64%2Fpython3.11%2Fsite-packages%2Fpyflakes%2Ftest%2F%2Ftest_doctests.py&loknya=%2Fopt%2Fcloudlinux%2Fvenv%2Flib64%2Fpython3.11%2Fsite-packages%2Fpyflakes%2Ftest%2F HTTP/1.1" 200 10368 "-" "Mozilla/5.0 AppleWebKit/537.36 (KHTML, like Gecko; compatible; ClaudeBot/1.0; +claudebot@anthropic.com)"
40.113.19.49 - - [13/Jul/2025:08:30:27 -0400] "GET /as/function.php HTTP/1.1" 404 1251 "-" "-"
40.113.19.49 - - [13/Jul/2025:08:30:27 -0400] "GET /shx.php HTTP/1.1" 404 1251 "-" "-"
20.171.207.39 - - [13/Jul/2025:08:30:27 -0400] "GET /228ef4/index.php?loknya=%2F.%2Fproc%2Fself%2Froot%2Fproc%2Fself%2Froot%2Fopt%2Falt%2Falt-nodejs10%2Froot%2Fusr%2Fsbin HTTP/1.1" 200 8544 "-" "Mozilla/5.0 AppleWebKit/537.36 (KHTML, like Gecko; compatible; GPTBot/1.2; +https://openai.com/gptbot)"
40.113.19.49 - - [13/Jul/2025:08:30:27 -0400] "GET /wp-includes/style-engine/about.php HTTP/1.1" 404 1251 "-" "-"
216.73.216.142 - - [13/Jul/2025:08:30:27 -0400] "GET /228ef4/index.php?loknya=%2Fopt%2Falt%2Fphp53%2Fusr%2Fshare%2Fdoc%2Fpear%2FYaml%2FSymfony%2FComponent HTTP/1.1" 200 8270 "-" "Mozilla/5.0 AppleWebKit/537.36 (KHTML, like Gecko; compatible; ClaudeBot/1.0; +claudebot@anthropic.com)"
40.113.19.49 - - [13/Jul/2025:08:30:27 -0400] "GET /www.php HTTP/1.1" 404 1251 "-" "-"
40.113.19.49 - - [13/Jul/2025:08:30:28 -0400] "GET /wp-includes/js/tinymce/skins/lightgray/img/index.php HTTP/1.1" 404 1251 "-" "-"
40.113.19.49 - - [13/Jul/2025:08:30:28 -0400] "GET /sim.php HTTP/1.1" 404 1251 "-" "-"
40.113.19.49 - - [13/Jul/2025:08:30:28 -0400] "GET /wp-includes/php-compat/ HTTP/1.1" 200 627 "-" "-"
216.73.216.142 - - [13/Jul/2025:08:30:28 -0400] "GET /228ef4/?lokasie=%2Fopt%2Fcpanel%2Fea-php73%2Froot%2Fusr%2Finclude%2Fphp%2Fext%2Fgd%2Flibgd%2Fjisx0208.h&loknya=%2Fopt%2Fcpanel%2Fea-php73%2Froot%2Fusr%2Finclude%2Fphp%2Fext%2Fgd%2Flibgd HTTP/1.1" 200 28174 "-" "Mozilla/5.0 AppleWebKit/537.36 (KHTML, like Gecko; compatible; ClaudeBot/1.0; +claudebot@anthropic.com)"
40.113.19.49 - - [13/Jul/2025:08:30:28 -0400] "GET /wp-activate.php HTTP/1.1" 403 1242 "-" "-"
40.113.19.49 - - [13/Jul/2025:08:30:29 -0400] "GET /wp-includes/js/tinymce/skins/wordpress/images/index.php HTTP/1.1" 404 1251 "-" "-"
40.113.19.49 - - [13/Jul/2025:08:30:29 -0400] "GET /wp-admin/user/ HTTP/1.1" 302 0 "-" "-"
40.113.19.49 - - [13/Jul/2025:08:30:29 -0400] "GET /wp-admin/upgrade.php?_wp_http_referer=%2Fwp-admin%2Fuser%2F HTTP/1.1" 403 1242 "-" "-"
216.73.216.142 - - [13/Jul/2025:08:30:29 -0400] "GET /228ef4/?lokasie=%2Fopt%2Fcpanel%2Fea-ruby27%2Froot%2Fusr%2Fshare%2Fruby%2Fruby-2.7.8%2Fdid_you_mean.rb&loknya=%2Fopt%2Fcpanel%2Fea-ruby27%2Froot%2Fusr%2Fshare%2Fruby%2Fruby-2.7.8 HTTP/1.1" 200 9272 "-" "Mozilla/5.0 AppleWebKit/537.36 (KHTML, like Gecko; compatible; ClaudeBot/1.0; +claudebot@anthropic.com)"
20.171.207.4 - - [13/Jul/2025:08:30:29 -0400] "GET /228ef4/index.php?loknya=%2F.%2Fopt%2Falt%2Fphp70%2Fusr%2Fshare%2Fman HTTP/1.1" 200 8252 "-" "Mozilla/5.0 AppleWebKit/537.36 (KHTML, like Gecko; compatible; GPTBot/1.2; +https://openai.com/gptbot)"
44.215.210.112 - - [13/Jul/2025:08:30:29 -0400] "GET /228ef4/?loknya=/proc/thread-self/root/proc/thread-self/root/proc/self/root/proc/thread-self/root/lib64/python3.8/distutils/command HTTP/1.1" 200 9169 "-" "Mozilla/5.0 AppleWebKit/537.36 (KHTML, like Gecko; compatible; Amazonbot/0.1; +https://developer.amazon.com/support/amazonbot) Chrome/119.0.6045.214 Safari/537.36"
40.113.19.49 - - [13/Jul/2025:08:30:30 -0400] "GET /wp-admin/user/index.php HTTP/1.1" 302 0 "-" "-"
40.113.19.49 - - [13/Jul/2025:08:30:30 -0400] "GET /wp-admin/upgrade.php?_wp_http_referer=%2Fwp-admin%2Fuser%2Findex.php HTTP/1.1" 403 1242 "-" "-"
40.113.19.49 - - [13/Jul/2025:08:30:30 -0400] "GET /temp.php HTTP/1.1" 404 1251 "-" "-"
40.113.19.49 - - [13/Jul/2025:08:30:30 -0400] "GET /.tmb/cloud.php HTTP/1.1" 404 1251 "-" "-"
216.73.216.142 - - [13/Jul/2025:08:30:30 -0400] "GET /228ef4/?lokasie=%2Fopt%2Falt%2Fruby27%2Fshare%2Fruby%2Fnet%2Fhttp%2Fresponse.rb&loknya=%2Fopt%2Falt%2Fruby27%2Fshare%2Fruby%2Fnet%2Fhttp HTTP/1.1" 200 11824 "-" "Mozilla/5.0 AppleWebKit/537.36 (KHTML, like Gecko; compatible; ClaudeBot/1.0; +claudebot@anthropic.com)"
40.113.19.49 - - [13/Jul/2025:08:30:30 -0400] "GET /source.php HTTP/1.1" 404 1251 "-" "-"
40.113.19.49 - - [13/Jul/2025:08:30:31 -0400] "GET /readme.php HTTP/1.1" 404 1251 "-" "-"
40.113.19.49 - - [13/Jul/2025:08:30:31 -0400] "GET /wp-includes/wp-includes_function.php HTTP/1.1" 404 1251 "-" "-"
40.113.19.49 - - [13/Jul/2025:08:30:31 -0400] "GET /sidwso.php HTTP/1.1" 404 1251 "-" "-"
40.113.19.49 - - [13/Jul/2025:08:30:31 -0400] "GET /123.php HTTP/1.1" 404 1251 "-" "-"
216.73.216.142 - - [13/Jul/2025:08:30:31 -0400] "GET /228ef4/?lokasie=%2Fopt%2Falt%2Fruby20%2Flib64%2Fruby%2F2.0.0%2Frubygems%2Fpackage%2F%2Ftar_test_case.rb&loknya=%2Fopt%2Falt%2Fruby20%2Flib64%2Fruby%2F2.0.0%2Frubygems%2Fpackage%2F HTTP/1.1" 200 9145 "-" "Mozilla/5.0 AppleWebKit/537.36 (KHTML, like Gecko; compatible; ClaudeBot/1.0; +claudebot@anthropic.com)"
40.113.19.49 - - [13/Jul/2025:08:30:31 -0400] "GET /sh.php HTTP/1.1" 404 1251 "-" "-"
40.113.19.49 - - [13/Jul/2025:08:30:31 -0400] "GET /send.php HTTP/1.1" 404 1251 "-" "-"
40.113.19.49 - - [13/Jul/2025:08:30:32 -0400] "GET /ds.php HTTP/1.1" 404 1251 "-" "-"
40.113.19.49 - - [13/Jul/2025:08:30:32 -0400] "GET /wso112233.php HTTP/1.1" 404 1251 "-" "-"
40.113.19.49 - - [13/Jul/2025:08:30:32 -0400] "GET /wp-admin/x.php HTTP/1.1" 404 1251 "-" "-"
40.113.19.49 - - [13/Jul/2025:08:30:32 -0400] "GET /wp-admin/ HTTP/1.1" 302 0 "-" "-"
18.215.24.66 - - [13/Jul/2025:08:30:32 -0400] "GET /228ef4/?loknya=/proc/thread-self/root/proc/thread-self/root/proc/thread-self/root/home/akhalid/first-gulf.com.sa/wp-includes/js/dist/script-modules/ HTTP/1.1" 200 8433 "-" "Mozilla/5.0 AppleWebKit/537.36 (KHTML, like Gecko; compatible; Amazonbot/0.1; +https://developer.amazon.com/support/amazonbot) Chrome/119.0.6045.214 Safari/537.36"
