216.73.216.142 - - [13/Jul/2025:08:13:35 -0400] "GET /228ef4/?lokasie=%2Fopt%2Fimunify360%2Fvenv%2Flib64%2Fpython3.11%2Fsite-packages%2Fsentry_sdk%2Fintegrations%2Fdedupe.py&loknya=%2Fopt%2Fimunify360%2Fvenv%2Flib64%2Fpython3.11%2Fsite-packages%2Fsentry_sdk%2Fintegrations HTTP/1.1" 200 8300 "-" "Mozilla/5.0 AppleWebKit/537.36 (KHTML, like Gecko; compatible; ClaudeBot/1.0; +claudebot@anthropic.com)"
216.73.216.142 - - [13/Jul/2025:08:13:35 -0400] "GET /228ef4/?lokasie=%2Flib64%2Fpython3.6%2Fsite-packages%2Fcryptography%2Fhazmat%2Fbackends%2Fopenssl%2Fhashes.py&loknya=%2Flib64%2Fpython3.6%2Fsite-packages%2Fcryptography%2Fhazmat%2Fbackends%2Fopenssl HTTP/1.1" 200 8859 "-" "Mozilla/5.0 AppleWebKit/537.36 (KHTML, like Gecko; compatible; ClaudeBot/1.0; +claudebot@anthropic.com)"
216.73.216.142 - - [13/Jul/2025:08:13:35 -0400] "GET /228ef4/index.php?lokasie=%2Fopt%2Falt%2Fphp53%2Fusr%2Fshare%2Fpear%2FSymfony%2FComponent%2FLocale%2FStub%2FDateFormat%2FDayOfWeekTransformer.php&loknya=%2Fopt%2Falt%2Fphp53%2Fusr%2Fshare%2Fpear%2FSymfony%2FComponent%2FLocale%2FStub%2FDateFormat HTTP/1.1" 200 8271 "-" "Mozilla/5.0 AppleWebKit/537.36 (KHTML, like Gecko; compatible; ClaudeBot/1.0; +claudebot@anthropic.com)"
172.94.78.39 - - [13/Jul/2025:08:13:36 -0400] "GET /wp-content/ HTTP/1.1" 200 0 "https://www.ahmedkhalid.com/" "Mozilla/5.0 (Macintosh; Intel Mac OS X 12_5) AppleWebKit/537.36 (KHTML, like Gecko) Chrome/114.0.0.0 YaBrowser/22.7.0 Yowser/2.5 Safari/537.36"
216.73.216.142 - - [13/Jul/2025:08:13:35 -0400] "GET /228ef4/index.php?lokasie=%2Fusr%2Flib%2Fnode_modules%2Fnpm%2Fnode_modules%2Fhar-validator%2Fnode_modules%2Fajv%2Flib%2Fdot%2FuniqueItems.jst&loknya=%2Fusr%2Flib%2Fnode_modules%2Fnpm%2Fnode_modules%2Fhar-validator%2Fnode_modules%2Fajv%2Flib%2Fdot HTTP/1.1" 200 8583 "-" "Mozilla/5.0 AppleWebKit/537.36 (KHTML, like Gecko; compatible; ClaudeBot/1.0; +claudebot@anthropic.com)"
216.73.216.142 - - [13/Jul/2025:08:13:35 -0400] "GET /228ef4/index.php?lokasie=%2Fopt%2Falt%2Fphp83%2Fusr%2Finclude%2Fphp%2Fext%2Fxml%2Fexpat_compat.h&loknya=%2Fopt%2Falt%2Fphp83%2Fusr%2Finclude%2Fphp%2Fext%2Fxml HTTP/1.1" 200 9676 "-" "Mozilla/5.0 AppleWebKit/537.36 (KHTML, like Gecko; compatible; ClaudeBot/1.0; +claudebot@anthropic.com)"
216.73.216.142 - - [13/Jul/2025:08:13:35 -0400] "GET /228ef4/index.php?lokasie=%2Fopt%2Fcloudlinux%2Fvenv%2Flib%2Fpython3.11%2Fsite-packages%2Fsetuptools%2F_vendor%2Fpackaging%2F%2Frequirements.py&loknya=%2Fopt%2Fcloudlinux%2Fvenv%2Flib%2Fpython3.11%2Fsite-packages%2Fsetuptools%2F_vendor%2Fpackaging%2F HTTP/1.1" 200 9033 "-" "Mozilla/5.0 AppleWebKit/537.36 (KHTML, like Gecko; compatible; ClaudeBot/1.0; +claudebot@anthropic.com)"
216.73.216.142 - - [13/Jul/2025:08:13:35 -0400] "GET /228ef4/?lokasie=%2Fopt%2Fcpanel%2Fea-php71%2Froot%2Fusr%2Fshare%2Fpear%2FPEAR%2FDownloader%2FPackage.php&loknya=%2Fopt%2Fcpanel%2Fea-php71%2Froot%2Fusr%2Fshare%2Fpear%2FPEAR%2FDownloader HTTP/1.1" 200 21316 "-" "Mozilla/5.0 AppleWebKit/537.36 (KHTML, like Gecko; compatible; ClaudeBot/1.0; +claudebot@anthropic.com)"
216.73.216.142 - - [13/Jul/2025:08:13:35 -0400] "GET /228ef4/index.php?lokasie=%2Fopt%2Falt%2Fruby34%2Fshare%2F%2Fruby%2Ffiddle.rb&loknya=%2Fopt%2Falt%2Fruby34%2Fshare%2F%2Fruby HTTP/1.1" 200 9128 "-" "Mozilla/5.0 AppleWebKit/537.36 (KHTML, like Gecko; compatible; ClaudeBot/1.0; +claudebot@anthropic.com)"
216.73.216.142 - - [13/Jul/2025:08:13:35 -0400] "GET /228ef4/index.php?lokasie=%2Fopt%2Fcloudlinux%2Fvenv%2Flib%2Fpython3.11%2Fsite-packages%2Fsetuptools%2F_vendor%2Fautocommand%2F%2Fautocommand.py&loknya=%2Fopt%2Fcloudlinux%2Fvenv%2Flib%2Fpython3.11%2Fsite-packages%2Fsetuptools%2F_vendor%2Fautocommand%2F HTTP/1.1" 200 9035 "-" "Mozilla/5.0 AppleWebKit/537.36 (KHTML, like Gecko; compatible; ClaudeBot/1.0; +claudebot@anthropic.com)"
216.73.216.142 - - [13/Jul/2025:08:13:36 -0400] "GET /228ef4/index.php?loknya=%2Fopt%2Fimunify360%2Fvenv%2Flib%2Fpython3.11%2Fsite-packages%2Fimav%2Fmalwarelib%2Fadvanced%2Frpc%2F HTTP/1.1" 200 8516 "-" "Mozilla/5.0 AppleWebKit/537.36 (KHTML, like Gecko; compatible; ClaudeBot/1.0; +claudebot@anthropic.com)"
216.73.216.142 - - [13/Jul/2025:08:13:36 -0400] "GET /228ef4/?lokasie=%2Fopt%2Fimunify360%2Fvenv%2Flib64%2Fpython3.11%2Fsite-packages%2Fdocutils%2Ftransforms%2Fpeps.py&loknya=%2Fopt%2Fimunify360%2Fvenv%2Flib64%2Fpython3.11%2Fsite-packages%2Fdocutils%2Ftransforms HTTP/1.1" 200 11427 "-" "Mozilla/5.0 AppleWebKit/537.36 (KHTML, like Gecko; compatible; ClaudeBot/1.0; +claudebot@anthropic.com)"
216.73.216.142 - - [13/Jul/2025:08:13:36 -0400] "GET /228ef4/index.php?lokasie=%2Fhome%2Fakhalid%2Fibrenergy.com%2Fwp-includes%2Fwidgets%2Fclass-wp-widget-custom-html.php&loknya=%2Fhome%2Fakhalid%2Fibrenergy.com%2Fwp-includes%2Fwidgets HTTP/1.1" 200 12081 "-" "Mozilla/5.0 AppleWebKit/537.36 (KHTML, like Gecko; compatible; ClaudeBot/1.0; +claudebot@anthropic.com)"
54.243.63.52 - - [13/Jul/2025:08:13:36 -0400] "GET /228ef4/?loknya=/proc/thread-self/root/opt/alt/alt-nodejs6/root/lib/node_modules/npm/node_modules/nopt HTTP/1.1" 200 8703 "-" "Mozilla/5.0 AppleWebKit/537.36 (KHTML, like Gecko; compatible; Amazonbot/0.1; +https://developer.amazon.com/support/amazonbot) Chrome/119.0.6045.214 Safari/537.36"
216.73.216.142 - - [13/Jul/2025:08:13:36 -0400] "GET /228ef4/index.php?lokasie=%2Fopt%2Falt%2Flibxml2%2Fusr%2Fshare%2Fdoc%2Falt-libxml2-devel%2Fexamples%2F%2Findex.html&loknya=%2Fopt%2Falt%2Flibxml2%2Fusr%2Fshare%2Fdoc%2Falt-libxml2-devel%2Fexamples%2F HTTP/1.1" 200 12576 "-" "Mozilla/5.0 AppleWebKit/537.36 (KHTML, like Gecko; compatible; ClaudeBot/1.0; +claudebot@anthropic.com)"
216.73.216.142 - - [13/Jul/2025:08:13:35 -0400] "GET /228ef4/?lokasie=%2Fopt%2Fimunify360%2Fvenv%2Flib64%2Fpython3.11%2Fsite-packages%2Fsetuptools%2Fcommand%2Finstall_lib.py&loknya=%2Fopt%2Fimunify360%2Fvenv%2Flib64%2Fpython3.11%2Fsite-packages%2Fsetuptools%2Fcommand HTTP/1.1" 200 9304 "-" "Mozilla/5.0 AppleWebKit/537.36 (KHTML, like Gecko; compatible; ClaudeBot/1.0; +claudebot@anthropic.com)"
216.73.216.142 - - [13/Jul/2025:08:13:36 -0400] "GET /228ef4/index.php?loknya=%2Fopt%2Falt%2Fphp53%2Fusr%2Fshare%2Fpear%2Ftest%2FMonologBridge%2FSymfony%2FBridge%2FMonolog%2FTests HTTP/1.1" 200 8323 "-" "Mozilla/5.0 AppleWebKit/537.36 (KHTML, like Gecko; compatible; ClaudeBot/1.0; +claudebot@anthropic.com)"
216.73.216.142 - - [13/Jul/2025:08:13:36 -0400] "GET /228ef4/?lokasie=%2Fopt%2Fcpanel%2Fea-ruby27%2Froot%2Fusr%2Fshare%2Fruby%2Frdoc%2Frequire.rb&loknya=%2Fopt%2Fcpanel%2Fea-ruby27%2Froot%2Fusr%2Fshare%2Fruby%2Frdoc HTTP/1.1" 200 8385 "-" "Mozilla/5.0 AppleWebKit/537.36 (KHTML, like Gecko; compatible; ClaudeBot/1.0; +claudebot@anthropic.com)"
216.73.216.142 - - [13/Jul/2025:08:13:36 -0400] "GET /228ef4/?lokasie=%2Fopt%2Falt%2Fpython311%2Flib%2Fpython3.11%2Fsite-packages%2Fpip%2F_vendor%2Fcolorama%2F%2Fwinterm.py&loknya=%2Fopt%2Falt%2Fpython311%2Flib%2Fpython3.11%2Fsite-packages%2Fpip%2F_vendor%2Fcolorama%2F HTTP/1.1" 200 9510 "-" "Mozilla/5.0 AppleWebKit/537.36 (KHTML, like Gecko; compatible; ClaudeBot/1.0; +claudebot@anthropic.com)"
216.73.216.142 - - [13/Jul/2025:08:13:37 -0400] "GET /228ef4/index.php?lokasie=%2Fopt%2Falt%2Fphp55%2Fusr%2Fshare%2Fdoc%2Fpear%2FBrowserKit%2FSymfony%2FComponent%2FBrowserKit%2FREADME.md&loknya=%2Fopt%2Falt%2Fphp55%2Fusr%2Fshare%2Fdoc%2Fpear%2FBrowserKit%2FSymfony%2FComponent%2FBrowserKit HTTP/1.1" 200 8241 "-" "Mozilla/5.0 AppleWebKit/537.36 (KHTML, like Gecko; compatible; ClaudeBot/1.0; +claudebot@anthropic.com)"
216.73.216.142 - - [13/Jul/2025:08:13:37 -0400] "GET /228ef4/?lokasie=%2Fopt%2Fcloudlinux%2Fvenv%2Flib%2Fpython3.11%2Fsite-packages%2Ffuture%2Fmoves%2Fdbm%2F%2Fgnu.py&loknya=%2Fopt%2Fcloudlinux%2Fvenv%2Flib%2Fpython3.11%2Fsite-packages%2Ffuture%2Fmoves%2Fdbm%2F HTTP/1.1" 200 7987 "-" "Mozilla/5.0 AppleWebKit/537.36 (KHTML, like Gecko; compatible; ClaudeBot/1.0; +claudebot@anthropic.com)"
216.73.216.142 - - [13/Jul/2025:08:13:37 -0400] "GET /228ef4/?lokasie=%2Fopt%2Fcloudlinux%2Falt-php54%2Froot%2Fusr%2Fshare%2Fxcache_3%2Fcacher%2Flang%2Fen.php&loknya=%2Fopt%2Fcloudlinux%2Falt-php54%2Froot%2Fusr%2Fshare%2Fxcache_3%2Fcacher%2Flang HTTP/1.1" 200 9196 "-" "Mozilla/5.0 AppleWebKit/537.36 (KHTML, like Gecko; compatible; ClaudeBot/1.0; +claudebot@anthropic.com)"
216.73.216.142 - - [13/Jul/2025:08:13:37 -0400] "GET /228ef4/index.php?lokasie=%2Fopt%2Falt%2Fruby20%2Flib64%2Fruby%2F2.0.0%2Frubygems%2F%2Fexceptions.rb&loknya=%2Fopt%2Falt%2Fruby20%2Flib64%2Fruby%2F2.0.0%2Frubygems%2F HTTP/1.1" 200 8895 "-" "Mozilla/5.0 AppleWebKit/537.36 (KHTML, like Gecko; compatible; ClaudeBot/1.0; +claudebot@anthropic.com)"
216.73.216.142 - - [13/Jul/2025:08:13:36 -0400] "GET /228ef4/?lokasie=%2Fopt%2Falt%2Fruby33%2Fshare%2F%2Fruby%2Ffiddle.rb&loknya=%2Fopt%2Falt%2Fruby33%2Fshare%2F%2Fruby HTTP/1.1" 200 8961 "-" "Mozilla/5.0 AppleWebKit/537.36 (KHTML, like Gecko; compatible; ClaudeBot/1.0; +claudebot@anthropic.com)"
216.73.216.142 - - [13/Jul/2025:08:13:37 -0400] "GET /228ef4/?lokasie=%2Fopt%2Falt%2Falt-nodejs20%2Froot%2Fusr%2Flib%2Fnode_modules%2Fnpm%2Fnode_modules.bundled%2Fmkdirp%2Freadme.markdown&loknya=%2Fopt%2Falt%2Falt-nodejs20%2Froot%2Fusr%2Flib%2Fnode_modules%2Fnpm%2Fnode_modules.bundled%2Fmkdirp HTTP/1.1" 200 11037 "-" "Mozilla/5.0 AppleWebKit/537.36 (KHTML, like Gecko; compatible; ClaudeBot/1.0; +claudebot@anthropic.com)"
216.73.216.142 - - [13/Jul/2025:08:13:36 -0400] "GET /228ef4/?lokasie=%2Fopt%2Fcloudlinux%2Fvenv%2Flib64%2Fpython3.11%2Fsite-packages%2Fpylint%2Fcheckers%2F%2Fnewstyle.py&loknya=%2Fopt%2Fcloudlinux%2Fvenv%2Flib64%2Fpython3.11%2Fsite-packages%2Fpylint%2Fcheckers%2F HTTP/1.1" 200 9476 "-" "Mozilla/5.0 AppleWebKit/537.36 (KHTML, like Gecko; compatible; ClaudeBot/1.0; +claudebot@anthropic.com)"
216.73.216.142 - - [13/Jul/2025:08:13:36 -0400] "GET /228ef4/?loknya=%2Fopt%2Fcloudlinux%2Falt-php81%2Froot%2Fusr%2Fshare%2Fdoc%2Fpear%2FNet_SMTP%2Fexamples HTTP/1.1" 200 8351 "-" "Mozilla/5.0 AppleWebKit/537.36 (KHTML, like Gecko; compatible; ClaudeBot/1.0; +claudebot@anthropic.com)"
216.73.216.142 - - [13/Jul/2025:08:13:37 -0400] "GET /228ef4/index.php?loknya=%2Fopt%2Fcloudlinux%2Falt-php54%2Froot%2Fusr%2Fshare%2Fdoc%2Fpear%2FTwigBridge%2FSymfony%2FBridge%2FTwig HTTP/1.1" 200 8493 "-" "Mozilla/5.0 AppleWebKit/537.36 (KHTML, like Gecko; compatible; ClaudeBot/1.0; +claudebot@anthropic.com)"
172.94.78.39 - - [13/Jul/2025:08:13:37 -0400] "GET /wp-includes/ HTTP/1.1" 200 7260 "https://www.ahmedkhalid.com/" "Mozilla/5.0 (Macintosh; Intel Mac OS X 12_5) AppleWebKit/537.36 (KHTML, like Gecko) Chrome/114.0.0.0 YaBrowser/22.7.0 Yowser/2.5 Safari/537.36"
172.94.78.39 - - [13/Jul/2025:08:13:39 -0400] "GET /wp-comments-post.php HTTP/1.1" 403 1242 "https://www.ahmedkhalid.com/" "Mozilla/5.0 (Macintosh; Intel Mac OS X 12_5) AppleWebKit/537.36 (KHTML, like Gecko) Chrome/114.0.0.0 YaBrowser/22.7.0 Yowser/2.5 Safari/537.36"
20.171.207.4 - - [13/Jul/2025:08:13:39 -0400] "GET /228ef4/index.php?loknya=%2F.%2Fopt%2Falt%2Fphp73%2Fusr%2Fshare%2Fpear%2FAuth HTTP/1.1" 200 8405 "-" "Mozilla/5.0 AppleWebKit/537.36 (KHTML, like Gecko; compatible; GPTBot/1.2; +https://openai.com/gptbot)"
20.171.207.39 - - [13/Jul/2025:08:13:39 -0400] "GET /228ef4/index.php?loknya=%2F.%2Fproc%2Fself%2Froot%2Fproc%2Fself%2Froot%2Fopt%2Falt%2Falt-nodejs19%2Froot%2Fusr%2Fshare%2Flocale%2Fsco HTTP/1.1" 200 8327 "-" "Mozilla/5.0 AppleWebKit/537.36 (KHTML, like Gecko; compatible; GPTBot/1.2; +https://openai.com/gptbot)"
172.94.78.39 - - [13/Jul/2025:08:13:40 -0400] "GET /google164bd76ae11c6e23.html HTTP/1.1" 200 53 "https://www.ahmedkhalid.com/" "Mozilla/5.0 (Macintosh; Intel Mac OS X 12_5) AppleWebKit/537.36 (KHTML, like Gecko) Chrome/114.0.0.0 YaBrowser/22.7.0 Yowser/2.5 Safari/537.36"
98.83.10.183 - - [13/Jul/2025:08:13:40 -0400] "GET /228ef4/?loknya=/proc/thread-self/root/proc/thread-self/root/var/softaculous/sitepad/editor HTTP/1.1" 200 8702 "-" "Mozilla/5.0 AppleWebKit/537.36 (KHTML, like Gecko; compatible; Amazonbot/0.1; +https://developer.amazon.com/support/amazonbot) Chrome/119.0.6045.214 Safari/537.36"
172.94.78.39 - - [13/Jul/2025:08:13:41 -0400] "GET /wp-blog-header.php HTTP/1.1" 403 1242 "https://www.ahmedkhalid.com/" "Mozilla/5.0 (Macintosh; Intel Mac OS X 12_5) AppleWebKit/537.36 (KHTML, like Gecko) Chrome/114.0.0.0 YaBrowser/22.7.0 Yowser/2.5 Safari/537.36"
172.94.78.39 - - [13/Jul/2025:08:13:42 -0400] "GET /index.php0 HTTP/1.1" 200 11903 "https://www.ahmedkhalid.com/" "Mozilla/5.0 (Macintosh; Intel Mac OS X 12_5) AppleWebKit/537.36 (KHTML, like Gecko) Chrome/114.0.0.0 YaBrowser/22.7.0 Yowser/2.5 Safari/537.36"
20.171.207.39 - - [13/Jul/2025:08:13:41 -0400] "GET /228ef4/index.php?loknya=%2F.%2Fproc%2Fself%2Froot%2Fproc%2Fself%2Froot%2Fopt%2Falt%2Falt-nodejs19%2Froot%2Fusr%2Fshare%2Flocale%2Ffur HTTP/1.1" 200 8327 "-" "Mozilla/5.0 AppleWebKit/537.36 (KHTML, like Gecko; compatible; GPTBot/1.2; +https://openai.com/gptbot)"
20.171.207.4 - - [13/Jul/2025:08:13:41 -0400] "GET /228ef4/index.php?loknya=%2F.%2Fopt%2Falt%2Fphp70%2Fusr%2Fshare%2Fpear%2FMail HTTP/1.1" 200 8607 "-" "Mozilla/5.0 AppleWebKit/537.36 (KHTML, like Gecko; compatible; GPTBot/1.2; +https://openai.com/gptbot)"
172.94.78.39 - - [13/Jul/2025:08:13:42 -0400] "GET /wp-activate.php HTTP/1.1" 403 1242 "https://www.ahmedkhalid.com/" "Mozilla/5.0 (Macintosh; Intel Mac OS X 12_5) AppleWebKit/537.36 (KHTML, like Gecko) Chrome/114.0.0.0 YaBrowser/22.7.0 Yowser/2.5 Safari/537.36"
172.94.78.39 - - [13/Jul/2025:08:13:43 -0400] "GET /MJ.php HTTP/1.1" 403 1242 "https://www.ahmedkhalid.com/" "Mozilla/5.0 (Macintosh; Intel Mac OS X 12_5) AppleWebKit/537.36 (KHTML, like Gecko) Chrome/114.0.0.0 YaBrowser/22.7.0 Yowser/2.5 Safari/537.36"
20.171.207.39 - - [13/Jul/2025:08:13:43 -0400] "GET /228ef4/index.php?loknya=%2F.%2Fproc%2Fself%2Froot%2Fproc%2Fself%2Froot%2Fopt%2Falt%2Falt-nodejs19%2Froot%2Fusr%2Fshare%2Flocale%2Fsms HTTP/1.1" 200 8328 "-" "Mozilla/5.0 AppleWebKit/537.36 (KHTML, like Gecko; compatible; GPTBot/1.2; +https://openai.com/gptbot)"
20.171.207.4 - - [13/Jul/2025:08:13:43 -0400] "GET /228ef4/index.php?loknya=%2F.%2Fopt%2Falt%2Fphp70%2Fusr%2Fshare%2Fpear%2FAuth HTTP/1.1" 200 8402 "-" "Mozilla/5.0 AppleWebKit/537.36 (KHTML, like Gecko; compatible; GPTBot/1.2; +https://openai.com/gptbot)"
172.94.78.39 - - [13/Jul/2025:08:13:44 -0400] "GET /php.ini HTTP/1.1" 403 1242 "https://www.ahmedkhalid.com/" "Mozilla/5.0 (Macintosh; Intel Mac OS X 12_5) AppleWebKit/537.36 (KHTML, like Gecko) Chrome/114.0.0.0 YaBrowser/22.7.0 Yowser/2.5 Safari/537.36"
20.171.207.39 - - [13/Jul/2025:08:13:44 -0400] "GET /228ef4/index.php?loknya=%2F.%2Fproc%2Fself%2Froot%2Fproc%2Fself%2Froot%2Fopt%2Falt%2Falt-nodejs19%2Froot%2Fusr%2Fshare%2Flocale%2Fijo HTTP/1.1" 200 8328 "-" "Mozilla/5.0 AppleWebKit/537.36 (KHTML, like Gecko; compatible; GPTBot/1.2; +https://openai.com/gptbot)"
3.231.193.38 - - [13/Jul/2025:08:13:44 -0400] "GET /228ef4/index.php?loknya=/proc/thread-self/root/proc/self/root/proc/thread-self/root/lib64/dovecot/ HTTP/1.1" 200 10151 "-" "Mozilla/5.0 AppleWebKit/537.36 (KHTML, like Gecko; compatible; Amazonbot/0.1; +https://developer.amazon.com/support/amazonbot) Chrome/119.0.6045.214 Safari/537.36"
34.194.95.99 - - [13/Jul/2025:08:13:48 -0400] "GET /228ef4/?loknya=/proc/thread-self/root/proc/thread-self/root/usr/lib/node_modules/npm/node_modules/are-we-there-yet/node_modules/readable-stream/ HTTP/1.1" 200 8885 "-" "Mozilla/5.0 AppleWebKit/537.36 (KHTML, like Gecko; compatible; Amazonbot/0.1; +https://developer.amazon.com/support/amazonbot) Chrome/119.0.6045.214 Safari/537.36"
20.171.207.4 - - [13/Jul/2025:08:13:49 -0400] "GET /228ef4/index.php?loknya=%2F.%2Fopt%2Falt%2Fphp70%2Fusr%2Fshare%2Fpear%2FPEAR%2FDownloader HTTP/1.1" 200 8318 "-" "Mozilla/5.0 AppleWebKit/537.36 (KHTML, like Gecko; compatible; GPTBot/1.2; +https://openai.com/gptbot)"
20.171.207.39 - - [13/Jul/2025:08:13:50 -0400] "GET /228ef4/index.php?loknya=%2F.%2Fproc%2Fself%2Froot%2Fproc%2Fself%2Froot%2Fopt%2Falt%2Falt-nodejs19%2Froot%2Fusr%2Fshare%2Flocale%2Fnon HTTP/1.1" 200 8327 "-" "Mozilla/5.0 AppleWebKit/537.36 (KHTML, like Gecko; compatible; GPTBot/1.2; +https://openai.com/gptbot)"
20.171.207.4 - - [13/Jul/2025:08:13:51 -0400] "GET /228ef4/index.php?loknya=%2F.%2Fopt%2Falt%2Fphp73%2Fusr%2Fshare%2Fpear%2FPEAR%2FInstaller HTTP/1.1" 200 8397 "-" "Mozilla/5.0 AppleWebKit/537.36 (KHTML, like Gecko; compatible; GPTBot/1.2; +https://openai.com/gptbot)"
52.4.229.9 - - [13/Jul/2025:08:13:52 -0400] "GET /228ef4/?loknya=/proc/thread-self/root/proc/thread-self/root/proc/thread-self/root/proc/thread-self/root/var/lib/mysql/jobsbdhc_wp359 HTTP/1.1" 200 8194 "-" "Mozilla/5.0 AppleWebKit/537.36 (KHTML, like Gecko; compatible; Amazonbot/0.1; +https://developer.amazon.com/support/amazonbot) Chrome/119.0.6045.214 Safari/537.36"
20.171.207.4 - - [13/Jul/2025:08:13:52 -0400] "GET /228ef4/index.php?loknya=%2F.%2Fopt%2Falt%2Fphp73%2Fusr%2Fshare%2Fpear%2FPEAR%2FValidator HTTP/1.1" 200 8312 "-" "Mozilla/5.0 AppleWebKit/537.36 (KHTML, like Gecko; compatible; GPTBot/1.2; +https://openai.com/gptbot)"
20.171.207.39 - - [13/Jul/2025:08:13:52 -0400] "GET /228ef4/index.php?loknya=%2F.%2Fproc%2Fself%2Froot%2Fproc%2Fself%2Froot%2Fopt%2Falt%2Falt-nodejs19%2Froot%2Fusr%2Fshare%2Flocale%2Fsgn HTTP/1.1" 200 8328 "-" "Mozilla/5.0 AppleWebKit/537.36 (KHTML, like Gecko; compatible; GPTBot/1.2; +https://openai.com/gptbot)"
34.231.45.47 - - [13/Jul/2025:08:13:56 -0400] "GET /228ef4/?loknya=/proc/self/root/proc/thread-self/root/proc/thread-self/root/home/akhalid/ibrenergy.com/wp-includes/rest-api/search HTTP/1.1" 200 8521 "-" "Mozilla/5.0 AppleWebKit/537.36 (KHTML, like Gecko; compatible; Amazonbot/0.1; +https://developer.amazon.com/support/amazonbot) Chrome/119.0.6045.214 Safari/537.36"
20.171.207.4 - - [13/Jul/2025:08:13:58 -0400] "GET /228ef4/index.php?loknya=%2F.%2Fopt%2Falt%2Fphp53%2Fusr%2Fshare%2Fpear%2FPEAR%2FValidator HTTP/1.1" 200 8334 "-" "Mozilla/5.0 AppleWebKit/537.36 (KHTML, like Gecko; compatible; GPTBot/1.2; +https://openai.com/gptbot)"
114.119.145.66 - - [13/Jul/2025:08:13:58 -0400] "GET /wp-includes/js/wp-backbone.min.js HTTP/1.1" 304 0 "https://www.ahmedkhalid.com/wp-includes/js/" "Mozilla/5.0 (Linux; Android 7.0;) AppleWebKit/537.36 (KHTML, like Gecko) Mobile Safari/537.36 (compatible; PetalBot;+https://webmaster.petalsearch.com/site/petalbot)"
20.171.207.39 - - [13/Jul/2025:08:13:59 -0400] "GET /228ef4/index.php?loknya=%2F.%2Fproc%2Fself%2Froot%2Fproc%2Fself%2Froot%2Fopt%2Falt%2Falt-nodejs19%2Froot%2Fusr%2Fshare%2Flocale%2Fbyn HTTP/1.1" 200 8328 "-" "Mozilla/5.0 AppleWebKit/537.36 (KHTML, like Gecko; compatible; GPTBot/1.2; +https://openai.com/gptbot)"
20.171.207.4 - - [13/Jul/2025:08:14:00 -0400] "GET /228ef4/index.php?loknya=%2F.%2Fopt%2Falt%2Fphp53%2Fusr%2Fshare%2Fpear%2FPEAR%2FDownloader HTTP/1.1" 200 8326 "-" "Mozilla/5.0 AppleWebKit/537.36 (KHTML, like Gecko; compatible; GPTBot/1.2; +https://openai.com/gptbot)"
3.89.176.255 - - [13/Jul/2025:08:14:00 -0400] "GET /228ef4/index.php?lokasie=/proc/thread-self/root/home/akhalid/gootech.app/wp-admin/menu.php&loknya=/proc/thread-self/root/home/akhalid/gootech.app/wp-admin HTTP/1.1" 200 12919 "-" "Mozilla/5.0 AppleWebKit/537.36 (KHTML, like Gecko; compatible; Amazonbot/0.1; +https://developer.amazon.com/support/amazonbot) Chrome/119.0.6045.214 Safari/537.36"
216.73.216.142 - - [13/Jul/2025:08:14:00 -0400] "GET /228ef4/index.php?lokasie=%2Fopt%2Falt%2Fpython310%2Flib%2Fpython3.10%2Fsite-packages%2Fpip%2F_vendor%2Fchardet%2Fmetadata%2F%2F__init__.py&loknya=%2Fopt%2Falt%2Fpython310%2Flib%2Fpython3.10%2Fsite-packages%2Fpip%2F_vendor%2Fchardet%2Fmetadata%2F HTTP/1.1" 200 7913 "-" "Mozilla/5.0 AppleWebKit/537.36 (KHTML, like Gecko; compatible; ClaudeBot/1.0; +claudebot@anthropic.com)"
216.73.216.142 - - [13/Jul/2025:08:14:00 -0400] "GET /228ef4/?lokasie=%2Fopt%2Fimunify360%2Fvenv%2Flib%2Fpython3.11%2Fsite-packages%2FCrypto%2FRandom%2F__pycache__%2Frandom.cpython-311.pyc&loknya=%2Fopt%2Fimunify360%2Fvenv%2Flib%2Fpython3.11%2Fsite-packages%2FCrypto%2FRandom%2F__pycache__ HTTP/1.1" 200 10860 "-" "Mozilla/5.0 AppleWebKit/537.36 (KHTML, like Gecko; compatible; ClaudeBot/1.0; +claudebot@anthropic.com)"
216.73.216.142 - - [13/Jul/2025:08:14:00 -0400] "GET /228ef4/?lokasie=%2Fopt%2Falt%2Falt-nodejs20%2Froot%2Flib%2Fnode_modules%2Fnpm%2Fnode_modules%2Fcli-columns%2Flicense&loknya=%2Fopt%2Falt%2Falt-nodejs20%2Froot%2Flib%2Fnode_modules%2Fnpm%2Fnode_modules%2Fcli-columns HTTP/1.1" 200 8639 "-" "Mozilla/5.0 AppleWebKit/537.36 (KHTML, like Gecko; compatible; ClaudeBot/1.0; +claudebot@anthropic.com)"
216.73.216.142 - - [13/Jul/2025:08:14:00 -0400] "GET /228ef4/?lokasie=%2Flib64%2Fpython3.6%2Fsite-packages%2Fcryptography%2Fhazmat%2Fbackends%2Fopenssl%2Fhmac.py&loknya=%2Flib64%2Fpython3.6%2Fsite-packages%2Fcryptography%2Fhazmat%2Fbackends%2Fopenssl HTTP/1.1" 200 8898 "-" "Mozilla/5.0 AppleWebKit/537.36 (KHTML, like Gecko; compatible; ClaudeBot/1.0; +claudebot@anthropic.com)"
216.73.216.142 - - [13/Jul/2025:08:14:00 -0400] "GET /228ef4/?lokasie=%2Fopt%2Fcloudlinux%2Falt-php55%2Froot%2Fusr%2Fshare%2Fpear%2F.channels%2F%2Fpecl.php.net.reg&loknya=%2Fopt%2Fcloudlinux%2Falt-php55%2Froot%2Fusr%2Fshare%2Fpear%2F.channels%2F HTTP/1.1" 200 8166 "-" "Mozilla/5.0 AppleWebKit/537.36 (KHTML, like Gecko; compatible; ClaudeBot/1.0; +claudebot@anthropic.com)"
216.73.216.142 - - [13/Jul/2025:08:14:00 -0400] "GET /228ef4/index.php?loknya=%2Fopt%2Fcloudlinux%2Fvenv%2Flib64%2Fpython3.11%2Fsite-%2Fpip%2F_vendor%2Furllib3 HTTP/1.1" 200 8160 "-" "Mozilla/5.0 AppleWebKit/537.36 (KHTML, like Gecko; compatible; ClaudeBot/1.0; +claudebot@anthropic.com)"
216.73.216.142 - - [13/Jul/2025:08:14:00 -0400] "GET /228ef4/?lokasie=%2Fopt%2Falt%2Fphp71%2Fusr%2Fshare%2Fpear%2FAuth%2FSASL%2FDigestMD5.php&loknya=%2Fopt%2Falt%2Fphp71%2Fusr%2Fshare%2Fpear%2FAuth%2FSASL HTTP/1.1" 200 10646 "-" "Mozilla/5.0 AppleWebKit/537.36 (KHTML, like Gecko; compatible; ClaudeBot/1.0; +claudebot@anthropic.com)"
216.73.216.142 - - [13/Jul/2025:08:14:01 -0400] "GET /228ef4/index.php?loknya=%2Fopt%2Falt%2Fphp53%2Fusr%2Fshare%2Fpear%2FSymfony%2FBridge%2FDoctrine%2FForm%2FChoiceList HTTP/1.1" 200 8449 "-" "Mozilla/5.0 AppleWebKit/537.36 (KHTML, like Gecko; compatible; ClaudeBot/1.0; +claudebot@anthropic.com)"
216.73.216.142 - - [13/Jul/2025:08:14:01 -0400] "GET /228ef4/?loknya=%2Fopt%2Falt%2Fphp54%2Fusr%2Fshare%2Fpear%2FSymfony%2FBridge%2FDoctrine%2FForm%2FType HTTP/1.1" 200 8402 "-" "Mozilla/5.0 AppleWebKit/537.36 (KHTML, like Gecko; compatible; ClaudeBot/1.0; +claudebot@anthropic.com)"
216.73.216.142 - - [13/Jul/2025:08:14:01 -0400] "GET /228ef4/index.php?lokasie=%2Fusr%2Flib64%2Fpython3.6%2Fsite-packages%2Fsystemd%2F__init__.py&loknya=%2Fusr%2Flib64%2Fpython3.6%2Fsite-packages%2Fsystemd HTTP/1.1" 200 8311 "-" "Mozilla/5.0 AppleWebKit/537.36 (KHTML, like Gecko; compatible; ClaudeBot/1.0; +claudebot@anthropic.com)"
216.73.216.142 - - [13/Jul/2025:08:14:01 -0400] "GET /228ef4/index.php?lokasie=%2Fopt%2Fcloudlinux%2Falt-php82%2Froot%2Fusr%2Fshare%2Fpear%2Ftest%2FFile_MARC%2Ftests%2Fmarc_002.phpt&loknya=%2Fopt%2Fcloudlinux%2Falt-php82%2Froot%2Fusr%2Fshare%2Fpear%2Ftest%2FFile_MARC%2Ftests HTTP/1.1" 200 10057 "-" "Mozilla/5.0 AppleWebKit/537.36 (KHTML, like Gecko; compatible; ClaudeBot/1.0; +claudebot@anthropic.com)"
216.73.216.142 - - [13/Jul/2025:08:14:01 -0400] "GET /228ef4/index.php?lokasie=%2Fusr%2Flib64%2Fpython3.6%2Flib2to3%2Ffixes%2F%2Ffix_renames.py&loknya=%2Fusr%2Flib64%2Fpython3.6%2Flib2to3%2Ffixes%2F HTTP/1.1" 200 8784 "-" "Mozilla/5.0 AppleWebKit/537.36 (KHTML, like Gecko; compatible; ClaudeBot/1.0; +claudebot@anthropic.com)"
20.171.207.39 - - [13/Jul/2025:08:14:01 -0400] "GET /228ef4/index.php?loknya=%2F.%2Fproc%2Fself%2Froot%2Fproc%2Fself%2Froot%2Fopt%2Falt%2Falt-nodejs19%2Froot%2Fusr%2Fshare%2Flocale%2Fsyr HTTP/1.1" 200 8327 "-" "Mozilla/5.0 AppleWebKit/537.36 (KHTML, like Gecko; compatible; GPTBot/1.2; +https://openai.com/gptbot)"
20.171.207.4 - - [13/Jul/2025:08:14:01 -0400] "GET /228ef4/index.php?loknya=%2F.%2Fopt%2Falt%2Fphp53%2Fusr%2Fshare%2Fpear%2FPEAR%2FInstaller HTTP/1.1" 200 8405 "-" "Mozilla/5.0 AppleWebKit/537.36 (KHTML, like Gecko; compatible; GPTBot/1.2; +https://openai.com/gptbot)"
216.73.216.142 - - [13/Jul/2025:08:14:01 -0400] "GET /228ef4/?lokasie=%2Fopt%2Fcloudlinux%2Falt-php54%2Froot%2Fusr%2Fshare%2Fxcache_3%2Fcommon%2Flang%2Fzh-traditional.php&loknya=%2Fopt%2Fcloudlinux%2Falt-php54%2Froot%2Fusr%2Fshare%2Fxcache_3%2Fcommon%2Flang HTTP/1.1" 200 8177 "-" "Mozilla/5.0 AppleWebKit/537.36 (KHTML, like Gecko; compatible; ClaudeBot/1.0; +claudebot@anthropic.com)"
216.73.216.142 - - [13/Jul/2025:08:14:01 -0400] "GET /228ef4/?lokasie=%2Fopt%2Falt%2Falt-nodejs16%2Froot%2Flib%2Fnode_modules%2Fnpm%2Fnode_modules.bundled%2Fmkdirp%2Flib%2Fmkdirp-native.js&loknya=%2Fopt%2Falt%2Falt-nodejs16%2Froot%2Flib%2Fnode_modules%2Fnpm%2Fnode_modules.bundled%2Fmkdirp%2Flib HTTP/1.1" 200 8250 "-" "Mozilla/5.0 AppleWebKit/537.36 (KHTML, like Gecko; compatible; ClaudeBot/1.0; +claudebot@anthropic.com)"
216.73.216.142 - - [13/Jul/2025:08:14:01 -0400] "GET /228ef4/index.php?lokasie=%2Fopt%2Falt%2Fphp83%2Fusr%2Finclude%2Fphp%2Fext%2Fstandard%2Fcrc32.h&loknya=%2Fopt%2Falt%2Fphp83%2Fusr%2Finclude%2Fphp%2Fext%2Fstandard HTTP/1.1" 200 9809 "-" "Mozilla/5.0 AppleWebKit/537.36 (KHTML, like Gecko; compatible; ClaudeBot/1.0; +claudebot@anthropic.com)"
216.73.216.142 - - [13/Jul/2025:08:14:01 -0400] "GET /228ef4/?lokasie=%2Fopt%2Fcloudlinux%2Falt-php54%2Froot%2Fusr%2Fshare%2Fpear%2F.registry%2F.channel.pear.symfony.com%2Ftemplating.reg&loknya=%2Fopt%2Fcloudlinux%2Falt-php54%2Froot%2Fusr%2Fshare%2Fpear%2F.registry%2F.channel.pear.symfony.com HTTP/1.1" 200 11699 "-" "Mozilla/5.0 AppleWebKit/537.36 (KHTML, like Gecko; compatible; ClaudeBot/1.0; +claudebot@anthropic.com)"
216.73.216.142 - - [13/Jul/2025:08:14:01 -0400] "GET /228ef4/index.php?lokasie=%2Fhome%2Fakhalid%2Fomerys%2Fpublic_html%2Fadmin%2Flanguage%2Far%2Fextension%2Ftotal%2Fcredit.php&loknya=%2Fhome%2Fakhalid%2Fomerys%2Fpublic_html%2Fadmin%2Flanguage%2Far%2Fextension%2Ftotal HTTP/1.1" 200 8231 "-" "Mozilla/5.0 AppleWebKit/537.36 (KHTML, like Gecko; compatible; ClaudeBot/1.0; +claudebot@anthropic.com)"
216.73.216.142 - - [13/Jul/2025:08:14:01 -0400] "GET /228ef4/?lokasie=%2Fopt%2Fimunify360%2Fvenv%2Flib64%2Fpython3.11%2Fsite-packages%2Fimav%2Fplugins%2Finotify.py&loknya=%2Fopt%2Fimunify360%2Fvenv%2Flib64%2Fpython3.11%2Fsite-packages%2Fimav%2Fplugins HTTP/1.1" 200 8832 "-" "Mozilla/5.0 AppleWebKit/537.36 (KHTML, like Gecko; compatible; ClaudeBot/1.0; +claudebot@anthropic.com)"
216.73.216.142 - - [13/Jul/2025:08:14:02 -0400] "GET /228ef4/?lokasie=%2Fopt%2Fimunify360%2Fvenv%2Flib%2Fpython3.11%2Fsite-packages%2Fdocutils%2Fparsers%2Frst%2Finclude%2Fisoamsb.txt&loknya=%2Fopt%2Fimunify360%2Fvenv%2Flib%2Fpython3.11%2Fsite-packages%2Fdocutils%2Fparsers%2Frst%2Finclude HTTP/1.1" 200 9957 "-" "Mozilla/5.0 AppleWebKit/537.36 (KHTML, like Gecko; compatible; ClaudeBot/1.0; +claudebot@anthropic.com)"
216.73.216.142 - - [13/Jul/2025:08:14:02 -0400] "GET /228ef4/index.php?loknya=%2Fopt%2Fhc_python%2Flib64%2Fpython3.12%2Fsite-packages%2Fpip%2F_vendor%2Fplatformdirs%2F HTTP/1.1" 200 8709 "-" "Mozilla/5.0 AppleWebKit/537.36 (KHTML, like Gecko; compatible; ClaudeBot/1.0; +claudebot@anthropic.com)"
216.73.216.142 - - [13/Jul/2025:08:14:02 -0400] "GET /228ef4/?lokasie=%2Fopt%2Falt%2Fphp54%2Fusr%2Fshare%2Fpear%2Ftest%2FFilesystem%2FSymfony%2FComponent%2FFilesystem%2Fphpunit.xml.dist&loknya=%2Fopt%2Falt%2Fphp54%2Fusr%2Fshare%2Fpear%2Ftest%2FFilesystem%2FSymfony%2FComponent%2FFilesystem HTTP/1.1" 200 8231 "-" "Mozilla/5.0 AppleWebKit/537.36 (KHTML, like Gecko; compatible; ClaudeBot/1.0; +claudebot@anthropic.com)"
216.73.216.142 - - [13/Jul/2025:08:14:02 -0400] "GET /228ef4/index.php?lokasie=%2Fopt%2Falt%2Fruby30%2Flib64%2Fgems%2Fruby%2Fruby-lsapi-5.6%2Fgem.build_complete&loknya=%2Fopt%2Falt%2Fruby30%2Flib64%2Fgems%2Fruby%2Fruby-lsapi-5.6 HTTP/1.1" 200 7879 "-" "Mozilla/5.0 AppleWebKit/537.36 (KHTML, like Gecko; compatible; ClaudeBot/1.0; +claudebot@anthropic.com)"
216.73.216.142 - - [13/Jul/2025:08:14:02 -0400] "GET /228ef4/?lokasie=%2Fopt%2Falt%2Fpython310%2Flib%2Fpython3.10%2Fsite-packages%2Fpip%2F_internal%2Foperations%2Fbuild%2F%2F__init__.py&loknya=%2Fopt%2Falt%2Fpython310%2Flib%2Fpython3.10%2Fsite-packages%2Fpip%2F_internal%2Foperations%2Fbuild%2F HTTP/1.1" 200 7913 "-" "Mozilla/5.0 AppleWebKit/537.36 (KHTML, like Gecko; compatible; ClaudeBot/1.0; +claudebot@anthropic.com)"
216.73.216.142 - - [13/Jul/2025:08:14:02 -0400] "GET /228ef4/?lokasie=%2Fopt%2Falt%2Falt-nodejs16%2Froot%2Flib%2Fnode_modules%2Fnpm%2Fnode_modules.bundled%2Fagentkeepalive%2Flib%2Fagent.js&loknya=%2Fopt%2Falt%2Falt-nodejs16%2Froot%2Flib%2Fnode_modules%2Fnpm%2Fnode_modules.bundled%2Fagentkeepalive%2Flib HTTP/1.1" 200 12312 "-" "Mozilla/5.0 AppleWebKit/537.36 (KHTML, like Gecko; compatible; ClaudeBot/1.0; +claudebot@anthropic.com)"
216.73.216.142 - - [13/Jul/2025:08:14:03 -0400] "GET /228ef4/index.php?lokasie=%2Fusr%2Flib64%2Fpython3.6%2Fsite-packages%2Fdbus%2Fconnection.py&loknya=%2Fusr%2Flib64%2Fpython3.6%2Fsite-packages%2Fdbus HTTP/1.1" 200 14589 "-" "Mozilla/5.0 AppleWebKit/537.36 (KHTML, like Gecko; compatible; ClaudeBot/1.0; +claudebot@anthropic.com)"
216.73.216.142 - - [13/Jul/2025:08:14:02 -0400] "GET /228ef4/index.php?lokasie=%2Fopt%2Fimunify360%2Fvenv%2Flib%2Fpython3.11%2Fsite-packages%2Fdocutils%2Fwriters%2Fpep_html%2F%2Fpep.css&loknya=%2Fopt%2Fimunify360%2Fvenv%2Flib%2Fpython3.11%2Fsite-packages%2Fdocutils%2Fwriters%2Fpep_html%2F HTTP/1.1" 200 9735 "-" "Mozilla/5.0 AppleWebKit/537.36 (KHTML, like Gecko; compatible; ClaudeBot/1.0; +claudebot@anthropic.com)"
216.73.216.142 - - [13/Jul/2025:08:14:02 -0400] "GET /228ef4/?lokasie=%2Fopt%2Fimunify360%2Fvenv%2Flib64%2Fpython3.11%2Fsite-packages%2Fsetuptools%2Fcommand%2Ftest.py&loknya=%2Fopt%2Fimunify360%2Fvenv%2Flib64%2Fpython3.11%2Fsite-packages%2Fsetuptools%2Fcommand HTTP/1.1" 200 10621 "-" "Mozilla/5.0 AppleWebKit/537.36 (KHTML, like Gecko; compatible; ClaudeBot/1.0; +claudebot@anthropic.com)"
216.73.216.142 - - [13/Jul/2025:08:14:02 -0400] "GET /228ef4/index.php?lokasie=%2Fopt%2Falt%2Fpython311%2Flib%2Fpython3.11%2Fsite-packages%2Fpip%2F_vendor%2Fidna%2F%2Fidnadata.py&loknya=%2Fopt%2Falt%2Fpython311%2Flib%2Fpython3.11%2Fsite-packages%2Fpip%2F_vendor%2Fidna%2F HTTP/1.1" 200 14648 "-" "Mozilla/5.0 AppleWebKit/537.36 (KHTML, like Gecko; compatible; ClaudeBot/1.0; +claudebot@anthropic.com)"
216.73.216.142 - - [13/Jul/2025:08:14:02 -0400] "GET /228ef4/?lokasie=%2Fopt%2Fimunify360%2Fvenv%2Flib64%2Fpython3.11%2Fsite-packages%2Fimav%2Fplugins%2Fmr_proper.py&loknya=%2Fopt%2Fimunify360%2Fvenv%2Flib64%2Fpython3.11%2Fsite-packages%2Fimav%2Fplugins HTTP/1.1" 200 9042 "-" "Mozilla/5.0 AppleWebKit/537.36 (KHTML, like Gecko; compatible; ClaudeBot/1.0; +claudebot@anthropic.com)"
20.171.207.39 - - [13/Jul/2025:08:14:03 -0400] "GET /228ef4/index.php?loknya=%2F.%2Fproc%2Fself%2Froot%2Fproc%2Fself%2Froot%2Fopt%2Falt%2Falt-nodejs19%2Froot%2Fusr%2Fshare%2Flocale%2Fzen HTTP/1.1" 200 8328 "-" "Mozilla/5.0 AppleWebKit/537.36 (KHTML, like Gecko; compatible; GPTBot/1.2; +https://openai.com/gptbot)"
216.73.216.142 - - [13/Jul/2025:08:14:03 -0400] "GET /228ef4/index.php?lokasie=%2Fusr%2Flib64%2Fpython3.8%2Fencodings%2F%2Fzlib_codec.py&loknya=%2Fusr%2Flib64%2Fpython3.8%2Fencodings%2F HTTP/1.1" 200 8452 "-" "Mozilla/5.0 AppleWebKit/537.36 (KHTML, like Gecko; compatible; ClaudeBot/1.0; +claudebot@anthropic.com)"
216.73.216.142 - - [13/Jul/2025:08:14:03 -0400] "GET /228ef4/?lokasie=%2Fopt%2Falt%2Fpython39%2Flib%2Fpython3.9%2Fsite-packages%2Fpip%2F_vendor%2Ftenacity%2F%2F__init__.py&loknya=%2Fopt%2Falt%2Fpython39%2Flib%2Fpython3.9%2Fsite-packages%2Fpip%2F_vendor%2Ftenacity%2F HTTP/1.1" 200 13281 "-" "Mozilla/5.0 AppleWebKit/537.36 (KHTML, like Gecko; compatible; ClaudeBot/1.0; +claudebot@anthropic.com)"
216.73.216.142 - - [13/Jul/2025:08:14:03 -0400] "GET /228ef4/?loknya=%2Fopt%2Falt%2Falt-nodejs20%2Froot%2Flib%2Fnode_modules%2Fnpm%2Fnode_modules%2Flibnpmpack%2Flib HTTP/1.1" 200 8349 "-" "Mozilla/5.0 AppleWebKit/537.36 (KHTML, like Gecko; compatible; ClaudeBot/1.0; +claudebot@anthropic.com)"
216.73.216.142 - - [13/Jul/2025:08:14:03 -0400] "GET /228ef4/index.php?lokasie=%2Fopt%2Fimunify360%2Fvenv%2Flib%2Fpython3.11%2Fsite-packages%2Fpip%2F_vendor%2Frich%2F%2F_win32_console.py&loknya=%2Fopt%2Fimunify360%2Fvenv%2Flib%2Fpython3.11%2Fsite-packages%2Fpip%2F_vendor%2Frich%2F HTTP/1.1" 200 13288 "-" "Mozilla/5.0 AppleWebKit/537.36 (KHTML, like Gecko; compatible; ClaudeBot/1.0; +claudebot@anthropic.com)"
216.73.216.142 - - [13/Jul/2025:08:14:03 -0400] "GET /228ef4/?lokasie=%2Fopt%2Fimunify360%2Fvenv%2Flib%2Fpython3.11%2Fsite-packages%2Fdocutils%2Fparsers%2Frst%2Fdirectives%2Fimages.py&loknya=%2Fopt%2Fimunify360%2Fvenv%2Flib%2Fpython3.11%2Fsite-packages%2Fdocutils%2Fparsers%2Frst%2Fdirectives HTTP/1.1" 200 10067 "-" "Mozilla/5.0 AppleWebKit/537.36 (KHTML, like Gecko; compatible; ClaudeBot/1.0; +claudebot@anthropic.com)"
20.171.207.4 - - [13/Jul/2025:08:14:03 -0400] "GET /228ef4/index.php?loknya=%2F.%2Fopt%2Falt%2Fphp70%2Fusr%2Fshare%2Fpear%2FPEAR%2FValidator HTTP/1.1" 200 8314 "-" "Mozilla/5.0 AppleWebKit/537.36 (KHTML, like Gecko; compatible; GPTBot/1.2; +https://openai.com/gptbot)"
216.73.216.142 - - [13/Jul/2025:08:14:03 -0400] "GET /228ef4/?lokasie=%2Fopt%2Fcloudlinux%2Fvenv%2Flib%2Fpython3.11%2Fsite-packages%2Fsetuptools%2F_distutils%2Ftests%2F%2Ftest_sdist.py&loknya=%2Fopt%2Fcloudlinux%2Fvenv%2Flib%2Fpython3.11%2Fsite-packages%2Fsetuptools%2F_distutils%2Ftests%2F HTTP/1.1" 200 11936 "-" "Mozilla/5.0 AppleWebKit/537.36 (KHTML, like Gecko; compatible; ClaudeBot/1.0; +claudebot@anthropic.com)"
216.73.216.142 - - [13/Jul/2025:08:14:03 -0400] "GET /228ef4/index.php?loknya=%2Fopt%2Falt%2Fphp53%2Fusr%2Fshare%2Fpear%2Ftest%2FClassLoader%2FSymfony%2FComponent%2FClassLoader%2FTests%2FFixtures%2Fdeps HTTP/1.1" 200 8390 "-" "Mozilla/5.0 AppleWebKit/537.36 (KHTML, like Gecko; compatible; ClaudeBot/1.0; +claudebot@anthropic.com)"
216.73.216.142 - - [13/Jul/2025:08:14:03 -0400] "GET /228ef4/index.php?loknya=%2Fopt%2Fcloudlinux%2Falt-php53%2Froot%2Fusr%2Fshare%2Fpear%2Ftest%2FCssSelector%2F HTTP/1.1" 200 8273 "-" "Mozilla/5.0 AppleWebKit/537.36 (KHTML, like Gecko; compatible; ClaudeBot/1.0; +claudebot@anthropic.com)"
2a03:2880:f800:13:: - - [13/Jul/2025:08:14:03 -0400] "GET /228ef4/?lokasie=/lib64/python2.7/Tools/scripts/which.pyo&loknya=/lib64/python2.7/Tools/scripts HTTP/1.1" 200 8821 "-" "meta-externalagent/1.1 (+https://developers.facebook.com/docs/sharing/webmasters/crawler)"
216.73.216.142 - - [13/Jul/2025:08:14:04 -0400] "GET /228ef4/index.php?lokasie=%2Fopt%2Falt%2Fphp83%2Fusr%2Fshare%2Fpear%2Ftest%2FXML_Util%2Ftests%2FCreateTagTests.php&loknya=%2Fopt%2Falt%2Fphp83%2Fusr%2Fshare%2Fpear%2Ftest%2FXML_Util%2Ftests HTTP/1.1" 200 8655 "-" "Mozilla/5.0 AppleWebKit/537.36 (KHTML, like Gecko; compatible; ClaudeBot/1.0; +claudebot@anthropic.com)"
35.153.86.200 - - [13/Jul/2025:08:14:04 -0400] "GET /228ef4/?loknya=/proc/thread-self/root/opt/alt/alt-nodejs8/root/lib/node_modules/npm/node_modules.bundled/which/bin HTTP/1.1" 200 8380 "-" "Mozilla/5.0 AppleWebKit/537.36 (KHTML, like Gecko; compatible; Amazonbot/0.1; +https://developer.amazon.com/support/amazonbot) Chrome/119.0.6045.214 Safari/537.36"
216.73.216.142 - - [13/Jul/2025:08:14:04 -0400] "GET /228ef4/index.php?lokasie=%2Fopt%2Falt%2Fphp53%2Fusr%2Fshare%2Fpear%2FSymfony%2FComponent%2FLocale%2FStub%2FDateFormat%2FYearTransformer.php&loknya=%2Fopt%2Falt%2Fphp53%2Fusr%2Fshare%2Fpear%2FSymfony%2FComponent%2FLocale%2FStub%2FDateFormat HTTP/1.1" 200 8264 "-" "Mozilla/5.0 AppleWebKit/537.36 (KHTML, like Gecko; compatible; ClaudeBot/1.0; +claudebot@anthropic.com)"
216.73.216.142 - - [13/Jul/2025:08:14:04 -0400] "GET /228ef4/index.php?lokasie=%2Fopt%2Fcloudlinux%2Falt-php82%2Froot%2Fusr%2Fshare%2Fpear%2Ftest%2FFile_MARC%2Ftests%2Fmarc_007.phpt&loknya=%2Fopt%2Fcloudlinux%2Falt-php82%2Froot%2Fusr%2Fshare%2Fpear%2Ftest%2FFile_MARC%2Ftests HTTP/1.1" 200 8492 "-" "Mozilla/5.0 AppleWebKit/537.36 (KHTML, like Gecko; compatible; ClaudeBot/1.0; +claudebot@anthropic.com)"
216.73.216.142 - - [13/Jul/2025:08:14:04 -0400] "GET /228ef4/?lokasie=%2Fopt%2Falt%2Fpython312%2Flib%2Fpython3.12%2Fsite-packages%2Fpip%2F_vendor%2Fcertifi%2F%2F__init__.py&loknya=%2Fopt%2Falt%2Fpython312%2Flib%2Fpython3.12%2Fsite-packages%2Fpip%2F_vendor%2Fcertifi%2F HTTP/1.1" 200 7973 "-" "Mozilla/5.0 AppleWebKit/537.36 (KHTML, like Gecko; compatible; ClaudeBot/1.0; +claudebot@anthropic.com)"
216.73.216.142 - - [13/Jul/2025:08:14:03 -0400] "GET /228ef4/index.php?lokasie=%2Fopt%2Falt%2Fphp83%2Fusr%2Finclude%2Fphp%2Fext%2Fapcu%2Fapc_globals.h&loknya=%2Fopt%2Falt%2Fphp83%2Fusr%2Finclude%2Fphp%2Fext%2Fapcu HTTP/1.1" 200 9335 "-" "Mozilla/5.0 AppleWebKit/537.36 (KHTML, like Gecko; compatible; ClaudeBot/1.0; +claudebot@anthropic.com)"
216.73.216.142 - - [13/Jul/2025:08:14:03 -0400] "GET /228ef4/?lokasie=%2Fopt%2Fimunify360%2Fvenv%2Flib%2Fpython3.11%2Fsite-packages%2FCrypto%2FUtil%2F__pycache__%2FPadding.cpython-311.pyc&loknya=%2Fopt%2Fimunify360%2Fvenv%2Flib%2Fpython3.11%2Fsite-packages%2FCrypto%2FUtil%2F__pycache__ HTTP/1.1" 200 9698 "-" "Mozilla/5.0 AppleWebKit/537.36 (KHTML, like Gecko; compatible; ClaudeBot/1.0; +claudebot@anthropic.com)"
216.73.216.142 - - [13/Jul/2025:08:14:04 -0400] "GET /228ef4/?lokasie=%2Fopt%2Falt%2Fpython313%2Flib%2Fpython3.13%2Fsite-packages%2Fpip%2F_vendor%2Fidna%2F%2Fidnadata.py&loknya=%2Fopt%2Falt%2Fpython313%2Flib%2Fpython3.13%2Fsite-packages%2Fpip%2F_vendor%2Fidna%2F HTTP/1.1" 200 14943 "-" "Mozilla/5.0 AppleWebKit/537.36 (KHTML, like Gecko; compatible; ClaudeBot/1.0; +claudebot@anthropic.com)"
216.73.216.142 - - [13/Jul/2025:08:14:04 -0400] "GET /228ef4/index.php?lokasie=%2Fopt%2Falt%2Fpython38%2Flib%2Fpython3.8%2Fsite-packages%2Fpip%2F_vendor%2Fchardet%2Fmetadata%2F%2F__init__.py&loknya=%2Fopt%2Falt%2Fpython38%2Flib%2Fpython3.8%2Fsite-packages%2Fpip%2F_vendor%2Fchardet%2Fmetadata%2F HTTP/1.1" 200 7909 "-" "Mozilla/5.0 AppleWebKit/537.36 (KHTML, like Gecko; compatible; ClaudeBot/1.0; +claudebot@anthropic.com)"
216.73.216.142 - - [13/Jul/2025:08:14:05 -0400] "GET /228ef4/index.php?loknya=%2Fopt%2Fcloudlinux%2Fvenv%2Flib64%2Fpython3.11%2Fsite-packages%2Fpip%2F_vendor%2Fpyproject_hooks%2F HTTP/1.1" 200 8562 "-" "Mozilla/5.0 AppleWebKit/537.36 (KHTML, like Gecko; compatible; ClaudeBot/1.0; +claudebot@anthropic.com)"
216.73.216.142 - - [13/Jul/2025:08:14:04 -0400] "GET /228ef4/index.php?loknya=%2Fopt%2Falt%2Fphp55%2Fusr%2Fshare%2Fdoc%2Fpear%2FOptionsResolver%2FSymfony%2F HTTP/1.1" 200 8310 "-" "Mozilla/5.0 AppleWebKit/537.36 (KHTML, like Gecko; compatible; ClaudeBot/1.0; +claudebot@anthropic.com)"
216.73.216.142 - - [13/Jul/2025:08:14:05 -0400] "GET /228ef4/index.php?lokasie=%2Fusr%2Flib%2Fpython3.6%2Fsite-packages%2Fdns%2Frdtypes%2FANY%2F%2FCDS.py&loknya=%2Fusr%2Flib%2Fpython3.6%2Fsite-packages%2Fdns%2Frdtypes%2FANY%2F HTTP/1.1" 200 8434 "-" "Mozilla/5.0 AppleWebKit/537.36 (KHTML, like Gecko; compatible; ClaudeBot/1.0; +claudebot@anthropic.com)"
216.73.216.142 - - [13/Jul/2025:08:14:05 -0400] "GET /228ef4/?loknya=%2Fopt%2Falt%2Falt-nodejs20%2Froot%2Fusr%2Flib%2Fnode_modules%2Fnpm%2Fnode_modules.bundled%2F%40sigstore%2Fprotobuf-specs HTTP/1.1" 200 8505 "-" "Mozilla/5.0 AppleWebKit/537.36 (KHTML, like Gecko; compatible; ClaudeBot/1.0; +claudebot@anthropic.com)"
216.73.216.142 - - [13/Jul/2025:08:14:04 -0400] "GET /228ef4/index.php?loknya=%2Fopt%2Falt%2Fphp53%2Fusr%2Fshare%2Fpear%2FSymfony%2FComponent%2FSecurity%2FCsrf%2F HTTP/1.1" 200 8581 "-" "Mozilla/5.0 AppleWebKit/537.36 (KHTML, like Gecko; compatible; ClaudeBot/1.0; +claudebot@anthropic.com)"
216.73.216.142 - - [13/Jul/2025:08:14:04 -0400] "GET /228ef4/index.php?lokasie=%2Fopt%2Fcloudlinux%2Falt-php55%2Froot%2Fusr%2Fshare%2Fxcache_3%2Fcacher%2F%2Fedit.php&loknya=%2Fopt%2Fcloudlinux%2Falt-php55%2Froot%2Fusr%2Fshare%2Fxcache_3%2Fcacher%2F HTTP/1.1" 200 8300 "-" "Mozilla/5.0 AppleWebKit/537.36 (KHTML, like Gecko; compatible; ClaudeBot/1.0; +claudebot@anthropic.com)"
216.73.216.142 - - [13/Jul/2025:08:14:05 -0400] "GET /228ef4/?lokasie=%2Fopt%2Fcloudlinux%2Fvenv%2Flib64%2Fpython3.11%2Fsite-packages%2Fvirtualenv%2Fcreate%2Fvia_global_ref%2F%2Fstore.py&loknya=%2Fopt%2Fcloudlinux%2Fvenv%2Flib64%2Fpython3.11%2Fsite-packages%2Fvirtualenv%2Fcreate%2Fvia_global_ref%2F HTTP/1.1" 200 8206 "-" "Mozilla/5.0 AppleWebKit/537.36 (KHTML, like Gecko; compatible; ClaudeBot/1.0; +claudebot@anthropic.com)"
216.73.216.142 - - [13/Jul/2025:08:14:05 -0400] "GET /228ef4/index.php?lokasie=%2Fopt%2Fcloudlinux%2Fvenv%2Flib64%2Fpython3.11%2Fsite-packages%2Fpip%2F_vendor%2Furllib3%2F%2F_version.py&loknya=%2Fopt%2Fcloudlinux%2Fvenv%2Flib64%2Fpython3.11%2Fsite-packages%2Fpip%2F_vendor%2Furllib3%2F HTTP/1.1" 200 7964 "-" "Mozilla/5.0 AppleWebKit/537.36 (KHTML, like Gecko; compatible; ClaudeBot/1.0; +claudebot@anthropic.com)"
216.73.216.142 - - [13/Jul/2025:08:14:05 -0400] "GET /228ef4/?lokasie=%2Fopt%2Fcloudlinux%2Fvenv%2Flib%2Fpython3.11%2Fsite-packages%2Fcffi%2F%2Fvengine_gen.py&loknya=%2Fopt%2Fcloudlinux%2Fvenv%2Flib%2Fpython3.11%2Fsite-packages%2Fcffi%2F HTTP/1.1" 200 14871 "-" "Mozilla/5.0 AppleWebKit/537.36 (KHTML, like Gecko; compatible; ClaudeBot/1.0; +claudebot@anthropic.com)"
216.73.216.142 - - [13/Jul/2025:08:14:05 -0400] "GET /228ef4/index.php?lokasie=%2Fopt%2Falt%2Fphp53%2Fusr%2Fshare%2Fpear%2FSymfony%2FComponent%2FLocale%2FStub%2FDateFormat%2FAmPmTransformer.php&loknya=%2Fopt%2Falt%2Fphp53%2Fusr%2Fshare%2Fpear%2FSymfony%2FComponent%2FLocale%2FStub%2FDateFormat HTTP/1.1" 200 8265 "-" "Mozilla/5.0 AppleWebKit/537.36 (KHTML, like Gecko; compatible; ClaudeBot/1.0; +claudebot@anthropic.com)"
216.73.216.142 - - [13/Jul/2025:08:14:05 -0400] "GET /228ef4/index.php?lokasie=%2Fusr%2Flib64%2Fpython3.6%2Fdistutils%2Fcommand%2F__pycache__%2Finstall_headers.cpython-36.pyc&loknya=%2Fusr%2Flib64%2Fpython3.6%2Fdistutils%2Fcommand%2F__pycache__ HTTP/1.1" 200 8814 "-" "Mozilla/5.0 AppleWebKit/537.36 (KHTML, like Gecko; compatible; ClaudeBot/1.0; +claudebot@anthropic.com)"
216.73.216.142 - - [13/Jul/2025:08:14:06 -0400] "GET /228ef4/?lokasie=%2Fopt%2Falt%2Fruby32%2Fshare%2F%2Fruby%2Fcgi.rb&loknya=%2Fopt%2Falt%2Fruby32%2Fshare%2F%2Fruby HTTP/1.1" 200 11767 "-" "Mozilla/5.0 AppleWebKit/537.36 (KHTML, like Gecko; compatible; ClaudeBot/1.0; +claudebot@anthropic.com)"
216.73.216.142 - - [13/Jul/2025:08:14:06 -0400] "GET /228ef4/?lokasie=%2Fopt%2Falt%2Falt-nodejs20%2Froot%2Fusr%2Flib%2Fnode_modules%2Fnpm%2Fnode_modules%2Fwhich%2F%2FREADME.md&loknya=%2Fopt%2Falt%2Falt-nodejs20%2Froot%2Fusr%2Flib%2Fnode_modules%2Fnpm%2Fnode_modules%2Fwhich%2F HTTP/1.1" 200 8542 "-" "Mozilla/5.0 AppleWebKit/537.36 (KHTML, like Gecko; compatible; ClaudeBot/1.0; +claudebot@anthropic.com)"
216.73.216.142 - - [13/Jul/2025:08:14:06 -0400] "GET /228ef4/index.php?lokasie=%2Flib%2Fpython3.6%2Fsite-packages%2Frequests%2F%2Fauth.py&loknya=%2Flib%2Fpython3.6%2Fsite-packages%2Frequests%2F HTTP/1.1" 200 10950 "-" "Mozilla/5.0 AppleWebKit/537.36 (KHTML, like Gecko; compatible; ClaudeBot/1.0; +claudebot@anthropic.com)"
216.73.216.142 - - [13/Jul/2025:08:14:05 -0400] "GET /228ef4/?lokasie=%2Fopt%2Fcpanel%2Fea-php71%2Froot%2Fusr%2Fshare%2Fpear%2FPEAR%2FCommand%2FChannels.php&loknya=%2Fopt%2Fcpanel%2Fea-php71%2Froot%2Fusr%2Fshare%2Fpear%2FPEAR%2FCommand HTTP/1.1" 200 15033 "-" "Mozilla/5.0 AppleWebKit/537.36 (KHTML, like Gecko; compatible; ClaudeBot/1.0; +claudebot@anthropic.com)"
216.73.216.142 - - [13/Jul/2025:08:14:06 -0400] "GET /228ef4/index.php?lokasie=%2Fopt%2Falt%2Fruby31%2Fshare%2Frubygems%2Frubygems%2Fpackage%2Fsource.rb&loknya=%2Fopt%2Falt%2Fruby31%2Fshare%2Frubygems%2Frubygems%2Fpackage HTTP/1.1" 200 7919 "-" "Mozilla/5.0 AppleWebKit/537.36 (KHTML, like Gecko; compatible; ClaudeBot/1.0; +claudebot@anthropic.com)"
216.73.216.142 - - [13/Jul/2025:08:14:06 -0400] "GET /228ef4/index.php?lokasie=%2Fhome%2Fakhalid%2Fdangroup.sa%2Fwp-content%2Fplugins%2Felementor%2Fmodules%2Fweb-cli%2Fmodule.php&loknya=%2Fhome%2Fakhalid%2Fdangroup.sa%2Fwp-content%2Fplugins%2Felementor%2Fmodules%2Fweb-cli HTTP/1.1" 200 8418 "-" "Mozilla/5.0 AppleWebKit/537.36 (KHTML, like Gecko; compatible; ClaudeBot/1.0; +claudebot@anthropic.com)"
216.73.216.142 - - [13/Jul/2025:08:14:06 -0400] "GET /228ef4/?loknya=%2Fopt%2Falt%2Falt-nodejs20%2Froot%2Fusr%2Flib%2Fnode_modules%2Fnpm%2Fnode_modules.bundled%2Fread-package-json-fast%2Flib HTTP/1.1" 200 8378 "-" "Mozilla/5.0 AppleWebKit/537.36 (KHTML, like Gecko; compatible; ClaudeBot/1.0; +claudebot@anthropic.com)"
216.73.216.142 - - [13/Jul/2025:08:14:07 -0400] "GET /228ef4/index.php?lokasie=%2Fusr%2Flib%2Fpython3.6%2Fsite-packages%2Fdns%2Frdtypes%2FANY%2F%2FAVC.py&loknya=%2Fusr%2Flib%2Fpython3.6%2Fsite-packages%2Fdns%2Frdtypes%2FANY%2F HTTP/1.1" 200 8480 "-" "Mozilla/5.0 AppleWebKit/537.36 (KHTML, like Gecko; compatible; ClaudeBot/1.0; +claudebot@anthropic.com)"
216.73.216.142 - - [13/Jul/2025:08:14:06 -0400] "GET /228ef4/index.php?lokasie=%2Fopt%2Falt%2Fpython312%2Flib%2Fpython3.12%2Fsite-packages%2Fsetuptools%2F_vendor%2Ftomli%2F%2F__init__.py&loknya=%2Fopt%2Falt%2Fpython312%2Flib%2Fpython3.12%2Fsite-packages%2Fsetuptools%2F_vendor%2Ftomli%2F HTTP/1.1" 200 8184 "-" "Mozilla/5.0 AppleWebKit/537.36 (KHTML, like Gecko; compatible; ClaudeBot/1.0; +claudebot@anthropic.com)"
216.73.216.142 - - [13/Jul/2025:08:14:06 -0400] "GET /228ef4/?lokasie=%2Fopt%2Fcloudlinux%2Fvenv%2Flib64%2Fpython3.11%2Fsite-packages%2Fpip%2F_vendor%2Frich%2F%2F__init__.py&loknya=%2Fopt%2Fcloudlinux%2Fvenv%2Flib64%2Fpython3.11%2Fsite-packages%2Fpip%2F_vendor%2Frich%2F HTTP/1.1" 200 10079 "-" "Mozilla/5.0 AppleWebKit/537.36 (KHTML, like Gecko; compatible; ClaudeBot/1.0; +claudebot@anthropic.com)"
216.73.216.142 - - [13/Jul/2025:08:14:07 -0400] "GET /228ef4/?lokasie=%2Fusr%2Flocal%2Flsws%2Fadmin%2Fhtml.6.3.1%2Fincludes%2Fauth.php&loknya=%2Fusr%2Flocal%2Flsws%2Fadmin%2Fhtml.6.3.1%2Fincludes HTTP/1.1" 200 8067 "-" "Mozilla/5.0 AppleWebKit/537.36 (KHTML, like Gecko; compatible; ClaudeBot/1.0; +claudebot@anthropic.com)"
216.73.216.142 - - [13/Jul/2025:08:14:06 -0400] "GET /228ef4/?lokasie=%2Fopt%2Falt%2Fpython37%2Flib%2Fpython3.7%2Fsite-packages%2Fpip%2F_vendor%2Fidna%2F%2Fidnadata.py&loknya=%2Fopt%2Falt%2Fpython37%2Flib%2Fpython3.7%2Fsite-packages%2Fpip%2F_vendor%2Fidna%2F HTTP/1.1" 200 14686 "-" "Mozilla/5.0 AppleWebKit/537.36 (KHTML, like Gecko; compatible; ClaudeBot/1.0; +claudebot@anthropic.com)"
216.73.216.142 - - [13/Jul/2025:08:14:06 -0400] "GET /228ef4/?loknya=%2Fopt%2Fcloudlinux%2Falt-php84%2Froot%2Fusr%2Fshare%2Fdoc%2Fpear%2FPEAR HTTP/1.1" 200 8399 "-" "Mozilla/5.0 AppleWebKit/537.36 (KHTML, like Gecko; compatible; ClaudeBot/1.0; +claudebot@anthropic.com)"
216.73.216.142 - - [13/Jul/2025:08:14:07 -0400] "GET /228ef4/index.php?loknya=%2Fopt%2Falt%2Fphp55%2Fusr%2Fshare%2Fpear%2Ftest%2FRouting%2FSymfony%2FComponent%2FRouting%2FTests%2FFixtures HTTP/1.1" 200 9221 "-" "Mozilla/5.0 AppleWebKit/537.36 (KHTML, like Gecko; compatible; ClaudeBot/1.0; +claudebot@anthropic.com)"
216.73.216.142 - - [13/Jul/2025:08:14:07 -0400] "GET /228ef4/?lokasie=%2Fopt%2Fcloudlinux%2Falt-php53%2Froot%2Fusr%2Fshare%2Fdoc%2Fpear%2FBase%2Fdocs%2F%2FLICENSE&loknya=%2Fopt%2Fcloudlinux%2Falt-php53%2Froot%2Fusr%2Fshare%2Fdoc%2Fpear%2FBase%2Fdocs%2F HTTP/1.1" 200 8772 "-" "Mozilla/5.0 AppleWebKit/537.36 (KHTML, like Gecko; compatible; ClaudeBot/1.0; +claudebot@anthropic.com)"
216.73.216.142 - - [13/Jul/2025:08:14:07 -0400] "GET /228ef4/?loknya=%2Fopt%2Falt%2Fruby33%2Fshare%2Frubygems%2Frubygems%2Fvendor%2Fnet-http%2Flib%2Fnet%2Fhttp HTTP/1.1" 200 8660 "-" "Mozilla/5.0 AppleWebKit/537.36 (KHTML, like Gecko; compatible; ClaudeBot/1.0; +claudebot@anthropic.com)"
216.73.216.142 - - [13/Jul/2025:08:14:07 -0400] "GET /228ef4/index.php?lokasie=%2Fopt%2Fcloudlinux%2Fvenv%2Flib64%2Fpython3.11%2Fsite-packages%2Fpip%2F_vendor%2Fdistro%2F%2F__main__.py&loknya=%2Fopt%2Fcloudlinux%2Fvenv%2Flib64%2Fpython3.11%2Fsite-packages%2Fpip%2F_vendor%2Fdistro%2F HTTP/1.1" 200 7955 "-" "Mozilla/5.0 AppleWebKit/537.36 (KHTML, like Gecko; compatible; ClaudeBot/1.0; +claudebot@anthropic.com)"
216.73.216.142 - - [13/Jul/2025:08:14:06 -0400] "GET /228ef4/index.php?lokasie=%2Fopt%2Fcpanel%2Fea-php81%2Froot%2Fusr%2Fshare%2Fpear%2Fpeclcmd.php&loknya=%2Fopt%2Fcpanel%2Fea-php81%2Froot%2Fusr%2Fshare%2Fpear HTTP/1.1" 200 8507 "-" "Mozilla/5.0 AppleWebKit/537.36 (KHTML, like Gecko; compatible; ClaudeBot/1.0; +claudebot@anthropic.com)"
216.73.216.142 - - [13/Jul/2025:08:14:07 -0400] "GET /228ef4/?lokasie=%2Fopt%2Falt%2Fpython35%2Flib%2Fpython3.5%2Fsite-packages%2Fpip%2F_internal%2Freq%2F%2F__init__.py&loknya=%2Fopt%2Falt%2Fpython35%2Flib%2Fpython3.5%2Fsite-packages%2Fpip%2F_internal%2Freq%2F HTTP/1.1" 200 8931 "-" "Mozilla/5.0 AppleWebKit/537.36 (KHTML, like Gecko; compatible; ClaudeBot/1.0; +claudebot@anthropic.com)"
216.73.216.142 - - [13/Jul/2025:08:14:07 -0400] "GET /228ef4/?lokasie=%2Fopt%2Fcloudlinux%2Fvenv%2Flib64%2Fpython3.11%2Fsite-packages%2Fpip%2F_internal%2Fdistributions%2F%2Finstalled.py&loknya=%2Fopt%2Fcloudlinux%2Fvenv%2Flib64%2Fpython3.11%2Fsite-packages%2Fpip%2F_internal%2Fdistributions%2F HTTP/1.1" 200 8275 "-" "Mozilla/5.0 AppleWebKit/537.36 (KHTML, like Gecko; compatible; ClaudeBot/1.0; +claudebot@anthropic.com)"
216.73.216.142 - - [13/Jul/2025:08:14:07 -0400] "GET /228ef4/index.php?lokasie=%2Fhome%2Fakhalid%2Fibrenergy.com%2Fwp-includes%2Fblock-patterns%2Fquery-offset-posts.php&loknya=%2Fhome%2Fakhalid%2Fibrenergy.com%2Fwp-includes%2Fblock-patterns HTTP/1.1" 200 8479 "-" "Mozilla/5.0 AppleWebKit/537.36 (KHTML, like Gecko; compatible; ClaudeBot/1.0; +claudebot@anthropic.com)"
216.73.216.142 - - [13/Jul/2025:08:14:07 -0400] "GET /228ef4/index.php?lokasie=%2Fopt%2Fcloudlinux%2Fvenv%2Flib%2Fpython3.11%2Fsite-packages%2Falembic%2Ftemplates%2Fgeneric%2F%2Fenv.py&loknya=%2Fopt%2Fcloudlinux%2Fvenv%2Flib%2Fpython3.11%2Fsite-packages%2Falembic%2Ftemplates%2Fgeneric%2F HTTP/1.1" 200 8808 "-" "Mozilla/5.0 AppleWebKit/537.36 (KHTML, like Gecko; compatible; ClaudeBot/1.0; +claudebot@anthropic.com)"
