20.171.207.39 - - [13/Jul/2025:08:41:15 -0400] "GET /228ef4/index.php?loknya=%2F.%2Fproc%2Fself%2Froot%2Fproc%2Fself%2Froot%2Fopt%2Falt%2Falt-nodejs10%2Froot%2Fusr%2Fshare%2Flocale%2Fuz HTTP/1.1" 200 8363 "-" "Mozilla/5.0 AppleWebKit/537.36 (KHTML, like Gecko; compatible; GPTBot/1.2; +https://openai.com/gptbot)"
20.171.207.4 - - [13/Jul/2025:08:41:16 -0400] "GET /228ef4/index.php?loknya=%2F.%2Fopt%2Falt%2Fphp70%2Fusr%2Flib64%2F HTTP/1.1" 200 8333 "-" "Mozilla/5.0 AppleWebKit/537.36 (KHTML, like Gecko; compatible; GPTBot/1.2; +https://openai.com/gptbot)"
34.194.95.99 - - [13/Jul/2025:08:41:16 -0400] "GET /228ef4/?lokasie=/proc/thread-self/root/proc/thread-self/root/home/akhalid/omerys/public_html/image/catalog/%D8%B5%D9%88%D8%B1%20%D8%BA%D9%8A%D8%B1/%D8%B3%D9%85%D8%A7//index.html&loknya=/proc/thread-self/root/proc/thread-self/root/home/akhalid/omerys/public_html/image/catalog/%D8%B5%D9%88%D8%B1%20%D8%BA%D9%8A%D8%B1/%D8%B3%D9%85%D8%A7/ HTTP/1.1" 200 7981 "-" "Mozilla/5.0 AppleWebKit/537.36 (KHTML, like Gecko; compatible; Amazonbot/0.1; +https://developer.amazon.com/support/amazonbot) Chrome/119.0.6045.214 Safari/537.36"
216.73.216.82 - - [13/Jul/2025:08:41:16 -0400] "GET /228ef4/index.php?lokasie=%2Fhome%2Fakhalid%2Fnas-yemen.org%2Fpublic_html%2Fwp-content%2Fuploads%2Fsites%2F3%2F2023%2F01%2F12-542x218.jpg&loknya=%2Fhome%2Fakhalid%2Fnas-yemen.org%2Fpublic_html%2Fwp-content%2Fuploads%2Fsites%2F3%2F2023%2F01 HTTP/1.1" 200 30140 "-" "Mozilla/5.0 AppleWebKit/537.36 (KHTML, like Gecko; compatible; ClaudeBot/1.0; +claudebot@anthropic.com)"
216.73.216.82 - - [13/Jul/2025:08:41:17 -0400] "GET /228ef4/?loknya=%2Fopt%2Falt%2Falt-php80-pecl-scoutapm_1.10.0-1.el8%2F HTTP/1.1" 200 8098 "-" "Mozilla/5.0 AppleWebKit/537.36 (KHTML, like Gecko; compatible; ClaudeBot/1.0; +claudebot@anthropic.com)"
216.73.216.82 - - [13/Jul/2025:08:41:18 -0400] "GET /228ef4/index.php?lokasie=%2Fhome%2Fakhalid%2Flscache%2F7%2F8%2Fb%2F78b0610d693d2944&loknya=%2Fhome%2Fakhalid%2Flscache%2F7%2F8%2Fb HTTP/1.1" 200 8178 "-" "Mozilla/5.0 AppleWebKit/537.36 (KHTML, like Gecko; compatible; ClaudeBot/1.0; +claudebot@anthropic.com)"
20.171.207.39 - - [13/Jul/2025:08:41:19 -0400] "GET /228ef4/index.php?loknya=%2F.%2Fproc%2Fself%2Froot%2Fproc%2Fself%2Froot%2Fopt%2Falt%2Falt-nodejs10%2Froot%2Fusr%2Fshare%2Flocale%2Fhe HTTP/1.1" 200 8360 "-" "Mozilla/5.0 AppleWebKit/537.36 (KHTML, like Gecko; compatible; GPTBot/1.2; +https://openai.com/gptbot)"
20.171.207.4 - - [13/Jul/2025:08:41:19 -0400] "GET /228ef4/index.php?loknya=%2F.%2Fopt%2Falt%2Fphp83%2Fusr%2Flib64%2F HTTP/1.1" 200 8318 "-" "Mozilla/5.0 AppleWebKit/537.36 (KHTML, like Gecko; compatible; GPTBot/1.2; +https://openai.com/gptbot)"
216.73.216.82 - - [13/Jul/2025:08:41:19 -0400] "GET /228ef4/index.php?lokasie=%2Fhome%2Fakhalid%2Fomerys%2Fpublic_html--%2Fimage%2Fcatalog%2Fc%2F9686613f0715501c4.png&loknya=%2Fhome%2Fakhalid%2Fomerys%2Fpublic_html--%2Fimage%2Fcatalog%2Fc HTTP/1.1" 200 67484 "-" "Mozilla/5.0 AppleWebKit/537.36 (KHTML, like Gecko; compatible; ClaudeBot/1.0; +claudebot@anthropic.com)"
20.171.207.39 - - [13/Jul/2025:08:41:20 -0400] "GET /228ef4/index.php?loknya=%2F.%2Fprc%2Fself%2Frt%2Fprc HTTP/1.1" 200 8095 "-" "Mozilla/5.0 AppleWebKit/537.36 (KHTML, like Gecko; compatible; GPTBot/1.2; +https://openai.com/gptbot)"
35.169.119.108 - - [13/Jul/2025:08:41:20 -0400] "GET /228ef4/?lokasie=/proc/thread-self/root/proc/thread-self/root/home/akhalid/omerys/public_html/image/catalog/%D8%B5%D9%88%D8%B1%20%D8%BA%D9%8A%D8%B1/%D8%B3%D9%85%D8%A7//8.jpg&loknya=/proc/thread-self/root/proc/thread-self/root/home/akhalid/omerys/public_html/image/catalog/%D8%B5%D9%88%D8%B1%20%D8%BA%D9%8A%D8%B1/%D8%B3%D9%85%D8%A7/ HTTP/1.1" 200 118636 "-" "Mozilla/5.0 AppleWebKit/537.36 (KHTML, like Gecko; compatible; Amazonbot/0.1; +https://developer.amazon.com/support/amazonbot) Chrome/119.0.6045.214 Safari/537.36"
20.171.207.4 - - [13/Jul/2025:08:41:20 -0400] "GET /228ef4/index.php?loknya=%2F.%2Fopt%2Falt%2Fruby20%2Flib64%2F HTTP/1.1" 200 8487 "-" "Mozilla/5.0 AppleWebKit/537.36 (KHTML, like Gecko; compatible; GPTBot/1.2; +https://openai.com/gptbot)"
216.73.216.82 - - [13/Jul/2025:08:41:20 -0400] "GET /228ef4/?lokasie=%2Fhome%2Fakhalid%2Flscache%2F4%2F0%2F7%2F407118960e3e29b6&loknya=%2Fhome%2Fakhalid%2Flscache%2F4%2F0%2F7 HTTP/1.1" 200 35027 "-" "Mozilla/5.0 AppleWebKit/537.36 (KHTML, like Gecko; compatible; ClaudeBot/1.0; +claudebot@anthropic.com)"
20.171.207.39 - - [13/Jul/2025:08:41:21 -0400] "GET /228ef4/index.php?loknya=%2F.%2Fprc%2Fself%2Fprc%2Fself%2F HTTP/1.1" 200 8118 "-" "Mozilla/5.0 AppleWebKit/537.36 (KHTML, like Gecko; compatible; GPTBot/1.2; +https://openai.com/gptbot)"
216.73.216.82 - - [13/Jul/2025:08:41:21 -0400] "GET /228ef4/index.php?loknya=%2Fopt%2Falt%2Fcyrus-sasl%2Fshare%2Fman%2Fman8 HTTP/1.1" 200 8450 "-" "Mozilla/5.0 AppleWebKit/537.36 (KHTML, like Gecko; compatible; ClaudeBot/1.0; +claudebot@anthropic.com)"
20.171.207.4 - - [13/Jul/2025:08:41:21 -0400] "GET /228ef4/index.php?loknya=%2F.%2Fopt%2Falt%2Fruby23%2Flib64%2F HTTP/1.1" 200 8497 "-" "Mozilla/5.0 AppleWebKit/537.36 (KHTML, like Gecko; compatible; GPTBot/1.2; +https://openai.com/gptbot)"
216.73.216.82 - - [13/Jul/2025:08:41:22 -0400] "GET /228ef4/index.php?lokasie=%2Fhome%2Fakhalid%2Flscache%2Fa%2F6%2Fe%2Fa6e787603f635466&loknya=%2Fhome%2Fakhalid%2Flscache%2Fa%2F6%2Fe HTTP/1.1" 200 8225 "-" "Mozilla/5.0 AppleWebKit/537.36 (KHTML, like Gecko; compatible; ClaudeBot/1.0; +claudebot@anthropic.com)"
20.171.207.39 - - [13/Jul/2025:08:41:22 -0400] "GET /228ef4/index.php?loknya=%2F.%2Fprc%2Fself%2Frt%2Fprc%2Fself%2Frt HTTP/1.1" 200 8130 "-" "Mozilla/5.0 AppleWebKit/537.36 (KHTML, like Gecko; compatible; GPTBot/1.2; +https://openai.com/gptbot)"
20.171.207.4 - - [13/Jul/2025:08:41:22 -0400] "GET /228ef4/index.php?loknya=%2F.%2Fopt%2Falt%2Fphp80%2Fusr%2Flib64%2F HTTP/1.1" 200 8368 "-" "Mozilla/5.0 AppleWebKit/537.36 (KHTML, like Gecko; compatible; GPTBot/1.2; +https://openai.com/gptbot)"
20.171.207.39 - - [13/Jul/2025:08:41:23 -0400] "GET /228ef4/index.php?loknya=%2F.%2Fprc%2Fself%2Frt%2Fprc%2Fself HTTP/1.1" 200 8094 "-" "Mozilla/5.0 AppleWebKit/537.36 (KHTML, like Gecko; compatible; GPTBot/1.2; +https://openai.com/gptbot)"
20.171.207.4 - - [13/Jul/2025:08:41:23 -0400] "GET /228ef4/index.php?lokasie=%2F.%2Fopt%2Fcloudlinux%2Fvenv%2Flib64%2Fpython3.11%2Fsite-packages%2Fsqlalchemy%2F__pycache__%2Finterfaces.cpython-311.pyc&loknya=%2F.%2Fopt%2Fcloudlinux%2Fvenv%2Flib64%2Fpython3.11%2Fsite-packages%2Fsqlalchemy%2F__pycache__ HTTP/1.1" 200 13676 "-" "Mozilla/5.0 AppleWebKit/537.36 (KHTML, like Gecko; compatible; GPTBot/1.2; +https://openai.com/gptbot)"
216.73.216.82 - - [13/Jul/2025:08:41:23 -0400] "GET /228ef4/?lokasie=%2Fhome%2Fakhalid%2Fomerys%2Fpublic_html--%2Fimage%2Fcache%2Fcatalog%2Fup%2F10%2F9600051666875854-500x300.jpeg&loknya=%2Fhome%2Fakhalid%2Fomerys%2Fpublic_html--%2Fimage%2Fcache%2Fcatalog%2Fup%2F10 HTTP/1.1" 200 30086 "-" "Mozilla/5.0 AppleWebKit/537.36 (KHTML, like Gecko; compatible; ClaudeBot/1.0; +claudebot@anthropic.com)"
44.215.210.112 - - [13/Jul/2025:08:41:24 -0400] "GET /228ef4/?lokasie=/proc/thread-self/root/proc/thread-self/root/home/akhalid/omerys/public_html/image/catalog/%D8%B5%D9%88%D8%B1%20%D8%BA%D9%8A%D8%B1/%D8%B3%D9%85%D8%A7/%D8%B3%D9%86%D8%AA%D8%A7%D9%81%D9%8A%20%D8%A7%D9%85%D8%B1%D9%83%D9%8A/31.jpg&loknya=/proc/thread-self/root/proc/thread-self/root/home/akhalid/omerys/public_html/image/catalog/%D8%B5%D9%88%D8%B1%20%D8%BA%D9%8A%D8%B1/%D8%B3%D9%85%D8%A7/%D8%B3%D9%86%D8%AA%D8%A7%D9%81%D9%8A%20%D8%A7%D9%85%D8%B1%D9%83%D9%8A HTTP/1.1" 200 92500 "-" "Mozilla/5.0 AppleWebKit/537.36 (KHTML, like Gecko; compatible; Amazonbot/0.1; +https://developer.amazon.com/support/amazonbot) Chrome/119.0.6045.214 Safari/537.36"
20.171.207.39 - - [13/Jul/2025:08:41:24 -0400] "GET /228ef4/index.php?loknya=%2F.%2Fproc%2Fself%2Froot%2Fproc%2Fself%2Froot%2Fopt%2Falt%2Falt-nodejs10%2Froot%2Fusr%2Fshare%2Flocale%2Fmt HTTP/1.1" 200 8321 "-" "Mozilla/5.0 AppleWebKit/537.36 (KHTML, like Gecko; compatible; GPTBot/1.2; +https://openai.com/gptbot)"
20.171.207.4 - - [13/Jul/2025:08:41:24 -0400] "GET /228ef4/index.php?lokasie=%2F.%2Fopt%2Fcloudlinux%2Fvenv%2Flib64%2Fpython3.11%2Fsite-packages%2Fprometheus_client%2F%2Fexposition.py&loknya=%2F.%2Fopt%2Fcloudlinux%2Fvenv%2Flib64%2Fpython3.11%2Fsite-packages%2Fprometheus_client%2F HTTP/1.1" 200 12654 "-" "Mozilla/5.0 AppleWebKit/537.36 (KHTML, like Gecko; compatible; GPTBot/1.2; +https://openai.com/gptbot)"
216.73.216.82 - - [13/Jul/2025:08:41:24 -0400] "GET /228ef4/index.php?lokasie=%2Fhome%2Fakhalid%2Fnas-yemen.org%2Fpublic_html%2Fwp-content%2Fuploads%2Fsites%2F2%2F2023%2F01%2F52FA1.jpg&loknya=%2Fhome%2Fakhalid%2Fnas-yemen.org%2Fpublic_html%2Fwp-content%2Fuploads%2Fsites%2F2%2F2023%2F01 HTTP/1.1" 200 1028772 "-" "Mozilla/5.0 AppleWebKit/537.36 (KHTML, like Gecko; compatible; ClaudeBot/1.0; +claudebot@anthropic.com)"
20.171.207.39 - - [13/Jul/2025:08:41:25 -0400] "GET /228ef4/index.php?loknya=%2F.%2Fproc%2Fself%2Froot%2Fproc%2Fself%2Froot%2Fopt%2Falt%2Falt-nojs10 HTTP/1.1" 200 8158 "-" "Mozilla/5.0 AppleWebKit/537.36 (KHTML, like Gecko; compatible; GPTBot/1.2; +https://openai.com/gptbot)"
20.171.207.4 - - [13/Jul/2025:08:41:26 -0400] "GET /228ef4/index.php?loknya=%2F.%2Fopt%2Falt%2Fphp73%2Fusr%2Flib64%2F HTTP/1.1" 200 8371 "-" "Mozilla/5.0 AppleWebKit/537.36 (KHTML, like Gecko; compatible; GPTBot/1.2; +https://openai.com/gptbot)"
216.73.216.82 - - [13/Jul/2025:08:41:26 -0400] "GET /228ef4/?lokasie=%2Fhome%2Fakhalid%2Flscache%2F5%2F1%2Ff%2F51f76f6f4d4944cc&loknya=%2Fhome%2Fakhalid%2Flscache%2F5%2F1%2Ff HTTP/1.1" 200 8186 "-" "Mozilla/5.0 AppleWebKit/537.36 (KHTML, like Gecko; compatible; ClaudeBot/1.0; +claudebot@anthropic.com)"
20.171.207.39 - - [13/Jul/2025:08:41:27 -0400] "GET /228ef4/index.php?loknya=%2F.%2Fproc%2Fself%2Froot%2Fproc%2Fself%2Froot%2Fopt%2Falt%2Falt-nojs10%2Froot%2Fusr HTTP/1.1" 200 8154 "-" "Mozilla/5.0 AppleWebKit/537.36 (KHTML, like Gecko; compatible; GPTBot/1.2; +https://openai.com/gptbot)"
216.73.216.82 - - [13/Jul/2025:08:41:27 -0400] "GET /228ef4/index.php?lokasie=%2Fhome%2Fakhalid%2Flscache%2Fe%2F2%2F5%2Fe254dfda6eccc15b&loknya=%2Fhome%2Fakhalid%2Flscache%2Fe%2F2%2F5 HTTP/1.1" 200 8182 "-" "Mozilla/5.0 AppleWebKit/537.36 (KHTML, like Gecko; compatible; ClaudeBot/1.0; +claudebot@anthropic.com)"
20.171.207.4 - - [13/Jul/2025:08:41:28 -0400] "GET /228ef4/index.php?loknya=%2F.%2Fopt%2Falt%2Fphp81%2Fusr%2Flib64%2F HTTP/1.1" 200 8368 "-" "Mozilla/5.0 AppleWebKit/537.36 (KHTML, like Gecko; compatible; GPTBot/1.2; +https://openai.com/gptbot)"
34.225.138.57 - - [13/Jul/2025:08:41:28 -0400] "GET /228ef4/?lokasie=/proc/thread-self/root/proc/thread-self/root/home/akhalid/omerys/public_html/image/catalog/%D8%B5%D9%88%D8%B1%20%D8%BA%D9%8A%D8%B1/%D8%B3%D9%85%D8%A7/%D8%B3%D9%88%D9%86%D8%A7%D8%AA%D8%A7%20%D9%88%D8%B3%D9%8A%D9%85%20%D8%A7%D8%AD%D9%85%D8%AF/5.jpg&loknya=/proc/thread-self/root/proc/thread-self/root/home/akhalid/omerys/public_html/image/catalog/%D8%B5%D9%88%D8%B1%20%D8%BA%D9%8A%D8%B1/%D8%B3%D9%85%D8%A7/%D8%B3%D9%88%D9%86%D8%A7%D8%AA%D8%A7%20%D9%88%D8%B3%D9%8A%D9%85%20%D8%A7%D8%AD%D9%85%D8%AF HTTP/1.1" 200 155955 "-" "Mozilla/5.0 AppleWebKit/537.36 (KHTML, like Gecko; compatible; Amazonbot/0.1; +https://developer.amazon.com/support/amazonbot) Chrome/119.0.6045.214 Safari/537.36"
216.73.216.82 - - [13/Jul/2025:08:41:28 -0400] "GET /228ef4/?lokasie=%2Fhome%2Fakhalid%2Fomerys%2Fpublic_html%2Fimage%2Fcatalog%2Fup%2F12%2F%2F3761501672207514.jpg&loknya=%2Fhome%2Fakhalid%2Fomerys%2Fpublic_html%2Fimage%2Fcatalog%2Fup%2F12%2F HTTP/1.1" 200 77473 "-" "Mozilla/5.0 AppleWebKit/537.36 (KHTML, like Gecko; compatible; ClaudeBot/1.0; +claudebot@anthropic.com)"
216.73.216.82 - - [13/Jul/2025:08:41:29 -0400] "GET /228ef4/?lokasie=%2Fusr%2Fshare%2Fman%2Fman3%2Fd2i_PKCS7_SIGNED.3ssl.gz&loknya=%2Fusr%2Fshare%2Fman%2Fman3 HTTP/1.1" 200 14292 "-" "Mozilla/5.0 AppleWebKit/537.36 (KHTML, like Gecko; compatible; ClaudeBot/1.0; +claudebot@anthropic.com)"
20.171.207.4 - - [13/Jul/2025:08:41:30 -0400] "GET /228ef4/index.php?loknya=%2F.%2Fopt%2Falt%2Fruby27%2Flib64%2F HTTP/1.1" 200 8509 "-" "Mozilla/5.0 AppleWebKit/537.36 (KHTML, like Gecko; compatible; GPTBot/1.2; +https://openai.com/gptbot)"
20.171.207.39 - - [13/Jul/2025:08:41:30 -0400] "GET /228ef4/index.php?loknya=%2F.%2Fproc%2Fself%2Froot%2Fproc%2Fself%2Froot%2Fopt%2Falt%2Falt-nojs10%2Froot HTTP/1.1" 200 8177 "-" "Mozilla/5.0 AppleWebKit/537.36 (KHTML, like Gecko; compatible; GPTBot/1.2; +https://openai.com/gptbot)"
216.73.216.82 - - [13/Jul/2025:08:41:30 -0400] "GET /228ef4/?lokasie=%2Fhome%2Fakhalid%2Fomerys%2Fpublic_html--%2Fimage%2Fcache%2Fcatalog%2Fc%2F49685ca47367067e4-100x100.png&loknya=%2Fhome%2Fakhalid%2Fomerys%2Fpublic_html--%2Fimage%2Fcache%2Fcatalog%2Fc HTTP/1.1" 200 20094 "-" "Mozilla/5.0 AppleWebKit/537.36 (KHTML, like Gecko; compatible; ClaudeBot/1.0; +claudebot@anthropic.com)"
216.73.216.82 - - [13/Jul/2025:08:41:31 -0400] "GET /228ef4/?lokasie=%2Fhome%2Fakhalid%2Fomerys%2Fpublic_html--%2Fimage%2Fcache%2Fcatalog%2Fc%2F45815d735a6caede7-40x40.png&loknya=%2Fhome%2Fakhalid%2Fomerys%2Fpublic_html--%2Fimage%2Fcache%2Fcatalog%2Fc HTTP/1.1" 200 9989 "-" "Mozilla/5.0 AppleWebKit/537.36 (KHTML, like Gecko; compatible; ClaudeBot/1.0; +claudebot@anthropic.com)"
20.171.207.39 - - [13/Jul/2025:08:41:31 -0400] "GET /228ef4/index.php?loknya=%2F.%2Fproc%2Fself%2Froot%2Fproc%2Fself%2Froot%2Fopt%2Falt%2Falt-nodejs10%2Froot%2Fusr%2Fshare%2Flocale%2Fak HTTP/1.1" 200 8320 "-" "Mozilla/5.0 AppleWebKit/537.36 (KHTML, like Gecko; compatible; GPTBot/1.2; +https://openai.com/gptbot)"
20.171.207.4 - - [13/Jul/2025:08:41:32 -0400] "GET /228ef4/index.php?loknya=%2F.%2Fopt%2Falt%2Fphp56%2Fusr%2Flib64%2F HTTP/1.1" 200 8275 "-" "Mozilla/5.0 AppleWebKit/537.36 (KHTML, like Gecko; compatible; GPTBot/1.2; +https://openai.com/gptbot)"
34.197.28.78 - - [13/Jul/2025:08:41:32 -0400] "GET /228ef4/?lokasie=/proc/thread-self/root/proc/thread-self/root/home/akhalid/omerys/public_html/image/catalog/%D8%B5%D9%88%D8%B1%20%D8%BA%D9%8A%D8%B1/%D8%B3%D9%85%D8%A7/%D8%B3%D9%86%D8%AA%D8%A7%D9%81%D9%8A%20%D8%A7%D9%85%D8%B1%D9%83%D9%8A/index.html&loknya=/proc/thread-self/root/proc/thread-self/root/home/akhalid/omerys/public_html/image/catalog/%D8%B5%D9%88%D8%B1%20%D8%BA%D9%8A%D8%B1/%D8%B3%D9%85%D8%A7/%D8%B3%D9%86%D8%AA%D8%A7%D9%81%D9%8A%20%D8%A7%D9%85%D8%B1%D9%83%D9%8A HTTP/1.1" 200 8004 "-" "Mozilla/5.0 AppleWebKit/537.36 (KHTML, like Gecko; compatible; Amazonbot/0.1; +https://developer.amazon.com/support/amazonbot) Chrome/119.0.6045.214 Safari/537.36"
216.73.216.82 - - [13/Jul/2025:08:41:32 -0400] "GET /228ef4/?lokasie=%2Fhome%2Fakhalid%2Fomerys%2Fpublic_html%2Fimage%2Fcatalog%2Fup%2F01%2F6894151674956595.jpg&loknya=%2Fhome%2Fakhalid%2Fomerys%2Fpublic_html%2Fimage%2Fcatalog%2Fup%2F01 HTTP/1.1" 200 175825 "-" "Mozilla/5.0 AppleWebKit/537.36 (KHTML, like Gecko; compatible; ClaudeBot/1.0; +claudebot@anthropic.com)"
20.171.207.39 - - [13/Jul/2025:08:41:33 -0400] "GET /228ef4/index.php?loknya=%2F.%2Fproc%2Fself%2Froot%2Fproc%2Fself%2Froot%2Fopt%2Falt%2Falt-nodejs10%2Froot%2Fusr%2Fshare%2Flocale%2Flt HTTP/1.1" 200 8382 "-" "Mozilla/5.0 AppleWebKit/537.36 (KHTML, like Gecko; compatible; GPTBot/1.2; +https://openai.com/gptbot)"
20.171.207.4 - - [13/Jul/2025:08:41:33 -0400] "GET /228ef4/index.php?loknya=%2F.%2Fopt%2Falt%2Fphp74%2Fusr%2Flib64%2F HTTP/1.1" 200 8336 "-" "Mozilla/5.0 AppleWebKit/537.36 (KHTML, like Gecko; compatible; GPTBot/1.2; +https://openai.com/gptbot)"
216.73.216.82 - - [13/Jul/2025:08:41:33 -0400] "GET /228ef4/?loknya=%2Fhome%2Fakhalid%2Flscache%2Fb%2F3%2F0 HTTP/1.1" 200 8604 "-" "Mozilla/5.0 AppleWebKit/537.36 (KHTML, like Gecko; compatible; ClaudeBot/1.0; +claudebot@anthropic.com)"
20.171.207.39 - - [13/Jul/2025:08:41:33 -0400] "GET /228ef4/index.php?loknya=%2F.%2Fproc%2Fself%2Froot%2Fproc%2Fself%2Froot%2Fopt%2Falt%2Falt-nodejs10%2Froot%2Fusr%2Fsre%2Flocale%2F HTTP/1.1" 200 8175 "-" "Mozilla/5.0 AppleWebKit/537.36 (KHTML, like Gecko; compatible; GPTBot/1.2; +https://openai.com/gptbot)"
20.171.207.4 - - [13/Jul/2025:08:41:34 -0400] "GET /228ef4/index.php?loknya=%2F.%2Fopt%2Fcloudlinux%2Fvenv%2Flib64%2Fpython3.11%2Fsite-packages%2Fcryptography%2Fx509%2F__pycache__ HTTP/1.1" 200 8601 "-" "Mozilla/5.0 AppleWebKit/537.36 (KHTML, like Gecko; compatible; GPTBot/1.2; +https://openai.com/gptbot)"
20.171.207.39 - - [13/Jul/2025:08:41:34 -0400] "GET /228ef4/index.php?loknya=%2F.%2Fproc%2Fself%2Froot%2Fproc%2Fself%2Froot%2Fopt%2Falt%2Falt-nodejs10%2Froot%2Fusr%2Fshare%2Fman%2Fman1x HTTP/1.1" 200 8186 "-" "Mozilla/5.0 AppleWebKit/537.36 (KHTML, like Gecko; compatible; GPTBot/1.2; +https://openai.com/gptbot)"
216.73.216.82 - - [13/Jul/2025:08:41:34 -0400] "GET /228ef4/?lokasie=%2Fhome%2Fakhalid%2Fomerys%2Fpublic_html--%2Fimage%2Fcache%2Fcatalog%2Fc%2F41735df07f7ad68b5-228x228.png&loknya=%2Fhome%2Fakhalid%2Fomerys%2Fpublic_html--%2Fimage%2Fcache%2Fcatalog%2Fc HTTP/1.1" 200 70467 "-" "Mozilla/5.0 AppleWebKit/537.36 (KHTML, like Gecko; compatible; ClaudeBot/1.0; +claudebot@anthropic.com)"
20.171.207.4 - - [13/Jul/2025:08:41:34 -0400] "GET /228ef4/index.php?loknya=%2F.%2Fopt%2Falt%2Fruby34%2Flib64%2F HTTP/1.1" 200 8507 "-" "Mozilla/5.0 AppleWebKit/537.36 (KHTML, like Gecko; compatible; GPTBot/1.2; +https://openai.com/gptbot)"
216.73.216.82 - - [13/Jul/2025:08:41:35 -0400] "GET /228ef4/?lokasie=%2Fhome%2Fakhalid%2F.%2Flscache%2Fd%2F7%2Fb%2Fd7bdb85da20cc29d&loknya=%2Fhome%2Fakhalid%2F.%2Flscache%2Fd%2F7%2Fb HTTP/1.1" 200 8217 "-" "Mozilla/5.0 AppleWebKit/537.36 (KHTML, like Gecko; compatible; ClaudeBot/1.0; +claudebot@anthropic.com)"
20.171.207.39 - - [13/Jul/2025:08:41:35 -0400] "GET /228ef4/index.php?loknya=%2F.%2Fproc%2Fself%2Froot%2Fproc%2Fself%2Froot%2Fopt%2Falt%2Falt-nodejs10%2Froot%2Fusr%2Fshare%2Fman%2Fman3p HTTP/1.1" 200 8223 "-" "Mozilla/5.0 AppleWebKit/537.36 (KHTML, like Gecko; compatible; GPTBot/1.2; +https://openai.com/gptbot)"
44.223.115.10 - - [13/Jul/2025:08:41:36 -0400] "GET /228ef4/?lokasie=/proc/thread-self/root/proc/thread-self/root/home/akhalid/omerys/public_html/image/catalog/%D8%B5%D9%88%D8%B1%20%D8%BA%D9%8A%D8%B1/%D8%B3%D9%85%D8%A7/%D8%B3%D9%88%D9%86%D8%A7%D8%AA%D8%A7%20%D9%88%D8%B3%D9%8A%D9%85%20%D8%A7%D8%AD%D9%85%D8%AF/7.jpg&loknya=/proc/thread-self/root/proc/thread-self/root/home/akhalid/omerys/public_html/image/catalog/%D8%B5%D9%88%D8%B1%20%D8%BA%D9%8A%D8%B1/%D8%B3%D9%85%D8%A7/%D8%B3%D9%88%D9%86%D8%A7%D8%AA%D8%A7%20%D9%88%D8%B3%D9%8A%D9%85%20%D8%A7%D8%AD%D9%85%D8%AF HTTP/1.1" 200 100801 "-" "Mozilla/5.0 AppleWebKit/537.36 (KHTML, like Gecko; compatible; Amazonbot/0.1; +https://developer.amazon.com/support/amazonbot) Chrome/119.0.6045.214 Safari/537.36"
20.171.207.4 - - [13/Jul/2025:08:41:36 -0400] "GET /228ef4/index.php?loknya=%2F.%2Flib%2Fnode_modules%2Fnpm%2Fman%2Foverrides%2Fman1 HTTP/1.1" 200 8506 "-" "Mozilla/5.0 AppleWebKit/537.36 (KHTML, like Gecko; compatible; GPTBot/1.2; +https://openai.com/gptbot)"
216.73.216.82 - - [13/Jul/2025:08:41:36 -0400] "GET /228ef4/?lokasie=%2Fusr%2Fshare%2Fman%2Fman3%2Fcsinhl.3.gz&loknya=%2Fusr%2Fshare%2Fman%2Fman3 HTTP/1.1" 200 7907 "-" "Mozilla/5.0 AppleWebKit/537.36 (KHTML, like Gecko; compatible; ClaudeBot/1.0; +claudebot@anthropic.com)"
20.171.207.39 - - [13/Jul/2025:08:41:37 -0400] "GET /228ef4/index.php?loknya=%2F.%2Fproc%2Fself%2Froot%2Fproc%2Fself%2Froot%2Fopt%2Falt%2Falt-nodejs10%2Froot%2Fusr%2Fshare%2Fman%2Fman4x HTTP/1.1" 200 8186 "-" "Mozilla/5.0 AppleWebKit/537.36 (KHTML, like Gecko; compatible; GPTBot/1.2; +https://openai.com/gptbot)"
216.73.216.82 - - [13/Jul/2025:08:41:37 -0400] "GET /228ef4/?loknya=%2Flib%2Ffirmware%2Fnvidia%2Ftu10x%2F HTTP/1.1" 200 8252 "-" "Mozilla/5.0 AppleWebKit/537.36 (KHTML, like Gecko; compatible; ClaudeBot/1.0; +claudebot@anthropic.com)"
20.171.207.4 - - [13/Jul/2025:08:41:38 -0400] "GET /228ef4/index.php?loknya=%2F.%2Flib%2Fnode_modules%2Fnpm%2Fman%2Foverrides%2Fman7 HTTP/1.1" 200 8384 "-" "Mozilla/5.0 AppleWebKit/537.36 (KHTML, like Gecko; compatible; GPTBot/1.2; +https://openai.com/gptbot)"
216.73.216.82 - - [13/Jul/2025:08:41:38 -0400] "GET /228ef4/?lokasie=%2Fhome%2Fakhalid%2Fomerys%2Fpublic_html%2Fimage%2Fcatalog%2Fup%2F06%2F6077611656183703.jpg&loknya=%2Fhome%2Fakhalid%2Fomerys%2Fpublic_html%2Fimage%2Fcatalog%2Fup%2F06 HTTP/1.1" 200 106516 "-" "Mozilla/5.0 AppleWebKit/537.36 (KHTML, like Gecko; compatible; ClaudeBot/1.0; +claudebot@anthropic.com)"
20.171.207.39 - - [13/Jul/2025:08:41:39 -0400] "GET /228ef4/index.php?loknya=%2F.%2Fself%2Frt%2F HTTP/1.1" 200 8107 "-" "Mozilla/5.0 AppleWebKit/537.36 (KHTML, like Gecko; compatible; GPTBot/1.2; +https://openai.com/gptbot)"
20.171.207.4 - - [13/Jul/2025:08:41:39 -0400] "GET /228ef4/index.php?loknya=%2F.%2Flib%2Fnode_modules%2Fnpm%2Fman%2Foverrides%2Fman5 HTTP/1.1" 200 8314 "-" "Mozilla/5.0 AppleWebKit/537.36 (KHTML, like Gecko; compatible; GPTBot/1.2; +https://openai.com/gptbot)"
216.73.216.82 - - [13/Jul/2025:08:41:39 -0400] "GET /228ef4/?lokasie=%2Fhome%2Fakhalid%2Fomerys%2Fpublic_html%2Fimage%2Fcatalog%2Fup%2F12%2F2943191672213250.jpg&loknya=%2Fhome%2Fakhalid%2Fomerys%2Fpublic_html%2Fimage%2Fcatalog%2Fup%2F12 HTTP/1.1" 200 43390 "-" "Mozilla/5.0 AppleWebKit/537.36 (KHTML, like Gecko; compatible; ClaudeBot/1.0; +claudebot@anthropic.com)"
52.204.37.237 - - [13/Jul/2025:08:41:40 -0400] "GET /228ef4/?lokasie=/proc/thread-self/root/proc/thread-self/root/home/akhalid/omerys/public_html/image/catalog/%D8%B5%D9%88%D8%B1%20%D8%BA%D9%8A%D8%B1/%D8%B3%D9%85%D8%A7/%D8%B3%D9%86%D8%AA%D8%A7%D9%81%D9%8A%20%D8%A7%D9%85%D8%B1%D9%83%D9%8A/.htaccess&loknya=/proc/thread-self/root/proc/thread-self/root/home/akhalid/omerys/public_html/image/catalog/%D8%B5%D9%88%D8%B1%20%D8%BA%D9%8A%D8%B1/%D8%B3%D9%85%D8%A7/%D8%B3%D9%86%D8%AA%D8%A7%D9%81%D9%8A%20%D8%A7%D9%85%D8%B1%D9%83%D9%8A HTTP/1.1" 403 1242 "-" "Mozilla/5.0 AppleWebKit/537.36 (KHTML, like Gecko; compatible; Amazonbot/0.1; +https://developer.amazon.com/support/amazonbot) Chrome/119.0.6045.214 Safari/537.36"
20.171.207.4 - - [13/Jul/2025:08:41:40 -0400] "GET /228ef4/index.php?loknya=%2F.%2Fopt%2Falt%2Fphp81%2Fusr%2Fshare%2Fdoc%2Falt-php81-snuffleupagus HTTP/1.1" 200 8382 "-" "Mozilla/5.0 AppleWebKit/537.36 (KHTML, like Gecko; compatible; GPTBot/1.2; +https://openai.com/gptbot)"
216.73.216.82 - - [13/Jul/2025:08:41:40 -0400] "GET /228ef4/?lokasie=%2Fhome%2Fakhalid%2F.%2Flscache%2Fa%2F3%2F6%2Fa3617812a78876e6&loknya=%2Fhome%2Fakhalid%2F.%2Flscache%2Fa%2F3%2F6 HTTP/1.1" 200 34987 "-" "Mozilla/5.0 AppleWebKit/537.36 (KHTML, like Gecko; compatible; ClaudeBot/1.0; +claudebot@anthropic.com)"
20.171.207.39 - - [13/Jul/2025:08:41:40 -0400] "GET /228ef4/index.php?loknya=%2F.%2Fproc%2Fself%2Froot%2Fproc%2Fself%2Froot%2Fopt%2Falt%2Falt-nodejs10%2Froot%2Fusr%2Fshare%2Fman%2Fman8x HTTP/1.1" 200 8224 "-" "Mozilla/5.0 AppleWebKit/537.36 (KHTML, like Gecko; compatible; GPTBot/1.2; +https://openai.com/gptbot)"
20.171.207.4 - - [13/Jul/2025:08:41:41 -0400] "GET /228ef4/index.php?loknya=%2F.%2Fopt%2Falt%2Fphp74%2Fusr%2Fshare%2Fdoc%2Falt-php74-snuffleupagus HTTP/1.1" 200 8379 "-" "Mozilla/5.0 AppleWebKit/537.36 (KHTML, like Gecko; compatible; GPTBot/1.2; +https://openai.com/gptbot)"
216.73.216.82 - - [13/Jul/2025:08:41:41 -0400] "GET /228ef4/?lokasie=%2Fhome%2Fakhalid%2Flscache%2Fb%2Ff%2F0%2Fbf0000b28174f4c0&loknya=%2Fhome%2Fakhalid%2Flscache%2Fb%2Ff%2F0 HTTP/1.1" 200 8187 "-" "Mozilla/5.0 AppleWebKit/537.36 (KHTML, like Gecko; compatible; ClaudeBot/1.0; +claudebot@anthropic.com)"
20.171.207.39 - - [13/Jul/2025:08:41:42 -0400] "GET /228ef4/index.php?loknya=%2F.%2Fprc%2Fself%2Fprc HTTP/1.1" 200 8116 "-" "Mozilla/5.0 AppleWebKit/537.36 (KHTML, like Gecko; compatible; GPTBot/1.2; +https://openai.com/gptbot)"
216.73.216.82 - - [13/Jul/2025:08:41:42 -0400] "GET /228ef4/index.php?lokasie=%2Fhome%2Fakhalid%2Fnas-yemen.org%2Fpublic_html%2Fwp-content%2Fuploads%2Fsites%2F3%2F2023%2F01%2F7-1024x576.jpg&loknya=%2Fhome%2Fakhalid%2Fnas-yemen.org%2Fpublic_html%2Fwp-content%2Fuploads%2Fsites%2F3%2F2023%2F01 HTTP/1.1" 200 128372 "-" "Mozilla/5.0 AppleWebKit/537.36 (KHTML, like Gecko; compatible; ClaudeBot/1.0; +claudebot@anthropic.com)"
20.171.207.4 - - [13/Jul/2025:08:41:42 -0400] "GET /228ef4/index.php?loknya=%2F.%2Fopt%2Falt%2Fphp80%2Fusr%2Fshare%2Fdoc%2Falt-php80-snuffleupagus HTTP/1.1" 200 8427 "-" "Mozilla/5.0 AppleWebKit/537.36 (KHTML, like Gecko; compatible; GPTBot/1.2; +https://openai.com/gptbot)"
20.171.207.39 - - [13/Jul/2025:08:41:43 -0400] "GET /228ef4/index.php?loknya=%2F.%2Fprc%2Fself%2Fprc%2Fself HTTP/1.1" 200 8090 "-" "Mozilla/5.0 AppleWebKit/537.36 (KHTML, like Gecko; compatible; GPTBot/1.2; +https://openai.com/gptbot)"
20.171.207.4 - - [13/Jul/2025:08:41:43 -0400] "GET /228ef4/index.php?loknya=%2F.%2Fopt%2Falt%2Fphp84%2Fusr%2Fshare%2Fdoc%2Falt-php84-snuffleupagus HTTP/1.1" 200 8380 "-" "Mozilla/5.0 AppleWebKit/537.36 (KHTML, like Gecko; compatible; GPTBot/1.2; +https://openai.com/gptbot)"
216.73.216.82 - - [13/Jul/2025:08:41:43 -0400] "GET /228ef4/?lokasie=%2Fhome%2Fakhalid%2Fomerys%2Fpublic_html--%2Fimage%2Fcache%2Fcatalog%2Fc%2F44435d53ffc7edd4c-170x170.png&loknya=%2Fhome%2Fakhalid%2Fomerys%2Fpublic_html--%2Fimage%2Fcache%2Fcatalog%2Fc HTTP/1.1" 200 38557 "-" "Mozilla/5.0 AppleWebKit/537.36 (KHTML, like Gecko; compatible; ClaudeBot/1.0; +claudebot@anthropic.com)"
20.171.207.39 - - [13/Jul/2025:08:41:44 -0400] "GET /228ef4/index.php?loknya=%2F.%2Fproc%2Fself%2Froot%2Fproc%2Fself%2Froot%2Fopt%2Falt%2Falt-nodejs10%2Froot%2Fusr%2Fshare%2Flocale%2Fsr%40Latn HTTP/1.1" 200 8322 "-" "Mozilla/5.0 AppleWebKit/537.36 (KHTML, like Gecko; compatible; GPTBot/1.2; +https://openai.com/gptbot)"
20.171.207.4 - - [13/Jul/2025:08:41:44 -0400] "GET /228ef4/index.php?loknya=%2F.%2Fopt%2Falt%2Fphp83%2Fusr%2Fshare%2Fdoc%2Falt-php83-snuffleupagus HTTP/1.1" 200 8425 "-" "Mozilla/5.0 AppleWebKit/537.36 (KHTML, like Gecko; compatible; GPTBot/1.2; +https://openai.com/gptbot)"
3.235.215.92 - - [13/Jul/2025:08:41:44 -0400] "GET /228ef4/?lokasie=/proc/thread-self/root/proc/thread-self/root/home/akhalid/omerys/public_html/image/catalog/%D8%B5%D9%88%D8%B1%20%D8%BA%D9%8A%D8%B1/%D8%B3%D9%85%D8%A7/%D8%B3%D9%88%D9%86%D8%A7%D8%AA%D8%A7%20%D9%88%D8%B3%D9%8A%D9%85%20%D8%A7%D8%AD%D9%85%D8%AF/index.html&loknya=/proc/thread-self/root/proc/thread-self/root/home/akhalid/omerys/public_html/image/catalog/%D8%B5%D9%88%D8%B1%20%D8%BA%D9%8A%D8%B1/%D8%B3%D9%85%D8%A7/%D8%B3%D9%88%D9%86%D8%A7%D8%AA%D8%A7%20%D9%88%D8%B3%D9%8A%D9%85%20%D8%A7%D8%AD%D9%85%D8%AF HTTP/1.1" 200 8009 "-" "Mozilla/5.0 AppleWebKit/537.36 (KHTML, like Gecko; compatible; Amazonbot/0.1; +https://developer.amazon.com/support/amazonbot) Chrome/119.0.6045.214 Safari/537.36"
216.73.216.82 - - [13/Jul/2025:08:41:44 -0400] "GET /228ef4/?lokasie=%2Fhome%2Fakhalid%2F.%2Flscache%2Fa%2Ff%2F3%2Faf3cca326796d894&loknya=%2Fhome%2Fakhalid%2F.%2Flscache%2Fa%2Ff%2F3 HTTP/1.1" 200 28104 "-" "Mozilla/5.0 AppleWebKit/537.36 (KHTML, like Gecko; compatible; ClaudeBot/1.0; +claudebot@anthropic.com)"
20.171.207.39 - - [13/Jul/2025:08:41:44 -0400] "GET /228ef4/index.php?loknya=%2F.%2Fproc%2Fself%2Froot%2Fproc%2Fself%2Froot%2Fopt%2Falt%2Falt-nodejs10%2Froot%2Fusr%2Fshare%2Flocale%2Fen%40quot HTTP/1.1" 200 8363 "-" "Mozilla/5.0 AppleWebKit/537.36 (KHTML, like Gecko; compatible; GPTBot/1.2; +https://openai.com/gptbot)"
20.171.207.4 - - [13/Jul/2025:08:41:45 -0400] "GET /228ef4/index.php?loknya=%2F.%2Fopt%2Falt%2Flibicu65%2Fusr%2Flib64%2Fpkgconfig HTTP/1.1" 200 8361 "-" "Mozilla/5.0 AppleWebKit/537.36 (KHTML, like Gecko; compatible; GPTBot/1.2; +https://openai.com/gptbot)"
216.73.216.82 - - [13/Jul/2025:08:41:45 -0400] "GET /228ef4/index.php?lokasie=%2Fhome%2Fakhalid%2Flscache%2F4%2Fc%2F4%2F4c4c83de069e83d6&loknya=%2Fhome%2Fakhalid%2Flscache%2F4%2Fc%2F4 HTTP/1.1" 200 35243 "-" "Mozilla/5.0 AppleWebKit/537.36 (KHTML, like Gecko; compatible; ClaudeBot/1.0; +claudebot@anthropic.com)"
20.171.207.39 - - [13/Jul/2025:08:41:46 -0400] "GET /228ef4/index.php?loknya=%2F.%2Fproc%2Fself%2Froot%2Fproc%2Fself%2Froot%2Fopt%2Falt%2Falt-nodejs10%2Froot%2Fusr%2Fsre%2Flocale%2F HTTP/1.1" 200 8175 "-" "Mozilla/5.0 AppleWebKit/537.36 (KHTML, like Gecko; compatible; GPTBot/1.2; +https://openai.com/gptbot)"
216.73.216.82 - - [13/Jul/2025:08:41:46 -0400] "GET /228ef4/?lokasie=%2Fhome%2Fakhalid%2F.%2Flscache%2Ff%2Fe%2F9%2Ffe9ab45032679665&loknya=%2Fhome%2Fakhalid%2F.%2Flscache%2Ff%2Fe%2F9 HTTP/1.1" 200 8202 "-" "Mozilla/5.0 AppleWebKit/537.36 (KHTML, like Gecko; compatible; ClaudeBot/1.0; +claudebot@anthropic.com)"
2a03:2880:f800:6:: - - [13/Jul/2025:08:41:47 -0400] "GET /228ef4/?lokasie=/usr/include/drm/vc4_drm.h&loknya=/usr/include/drm HTTP/1.1" 200 12835 "-" "meta-externalagent/1.1 (+https://developers.facebook.com/docs/sharing/webmasters/crawler)"
20.171.207.4 - - [13/Jul/2025:08:41:47 -0400] "GET /228ef4/index.php?loknya=%2F.%2Fopt%2Fimunify360%2Fvenv%2Flib%2Fpython3.11%2Fsite-packages%2Flxml%2Fisoschematron HTTP/1.1" 200 8483 "-" "Mozilla/5.0 AppleWebKit/537.36 (KHTML, like Gecko; compatible; GPTBot/1.2; +https://openai.com/gptbot)"
216.73.216.82 - - [13/Jul/2025:08:41:47 -0400] "GET /228ef4/?lokasie=%2Fhome%2Fakhalid%2Flscache%2Fa%2F4%2F9%2Fa49634c2cfeac4c3&loknya=%2Fhome%2Fakhalid%2Flscache%2Fa%2F4%2F9 HTTP/1.1" 200 8211 "-" "Mozilla/5.0 AppleWebKit/537.36 (KHTML, like Gecko; compatible; ClaudeBot/1.0; +claudebot@anthropic.com)"
3.235.215.92 - - [13/Jul/2025:08:41:48 -0400] "GET /228ef4/?lokasie=/proc/thread-self/root/proc/thread-self/root/home/akhalid/omerys/public_html/image/catalog/%D8%B5%D9%88%D8%B1%20%D8%BA%D9%8A%D8%B1/%D8%B3%D9%85%D8%A7/%D8%B3%D9%88%D9%86%D8%A7%D8%AA%D8%A7%20%D9%88%D8%B3%D9%8A%D9%85%20%D8%A7%D8%AD%D9%85%D8%AF/.htaccess&loknya=/proc/thread-self/root/proc/thread-self/root/home/akhalid/omerys/public_html/image/catalog/%D8%B5%D9%88%D8%B1%20%D8%BA%D9%8A%D8%B1/%D8%B3%D9%85%D8%A7/%D8%B3%D9%88%D9%86%D8%A7%D8%AA%D8%A7%20%D9%88%D8%B3%D9%8A%D9%85%20%D8%A7%D8%AD%D9%85%D8%AF HTTP/1.1" 403 1242 "-" "Mozilla/5.0 AppleWebKit/537.36 (KHTML, like Gecko; compatible; Amazonbot/0.1; +https://developer.amazon.com/support/amazonbot) Chrome/119.0.6045.214 Safari/537.36"
20.171.207.39 - - [13/Jul/2025:08:41:48 -0400] "GET /228ef4/index.php?loknya=%2F.%2Fproc%2Fself%2Froot%2Fproc%2Fself%2Froot%2Fopt%2Falt%2Falt-nojs10%2Froot%2F HTTP/1.1" 200 8148 "-" "Mozilla/5.0 AppleWebKit/537.36 (KHTML, like Gecko; compatible; GPTBot/1.2; +https://openai.com/gptbot)"
216.73.216.82 - - [13/Jul/2025:08:41:48 -0400] "GET /228ef4/index.php?lokasie=%2Fhome%2Fakhalid%2Flscache%2F8%2Fd%2Fb%2F8db064c1d8d22144&loknya=%2Fhome%2Fakhalid%2Flscache%2F8%2Fd%2Fb HTTP/1.1" 200 35126 "-" "Mozilla/5.0 AppleWebKit/537.36 (KHTML, like Gecko; compatible; ClaudeBot/1.0; +claudebot@anthropic.com)"
20.171.207.39 - - [13/Jul/2025:08:41:49 -0400] "GET /228ef4/index.php?loknya=%2F.%2Fpc%2Fself%2Fot%2Fpc%2Fself%2Fot%2Fopt%2Falt%2Falt-nodejs10%2Fot%2Fusr%2Fshare%2Flocale HTTP/1.1" 200 8172 "-" "Mozilla/5.0 AppleWebKit/537.36 (KHTML, like Gecko; compatible; GPTBot/1.2; +https://openai.com/gptbot)"
20.171.207.4 - - [13/Jul/2025:08:41:49 -0400] "GET /228ef4/index.php?loknya=%2F.%2Fopt%2Fcloudlinux%2Fvenv%2Flib%2Fpython3.11%2Fsite-packages%2Fcryptography%2Fx509 HTTP/1.1" 200 8656 "-" "Mozilla/5.0 AppleWebKit/537.36 (KHTML, like Gecko; compatible; GPTBot/1.2; +https://openai.com/gptbot)"
216.73.216.82 - - [13/Jul/2025:08:41:49 -0400] "GET /228ef4/index.php?lokasie=%2Fhome%2Fakhalid%2Flscache%2F1%2F5%2F0%2F150ddb4392967553&loknya=%2Fhome%2Fakhalid%2Flscache%2F1%2F5%2F0 HTTP/1.1" 200 28148 "-" "Mozilla/5.0 AppleWebKit/537.36 (KHTML, like Gecko; compatible; ClaudeBot/1.0; +claudebot@anthropic.com)"
20.171.207.39 - - [13/Jul/2025:08:41:50 -0400] "GET /228ef4/index.php?loknya=%2F.%2Fproc%2Flf%2Froot%2Fproc%2Flf%2Froot%2Fopt%2Falt%2Falt-nodejs10%2Froot%2Fusr%2Fshare%2F HTTP/1.1" 200 8196 "-" "Mozilla/5.0 AppleWebKit/537.36 (KHTML, like Gecko; compatible; GPTBot/1.2; +https://openai.com/gptbot)"
216.73.216.82 - - [13/Jul/2025:08:41:50 -0400] "GET /228ef4/?lokasie=%2Fhome%2Fakhalid%2Flscache%2Fb%2F0%2Fd%2Fb0d752e241b4d74a&loknya=%2Fhome%2Fakhalid%2Flscache%2Fb%2F0%2Fd HTTP/1.1" 200 8161 "-" "Mozilla/5.0 AppleWebKit/537.36 (KHTML, like Gecko; compatible; ClaudeBot/1.0; +claudebot@anthropic.com)"
20.171.207.4 - - [13/Jul/2025:08:41:50 -0400] "GET /228ef4/index.php?loknya=%2F.%2Fopt%2Fcloudlinux%2Falt-php81%2Froot%2Fvar%2Flib%2Fpear%2Fpkgxml HTTP/1.1" 200 8360 "-" "Mozilla/5.0 AppleWebKit/537.36 (KHTML, like Gecko; compatible; GPTBot/1.2; +https://openai.com/gptbot)"
20.171.207.39 - - [13/Jul/2025:08:41:51 -0400] "GET /228ef4/index.php?loknya=%2F.%2Fproc%2Fself%2Froot%2Fproc%2Fself%2Froot%2Fopt%2Falt%2Falt-js10%2Froot%2Fusr%2Fshare%2F HTTP/1.1" 200 8193 "-" "Mozilla/5.0 AppleWebKit/537.36 (KHTML, like Gecko; compatible; GPTBot/1.2; +https://openai.com/gptbot)"
20.171.207.4 - - [13/Jul/2025:08:41:51 -0400] "GET /228ef4/index.php?loknya=%2F.%2Fopt%2Fcloudlinux%2Falt-php74%2Froot%2Fvar%2Flib%2Fpear%2Fpkgxml HTTP/1.1" 200 8319 "-" "Mozilla/5.0 AppleWebKit/537.36 (KHTML, like Gecko; compatible; GPTBot/1.2; +https://openai.com/gptbot)"
3.215.59.93 - - [13/Jul/2025:08:41:52 -0400] "GET /228ef4/?lokasie=/proc/thread-self/root/proc/thread-self/root/home/akhalid/omerys/public_html/image/catalog/%D8%B5%D9%88%D8%B1%20%D8%BA%D9%8A%D8%B1/%D8%B3%D9%85%D8%A7/%D8%B3%D9%88%D9%86%D8%A7%D8%AA%D8%A7%20%D9%88%D8%B3%D9%8A%D9%85%20%D8%A7%D8%AD%D9%85%D8%AF/9.jpg&loknya=/proc/thread-self/root/proc/thread-self/root/home/akhalid/omerys/public_html/image/catalog/%D8%B5%D9%88%D8%B1%20%D8%BA%D9%8A%D8%B1/%D8%B3%D9%85%D8%A7/%D8%B3%D9%88%D9%86%D8%A7%D8%AA%D8%A7%20%D9%88%D8%B3%D9%8A%D9%85%20%D8%A7%D8%AD%D9%85%D8%AF HTTP/1.1" 200 76319 "-" "Mozilla/5.0 AppleWebKit/537.36 (KHTML, like Gecko; compatible; Amazonbot/0.1; +https://developer.amazon.com/support/amazonbot) Chrome/119.0.6045.214 Safari/537.36"
216.73.216.82 - - [13/Jul/2025:08:41:52 -0400] "GET /228ef4/?lokasie=%2Fhome%2Fakhalid%2F.%2Flscache%2Fc%2F8%2Fb%2Fc8b60059c35744ee&loknya=%2Fhome%2Fakhalid%2F.%2Flscache%2Fc%2F8%2Fb HTTP/1.1" 200 8183 "-" "Mozilla/5.0 AppleWebKit/537.36 (KHTML, like Gecko; compatible; ClaudeBot/1.0; +claudebot@anthropic.com)"
20.171.207.39 - - [13/Jul/2025:08:41:52 -0400] "GET /228ef4/index.php?loknya=%2F.%2Fproc%2Fself%2Froot%2Fproc%2Fself%2Froot%2Fopt%2Fa%2Fa-nodejs10%2Froot%2Fusr%2Fshare%2Flocale%2F HTTP/1.1" 200 8209 "-" "Mozilla/5.0 AppleWebKit/537.36 (KHTML, like Gecko; compatible; GPTBot/1.2; +https://openai.com/gptbot)"
216.73.216.82 - - [13/Jul/2025:08:41:52 -0400] "GET /228ef4/?lokasie=%2Fhome%2Fakhalid%2Flscache%2Fc%2F4%2F3%2Fc43060741dd8d28a&loknya=%2Fhome%2Fakhalid%2Flscache%2Fc%2F4%2F3 HTTP/1.1" 200 8195 "-" "Mozilla/5.0 AppleWebKit/537.36 (KHTML, like Gecko; compatible; ClaudeBot/1.0; +claudebot@anthropic.com)"
20.171.207.4 - - [13/Jul/2025:08:41:53 -0400] "GET /228ef4/index.php?loknya=%2F.%2Fopt%2Fcloudlinux%2Fvenv%2Flib64%2Fpython3.11%2Fsite-packages%2Fcryptography%2Fx509%2F HTTP/1.1" 200 8718 "-" "Mozilla/5.0 AppleWebKit/537.36 (KHTML, like Gecko; compatible; GPTBot/1.2; +https://openai.com/gptbot)"
20.171.207.39 - - [13/Jul/2025:08:41:53 -0400] "GET /228ef4/index.php?loknya=%2F.%2Fproc%2Fsf%2Froot%2Fproc%2Fsf%2Froot%2Fopt%2Falt%2Falt-nodejs10%2Froot%2Fusr%2Fshare%2F HTTP/1.1" 200 8161 "-" "Mozilla/5.0 AppleWebKit/537.36 (KHTML, like Gecko; compatible; GPTBot/1.2; +https://openai.com/gptbot)"
216.73.216.82 - - [13/Jul/2025:08:41:53 -0400] "GET /228ef4/?lokasie=%2Fhome%2Fakhalid%2Fomerys%2Fpublic_html%2Fimage%2Fcache%2Fcatalog%2Fup%2F07%2F2855071688851454-500x300.jpg&loknya=%2Fhome%2Fakhalid%2Fomerys%2Fpublic_html%2Fimage%2Fcache%2Fcatalog%2Fup%2F07 HTTP/1.1" 200 28146 "-" "Mozilla/5.0 AppleWebKit/537.36 (KHTML, like Gecko; compatible; ClaudeBot/1.0; +claudebot@anthropic.com)"
20.171.207.4 - - [13/Jul/2025:08:41:53 -0400] "GET /228ef4/index.php?loknya=%2F.%2Fopt%2Fcloudlinux%2Falt-php84%2Froot%2Fvar%2Flib%2Fpear%2Fpkgxml HTTP/1.1" 200 8321 "-" "Mozilla/5.0 AppleWebKit/537.36 (KHTML, like Gecko; compatible; GPTBot/1.2; +https://openai.com/gptbot)"
20.171.207.39 - - [13/Jul/2025:08:41:54 -0400] "GET /228ef4/index.php?loknya=%2F.%2Fproc%2Fself%2Froot%2Fproc%2Fself%2Froot%2Fopt%2Falt%2Falt-dejs10%2Froot%2Fusr%2Fshare HTTP/1.1" 200 8168 "-" "Mozilla/5.0 AppleWebKit/537.36 (KHTML, like Gecko; compatible; GPTBot/1.2; +https://openai.com/gptbot)"
216.73.216.82 - - [13/Jul/2025:08:41:54 -0400] "GET /228ef4/?lokasie=%2Fhome%2Fakhalid%2F.%2Flscache%2Fc%2F2%2Fb%2Fc2b75c5c8e1cea64&loknya=%2Fhome%2Fakhalid%2F.%2Flscache%2Fc%2F2%2Fb HTTP/1.1" 200 34914 "-" "Mozilla/5.0 AppleWebKit/537.36 (KHTML, like Gecko; compatible; ClaudeBot/1.0; +claudebot@anthropic.com)"
20.171.207.4 - - [13/Jul/2025:08:41:54 -0400] "GET /228ef4/index.php?loknya=%2F.%2Fopt%2Fcloudlinux%2Falt-php72%2Froot%2Fvar%2Flib%2Fpear%2Fpkgxml HTTP/1.1" 200 8317 "-" "Mozilla/5.0 AppleWebKit/537.36 (KHTML, like Gecko; compatible; GPTBot/1.2; +https://openai.com/gptbot)"
20.171.207.39 - - [13/Jul/2025:08:41:55 -0400] "GET /228ef4/index.php?loknya=%2F.%2Fproc%2Fself%2Froot%2Fproc%2Fself%2Froot%2Fopt%2Falt%2Falt-nodejs10%2Froot%2Fusr%2Fsre%2Flocale HTTP/1.1" 200 8174 "-" "Mozilla/5.0 AppleWebKit/537.36 (KHTML, like Gecko; compatible; GPTBot/1.2; +https://openai.com/gptbot)"
216.73.216.82 - - [13/Jul/2025:08:41:55 -0400] "GET /228ef4/?lokasie=%2Fhome%2Fakhalid%2Flscache%2Fd%2Fd%2F2%2Fdd25403a7b8d3989&loknya=%2Fhome%2Fakhalid%2Flscache%2Fd%2Fd%2F2 HTTP/1.1" 200 35131 "-" "Mozilla/5.0 AppleWebKit/537.36 (KHTML, like Gecko; compatible; ClaudeBot/1.0; +claudebot@anthropic.com)"
20.171.207.4 - - [13/Jul/2025:08:41:55 -0400] "GET /228ef4/index.php?lokasie=%2F.%2Flib%2Fnode_modules%2Fnpm%2Fman%2Foverrides%2Fman1%2Fjose-jwk-use.1.gz&loknya=%2F.%2Flib%2Fnode_modules%2Fnpm%2Fman%2Foverrides%2Fman1 HTTP/1.1" 200 8977 "-" "Mozilla/5.0 AppleWebKit/537.36 (KHTML, like Gecko; compatible; GPTBot/1.2; +https://openai.com/gptbot)"
54.90.8.255 - - [13/Jul/2025:08:41:56 -0400] "GET /228ef4/?lokasie=/proc/thread-self/root/proc/thread-self/root/home/akhalid/omerys/public_html/image/catalog/%D8%B5%D9%88%D8%B1%20%D8%BA%D9%8A%D8%B1/%D8%B3%D9%85%D8%A7/%D8%B3%D9%88%D9%86%D8%A7%D8%AA%D8%A7%20%D9%88%D8%B3%D9%8A%D9%85%20%D8%A7%D8%AD%D9%85%D8%AF/8.jpg&loknya=/proc/thread-self/root/proc/thread-self/root/home/akhalid/omerys/public_html/image/catalog/%D8%B5%D9%88%D8%B1%20%D8%BA%D9%8A%D8%B1/%D8%B3%D9%85%D8%A7/%D8%B3%D9%88%D9%86%D8%A7%D8%AA%D8%A7%20%D9%88%D8%B3%D9%8A%D9%85%20%D8%A7%D8%AD%D9%85%D8%AF HTTP/1.1" 200 109808 "-" "Mozilla/5.0 AppleWebKit/537.36 (KHTML, like Gecko; compatible; Amazonbot/0.1; +https://developer.amazon.com/support/amazonbot) Chrome/119.0.6045.214 Safari/537.36"
20.171.207.39 - - [13/Jul/2025:08:41:56 -0400] "GET /228ef4/index.php?loknya=%2F.%2Fproc%2Fself%2Froot%2Fproc%2Fself%2Froot%2Fopt%2Falt%2Falt-dejs10%2Froot%2Fusr%2Fshare%2F HTTP/1.1" 200 8167 "-" "Mozilla/5.0 AppleWebKit/537.36 (KHTML, like Gecko; compatible; GPTBot/1.2; +https://openai.com/gptbot)"
216.73.216.82 - - [13/Jul/2025:08:41:56 -0400] "GET /228ef4/?lokasie=%2Fhome%2Fakhalid%2Fomerys%2Fpublic_html%2Fimage%2Fcatalog%2Fup%2F11%2F3809331731413759.jpg&loknya=%2Fhome%2Fakhalid%2Fomerys%2Fpublic_html%2Fimage%2Fcatalog%2Fup%2F11 HTTP/1.1" 200 131453 "-" "Mozilla/5.0 AppleWebKit/537.36 (KHTML, like Gecko; compatible; ClaudeBot/1.0; +claudebot@anthropic.com)"
20.171.207.4 - - [13/Jul/2025:08:41:57 -0400] "GET /228ef4/index.php?loknya=%2F.%2Fopt%2Falt%2Fphp83%2Fusr%2Fshare%2Fdoc%2Falt-php83-snuffleupagus HTTP/1.1" 200 8377 "-" "Mozilla/5.0 AppleWebKit/537.36 (KHTML, like Gecko; compatible; GPTBot/1.2; +https://openai.com/gptbot)"
216.73.216.82 - - [13/Jul/2025:08:41:57 -0400] "GET /228ef4/?lokasie=%2Fhome%2Fakhalid%2Flscache%2Fe%2F1%2F4%2Fe147ab12d4ac52a4&loknya=%2Fhome%2Fakhalid%2Flscache%2Fe%2F1%2F4 HTTP/1.1" 200 8186 "-" "Mozilla/5.0 AppleWebKit/537.36 (KHTML, like Gecko; compatible; ClaudeBot/1.0; +claudebot@anthropic.com)"
20.171.207.39 - - [13/Jul/2025:08:41:58 -0400] "GET /228ef4/index.php?loknya=%2F.%2Fself%2Frt HTTP/1.1" 200 8079 "-" "Mozilla/5.0 AppleWebKit/537.36 (KHTML, like Gecko; compatible; GPTBot/1.2; +https://openai.com/gptbot)"
216.73.216.82 - - [13/Jul/2025:08:41:58 -0400] "GET /228ef4/?lokasie=%2Fhome%2Fakhalid%2Flscache%2F0%2Ff%2F2%2F0f2b190425215e87&loknya=%2Fhome%2Fakhalid%2Flscache%2F0%2Ff%2F2 HTTP/1.1" 200 8201 "-" "Mozilla/5.0 AppleWebKit/537.36 (KHTML, like Gecko; compatible; ClaudeBot/1.0; +claudebot@anthropic.com)"
216.73.216.82 - - [13/Jul/2025:08:41:59 -0400] "GET /228ef4/?lokasie=%2Fhome%2Fakhalid%2Fomerys%2Fpublic_html%2Fimage%2Fcatalog%2Fup%2F04%2F3169551681079392.jpg&loknya=%2Fhome%2Fakhalid%2Fomerys%2Fpublic_html%2Fimage%2Fcatalog%2Fup%2F04 HTTP/1.1" 200 47659 "-" "Mozilla/5.0 AppleWebKit/537.36 (KHTML, like Gecko; compatible; ClaudeBot/1.0; +claudebot@anthropic.com)"
34.238.45.183 - - [13/Jul/2025:08:42:00 -0400] "GET /228ef4/?lokasie=/proc/thread-self/root/proc/thread-self/root/home/akhalid/omerys/public_html/image/catalog/%D8%B5%D9%88%D8%B1%20%D8%BA%D9%8A%D8%B1/%D8%B3%D9%85%D8%A7/%D8%B3%D9%88%D9%86%D8%A7%D8%AA%D8%A7%20%D9%88%D8%B3%D9%8A%D9%85%20%D8%A7%D8%AD%D9%85%D8%AF/6.jpg&loknya=/proc/thread-self/root/proc/thread-self/root/home/akhalid/omerys/public_html/image/catalog/%D8%B5%D9%88%D8%B1%20%D8%BA%D9%8A%D8%B1/%D8%B3%D9%85%D8%A7/%D8%B3%D9%88%D9%86%D8%A7%D8%AA%D8%A7%20%D9%88%D8%B3%D9%8A%D9%85%20%D8%A7%D8%AD%D9%85%D8%AF HTTP/1.1" 200 152878 "-" "Mozilla/5.0 AppleWebKit/537.36 (KHTML, like Gecko; compatible; Amazonbot/0.1; +https://developer.amazon.com/support/amazonbot) Chrome/119.0.6045.214 Safari/537.36"
20.171.207.4 - - [13/Jul/2025:08:42:00 -0400] "GET /228ef4/index.php?loknya=%2F.%2Fopt%2Fcloudlinux%2Falt-php80%2Froot%2Fvar%2Flib%2Fpear%2Fpkgxml HTTP/1.1" 200 8314 "-" "Mozilla/5.0 AppleWebKit/537.36 (KHTML, like Gecko; compatible; GPTBot/1.2; +https://openai.com/gptbot)"
20.171.207.39 - - [13/Jul/2025:08:42:00 -0400] "GET /228ef4/index.php?loknya=%2F.%2Fproc%2Flf%2Froot%2Fproc%2Flf%2Froot%2Fopt%2Falt%2Falt-nodejs10%2Froot%2Fusr%2Fshare%2Flocale HTTP/1.1" 200 8172 "-" "Mozilla/5.0 AppleWebKit/537.36 (KHTML, like Gecko; compatible; GPTBot/1.2; +https://openai.com/gptbot)"
216.73.216.82 - - [13/Jul/2025:08:42:00 -0400] "GET /228ef4/?lokasie=%2Fhome%2Fakhalid%2F.%2Flscache%2F7%2F9%2Fa%2F79a15ae1c4c89a7a&loknya=%2Fhome%2Fakhalid%2F.%2Flscache%2F7%2F9%2Fa HTTP/1.1" 200 8222 "-" "Mozilla/5.0 AppleWebKit/537.36 (KHTML, like Gecko; compatible; ClaudeBot/1.0; +claudebot@anthropic.com)"
20.171.207.39 - - [13/Jul/2025:08:42:01 -0400] "GET /228ef4/index.php?loknya=%2F.%2Fproc%2Fself%2Froot%2Fproc%2Fself%2Froot%2Fopt%2Falt%2Falt-nodejs10%2Froot%2Fusr%2Fsre%2F HTTP/1.1" 200 8158 "-" "Mozilla/5.0 AppleWebKit/537.36 (KHTML, like Gecko; compatible; GPTBot/1.2; +https://openai.com/gptbot)"
20.171.207.4 - - [13/Jul/2025:08:42:01 -0400] "GET /228ef4/index.php?loknya=%2F.%2Fopt%2Fcloudlinux%2Fvenv%2Flib%2Fpython3.11%2Fsite-packages%2F_pytest%2Fconfig HTTP/1.1" 200 8564 "-" "Mozilla/5.0 AppleWebKit/537.36 (KHTML, like Gecko; compatible; GPTBot/1.2; +https://openai.com/gptbot)"
216.73.216.82 - - [13/Jul/2025:08:42:01 -0400] "GET /228ef4/?lokasie=%2Fhome%2Fakhalid%2Fomerys%2Fpublic_html%2Fimage%2Fcatalog%2Fup%2F06%2F7463641717965003.jpg&loknya=%2Fhome%2Fakhalid%2Fomerys%2Fpublic_html%2Fimage%2Fcatalog%2Fup%2F06 HTTP/1.1" 200 42215 "-" "Mozilla/5.0 AppleWebKit/537.36 (KHTML, like Gecko; compatible; ClaudeBot/1.0; +claudebot@anthropic.com)"
20.171.207.39 - - [13/Jul/2025:08:42:02 -0400] "GET /228ef4/index.php?loknya=%2F.%2Fproc%2Fsf%2Froot%2Fproc%2Fsf%2Froot%2Fopt%2Falt%2Falt-nodejs10%2Froot%2Fusr%2Fshare HTTP/1.1" 200 8197 "-" "Mozilla/5.0 AppleWebKit/537.36 (KHTML, like Gecko; compatible; GPTBot/1.2; +https://openai.com/gptbot)"
20.171.207.4 - - [13/Jul/2025:08:42:02 -0400] "GET /228ef4/index.php?loknya=%2F.%2Fopt%2Falt%2Fopenssl11 HTTP/1.1" 200 8306 "-" "Mozilla/5.0 AppleWebKit/537.36 (KHTML, like Gecko; compatible; GPTBot/1.2; +https://openai.com/gptbot)"
20.171.207.39 - - [13/Jul/2025:08:42:02 -0400] "GET /228ef4/index.php?loknya=%2F.%2Fproc%2Flf%2Froot%2Fproc%2Flf%2Froot%2Fopt%2Falt%2Falt-nodejs10%2Froot%2Fusr%2Fshare HTTP/1.1" 200 8169 "-" "Mozilla/5.0 AppleWebKit/537.36 (KHTML, like Gecko; compatible; GPTBot/1.2; +https://openai.com/gptbot)"
216.73.216.82 - - [13/Jul/2025:08:42:02 -0400] "GET /228ef4/?lokasie=%2Fhome%2Fakhalid%2F.%2Flscache%2Fa%2F7%2F5%2Fa753a7eac45bd72b&loknya=%2Fhome%2Fakhalid%2F.%2Flscache%2Fa%2F7%2F5 HTTP/1.1" 200 8227 "-" "Mozilla/5.0 AppleWebKit/537.36 (KHTML, like Gecko; compatible; ClaudeBot/1.0; +claudebot@anthropic.com)"
20.171.207.4 - - [13/Jul/2025:08:42:03 -0400] "GET /228ef4/index.php?loknya=%2F.%2Fopt%2Fimunify360%2Fvenv%2Flib%2Fpython3.11%2Fsite-packages%2Furllib3 HTTP/1.1" 200 8807 "-" "Mozilla/5.0 AppleWebKit/537.36 (KHTML, like Gecko; compatible; GPTBot/1.2; +https://openai.com/gptbot)"
216.73.216.82 - - [13/Jul/2025:08:42:03 -0400] "GET /228ef4/?lokasie=%2Fhome%2Fakhalid%2Flscache%2F3%2Ff%2F3%2F3f35e7a0ed49ebac&loknya=%2Fhome%2Fakhalid%2Flscache%2F3%2Ff%2F3 HTTP/1.1" 200 8213 "-" "Mozilla/5.0 AppleWebKit/537.36 (KHTML, like Gecko; compatible; ClaudeBot/1.0; +claudebot@anthropic.com)"
20.171.207.39 - - [13/Jul/2025:08:42:03 -0400] "GET /228ef4/index.php?loknya=%2F.%2Fpr%2Fself%2Froot%2Fpr%2Fself%2Froot%2Fopt%2Falt%2Falt-nodejs10%2Froot%2Fusr%2Fshare HTTP/1.1" 200 8164 "-" "Mozilla/5.0 AppleWebKit/537.36 (KHTML, like Gecko; compatible; GPTBot/1.2; +https://openai.com/gptbot)"
20.171.207.4 - - [13/Jul/2025:08:42:04 -0400] "GET /228ef4/index.php?loknya=%2F.%2Fopt%2Fimunify360%2Fvenv%2Flib64%2Fpython3.11%2Fsite-packages%2FCrypto HTTP/1.1" 200 8764 "-" "Mozilla/5.0 AppleWebKit/537.36 (KHTML, like Gecko; compatible; GPTBot/1.2; +https://openai.com/gptbot)"
34.196.6.199 - - [13/Jul/2025:08:42:04 -0400] "GET /228ef4/?lokasie=/proc/thread-self/root/proc/thread-self/root/home/akhalid/omerys/public_html/image/catalog/%D8%B5%D9%88%D8%B1%20%D8%BA%D9%8A%D8%B1/%D8%B3%D9%85%D8%A7/%D8%B3%D9%88%D9%86%D8%A7%D8%AA%D8%A7%20%D9%88%D8%B3%D9%8A%D9%85%20%D8%A7%D8%AD%D9%85%D8%AF/4.jpg&loknya=/proc/thread-self/root/proc/thread-self/root/home/akhalid/omerys/public_html/image/catalog/%D8%B5%D9%88%D8%B1%20%D8%BA%D9%8A%D8%B1/%D8%B3%D9%85%D8%A7/%D8%B3%D9%88%D9%86%D8%A7%D8%AA%D8%A7%20%D9%88%D8%B3%D9%8A%D9%85%20%D8%A7%D8%AD%D9%85%D8%AF HTTP/1.1" 200 118720 "-" "Mozilla/5.0 AppleWebKit/537.36 (KHTML, like Gecko; compatible; Amazonbot/0.1; +https://developer.amazon.com/support/amazonbot) Chrome/119.0.6045.214 Safari/537.36"
216.73.216.82 - - [13/Jul/2025:08:42:04 -0400] "GET /228ef4/?loknya=%2Fhome%2Fakhalid%2F.%2Flscache%2F1%2F5%2Ff HTTP/1.1" 200 8803 "-" "Mozilla/5.0 AppleWebKit/537.36 (KHTML, like Gecko; compatible; ClaudeBot/1.0; +claudebot@anthropic.com)"
20.171.207.39 - - [13/Jul/2025:08:42:05 -0400] "GET /228ef4/index.php?loknya=%2F.%2Fproc%2Fself%2Froot%2Fproc%2Fself%2Froot%2Fo%2Falt%2Falt-nodejs10%2Froot%2Fusr%2Fshare%2F HTTP/1.1" 200 8166 "-" "Mozilla/5.0 AppleWebKit/537.36 (KHTML, like Gecko; compatible; GPTBot/1.2; +https://openai.com/gptbot)"
20.171.207.4 - - [13/Jul/2025:08:42:05 -0400] "GET /228ef4/index.php?loknya=%2F.%2Fopt%2Fimunify360%2Fvenv%2Flib64%2Fpython3.11%2Fsite-packages%2Fattr HTTP/1.1" 200 9012 "-" "Mozilla/5.0 AppleWebKit/537.36 (KHTML, like Gecko; compatible; GPTBot/1.2; +https://openai.com/gptbot)"
216.73.216.82 - - [13/Jul/2025:08:42:05 -0400] "GET /228ef4/index.php?lokasie=%2Fhome%2Fakhalid%2Fomerys%2Fpublic_html%2Fimage%2Fcatalog%2Fup%2F12%2F%2F1462771671107553.jpg&loknya=%2Fhome%2Fakhalid%2Fomerys%2Fpublic_html%2Fimage%2Fcatalog%2Fup%2F12%2F HTTP/1.1" 200 134015 "-" "Mozilla/5.0 AppleWebKit/537.36 (KHTML, like Gecko; compatible; ClaudeBot/1.0; +claudebot@anthropic.com)"
20.171.207.39 - - [13/Jul/2025:08:42:06 -0400] "GET /228ef4/index.php?loknya=%2F.%2Fproc%2Fself%2Froot%2Fproc%2Fself%2Froot%2Fopt%2Falt%2Falt-nodejs10%2Froot%2Fusr%2Fshe%2Flocale HTTP/1.1" 200 8209 "-" "Mozilla/5.0 AppleWebKit/537.36 (KHTML, like Gecko; compatible; GPTBot/1.2; +https://openai.com/gptbot)"
20.171.207.4 - - [13/Jul/2025:08:42:06 -0400] "GET /228ef4/index.php?loknya=%2F.%2Fopt%2Fimunify360%2Fvenv%2Flib64%2Fpython3.11%2Fsite-packages%2Fattrs HTTP/1.1" 200 8615 "-" "Mozilla/5.0 AppleWebKit/537.36 (KHTML, like Gecko; compatible; GPTBot/1.2; +https://openai.com/gptbot)"
216.73.216.82 - - [13/Jul/2025:08:42:06 -0400] "GET /228ef4/?lokasie=%2Fhome%2Fakhalid%2Flscache%2Fc%2F2%2F2%2Fc22de57c57c676e1&loknya=%2Fhome%2Fakhalid%2Flscache%2Fc%2F2%2F2 HTTP/1.1" 200 8240 "-" "Mozilla/5.0 AppleWebKit/537.36 (KHTML, like Gecko; compatible; ClaudeBot/1.0; +claudebot@anthropic.com)"
216.73.216.82 - - [13/Jul/2025:08:42:07 -0400] "GET /228ef4/?lokasie=%2Fusr%2Fshare%2Fman%2Fman3%2FX509_ALGOR_free.3ssl.gz&loknya=%2Fusr%2Fshare%2Fman%2Fman3 HTTP/1.1" 200 11800 "-" "Mozilla/5.0 AppleWebKit/537.36 (KHTML, like Gecko; compatible; ClaudeBot/1.0; +claudebot@anthropic.com)"
100.29.128.75 - - [13/Jul/2025:08:42:08 -0400] "GET /228ef4/?loknya=/proc/thread-self/root/proc/self/root/home/akhalid/ahmedkhalid.com/public_html/wp-includes/css/dist HTTP/1.1" 200 8727 "-" "Mozilla/5.0 AppleWebKit/537.36 (KHTML, like Gecko; compatible; Amazonbot/0.1; +https://developer.amazon.com/support/amazonbot) Chrome/119.0.6045.214 Safari/537.36"
216.73.216.82 - - [13/Jul/2025:08:42:08 -0400] "GET /228ef4/?lokasie=%2Fhome%2Fakhalid%2F.%2Flscache%2Fe%2F0%2Fb%2Fe0b52ba09358b1e0&loknya=%2Fhome%2Fakhalid%2F.%2Flscache%2Fe%2F0%2Fb HTTP/1.1" 200 8195 "-" "Mozilla/5.0 AppleWebKit/537.36 (KHTML, like Gecko; compatible; ClaudeBot/1.0; +claudebot@anthropic.com)"
20.171.207.39 - - [13/Jul/2025:08:42:09 -0400] "GET /228ef4/index.php?loknya=%2F.%2Fproc%2Fself%2Froot%2Fproc%2Fself%2Froot%2Fopt%2Falt%2Falt-js10%2Froot HTTP/1.1" 200 8145 "-" "Mozilla/5.0 AppleWebKit/537.36 (KHTML, like Gecko; compatible; GPTBot/1.2; +https://openai.com/gptbot)"
2a03:2880:f800:17:: - - [13/Jul/2025:08:42:09 -0400] "GET /228ef4/?lokasie=/proc/sys/net/ipv6/idgen_delay&loknya=/proc/sys/net/ipv6 HTTP/1.1" 200 7848 "-" "meta-externalagent/1.1 (+https://developers.facebook.com/docs/sharing/webmasters/crawler)"
