216.73.216.142 - - [13/Jul/2025:08:33:14 -0400] "GET /228ef4/?lokasie=%2Flib%2Fpython3.8%2Fsite-packages%2Fpip%2F_vendor%2Fchardet%2F__pycache__%2Fcodingstatemachine.cpython-38.pyc&loknya=%2Flib%2Fpython3.8%2Fsite-packages%2Fpip%2F_vendor%2Fchardet%2F__pycache__ HTTP/1.1" 200 9296 "-" "Mozilla/5.0 AppleWebKit/537.36 (KHTML, like Gecko; compatible; ClaudeBot/1.0; +claudebot@anthropic.com)"
216.73.216.142 - - [13/Jul/2025:08:33:15 -0400] "GET /228ef4/index.php?lokasie=%2Fopt%2Falt%2Fruby19%2Flib64%2Fruby%2Fgems%2F1.9.1%2Fgems%2Fruby-lsapi-5.6%2Fexamples%2Ftestlsapi.rb&loknya=%2Fopt%2Falt%2Fruby19%2Flib64%2Fruby%2Fgems%2F1.9.1%2Fgems%2Fruby-lsapi-5.6%2Fexamples HTTP/1.1" 200 8137 "-" "Mozilla/5.0 AppleWebKit/537.36 (KHTML, like Gecko; compatible; ClaudeBot/1.0; +claudebot@anthropic.com)"
216.73.216.142 - - [13/Jul/2025:08:33:16 -0400] "GET /228ef4/?lokasie=%2Fusr%2Flib64%2Fguile%2F2.0%2Fccache%2Fscripts%2Fapi-diff.go&loknya=%2Fusr%2Flib64%2Fguile%2F2.0%2Fccache%2Fscripts HTTP/1.1" 200 11687 "-" "Mozilla/5.0 AppleWebKit/537.36 (KHTML, like Gecko; compatible; ClaudeBot/1.0; +claudebot@anthropic.com)"
18.210.58.238 - - [13/Jul/2025:08:33:16 -0400] "GET /228ef4/?loknya=/proc/thread-self/root/proc/self/root/proc/thread-self/root/proc/thread-self/root/home/akhalid/mail/.me@ahmedkhalid_com/.Trash/new HTTP/1.1" 200 8231 "-" "Mozilla/5.0 AppleWebKit/537.36 (KHTML, like Gecko; compatible; Amazonbot/0.1; +https://developer.amazon.com/support/amazonbot) Chrome/119.0.6045.214 Safari/537.36"
216.73.216.142 - - [13/Jul/2025:08:33:17 -0400] "GET /228ef4/?lokasie=%2Fopt%2Fimunify360%2Fvenv%2Flib64%2Fpython3.11%2Fsite-packages%2Fcryptography%2Fx509%2Fcertificate_transparency.py&loknya=%2Fopt%2Fimunify360%2Fvenv%2Flib64%2Fpython3.11%2Fsite-packages%2Fcryptography%2Fx509 HTTP/1.1" 200 8725 "-" "Mozilla/5.0 AppleWebKit/537.36 (KHTML, like Gecko; compatible; ClaudeBot/1.0; +claudebot@anthropic.com)"
2a03:2880:f800:5:: - - [13/Jul/2025:08:33:18 -0400] "GET /228ef4/?lokasie=/lib64/python2.7/lib2to3/fixes/fix_intern.pyo&loknya=/lib64/python2.7/lib2to3/fixes HTTP/1.1" 200 8838 "-" "meta-externalagent/1.1 (+https://developers.facebook.com/docs/sharing/webmasters/crawler)"
216.73.216.142 - - [13/Jul/2025:08:33:18 -0400] "GET /228ef4/?lokasie=%2Fopt%2Fcloudlinux%2Falt-php82%2Froot%2Fusr%2Fshare%2Fpear%2Ftest%2FFile_MARC%2Ftests%2Fmarc_field_005.phpt&loknya=%2Fopt%2Fcloudlinux%2Falt-php82%2Froot%2Fusr%2Fshare%2Fpear%2Ftest%2FFile_MARC%2Ftests HTTP/1.1" 200 8408 "-" "Mozilla/5.0 AppleWebKit/537.36 (KHTML, like Gecko; compatible; ClaudeBot/1.0; +claudebot@anthropic.com)"
216.73.216.142 - - [13/Jul/2025:08:33:19 -0400] "GET /228ef4/index.php?lokasie=%2Fopt%2Falt%2Fphp83%2Fusr%2Fshare%2Fpear%2Ftest%2FXML_Util%2Ftests%2FBug21177Tests.php&loknya=%2Fopt%2Falt%2Fphp83%2Fusr%2Fshare%2Fpear%2Ftest%2FXML_Util%2Ftests HTTP/1.1" 200 8367 "-" "Mozilla/5.0 AppleWebKit/537.36 (KHTML, like Gecko; compatible; ClaudeBot/1.0; +claudebot@anthropic.com)"
20.171.207.39 - - [13/Jul/2025:08:33:19 -0400] "GET /228ef4/index.php?loknya=%2F.%2Fproc%2Fself%2Froot%2Fproc%2Fself%2Froot%2Fopt%2Falt%2Falt-nodejs10%2Froot%2Fusr%2Fshare%2FX11 HTTP/1.1" 200 8176 "-" "Mozilla/5.0 AppleWebKit/537.36 (KHTML, like Gecko; compatible; GPTBot/1.2; +https://openai.com/gptbot)"
216.73.216.142 - - [13/Jul/2025:08:33:20 -0400] "GET /228ef4/?lokasie=%2Fopt%2Fimunify360%2Fvenv%2Flib64%2Fpython3.11%2Fsite-packages%2Fcryptography%2Fx509%2Fextensions.py&loknya=%2Fopt%2Fimunify360%2Fvenv%2Flib64%2Fpython3.11%2Fsite-packages%2Fcryptography%2Fx509 HTTP/1.1" 200 18628 "-" "Mozilla/5.0 AppleWebKit/537.36 (KHTML, like Gecko; compatible; ClaudeBot/1.0; +claudebot@anthropic.com)"
52.71.218.25 - - [13/Jul/2025:08:33:20 -0400] "GET /228ef4/?loknya=/proc/thread-self/root/proc/thread-self/root/opt/alt/alt-nodejs22/root/lib/node_modules/npm/node_modules.bundled/cssesc/bin HTTP/1.1" 200 8389 "-" "Mozilla/5.0 AppleWebKit/537.36 (KHTML, like Gecko; compatible; Amazonbot/0.1; +https://developer.amazon.com/support/amazonbot) Chrome/119.0.6045.214 Safari/537.36"
216.73.216.142 - - [13/Jul/2025:08:33:21 -0400] "GET /228ef4/index.php?lokasie=%2Fopt%2Falt%2Fruby26%2Flib64%2Fruby%2Fgems%2F2.6.0%2Fgems%2Frackup-2.1.0%2Flib%2Frackup%2Fhandler%2Fwebrick.rb&loknya=%2Fopt%2Falt%2Fruby26%2Flib64%2Fruby%2Fgems%2F2.6.0%2Fgems%2Frackup-2.1.0%2Flib%2Frackup%2Fhandler HTTP/1.1" 200 9626 "-" "Mozilla/5.0 AppleWebKit/537.36 (KHTML, like Gecko; compatible; ClaudeBot/1.0; +claudebot@anthropic.com)"
216.73.216.142 - - [13/Jul/2025:08:33:22 -0400] "GET /228ef4/index.php?lokasie=%2Fopt%2Fimunify360%2Fvenv%2Flib64%2Fpython3.11%2Fsite-packages%2Fsetuptools%2Fcommand%2F__init__.py&loknya=%2Fopt%2Fimunify360%2Fvenv%2Flib64%2Fpython3.11%2Fsite-packages%2Fsetuptools%2Fcommand HTTP/1.1" 200 8086 "-" "Mozilla/5.0 AppleWebKit/537.36 (KHTML, like Gecko; compatible; ClaudeBot/1.0; +claudebot@anthropic.com)"
20.171.207.4 - - [13/Jul/2025:08:33:22 -0400] "GET /228ef4/index.php?loknya=%2F.%2Fopt%2Fcpanel%2Fea-php70%2Froot%2Fetc%2Fxdg HTTP/1.1" 200 8256 "-" "Mozilla/5.0 AppleWebKit/537.36 (KHTML, like Gecko; compatible; GPTBot/1.2; +https://openai.com/gptbot)"
216.73.216.142 - - [13/Jul/2025:08:33:23 -0400] "GET /228ef4/?lokasie=%2Fopt%2Fcpanel%2Fea-php81%2Froot%2Fusr%2Finclude%2Fphp%2FZend%2F%2Fzend_system_id.h&loknya=%2Fopt%2Fcpanel%2Fea-php81%2Froot%2Fusr%2Finclude%2Fphp%2FZend%2F HTTP/1.1" 200 8450 "-" "Mozilla/5.0 AppleWebKit/537.36 (KHTML, like Gecko; compatible; ClaudeBot/1.0; +claudebot@anthropic.com)"
216.73.216.142 - - [13/Jul/2025:08:33:24 -0400] "GET /228ef4/?lokasie=%2Fopt%2Falt%2Fruby27%2Fshare%2Fruby%2Frexml%2Fxmldecl.rb&loknya=%2Fopt%2Falt%2Fruby27%2Fshare%2Fruby%2Frexml HTTP/1.1" 200 8973 "-" "Mozilla/5.0 AppleWebKit/537.36 (KHTML, like Gecko; compatible; ClaudeBot/1.0; +claudebot@anthropic.com)"
3.89.176.255 - - [13/Jul/2025:08:33:24 -0400] "GET /228ef4/?loknya=/proc/thread-self/root/proc/self/root/proc/thread-self/root/proc/thread-self/root/home/akhalid/global-site/wp-includes/blocks/heading HTTP/1.1" 200 8592 "-" "Mozilla/5.0 AppleWebKit/537.36 (KHTML, like Gecko; compatible; Amazonbot/0.1; +https://developer.amazon.com/support/amazonbot) Chrome/119.0.6045.214 Safari/537.36"
216.73.216.142 - - [13/Jul/2025:08:33:25 -0400] "GET /228ef4/index.php?loknya=%2Fopt%2Falt%2Fpython39%2Flib%2Fpython3.9%2Fsite-packages%2Fpip%2F_vendor%2Ftenacity%2F__pycache__ HTTP/1.1" 200 8675 "-" "Mozilla/5.0 AppleWebKit/537.36 (KHTML, like Gecko; compatible; ClaudeBot/1.0; +claudebot@anthropic.com)"
216.73.216.142 - - [13/Jul/2025:08:33:26 -0400] "GET /228ef4/index.php?lokasie=%2Fopt%2Falt%2Fruby27%2Fshare%2Frubygems%2Frubygems%2Fresolver%2F%2Fgit_set.rb&loknya=%2Fopt%2Falt%2Fruby27%2Fshare%2Frubygems%2Frubygems%2Fresolver%2F HTTP/1.1" 200 8997 "-" "Mozilla/5.0 AppleWebKit/537.36 (KHTML, like Gecko; compatible; ClaudeBot/1.0; +claudebot@anthropic.com)"
216.73.216.142 - - [13/Jul/2025:08:33:27 -0400] "GET /228ef4/index.php?lokasie=%2Fusr%2Flib64%2Fpython3.6%2Fdistutils%2Fcommand%2F__pycache__%2Fsdist.cpython-36.opt-2.pyc&loknya=%2Fusr%2Flib64%2Fpython3.6%2Fdistutils%2Fcommand%2F__pycache__ HTTP/1.1" 200 13206 "-" "Mozilla/5.0 AppleWebKit/537.36 (KHTML, like Gecko; compatible; ClaudeBot/1.0; +claudebot@anthropic.com)"
216.73.216.142 - - [13/Jul/2025:08:33:28 -0400] "GET /228ef4/?loknya=%2Fopt%2Falt%2Falt-nodejs10%2Froot%2Flib%2Fnode_modules%2Fnpm%2Fnode_modules%2Fduplexify%2Fnode_modules%2Freadable-stream HTTP/1.1" 200 8868 "-" "Mozilla/5.0 AppleWebKit/537.36 (KHTML, like Gecko; compatible; ClaudeBot/1.0; +claudebot@anthropic.com)"
52.204.174.139 - - [13/Jul/2025:08:33:28 -0400] "GET /228ef4/index.php?loknya=/proc/thread-self/root/proc/thread-self/root/proc/thread-self/root/home/akhalid/shabwahrefinery.com/wp-includes/css/dist/editor HTTP/1.1" 200 8470 "-" "Mozilla/5.0 AppleWebKit/537.36 (KHTML, like Gecko; compatible; Amazonbot/0.1; +https://developer.amazon.com/support/amazonbot) Chrome/119.0.6045.214 Safari/537.36"
216.73.216.142 - - [13/Jul/2025:08:33:29 -0400] "GET /228ef4/?lokasie=%2Fopt%2Fimunify360%2Fvenv%2Flib64%2Fpython3.11%2Fsite-packages%2Fclcommon%2Fcpapi%2Fcpapicustombin.py&loknya=%2Fopt%2Fimunify360%2Fvenv%2Flib64%2Fpython3.11%2Fsite-packages%2Fclcommon%2Fcpapi HTTP/1.1" 200 8900 "-" "Mozilla/5.0 AppleWebKit/537.36 (KHTML, like Gecko; compatible; ClaudeBot/1.0; +claudebot@anthropic.com)"
216.73.216.142 - - [13/Jul/2025:08:33:30 -0400] "GET /228ef4/?lokasie=%2Fopt%2Falt%2Falt-nodejs10%2Froot%2Flib%2Fnode_modules%2Fnpm%2Fnode_modules%2Furi-js%2Fdist%2Fesnext%2Fregexps-uri.js.map&loknya=%2Fopt%2Falt%2Falt-nodejs10%2Froot%2Flib%2Fnode_modules%2Fnpm%2Fnode_modules%2Furi-js%2Fdist%2Fesnext HTTP/1.1" 200 9291 "-" "Mozilla/5.0 AppleWebKit/537.36 (KHTML, like Gecko; compatible; ClaudeBot/1.0; +claudebot@anthropic.com)"
216.73.216.142 - - [13/Jul/2025:08:33:31 -0400] "GET /228ef4/index.php?lokasie=%2Fopt%2Falt%2Fphp84%2Fusr%2Fshare%2Fpear%2FPEAR%2FInstaller%2FRole%2FCfg.php&loknya=%2Fopt%2Falt%2Fphp84%2Fusr%2Fshare%2Fpear%2FPEAR%2FInstaller%2FRole HTTP/1.1" 200 9182 "-" "Mozilla/5.0 AppleWebKit/537.36 (KHTML, like Gecko; compatible; ClaudeBot/1.0; +claudebot@anthropic.com)"
20.171.207.39 - - [13/Jul/2025:08:33:31 -0400] "GET /228ef4/index.php?loknya=%2F.%2Fproc%2Fself%2Froot%2Fproc%2Fself%2Froot%2Fopt%2Falt%2Falt-nodejs10%2Froot%2Fusr%2Fshare%2Fmisc HTTP/1.1" 200 8174 "-" "Mozilla/5.0 AppleWebKit/537.36 (KHTML, like Gecko; compatible; GPTBot/1.2; +https://openai.com/gptbot)"
20.171.207.4 - - [13/Jul/2025:08:33:31 -0400] "GET /228ef4/index.php?loknya=%2F.%2Fopt%2Fcpanel%2Fea-php74%2Froot%2Fvar%2Fnis HTTP/1.1" 200 8153 "-" "Mozilla/5.0 AppleWebKit/537.36 (KHTML, like Gecko; compatible; GPTBot/1.2; +https://openai.com/gptbot)"
216.73.216.142 - - [13/Jul/2025:08:33:32 -0400] "GET /228ef4/?loknya=%2Fopt%2Falt%2Falt-nodejs20%2Froot%2Flib%2Fnode_modules%2Fnpm%2Fnode_modules%2Flibnpmaccess%2Flib HTTP/1.1" 200 8350 "-" "Mozilla/5.0 AppleWebKit/537.36 (KHTML, like Gecko; compatible; ClaudeBot/1.0; +claudebot@anthropic.com)"
18.205.127.11 - - [13/Jul/2025:08:33:32 -0400] "GET /228ef4/?loknya=/proc/self/root/proc/thread-self/root/home/akhalid/first-gulf.com.sa/wp-admin/js/widgets HTTP/1.1" 200 8759 "-" "Mozilla/5.0 AppleWebKit/537.36 (KHTML, like Gecko; compatible; Amazonbot/0.1; +https://developer.amazon.com/support/amazonbot) Chrome/119.0.6045.214 Safari/537.36"
216.73.216.142 - - [13/Jul/2025:08:33:33 -0400] "GET /228ef4/?lokasie=%2Fopt%2Falt%2Falt-nodejs20%2Froot%2Fusr%2Flib%2Fnode_modules%2Fnpm%2Fnode_modules.bundled%2Fminipass-pipeline%2Findex.js&loknya=%2Fopt%2Falt%2Falt-nodejs20%2Froot%2Fusr%2Flib%2Fnode_modules%2Fnpm%2Fnode_modules.bundled%2Fminipass-pipeline HTTP/1.1" 200 9107 "-" "Mozilla/5.0 AppleWebKit/537.36 (KHTML, like Gecko; compatible; ClaudeBot/1.0; +claudebot@anthropic.com)"
216.73.216.142 - - [13/Jul/2025:08:33:34 -0400] "GET /228ef4/index.php?loknya=%2Fopt%2Fimunify360%2Fvenv%2Flib%2Fpython3.11%2Fsite-packages%2Fcryptography%2Fhazmat%2Fbackends%2Fopenssl%2F HTTP/1.1" 200 8514 "-" "Mozilla/5.0 AppleWebKit/537.36 (KHTML, like Gecko; compatible; ClaudeBot/1.0; +claudebot@anthropic.com)"
216.73.216.142 - - [13/Jul/2025:08:33:35 -0400] "GET /228ef4/?lokasie=%2Fopt%2Falt%2Falt-nodejs10%2Froot%2Flib%2Fnode_modules%2Fnpm%2Fnode_modules%2Furi-js%2Fdist%2Fesnext%2Fregexps-iri.js.map&loknya=%2Fopt%2Falt%2Falt-nodejs10%2Froot%2Flib%2Fnode_modules%2Fnpm%2Fnode_modules%2Furi-js%2Fdist%2Fesnext HTTP/1.1" 200 8097 "-" "Mozilla/5.0 AppleWebKit/537.36 (KHTML, like Gecko; compatible; ClaudeBot/1.0; +claudebot@anthropic.com)"
54.225.98.148 - - [13/Jul/2025:08:33:36 -0400] "GET /228ef4/?loknya=/proc/thread-self/root/proc/thread-self/root/proc/thread-self/root/proc/thread-self/root/var/lib/spamassassin/compiled/5.036/ HTTP/1.1" 200 8383 "-" "Mozilla/5.0 AppleWebKit/537.36 (KHTML, like Gecko; compatible; Amazonbot/0.1; +https://developer.amazon.com/support/amazonbot) Chrome/119.0.6045.214 Safari/537.36"
216.73.216.142 - - [13/Jul/2025:08:33:36 -0400] "GET /228ef4/index.php?lokasie=%2Fopt%2Fimunify360%2Fvenv%2Flib64%2Fpython3.11%2Fsite-packages%2Fclcommon%2Fcpapi%2Fapilink.py&loknya=%2Fopt%2Fimunify360%2Fvenv%2Flib64%2Fpython3.11%2Fsite-packages%2Fclcommon%2Fcpapi HTTP/1.1" 200 8142 "-" "Mozilla/5.0 AppleWebKit/537.36 (KHTML, like Gecko; compatible; ClaudeBot/1.0; +claudebot@anthropic.com)"
216.73.216.142 - - [13/Jul/2025:08:33:37 -0400] "GET /228ef4/index.php?lokasie=%2Fopt%2Falt%2Fpython35%2Flib64%2Fpython3.5%2Fencodings%2F__pycache__%2Futf_32_be.cpython-35.pyc&loknya=%2Fopt%2Falt%2Fpython35%2Flib64%2Fpython3.5%2Fencodings%2F__pycache__ HTTP/1.1" 200 8656 "-" "Mozilla/5.0 AppleWebKit/537.36 (KHTML, like Gecko; compatible; ClaudeBot/1.0; +claudebot@anthropic.com)"
216.73.216.142 - - [13/Jul/2025:08:33:38 -0400] "GET /228ef4/index.php?loknya=%2Fopt%2Fcloudlinux%2Fvenv%2Flib64%2Fpython3.11%2Fsite-packages%2Fpip%2F_internal%2Futils%2F HTTP/1.1" 200 9273 "-" "Mozilla/5.0 AppleWebKit/537.36 (KHTML, like Gecko; compatible; ClaudeBot/1.0; +claudebot@anthropic.com)"
20.171.207.4 - - [13/Jul/2025:08:33:38 -0400] "GET /228ef4/index.php?loknya=%2F.%2Fopt%2Fcpanel%2Fea-php70%2Froot%2Fvar%2Fnis HTTP/1.1" 200 8148 "-" "Mozilla/5.0 AppleWebKit/537.36 (KHTML, like Gecko; compatible; GPTBot/1.2; +https://openai.com/gptbot)"
216.73.216.142 - - [13/Jul/2025:08:33:39 -0400] "GET /228ef4/index.php?lokasie=%2Fopt%2Falt%2Fpython35%2Flib64%2Fpython3.5%2Fencodings%2F__pycache__%2Fmac_iceland.cpython-35.pyc&loknya=%2Fopt%2Falt%2Fpython35%2Flib64%2Fpython3.5%2Fencodings%2F__pycache__ HTTP/1.1" 200 9269 "-" "Mozilla/5.0 AppleWebKit/537.36 (KHTML, like Gecko; compatible; ClaudeBot/1.0; +claudebot@anthropic.com)"
20.171.207.39 - - [13/Jul/2025:08:33:39 -0400] "GET /228ef4/index.php?loknya=%2F.%2Fproc%2Fself%2Froot%2Fproc%2Fself%2Froot%2Fopt%2Falt%2Fphp71%2Fvar%2Fwww HTTP/1.1" 200 8278 "-" "Mozilla/5.0 AppleWebKit/537.36 (KHTML, like Gecko; compatible; GPTBot/1.2; +https://openai.com/gptbot)"
216.73.216.142 - - [13/Jul/2025:08:33:40 -0400] "GET /228ef4/?lokasie=%2Fopt%2Falt%2Fphp54%2Fusr%2Fshare%2Fdoc%2Fpear%2FMonologBridge%2FSymfony%2FBridge%2FMonolog%2Fcomposer.json&loknya=%2Fopt%2Falt%2Fphp54%2Fusr%2Fshare%2Fdoc%2Fpear%2FMonologBridge%2FSymfony%2FBridge%2FMonolog HTTP/1.1" 200 8490 "-" "Mozilla/5.0 AppleWebKit/537.36 (KHTML, like Gecko; compatible; ClaudeBot/1.0; +claudebot@anthropic.com)"
100.29.63.24 - - [13/Jul/2025:08:33:40 -0400] "GET /228ef4/?loknya=/proc/thread-self/root/proc/thread-self/root/proc/self/root/proc/thread-self/root/home/akhalid/first-gulf.com.sa/wp-includes/blocks/pullquote HTTP/1.1" 200 8696 "-" "Mozilla/5.0 AppleWebKit/537.36 (KHTML, like Gecko; compatible; Amazonbot/0.1; +https://developer.amazon.com/support/amazonbot) Chrome/119.0.6045.214 Safari/537.36"
216.73.216.142 - - [13/Jul/2025:08:33:41 -0400] "GET /228ef4/index.php?loknya=%2Fopt%2Fcloudlinux%2Fvenv%2Flib%2Fpython3.11%2Fsite-packages%2Fsetuptools%2F_vendor%2Fjaraco%2Ffunctools HTTP/1.1" 200 8510 "-" "Mozilla/5.0 AppleWebKit/537.36 (KHTML, like Gecko; compatible; ClaudeBot/1.0; +claudebot@anthropic.com)"
216.73.216.142 - - [13/Jul/2025:08:33:42 -0400] "GET /228ef4/index.php?lokasie=%2Fhome%2Fakhalid%2Fibrenergy.com%2Fwp-includes%2Fjs%2Fwp-emoji-loader.js&loknya=%2Fhome%2Fakhalid%2Fibrenergy.com%2Fwp-includes%2Fjs HTTP/1.1" 200 11752 "-" "Mozilla/5.0 AppleWebKit/537.36 (KHTML, like Gecko; compatible; ClaudeBot/1.0; +claudebot@anthropic.com)"
20.171.207.4 - - [13/Jul/2025:08:33:42 -0400] "GET /228ef4/index.php?loknya=%2F.%2Fopt%2Falt%2Fphp70%2Fusr%2Fshare%2Fdoc%2Fpear%2FNet_Socket HTTP/1.1" 200 8371 "-" "Mozilla/5.0 AppleWebKit/537.36 (KHTML, like Gecko; compatible; GPTBot/1.2; +https://openai.com/gptbot)"
216.73.216.142 - - [13/Jul/2025:08:33:43 -0400] "GET /228ef4/index.php?lokasie=%2Fusr%2Flib64%2Fpython3.8%2Fencodings%2F%2Futf_32_le.py&loknya=%2Fusr%2Flib64%2Fpython3.8%2Fencodings%2F HTTP/1.1" 200 8180 "-" "Mozilla/5.0 AppleWebKit/537.36 (KHTML, like Gecko; compatible; ClaudeBot/1.0; +claudebot@anthropic.com)"
3.217.82.254 - - [13/Jul/2025:08:33:44 -0400] "GET /228ef4/index.php?loknya=/proc/thread-self/root/proc/thread-self/root/proc/thread-self/root/home/akhalid/global-site/wp-includes/sodium_compat/namespaced/ HTTP/1.1" 200 8615 "-" "Mozilla/5.0 AppleWebKit/537.36 (KHTML, like Gecko; compatible; Amazonbot/0.1; +https://developer.amazon.com/support/amazonbot) Chrome/119.0.6045.214 Safari/537.36"
216.73.216.142 - - [13/Jul/2025:08:33:44 -0400] "GET /228ef4/index.php?lokasie=%2Fopt%2Fimunify360%2Fvenv%2Flib64%2Fpython3.11%2Fsite-packages%2Fsetuptools%2F_distutils%2Ffancy_getopt.py&loknya=%2Fopt%2Fimunify360%2Fvenv%2Flib64%2Fpython3.11%2Fsite-packages%2Fsetuptools%2F_distutils HTTP/1.1" 200 13893 "-" "Mozilla/5.0 AppleWebKit/537.36 (KHTML, like Gecko; compatible; ClaudeBot/1.0; +claudebot@anthropic.com)"
216.73.216.142 - - [13/Jul/2025:08:33:45 -0400] "GET /228ef4/index.php?lokasie=%2Fusr%2Flib64%2Fpython3.6%2Fdistutils%2Fcommand%2F__pycache__%2Fsdist.cpython-36.opt-1.pyc&loknya=%2Fusr%2Flib64%2Fpython3.6%2Fdistutils%2Fcommand%2F__pycache__ HTTP/1.1" 200 14551 "-" "Mozilla/5.0 AppleWebKit/537.36 (KHTML, like Gecko; compatible; ClaudeBot/1.0; +claudebot@anthropic.com)"
216.73.216.142 - - [13/Jul/2025:08:33:46 -0400] "GET /228ef4/index.php?loknya=%2Fopt%2Falt%2Falt-nodejs16%2Froot%2Fusr%2Flib%2Fnode_modules%2Fnpm%2Fnode_modules.bundled HTTP/1.1" 200 12873 "-" "Mozilla/5.0 AppleWebKit/537.36 (KHTML, like Gecko; compatible; ClaudeBot/1.0; +claudebot@anthropic.com)"
216.73.216.142 - - [13/Jul/2025:08:33:47 -0400] "GET /228ef4/?loknya=%2Fopt%2Fcpanel%2Fea-ruby27%2Froot%2Fusr%2Fshare%2Fruby%2Fruby-2.7.8%2Ftracer HTTP/1.1" 200 8327 "-" "Mozilla/5.0 AppleWebKit/537.36 (KHTML, like Gecko; compatible; ClaudeBot/1.0; +claudebot@anthropic.com)"
216.73.216.142 - - [13/Jul/2025:08:33:48 -0400] "GET /228ef4/?lokasie=%2Fopt%2Falt%2Falt-nodejs11%2Froot%2Flib%2Fnode_modules%2Fnpm%2Fnode_modules.bundled%2Fnode-gyp%2Flib%2Fremove.js&loknya=%2Fopt%2Falt%2Falt-nodejs11%2Froot%2Flib%2Fnode_modules%2Fnpm%2Fnode_modules.bundled%2Fnode-gyp%2Flib HTTP/1.1" 200 8515 "-" "Mozilla/5.0 AppleWebKit/537.36 (KHTML, like Gecko; compatible; ClaudeBot/1.0; +claudebot@anthropic.com)"
3.216.227.216 - - [13/Jul/2025:08:33:48 -0400] "GET /228ef4/?loknya=/proc/thread-self/root/usr/lib/node_modules/npm/lib/utils/completion HTTP/1.1" 200 8412 "-" "Mozilla/5.0 AppleWebKit/537.36 (KHTML, like Gecko; compatible; Amazonbot/0.1; +https://developer.amazon.com/support/amazonbot) Chrome/119.0.6045.214 Safari/537.36"
216.73.216.142 - - [13/Jul/2025:08:33:49 -0400] "GET /228ef4/?lokasie=%2Fopt%2Fcloudlinux%2Falt-php82%2Froot%2Fusr%2Fshare%2Fpear%2Ftest%2FFile_MARC%2Ftests%2Fmarc_subfield_002.phpt&loknya=%2Fopt%2Fcloudlinux%2Falt-php82%2Froot%2Fusr%2Fshare%2Fpear%2Ftest%2FFile_MARC%2Ftests HTTP/1.1" 200 8357 "-" "Mozilla/5.0 AppleWebKit/537.36 (KHTML, like Gecko; compatible; ClaudeBot/1.0; +claudebot@anthropic.com)"
216.73.216.142 - - [13/Jul/2025:08:33:50 -0400] "GET /228ef4/index.php?lokasie=%2Fopt%2Fimunify360%2Fvenv%2Flib%2Fpython3.11%2Fsite-packages%2Frequests%2F__pycache__%2Fstructures.cpython-311.pyc&loknya=%2Fopt%2Fimunify360%2Fvenv%2Flib%2Fpython3.11%2Fsite-packages%2Frequests%2F__pycache__ HTTP/1.1" 200 10704 "-" "Mozilla/5.0 AppleWebKit/537.36 (KHTML, like Gecko; compatible; ClaudeBot/1.0; +claudebot@anthropic.com)"
20.171.207.39 - - [13/Jul/2025:08:33:50 -0400] "GET /228ef4/index.php?loknya=%2F.%2Fproc%2Fself%2Froot%2Fproc%2Fself%2Froot%2Fopt%2Falt%2Fphp70%2Fvar%2Fwww HTTP/1.1" 200 8283 "-" "Mozilla/5.0 AppleWebKit/537.36 (KHTML, like Gecko; compatible; GPTBot/1.2; +https://openai.com/gptbot)"
20.171.207.4 - - [13/Jul/2025:08:33:50 -0400] "GET /228ef4/index.php?loknya=%2F.%2Fopt%2Falt%2Fphp70%2Fusr%2Fshare%2Fdoc%2Fpear%2FStructures_Graph HTTP/1.1" 200 8386 "-" "Mozilla/5.0 AppleWebKit/537.36 (KHTML, like Gecko; compatible; GPTBot/1.2; +https://openai.com/gptbot)"
216.73.216.142 - - [13/Jul/2025:08:33:51 -0400] "GET /228ef4/?lokasie=%2Fopt%2Falt%2Fruby33%2Fshare%2F%2Fruby%2Freadline.rb&loknya=%2Fopt%2Falt%2Fruby33%2Fshare%2F%2Fruby HTTP/1.1" 200 7992 "-" "Mozilla/5.0 AppleWebKit/537.36 (KHTML, like Gecko; compatible; ClaudeBot/1.0; +claudebot@anthropic.com)"
216.73.216.142 - - [13/Jul/2025:08:33:52 -0400] "GET /228ef4/?lokasie=%2Fopt%2Fimunify360%2Fvenv%2Flib%2Fpython3.11%2Fsite-packages%2FCrypto%2FSelfTest%2FUtil%2F%2Ftest_Padding.py&loknya=%2Fopt%2Fimunify360%2Fvenv%2Flib%2Fpython3.11%2Fsite-packages%2FCrypto%2FSelfTest%2FUtil%2F HTTP/1.1" 200 9467 "-" "Mozilla/5.0 AppleWebKit/537.36 (KHTML, like Gecko; compatible; ClaudeBot/1.0; +claudebot@anthropic.com)"
20.171.207.39 - - [13/Jul/2025:08:33:52 -0400] "GET /228ef4/index.php?loknya=%2F.%2Fproc%2Fself%2Froot%2Fproc%2Fself%2Froot%2Fopt%2Falt%2Falt-nodejs10%2Froot%2Fusr%2Fshare%2Flocale%2Fdefault HTTP/1.1" 200 8321 "-" "Mozilla/5.0 AppleWebKit/537.36 (KHTML, like Gecko; compatible; GPTBot/1.2; +https://openai.com/gptbot)"
3.93.211.16 - - [13/Jul/2025:08:33:52 -0400] "GET /228ef4/?loknya=/proc/thread-self/root/proc/thread-self/root/proc/self/root/proc/thread-self/root/home/akhalid/first-gulf.com.sa/wp-includes/blocks/rss HTTP/1.1" 200 8612 "-" "Mozilla/5.0 AppleWebKit/537.36 (KHTML, like Gecko; compatible; Amazonbot/0.1; +https://developer.amazon.com/support/amazonbot) Chrome/119.0.6045.214 Safari/537.36"
216.73.216.142 - - [13/Jul/2025:08:33:53 -0400] "GET /228ef4/?lokasie=%2Flib64%2Fpython2.7%2FDemo%2Fzlib%2Fzlibdemo.py&loknya=%2Flib64%2Fpython2.7%2FDemo%2Fzlib HTTP/1.1" 200 8460 "-" "Mozilla/5.0 AppleWebKit/537.36 (KHTML, like Gecko; compatible; ClaudeBot/1.0; +claudebot@anthropic.com)"
20.171.207.4 - - [13/Jul/2025:08:33:53 -0400] "GET /228ef4/index.php?loknya=%2F.%2Fopt%2Falt%2Fphp73%2Fusr%2Fshare%2Fdoc%2Fpear%2FNet_Socket HTTP/1.1" 200 8372 "-" "Mozilla/5.0 AppleWebKit/537.36 (KHTML, like Gecko; compatible; GPTBot/1.2; +https://openai.com/gptbot)"
216.73.216.142 - - [13/Jul/2025:08:33:54 -0400] "GET /228ef4/?lokasie=%2Fopt%2Falt%2Falt-nodejs20%2Froot%2Flib%2Fnode_modules%2Fnpm%2Fnode_modules.bundled%2Fsemver%2Franges%2Fintersects.js&loknya=%2Fopt%2Falt%2Falt-nodejs20%2Froot%2Flib%2Fnode_modules%2Fnpm%2Fnode_modules.bundled%2Fsemver%2Franges HTTP/1.1" 200 8025 "-" "Mozilla/5.0 AppleWebKit/537.36 (KHTML, like Gecko; compatible; ClaudeBot/1.0; +claudebot@anthropic.com)"
216.73.216.142 - - [13/Jul/2025:08:33:55 -0400] "GET /228ef4/index.php?loknya=%2Fopt%2Fcloudlinux%2Falt-php56%2Froot%2Fusr%2Flib64%2Fphp%2Fpear HTTP/1.1" 200 8129 "-" "Mozilla/5.0 AppleWebKit/537.36 (KHTML, like Gecko; compatible; ClaudeBot/1.0; +claudebot@anthropic.com)"
3.208.156.9 - - [13/Jul/2025:08:33:56 -0400] "GET /228ef4/?loknya=/proc/thread-self/root/proc/self/root/home/akhalid/mail/.matt@shabwahrefinery_com/.Sent HTTP/1.1" 200 8542 "-" "Mozilla/5.0 AppleWebKit/537.36 (KHTML, like Gecko; compatible; Amazonbot/0.1; +https://developer.amazon.com/support/amazonbot) Chrome/119.0.6045.214 Safari/537.36"
216.73.216.142 - - [13/Jul/2025:08:33:56 -0400] "GET /228ef4/index.php?lokasie=%2Fhome%2Fakhalid%2Fdangroup.sa%2Fwp-content%2Fplugins%2Felementor%2Fcore%2Fdebug%2Fclasses%2Ftheme-missing.php&loknya=%2Fhome%2Fakhalid%2Fdangroup.sa%2Fwp-content%2Fplugins%2Felementor%2Fcore%2Fdebug%2Fclasses HTTP/1.1" 200 8257 "-" "Mozilla/5.0 AppleWebKit/537.36 (KHTML, like Gecko; compatible; ClaudeBot/1.0; +claudebot@anthropic.com)"
216.73.216.142 - - [13/Jul/2025:08:33:57 -0400] "GET /228ef4/index.php?lokasie=%2Fopt%2Falt%2Fruby34%2Fshare%2F%2Fruby%2Freadline.rb&loknya=%2Fopt%2Falt%2Fruby34%2Fshare%2F%2Fruby HTTP/1.1" 200 8020 "-" "Mozilla/5.0 AppleWebKit/537.36 (KHTML, like Gecko; compatible; ClaudeBot/1.0; +claudebot@anthropic.com)"
216.73.216.142 - - [13/Jul/2025:08:33:58 -0400] "GET /228ef4/index.php?lokasie=%2Fopt%2Falt%2Fruby18%2Flib64%2Fruby%2F1.8%2Frexml%2Fformatters%2Fpretty.rb&loknya=%2Fopt%2Falt%2Fruby18%2Flib64%2Fruby%2F1.8%2Frexml%2Fformatters HTTP/1.1" 200 9489 "-" "Mozilla/5.0 AppleWebKit/537.36 (KHTML, like Gecko; compatible; ClaudeBot/1.0; +claudebot@anthropic.com)"
216.73.216.142 - - [13/Jul/2025:08:33:59 -0400] "GET /228ef4/index.php?lokasie=%2Fopt%2Falt%2Fphp72%2Fusr%2Fshare%2Fpear%2Ftest%2FStructures_LinkedList%2Ftests%2Fsingle_link_006.phpt&loknya=%2Fopt%2Falt%2Fphp72%2Fusr%2Fshare%2Fpear%2Ftest%2FStructures_LinkedList%2Ftests HTTP/1.1" 200 8357 "-" "Mozilla/5.0 AppleWebKit/537.36 (KHTML, like Gecko; compatible; ClaudeBot/1.0; +claudebot@anthropic.com)"
44.212.131.50 - - [13/Jul/2025:08:34:00 -0400] "GET /228ef4/index.php?loknya=/proc/thread-self/root/proc/thread-self/root/proc/thread-self/root/home/akhalid/mail/shabwahrefinery.com/usama/.Trash/ HTTP/1.1" 200 8627 "-" "Mozilla/5.0 AppleWebKit/537.36 (KHTML, like Gecko; compatible; Amazonbot/0.1; +https://developer.amazon.com/support/amazonbot) Chrome/119.0.6045.214 Safari/537.36"
216.73.216.142 - - [13/Jul/2025:08:34:00 -0400] "GET /228ef4/index.php?lokasie=%2Fusr%2Flib%2Fpython3.8%2Fsite-packages%2Fpip%2F_vendor%2Fpackaging%2F%2F__init__.py&loknya=%2Fusr%2Flib%2Fpython3.8%2Fsite-packages%2Fpip%2F_vendor%2Fpackaging%2F HTTP/1.1" 200 8161 "-" "Mozilla/5.0 AppleWebKit/537.36 (KHTML, like Gecko; compatible; ClaudeBot/1.0; +claudebot@anthropic.com)"
20.171.207.39 - - [13/Jul/2025:08:34:00 -0400] "GET /228ef4/index.php?loknya=%2F.%2Fproc%2Fself%2Froot%2Fproc%2Fself%2Froot%2Fopt%2Falt%2Falt-nodejs10%2Froot%2Fusr%2Fshare%2Flocale%2Fhsb HTTP/1.1" 200 8323 "-" "Mozilla/5.0 AppleWebKit/537.36 (KHTML, like Gecko; compatible; GPTBot/1.2; +https://openai.com/gptbot)"
20.171.207.4 - - [13/Jul/2025:08:34:00 -0400] "GET /228ef4/index.php?loknya=%2F.%2Fopt%2Falt%2Fphp73%2Fusr%2Fshare%2Fdoc%2Fpear%2FStructures_Graph HTTP/1.1" 200 8428 "-" "Mozilla/5.0 AppleWebKit/537.36 (KHTML, like Gecko; compatible; GPTBot/1.2; +https://openai.com/gptbot)"
216.73.216.142 - - [13/Jul/2025:08:34:01 -0400] "GET /228ef4/index.php?lokasie=%2Fusr%2Flib64%2Fpython3.8%2Fencodings%2F%2Fcp500.py&loknya=%2Fusr%2Flib64%2Fpython3.8%2Fencodings%2F HTTP/1.1" 200 10957 "-" "Mozilla/5.0 AppleWebKit/537.36 (KHTML, like Gecko; compatible; ClaudeBot/1.0; +claudebot@anthropic.com)"
216.73.216.142 - - [13/Jul/2025:08:34:02 -0400] "GET /228ef4/index.php?lokasie=%2Fopt%2Fcloudlinux%2Falt-php53%2Froot%2Fusr%2Fshare%2Fpear%2F.channels%2F%2Fpear.phpunit.de.reg&loknya=%2Fopt%2Fcloudlinux%2Falt-php53%2Froot%2Fusr%2Fshare%2Fpear%2F.channels%2F HTTP/1.1" 200 8286 "-" "Mozilla/5.0 AppleWebKit/537.36 (KHTML, like Gecko; compatible; ClaudeBot/1.0; +claudebot@anthropic.com)"
216.73.216.142 - - [13/Jul/2025:08:34:03 -0400] "GET /228ef4/?loknya=%2Fopt%2Falt%2Fphp54%2Fusr%2Fshare%2Fpear%2FSymfony%2FComponent%2FDependencyInjection%2FLoader%2Fschema%2Fdic%2Fservices HTTP/1.1" 200 8393 "-" "Mozilla/5.0 AppleWebKit/537.36 (KHTML, like Gecko; compatible; ClaudeBot/1.0; +claudebot@anthropic.com)"
3.218.103.254 - - [13/Jul/2025:08:34:04 -0400] "GET /228ef4/?loknya=/proc/thread-self/root/opt/alt/alt-nodejs18/root/lib/node_modules/npm/node_modules.bundled/@sigstore/sign/dist/external HTTP/1.1" 200 8527 "-" "Mozilla/5.0 AppleWebKit/537.36 (KHTML, like Gecko; compatible; Amazonbot/0.1; +https://developer.amazon.com/support/amazonbot) Chrome/119.0.6045.214 Safari/537.36"
216.73.216.142 - - [13/Jul/2025:08:34:04 -0400] "GET /228ef4/index.php?lokasie=%2Fopt%2Falt%2Fruby32%2Fshare%2Frubygems%2Frubygems%2Fpackage%2F%2Fsource.rb&loknya=%2Fopt%2Falt%2Fruby32%2Fshare%2Frubygems%2Frubygems%2Fpackage%2F HTTP/1.1" 200 7921 "-" "Mozilla/5.0 AppleWebKit/537.36 (KHTML, like Gecko; compatible; ClaudeBot/1.0; +claudebot@anthropic.com)"
216.73.216.82 - - [13/Jul/2025:08:34:05 -0400] "GET /228ef4/?lokasie=%2Flib%2Fsystemd%2Fsystem%2F%2Frunlevel1.target&loknya=%2Flib%2Fsystemd%2Fsystem%2F HTTP/1.1" 200 8124 "-" "Mozilla/5.0 AppleWebKit/537.36 (KHTML, like Gecko; compatible; ClaudeBot/1.0; +claudebot@anthropic.com)"
216.73.216.82 - - [13/Jul/2025:08:34:06 -0400] "GET /228ef4/?loknya=%2Fhome%2Fakhalid%2F.%2Flscache%2Fe%2F3%2F1 HTTP/1.1" 200 8673 "-" "Mozilla/5.0 AppleWebKit/537.36 (KHTML, like Gecko; compatible; ClaudeBot/1.0; +claudebot@anthropic.com)"
216.73.216.82 - - [13/Jul/2025:08:34:07 -0400] "GET /228ef4/?loknya=%2Fhome%2Fakhalid%2F.%2Flscache%2F3%2Fe%2F1 HTTP/1.1" 200 8695 "-" "Mozilla/5.0 AppleWebKit/537.36 (KHTML, like Gecko; compatible; ClaudeBot/1.0; +claudebot@anthropic.com)"
52.21.62.139 - - [13/Jul/2025:08:34:08 -0400] "GET /228ef4/?loknya=/proc/thread-self/root/proc/self/root/home/akhalid/www/wp-includes/ HTTP/1.1" 200 17011 "-" "Mozilla/5.0 AppleWebKit/537.36 (KHTML, like Gecko; compatible; Amazonbot/0.1; +https://developer.amazon.com/support/amazonbot) Chrome/119.0.6045.214 Safari/537.36"
216.73.216.82 - - [13/Jul/2025:08:34:08 -0400] "GET /228ef4/?lokasie=%2Fhome%2Fakhalid%2F.%2Flscache%2F7%2Fe%2F6%2F7e6b5d8a568d111e&loknya=%2Fhome%2Fakhalid%2F.%2Flscache%2F7%2Fe%2F6 HTTP/1.1" 200 8201 "-" "Mozilla/5.0 AppleWebKit/537.36 (KHTML, like Gecko; compatible; ClaudeBot/1.0; +claudebot@anthropic.com)"
216.73.216.82 - - [13/Jul/2025:08:34:09 -0400] "GET /228ef4/index.php?lokasie=%2Fhome%2Fakhalid%2Fomerys%2Fpublic_html--%2Fimage%2Fcatalog%2Fc%2F49345ca5ca00b6615.png&loknya=%2Fhome%2Fakhalid%2Fomerys%2Fpublic_html--%2Fimage%2Fcatalog%2Fc HTTP/1.1" 200 24738 "-" "Mozilla/5.0 AppleWebKit/537.36 (KHTML, like Gecko; compatible; ClaudeBot/1.0; +claudebot@anthropic.com)"
20.171.207.39 - - [13/Jul/2025:08:34:09 -0400] "GET /228ef4/index.php?loknya=%2F.%2Fproc%2Fself%2Froot%2Fproc%2Fself%2Froot%2Fopt%2Falt%2Falt-nodejs10%2Froot%2Fusr%2Fshare%2Flocale%2Ftem HTTP/1.1" 200 8322 "-" "Mozilla/5.0 AppleWebKit/537.36 (KHTML, like Gecko; compatible; GPTBot/1.2; +https://openai.com/gptbot)"
20.171.207.4 - - [13/Jul/2025:08:34:09 -0400] "GET /228ef4/index.php?loknya=%2F.%2Fopt%2Falt%2Fphp53%2Fusr%2Fshare%2Fdoc%2Fpear%2FBase HTTP/1.1" 200 8247 "-" "Mozilla/5.0 AppleWebKit/537.36 (KHTML, like Gecko; compatible; GPTBot/1.2; +https://openai.com/gptbot)"
216.73.216.82 - - [13/Jul/2025:08:34:10 -0400] "GET /228ef4/?lokasie=%2Fhome%2Fakhalid%2Fomerys%2Fpublic_html--%2Fimage%2Fcache%2Fcatalog%2Fup%2F12%2F2706001672044355-40x40.jpeg&loknya=%2Fhome%2Fakhalid%2Fomerys%2Fpublic_html--%2Fimage%2Fcache%2Fcatalog%2Fup%2F12 HTTP/1.1" 200 9353 "-" "Mozilla/5.0 AppleWebKit/537.36 (KHTML, like Gecko; compatible; ClaudeBot/1.0; +claudebot@anthropic.com)"
66.249.68.137 - - [13/Jul/2025:08:34:10 -0400] "GET /search.php?items/296005792.html?srsltid=AfmBOoofvKuOfiMehKdTnGd5WSpYPinfpmSfyQ3i9Pxrj2Zm17a9 HTTP/1.1" 404 1251 "-" "Mozilla/5.0 (Linux; Android 6.0.1; Nexus 5X Build/MMB29P) AppleWebKit/537.36 (KHTML, like Gecko) Chrome/137.0.7151.103 Mobile Safari/537.36 (compatible; Googlebot/2.1; +http://www.google.com/bot.html)"
216.73.216.82 - - [13/Jul/2025:08:34:11 -0400] "GET /228ef4/index.php?lokasie=%2Fhome%2Fakhalid%2Flscache%2Fa%2F9%2F2%2Fa9273442dc827f56&loknya=%2Fhome%2Fakhalid%2Flscache%2Fa%2F9%2F2 HTTP/1.1" 200 35231 "-" "Mozilla/5.0 AppleWebKit/537.36 (KHTML, like Gecko; compatible; ClaudeBot/1.0; +claudebot@anthropic.com)"
2a03:2880:f800:1a:: - - [13/Jul/2025:08:34:11 -0400] "GET /228ef4/?lokasie=/lib/firmware/amdgpu/tonga_sdma.bin&loknya=/lib/firmware/amdgpu HTTP/1.1" 200 11545 "-" "meta-externalagent/1.1 (+https://developers.facebook.com/docs/sharing/webmasters/crawler)"
20.171.207.39 - - [13/Jul/2025:08:34:12 -0400] "GET /228ef4/index.php?loknya=%2F.%2Fproc%2Fself%2Froot%2Fproc%2Fself%2Froot%2Fopt%2Falt%2Falt-nodejs10%2Froot%2Fusr%2Fshare%2Flocale%2Ftet HTTP/1.1" 200 8325 "-" "Mozilla/5.0 AppleWebKit/537.36 (KHTML, like Gecko; compatible; GPTBot/1.2; +https://openai.com/gptbot)"
3.213.213.161 - - [13/Jul/2025:08:34:12 -0400] "GET /228ef4/index.php?loknya=/proc/thread-self/root/proc/thread-self/root/proc/thread-self/root/home/akhalid/saitoncompany.com/wp-includes/css/dist/preferences HTTP/1.1" 200 8500 "-" "Mozilla/5.0 AppleWebKit/537.36 (KHTML, like Gecko; compatible; Amazonbot/0.1; +https://developer.amazon.com/support/amazonbot) Chrome/119.0.6045.214 Safari/537.36"
216.73.216.82 - - [13/Jul/2025:08:34:12 -0400] "GET /228ef4/index.php?lokasie=%2Fhome%2Fakhalid%2Fomerys%2Fpublic_html--%2Fimage%2Fcatalog%2Fc%2F24375d4bcea545d56.png&loknya=%2Fhome%2Fakhalid%2Fomerys%2Fpublic_html--%2Fimage%2Fcatalog%2Fc HTTP/1.1" 200 35786 "-" "Mozilla/5.0 AppleWebKit/537.36 (KHTML, like Gecko; compatible; ClaudeBot/1.0; +claudebot@anthropic.com)"
20.171.207.4 - - [13/Jul/2025:08:34:12 -0400] "GET /228ef4/index.php?loknya=%2F.%2Fopt%2Falt%2Fphp53%2Fusr%2Fshare%2Fdoc%2Fpear%2FFinder HTTP/1.1" 200 8261 "-" "Mozilla/5.0 AppleWebKit/537.36 (KHTML, like Gecko; compatible; GPTBot/1.2; +https://openai.com/gptbot)"
216.73.216.82 - - [13/Jul/2025:08:34:13 -0400] "GET /228ef4/?lokasie=%2Fhome%2Fakhalid%2Fomerys%2Fpublic_html%2Fimage%2Fcatalog%2Fup%2F06%2F6361701654221154.jpg&loknya=%2Fhome%2Fakhalid%2Fomerys%2Fpublic_html%2Fimage%2Fcatalog%2Fup%2F06 HTTP/1.1" 200 842287 "-" "Mozilla/5.0 AppleWebKit/537.36 (KHTML, like Gecko; compatible; ClaudeBot/1.0; +claudebot@anthropic.com)"
216.73.216.82 - - [13/Jul/2025:08:34:14 -0400] "GET /228ef4/?lokasie=%2Fhome%2Fakhalid%2Fomerys%2Fpublic_html%2Fimage%2Fcatalog%2Fup%2F01%2F7735751705850737.jpg&loknya=%2Fhome%2Fakhalid%2Fomerys%2Fpublic_html%2Fimage%2Fcatalog%2Fup%2F01 HTTP/1.1" 200 15796 "-" "Mozilla/5.0 AppleWebKit/537.36 (KHTML, like Gecko; compatible; ClaudeBot/1.0; +claudebot@anthropic.com)"
20.171.207.39 - - [13/Jul/2025:08:34:14 -0400] "GET /228ef4/index.php?loknya=%2F.%2Fproc%2Fself%2Froot%2Fproc%2Fself%2Froot%2Fopt%2Falt%2Falt-nodejs10%2Froot%2Fusr%2Fshare%2Flocale%2Fcel HTTP/1.1" 200 8322 "-" "Mozilla/5.0 AppleWebKit/537.36 (KHTML, like Gecko; compatible; GPTBot/1.2; +https://openai.com/gptbot)"
216.73.216.82 - - [13/Jul/2025:08:34:15 -0400] "GET /228ef4/index.php?lokasie=%2Fhome%2Fakhalid%2Flscache%2Ff%2F4%2F9%2Ff49df5fbc785fe46&loknya=%2Fhome%2Fakhalid%2Flscache%2Ff%2F4%2F9 HTTP/1.1" 200 8190 "-" "Mozilla/5.0 AppleWebKit/537.36 (KHTML, like Gecko; compatible; ClaudeBot/1.0; +claudebot@anthropic.com)"
34.206.212.24 - - [13/Jul/2025:08:34:16 -0400] "GET /228ef4/index.php?loknya=/proc/thread-self/root/proc/self/root/proc/thread-self/root/home/akhalid/gootech.app/wp-includes/assets HTTP/1.1" 200 8574 "-" "Mozilla/5.0 AppleWebKit/537.36 (KHTML, like Gecko; compatible; Amazonbot/0.1; +https://developer.amazon.com/support/amazonbot) Chrome/119.0.6045.214 Safari/537.36"
216.73.216.82 - - [13/Jul/2025:08:34:16 -0400] "GET /228ef4/?lokasie=%2Fhome%2Fakhalid%2Fomerys%2Fpublic_html--%2Fimage%2Fcache%2Fcatalog%2Fc%2F65655e3a5ac2d30f5-40x40.png&loknya=%2Fhome%2Fakhalid%2Fomerys%2Fpublic_html--%2Fimage%2Fcache%2Fcatalog%2Fc HTTP/1.1" 200 9608 "-" "Mozilla/5.0 AppleWebKit/537.36 (KHTML, like Gecko; compatible; ClaudeBot/1.0; +claudebot@anthropic.com)"
216.73.216.82 - - [13/Jul/2025:08:34:17 -0400] "GET /228ef4/index.php?lokasie=%2Flib%2Ffirmware%2Fmrvl%2Fcpt04%2Fae.out&loknya=%2Flib%2Ffirmware%2Fmrvl%2Fcpt04 HTTP/1.1" 200 14947 "-" "Mozilla/5.0 AppleWebKit/537.36 (KHTML, like Gecko; compatible; ClaudeBot/1.0; +claudebot@anthropic.com)"
216.73.216.82 - - [13/Jul/2025:08:34:18 -0400] "GET /228ef4/?lokasie=%2Fhome%2Fakhalid%2Fomerys%2Fpublic_html%2Fimage%2Fcatalog%2Fup%2F12%2F%2F1542021639293124.jpg&loknya=%2Fhome%2Fakhalid%2Fomerys%2Fpublic_html%2Fimage%2Fcatalog%2Fup%2F12%2F HTTP/1.1" 200 54161 "-" "Mozilla/5.0 AppleWebKit/537.36 (KHTML, like Gecko; compatible; ClaudeBot/1.0; +claudebot@anthropic.com)"
20.171.207.4 - - [13/Jul/2025:08:34:19 -0400] "GET /228ef4/index.php?loknya=%2F.%2Fopt%2Falt%2Fphp53%2Fusr%2Fshare%2Fdoc%2Fpear%2FForm HTTP/1.1" 200 8291 "-" "Mozilla/5.0 AppleWebKit/537.36 (KHTML, like Gecko; compatible; GPTBot/1.2; +https://openai.com/gptbot)"
216.73.216.142 - - [13/Jul/2025:08:34:19 -0400] "GET /228ef4/?loknya=%2Fopt%2Fcpanel%2Fea-ruby27%2Froot%2Fusr%2Fshare%2Fruby%2Frdoc%2Fmarkdown HTTP/1.1" 200 8365 "-" "Mozilla/5.0 AppleWebKit/537.36 (KHTML, like Gecko; compatible; ClaudeBot/1.0; +claudebot@anthropic.com)"
54.156.248.117 - - [13/Jul/2025:08:34:20 -0400] "GET /228ef4/?loknya=/proc/self/root/proc/thread-self/root/proc/thread-self/root/home/akhalid/.caldav/usama@shabwahrefinery.com/ HTTP/1.1" 200 8570 "-" "Mozilla/5.0 AppleWebKit/537.36 (KHTML, like Gecko; compatible; Amazonbot/0.1; +https://developer.amazon.com/support/amazonbot) Chrome/119.0.6045.214 Safari/537.36"
216.73.216.142 - - [13/Jul/2025:08:34:20 -0400] "GET /228ef4/?loknya=%2Fopt%2Fcpanel%2Fea-ruby27%2Froot%2Fusr%2Fshare%2Fruby%2Fruby-2.7.8%2Fmatrix HTTP/1.1" 200 8419 "-" "Mozilla/5.0 AppleWebKit/537.36 (KHTML, like Gecko; compatible; ClaudeBot/1.0; +claudebot@anthropic.com)"
216.73.216.142 - - [13/Jul/2025:08:34:21 -0400] "GET /228ef4/?loknya=%2Fopt%2Falt%2Fruby33%2Fshare%2Frubygems%2Frubygems%2Fvendor%2F-http%2Flib%2F HTTP/1.1" 200 8148 "-" "Mozilla/5.0 AppleWebKit/537.36 (KHTML, like Gecko; compatible; ClaudeBot/1.0; +claudebot@anthropic.com)"
20.171.207.4 - - [13/Jul/2025:08:34:22 -0400] "GET /228ef4/index.php?loknya=%2F.%2Fopt%2Falt%2Fphp53%2Fusr%2Fshare%2Fdoc%2Fpear%2FFile HTTP/1.1" 200 8250 "-" "Mozilla/5.0 AppleWebKit/537.36 (KHTML, like Gecko; compatible; GPTBot/1.2; +https://openai.com/gptbot)"
20.171.207.39 - - [13/Jul/2025:08:34:22 -0400] "GET /228ef4/index.php?loknya=%2F.%2Fproc%2Fself%2Froot%2Fproc%2Fself%2Froot%2Fopt%2Falt%2Falt-nodejs10%2Froot%2Fusr%2Fshare%2Flocale%2Fnqo HTTP/1.1" 200 8324 "-" "Mozilla/5.0 AppleWebKit/537.36 (KHTML, like Gecko; compatible; GPTBot/1.2; +https://openai.com/gptbot)"
216.73.216.142 - - [13/Jul/2025:08:34:22 -0400] "GET /228ef4/?lokasie=%2Fopt%2Falt%2Falt-nodejs16%2Froot%2Flib%2Fnode_modules%2Fnpm%2Fnode_modules.bundled%2Fnode-gyp%2Flib%2Futil.js&loknya=%2Fopt%2Falt%2Falt-nodejs16%2Froot%2Flib%2Fnode_modules%2Fnpm%2Fnode_modules.bundled%2Fnode-gyp%2Flib HTTP/1.1" 200 8751 "-" "Mozilla/5.0 AppleWebKit/537.36 (KHTML, like Gecko; compatible; ClaudeBot/1.0; +claudebot@anthropic.com)"
216.73.216.142 - - [13/Jul/2025:08:34:23 -0400] "GET /228ef4/?loknya=%2Fopt%2Falt%2Falt-nodejs16%2Froot%2Fnode_modules%2Fnpm%2Fnode_modules.bundled%2F%40npmcli%2Frun-script%2F HTTP/1.1" 200 8172 "-" "Mozilla/5.0 AppleWebKit/537.36 (KHTML, like Gecko; compatible; ClaudeBot/1.0; +claudebot@anthropic.com)"
20.171.207.4 - - [13/Jul/2025:08:34:24 -0400] "GET /228ef4/index.php?loknya=%2F.%2Fopt%2Falt%2Fphp53%2Fusr%2Fshare%2Fdoc%2Fpear%2FBrowserKit HTTP/1.1" 200 8262 "-" "Mozilla/5.0 AppleWebKit/537.36 (KHTML, like Gecko; compatible; GPTBot/1.2; +https://openai.com/gptbot)"
3.213.213.161 - - [13/Jul/2025:08:34:24 -0400] "GET /228ef4/index.php?loknya=/proc/thread-self/root/usr/share/locale/ms_MY/ HTTP/1.1" 200 8263 "-" "Mozilla/5.0 AppleWebKit/537.36 (KHTML, like Gecko; compatible; Amazonbot/0.1; +https://developer.amazon.com/support/amazonbot) Chrome/119.0.6045.214 Safari/537.36"
216.73.216.142 - - [13/Jul/2025:08:34:24 -0400] "GET /228ef4/?lokasie=%2Fusr%2Flib%2Fpython3.6%2Fsite-packages%2Fdns%2Frdtypes%2FANY%2F%2FCSYNC.py&loknya=%2Fusr%2Flib%2Fpython3.6%2Fsite-packages%2Fdns%2Frdtypes%2FANY%2F HTTP/1.1" 200 9596 "-" "Mozilla/5.0 AppleWebKit/537.36 (KHTML, like Gecko; compatible; ClaudeBot/1.0; +claudebot@anthropic.com)"
216.73.216.142 - - [13/Jul/2025:08:34:25 -0400] "GET /228ef4/index.php?lokasie=%2Fopt%2Fimunify360%2Fvenv%2Flib64%2Fpython3.11%2Fsite-packages%2Fjinja2%2F__pycache__%2Fexceptions.cpython-311.pyc&loknya=%2Fopt%2Fimunify360%2Fvenv%2Flib64%2Fpython3.11%2Fsite-packages%2Fjinja2%2F__pycache__ HTTP/1.1" 200 11640 "-" "Mozilla/5.0 AppleWebKit/537.36 (KHTML, like Gecko; compatible; ClaudeBot/1.0; +claudebot@anthropic.com)"
216.73.216.142 - - [13/Jul/2025:08:34:26 -0400] "GET /228ef4/index.php?lokasie=%2Fusr%2Flib64%2Fpython3.6%2Fencodings%2F%2Fcp852.py&loknya=%2Fusr%2Flib64%2Fpython3.6%2Fencodings%2F HTTP/1.1" 200 14390 "-" "Mozilla/5.0 AppleWebKit/537.36 (KHTML, like Gecko; compatible; ClaudeBot/1.0; +claudebot@anthropic.com)"
216.73.216.142 - - [13/Jul/2025:08:34:27 -0400] "GET /228ef4/index.php?lokasie=%2Fopt%2Falt%2Fphp71%2Fusr%2Fshare%2Fpear%2Ftest%2FXML_Util%2Ftests%2FSplitQualifiedNameTests.php&loknya=%2Fopt%2Falt%2Fphp71%2Fusr%2Fshare%2Fpear%2Ftest%2FXML_Util%2Ftests HTTP/1.1" 200 8154 "-" "Mozilla/5.0 AppleWebKit/537.36 (KHTML, like Gecko; compatible; ClaudeBot/1.0; +claudebot@anthropic.com)"
52.3.26.180 - - [13/Jul/2025:08:34:28 -0400] "GET /228ef4/?loknya=/proc/thread-self/root/proc/thread-self/root/proc/self/root/proc/thread-self/root/home/akhalid/gootech.app/wp-includes/blocks/comments-pagination-next HTTP/1.1" 200 8404 "-" "Mozilla/5.0 AppleWebKit/537.36 (KHTML, like Gecko; compatible; Amazonbot/0.1; +https://developer.amazon.com/support/amazonbot) Chrome/119.0.6045.214 Safari/537.36"
216.73.216.142 - - [13/Jul/2025:08:34:28 -0400] "GET /228ef4/?lokasie=%2Fopt%2Fcloudlinux%2Falt-php53%2Froot%2Fusr%2Fshare%2Fxcache_3%2Fdiagnosis%2Flang%2Fzh-simplified.php&loknya=%2Fopt%2Fcloudlinux%2Falt-php53%2Froot%2Fusr%2Fshare%2Fxcache_3%2Fdiagnosis%2Flang HTTP/1.1" 200 11945 "-" "Mozilla/5.0 AppleWebKit/537.36 (KHTML, like Gecko; compatible; ClaudeBot/1.0; +claudebot@anthropic.com)"
192.99.9.92 - - [13/Jul/2025:08:34:27 -0400] "GET /228ef4/?lokasie=/usr/libexec/git-core/git-index-pack&loknya=/usr/libexec/git-core HTTP/1.1" 200 1739600 "-" "Mozilla/5.0 (compatible; MJ12bot/v1.4.8; http://mj12bot.com/)"
20.171.207.39 - - [13/Jul/2025:08:34:29 -0400] "GET /228ef4/index.php?loknya=%2F.%2Fproc%2Fself%2Froot%2Fproc%2Fself%2Froot%2Fopt%2Falt%2Falt-nodejs10%2Froot%2Fusr%2Fshare%2Flocale%2Fden HTTP/1.1" 200 8322 "-" "Mozilla/5.0 AppleWebKit/537.36 (KHTML, like Gecko; compatible; GPTBot/1.2; +https://openai.com/gptbot)"
216.73.216.142 - - [13/Jul/2025:08:34:29 -0400] "GET /228ef4/?lokasie=%2Fopt%2Fimunify360%2Fvenv%2Flib64%2Fpython3.11%2Fsite-packages%2Fsetuptools%2Fcommand%2Fegg_info.py&loknya=%2Fopt%2Fimunify360%2Fvenv%2Flib64%2Fpython3.11%2Fsite-packages%2Fsetuptools%2Fcommand HTTP/1.1" 200 16232 "-" "Mozilla/5.0 AppleWebKit/537.36 (KHTML, like Gecko; compatible; ClaudeBot/1.0; +claudebot@anthropic.com)"
216.73.216.142 - - [13/Jul/2025:08:34:30 -0400] "GET /228ef4/index.php?lokasie=%2Flib64%2Fpython3.8%2Fasyncio%2F%2F__init__.py&loknya=%2Flib64%2Fpython3.8%2Fasyncio%2F HTTP/1.1" 200 8280 "-" "Mozilla/5.0 AppleWebKit/537.36 (KHTML, like Gecko; compatible; ClaudeBot/1.0; +claudebot@anthropic.com)"
20.171.207.4 - - [13/Jul/2025:08:34:31 -0400] "GET /228ef4/index.php?loknya=%2F.%2Fopt%2Falt%2Fphp53%2Fusr%2Fshare%2Fdoc%2Fpear%2FTemplating HTTP/1.1" 200 8262 "-" "Mozilla/5.0 AppleWebKit/537.36 (KHTML, like Gecko; compatible; GPTBot/1.2; +https://openai.com/gptbot)"
216.73.216.142 - - [13/Jul/2025:08:34:31 -0400] "GET /228ef4/index.php?lokasie=%2Fopt%2Fcloudlinux%2Falt-php70%2Froot%2Fusr%2Fshare%2Fdoc%2Fpear%2FNet_SMTP%2F%2FLICENSE&loknya=%2Fopt%2Fcloudlinux%2Falt-php70%2Froot%2Fusr%2Fshare%2Fdoc%2Fpear%2FNet_SMTP%2F HTTP/1.1" 200 8653 "-" "Mozilla/5.0 AppleWebKit/537.36 (KHTML, like Gecko; compatible; ClaudeBot/1.0; +claudebot@anthropic.com)"
20.171.207.39 - - [13/Jul/2025:08:34:31 -0400] "GET /228ef4/index.php?loknya=%2F.%2Fproc%2Fself%2Froot%2Fproc%2Fself%2Froot%2Fopt%2Falt%2Falt-nodejs10%2Froot%2Fusr%2Fshare%2Flocale%2Fsla HTTP/1.1" 200 8322 "-" "Mozilla/5.0 AppleWebKit/537.36 (KHTML, like Gecko; compatible; GPTBot/1.2; +https://openai.com/gptbot)"
3.209.174.110 - - [13/Jul/2025:08:34:32 -0400] "GET /228ef4/index.php?lokasie=/proc/thread-self/root/proc/thread-self/root/usr/lib/firmware/cirrus//cs35l41-dsp1-spk-prot-103c8b45.wmfw&loknya=/proc/thread-self/root/proc/thread-self/root/usr/lib/firmware/cirrus/ HTTP/1.1" 200 25239 "-" "Mozilla/5.0 AppleWebKit/537.36 (KHTML, like Gecko; compatible; Amazonbot/0.1; +https://developer.amazon.com/support/amazonbot) Chrome/119.0.6045.214 Safari/537.36"
216.73.216.142 - - [13/Jul/2025:08:34:32 -0400] "GET /228ef4/index.php?loknya=%2Fopt%2Falt%2Falt-nodejs19%2Froot%2Fusr%2Fsrc%2F HTTP/1.1" 200 8316 "-" "Mozilla/5.0 AppleWebKit/537.36 (KHTML, like Gecko; compatible; ClaudeBot/1.0; +claudebot@anthropic.com)"
20.171.207.39 - - [13/Jul/2025:08:34:33 -0400] "GET /228ef4/index.php?loknya=%2F.%2Fproc%2Fself%2Froot%2Fproc%2Fself%2Froot%2Fopt%2Falt%2Falt-nodejs10%2Froot%2Fusr%2Fshare%2Flocale%2Fen%40shaw HTTP/1.1" 200 8363 "-" "Mozilla/5.0 AppleWebKit/537.36 (KHTML, like Gecko; compatible; GPTBot/1.2; +https://openai.com/gptbot)"
216.73.216.142 - - [13/Jul/2025:08:34:33 -0400] "GET /228ef4/?lokasie=%2Fopt%2Falt%2Falt-nodejs16%2Froot%2Flib%2Fnode_modules%2Fnpm%2Fnode_modules.bundled%2F%40npmcli%2Fgit%2FLICENSE&loknya=%2Fopt%2Falt%2Falt-nodejs16%2Froot%2Flib%2Fnode_modules%2Fnpm%2Fnode_modules.bundled%2F%40npmcli%2Fgit HTTP/1.1" 200 8456 "-" "Mozilla/5.0 AppleWebKit/537.36 (KHTML, like Gecko; compatible; ClaudeBot/1.0; +claudebot@anthropic.com)"
20.171.207.4 - - [13/Jul/2025:08:34:34 -0400] "GET /228ef4/index.php?loknya=%2F.%2Fopt%2Falt%2Fphp53%2Fusr%2Fshare%2Fdoc%2Fpear%2FConfig HTTP/1.1" 200 8303 "-" "Mozilla/5.0 AppleWebKit/537.36 (KHTML, like Gecko; compatible; GPTBot/1.2; +https://openai.com/gptbot)"
216.73.216.142 - - [13/Jul/2025:08:34:34 -0400] "GET /228ef4/index.php?lokasie=%2Fopt%2Fimunify360%2Fvenv%2Flib64%2Fpython3.11%2Fsite-packages%2FCrypto%2FCipher%2F_mode_ofb.py&loknya=%2Fopt%2Fimunify360%2Fvenv%2Flib64%2Fpython3.11%2Fsite-packages%2FCrypto%2FCipher HTTP/1.1" 200 10967 "-" "Mozilla/5.0 AppleWebKit/537.36 (KHTML, like Gecko; compatible; ClaudeBot/1.0; +claudebot@anthropic.com)"
20.171.207.39 - - [13/Jul/2025:08:34:35 -0400] "GET /228ef4/index.php?loknya=%2F.%2Fproc%2Fself%2Froot%2Fproc%2Fself%2Froot%2Fopt%2Falt%2Falt-nodejs10%2Froot%2Fusr%2Fshare%2Fdoc%2Falt-nodejs10-libicu HTTP/1.1" 200 8387 "-" "Mozilla/5.0 AppleWebKit/537.36 (KHTML, like Gecko; compatible; GPTBot/1.2; +https://openai.com/gptbot)"
216.73.216.142 - - [13/Jul/2025:08:34:35 -0400] "GET /228ef4/index.php?lokasie=%2Fopt%2Fcloudlinux%2Fvenv%2Flib64%2Fpython3.11%2Fsite-packages%2Fclveconfig%2F__pycache__%2Fve_lock.cpython-311.pyc&loknya=%2Fopt%2Fcloudlinux%2Fvenv%2Flib64%2Fpython3.11%2Fsite-packages%2Fclveconfig%2F__pycache__ HTTP/1.1" 200 9285 "-" "Mozilla/5.0 AppleWebKit/537.36 (KHTML, like Gecko; compatible; ClaudeBot/1.0; +claudebot@anthropic.com)"
50.16.72.185 - - [13/Jul/2025:08:34:36 -0400] "GET /228ef4/index.php?lokasie=/proc/thread-self/root/proc/thread-self/root/home/akhalid/global-site/wp-includes/customize/class-wp-customize-nav-menu-control.php&loknya=/proc/thread-self/root/proc/thread-self/root/home/akhalid/global-site/wp-includes/customize HTTP/1.1" 200 8879 "-" "Mozilla/5.0 AppleWebKit/537.36 (KHTML, like Gecko; compatible; Amazonbot/0.1; +https://developer.amazon.com/support/amazonbot) Chrome/119.0.6045.214 Safari/537.36"
216.73.216.142 - - [13/Jul/2025:08:34:36 -0400] "GET /228ef4/?lokasie=%2Fopt%2Falt%2Falt-nodejs11%2Froot%2Flib%2Fnode_modules%2Fnpm%2Fnode_modules.bundled%2Fhar-validator%2Flib%2Ferror.js&loknya=%2Fopt%2Falt%2Falt-nodejs11%2Froot%2Flib%2Fnode_modules%2Fnpm%2Fnode_modules.bundled%2Fhar-validator%2Flib HTTP/1.1" 200 8107 "-" "Mozilla/5.0 AppleWebKit/537.36 (KHTML, like Gecko; compatible; ClaudeBot/1.0; +claudebot@anthropic.com)"
216.73.216.142 - - [13/Jul/2025:08:34:37 -0400] "GET /228ef4/?loknya=%2Fopt%2Falt%2Fphp72%2Fusr%2Fshare%2Fpear%2FStructures HTTP/1.1" 200 8436 "-" "Mozilla/5.0 AppleWebKit/537.36 (KHTML, like Gecko; compatible; ClaudeBot/1.0; +claudebot@anthropic.com)"
216.73.216.142 - - [13/Jul/2025:08:34:38 -0400] "GET /228ef4/index.php?lokasie=%2Fhome%2Fakhalid%2Fibrenergy.com%2Fwp-includes%2Fcustomize%2Fclass-wp-customize-header-image-setting.php&loknya=%2Fhome%2Fakhalid%2Fibrenergy.com%2Fwp-includes%2Fcustomize HTTP/1.1" 200 8651 "-" "Mozilla/5.0 AppleWebKit/537.36 (KHTML, like Gecko; compatible; ClaudeBot/1.0; +claudebot@anthropic.com)"
216.73.216.142 - - [13/Jul/2025:08:34:39 -0400] "GET /228ef4/?lokasie=%2Fopt%2Falt%2Falt-nodejs20%2Froot%2Flib%2Fnode_modules%2Fnpm%2Fnode_modules.bundled%2Fretry%2Flib%2Fretry_operation.js&loknya=%2Fopt%2Falt%2Falt-nodejs20%2Froot%2Flib%2Fnode_modules%2Fnpm%2Fnode_modules.bundled%2Fretry%2Flib HTTP/1.1" 200 8944 "-" "Mozilla/5.0 AppleWebKit/537.36 (KHTML, like Gecko; compatible; ClaudeBot/1.0; +claudebot@anthropic.com)"
20.171.207.4 - - [13/Jul/2025:08:34:39 -0400] "GET /228ef4/index.php?loknya=%2F.%2Fopt%2Fcpanel%2Fea-php70%2Froot%2Fetc%2Fxdg%2Fautostart HTTP/1.1" 200 8166 "-" "Mozilla/5.0 AppleWebKit/537.36 (KHTML, like Gecko; compatible; GPTBot/1.2; +https://openai.com/gptbot)"
20.171.207.39 - - [13/Jul/2025:08:34:39 -0400] "GET /228ef4/index.php?loknya=%2F.%2Fproc%2Fself%2Froot%2Fproc%2Fself%2Froot%2Fopt%2Falt%2Falt-nodejs10%2Froot%2Fusr%2Fshare%2Flocale%2For HTTP/1.1" 200 8320 "-" "Mozilla/5.0 AppleWebKit/537.36 (KHTML, like Gecko; compatible; GPTBot/1.2; +https://openai.com/gptbot)"
107.20.224.184 - - [13/Jul/2025:08:34:40 -0400] "GET /228ef4/?loknya=/proc/thread-self/root/proc/self/root/proc/thread-self/root/opt/alt/alt-nodejs12/root/sys HTTP/1.1" 200 8212 "-" "Mozilla/5.0 AppleWebKit/537.36 (KHTML, like Gecko; compatible; Amazonbot/0.1; +https://developer.amazon.com/support/amazonbot) Chrome/119.0.6045.214 Safari/537.36"
216.73.216.142 - - [13/Jul/2025:08:34:40 -0400] "GET /228ef4/index.php?lokasie=%2Fhome%2Fakhalid%2Fdangroup.sa%2Fwp-content%2Fplugins%2Fwp-statistics%2Fincludes%2Fclass-wp-statistics-pages.php&loknya=%2Fhome%2Fakhalid%2Fdangroup.sa%2Fwp-content%2Fplugins%2Fwp-statistics%2Fincludes HTTP/1.1" 200 13413 "-" "Mozilla/5.0 AppleWebKit/537.36 (KHTML, like Gecko; compatible; ClaudeBot/1.0; +claudebot@anthropic.com)"
20.171.207.39 - - [13/Jul/2025:08:34:41 -0400] "GET /228ef4/index.php?loknya=%2F.%2Fproc%2Fself%2Froot%2Fproc%2Fself%2Froot%2Fopt%2Falt%2Falt-nodejs10%2Froot%2Fusr%2Fshare%2Flocale%2Fhsb HTTP/1.1" 200 8326 "-" "Mozilla/5.0 AppleWebKit/537.36 (KHTML, like Gecko; compatible; GPTBot/1.2; +https://openai.com/gptbot)"
20.171.207.4 - - [13/Jul/2025:08:34:41 -0400] "GET /228ef4/index.php?loknya=%2F.%2Fopt%2Falt%2Fphp53%2Fusr%2Fshare%2Fdoc%2Fpear%2FRouting HTTP/1.1" 200 8300 "-" "Mozilla/5.0 AppleWebKit/537.36 (KHTML, like Gecko; compatible; GPTBot/1.2; +https://openai.com/gptbot)"
