216.73.216.142 - - [13/Jul/2025:08:30:32 -0400] "GET /228ef4/index.php?lokasie=%2Fopt%2Fimunify360%2Fvenv%2Flib%2Fpython3.11%2Fsite-packages%2FCrypto%2FSelfTest%2FCipher%2F%2Ftest_DES3.py&loknya=%2Fopt%2Fimunify360%2Fvenv%2Flib%2Fpython3.11%2Fsite-packages%2FCrypto%2FSelfTest%2FCipher%2F HTTP/1.1" 200 10311 "-" "Mozilla/5.0 AppleWebKit/537.36 (KHTML, like Gecko; compatible; ClaudeBot/1.0; +claudebot@anthropic.com)"
40.113.19.49 - - [13/Jul/2025:08:30:32 -0400] "GET /wp-admin/upgrade.php?_wp_http_referer=%2Fwp-admin%2F HTTP/1.1" 403 1242 "-" "-"
40.113.19.49 - - [13/Jul/2025:08:30:33 -0400] "GET /wp-content//autoload_classmap.php HTTP/1.1" 404 1251 "-" "-"
40.113.19.49 - - [13/Jul/2025:08:30:33 -0400] "GET /f35.php HTTP/1.1" 404 1251 "-" "-"
40.113.19.49 - - [13/Jul/2025:08:30:33 -0400] "GET /adminer.php HTTP/1.1" 404 1251 "-" "-"
40.113.19.49 - - [13/Jul/2025:08:30:33 -0400] "GET /sx.php HTTP/1.1" 404 1251 "-" "-"
40.113.19.49 - - [13/Jul/2025:08:30:33 -0400] "GET /as.php HTTP/1.1" 404 1251 "-" "-"
216.73.216.142 - - [13/Jul/2025:08:30:33 -0400] "GET /228ef4/index.php?lokasie=%2Fopt%2Falt%2Fphp81%2Fusr%2Fshare%2Fpear%2F%2FPEAR.php&loknya=%2Fopt%2Falt%2Fphp81%2Fusr%2Fshare%2Fpear%2F HTTP/1.1" 200 16564 "-" "Mozilla/5.0 AppleWebKit/537.36 (KHTML, like Gecko; compatible; ClaudeBot/1.0; +claudebot@anthropic.com)"
40.113.19.49 - - [13/Jul/2025:08:30:33 -0400] "GET /wp-admin/maint/edit.php HTTP/1.1" 404 1251 "-" "-"
40.113.19.49 - - [13/Jul/2025:08:30:34 -0400] "GET /install.php HTTP/1.1" 404 1251 "-" "-"
40.113.19.49 - - [13/Jul/2025:08:30:34 -0400] "GET /wp-includes/index.php HTTP/1.1" 404 1251 "-" "-"
40.113.19.49 - - [13/Jul/2025:08:30:34 -0400] "GET /default.php HTTP/1.1" 404 1251 "-" "-"
40.113.19.49 - - [13/Jul/2025:08:30:34 -0400] "GET /wp-admin/css/colors/midnight/colors.php HTTP/1.1" 404 1251 "-" "-"
40.113.19.49 - - [13/Jul/2025:08:30:34 -0400] "GET /gc.php HTTP/1.1" 404 1251 "-" "-"
216.73.216.142 - - [13/Jul/2025:08:30:34 -0400] "GET /228ef4/index.php?lokasie=%2Fusr%2Flib%2Fpython3.6%2Fsite-packages%2Fpip%2F_vendor%2Fcertifi%2F%2F__init__.py&loknya=%2Fusr%2Flib%2Fpython3.6%2Fsite-packages%2Fpip%2F_vendor%2Fcertifi%2F HTTP/1.1" 200 7935 "-" "Mozilla/5.0 AppleWebKit/537.36 (KHTML, like Gecko; compatible; ClaudeBot/1.0; +claudebot@anthropic.com)"
40.113.19.49 - - [13/Jul/2025:08:30:34 -0400] "GET /wp-admin/admin.php HTTP/1.1" 302 0 "-" "-"
40.113.19.49 - - [13/Jul/2025:08:30:35 -0400] "GET /wp-admin/upgrade.php?_wp_http_referer=%2Fwp-admin%2Fadmin.php HTTP/1.1" 403 1242 "-" "-"
40.113.19.49 - - [13/Jul/2025:08:30:35 -0400] "GET /wp-includes/IXR/wp-login.php HTTP/1.1" 404 1251 "-" "-"
40.113.19.49 - - [13/Jul/2025:08:30:35 -0400] "GET /aaa.php/getid3-core.php HTTP/1.1" 404 1251 "-" "-"
40.113.19.49 - - [13/Jul/2025:08:30:35 -0400] "GET //lol.php HTTP/1.1" 404 1251 "-" "-"
2a03:2880:f800:6:: - - [13/Jul/2025:08:30:35 -0400] "GET /228ef4/?lokasie=/lib64/libcpupower.so.0&loknya=/lib64 HTTP/1.1" 200 15685 "-" "meta-externalagent/1.1 (+https://developers.facebook.com/docs/sharing/webmasters/crawler)"
216.73.216.142 - - [13/Jul/2025:08:30:35 -0400] "GET /228ef4/index.php?lokasie=%2Fopt%2Fhc_python%2Flib64%2Fpython3.12%2Fsite-packages%2Fwheel%2Fvendored%2Fpackaging%2Fversion.py&loknya=%2Fopt%2Fhc_python%2Flib64%2Fpython3.12%2Fsite-packages%2Fwheel%2Fvendored%2Fpackaging HTTP/1.1" 200 12589 "-" "Mozilla/5.0 AppleWebKit/537.36 (KHTML, like Gecko; compatible; ClaudeBot/1.0; +claudebot@anthropic.com)"
40.113.19.49 - - [13/Jul/2025:08:30:36 -0400] "GET /wp-content/x/index.php HTTP/1.1" 404 1251 "-" "-"
40.113.19.49 - - [13/Jul/2025:08:30:36 -0400] "GET /wp-includes/pomo/index.php HTTP/1.1" 404 1251 "-" "-"
40.113.19.49 - - [13/Jul/2025:08:30:36 -0400] "GET /wp-includes/SimplePie/about.php HTTP/1.1" 404 1251 "-" "-"
40.113.19.49 - - [13/Jul/2025:08:30:36 -0400] "GET /wp-admin/js/admin.php HTTP/1.1" 404 1251 "-" "-"
100.29.107.38 - - [13/Jul/2025:08:30:36 -0400] "GET /228ef4/?loknya=/proc/thread-self/root/proc/thread-self/root/proc/thread-self/root/proc/thread-self/root/home/akhalid/first-gulf.com.sa/wp-includes/rest-api/ HTTP/1.1" 200 8642 "-" "Mozilla/5.0 AppleWebKit/537.36 (KHTML, like Gecko; compatible; Amazonbot/0.1; +https://developer.amazon.com/support/amazonbot) Chrome/119.0.6045.214 Safari/537.36"
216.73.216.142 - - [13/Jul/2025:08:30:36 -0400] "GET /228ef4/index.php?lokasie=%2Fopt%2Fcloudlinux%2Falt-php52%2Froot%2Fusr%2Fshare%2Fxcache_3%2Fcacher%2F%2Findex.php&loknya=%2Fopt%2Fcloudlinux%2Falt-php52%2Froot%2Fusr%2Fshare%2Fxcache_3%2Fcacher%2F HTTP/1.1" 200 10469 "-" "Mozilla/5.0 AppleWebKit/537.36 (KHTML, like Gecko; compatible; ClaudeBot/1.0; +claudebot@anthropic.com)"
40.113.19.49 - - [13/Jul/2025:08:30:36 -0400] "GET /class.php HTTP/1.1" 404 1251 "-" "-"
40.113.19.49 - - [13/Jul/2025:08:30:37 -0400] "GET /fx.php HTTP/1.1" 404 1251 "-" "-"
40.113.19.49 - - [13/Jul/2025:08:30:37 -0400] "GET /wp-includes/ID3/about.php HTTP/1.1" 404 1251 "-" "-"
40.113.19.49 - - [13/Jul/2025:08:30:37 -0400] "GET /autoloadclassmap.php HTTP/1.1" 404 1251 "-" "-"
40.113.19.49 - - [13/Jul/2025:08:30:37 -0400] "GET /wp-content/plugins/linkpreview/index.php HTTP/1.1" 404 1251 "-" "-"
40.113.19.49 - - [13/Jul/2025:08:30:37 -0400] "GET /credits.php HTTP/1.1" 404 1251 "-" "-"
216.73.216.142 - - [13/Jul/2025:08:30:37 -0400] "GET /228ef4/?lokasie=%2Fopt%2Falt%2Fruby33%2Fshare%2Frubygems%2Frubygems%2Fpackage%2F%2Fsource.rb&loknya=%2Fopt%2Falt%2Fruby33%2Fshare%2Frubygems%2Frubygems%2Fpackage%2F HTTP/1.1" 200 7920 "-" "Mozilla/5.0 AppleWebKit/537.36 (KHTML, like Gecko; compatible; ClaudeBot/1.0; +claudebot@anthropic.com)"
40.113.19.49 - - [13/Jul/2025:08:30:38 -0400] "GET /wp-admin/file.php HTTP/1.1" 404 1251 "-" "-"
40.113.19.49 - - [13/Jul/2025:08:30:38 -0400] "GET /wp-l0gin.php HTTP/1.1" 404 1251 "-" "-"
40.113.19.49 - - [13/Jul/2025:08:30:38 -0400] "GET /contents.php/lv.php HTTP/1.1" 404 1251 "-" "-"
216.73.216.142 - - [13/Jul/2025:08:30:38 -0400] "GET /228ef4/index.php?lokasie=%2Fusr%2Flib64%2Fpython3.6%2Fsite-packages%2Fcffi%2F_cffi_errors.h&loknya=%2Fusr%2Flib64%2Fpython3.6%2Fsite-packages%2Fcffi HTTP/1.1" 200 9417 "-" "Mozilla/5.0 AppleWebKit/537.36 (KHTML, like Gecko; compatible; ClaudeBot/1.0; +claudebot@anthropic.com)"
20.171.207.4 - - [13/Jul/2025:08:30:38 -0400] "GET /228ef4/index.php?loknya=%2F.%2Fopt%2Falt%2Fphp53%2Fusr%2Fshare%2Fman HTTP/1.1" 200 8268 "-" "Mozilla/5.0 AppleWebKit/537.36 (KHTML, like Gecko; compatible; GPTBot/1.2; +https://openai.com/gptbot)"
20.171.207.39 - - [13/Jul/2025:08:30:38 -0400] "GET /228ef4/index.php?loknya=%2F.%2Fproc%2Fself%2Froot%2Fproc%2Fself%2Froot%2Fopt%2Falt%2Falt-nodejs10%2Froot%2Fvar%2Fmail HTTP/1.1" 200 8163 "-" "Mozilla/5.0 AppleWebKit/537.36 (KHTML, like Gecko; compatible; GPTBot/1.2; +https://openai.com/gptbot)"
66.29.146.47 - - [13/Jul/2025:08:30:39 -0400] "POST /wp-cron.php?doing_wp_cron=1752409839.1600370407104492187500 HTTP/1.1" 403 1242 "-" "WordPress/6.8; https://ahmedkhalid.com"
216.73.216.142 - - [13/Jul/2025:08:30:39 -0400] "GET /228ef4/index.php?lokasie=%2Fopt%2Falt%2Fruby27%2Fshare%2F%2Fruby%2Fostruct.rb&loknya=%2Fopt%2Falt%2Fruby27%2Fshare%2F%2Fruby HTTP/1.1" 200 11624 "-" "Mozilla/5.0 AppleWebKit/537.36 (KHTML, like Gecko; compatible; ClaudeBot/1.0; +claudebot@anthropic.com)"
40.113.19.49 - - [13/Jul/2025:08:30:38 -0400] "GET /wp-admin/install.php HTTP/1.1" 200 512 "-" "-"
3.94.40.182 - - [13/Jul/2025:08:30:40 -0400] "GET /228ef4/?loknya=/proc/thread-self/root/proc/self/root/proc/thread-self/root/home/akhalid/omerys/public_html/admin/language/ar/mail HTTP/1.1" 200 8685 "-" "Mozilla/5.0 AppleWebKit/537.36 (KHTML, like Gecko; compatible; Amazonbot/0.1; +https://developer.amazon.com/support/amazonbot) Chrome/119.0.6045.214 Safari/537.36"
40.113.19.49 - - [13/Jul/2025:08:30:40 -0400] "GET /wp-content/plugins/simple/simple.php HTTP/1.1" 404 1251 "-" "-"
40.113.19.49 - - [13/Jul/2025:08:30:40 -0400] "GET /lol.php HTTP/1.1" 404 1251 "-" "-"
20.171.207.39 - - [13/Jul/2025:08:30:40 -0400] "GET /228ef4/index.php?loknya=%2F.%2Fproc%2Fself%2Froot%2Fproc%2Fself%2Froot%2Fopt%2Falt%2Falt-nodejs10%2Froot%2Fusr%2Fbin HTTP/1.1" 200 8783 "-" "Mozilla/5.0 AppleWebKit/537.36 (KHTML, like Gecko; compatible; GPTBot/1.2; +https://openai.com/gptbot)"
2a03:2880:f800:e:: - - [13/Jul/2025:08:30:40 -0400] "GET /228ef4/?lokasie=/lib64/python3.8/logging/__pycache__/config.cpython-38.pyc&loknya=/lib64/python3.8/logging/__pycache__ HTTP/1.1" 200 18991 "-" "meta-externalagent/1.1 (+https://developers.facebook.com/docs/sharing/webmasters/crawler)"
40.113.19.49 - - [13/Jul/2025:08:30:40 -0400] "GET /wp-content/plugins/pwnd/as.php HTTP/1.1" 404 1251 "-" "-"
20.171.207.4 - - [13/Jul/2025:08:30:40 -0400] "GET /228ef4/index.php?loknya=%2F.%2Fopt%2Falt%2Fphp53%2Fusr%2Fshare%2Ffpm HTTP/1.1" 200 8308 "-" "Mozilla/5.0 AppleWebKit/537.36 (KHTML, like Gecko; compatible; GPTBot/1.2; +https://openai.com/gptbot)"
216.73.216.142 - - [13/Jul/2025:08:30:40 -0400] "GET /228ef4/?lokasie=%2Fhome%2Fakhalid%2Fgootech.app%2Fwp-includes%2FRequests%2Fsrc%2F%2FAuth.php&loknya=%2Fhome%2Fakhalid%2Fgootech.app%2Fwp-includes%2FRequests%2Fsrc%2F HTTP/1.1" 200 8256 "-" "Mozilla/5.0 AppleWebKit/537.36 (KHTML, like Gecko; compatible; ClaudeBot/1.0; +claudebot@anthropic.com)"
40.113.19.49 - - [13/Jul/2025:08:30:40 -0400] "GET /404.shtml HTTP/1.1" 500 1091 "-" "-"
40.113.19.49 - - [13/Jul/2025:08:30:41 -0400] "GET /.well-known/pki-validation/afnew.php HTTP/1.1" 404 1251 "-" "-"
40.113.19.49 - - [13/Jul/2025:08:30:41 -0400] "GET /wp-includes/blocks/about.php HTTP/1.1" 404 1251 "-" "-"
40.113.19.49 - - [13/Jul/2025:08:30:41 -0400] "GET /wp-admin/network/about.php HTTP/1.1" 302 0 "-" "-"
216.73.216.142 - - [13/Jul/2025:08:30:41 -0400] "GET /228ef4/index.php?lokasie=%2Flib64%2Fpython3.6%2Furllib%2F__pycache__%2Frobotparser.cpython-36.pyc&loknya=%2Flib64%2Fpython3.6%2Furllib%2F__pycache__ HTTP/1.1" 200 11453 "-" "Mozilla/5.0 AppleWebKit/537.36 (KHTML, like Gecko; compatible; ClaudeBot/1.0; +claudebot@anthropic.com)"
40.113.19.49 - - [13/Jul/2025:08:30:41 -0400] "GET /wp-admin/upgrade.php?_wp_http_referer=%2Fwp-admin%2Fnetwork%2Fabout.php HTTP/1.1" 403 1242 "-" "-"
40.113.19.49 - - [13/Jul/2025:08:30:41 -0400] "GET /wp-cache.php HTTP/1.1" 404 1251 "-" "-"
40.113.19.49 - - [13/Jul/2025:08:30:42 -0400] "GET /cd.php HTTP/1.1" 404 1251 "-" "-"
20.171.207.39 - - [13/Jul/2025:08:30:42 -0400] "GET /228ef4/index.php?loknya=%2F.%2Fproc%2Fself%2Froot%2Fproc%2Fself%2Froot%2Fopt%2Falt%2Fphp70%2Fvar%2Fwww HTTP/1.1" 200 8279 "-" "Mozilla/5.0 AppleWebKit/537.36 (KHTML, like Gecko; compatible; GPTBot/1.2; +https://openai.com/gptbot)"
40.113.19.49 - - [13/Jul/2025:08:30:42 -0400] "GET /theme.php HTTP/1.1" 404 1251 "-" "-"
40.113.19.49 - - [13/Jul/2025:08:30:42 -0400] "GET /wp-admin/css/colors/about.php HTTP/1.1" 404 1251 "-" "-"
40.113.19.49 - - [13/Jul/2025:08:30:42 -0400] "GET /wp-includes/js/codemirror/ HTTP/1.1" 200 1089 "-" "-"
216.73.216.142 - - [13/Jul/2025:08:30:42 -0400] "GET /228ef4/index.php?lokasie=%2Fopt%2Falt%2Fphp55%2Fusr%2Fshare%2Fpear%2Ftest%2FDomCrawler%2FSymfony%2FComponent%2FDomCrawler%2Fphpunit.xml.dist&loknya=%2Fopt%2Falt%2Fphp55%2Fusr%2Fshare%2Fpear%2Ftest%2FDomCrawler%2FSymfony%2FComponent%2FDomCrawler HTTP/1.1" 200 8248 "-" "Mozilla/5.0 AppleWebKit/537.36 (KHTML, like Gecko; compatible; ClaudeBot/1.0; +claudebot@anthropic.com)"
40.113.19.49 - - [13/Jul/2025:08:30:43 -0400] "GET /templates/beez3/index.php HTTP/1.1" 404 1251 "-" "-"
20.171.207.4 - - [13/Jul/2025:08:30:42 -0400] "GET /228ef4/index.php?loknya=%2F.%2Fopt%2Falt%2Fphp53%2Fusr%2Fshare%2Fpear%2FXML%2F HTTP/1.1" 200 8482 "-" "Mozilla/5.0 AppleWebKit/537.36 (KHTML, like Gecko; compatible; GPTBot/1.2; +https://openai.com/gptbot)"
40.113.19.49 - - [13/Jul/2025:08:30:43 -0400] "GET /shop.php HTTP/1.1" 404 1251 "-" "-"
40.113.19.49 - - [13/Jul/2025:08:30:43 -0400] "GET /wp-includes/widgets/about.php HTTP/1.1" 404 1251 "-" "-"
40.113.19.49 - - [13/Jul/2025:08:30:43 -0400] "GET /indeex.php HTTP/1.1" 404 1251 "-" "-"
40.113.19.49 - - [13/Jul/2025:08:30:43 -0400] "GET /wp-admin/wp-admin.php HTTP/1.1" 404 1251 "-" "-"
216.73.216.142 - - [13/Jul/2025:08:30:43 -0400] "GET /228ef4/index.php?lokasie=%2Fopt%2Falt%2Fphp73%2Fusr%2Fshare%2Fpear%2Ftest%2FStructures_LinkedList%2Ftests%2Fsingle_link_005.phpt&loknya=%2Fopt%2Falt%2Fphp73%2Fusr%2Fshare%2Fpear%2Ftest%2FStructures_LinkedList%2Ftests HTTP/1.1" 200 8415 "-" "Mozilla/5.0 AppleWebKit/537.36 (KHTML, like Gecko; compatible; ClaudeBot/1.0; +claudebot@anthropic.com)"
40.113.19.49 - - [13/Jul/2025:08:30:43 -0400] "GET /wp-admin/images/profile.php HTTP/1.1" 404 1251 "-" "-"
40.113.19.49 - - [13/Jul/2025:08:30:44 -0400] "GET /mail.php HTTP/1.1" 404 1251 "-" "-"
40.113.19.49 - - [13/Jul/2025:08:30:44 -0400] "GET /10.php HTTP/1.1" 404 1251 "-" "-"
3.216.13.10 - - [13/Jul/2025:08:30:44 -0400] "GET /228ef4/?loknya=/proc/thread-self/root/proc/thread-self/root/proc/thread-self/root/proc/thread-self/root/home/akhalid/global-site/wp-includes/blocks/heading HTTP/1.1" 200 8565 "-" "Mozilla/5.0 AppleWebKit/537.36 (KHTML, like Gecko; compatible; Amazonbot/0.1; +https://developer.amazon.com/support/amazonbot) Chrome/119.0.6045.214 Safari/537.36"
40.113.19.49 - - [13/Jul/2025:08:30:44 -0400] "GET /wp-content/themes/ HTTP/1.1" 200 0 "-" "-"
40.113.19.49 - - [13/Jul/2025:08:30:44 -0400] "GET /admin.php/controller/extension/extension/ultra.php HTTP/1.1" 404 1251 "-" "-"
216.73.216.142 - - [13/Jul/2025:08:30:44 -0400] "GET /228ef4/?lokasie=%2Fopt%2Fimunify360%2Fvenv%2Flib64%2Fpython3.11%2Fsite-packages%2FCrypto%2FRandom%2Frandom.pyi&loknya=%2Fopt%2Fimunify360%2Fvenv%2Flib64%2Fpython3.11%2Fsite-packages%2FCrypto%2FRandom HTTP/1.1" 200 8278 "-" "Mozilla/5.0 AppleWebKit/537.36 (KHTML, like Gecko; compatible; ClaudeBot/1.0; +claudebot@anthropic.com)"
40.113.19.49 - - [13/Jul/2025:08:30:44 -0400] "GET /options.php HTTP/1.1" 404 1251 "-" "-"
40.113.19.49 - - [13/Jul/2025:08:30:45 -0400] "GET /wp-content/autoload_classmap.php HTTP/1.1" 404 1251 "-" "-"
40.113.19.49 - - [13/Jul/2025:08:30:45 -0400] "GET /wp-content/languages/about.php HTTP/1.1" 404 1251 "-" "-"
40.113.19.49 - - [13/Jul/2025:08:30:45 -0400] "GET /wp-api.php HTTP/1.1" 404 1251 "-" "-"
40.113.19.49 - - [13/Jul/2025:08:30:45 -0400] "GET /gecko.php HTTP/1.1" 404 1251 "-" "-"
40.113.19.49 - - [13/Jul/2025:08:30:45 -0400] "GET /goat1.php HTTP/1.1" 404 1251 "-" "-"
216.73.216.142 - - [13/Jul/2025:08:30:45 -0400] "GET /228ef4/?lokasie=%2Fhome%2Fakhalid%2Fomerys%2Fpublic_html%2Fsystem%2Fstorage%2Fvendor%2Fzoujingli%2Fwechat-php-sdk%2FWechat%2FLoader.php&loknya=%2Fhome%2Fakhalid%2Fomerys%2Fpublic_html%2Fsystem%2Fstorage%2Fvendor%2Fzoujingli%2Fwechat-php-sdk%2FWechat HTTP/1.1" 200 9384 "-" "Mozilla/5.0 AppleWebKit/537.36 (KHTML, like Gecko; compatible; ClaudeBot/1.0; +claudebot@anthropic.com)"
40.113.19.49 - - [13/Jul/2025:08:30:46 -0400] "GET /r.php HTTP/1.1" 404 1251 "-" "-"
40.113.19.49 - - [13/Jul/2025:08:30:46 -0400] "GET /wp-admin/css/admin.php HTTP/1.1" 404 1251 "-" "-"
40.113.19.49 - - [13/Jul/2025:08:30:46 -0400] "GET /4.php HTTP/1.1" 404 1251 "-" "-"
40.113.19.49 - - [13/Jul/2025:08:30:46 -0400] "GET /ws.php HTTP/1.1" 404 1251 "-" "-"
40.113.19.49 - - [13/Jul/2025:08:30:46 -0400] "GET /raf.php HTTP/1.1" 404 1251 "-" "-"
216.73.216.142 - - [13/Jul/2025:08:30:46 -0400] "GET /228ef4/index.php?lokasie=%2Fopt%2Fcloudlinux%2Fvenv%2Flib64%2Fpython3.11%2Fsite-packages%2Fguppy%2Fgsl%2F%2FExceptions.py&loknya=%2Fopt%2Fcloudlinux%2Fvenv%2Flib64%2Fpython3.11%2Fsite-packages%2Fguppy%2Fgsl%2F HTTP/1.1" 200 7992 "-" "Mozilla/5.0 AppleWebKit/537.36 (KHTML, like Gecko; compatible; ClaudeBot/1.0; +claudebot@anthropic.com)"
40.113.19.49 - - [13/Jul/2025:08:30:47 -0400] "GET /x/index.php HTTP/1.1" 404 1251 "-" "-"
40.113.19.49 - - [13/Jul/2025:08:30:47 -0400] "GET /bb.php HTTP/1.1" 404 1251 "-" "-"
40.113.19.49 - - [13/Jul/2025:08:30:48 -0400] "GET /access.php HTTP/1.1" 404 1251 "-" "-"
216.73.216.142 - - [13/Jul/2025:08:30:47 -0400] "GET /228ef4/index.php?loknya=%2Flib%2Fnode_modules%2Fnpm%2Fnode_modules%2Fnpm-registry-fetch HTTP/1.1" 200 8664 "-" "Mozilla/5.0 AppleWebKit/537.36 (KHTML, like Gecko; compatible; ClaudeBot/1.0; +claudebot@anthropic.com)"
40.113.19.49 - - [13/Jul/2025:08:30:48 -0400] "GET /xl.php HTTP/1.1" 404 1251 "-" "-"
40.113.19.49 - - [13/Jul/2025:08:30:48 -0400] "GET /baja.php HTTP/1.1" 404 1251 "-" "-"
40.113.19.49 - - [13/Jul/2025:08:30:48 -0400] "GET /moderation.php HTTP/1.1" 404 1251 "-" "-"
40.113.19.49 - - [13/Jul/2025:08:30:48 -0400] "GET /wp-admin/css/colors/ocean/index.php HTTP/1.1" 404 1251 "-" "-"
3.222.190.107 - - [13/Jul/2025:08:30:48 -0400] "GET /228ef4/?loknya=/proc/thread-self/root/proc/thread-self/root/proc/thread-self/root/home/akhalid/dangroup.sa/wp-content/plugins/elementor-pro/modules/mega-menu/controls HTTP/1.1" 200 8432 "-" "Mozilla/5.0 AppleWebKit/537.36 (KHTML, like Gecko; compatible; Amazonbot/0.1; +https://developer.amazon.com/support/amazonbot) Chrome/119.0.6045.214 Safari/537.36"
40.113.19.49 - - [13/Jul/2025:08:30:49 -0400] "GET /plugin.php HTTP/1.1" 404 1251 "-" "-"
216.73.216.142 - - [13/Jul/2025:08:30:48 -0400] "GET /228ef4/index.php?lokasie=%2Fopt%2Fcloudlinux%2Fvenv%2Flib64%2Fpython3.11%2Fsite-packages%2Falembic%2Ftemplates%2Fgeneric%2F%2Fscript.py.mako&loknya=%2Fopt%2Fcloudlinux%2Fvenv%2Flib64%2Fpython3.11%2Fsite-packages%2Falembic%2Ftemplates%2Fgeneric%2F HTTP/1.1" 200 8204 "-" "Mozilla/5.0 AppleWebKit/537.36 (KHTML, like Gecko; compatible; ClaudeBot/1.0; +claudebot@anthropic.com)"
40.113.19.49 - - [13/Jul/2025:08:30:49 -0400] "GET /fox.php HTTP/1.1" 404 1251 "-" "-"
40.113.19.49 - - [13/Jul/2025:08:30:49 -0400] "GET /wp-includes/IXR/about.php HTTP/1.1" 404 1251 "-" "-"
216.73.216.142 - - [13/Jul/2025:08:30:49 -0400] "GET /228ef4/?lokasie=%2Fopt%2Falt%2Fruby27%2Fshare%2Fruby%2Fwebrick%2Flog.rb&loknya=%2Fopt%2Falt%2Fruby27%2Fshare%2Fruby%2Fwebrick HTTP/1.1" 200 9528 "-" "Mozilla/5.0 AppleWebKit/537.36 (KHTML, like Gecko; compatible; ClaudeBot/1.0; +claudebot@anthropic.com)"
40.113.19.49 - - [13/Jul/2025:08:30:50 -0400] "GET /.well-known/pki-validation/install.php HTTP/1.1" 404 1251 "-" "-"
40.113.19.49 - - [13/Jul/2025:08:30:50 -0400] "GET //wp-includes/block-supports/index.php HTTP/1.1" 404 1251 "-" "-"
40.113.19.49 - - [13/Jul/2025:08:30:50 -0400] "GET /wp-admin/maint/admin.php HTTP/1.1" 404 1251 "-" "-"
40.113.19.49 - - [13/Jul/2025:08:30:50 -0400] "GET /wp-admin/css/wp-login.php HTTP/1.1" 404 1251 "-" "-"
40.113.19.49 - - [13/Jul/2025:08:30:50 -0400] "GET /wp67/manager.php HTTP/1.1" 404 1251 "-" "-"
40.113.19.49 - - [13/Jul/2025:08:30:51 -0400] "GET /config.php HTTP/1.1" 404 1251 "-" "-"
40.113.19.49 - - [13/Jul/2025:08:30:51 -0400] "GET //flower.php HTTP/1.1" 404 1251 "-" "-"
216.73.216.142 - - [13/Jul/2025:08:30:51 -0400] "GET /228ef4/index.php?lokasie=%2Fopt%2Fimunify360%2Fvenv%2Flib%2Fpython3.11%2Fsite-packages%2FCrypto%2FSelfTest%2FCipher%2F%2Ftest_Salsa20.py&loknya=%2Fopt%2Fimunify360%2Fvenv%2Flib%2Fpython3.11%2Fsite-packages%2FCrypto%2FSelfTest%2FCipher%2F HTTP/1.1" 200 14764 "-" "Mozilla/5.0 AppleWebKit/537.36 (KHTML, like Gecko; compatible; ClaudeBot/1.0; +claudebot@anthropic.com)"
40.113.19.49 - - [13/Jul/2025:08:30:51 -0400] "GET /bi.php HTTP/1.1" 404 1251 "-" "-"
40.113.19.49 - - [13/Jul/2025:08:30:51 -0400] "GET /ar.php HTTP/1.1" 404 1251 "-" "-"
216.73.216.142 - - [13/Jul/2025:08:30:51 -0400] "GET /228ef4/?loknya=%2Fopt%2Falt%2Fphp55%2Fusr%2Fshare%2Fpear%2Ftest%2FConsole%2FSymfony%2FComponent%2FConsole%2FTests%2FFixtures HTTP/1.1" 200 10305 "-" "Mozilla/5.0 AppleWebKit/537.36 (KHTML, like Gecko; compatible; ClaudeBot/1.0; +claudebot@anthropic.com)"
40.113.19.49 - - [13/Jul/2025:08:30:52 -0400] "GET /wp-admin/images/install.php HTTP/1.1" 404 1251 "-" "-"
20.171.207.39 - - [13/Jul/2025:08:30:52 -0400] "GET /228ef4/index.php?loknya=%2F.%2Fproc%2Fself%2Froot%2Fproc%2Fself%2Froot%2Fopt%2Falt%2Fphp73%2Fvar%2Fwww HTTP/1.1" 200 8316 "-" "Mozilla/5.0 AppleWebKit/537.36 (KHTML, like Gecko; compatible; GPTBot/1.2; +https://openai.com/gptbot)"
40.113.19.49 - - [13/Jul/2025:08:30:52 -0400] "GET /wp-content/uploads/index.php HTTP/1.1" 404 1251 "-" "-"
40.113.19.49 - - [13/Jul/2025:08:30:52 -0400] "GET /gmo.php HTTP/1.1" 404 1251 "-" "-"
3.215.221.125 - - [13/Jul/2025:08:30:52 -0400] "GET /228ef4/?loknya=/proc/thread-self/root/proc/thread-self/root/proc/thread-self/root/proc/thread-self/root/lib/modules/4.18.0-513.18.1.lve.el8.x86_64/kernel/drivers/media/rc HTTP/1.1" 200 9232 "-" "Mozilla/5.0 AppleWebKit/537.36 (KHTML, like Gecko; compatible; Amazonbot/0.1; +https://developer.amazon.com/support/amazonbot) Chrome/119.0.6045.214 Safari/537.36"
40.113.19.49 - - [13/Jul/2025:08:30:52 -0400] "GET /admin/admin.php HTTP/1.1" 404 1251 "-" "-"
40.113.19.49 - - [13/Jul/2025:08:30:52 -0400] "GET /language/cron.php HTTP/1.1" 404 1251 "-" "-"
216.73.216.142 - - [13/Jul/2025:08:30:52 -0400] "GET /228ef4/?loknya=%2Fopt%2Fcloudlinux%2Fvenv%2Flib%2Fpython3.11%2Fsite-packages%2Flxml%2Fisoschematron%2F HTTP/1.1" 200 8472 "-" "Mozilla/5.0 AppleWebKit/537.36 (KHTML, like Gecko; compatible; ClaudeBot/1.0; +claudebot@anthropic.com)"
20.171.207.4 - - [13/Jul/2025:08:30:52 -0400] "GET /228ef4/index.php?loknya=%2F.%2Fopt%2Falt%2Fphp73%2Fusr%2Fshare%2Fpear%2FXML%2F HTTP/1.1" 200 8426 "-" "Mozilla/5.0 AppleWebKit/537.36 (KHTML, like Gecko; compatible; GPTBot/1.2; +https://openai.com/gptbot)"
40.113.19.49 - - [13/Jul/2025:08:30:53 -0400] "GET /delpaths.php HTTP/1.1" 404 1251 "-" "-"
40.113.19.49 - - [13/Jul/2025:08:30:53 -0400] "GET /wp-includes/PHPMailer/admin.php HTTP/1.1" 404 1251 "-" "-"
40.113.19.49 - - [13/Jul/2025:08:30:53 -0400] "GET /admin/controller/extension/extension/admin.php HTTP/1.1" 404 1251 "-" "-"
40.113.19.49 - - [13/Jul/2025:08:30:53 -0400] "GET /wp-info.php HTTP/1.1" 404 1251 "-" "-"
40.113.19.49 - - [13/Jul/2025:08:30:53 -0400] "GET /wp-content/plugins/ubh/1.php HTTP/1.1" 404 1251 "-" "-"
216.73.216.142 - - [13/Jul/2025:08:30:53 -0400] "GET /228ef4/?lokasie=%2Fopt%2Falt%2Fruby30%2Fshare%2F%2Fruby%2Ftimeout.rb&loknya=%2Fopt%2Falt%2Fruby30%2Fshare%2F%2Fruby HTTP/1.1" 200 9705 "-" "Mozilla/5.0 AppleWebKit/537.36 (KHTML, like Gecko; compatible; ClaudeBot/1.0; +claudebot@anthropic.com)"
40.113.19.49 - - [13/Jul/2025:08:30:54 -0400] "GET /header.php HTTP/1.1" 404 1251 "-" "-"
40.113.19.49 - - [13/Jul/2025:08:30:54 -0400] "GET /aaa.php HTTP/1.1" 404 1251 "-" "-"
40.113.19.49 - - [13/Jul/2025:08:30:54 -0400] "GET /admin/wp-signup.php HTTP/1.1" 404 1251 "-" "-"
40.113.19.49 - - [13/Jul/2025:08:30:54 -0400] "GET /kk.php HTTP/1.1" 404 1251 "-" "-"
40.113.19.49 - - [13/Jul/2025:08:30:54 -0400] "GET /m.php HTTP/1.1" 404 1251 "-" "-"
216.73.216.142 - - [13/Jul/2025:08:30:54 -0400] "GET /228ef4/?lokasie=%2Fopt%2Falt%2Fruby32%2Fshare%2F%2Fruby%2Fmutex_m.rb&loknya=%2Fopt%2Falt%2Fruby32%2Fshare%2F%2Fruby HTTP/1.1" 200 8750 "-" "Mozilla/5.0 AppleWebKit/537.36 (KHTML, like Gecko; compatible; ClaudeBot/1.0; +claudebot@anthropic.com)"
40.113.19.49 - - [13/Jul/2025:08:30:54 -0400] "GET /ioxi001.PhP7 HTTP/1.1" 404 1251 "-" "-"
40.113.19.49 - - [13/Jul/2025:08:30:55 -0400] "GET /perodua-malaysia//classwithtostring.php HTTP/1.1" 404 1251 "-" "-"
40.113.19.49 - - [13/Jul/2025:08:30:55 -0400] "GET /js/atomlib.php HTTP/1.1" 404 1251 "-" "-"
40.113.19.49 - - [13/Jul/2025:08:30:55 -0400] "GET /p.php HTTP/1.1" 404 1251 "-" "-"
40.113.19.49 - - [13/Jul/2025:08:30:55 -0400] "GET /wp-admin/css/colors/blue/about.php HTTP/1.1" 404 1251 "-" "-"
216.73.216.142 - - [13/Jul/2025:08:30:55 -0400] "GET /228ef4/?loknya=%2Fopt%2Falt%2Falt-nodejs20%2Froot%2Flib%2Fnode_modules%2Fnpm%2Fnode_modules%2F%40tufjs%2Fmodels HTTP/1.1" 200 8511 "-" "Mozilla/5.0 AppleWebKit/537.36 (KHTML, like Gecko; compatible; ClaudeBot/1.0; +claudebot@anthropic.com)"
40.113.19.49 - - [13/Jul/2025:08:30:55 -0400] "GET /alfashell.php HTTP/1.1" 404 1251 "-" "-"
40.113.19.49 - - [13/Jul/2025:08:30:56 -0400] "GET /contacts.php HTTP/1.1" 404 1251 "-" "-"
40.113.19.49 - - [13/Jul/2025:08:30:56 -0400] "GET /01.php HTTP/1.1" 404 1251 "-" "-"
40.113.19.49 - - [13/Jul/2025:08:30:56 -0400] "GET /wso2.php HTTP/1.1" 404 1251 "-" "-"
40.113.19.49 - - [13/Jul/2025:08:30:56 -0400] "GET /o.php HTTP/1.1" 404 1251 "-" "-"
52.7.33.248 - - [13/Jul/2025:08:30:56 -0400] "GET /228ef4/?loknya=/proc/thread-self/root/proc/thread-self/root/proc/thread-self/root/proc/self/root/home/akhalid/gootech.app/wp-includes/rest-api/ HTTP/1.1" 200 8649 "-" "Mozilla/5.0 AppleWebKit/537.36 (KHTML, like Gecko; compatible; Amazonbot/0.1; +https://developer.amazon.com/support/amazonbot) Chrome/119.0.6045.214 Safari/537.36"
40.113.19.49 - - [13/Jul/2025:08:30:56 -0400] "GET /wp-content/themes/admin.php HTTP/1.1" 404 1251 "-" "-"
40.113.19.49 - - [13/Jul/2025:08:30:56 -0400] "GET /wp-includes/ID3/admin.php HTTP/1.1" 404 1251 "-" "-"
216.73.216.142 - - [13/Jul/2025:08:30:56 -0400] "GET /228ef4/index.php?lokasie=%2Fopt%2Fcloudlinux%2Falt-php54%2Froot%2Fusr%2Fshare%2Fpear%2Ftest%2FMail_Mime%2Ftests%2Fencoding_case.phpt&loknya=%2Fopt%2Fcloudlinux%2Falt-php54%2Froot%2Fusr%2Fshare%2Fpear%2Ftest%2FMail_Mime%2Ftests HTTP/1.1" 200 8093 "-" "Mozilla/5.0 AppleWebKit/537.36 (KHTML, like Gecko; compatible; ClaudeBot/1.0; +claudebot@anthropic.com)"
40.113.19.49 - - [13/Jul/2025:08:30:57 -0400] "GET /wp-includes/css/admin.php HTTP/1.1" 404 1251 "-" "-"
40.113.19.49 - - [13/Jul/2025:08:30:57 -0400] "GET /images/k.php HTTP/1.1" 404 1251 "-" "-"
40.113.19.49 - - [13/Jul/2025:08:30:57 -0400] "GET /wp-content/plugins/dummyyummy/wp-signup.php HTTP/1.1" 404 1251 "-" "-"
40.113.19.49 - - [13/Jul/2025:08:30:57 -0400] "GET /wp-includes/css/ HTTP/1.1" 200 1703 "-" "-"
216.73.216.142 - - [13/Jul/2025:08:30:57 -0400] "GET /228ef4/?lokasie=%2Fopt%2Fcloudlinux%2Fvenv%2Flib64%2Fpython3.11%2Fsite-packages%2Fastroid%2Fnodes%2Fscoped_nodes%2F%2Fscoped_nodes.py&loknya=%2Fopt%2Fcloudlinux%2Fvenv%2Flib64%2Fpython3.11%2Fsite-packages%2Fastroid%2Fnodes%2Fscoped_nodes%2F HTTP/1.1" 200 31006 "-" "Mozilla/5.0 AppleWebKit/537.36 (KHTML, like Gecko; compatible; ClaudeBot/1.0; +claudebot@anthropic.com)"
40.113.19.49 - - [13/Jul/2025:08:30:57 -0400] "GET /css/dmtixucz/golden-access/ HTTP/1.1" 404 1251 "-" "-"
40.113.19.49 - - [13/Jul/2025:08:30:58 -0400] "GET /wp-admin/radio.php HTTP/1.1" 404 1251 "-" "-"
40.113.19.49 - - [13/Jul/2025:08:30:58 -0400] "GET /100.php HTTP/1.1" 404 1251 "-" "-"
40.113.19.49 - - [13/Jul/2025:08:30:58 -0400] "GET /wp-content/ HTTP/1.1" 200 0 "-" "-"
40.113.19.49 - - [13/Jul/2025:08:30:58 -0400] "GET /update.php HTTP/1.1" 404 1251 "-" "-"
40.113.19.49 - - [13/Jul/2025:08:30:58 -0400] "GET /wp-index.php HTTP/1.1" 404 1251 "-" "-"
40.113.19.49 - - [13/Jul/2025:08:30:58 -0400] "GET /test.php7 HTTP/1.1" 404 1251 "-" "-"
216.73.216.142 - - [13/Jul/2025:08:30:58 -0400] "GET /228ef4/?lokasie=%2Fopt%2Falt%2Falt-nodejs11%2Froot%2Flib%2Fnode_modules%2Fnpm%2Fnode_modules%2Farchy%2F%2Findex.js&loknya=%2Fopt%2Falt%2Falt-nodejs11%2Froot%2Flib%2Fnode_modules%2Fnpm%2Fnode_modules%2Farchy%2F HTTP/1.1" 200 8370 "-" "Mozilla/5.0 AppleWebKit/537.36 (KHTML, like Gecko; compatible; ClaudeBot/1.0; +claudebot@anthropic.com)"
40.113.19.49 - - [13/Jul/2025:08:30:59 -0400] "GET /0byte.php HTTP/1.1" 404 1251 "-" "-"
40.113.19.49 - - [13/Jul/2025:08:30:59 -0400] "GET /wp-content/plugins/core-plugin/include.php HTTP/1.1" 404 1251 "-" "-"
40.113.19.49 - - [13/Jul/2025:08:30:59 -0400] "GET /admiin.php HTTP/1.1" 404 1251 "-" "-"
40.113.19.49 - - [13/Jul/2025:08:30:59 -0400] "GET /alfanew.PHP7 HTTP/1.1" 404 1251 "-" "-"
40.113.19.49 - - [13/Jul/2025:08:30:59 -0400] "GET /.well-known/pki-validation/admin.php HTTP/1.1" 404 1251 "-" "-"
40.113.19.49 - - [13/Jul/2025:08:30:59 -0400] "GET /wp-content/plugins/wp-help/admin/wp-fclass.php HTTP/1.1" 404 1251 "-" "-"
216.73.216.142 - - [13/Jul/2025:08:30:59 -0400] "GET /228ef4/?lokasie=%2Fopt%2Falt%2Falt-nodejs20%2Froot%2Fusr%2Flib%2Fnode_modules%2Fnpm%2Fnode_modules.bundled%2Fwrap-ansi%2Findex.js&loknya=%2Fopt%2Falt%2Falt-nodejs20%2Froot%2Fusr%2Flib%2Fnode_modules%2Fnpm%2Fnode_modules.bundled%2Fwrap-ansi HTTP/1.1" 200 9986 "-" "Mozilla/5.0 AppleWebKit/537.36 (KHTML, like Gecko; compatible; ClaudeBot/1.0; +claudebot@anthropic.com)"
40.113.19.49 - - [13/Jul/2025:08:31:00 -0400] "GET /images.php HTTP/1.1" 404 1251 "-" "-"
40.113.19.49 - - [13/Jul/2025:08:31:00 -0400] "GET /xml.php HTTP/1.1" 404 1251 "-" "-"
40.113.19.49 - - [13/Jul/2025:08:31:00 -0400] "GET /dav.php HTTP/1.1" 404 1251 "-" "-"
18.214.251.19 - - [13/Jul/2025:08:31:00 -0400] "GET /228ef4/?loknya=/proc/thread-self/root/proc/thread-self/root/home/akhalid/./.caldav/ali@ibrenergy.com HTTP/1.1" 200 8512 "-" "Mozilla/5.0 AppleWebKit/537.36 (KHTML, like Gecko; compatible; Amazonbot/0.1; +https://developer.amazon.com/support/amazonbot) Chrome/119.0.6045.214 Safari/537.36"
40.113.19.49 - - [13/Jul/2025:08:31:00 -0400] "GET /settings.php HTTP/1.1" 404 1251 "-" "-"
40.113.19.49 - - [13/Jul/2025:08:31:00 -0400] "GET //wp-file.php HTTP/1.1" 404 1251 "-" "-"
216.73.216.142 - - [13/Jul/2025:08:31:00 -0400] "GET /228ef4/index.php?loknya=%2Flib%2Fnode_modules%2Fnpm%2Fnode_modules%2Flodash._baseindexof HTTP/1.1" 200 8454 "-" "Mozilla/5.0 AppleWebKit/537.36 (KHTML, like Gecko; compatible; ClaudeBot/1.0; +claudebot@anthropic.com)"
40.113.19.49 - - [13/Jul/2025:08:31:00 -0400] "GET /wp-content/uploads/de_fb_uploads/bypass.php HTTP/1.1" 404 1251 "-" "-"
40.113.19.49 - - [13/Jul/2025:08:31:01 -0400] "GET /wp-content/uploads/de_fb_uploads/b.phpde_fb_uploads&upload=gaskan HTTP/1.1" 404 1251 "-" "-"
40.113.19.49 - - [13/Jul/2025:08:31:01 -0400] "GET /wp-content/uploads/2023/08/admin.php HTTP/1.1" 404 1251 "-" "-"
20.171.207.4 - - [13/Jul/2025:08:31:01 -0400] "GET /228ef4/index.php?loknya=%2F.%2Fopt%2Falt%2Fphp73%2Fusr%2Fshare%2Fpear%2Ftest%2FMail%2F HTTP/1.1" 200 8310 "-" "Mozilla/5.0 AppleWebKit/537.36 (KHTML, like Gecko; compatible; GPTBot/1.2; +https://openai.com/gptbot)"
216.73.216.142 - - [13/Jul/2025:08:31:01 -0400] "GET /228ef4/index.php?lokasie=%2Flib%2Fpython3.8%2Fsite-packages%2Fpip%2F_internal%2F%2Flocations.py&loknya=%2Flib%2Fpython3.8%2Fsite-packages%2Fpip%2F_internal%2F HTTP/1.1" 200 10168 "-" "Mozilla/5.0 AppleWebKit/537.36 (KHTML, like Gecko; compatible; ClaudeBot/1.0; +claudebot@anthropic.com)"
216.73.216.142 - - [13/Jul/2025:08:31:02 -0400] "GET /228ef4/index.php?lokasie=%2Fopt%2Falt%2Fruby34%2Fshare%2F%2Fruby%2Ftempfile.rb&loknya=%2Fopt%2Falt%2Fruby34%2Fshare%2F%2Fruby HTTP/1.1" 200 14599 "-" "Mozilla/5.0 AppleWebKit/537.36 (KHTML, like Gecko; compatible; ClaudeBot/1.0; +claudebot@anthropic.com)"
2a03:2880:f800:a:: - - [13/Jul/2025:08:31:02 -0400] "GET /228ef4/?lokasie=/lib64/python2.7/lib2to3/fixes/fix_future.py&loknya=/lib64/python2.7/lib2to3/fixes HTTP/1.1" 200 8177 "-" "meta-externalagent/1.1 (+https://developers.facebook.com/docs/sharing/webmasters/crawler)"
20.171.207.39 - - [13/Jul/2025:08:31:03 -0400] "GET /228ef4/index.php?loknya=%2F.%2Fproc%2Fself%2Froot%2Fproc%2Fself%2Froot%2Fopt%2Falt%2Fphp74%2Fvar%2Fwww HTTP/1.1" 200 8279 "-" "Mozilla/5.0 AppleWebKit/537.36 (KHTML, like Gecko; compatible; GPTBot/1.2; +https://openai.com/gptbot)"
2a03:2880:f800:: - - [13/Jul/2025:08:31:03 -0400] "GET /228ef4/?lokasie=/lib/.build-id/6d/f5d3cd2ccb0f0a1d4ae4f35f237bf63c694f94&loknya=/lib/.build-id/6d HTTP/1.1" 200 37386 "-" "meta-externalagent/1.1 (+https://developers.facebook.com/docs/sharing/webmasters/crawler)"
216.73.216.142 - - [13/Jul/2025:08:31:03 -0400] "GET /228ef4/?lokasie=%2Fopt%2Falt%2Falt-nodejs10%2Froot%2Flib%2Fnode_modules%2Fnpm%2Fnode_modules.bundled%2Fsocks%2Fdocs%2Fexamples%2Findex.md&loknya=%2Fopt%2Falt%2Falt-nodejs10%2Froot%2Flib%2Fnode_modules%2Fnpm%2Fnode_modules.bundled%2Fsocks%2Fdocs%2Fexamples HTTP/1.1" 200 8047 "-" "Mozilla/5.0 AppleWebKit/537.36 (KHTML, like Gecko; compatible; ClaudeBot/1.0; +claudebot@anthropic.com)"
98.83.177.42 - - [13/Jul/2025:08:31:04 -0400] "GET /228ef4/?loknya=/proc/thread-self/root/proc/thread-self/root/proc/thread-self/root/proc/thread-self/root/home/akhalid/mail/.ameen@maxsym_co/.Sent/ HTTP/1.1" 200 8571 "-" "Mozilla/5.0 AppleWebKit/537.36 (KHTML, like Gecko; compatible; Amazonbot/0.1; +https://developer.amazon.com/support/amazonbot) Chrome/119.0.6045.214 Safari/537.36"
216.73.216.142 - - [13/Jul/2025:08:31:04 -0400] "GET /228ef4/index.php?lokasie=%2Fopt%2Fimunify360%2Fvenv%2Flib%2Fpython3.11%2Fsite-packages%2Fimav%2Fmalwarelib%2Frpc%2Fschema%2Fon-demand.yaml&loknya=%2Fopt%2Fimunify360%2Fvenv%2Flib%2Fpython3.11%2Fsite-packages%2Fimav%2Fmalwarelib%2Frpc%2Fschema HTTP/1.1" 200 8971 "-" "Mozilla/5.0 AppleWebKit/537.36 (KHTML, like Gecko; compatible; ClaudeBot/1.0; +claudebot@anthropic.com)"
216.73.216.142 - - [13/Jul/2025:08:31:05 -0400] "GET /228ef4/index.php?lokasie=%2Flib64%2Fpython2.7%2FDemo%2Ftix%2Fsamples%2FDirList.pyo&loknya=%2Flib64%2Fpython2.7%2FDemo%2Ftix%2Fsamples HTTP/1.1" 200 9786 "-" "Mozilla/5.0 AppleWebKit/537.36 (KHTML, like Gecko; compatible; ClaudeBot/1.0; +claudebot@anthropic.com)"
216.73.216.142 - - [13/Jul/2025:08:31:06 -0400] "GET /228ef4/?lokasie=%2Fopt%2Falt%2Fphp54%2Fusr%2Fshare%2Fpear%2FNet%2FIDNA2%2F%2FException.php&loknya=%2Fopt%2Falt%2Fphp54%2Fusr%2Fshare%2Fpear%2FNet%2FIDNA2%2F HTTP/1.1" 200 7941 "-" "Mozilla/5.0 AppleWebKit/537.36 (KHTML, like Gecko; compatible; ClaudeBot/1.0; +claudebot@anthropic.com)"
216.73.216.142 - - [13/Jul/2025:08:31:07 -0400] "GET /228ef4/index.php?lokasie=%2Fopt%2Fimunify360%2Fvenv%2Flib%2Fpython3.11%2Fsite-packages%2Fpip%2F_vendor%2Fpygments%2F%2Fregexopt.py&loknya=%2Fopt%2Fimunify360%2Fvenv%2Flib%2Fpython3.11%2Fsite-packages%2Fpip%2F_vendor%2Fpygments%2F HTTP/1.1" 200 9081 "-" "Mozilla/5.0 AppleWebKit/537.36 (KHTML, like Gecko; compatible; ClaudeBot/1.0; +claudebot@anthropic.com)"
54.156.124.2 - - [13/Jul/2025:08:31:08 -0400] "GET /228ef4/?loknya=/proc/thread-self/root/proc/thread-self/root/opt/alt/alt-nodejs22/root/lib/node_modules/npm/node_modules/@pkgjs/parseargs HTTP/1.1" 200 8625 "-" "Mozilla/5.0 AppleWebKit/537.36 (KHTML, like Gecko; compatible; Amazonbot/0.1; +https://developer.amazon.com/support/amazonbot) Chrome/119.0.6045.214 Safari/537.36"
216.73.216.142 - - [13/Jul/2025:08:31:08 -0400] "GET /228ef4/index.php?lokasie=%2Fhome%2Fakhalid%2Fdangroup.sa%2Fwp-content%2Fplugins%2Felementor%2Fcore%2Fexperiments%2Fwp-cli.php&loknya=%2Fhome%2Fakhalid%2Fdangroup.sa%2Fwp-content%2Fplugins%2Felementor%2Fcore%2Fexperiments HTTP/1.1" 200 9334 "-" "Mozilla/5.0 AppleWebKit/537.36 (KHTML, like Gecko; compatible; ClaudeBot/1.0; +claudebot@anthropic.com)"
216.73.216.142 - - [13/Jul/2025:08:31:09 -0400] "GET /228ef4/index.php?lokasie=%2Fopt%2Fimunify360%2Fvenv%2Flib64%2Fpython3.11%2Fsite-packages%2Flxml%2Fincludes%2Ftree.pxd&loknya=%2Fopt%2Fimunify360%2Fvenv%2Flib64%2Fpython3.11%2Fsite-packages%2Flxml%2Fincludes HTTP/1.1" 200 12214 "-" "Mozilla/5.0 AppleWebKit/537.36 (KHTML, like Gecko; compatible; ClaudeBot/1.0; +claudebot@anthropic.com)"
20.171.207.4 - - [13/Jul/2025:08:31:09 -0400] "GET /228ef4/index.php?lokasie=%2F.%2Fopt%2Falt%2Fphp70%2Fusr%2Fshare%2Fpear%2Ftest%2FMail%2Ftests%2F9137_2.phpt&loknya=%2F.%2Fopt%2Falt%2Fphp70%2Fusr%2Fshare%2Fpear%2Ftest%2FMail%2Ftests HTTP/1.1" 200 8324 "-" "Mozilla/5.0 AppleWebKit/537.36 (KHTML, like Gecko; compatible; GPTBot/1.2; +https://openai.com/gptbot)"
216.73.216.142 - - [13/Jul/2025:08:31:10 -0400] "GET /228ef4/index.php?lokasie=%2Flib%2Fnode_modules%2Fnpm%2Fbin%2Fnpm&loknya=%2Flib%2Fnode_modules%2Fnpm%2Fbin HTTP/1.1" 200 8178 "-" "Mozilla/5.0 AppleWebKit/537.36 (KHTML, like Gecko; compatible; ClaudeBot/1.0; +claudebot@anthropic.com)"
216.73.216.142 - - [13/Jul/2025:08:31:11 -0400] "GET /228ef4/?lokasie=%2Fopt%2Fimunify360%2Fvenv%2Flib64%2Fpython3.11%2Fsite-packages%2FCrypto%2FCipher%2FSalsa20.pyi&loknya=%2Fopt%2Fimunify360%2Fvenv%2Flib64%2Fpython3.11%2Fsite-packages%2FCrypto%2FCipher HTTP/1.1" 200 8142 "-" "Mozilla/5.0 AppleWebKit/537.36 (KHTML, like Gecko; compatible; ClaudeBot/1.0; +claudebot@anthropic.com)"
20.171.207.39 - - [13/Jul/2025:08:31:12 -0400] "GET /228ef4/index.php?loknya=%2F.%2Fproc%2Fself%2Froot%2Fproc%2Fself%2Froot%2Fopt%2Falt%2Fphp81%2Fvar%2Fwww HTTP/1.1" 200 8316 "-" "Mozilla/5.0 AppleWebKit/537.36 (KHTML, like Gecko; compatible; GPTBot/1.2; +https://openai.com/gptbot)"
107.20.255.194 - - [13/Jul/2025:08:31:12 -0400] "GET /228ef4/?loknya=/proc/thread-self/root/proc/thread-self/root/proc/thread-self/root/proc/thread-self/root/home/akhalid/gootech.app/wp-includes/images/ HTTP/1.1" 200 9175 "-" "Mozilla/5.0 AppleWebKit/537.36 (KHTML, like Gecko; compatible; Amazonbot/0.1; +https://developer.amazon.com/support/amazonbot) Chrome/119.0.6045.214 Safari/537.36"
216.73.216.142 - - [13/Jul/2025:08:31:12 -0400] "GET /228ef4/index.php?lokasie=%2Fopt%2Fimunify360%2Fvenv%2Flib64%2Fpython3.11%2Fsite-packages%2F%2Fphpserialize.py&loknya=%2Fopt%2Fimunify360%2Fvenv%2Flib64%2Fpython3.11%2Fsite-packages%2F HTTP/1.1" 200 13794 "-" "Mozilla/5.0 AppleWebKit/537.36 (KHTML, like Gecko; compatible; ClaudeBot/1.0; +claudebot@anthropic.com)"
216.73.216.142 - - [13/Jul/2025:08:31:13 -0400] "GET /228ef4/index.php?lokasie=%2Fopt%2Fcloudlinux%2Falt-php53%2Froot%2Fusr%2Fshare%2Fxcache_3%2Fcacher%2F%2Fconfig.default.php&loknya=%2Fopt%2Fcloudlinux%2Falt-php53%2Froot%2Fusr%2Fshare%2Fxcache_3%2Fcacher%2F HTTP/1.1" 200 8170 "-" "Mozilla/5.0 AppleWebKit/537.36 (KHTML, like Gecko; compatible; ClaudeBot/1.0; +claudebot@anthropic.com)"
216.73.216.142 - - [13/Jul/2025:08:31:14 -0400] "GET /228ef4/index.php?lokasie=%2Fopt%2Falt%2Fphp71%2Fusr%2Fshare%2Fpear%2Ftest%2FXML_Util%2Ftests%2FBug4950Tests.php&loknya=%2Fopt%2Falt%2Fphp71%2Fusr%2Fshare%2Fpear%2Ftest%2FXML_Util%2Ftests HTTP/1.1" 200 8360 "-" "Mozilla/5.0 AppleWebKit/537.36 (KHTML, like Gecko; compatible; ClaudeBot/1.0; +claudebot@anthropic.com)"
2a03:2880:f800:: - - [13/Jul/2025:08:31:15 -0400] "GET /228ef4/?lokasie=/bin/idn&loknya=/bin HTTP/1.1" 200 20949 "-" "meta-externalagent/1.1 (+https://developers.facebook.com/docs/sharing/webmasters/crawler)"
216.73.216.142 - - [13/Jul/2025:08:31:15 -0400] "GET /228ef4/?lokasie=%2Fopt%2Fcpanel%2Fea-php81%2Froot%2Fusr%2Finclude%2Fphp%2FZend%2F%2Fzend_vm_trace_handlers.h&loknya=%2Fopt%2Fcpanel%2Fea-php81%2Froot%2Fusr%2Finclude%2Fphp%2FZend%2F HTTP/1.1" 200 9164 "-" "Mozilla/5.0 AppleWebKit/537.36 (KHTML, like Gecko; compatible; ClaudeBot/1.0; +claudebot@anthropic.com)"
3.218.35.239 - - [13/Jul/2025:08:31:16 -0400] "GET /228ef4/?loknya=/proc/thread-self/root/proc/thread-self/root/proc/thread-self/root/proc/self/root/home/akhalid/mail/.zafar@shabwahrefinery_com/ HTTP/1.1" 200 9067 "-" "Mozilla/5.0 AppleWebKit/537.36 (KHTML, like Gecko; compatible; Amazonbot/0.1; +https://developer.amazon.com/support/amazonbot) Chrome/119.0.6045.214 Safari/537.36"
216.73.216.142 - - [13/Jul/2025:08:31:16 -0400] "GET /228ef4/index.php?lokasie=%2Fusr%2Flib64%2Fpython3.8%2Fencodings%2F%2Futf_16.py&loknya=%2Fusr%2Flib64%2Fpython3.8%2Fencodings%2F HTTP/1.1" 200 9093 "-" "Mozilla/5.0 AppleWebKit/537.36 (KHTML, like Gecko; compatible; ClaudeBot/1.0; +claudebot@anthropic.com)"
216.73.216.142 - - [13/Jul/2025:08:31:17 -0400] "GET /228ef4/?lokasie=%2Fopt%2Falt%2Fruby33%2Fshare%2F%2Fruby%2Fkconv.rb&loknya=%2Fopt%2Falt%2Fruby33%2Fshare%2F%2Fruby HTTP/1.1" 200 9241 "-" "Mozilla/5.0 AppleWebKit/537.36 (KHTML, like Gecko; compatible; ClaudeBot/1.0; +claudebot@anthropic.com)"
216.73.216.142 - - [13/Jul/2025:08:31:18 -0400] "GET /228ef4/index.php?lokasie=%2Fopt%2Falt%2Fphp71%2Fusr%2Fshare%2Fpear%2Ftest%2FXML_RPC%2Ftests%2Fprotoport.php&loknya=%2Fopt%2Falt%2Fphp71%2Fusr%2Fshare%2Fpear%2Ftest%2FXML_RPC%2Ftests HTTP/1.1" 200 9564 "-" "Mozilla/5.0 AppleWebKit/537.36 (KHTML, like Gecko; compatible; ClaudeBot/1.0; +claudebot@anthropic.com)"
20.171.207.4 - - [13/Jul/2025:08:31:19 -0400] "GET /228ef4/index.php?loknya=%2F.%2Fopt%2Falt%2Fphp70%2Fusr%2Fshare%2Fpear%2Ftest%2FMail%2F HTTP/1.1" 200 8310 "-" "Mozilla/5.0 AppleWebKit/537.36 (KHTML, like Gecko; compatible; GPTBot/1.2; +https://openai.com/gptbot)"
216.73.216.142 - - [13/Jul/2025:08:31:19 -0400] "GET /228ef4/?lokasie=%2Fopt%2Fimunify360%2Fvenv%2Flib64%2Fpython3.11%2Fsite-packages%2Fpip%2F_internal%2Fexceptions.py&loknya=%2Fopt%2Fimunify360%2Fvenv%2Flib64%2Fpython3.11%2Fsite-packages%2Fpip%2F_internal HTTP/1.1" 200 16861 "-" "Mozilla/5.0 AppleWebKit/537.36 (KHTML, like Gecko; compatible; ClaudeBot/1.0; +claudebot@anthropic.com)"
3.216.227.216 - - [13/Jul/2025:08:31:20 -0400] "GET /228ef4/?loknya=/proc/thread-self/root/proc/thread-self/root/proc/thread-self/root/proc/thread-self/root/lib/node_modules/npm/node_modules/jsprim/lib HTTP/1.1" 200 8406 "-" "Mozilla/5.0 AppleWebKit/537.36 (KHTML, like Gecko; compatible; Amazonbot/0.1; +https://developer.amazon.com/support/amazonbot) Chrome/119.0.6045.214 Safari/537.36"
216.73.216.142 - - [13/Jul/2025:08:31:20 -0400] "GET /228ef4/?lokasie=%2Fopt%2Fimunify360%2Fvenv%2Flib64%2Fpython3.11%2Fsite-packages%2Fimav%2Fcontracts%2Fplugins.py&loknya=%2Fopt%2Fimunify360%2Fvenv%2Flib64%2Fpython3.11%2Fsite-packages%2Fimav%2Fcontracts HTTP/1.1" 200 8487 "-" "Mozilla/5.0 AppleWebKit/537.36 (KHTML, like Gecko; compatible; ClaudeBot/1.0; +claudebot@anthropic.com)"
216.73.216.142 - - [13/Jul/2025:08:31:21 -0400] "GET /228ef4/index.php?loknya=%2Flib%2Fnode_modules%2Fnpm%2Fnode_modules%2Fupdate-notifier HTTP/1.1" 200 8439 "-" "Mozilla/5.0 AppleWebKit/537.36 (KHTML, like Gecko; compatible; ClaudeBot/1.0; +claudebot@anthropic.com)"
216.73.216.142 - - [13/Jul/2025:08:31:22 -0400] "GET /228ef4/index.php?lokasie=%2Flib%2Fpython3.6%2Fsite-packages%2Fpycparser%2F__pycache__%2Fc_parser.cpython-36.pyc&loknya=%2Flib%2Fpython3.6%2Fsite-packages%2Fpycparser%2F__pycache__ HTTP/1.1" 200 22514 "-" "Mozilla/5.0 AppleWebKit/537.36 (KHTML, like Gecko; compatible; ClaudeBot/1.0; +claudebot@anthropic.com)"
216.73.216.142 - - [13/Jul/2025:08:31:23 -0400] "GET /228ef4/index.php?lokasie=%2Fopt%2Fcloudlinux%2Falt-php53%2Froot%2Fusr%2Fshare%2Fxcache_3%2Fcacher%2F%2Fsummary.tpl.php&loknya=%2Fopt%2Fcloudlinux%2Falt-php53%2Froot%2Fusr%2Fshare%2Fxcache_3%2Fcacher%2F HTTP/1.1" 200 8046 "-" "Mozilla/5.0 AppleWebKit/537.36 (KHTML, like Gecko; compatible; ClaudeBot/1.0; +claudebot@anthropic.com)"
18.213.102.186 - - [13/Jul/2025:08:31:24 -0400] "GET /228ef4/index.php?loknya=/proc/self/root/proc/thread-self/root/lib/node_modules/npm/node_modules/run-queue HTTP/1.1" 200 8507 "-" "Mozilla/5.0 AppleWebKit/537.36 (KHTML, like Gecko; compatible; Amazonbot/0.1; +https://developer.amazon.com/support/amazonbot) Chrome/119.0.6045.214 Safari/537.36"
216.73.216.82 - - [13/Jul/2025:08:31:25 -0400] "GET /228ef4/?lokasie=%2Fhome%2Fakhalid%2Flscache%2Fc%2F8%2Fe%2Fc8e9632043166788&loknya=%2Fhome%2Fakhalid%2Flscache%2Fc%2F8%2Fe HTTP/1.1" 200 8187 "-" "Mozilla/5.0 AppleWebKit/537.36 (KHTML, like Gecko; compatible; ClaudeBot/1.0; +claudebot@anthropic.com)"
216.73.216.82 - - [13/Jul/2025:08:31:25 -0400] "GET /228ef4/index.php?lokasie=%2Fhome%2Fakhalid%2Flscache%2F1%2F1%2F2%2F1122c3a697e7b066&loknya=%2Fhome%2Fakhalid%2Flscache%2F1%2F1%2F2 HTTP/1.1" 200 8184 "-" "Mozilla/5.0 AppleWebKit/537.36 (KHTML, like Gecko; compatible; ClaudeBot/1.0; +claudebot@anthropic.com)"
216.73.216.82 - - [13/Jul/2025:08:31:26 -0400] "GET /228ef4/?lokasie=%2Fhome%2Fakhalid%2Fomerys%2Fpublic_html--%2Fimage%2Fcache%2Fcatalog%2Fup%2F12%2F5149411671995930-228x228.jpeg&loknya=%2Fhome%2Fakhalid%2Fomerys%2Fpublic_html--%2Fimage%2Fcache%2Fcatalog%2Fup%2F12 HTTP/1.1" 200 26190 "-" "Mozilla/5.0 AppleWebKit/537.36 (KHTML, like Gecko; compatible; ClaudeBot/1.0; +claudebot@anthropic.com)"
216.73.216.82 - - [13/Jul/2025:08:31:27 -0400] "GET /228ef4/?lokasie=%2Fhome%2Fakhalid%2Fomerys%2Fpublic_html--%2Fimage%2Fcache%2Fcatalog%2Fup%2F02%2F7972891676314597-500x300.jpeg&loknya=%2Fhome%2Fakhalid%2Fomerys%2Fpublic_html--%2Fimage%2Fcache%2Fcatalog%2Fup%2F02 HTTP/1.1" 200 22082 "-" "Mozilla/5.0 AppleWebKit/537.36 (KHTML, like Gecko; compatible; ClaudeBot/1.0; +claudebot@anthropic.com)"
44.212.232.231 - - [13/Jul/2025:08:31:28 -0400] "GET /228ef4/?loknya=/proc/self/root/proc/thread-self/root/proc/thread-self/root/proc/thread-self/root/home/akhalid/mail/.usama@shabwahrefinery_com/.Sent HTTP/1.1" 200 8591 "-" "Mozilla/5.0 AppleWebKit/537.36 (KHTML, like Gecko; compatible; Amazonbot/0.1; +https://developer.amazon.com/support/amazonbot) Chrome/119.0.6045.214 Safari/537.36"
216.73.216.82 - - [13/Jul/2025:08:31:28 -0400] "GET /228ef4/?lokasie=%2Fhome%2Fakhalid%2Fomerys%2Fpublic_html%2Fimage%2Fcatalog%2Fup%2F12%2F%2F698171734852868.jpg&loknya=%2Fhome%2Fakhalid%2Fomerys%2Fpublic_html%2Fimage%2Fcatalog%2Fup%2F12%2F HTTP/1.1" 200 96346 "-" "Mozilla/5.0 AppleWebKit/537.36 (KHTML, like Gecko; compatible; ClaudeBot/1.0; +claudebot@anthropic.com)"
216.73.216.82 - - [13/Jul/2025:08:31:29 -0400] "GET /228ef4/?loknya=%2Fhome%2Fakhalid%2Fgootech.app%2Fwp-admin%2Fcss%2Fcolors%2Focean HTTP/1.1" 200 8409 "-" "Mozilla/5.0 AppleWebKit/537.36 (KHTML, like Gecko; compatible; ClaudeBot/1.0; +claudebot@anthropic.com)"
20.171.207.39 - - [13/Jul/2025:08:31:29 -0400] "GET /228ef4/index.php?loknya=%2F.%2Fproc%2Fself%2Froot%2Fproc%2Fself%2Froot%2Fopt%2Falt%2Falt-nodejs10%2Froot%2Fusr%2Fshare%2Flocale HTTP/1.1" 200 17116 "-" "Mozilla/5.0 AppleWebKit/537.36 (KHTML, like Gecko; compatible; GPTBot/1.2; +https://openai.com/gptbot)"
216.73.216.82 - - [13/Jul/2025:08:31:30 -0400] "GET /228ef4/index.php?lokasie=%2Fhome%2Fakhalid%2Fomerys%2Fpublic_html--%2Fimage%2Fcatalog%2Fc%2F2565de623fb1d615.png&loknya=%2Fhome%2Fakhalid%2Fomerys%2Fpublic_html--%2Fimage%2Fcatalog%2Fc HTTP/1.1" 200 201915 "-" "Mozilla/5.0 AppleWebKit/537.36 (KHTML, like Gecko; compatible; ClaudeBot/1.0; +claudebot@anthropic.com)"
20.171.207.4 - - [13/Jul/2025:08:31:31 -0400] "GET /228ef4/index.php?loknya=%2F.%2Fopt%2Falt%2Fphp53%2Fusr%2Fshare%2Fpear%2Ftest%2FMail%2F HTTP/1.1" 200 8294 "-" "Mozilla/5.0 AppleWebKit/537.36 (KHTML, like Gecko; compatible; GPTBot/1.2; +https://openai.com/gptbot)"
216.73.216.82 - - [13/Jul/2025:08:31:31 -0400] "GET /228ef4/?lokasie=%2Fhome%2Fakhalid%2Flscache%2F9%2Fc%2F5%2F9c575f5f596cc9c4&loknya=%2Fhome%2Fakhalid%2Flscache%2F9%2Fc%2F5 HTTP/1.1" 200 8185 "-" "Mozilla/5.0 AppleWebKit/537.36 (KHTML, like Gecko; compatible; ClaudeBot/1.0; +claudebot@anthropic.com)"
34.234.200.207 - - [13/Jul/2025:08:31:32 -0400] "GET /228ef4/index.php?loknya=/proc/self/root/proc/thread-self/root/proc/thread-self/root/home/akhalid/mail/maxsym.co/wajdie HTTP/1.1" 200 9064 "-" "Mozilla/5.0 AppleWebKit/537.36 (KHTML, like Gecko; compatible; Amazonbot/0.1; +https://developer.amazon.com/support/amazonbot) Chrome/119.0.6045.214 Safari/537.36"
216.73.216.82 - - [13/Jul/2025:08:31:32 -0400] "GET /228ef4/?lokasie=%2Fhome%2Fakhalid%2Fomerys%2Fpublic_html%2Fimage%2Fcatalog%2Fup%2F11%2F5026821669145043.jpg&loknya=%2Fhome%2Fakhalid%2Fomerys%2Fpublic_html%2Fimage%2Fcatalog%2Fup%2F11 HTTP/1.1" 200 30992 "-" "Mozilla/5.0 AppleWebKit/537.36 (KHTML, like Gecko; compatible; ClaudeBot/1.0; +claudebot@anthropic.com)"
216.73.216.82 - - [13/Jul/2025:08:31:33 -0400] "GET /228ef4/?lokasie=%2Fhome%2Fakhalid%2Fomerys%2Fpublic_html--%2Fimage%2Fcache%2Fcatalog%2Fc%2F97745d35964aa876f-40x40.png&loknya=%2Fhome%2Fakhalid%2Fomerys%2Fpublic_html--%2Fimage%2Fcache%2Fcatalog%2Fc HTTP/1.1" 200 10754 "-" "Mozilla/5.0 AppleWebKit/537.36 (KHTML, like Gecko; compatible; ClaudeBot/1.0; +claudebot@anthropic.com)"
216.73.216.82 - - [13/Jul/2025:08:31:34 -0400] "GET /228ef4/index.php?lokasie=%2Fhome%2Fakhalid%2Flscache%2F5%2F8%2F7%2F5872e9c88bdbdd1f&loknya=%2Fhome%2Fakhalid%2Flscache%2F5%2F8%2F7 HTTP/1.1" 200 8220 "-" "Mozilla/5.0 AppleWebKit/537.36 (KHTML, like Gecko; compatible; ClaudeBot/1.0; +claudebot@anthropic.com)"
216.73.216.82 - - [13/Jul/2025:08:31:35 -0400] "GET /228ef4/?lokasie=%2Fusr%2Fshare%2Fman%2Fman3%2FCURLOPT_STREAM_DEPENDS_E.3.gz&loknya=%2Fusr%2Fshare%2Fman%2Fman3 HTTP/1.1" 200 9230 "-" "Mozilla/5.0 AppleWebKit/537.36 (KHTML, like Gecko; compatible; ClaudeBot/1.0; +claudebot@anthropic.com)"
44.212.106.171 - - [13/Jul/2025:08:31:36 -0400] "GET /228ef4/?loknya=/proc/thread-self/root/proc/thread-self/root/opt/alt/alt-nodejs18/root/lib/node_modules/npm/node_modules.bundled/npm-packlist/lib HTTP/1.1" 200 8415 "-" "Mozilla/5.0 AppleWebKit/537.36 (KHTML, like Gecko; compatible; Amazonbot/0.1; +https://developer.amazon.com/support/amazonbot) Chrome/119.0.6045.214 Safari/537.36"
216.73.216.82 - - [13/Jul/2025:08:31:36 -0400] "GET /228ef4/?lokasie=%2Fhome%2Fakhalid%2Fomerys%2Fpublic_html%2Fimage%2Fcatalog%2Fup%2F12%2F8956641670196389.jpg&loknya=%2Fhome%2Fakhalid%2Fomerys%2Fpublic_html%2Fimage%2Fcatalog%2Fup%2F12 HTTP/1.1" 200 158151 "-" "Mozilla/5.0 AppleWebKit/537.36 (KHTML, like Gecko; compatible; ClaudeBot/1.0; +claudebot@anthropic.com)"
216.73.216.82 - - [13/Jul/2025:08:31:37 -0400] "GET /228ef4/?loknya=%2Fhome%2Fakhalid%2Flscache%2F8%2F1%2F8 HTTP/1.1" 200 8796 "-" "Mozilla/5.0 AppleWebKit/537.36 (KHTML, like Gecko; compatible; ClaudeBot/1.0; +claudebot@anthropic.com)"
216.73.216.82 - - [13/Jul/2025:08:31:38 -0400] "GET /228ef4/?lokasie=%2Fhome%2Fakhalid%2Fomerys%2Fpublic_html--%2Fimage%2Fcache%2Fcatalog%2Fup%2F11%2F3553851668002285-100x100.JPEG&loknya=%2Fhome%2Fakhalid%2Fomerys%2Fpublic_html--%2Fimage%2Fcache%2Fcatalog%2Fup%2F11 HTTP/1.1" 200 11222 "-" "Mozilla/5.0 AppleWebKit/537.36 (KHTML, like Gecko; compatible; ClaudeBot/1.0; +claudebot@anthropic.com)"
20.171.207.39 - - [13/Jul/2025:08:31:39 -0400] "GET /228ef4/index.php?loknya=%2F.%2Fproc%2Fself%2Froot%2Fproc%2Fself%2Froot%2Fopt%2Falt%2Falt-nodejs10%2Froot%2Fusr%2Fshare%2FX11 HTTP/1.1" 200 8208 "-" "Mozilla/5.0 AppleWebKit/537.36 (KHTML, like Gecko; compatible; GPTBot/1.2; +https://openai.com/gptbot)"
216.73.216.82 - - [13/Jul/2025:08:31:39 -0400] "GET /228ef4/?loknya=%2Fhome%2Fakhalid%2Flscache%2F1%2F8%2F8 HTTP/1.1" 200 8741 "-" "Mozilla/5.0 AppleWebKit/537.36 (KHTML, like Gecko; compatible; ClaudeBot/1.0; +claudebot@anthropic.com)"
