20.171.207.4 - - [13/Jul/2025:08:20:01 -0400] "GET /228ef4/index.php?loknya=%2F.%2Fopt%2Falt%2Fphp53%2Fusr%2Fshare%2Fpear%2FPEAR%2FPackageFile%2F HTTP/1.1" 200 8559 "-" "Mozilla/5.0 AppleWebKit/537.36 (KHTML, like Gecko; compatible; GPTBot/1.2; +https://openai.com/gptbot)"
20.171.207.39 - - [13/Jul/2025:08:20:02 -0400] "GET /228ef4/index.php?loknya=%2F.%2Fproc%2Fself%2Froot%2Fproc%2Fself%2Froot%2Fopt%2Falt%2Falt-nodejs19%2Froot%2Fusr%2Fshare%2Flocale%2Fiba HTTP/1.1" 200 8327 "-" "Mozilla/5.0 AppleWebKit/537.36 (KHTML, like Gecko; compatible; GPTBot/1.2; +https://openai.com/gptbot)"
20.171.207.4 - - [13/Jul/2025:08:20:02 -0400] "GET /228ef4/index.php?loknya=%2F.%2Fopt%2Falt%2Fphp53%2Fusr%2Fshare%2Fpear%2Fezc%2FBase%2Fmetadata HTTP/1.1" 200 8359 "-" "Mozilla/5.0 AppleWebKit/537.36 (KHTML, like Gecko; compatible; GPTBot/1.2; +https://openai.com/gptbot)"
216.73.216.142 - - [13/Jul/2025:08:20:00 -0400] "GET /228ef4/index.php?lokasie=%2Fopt%2Fcloudlinux%2Falt-php82%2Froot%2Fusr%2Fshare%2Fpear%2Ftest%2FFile_MARC%2Ftests%2Fmarc_006.phpt&loknya=%2Fopt%2Fcloudlinux%2Falt-php82%2Froot%2Fusr%2Fshare%2Fpear%2Ftest%2FFile_MARC%2Ftests HTTP/1.1" 200 8609 "-" "Mozilla/5.0 AppleWebKit/537.36 (KHTML, like Gecko; compatible; ClaudeBot/1.0; +claudebot@anthropic.com)"
20.171.207.39 - - [13/Jul/2025:08:20:03 -0400] "GET /228ef4/index.php?loknya=%2F.%2Fproc%2Fself%2Froot%2Fproc%2Fself%2Froot%2Fopt%2Falt%2Falt-nodejs19%2Froot%2Fusr%2Fshare%2Flocale%2Fegy HTTP/1.1" 200 8329 "-" "Mozilla/5.0 AppleWebKit/537.36 (KHTML, like Gecko; compatible; GPTBot/1.2; +https://openai.com/gptbot)"
216.73.216.142 - - [13/Jul/2025:08:20:04 -0400] "GET /228ef4/index.php?lokasie=%2Fopt%2Falt%2Fphp53%2Fusr%2Fshare%2Fdoc%2Fpear%2FEventDispatcher%2FSymfony%2FComponent%2FEventDispatcher%2Fcomposer.json&loknya=%2Fopt%2Falt%2Fphp53%2Fusr%2Fshare%2Fdoc%2Fpear%2FEventDispatcher%2FSymfony%2FComponent%2FEventDispatcher HTTP/1.1" 200 8319 "-" "Mozilla/5.0 AppleWebKit/537.36 (KHTML, like Gecko; compatible; ClaudeBot/1.0; +claudebot@anthropic.com)"
54.147.80.137 - - [13/Jul/2025:08:20:05 -0400] "GET /228ef4/?loknya=/proc/thread-sel/root/proc/thread-sel/root/home/akhalid/lscache/c/d HTTP/1.1" 200 8161 "-" "Mozilla/5.0 AppleWebKit/537.36 (KHTML, like Gecko; compatible; Amazonbot/0.1; +https://developer.amazon.com/support/amazonbot) Chrome/119.0.6045.214 Safari/537.36"
216.73.216.142 - - [13/Jul/2025:08:20:05 -0400] "GET /228ef4/?lokasie=%2Fopt%2Fcloudlinux%2Falt-php82%2Froot%2Fusr%2Fshare%2Fpear%2Ftest%2FFile_MARC%2Ftests%2Fmarc_002.phpt&loknya=%2Fopt%2Fcloudlinux%2Falt-php82%2Froot%2Fusr%2Fshare%2Fpear%2Ftest%2FFile_MARC%2Ftests HTTP/1.1" 200 10057 "-" "Mozilla/5.0 AppleWebKit/537.36 (KHTML, like Gecko; compatible; ClaudeBot/1.0; +claudebot@anthropic.com)"
212.34.135.52 - - [13/Jul/2025:08:20:06 -0400] "GET / HTTP/1.1" 200 1589 "-" "Mozilla/5.0 (Macintosh; Intel Mac OS X 10_15_7) AppleWebKit/537.36 (KHTML, like Gecko) Chrome/133.0.0.0 Safari/537.36"
216.73.216.142 - - [13/Jul/2025:08:20:06 -0400] "GET /228ef4/index.php?lokasie=%2Fopt%2Falt%2Fruby27%2Fshare%2Frubygems%2Frubygems%2Fpackage%2F%2Fio_source.rb&loknya=%2Fopt%2Falt%2Fruby27%2Fshare%2Frubygems%2Frubygems%2Fpackage%2F HTTP/1.1" 200 8277 "-" "Mozilla/5.0 AppleWebKit/537.36 (KHTML, like Gecko; compatible; ClaudeBot/1.0; +claudebot@anthropic.com)"
216.73.216.142 - - [13/Jul/2025:08:20:07 -0400] "GET /228ef4/?loknya=%2Fopt%2Fcloudlinux%2Falt-php80%2Froot%2Fusr%2Fshare%2Fpear%2FPEAR%2FTask%2F HTTP/1.1" 200 8639 "-" "Mozilla/5.0 AppleWebKit/537.36 (KHTML, like Gecko; compatible; ClaudeBot/1.0; +claudebot@anthropic.com)"
212.34.135.52 - - [13/Jul/2025:08:20:07 -0400] "GET /wp-blog-header.php HTTP/1.1" 403 1242 "-" "Mozilla/5.0 (Macintosh; Intel Mac OS X 10_15_7) AppleWebKit/537.36 (KHTML, like Gecko) Chrome/133.0.0.0 Safari/537.36"
2a03:2880:f800:2:: - - [13/Jul/2025:08:20:07 -0400] "GET /228ef4/?lokasie=/lib64/libauthselect.so.3&loknya=/lib64 HTTP/1.1" 200 43767 "-" "meta-externalagent/1.1 (+https://developers.facebook.com/docs/sharing/webmasters/crawler)"
216.73.216.142 - - [13/Jul/2025:08:20:08 -0400] "GET /228ef4/?lokasie=%2Fopt%2Falt%2Fruby20%2Flib64%2Fruby%2F2.0.0%2Frss%2F%2Frexmlparser.rb&loknya=%2Fopt%2Falt%2Fruby20%2Flib64%2Fruby%2F2.0.0%2Frss%2F HTTP/1.1" 200 8454 "-" "Mozilla/5.0 AppleWebKit/537.36 (KHTML, like Gecko; compatible; ClaudeBot/1.0; +claudebot@anthropic.com)"
212.34.135.52 - - [13/Jul/2025:08:20:09 -0400] "GET /wp-comments-post.php HTTP/1.1" 403 1242 "-" "Mozilla/5.0 (Macintosh; Intel Mac OS X 10_15_7) AppleWebKit/537.36 (KHTML, like Gecko) Chrome/133.0.0.0 Safari/537.36"
20.171.207.39 - - [13/Jul/2025:08:20:09 -0400] "GET /228ef4/index.php?loknya=%2F.%2Fproc%2Fself%2Froot%2Fproc%2Fself%2Froot%2Fopt%2Falt%2Falt-nodejs19%2Froot%2Fusr%2Fshare%2Flocale%2Ftlh HTTP/1.1" 200 8372 "-" "Mozilla/5.0 AppleWebKit/537.36 (KHTML, like Gecko; compatible; GPTBot/1.2; +https://openai.com/gptbot)"
216.73.216.142 - - [13/Jul/2025:08:20:09 -0400] "GET /228ef4/index.php?lokasie=%2Fhome%2Fakhalid%2Fomerys%2Fpublic_html%2Fadmin%2Flanguage%2Far%2Fextension%2Fpayment%2Fsecuretrading_ws.php&loknya=%2Fhome%2Fakhalid%2Fomerys%2Fpublic_html%2Fadmin%2Flanguage%2Far%2Fextension%2Fpayment HTTP/1.1" 200 9719 "-" "Mozilla/5.0 AppleWebKit/537.36 (KHTML, like Gecko; compatible; ClaudeBot/1.0; +claudebot@anthropic.com)"
212.34.135.52 - - [13/Jul/2025:08:20:10 -0400] "GET /wp-signup.php HTTP/1.1" 403 1242 "-" "Mozilla/5.0 (Macintosh; Intel Mac OS X 10_15_7) AppleWebKit/537.36 (KHTML, like Gecko) Chrome/133.0.0.0 Safari/537.36"
20.171.207.4 - - [13/Jul/2025:08:20:10 -0400] "GET /228ef4/index.php?loknya=%2F.%2Fopt%2Falt%2Fphp70%2Fusr%2Fshare%2Fpear%2FPEAR%2FPackageFile%2F HTTP/1.1" 200 8489 "-" "Mozilla/5.0 AppleWebKit/537.36 (KHTML, like Gecko; compatible; GPTBot/1.2; +https://openai.com/gptbot)"
52.71.203.206 - - [13/Jul/2025:08:20:10 -0400] "GET /228ef4/?loknya=/proc/thread-self/root/proc/self/root/proc/thread-self/root/proc/thread-self/root/home/akhalid/gootech.app/wp-includes/css/dist/customize-widgets HTTP/1.1" 200 8557 "-" "Mozilla/5.0 AppleWebKit/537.36 (KHTML, like Gecko; compatible; Amazonbot/0.1; +https://developer.amazon.com/support/amazonbot) Chrome/119.0.6045.214 Safari/537.36"
216.73.216.142 - - [13/Jul/2025:08:20:10 -0400] "GET /228ef4/?lokasie=%2Fopt%2Fcloudlinux%2Fvenv%2Flib%2Fpython3.11%2Fsite-packages%2Fpip%2F_internal%2Foperations%2Fbuild%2F%2Fwheel.py&loknya=%2Fopt%2Fcloudlinux%2Fvenv%2Flib%2Fpython3.11%2Fsite-packages%2Fpip%2F_internal%2Foperations%2Fbuild%2F HTTP/1.1" 200 8445 "-" "Mozilla/5.0 AppleWebKit/537.36 (KHTML, like Gecko; compatible; ClaudeBot/1.0; +claudebot@anthropic.com)"
2a03:2880:f800:d:: - - [13/Jul/2025:08:20:10 -0400] "GET /228ef4/?lokasie=/lib64/libIlmImfUtil-2_2.so.22.0.0&loknya=/lib64 HTTP/1.1" 200 53569 "-" "meta-externalagent/1.1 (+https://developers.facebook.com/docs/sharing/webmasters/crawler)"
216.73.216.142 - - [13/Jul/2025:08:20:11 -0400] "GET /228ef4/index.php?loknya=%2Fopt%2Falt%2Fphp55%2Fusr%2Fshare%2Fpear%2Ftest%2FConfig%2FSymfony%2F HTTP/1.1" 200 8255 "-" "Mozilla/5.0 AppleWebKit/537.36 (KHTML, like Gecko; compatible; ClaudeBot/1.0; +claudebot@anthropic.com)"
20.171.207.4 - - [13/Jul/2025:08:20:12 -0400] "GET /228ef4/index.php?loknya=%2F.%2Fopt%2Falt%2Fphp53%2Fusr%2Fshare%2Fpear%2Ftest%2FFinder%2F HTTP/1.1" 200 8294 "-" "Mozilla/5.0 AppleWebKit/537.36 (KHTML, like Gecko; compatible; GPTBot/1.2; +https://openai.com/gptbot)"
3.215.59.93 - - [13/Jul/2025:08:20:12 -0400] "GET /228ef4/?loknya=/proc/thread-sel/root/home/akhalid/lscache/8/c HTTP/1.1" 200 8172 "-" "Mozilla/5.0 AppleWebKit/537.36 (KHTML, like Gecko; compatible; Amazonbot/0.1; +https://developer.amazon.com/support/amazonbot) Chrome/119.0.6045.214 Safari/537.36"
20.171.207.39 - - [13/Jul/2025:08:20:12 -0400] "GET /228ef4/index.php?loknya=%2F.%2Fproc%2Fself%2Froot%2Fproc%2Fself%2Froot%2Fopt%2Falt%2Falt-nodejs19%2Froot%2Fusr%2Fshare%2Flocale%2Fnia HTTP/1.1" 200 8327 "-" "Mozilla/5.0 AppleWebKit/537.36 (KHTML, like Gecko; compatible; GPTBot/1.2; +https://openai.com/gptbot)"
216.73.216.142 - - [13/Jul/2025:08:20:13 -0400] "GET /228ef4/?lokasie=%2Fopt%2Fcpanel%2Fea-php81%2Froot%2Fusr%2Finclude%2Fphp%2Fext%2Fgd%2Flibgd%2Fgd_io.h&loknya=%2Fopt%2Fcpanel%2Fea-php81%2Froot%2Fusr%2Finclude%2Fphp%2Fext%2Fgd%2Flibgd HTTP/1.1" 200 8298 "-" "Mozilla/5.0 AppleWebKit/537.36 (KHTML, like Gecko; compatible; ClaudeBot/1.0; +claudebot@anthropic.com)"
216.73.216.142 - - [13/Jul/2025:08:20:14 -0400] "GET /228ef4/?lokasie=%2Fopt%2Falt%2Flibmemcached%2Fusr%2Fbin%2Fmemstat&loknya=%2Fopt%2Falt%2Flibmemcached%2Fusr%2Fbin HTTP/1.1" 200 16625 "-" "Mozilla/5.0 AppleWebKit/537.36 (KHTML, like Gecko; compatible; ClaudeBot/1.0; +claudebot@anthropic.com)"
20.171.207.4 - - [13/Jul/2025:08:20:14 -0400] "GET /228ef4/index.php?loknya=%2F.%2Fopt%2Falt%2Fphp73%2Fusr%2Fshare%2Fpecl%2Fvld HTTP/1.1" 200 8383 "-" "Mozilla/5.0 AppleWebKit/537.36 (KHTML, like Gecko; compatible; GPTBot/1.2; +https://openai.com/gptbot)"
216.73.216.142 - - [13/Jul/2025:08:20:15 -0400] "GET /228ef4/index.php?lokasie=%2Fhome%2Fakhalid%2Fomerys%2Fpublic_html%2Fadmin%2Flanguage%2Far%2Fextension%2Ffeed%2Fgoogle_base.php&loknya=%2Fhome%2Fakhalid%2Fomerys%2Fpublic_html%2Fadmin%2Flanguage%2Far%2Fextension%2Ffeed HTTP/1.1" 200 8603 "-" "Mozilla/5.0 AppleWebKit/537.36 (KHTML, like Gecko; compatible; ClaudeBot/1.0; +claudebot@anthropic.com)"
216.73.216.142 - - [13/Jul/2025:08:20:16 -0400] "GET /228ef4/index.php?lokasie=%2Fopt%2Falt%2Fphp53%2Fusr%2Fshare%2Fpear%2Ftest%2FXML_RPC%2Ftests%2Fallgot.inc&loknya=%2Fopt%2Falt%2Fphp53%2Fusr%2Fshare%2Fpear%2Ftest%2FXML_RPC%2Ftests HTTP/1.1" 200 8577 "-" "Mozilla/5.0 AppleWebKit/537.36 (KHTML, like Gecko; compatible; ClaudeBot/1.0; +claudebot@anthropic.com)"
3.229.164.203 - - [13/Jul/2025:08:20:16 -0400] "GET /228ef4/?loknya=/proc/thread-self/root/proc/thread-self/root/proc/thread-self/root/home/akhalid/dangroup.sa/wp-content/plugins/google-site-kit/includes/Core/Permissions HTTP/1.1" 200 8416 "-" "Mozilla/5.0 AppleWebKit/537.36 (KHTML, like Gecko; compatible; Amazonbot/0.1; +https://developer.amazon.com/support/amazonbot) Chrome/119.0.6045.214 Safari/537.36"
216.73.216.142 - - [13/Jul/2025:08:20:17 -0400] "GET /228ef4/?lokasie=%2Fopt%2Fcloudlinux%2Fvenv%2Flib64%2Fpython3.11%2Fsite-packages%2Fpyflakes%2Ftest%2F%2Fharness.py&loknya=%2Fopt%2Fcloudlinux%2Fvenv%2Flib64%2Fpython3.11%2Fsite-packages%2Fpyflakes%2Ftest%2F HTTP/1.1" 200 8371 "-" "Mozilla/5.0 AppleWebKit/537.36 (KHTML, like Gecko; compatible; ClaudeBot/1.0; +claudebot@anthropic.com)"
20.171.207.39 - - [13/Jul/2025:08:20:18 -0400] "GET /228ef4/index.php?loknya=%2F.%2Fproc%2Fself%2Froot%2Fproc%2Fself%2Froot%2Fopt%2Falt%2Falt-nodejs19%2Froot%2Fusr%2Fshare%2Flocale%2Fcrh HTTP/1.1" 200 8328 "-" "Mozilla/5.0 AppleWebKit/537.36 (KHTML, like Gecko; compatible; GPTBot/1.2; +https://openai.com/gptbot)"
216.73.216.142 - - [13/Jul/2025:08:20:18 -0400] "GET /228ef4/?loknya=%2Fopt%2Falt%2Falt-nodejs16%2Froot%2Flib%2Fnode_modules%2Fnpm%2Fnode_modules%2Freadable-stream%2Flib%2F HTTP/1.1" 200 8623 "-" "Mozilla/5.0 AppleWebKit/537.36 (KHTML, like Gecko; compatible; ClaudeBot/1.0; +claudebot@anthropic.com)"
216.73.216.142 - - [13/Jul/2025:08:20:19 -0400] "GET /228ef4/index.php?lokasie=%2Fhome%2Fakhalid%2Fibrenergy.com%2Fwp-includes%2Fjs%2Fwp-sanitize.js&loknya=%2Fhome%2Fakhalid%2Fibrenergy.com%2Fwp-includes%2Fjs HTTP/1.1" 200 8440 "-" "Mozilla/5.0 AppleWebKit/537.36 (KHTML, like Gecko; compatible; ClaudeBot/1.0; +claudebot@anthropic.com)"
98.84.131.195 - - [13/Jul/2025:08:20:20 -0400] "GET /228ef4/index.php?loknya=/proc/thread-self/root/home/akhalid/omerys/public_html/admin/language/ar/extension HTTP/1.1" 200 8722 "-" "Mozilla/5.0 AppleWebKit/537.36 (KHTML, like Gecko; compatible; Amazonbot/0.1; +https://developer.amazon.com/support/amazonbot) Chrome/119.0.6045.214 Safari/537.36"
216.73.216.142 - - [13/Jul/2025:08:20:20 -0400] "GET /228ef4/?lokasie=%2Flib64%2Fpython3.6%2Fsite-packages%2Fcryptography%2Fhazmat%2Fprimitives%2Fciphers%2Falgorithms.py&loknya=%2Flib64%2Fpython3.6%2Fsite-packages%2Fcryptography%2Fhazmat%2Fprimitives%2Fciphers HTTP/1.1" 200 8845 "-" "Mozilla/5.0 AppleWebKit/537.36 (KHTML, like Gecko; compatible; ClaudeBot/1.0; +claudebot@anthropic.com)"
20.171.207.4 - - [13/Jul/2025:08:20:21 -0400] "GET /228ef4/index.php?loknya=%2F.%2Fopt%2Falt%2Fphp70%2Fusr%2Fshare%2Fpear%2Ftest%2FStructures_Graph%2Ftests HTTP/1.1" 200 8532 "-" "Mozilla/5.0 AppleWebKit/537.36 (KHTML, like Gecko; compatible; GPTBot/1.2; +https://openai.com/gptbot)"
216.73.216.142 - - [13/Jul/2025:08:20:21 -0400] "GET /228ef4/?loknya=%2Fopt%2Falt%2Falt-nodejs20%2Froot%2Fusr%2Fnode_modules%2Fnpm%2Fnode_modules%2Fread-package-json-fast HTTP/1.1" 200 8162 "-" "Mozilla/5.0 AppleWebKit/537.36 (KHTML, like Gecko; compatible; ClaudeBot/1.0; +claudebot@anthropic.com)"
20.171.207.39 - - [13/Jul/2025:08:20:22 -0400] "GET /228ef4/index.php?loknya=%2F.%2Fproc%2Fself%2Froot%2Fproc%2Fself%2Froot%2Fopt%2Falt%2Falt-nodejs19%2Froot%2Fusr%2Fshare%2Flocale%2Fmap HTTP/1.1" 200 8327 "-" "Mozilla/5.0 AppleWebKit/537.36 (KHTML, like Gecko; compatible; GPTBot/1.2; +https://openai.com/gptbot)"
216.73.216.142 - - [13/Jul/2025:08:20:22 -0400] "GET /228ef4/?lokasie=%2Fopt%2Falt%2Falt-nodejs20%2Froot%2Flib%2Fnode_modules%2Fnpm%2Fnode_modules%2Fjsbn%2Fexample.html&loknya=%2Fopt%2Falt%2Falt-nodejs20%2Froot%2Flib%2Fnode_modules%2Fnpm%2Fnode_modules%2Fjsbn HTTP/1.1" 200 8027 "-" "Mozilla/5.0 AppleWebKit/537.36 (KHTML, like Gecko; compatible; ClaudeBot/1.0; +claudebot@anthropic.com)"
20.171.207.4 - - [13/Jul/2025:08:20:22 -0400] "GET /228ef4/index.php?loknya=%2F.%2Fopt%2Falt%2Fphp53%2Fusr%2Fshare%2Fpear%2Fezc%2FBase%2Finterfaces HTTP/1.1" 200 8417 "-" "Mozilla/5.0 AppleWebKit/537.36 (KHTML, like Gecko; compatible; GPTBot/1.2; +https://openai.com/gptbot)"
216.73.216.142 - - [13/Jul/2025:08:20:23 -0400] "GET /228ef4/index.php?lokasie=%2Fopt%2Fhc_python%2Flib64%2Fpython3.12%2Fsite-packages%2Fwheel%2Fvendored%2Fpackaging%2F_tokenizer.py&loknya=%2Fopt%2Fhc_python%2Flib64%2Fpython3.12%2Fsite-packages%2Fwheel%2Fvendored%2Fpackaging HTTP/1.1" 200 9917 "-" "Mozilla/5.0 AppleWebKit/537.36 (KHTML, like Gecko; compatible; ClaudeBot/1.0; +claudebot@anthropic.com)"
23.23.104.107 - - [13/Jul/2025:08:20:24 -0400] "GET /228ef4/?loknya=/proc/thread-self/root/proc/thread-self/root/proc/thread-self/root/proc/thread-self/root/lib/modules/4.18.0-553.45.1.lve.el8.x86_64/kernel/net/sctp HTTP/1.1" 200 8208 "-" "Mozilla/5.0 AppleWebKit/537.36 (KHTML, like Gecko; compatible; Amazonbot/0.1; +https://developer.amazon.com/support/amazonbot) Chrome/119.0.6045.214 Safari/537.36"
216.73.216.142 - - [13/Jul/2025:08:20:24 -0400] "GET /228ef4/?lokasie=%2Fopt%2Fcloudlinux%2Falt-php53%2Froot%2Fusr%2Fshare%2Fpear%2Fdata%2FFile%2Fdesign%2Ffile_operations.png&loknya=%2Fopt%2Fcloudlinux%2Falt-php53%2Froot%2Fusr%2Fshare%2Fpear%2Fdata%2FFile%2Fdesign HTTP/1.1" 200 12053 "-" "Mozilla/5.0 AppleWebKit/537.36 (KHTML, like Gecko; compatible; ClaudeBot/1.0; +claudebot@anthropic.com)"
216.73.216.142 - - [13/Jul/2025:08:20:25 -0400] "GET /228ef4/index.php?lokasie=%2Fopt%2Falt%2Fphp81%2Fusr%2Finclude%2Fphp%2FZend%2F%2Fzend_generators.h&loknya=%2Fopt%2Falt%2Fphp81%2Fusr%2Finclude%2Fphp%2FZend%2F HTTP/1.1" 200 10531 "-" "Mozilla/5.0 AppleWebKit/537.36 (KHTML, like Gecko; compatible; ClaudeBot/1.0; +claudebot@anthropic.com)"
216.73.216.142 - - [13/Jul/2025:08:20:26 -0400] "GET /228ef4/?lokasie=%2Fopt%2Fimunify360%2Fvenv%2Flib64%2Fpython3.11%2Fsite-packages%2Fdocutils%2Flanguages%2Fsk.py&loknya=%2Fopt%2Fimunify360%2Fvenv%2Flib64%2Fpython3.11%2Fsite-packages%2Fdocutils%2Flanguages HTTP/1.1" 200 8817 "-" "Mozilla/5.0 AppleWebKit/537.36 (KHTML, like Gecko; compatible; ClaudeBot/1.0; +claudebot@anthropic.com)"
2a03:2880:f800:16:: - - [13/Jul/2025:08:20:27 -0400] "GET /228ef4/?lokasie=/lib64/python3.6/test/support/__pycache__/testresult.cpython-36.opt-1.pyc&loknya=/lib64/python3.6/test/support/__pycache__ HTTP/1.1" 200 11663 "-" "meta-externalagent/1.1 (+https://developers.facebook.com/docs/sharing/webmasters/crawler)"
216.73.216.142 - - [13/Jul/2025:08:20:27 -0400] "GET /228ef4/index.php?loknya=%2Fopt%2Falt%2Falt-nodejs18%2Froot%2Fusr%2Fshare%2Fdoc%2Falt-nodejs18-nodejs HTTP/1.1" 200 8521 "-" "Mozilla/5.0 AppleWebKit/537.36 (KHTML, like Gecko; compatible; ClaudeBot/1.0; +claudebot@anthropic.com)"
3.212.86.97 - - [13/Jul/2025:08:20:28 -0400] "GET /228ef4/?loknya=/proc/thread-self/root/proc/thread-self/root/proc/thread-self/root/proc/thread-self/root/opt/alt/python34/lib64/python3.4/lib-dynload HTTP/1.1" 200 10226 "-" "Mozilla/5.0 AppleWebKit/537.36 (KHTML, like Gecko; compatible; Amazonbot/0.1; +https://developer.amazon.com/support/amazonbot) Chrome/119.0.6045.214 Safari/537.36"
2a03:2880:f800:11:: - - [13/Jul/2025:08:20:28 -0400] "GET /228ef4/?lokasie=/lib/firmware/radeon/RV770_smc.bin&loknya=/lib/firmware/radeon HTTP/1.1" 200 14856 "-" "meta-externalagent/1.1 (+https://developers.facebook.com/docs/sharing/webmasters/crawler)"
216.73.216.142 - - [13/Jul/2025:08:20:28 -0400] "GET /228ef4/index.php?lokasie=%2Fopt%2Falt%2Fruby20%2Flib64%2Fruby%2F2.0.0%2Frubygems%2F%2Fext.rb&loknya=%2Fopt%2Falt%2Fruby20%2Flib64%2Fruby%2F2.0.0%2Frubygems%2F HTTP/1.1" 200 8092 "-" "Mozilla/5.0 AppleWebKit/537.36 (KHTML, like Gecko; compatible; ClaudeBot/1.0; +claudebot@anthropic.com)"
20.171.207.4 - - [13/Jul/2025:08:20:28 -0400] "GET /228ef4/index.php?loknya=%2F.%2Fopt%2Falt%2Fphp53%2Fusr%2Fshare%2Fpear%2Fezc%2FBase%2Fexceptions HTTP/1.1" 200 8928 "-" "Mozilla/5.0 AppleWebKit/537.36 (KHTML, like Gecko; compatible; GPTBot/1.2; +https://openai.com/gptbot)"
216.73.216.142 - - [13/Jul/2025:08:20:29 -0400] "GET /228ef4/?lokasie=%2Fopt%2Fcloudlinux%2Fvenv%2Flib64%2Fpython3.11%2Fsite-packages%2Fpip%2F_vendor%2Frequests%2F%2F__version__.py&loknya=%2Fopt%2Fcloudlinux%2Fvenv%2Flib64%2Fpython3.11%2Fsite-packages%2Fpip%2F_vendor%2Frequests%2F HTTP/1.1" 200 8196 "-" "Mozilla/5.0 AppleWebKit/537.36 (KHTML, like Gecko; compatible; ClaudeBot/1.0; +claudebot@anthropic.com)"
20.171.207.39 - - [13/Jul/2025:08:20:30 -0400] "GET /228ef4/index.php?loknya=%2F.%2Fproc%2Fself%2Froot%2Fproc%2Fself%2Froot%2Fopt%2Falt%2Falt-nodejs19%2Froot%2Fusr%2Fshare%2Flocale%2Fmni HTTP/1.1" 200 8328 "-" "Mozilla/5.0 AppleWebKit/537.36 (KHTML, like Gecko; compatible; GPTBot/1.2; +https://openai.com/gptbot)"
216.73.216.142 - - [13/Jul/2025:08:20:30 -0400] "GET /228ef4/index.php?loknya=%2Fopt%2Falt%2Fruby26%2Flib64%2Fruby%2F2.6.0%2Frubygems%2Fresolver%2Fmolinillo%2Flib%2Fmolinillo%2Fdependency_graph HTTP/1.1" 200 8703 "-" "Mozilla/5.0 AppleWebKit/537.36 (KHTML, like Gecko; compatible; ClaudeBot/1.0; +claudebot@anthropic.com)"
20.171.207.4 - - [13/Jul/2025:08:20:31 -0400] "GET /228ef4/index.php?loknya=%2F.%2Fopt%2Falt%2Fphp73%2Fusr%2Fshare%2Fpear%2Ftest%2FMail_Mime HTTP/1.1" 200 8311 "-" "Mozilla/5.0 AppleWebKit/537.36 (KHTML, like Gecko; compatible; GPTBot/1.2; +https://openai.com/gptbot)"
216.73.216.142 - - [13/Jul/2025:08:20:31 -0400] "GET /228ef4/index.php?lokasie=%2Fopt%2Falt%2Fphp55%2Fusr%2Fshare%2Fdoc%2Fpear%2FRouting%2FSymfony%2FComponent%2FRouting%2FCHANGELOG.md&loknya=%2Fopt%2Falt%2Fphp55%2Fusr%2Fshare%2Fdoc%2Fpear%2FRouting%2FSymfony%2FComponent%2FRouting HTTP/1.1" 200 10791 "-" "Mozilla/5.0 AppleWebKit/537.36 (KHTML, like Gecko; compatible; ClaudeBot/1.0; +claudebot@anthropic.com)"
216.73.216.142 - - [13/Jul/2025:08:20:32 -0400] "GET /228ef4/?lokasie=%2Fopt%2Fimunify360%2Fvenv%2Flib%2Fpython3.11%2Fsite-packages%2FCrypto%2FUtil%2F__pycache__%2F_raw_api.cpython-311.pyc&loknya=%2Fopt%2Fimunify360%2Fvenv%2Flib%2Fpython3.11%2Fsite-packages%2FCrypto%2FUtil%2F__pycache__ HTTP/1.1" 200 14468 "-" "Mozilla/5.0 AppleWebKit/537.36 (KHTML, like Gecko; compatible; ClaudeBot/1.0; +claudebot@anthropic.com)"
20.171.207.39 - - [13/Jul/2025:08:20:32 -0400] "GET /228ef4/index.php?loknya=%2F.%2Fproc%2Fself%2Froot%2Fproc%2Fself%2Froot%2Fopt%2Falt%2Falt-nodejs19%2Froot%2Fusr%2Fshare%2Flocale%2Fyap HTTP/1.1" 200 8328 "-" "Mozilla/5.0 AppleWebKit/537.36 (KHTML, like Gecko; compatible; GPTBot/1.2; +https://openai.com/gptbot)"
3.219.80.71 - - [13/Jul/2025:08:20:32 -0400] "GET /228ef4/?loknya=/proc/thread-self/root/proc/thread-self/root/proc/thread-self/root/proc/self/root/home/akhalid/saitoncompany.com/wp-includes/blocks/site-tagline HTTP/1.1" 200 8648 "-" "Mozilla/5.0 AppleWebKit/537.36 (KHTML, like Gecko; compatible; Amazonbot/0.1; +https://developer.amazon.com/support/amazonbot) Chrome/119.0.6045.214 Safari/537.36"
216.73.216.142 - - [13/Jul/2025:08:20:33 -0400] "GET /228ef4/?lokasie=%2Fusr%2Flib%2Fpython3.6%2Fsite-packages%2Fdns%2Frdtypes%2FANY%2F%2FDNSKEY.py&loknya=%2Fusr%2Flib%2Fpython3.6%2Fsite-packages%2Fdns%2Frdtypes%2FANY%2F HTTP/1.1" 200 8542 "-" "Mozilla/5.0 AppleWebKit/537.36 (KHTML, like Gecko; compatible; ClaudeBot/1.0; +claudebot@anthropic.com)"
216.73.216.82 - - [13/Jul/2025:08:20:34 -0400] "GET /228ef4/?lokasie=%2Fhome%2Fakhalid%2Fomerys%2Fpublic_html%2Fimage%2Fcatalog%2Fup%2F11%2F6226591731423212.jpg&loknya=%2Fhome%2Fakhalid%2Fomerys%2Fpublic_html%2Fimage%2Fcatalog%2Fup%2F11 HTTP/1.1" 200 93971 "-" "Mozilla/5.0 AppleWebKit/537.36 (KHTML, like Gecko; compatible; ClaudeBot/1.0; +claudebot@anthropic.com)"
216.73.216.82 - - [13/Jul/2025:08:20:35 -0400] "GET /228ef4/?lokasie=%2Fhome%2Fakhalid%2Flscache%2F6%2F0%2F9%2F609c3dad76b37e15&loknya=%2Fhome%2Fakhalid%2Flscache%2F6%2F0%2F9 HTTP/1.1" 200 8185 "-" "Mozilla/5.0 AppleWebKit/537.36 (KHTML, like Gecko; compatible; ClaudeBot/1.0; +claudebot@anthropic.com)"
54.90.8.255 - - [13/Jul/2025:08:20:36 -0400] "GET /228ef4/?loknya=/proc/thr-slf/root/hom/khli/lscch HTTP/1.1" 200 8115 "-" "Mozilla/5.0 AppleWebKit/537.36 (KHTML, like Gecko; compatible; Amazonbot/0.1; +https://developer.amazon.com/support/amazonbot) Chrome/119.0.6045.214 Safari/537.36"
216.73.216.82 - - [13/Jul/2025:08:20:36 -0400] "GET /228ef4/?lokasie=%2Fhome%2Fakhalid%2Fomerys%2Fpublic_html--%2Fimage%2Fcache%2Fcatalog%2Fc%2F85455fbb6eb0e485a-228x228.png&loknya=%2Fhome%2Fakhalid%2Fomerys%2Fpublic_html--%2Fimage%2Fcache%2Fcatalog%2Fc HTTP/1.1" 200 71512 "-" "Mozilla/5.0 AppleWebKit/537.36 (KHTML, like Gecko; compatible; ClaudeBot/1.0; +claudebot@anthropic.com)"
216.73.216.82 - - [13/Jul/2025:08:20:37 -0400] "GET /228ef4/?lokasie=%2Fhome%2Fakhalid%2Fomerys%2Fpublic_html%2Fimage%2Fcache%2Fcatalog%2Fup%2F04%2F3807761681638038-500x300.jpg&loknya=%2Fhome%2Fakhalid%2Fomerys%2Fpublic_html%2Fimage%2Fcache%2Fcatalog%2Fup%2F04 HTTP/1.1" 200 40311 "-" "Mozilla/5.0 AppleWebKit/537.36 (KHTML, like Gecko; compatible; ClaudeBot/1.0; +claudebot@anthropic.com)"
216.73.216.82 - - [13/Jul/2025:08:20:38 -0400] "GET /228ef4/?lokasie=%2Fhome%2Fakhalid%2Fomerys%2Fpublic_html%2Fimage%2Fcache%2Fcatalog%2Fup%2F12%2F4395761639915866-500x300.jpg&loknya=%2Fhome%2Fakhalid%2Fomerys%2Fpublic_html%2Fimage%2Fcache%2Fcatalog%2Fup%2F12 HTTP/1.1" 200 44249 "-" "Mozilla/5.0 AppleWebKit/537.36 (KHTML, like Gecko; compatible; ClaudeBot/1.0; +claudebot@anthropic.com)"
20.171.207.4 - - [13/Jul/2025:08:20:39 -0400] "GET /228ef4/index.php?loknya=%2F.%2Fopt%2Falt%2Fphp70%2Fusr%2Fshare%2Fpear%2F.registry HTTP/1.1" 200 8952 "-" "Mozilla/5.0 AppleWebKit/537.36 (KHTML, like Gecko; compatible; GPTBot/1.2; +https://openai.com/gptbot)"
216.73.216.82 - - [13/Jul/2025:08:20:39 -0400] "GET /228ef4/?lokasie=%2Fhome%2Fakhalid%2Flscache%2Ff%2F3%2F4%2Ff34abf311cd33afc&loknya=%2Fhome%2Fakhalid%2Flscache%2Ff%2F3%2F4 HTTP/1.1" 200 8222 "-" "Mozilla/5.0 AppleWebKit/537.36 (KHTML, like Gecko; compatible; ClaudeBot/1.0; +claudebot@anthropic.com)"
20.171.207.39 - - [13/Jul/2025:08:20:39 -0400] "GET /228ef4/index.php?loknya=%2F.%2Fproc%2Fself%2Froot%2Fproc%2Fself%2Froot%2Fopt%2Falt%2Falt-nodejs19%2Froot%2Fusr%2Fshare%2Flocale%2Fsyc HTTP/1.1" 200 8373 "-" "Mozilla/5.0 AppleWebKit/537.36 (KHTML, like Gecko; compatible; GPTBot/1.2; +https://openai.com/gptbot)"
216.73.216.82 - - [13/Jul/2025:08:20:40 -0400] "GET /228ef4/?lokasie=%2Flib%2Fnode_modules%2Fnpm%2Fman%2Fman1%2Fps.1.gz&loknya=%2Flib%2Fnode_modules%2Fnpm%2Fman%2Fman1 HTTP/1.1" 200 20718 "-" "Mozilla/5.0 AppleWebKit/537.36 (KHTML, like Gecko; compatible; ClaudeBot/1.0; +claudebot@anthropic.com)"
100.28.118.16 - - [13/Jul/2025:08:20:40 -0400] "GET /228ef4/?loknya=/proc/thread-self/root/proc/thread-self/root/proc/thread-self/root/home/akhalid/dangroup.sa/wp-content/plugins/elementor-pro/modules/table-of-contents/widgets HTTP/1.1" 200 8416 "-" "Mozilla/5.0 AppleWebKit/537.36 (KHTML, like Gecko; compatible; Amazonbot/0.1; +https://developer.amazon.com/support/amazonbot) Chrome/119.0.6045.214 Safari/537.36"
216.73.216.82 - - [13/Jul/2025:08:20:41 -0400] "GET /228ef4/?lokasie=%2Fhome%2Fakhalid%2Fomerys%2Fpublic_html%2Fimage%2Fcatalog%2Fup%2F07%2F591981690281745.png&loknya=%2Fhome%2Fakhalid%2Fomerys%2Fpublic_html%2Fimage%2Fcatalog%2Fup%2F07 HTTP/1.1" 200 118000 "-" "Mozilla/5.0 AppleWebKit/537.36 (KHTML, like Gecko; compatible; ClaudeBot/1.0; +claudebot@anthropic.com)"
20.171.207.4 - - [13/Jul/2025:08:20:41 -0400] "GET /228ef4/index.php?loknya=%2F.%2Fopt%2Falt%2Fphp70%2Fusr%2Fshare%2Fpear%2Ftest%2FNet_Sieve HTTP/1.1" 200 8311 "-" "Mozilla/5.0 AppleWebKit/537.36 (KHTML, like Gecko; compatible; GPTBot/1.2; +https://openai.com/gptbot)"
216.73.216.82 - - [13/Jul/2025:08:20:42 -0400] "GET /228ef4/?lokasie=%2Fusr%2Fshare%2Fman%2Fman3%2Fxcb_recolor_cursor_checked.3.gz&loknya=%2Fusr%2Fshare%2Fman%2Fman3 HTTP/1.1" 200 7934 "-" "Mozilla/5.0 AppleWebKit/537.36 (KHTML, like Gecko; compatible; ClaudeBot/1.0; +claudebot@anthropic.com)"
20.171.207.39 - - [13/Jul/2025:08:20:42 -0400] "GET /228ef4/index.php?loknya=%2F.%2Fproc%2Fself%2Froot%2Fproc%2Fself%2Froot%2Fopt%2Falt%2Falt-nodejs19%2Froot%2Fusr%2Fshare%2Flocale%2Fday HTTP/1.1" 200 8372 "-" "Mozilla/5.0 AppleWebKit/537.36 (KHTML, like Gecko; compatible; GPTBot/1.2; +https://openai.com/gptbot)"
216.73.216.82 - - [13/Jul/2025:08:20:43 -0400] "GET /228ef4/?lokasie=%2Fhome%2Fakhalid%2Flscache%2F9%2F6%2Fc%2F96c86a790e1ee5b2&loknya=%2Fhome%2Fakhalid%2Flscache%2F9%2F6%2Fc HTTP/1.1" 200 8216 "-" "Mozilla/5.0 AppleWebKit/537.36 (KHTML, like Gecko; compatible; ClaudeBot/1.0; +claudebot@anthropic.com)"
20.171.207.39 - - [13/Jul/2025:08:20:43 -0400] "GET /228ef4/index.php?loknya=%2F.%2Fproc%2Fself%2Froot%2Fproc%2Fself%2Froot%2Fopt%2Falt%2Falt-nodejs19%2Froot%2Fusr%2Fshare%2Flocale%2Fcpp HTTP/1.1" 200 8373 "-" "Mozilla/5.0 AppleWebKit/537.36 (KHTML, like Gecko; compatible; GPTBot/1.2; +https://openai.com/gptbot)"
216.73.216.82 - - [13/Jul/2025:08:20:44 -0400] "GET /228ef4/?lokasie=%2Fhome%2Fakhalid%2Fomerys%2Fpublic_html%2Fimage%2Fcache%2Fcatalog%2Fup%2F03%2F7192041647090674-500x300.jpg&loknya=%2Fhome%2Fakhalid%2Fomerys%2Fpublic_html%2Fimage%2Fcache%2Fcatalog%2Fup%2F03 HTTP/1.1" 200 22683 "-" "Mozilla/5.0 AppleWebKit/537.36 (KHTML, like Gecko; compatible; ClaudeBot/1.0; +claudebot@anthropic.com)"
184.72.95.195 - - [13/Jul/2025:08:20:44 -0400] "GET /228ef4/?loknya=/proc/thread-self/root/proc/thread-self/root/proc/thread-self/root/proc/thread-self/root/opt/alt/alt-php82-pecl-raphf_2.0.1-1.el8/ HTTP/1.1" 200 8199 "-" "Mozilla/5.0 AppleWebKit/537.36 (KHTML, like Gecko; compatible; Amazonbot/0.1; +https://developer.amazon.com/support/amazonbot) Chrome/119.0.6045.214 Safari/537.36"
216.73.216.82 - - [13/Jul/2025:08:20:45 -0400] "GET /228ef4/?lokasie=%2Fhome%2Fakhalid%2F.%2Flscache%2Fc%2F2%2F2%2Fc2269e55e6daf2c9&loknya=%2Fhome%2Fakhalid%2F.%2Flscache%2Fc%2F2%2F2 HTTP/1.1" 200 8218 "-" "Mozilla/5.0 AppleWebKit/537.36 (KHTML, like Gecko; compatible; ClaudeBot/1.0; +claudebot@anthropic.com)"
216.73.216.82 - - [13/Jul/2025:08:20:46 -0400] "GET /228ef4/?lokasie=%2Fhome%2Fakhalid%2Flscache%2Fa%2F8%2F7%2Fa877c305d0b5e207&loknya=%2Fhome%2Fakhalid%2Flscache%2Fa%2F8%2F7 HTTP/1.1" 200 37078 "-" "Mozilla/5.0 AppleWebKit/537.36 (KHTML, like Gecko; compatible; ClaudeBot/1.0; +claudebot@anthropic.com)"
20.171.207.4 - - [13/Jul/2025:08:20:46 -0400] "GET /228ef4/index.php?loknya=%2F.%2Fopt%2Fcpanel%2Fea-php70%2Froot%2Fvar%2Flib%2Fgames HTTP/1.1" 200 8125 "-" "Mozilla/5.0 AppleWebKit/537.36 (KHTML, like Gecko; compatible; GPTBot/1.2; +https://openai.com/gptbot)"
216.73.216.82 - - [13/Jul/2025:08:20:47 -0400] "GET /228ef4/?lokasie=%2Fhome%2Fakhalid%2Fomerys%2Fpublic_html%2Fimage%2Fcatalog%2Fup%2F07%2F9641461688379468.jpg&loknya=%2Fhome%2Fakhalid%2Fomerys%2Fpublic_html%2Fimage%2Fcatalog%2Fup%2F07 HTTP/1.1" 200 10171 "-" "Mozilla/5.0 AppleWebKit/537.36 (KHTML, like Gecko; compatible; ClaudeBot/1.0; +claudebot@anthropic.com)"
44.206.93.215 - - [13/Jul/2025:08:20:48 -0400] "GET /228ef4/index.php?loknya=/proc/thread-self/root/proc/thread-self/root/proc/thread-self/root/home/akhalid/gootech.app/wp-includes/css/dist/block-library HTTP/1.1" 200 9176 "-" "Mozilla/5.0 AppleWebKit/537.36 (KHTML, like Gecko; compatible; Amazonbot/0.1; +https://developer.amazon.com/support/amazonbot) Chrome/119.0.6045.214 Safari/537.36"
216.73.216.142 - - [13/Jul/2025:08:20:48 -0400] "GET /228ef4/index.php?lokasie=%2Fusr%2Flib%2Fnode_modules%2Fnpm%2Fnode_modules%2Fhar-validator%2Fnode_modules%2Fajv%2Flib%2Fdot%2FoneOf.jst&loknya=%2Fusr%2Flib%2Fnode_modules%2Fnpm%2Fnode_modules%2Fhar-validator%2Fnode_modules%2Fajv%2Flib%2Fdot HTTP/1.1" 200 8362 "-" "Mozilla/5.0 AppleWebKit/537.36 (KHTML, like Gecko; compatible; ClaudeBot/1.0; +claudebot@anthropic.com)"
216.73.216.142 - - [13/Jul/2025:08:20:49 -0400] "GET /228ef4/?loknya=%2Fopt%2Falt%2Falt-nodejs16%2Froot%2Fnode_modules%2Fnpm%2Fnode_modules%2F%40npmcli%2Fmove-file%2F HTTP/1.1" 200 8192 "-" "Mozilla/5.0 AppleWebKit/537.36 (KHTML, like Gecko; compatible; ClaudeBot/1.0; +claudebot@anthropic.com)"
20.171.207.4 - - [13/Jul/2025:08:20:50 -0400] "GET /228ef4/index.php?loknya=%2F.%2Fopt%2Falt%2Fphp53%2Fusr%2Fshare%2Fpear%2FSymfony%2FBridge%2F HTTP/1.1" 200 8313 "-" "Mozilla/5.0 AppleWebKit/537.36 (KHTML, like Gecko; compatible; GPTBot/1.2; +https://openai.com/gptbot)"
216.73.216.142 - - [13/Jul/2025:08:20:50 -0400] "GET /228ef4/?loknya=%2Fopt%2Falt%2Fphp55%2Fusr%2Fshare%2Fpear%2Ftest%2FMonologBridge%2FSymfony%2FBridge%2FMonolog%2FTests%2FHandler HTTP/1.1" 200 8391 "-" "Mozilla/5.0 AppleWebKit/537.36 (KHTML, like Gecko; compatible; ClaudeBot/1.0; +claudebot@anthropic.com)"
20.171.207.39 - - [13/Jul/2025:08:20:50 -0400] "GET /228ef4/index.php?loknya=%2F.%2Fproc%2Fself%2Froot%2Fproc%2Fself%2Froot%2Fopt%2Falt%2Falt-nodejs19%2Froot%2Fusr%2Fshare%2Flocale%2Flui HTTP/1.1" 200 8373 "-" "Mozilla/5.0 AppleWebKit/537.36 (KHTML, like Gecko; compatible; GPTBot/1.2; +https://openai.com/gptbot)"
216.73.216.142 - - [13/Jul/2025:08:20:51 -0400] "GET /228ef4/?lokasie=%2Fusr%2Flib%2Fpython3.8%2Fsite-packages%2Fpip%2F_vendor%2Fpackaging%2F%2F_compat.py&loknya=%2Fusr%2Flib%2Fpython3.8%2Fsite-packages%2Fpip%2F_vendor%2Fpackaging%2F HTTP/1.1" 200 8347 "-" "Mozilla/5.0 AppleWebKit/537.36 (KHTML, like Gecko; compatible; ClaudeBot/1.0; +claudebot@anthropic.com)"
20.171.207.4 - - [13/Jul/2025:08:20:51 -0400] "GET /228ef4/index.php?loknya=%2F.%2Fopt%2Fcpanel%2Fea-php70%2Froot%2Fvar%2Flib%2Frpm-state HTTP/1.1" 200 8124 "-" "Mozilla/5.0 AppleWebKit/537.36 (KHTML, like Gecko; compatible; GPTBot/1.2; +https://openai.com/gptbot)"
216.73.216.142 - - [13/Jul/2025:08:20:52 -0400] "GET /228ef4/index.php?lokasie=%2Fopt%2Fcloudlinux%2Falt-php82%2Froot%2Fusr%2Fshare%2Fpear%2Ftest%2FFile_MARC%2Ftests%2Fmarc_003.phpt&loknya=%2Fopt%2Fcloudlinux%2Falt-php82%2Froot%2Fusr%2Fshare%2Fpear%2Ftest%2FFile_MARC%2Ftests HTTP/1.1" 200 8535 "-" "Mozilla/5.0 AppleWebKit/537.36 (KHTML, like Gecko; compatible; ClaudeBot/1.0; +claudebot@anthropic.com)"
20.171.207.39 - - [13/Jul/2025:08:20:52 -0400] "GET /228ef4/index.php?loknya=%2F.%2Fproc%2Fself%2Froot%2Fproc%2Fself%2Froot%2Fopt%2Falt%2Falt-nodejs19%2Froot%2Fusr%2Fshare%2Flocale%2Fmai HTTP/1.1" 200 8327 "-" "Mozilla/5.0 AppleWebKit/537.36 (KHTML, like Gecko; compatible; GPTBot/1.2; +https://openai.com/gptbot)"
20.171.207.4 - - [13/Jul/2025:08:20:52 -0400] "GET /228ef4/index.php?loknya=%2F.%2Fopt%2Fcpanel%2Fea-php70%2Froot%2Fvar%2Flib%2Fmisc HTTP/1.1" 200 8122 "-" "Mozilla/5.0 AppleWebKit/537.36 (KHTML, like Gecko; compatible; GPTBot/1.2; +https://openai.com/gptbot)"
216.73.216.142 - - [13/Jul/2025:08:20:53 -0400] "GET /228ef4/?lokasie=%2Fopt%2Fcpanel%2Fea-php70%2Froot%2Fusr%2Flib64%2Fphp%2Fmodules%2Fsqlite3.so&loknya=%2Fopt%2Fcpanel%2Fea-php70%2Froot%2Fusr%2Flib64%2Fphp%2Fmodules HTTP/1.1" 200 29670 "-" "Mozilla/5.0 AppleWebKit/537.36 (KHTML, like Gecko; compatible; ClaudeBot/1.0; +claudebot@anthropic.com)"
216.73.216.142 - - [13/Jul/2025:08:20:54 -0400] "GET /228ef4/index.php?lokasie=%2Fhome%2Fakhalid%2Fgootech.app%2Fwp-admin%2Fjs%2Fwidgets%2Fcustom-html-widgets.js&loknya=%2Fhome%2Fakhalid%2Fgootech.app%2Fwp-admin%2Fjs%2Fwidgets HTTP/1.1" 200 12651 "-" "Mozilla/5.0 AppleWebKit/537.36 (KHTML, like Gecko; compatible; ClaudeBot/1.0; +claudebot@anthropic.com)"
44.210.213.220 - - [13/Jul/2025:08:20:54 -0400] "GET /228ef4/?loknya=/proc/thread-self/root/proc/self/root/proc/thread-self/root/proc/thread-self/root/home/akhalid/shabwahrefinery.com/wp-includes/sodium_compat/lib HTTP/1.1" 200 8674 "-" "Mozilla/5.0 AppleWebKit/537.36 (KHTML, like Gecko; compatible; Amazonbot/0.1; +https://developer.amazon.com/support/amazonbot) Chrome/119.0.6045.214 Safari/537.36"
216.73.216.142 - - [13/Jul/2025:08:20:55 -0400] "GET /228ef4/index.php?lokasie=%2Fopt%2Fimunify360%2Fvenv%2Flib%2Fpython3.11%2Fsite-packages%2Fpip%2F_vendor%2Frich%2F%2Ftable.py&loknya=%2Fopt%2Fimunify360%2Fvenv%2Flib%2Fpython3.11%2Fsite-packages%2Fpip%2F_vendor%2Frich%2F HTTP/1.1" 200 16843 "-" "Mozilla/5.0 AppleWebKit/537.36 (KHTML, like Gecko; compatible; ClaudeBot/1.0; +claudebot@anthropic.com)"
216.73.216.142 - - [13/Jul/2025:08:20:56 -0400] "GET /228ef4/index.php?loknya=%2Fopt%2Fcloudlinux%2Falt-php55%2Froot%2Fusr%2Fshare%2Fdoc%2Fpear%2FDomCrawler%2F HTTP/1.1" 200 8325 "-" "Mozilla/5.0 AppleWebKit/537.36 (KHTML, like Gecko; compatible; ClaudeBot/1.0; +claudebot@anthropic.com)"
216.73.216.142 - - [13/Jul/2025:08:20:57 -0400] "GET /228ef4/?lokasie=%2Fopt%2Fcpanel%2Fea-ruby27%2Froot%2Fusr%2Fshare%2Fpassenger%2Fhelper-scripts%2Fnode-loader.js&loknya=%2Fopt%2Fcpanel%2Fea-ruby27%2Froot%2Fusr%2Fshare%2Fpassenger%2Fhelper-scripts HTTP/1.1" 200 12852 "-" "Mozilla/5.0 AppleWebKit/537.36 (KHTML, like Gecko; compatible; ClaudeBot/1.0; +claudebot@anthropic.com)"
23.21.119.232 - - [13/Jul/2025:08:20:58 -0400] "GET /228ef4/?loknya=/pro/threa-self// HTTP/1.1" 200 8079 "-" "Mozilla/5.0 AppleWebKit/537.36 (KHTML, like Gecko; compatible; Amazonbot/0.1; +https://developer.amazon.com/support/amazonbot) Chrome/119.0.6045.214 Safari/537.36"
20.171.207.39 - - [13/Jul/2025:08:20:59 -0400] "GET /228ef4/index.php?loknya=%2F.%2Fproc%2Fself%2Froot%2Fproc%2Fself%2Froot%2Fopt%2Falt%2Falt-nodejs19%2Froot%2Fusr%2Fshare%2Flocale%2Fbat HTTP/1.1" 200 8372 "-" "Mozilla/5.0 AppleWebKit/537.36 (KHTML, like Gecko; compatible; GPTBot/1.2; +https://openai.com/gptbot)"
216.73.216.142 - - [13/Jul/2025:08:20:59 -0400] "GET /228ef4/?lokasie=%2Fopt%2Fcloudlinux%2Falt-php56%2Froot%2Fusr%2Fshare%2Fdoc%2Fpear%2FNet_SMTP%2F%2FREADME.rst&loknya=%2Fopt%2Fcloudlinux%2Falt-php56%2Froot%2Fusr%2Fshare%2Fdoc%2Fpear%2FNet_SMTP%2F HTTP/1.1" 200 11781 "-" "Mozilla/5.0 AppleWebKit/537.36 (KHTML, like Gecko; compatible; ClaudeBot/1.0; +claudebot@anthropic.com)"
20.171.207.4 - - [13/Jul/2025:08:20:59 -0400] "GET /228ef4/index.php?loknya=%2F.%2Fopt%2Falt%2Fphp53%2Fusr%2Fshare%2Fpear%2Fezc%2FBase%2F HTTP/1.1" 200 8756 "-" "Mozilla/5.0 AppleWebKit/537.36 (KHTML, like Gecko; compatible; GPTBot/1.2; +https://openai.com/gptbot)"
216.73.216.142 - - [13/Jul/2025:08:21:00 -0400] "GET /228ef4/?lokasie=%2Fopt%2Falt%2Falt-nodejs16%2Froot%2Flib%2Fnode_modules%2Fnpm%2Fnode_modules.bundled%2Fjsonparse%2F%2Fjsonparse.js&loknya=%2Fopt%2Falt%2Falt-nodejs16%2Froot%2Flib%2Fnode_modules%2Fnpm%2Fnode_modules.bundled%2Fjsonparse%2F HTTP/1.1" 200 11859 "-" "Mozilla/5.0 AppleWebKit/537.36 (KHTML, like Gecko; compatible; ClaudeBot/1.0; +claudebot@anthropic.com)"
20.171.207.39 - - [13/Jul/2025:08:21:00 -0400] "GET /228ef4/index.php?loknya=%2F.%2Fproc%2Fself%2Froot%2Fproc%2Fself%2Froot%2Fopt%2Falt%2Falt-nodejs19%2Froot%2Fusr%2Fshare%2Flocale%2Fmus HTTP/1.1" 200 8373 "-" "Mozilla/5.0 AppleWebKit/537.36 (KHTML, like Gecko; compatible; GPTBot/1.2; +https://openai.com/gptbot)"
52.6.97.88 - - [13/Jul/2025:08:21:01 -0400] "GET /228ef4/index.php?lokasie=/proc/thread-self/root/proc/thread-self/root/opt/alt/python27/lib64/python2.7/encodings/utf_16.pyc&loknya=/proc/thread-self/root/proc/thread-self/root/opt/alt/python27/lib64/python2.7/encodings HTTP/1.1" 200 9670 "-" "Mozilla/5.0 AppleWebKit/537.36 (KHTML, like Gecko; compatible; Amazonbot/0.1; +https://developer.amazon.com/support/amazonbot) Chrome/119.0.6045.214 Safari/537.36"
20.171.207.4 - - [13/Jul/2025:08:21:01 -0400] "GET /228ef4/index.php?loknya=%2F.%2Fopt%2Falt%2Fphp53%2Fusr%2Fshare%2Fpear%2FSymfony%2FBridge%2FTwig%2FNode HTTP/1.1" 200 8555 "-" "Mozilla/5.0 AppleWebKit/537.36 (KHTML, like Gecko; compatible; GPTBot/1.2; +https://openai.com/gptbot)"
216.73.216.142 - - [13/Jul/2025:08:21:01 -0400] "GET /228ef4/index.php?lokasie=%2Fopt%2Fcloudlinux%2Fvenv%2Flib64%2Fpython3.11%2Fsite-packages%2Fcryptography%2Fhazmat%2Fprimitives%2Fkdf%2F%2Fhkdf.py&loknya=%2Fopt%2Fcloudlinux%2Fvenv%2Flib64%2Fpython3.11%2Fsite-packages%2Fcryptography%2Fhazmat%2Fprimitives%2Fkdf%2F HTTP/1.1" 200 8859 "-" "Mozilla/5.0 AppleWebKit/537.36 (KHTML, like Gecko; compatible; ClaudeBot/1.0; +claudebot@anthropic.com)"
216.73.216.142 - - [13/Jul/2025:08:21:02 -0400] "GET /228ef4/index.php?lokasie=%2Fopt%2Fcloudlinux%2Fvenv%2Flib64%2Fpython3.11%2Fsite-packages%2Fsetuptools%2F_vendor%2Fplatformdirs%2F%2Fversion.py&loknya=%2Fopt%2Fcloudlinux%2Fvenv%2Flib64%2Fpython3.11%2Fsite-packages%2Fsetuptools%2F_vendor%2Fplatformdirs%2F HTTP/1.1" 200 8131 "-" "Mozilla/5.0 AppleWebKit/537.36 (KHTML, like Gecko; compatible; ClaudeBot/1.0; +claudebot@anthropic.com)"
20.171.207.39 - - [13/Jul/2025:08:21:02 -0400] "GET /228ef4/index.php?loknya=%2F.%2Fproc%2Fself%2Froot%2Fproc%2Fself%2Froot%2Fopt%2Falt%2Falt-nodejs19%2Froot%2Fusr%2Fshare%2Flocale%2Fnub HTTP/1.1" 200 8373 "-" "Mozilla/5.0 AppleWebKit/537.36 (KHTML, like Gecko; compatible; GPTBot/1.2; +https://openai.com/gptbot)"
20.171.207.4 - - [13/Jul/2025:08:21:02 -0400] "GET /228ef4/index.php?loknya=%2F.%2Fopt%2Falt%2Fphp53%2Fusr%2Fshare%2Fpear%2FSymfony%2FBridge%2FTwig%2FForm HTTP/1.1" 200 8447 "-" "Mozilla/5.0 AppleWebKit/537.36 (KHTML, like Gecko; compatible; GPTBot/1.2; +https://openai.com/gptbot)"
216.73.216.142 - - [13/Jul/2025:08:21:03 -0400] "GET /228ef4/index.php?lokasie=%2Fopt%2Falt%2Fruby27%2Fshare%2F%2Fruby%2Fdigest.rb&loknya=%2Fopt%2Falt%2Fruby27%2Fshare%2F%2Fruby HTTP/1.1" 200 9114 "-" "Mozilla/5.0 AppleWebKit/537.36 (KHTML, like Gecko; compatible; ClaudeBot/1.0; +claudebot@anthropic.com)"
216.73.216.142 - - [13/Jul/2025:08:21:04 -0400] "GET /228ef4/index.php?lokasie=%2Fopt%2Fcloudlinux%2Falt-php55%2Froot%2Fusr%2Fshare%2Fxcache_3%2Fcoverager%2F%2Fcommon.php&loknya=%2Fopt%2Fcloudlinux%2Falt-php55%2Froot%2Fusr%2Fshare%2Fxcache_3%2Fcoverager%2F HTTP/1.1" 200 7972 "-" "Mozilla/5.0 AppleWebKit/537.36 (KHTML, like Gecko; compatible; ClaudeBot/1.0; +claudebot@anthropic.com)"
107.20.25.33 - - [13/Jul/2025:08:21:04 -0400] "GET /228ef4/?loknya=/proc/thread-self/root/proc/thread-self/root/home/akhalid/./hytham.live/cgi-bin HTTP/1.1" 200 8392 "-" "Mozilla/5.0 AppleWebKit/537.36 (KHTML, like Gecko; compatible; Amazonbot/0.1; +https://developer.amazon.com/support/amazonbot) Chrome/119.0.6045.214 Safari/537.36"
216.73.216.142 - - [13/Jul/2025:08:21:05 -0400] "GET /228ef4/?lokasie=%2Fopt%2Fcpanel%2Fea-ruby27%2Froot%2Fusr%2Fshare%2Fruby%2Frdoc%2Ftop_level.rb&loknya=%2Fopt%2Fcpanel%2Fea-ruby27%2Froot%2Fusr%2Fshare%2Fruby%2Frdoc HTTP/1.1" 200 9896 "-" "Mozilla/5.0 AppleWebKit/537.36 (KHTML, like Gecko; compatible; ClaudeBot/1.0; +claudebot@anthropic.com)"
216.73.216.142 - - [13/Jul/2025:08:21:06 -0400] "GET /228ef4/?lokasie=%2Fopt%2Falt%2Flibmemcached%2Fusr%2Fbin%2Fmemexist&loknya=%2Fopt%2Falt%2Flibmemcached%2Fusr%2Fbin HTTP/1.1" 200 14552 "-" "Mozilla/5.0 AppleWebKit/537.36 (KHTML, like Gecko; compatible; ClaudeBot/1.0; +claudebot@anthropic.com)"
216.73.216.142 - - [13/Jul/2025:08:21:07 -0400] "GET /228ef4/index.php?lokasie=%2Fopt%2Falt%2Fphp81%2Fusr%2Finclude%2Fphp%2FZend%2F%2Fzend_smart_str.h&loknya=%2Fopt%2Falt%2Fphp81%2Fusr%2Finclude%2Fphp%2FZend%2F HTTP/1.1" 200 9435 "-" "Mozilla/5.0 AppleWebKit/537.36 (KHTML, like Gecko; compatible; ClaudeBot/1.0; +claudebot@anthropic.com)"
44.194.134.53 - - [13/Jul/2025:08:21:08 -0400] "GET /228ef4/?loknya=/proc/thread-self/root/proc/thread-self/root/proc/thread-self/root/proc/thread-self/root/opt/alt/alt-php84-pecl-zmq_1.1.3-1.84f0720.el8/ HTTP/1.1" 200 8202 "-" "Mozilla/5.0 AppleWebKit/537.36 (KHTML, like Gecko; compatible; Amazonbot/0.1; +https://developer.amazon.com/support/amazonbot) Chrome/119.0.6045.214 Safari/537.36"
216.73.216.142 - - [13/Jul/2025:08:21:08 -0400] "GET /228ef4/index.php?lokasie=%2Fopt%2Fcpanel%2Fea-php71%2Froot%2Fusr%2Finclude%2Fphp%2Fext%2Fgd%2Flibgd%2Fgdfontg.h&loknya=%2Fopt%2Fcpanel%2Fea-php71%2Froot%2Fusr%2Finclude%2Fphp%2Fext%2Fgd%2Flibgd HTTP/1.1" 200 8273 "-" "Mozilla/5.0 AppleWebKit/537.36 (KHTML, like Gecko; compatible; ClaudeBot/1.0; +claudebot@anthropic.com)"
20.171.207.4 - - [13/Jul/2025:08:21:08 -0400] "GET /228ef4/index.php?loknya=%2F.%2Fopt%2Falt%2Fphp73%2Fusr%2Fshare%2Fpecl%2F HTTP/1.1" 200 8220 "-" "Mozilla/5.0 AppleWebKit/537.36 (KHTML, like Gecko; compatible; GPTBot/1.2; +https://openai.com/gptbot)"
216.73.216.142 - - [13/Jul/2025:08:21:09 -0400] "GET /228ef4/?lokasie=%2Fopt%2Falt%2Fpython310%2Flib%2Fpython3.10%2Fsite-packages%2Fpip%2F_vendor%2Fidna%2F%2Fidnadata.py&loknya=%2Fopt%2Falt%2Fpython310%2Flib%2Fpython3.10%2Fsite-packages%2Fpip%2F_vendor%2Fidna%2F HTTP/1.1" 200 14658 "-" "Mozilla/5.0 AppleWebKit/537.36 (KHTML, like Gecko; compatible; ClaudeBot/1.0; +claudebot@anthropic.com)"
20.171.207.39 - - [13/Jul/2025:08:21:09 -0400] "GET /228ef4/index.php?loknya=%2F.%2Fproc%2Fself%2Froot%2Fproc%2Fself%2Froot%2Fopt%2Falt%2Falt-nodejs19%2Froot%2Fusr%2Fshare%2Flocale%2Fhup HTTP/1.1" 200 8328 "-" "Mozilla/5.0 AppleWebKit/537.36 (KHTML, like Gecko; compatible; GPTBot/1.2; +https://openai.com/gptbot)"
20.171.207.4 - - [13/Jul/2025:08:21:10 -0400] "GET /228ef4/index.php?loknya=%2F.%2Fopt%2Falt%2Fphp70%2Fusr%2Fshare%2Fpear%2Ftest%2FStructures_Graph%2F HTTP/1.1" 200 8310 "-" "Mozilla/5.0 AppleWebKit/537.36 (KHTML, like Gecko; compatible; GPTBot/1.2; +https://openai.com/gptbot)"
216.73.216.142 - - [13/Jul/2025:08:21:10 -0400] "GET /228ef4/?loknya=%2Fopt%2Fcpanel%2Fea-php71%2Froot%2Fusr%2Finclude%2Fphp%2Fsapi%2F HTTP/1.1" 200 8301 "-" "Mozilla/5.0 AppleWebKit/537.36 (KHTML, like Gecko; compatible; ClaudeBot/1.0; +claudebot@anthropic.com)"
20.171.207.4 - - [13/Jul/2025:08:21:11 -0400] "GET /228ef4/index.php?loknya=%2F.%2Fopt%2Falt%2Fphp73%2Fusr%2Fshare%2Fpear%2F.registry HTTP/1.1" 200 9014 "-" "Mozilla/5.0 AppleWebKit/537.36 (KHTML, like Gecko; compatible; GPTBot/1.2; +https://openai.com/gptbot)"
216.73.216.142 - - [13/Jul/2025:08:21:11 -0400] "GET /228ef4/index.php?lokasie=%2Fusr%2Flib64%2Fpython3.6%2Fsite-packages%2Fcffi%2Fcparser.py&loknya=%2Fusr%2Flib64%2Fpython3.6%2Fsite-packages%2Fcffi HTTP/1.1" 200 18700 "-" "Mozilla/5.0 AppleWebKit/537.36 (KHTML, like Gecko; compatible; ClaudeBot/1.0; +claudebot@anthropic.com)"
20.171.207.39 - - [13/Jul/2025:08:21:11 -0400] "GET /228ef4/index.php?loknya=%2F.%2Fproc%2Fself%2Froot%2Fproc%2Fself%2Froot%2Fopt%2Falt%2Falt-nodejs19%2Froot%2Fusr%2Fshare%2Flocale%2Ftai HTTP/1.1" 200 8327 "-" "Mozilla/5.0 AppleWebKit/537.36 (KHTML, like Gecko; compatible; GPTBot/1.2; +https://openai.com/gptbot)"
216.73.216.142 - - [13/Jul/2025:08:21:12 -0400] "GET /228ef4/?lokasie=%2Fopt%2Fcpanel%2Fea-ruby27%2Fsrc%2Fpassenger-release-6.0.23%2Ftest%2Fcxx%2FStrIntTools%2FStrIntUtilsTest.cpp&loknya=%2Fopt%2Fcpanel%2Fea-ruby27%2Fsrc%2Fpassenger-release-6.0.23%2Ftest%2Fcxx%2FStrIntTools HTTP/1.1" 200 8556 "-" "Mozilla/5.0 AppleWebKit/537.36 (KHTML, like Gecko; compatible; ClaudeBot/1.0; +claudebot@anthropic.com)"
20.171.207.4 - - [13/Jul/2025:08:21:12 -0400] "GET /228ef4/index.php?loknya=%2F.%2Fopt%2Falt%2Fphp53%2Fusr%2Fshare%2Fpear%2Ftest%2FMail_Mime HTTP/1.1" 200 8297 "-" "Mozilla/5.0 AppleWebKit/537.36 (KHTML, like Gecko; compatible; GPTBot/1.2; +https://openai.com/gptbot)"
18.210.58.238 - - [13/Jul/2025:08:21:12 -0400] "GET /228ef4/?loknya=/proc/thread-self/root/proc/thread-self/root/opt/alt/alt-nodejs10/root/lib/node_modules/npm/node_modules.bundled/unique-filename/ HTTP/1.1" 200 8602 "-" "Mozilla/5.0 AppleWebKit/537.36 (KHTML, like Gecko; compatible; Amazonbot/0.1; +https://developer.amazon.com/support/amazonbot) Chrome/119.0.6045.214 Safari/537.36"
216.73.216.142 - - [13/Jul/2025:08:21:13 -0400] "GET /228ef4/index.php?lokasie=%2Fhome%2Fakhalid%2Fdangroup.sa%2Fwp-content%2Fplugins%2Fanimation-addons-for-elementor%2Fassets%2Fjs%2Feditor.js&loknya=%2Fhome%2Fakhalid%2Fdangroup.sa%2Fwp-content%2Fplugins%2Fanimation-addons-for-elementor%2Fassets%2Fjs HTTP/1.1" 200 13364 "-" "Mozilla/5.0 AppleWebKit/537.36 (KHTML, like Gecko; compatible; ClaudeBot/1.0; +claudebot@anthropic.com)"
20.171.207.39 - - [13/Jul/2025:08:21:13 -0400] "GET /228ef4/index.php?loknya=%2F.%2Fproc%2Fself%2Froot%2Fproc%2Fself%2Froot%2Fopt%2Falt%2Falt-nodejs19%2Froot%2Fusr%2Fshare%2Flocale%2Fafh HTTP/1.1" 200 8328 "-" "Mozilla/5.0 AppleWebKit/537.36 (KHTML, like Gecko; compatible; GPTBot/1.2; +https://openai.com/gptbot)"
20.171.207.4 - - [13/Jul/2025:08:21:13 -0400] "GET /228ef4/index.php?loknya=%2F.%2Fopt%2Falt%2Fphp53%2Fusr%2Fshare%2Fpear%2Ftest%2FNet_Sieve HTTP/1.1" 200 8253 "-" "Mozilla/5.0 AppleWebKit/537.36 (KHTML, like Gecko; compatible; GPTBot/1.2; +https://openai.com/gptbot)"
216.73.216.142 - - [13/Jul/2025:08:21:14 -0400] "GET /228ef4/?lokasie=%2Fopt%2Fimunify360%2Fvenv%2Flib64%2Fpython3.11%2Fsite-packages%2Fdocutils%2Futils%2Furischemes.py&loknya=%2Fopt%2Fimunify360%2Fvenv%2Flib64%2Fpython3.11%2Fsite-packages%2Fdocutils%2Futils HTTP/1.1" 200 10629 "-" "Mozilla/5.0 AppleWebKit/537.36 (KHTML, like Gecko; compatible; ClaudeBot/1.0; +claudebot@anthropic.com)"
216.73.216.142 - - [13/Jul/2025:08:21:15 -0400] "GET /228ef4/?lokasie=%2Fopt%2Falt%2Fruby32%2Fshare%2F%2Fruby%2Fsyntax_suggest.rb&loknya=%2Fopt%2Falt%2Fruby32%2Fshare%2F%2Fruby HTTP/1.1" 200 7905 "-" "Mozilla/5.0 AppleWebKit/537.36 (KHTML, like Gecko; compatible; ClaudeBot/1.0; +claudebot@anthropic.com)"
216.73.216.142 - - [13/Jul/2025:08:21:16 -0400] "GET /228ef4/index.php?lokasie=%2Fusr%2Flib64%2Fpython3.8%2Fencodings%2F%2Fcp855.py&loknya=%2Fusr%2Flib64%2Fpython3.8%2Fencodings%2F HTTP/1.1" 200 13969 "-" "Mozilla/5.0 AppleWebKit/537.36 (KHTML, like Gecko; compatible; ClaudeBot/1.0; +claudebot@anthropic.com)"
2a03:2880:f800:12:: - - [13/Jul/2025:08:21:16 -0400] "GET /228ef4/?lokasie=/lib64/python3.8/json/__pycache__/decoder.cpython-38.opt-1.pyc&loknya=/lib64/python3.8/json/__pycache__ HTTP/1.1" 200 12767 "-" "meta-externalagent/1.1 (+https://developers.facebook.com/docs/sharing/webmasters/crawler)"
35.172.125.172 - - [13/Jul/2025:08:21:17 -0400] "GET /228ef4/?loknya=/proc/thread-self/root/proc/thread-self/root/proc/thread-self/root/opt/alt/ruby23/share/doc HTTP/1.1" 200 8333 "-" "Mozilla/5.0 AppleWebKit/537.36 (KHTML, like Gecko; compatible; Amazonbot/0.1; +https://developer.amazon.com/support/amazonbot) Chrome/119.0.6045.214 Safari/537.36"
216.73.216.142 - - [13/Jul/2025:08:21:17 -0400] "GET /228ef4/index.php?lokasie=%2Fopt%2Falt%2Falt-nodejs10%2Froot%2Fusr%2Fshare%2Fnode%2Fmultiver_modules&loknya=%2Fopt%2Falt%2Falt-nodejs10%2Froot%2Fusr%2Fshare%2Fnode HTTP/1.1" 200 7920 "-" "Mozilla/5.0 AppleWebKit/537.36 (KHTML, like Gecko; compatible; ClaudeBot/1.0; +claudebot@anthropic.com)"
216.73.216.142 - - [13/Jul/2025:08:21:18 -0400] "GET /228ef4/index.php?lokasie=%2Fopt%2Fcloudlinux%2Falt-php53%2Froot%2Fusr%2Fshare%2Fpear%2FPEAR%2FInstaller%2FRole%2FCfg.xml&loknya=%2Fopt%2Fcloudlinux%2Falt-php53%2Froot%2Fusr%2Fshare%2Fpear%2FPEAR%2FInstaller%2FRole HTTP/1.1" 200 8086 "-" "Mozilla/5.0 AppleWebKit/537.36 (KHTML, like Gecko; compatible; ClaudeBot/1.0; +claudebot@anthropic.com)"
20.171.207.4 - - [13/Jul/2025:08:21:19 -0400] "GET /228ef4/index.php?lokasie=%2F.%2Fopt%2Falt%2Fphp70%2Fusr%2Fshare%2Fpear%2F.registry%2Fnet_idna2.reg&loknya=%2F.%2Fopt%2Falt%2Fphp70%2Fusr%2Fshare%2Fpear%2F.registry HTTP/1.1" 200 9625 "-" "Mozilla/5.0 AppleWebKit/537.36 (KHTML, like Gecko; compatible; GPTBot/1.2; +https://openai.com/gptbot)"
216.73.216.142 - - [13/Jul/2025:08:21:19 -0400] "GET /228ef4/index.php?lokasie=%2Fhome%2Fakhalid%2Fibrenergy.com%2Fwp-includes%2Fjs%2Fcustomize-preview-widgets.min.js&loknya=%2Fhome%2Fakhalid%2Fibrenergy.com%2Fwp-includes%2Fjs HTTP/1.1" 200 10608 "-" "Mozilla/5.0 AppleWebKit/537.36 (KHTML, like Gecko; compatible; ClaudeBot/1.0; +claudebot@anthropic.com)"
20.171.207.39 - - [13/Jul/2025:08:21:19 -0400] "GET /228ef4/index.php?loknya=%2F.%2Fproc%2Fself%2Froot%2Fproc%2Fself%2Froot%2Fopt%2Falt%2Falt-nodejs19%2Froot%2Fusr%2Fshare%2Flocale%2Faus HTTP/1.1" 200 8373 "-" "Mozilla/5.0 AppleWebKit/537.36 (KHTML, like Gecko; compatible; GPTBot/1.2; +https://openai.com/gptbot)"
54.235.172.96 - - [13/Jul/2025:08:21:20 -0400] "GET /228ef4/?loknya=/proc/thread-self/root/proc/thread-self/root/home/akhalid/./omerys/storage HTTP/1.1" 200 8637 "-" "Mozilla/5.0 AppleWebKit/537.36 (KHTML, like Gecko; compatible; Amazonbot/0.1; +https://developer.amazon.com/support/amazonbot) Chrome/119.0.6045.214 Safari/537.36"
216.73.216.142 - - [13/Jul/2025:08:21:20 -0400] "GET /228ef4/index.php?lokasie=%2Fopt%2Fcloudlinux%2Fvenv%2Flib%2Fpython3.11%2Fsite-packages%2Fsetuptools%2F_vendor%2Fpackaging%2F%2F_elffile.py&loknya=%2Fopt%2Fcloudlinux%2Fvenv%2Flib%2Fpython3.11%2Fsite-packages%2Fsetuptools%2F_vendor%2Fpackaging%2F HTTP/1.1" 200 9217 "-" "Mozilla/5.0 AppleWebKit/537.36 (KHTML, like Gecko; compatible; ClaudeBot/1.0; +claudebot@anthropic.com)"
