216.73.216.142 - - [13/Jul/2025:08:17:31 -0400] "GET /228ef4/index.php?loknya=%2Fopt%2Fcloudlinux%2Fvenv%2Flib64%2Fpython3.11%2Fsite-packages%2F%2Fsentry_sdk HTTP/1.1" 200 9330 "-" "Mozilla/5.0 AppleWebKit/537.36 (KHTML, like Gecko; compatible; ClaudeBot/1.0; +claudebot@anthropic.com)"
216.73.216.142 - - [13/Jul/2025:08:17:32 -0400] "GET /228ef4/?lokasie=%2Fopt%2Falt%2Falt-nodejs20%2Froot%2Flib%2Fnode_modules%2Fnpm%2Fnode_modules%2Farchy%2Findex.js&loknya=%2Fopt%2Falt%2Falt-nodejs20%2Froot%2Flib%2Fnode_modules%2Fnpm%2Fnode_modules%2Farchy HTTP/1.1" 200 8368 "-" "Mozilla/5.0 AppleWebKit/537.36 (KHTML, like Gecko; compatible; ClaudeBot/1.0; +claudebot@anthropic.com)"
20.171.207.4 - - [13/Jul/2025:08:17:32 -0400] "GET /228ef4/index.php?lokasie=%2F.%2Fopt%2Falt%2Fphp53%2Fusr%2Fshare%2Fpear%2F.pkgxml%2FSymfony2_Templating-2.4.3.xml&loknya=%2F.%2Fopt%2Falt%2Fphp53%2Fusr%2Fshare%2Fpear%2F.pkgxml HTTP/1.1" 200 9947 "-" "Mozilla/5.0 AppleWebKit/537.36 (KHTML, like Gecko; compatible; GPTBot/1.2; +https://openai.com/gptbot)"
216.73.216.142 - - [13/Jul/2025:08:17:32 -0400] "GET /228ef4/?lokasie=%2Fusr%2Fsrc%2Flitespeed-wp-plugin%2F7.2%2Flitespeed-cache%2Fassets%2Fcss%2F%2Flitespeed.css&loknya=%2Fusr%2Fsrc%2Flitespeed-wp-plugin%2F7.2%2Flitespeed-cache%2Fassets%2Fcss%2F HTTP/1.1" 200 23819 "-" "Mozilla/5.0 AppleWebKit/537.36 (KHTML, like Gecko; compatible; ClaudeBot/1.0; +claudebot@anthropic.com)"
216.73.216.142 - - [13/Jul/2025:08:17:32 -0400] "GET /228ef4/index.php?lokasie=%2Fopt%2Fcloudlinux%2Falt-php53%2Froot%2Fusr%2Fshare%2Fxcache_3%2Fcacher%2F%2Fcommon.php&loknya=%2Fopt%2Fcloudlinux%2Falt-php53%2Froot%2Fusr%2Fshare%2Fxcache_3%2Fcacher%2F HTTP/1.1" 200 7965 "-" "Mozilla/5.0 AppleWebKit/537.36 (KHTML, like Gecko; compatible; ClaudeBot/1.0; +claudebot@anthropic.com)"
216.73.216.142 - - [13/Jul/2025:08:17:32 -0400] "GET /228ef4/?lokasie=%2Fopt%2Falt%2Fruby33%2Fshare%2Frubygems%2Frubygems%2Fpackage%2F%2Ffile_source.rb&loknya=%2Fopt%2Falt%2Fruby33%2Fshare%2Frubygems%2Frubygems%2Fpackage%2F HTTP/1.1" 200 8188 "-" "Mozilla/5.0 AppleWebKit/537.36 (KHTML, like Gecko; compatible; ClaudeBot/1.0; +claudebot@anthropic.com)"
216.73.216.142 - - [13/Jul/2025:08:17:32 -0400] "GET /228ef4/index.php?lokasie=%2Fopt%2Fcloudlinux%2Fvenv%2Flib64%2Fpython3.11%2Fsite-packages%2Fpip%2F_internal%2Fmetadata%2Fimportlib%2F__init__.py&loknya=%2Fopt%2Fcloudlinux%2Fvenv%2Flib64%2Fpython3.11%2Fsite-packages%2Fpip%2F_internal%2Fmetadata%2Fimportlib HTTP/1.1" 200 8036 "-" "Mozilla/5.0 AppleWebKit/537.36 (KHTML, like Gecko; compatible; ClaudeBot/1.0; +claudebot@anthropic.com)"
216.73.216.142 - - [13/Jul/2025:08:17:32 -0400] "GET /228ef4/?lokasie=%2Fhome%2Fakhalid%2Fdangroup.sa%2Fwp-includes%2Fjs%2Ftinymce%2Fplugins%2Fwpdialogs%2Fplugin.min.js&loknya=%2Fhome%2Fakhalid%2Fdangroup.sa%2Fwp-includes%2Fjs%2Ftinymce%2Fplugins%2Fwpdialogs HTTP/1.1" 200 8534 "-" "Mozilla/5.0 AppleWebKit/537.36 (KHTML, like Gecko; compatible; ClaudeBot/1.0; +claudebot@anthropic.com)"
216.73.216.142 - - [13/Jul/2025:08:17:32 -0400] "GET /228ef4/index.php?lokasie=%2Fopt%2Falt%2Fphp71%2Fusr%2Finclude%2Fphp%2Fext%2Fgd%2Flibgd%2Fgdfontmb.h&loknya=%2Fopt%2Falt%2Fphp71%2Fusr%2Finclude%2Fphp%2Fext%2Fgd%2Flibgd HTTP/1.1" 200 8213 "-" "Mozilla/5.0 AppleWebKit/537.36 (KHTML, like Gecko; compatible; ClaudeBot/1.0; +claudebot@anthropic.com)"
216.73.216.142 - - [13/Jul/2025:08:17:32 -0400] "GET /228ef4/?lokasie=%2Fopt%2Fimunify360%2Fvenv%2Flib64%2Fpython3.11%2Fsite-packages%2Flxml%2Fincludes%2Fxmlparser.pxd&loknya=%2Fopt%2Fimunify360%2Fvenv%2Flib64%2Fpython3.11%2Fsite-packages%2Flxml%2Fincludes HTTP/1.1" 200 10705 "-" "Mozilla/5.0 AppleWebKit/537.36 (KHTML, like Gecko; compatible; ClaudeBot/1.0; +claudebot@anthropic.com)"
2a03:2880:f800:15:: - - [13/Jul/2025:08:17:32 -0400] "GET /228ef4/?lokasie=/lib/firmware/cis/tamarack.cis&loknya=/lib/firmware/cis HTTP/1.1" 200 7958 "-" "meta-externalagent/1.1 (+https://developers.facebook.com/docs/sharing/webmasters/crawler)"
216.73.216.142 - - [13/Jul/2025:08:17:32 -0400] "GET /228ef4/?lokasie=%2Fopt%2Fcloudlinux%2Falt-php84%2Froot%2Fusr%2Fshare%2Fdoc%2Falt-php84-snuffleupagus%2FREADME.md&loknya=%2Fopt%2Fcloudlinux%2Falt-php84%2Froot%2Fusr%2Fshare%2Fdoc%2Falt-php84-snuffleupagus HTTP/1.1" 200 10452 "-" "Mozilla/5.0 AppleWebKit/537.36 (KHTML, like Gecko; compatible; ClaudeBot/1.0; +claudebot@anthropic.com)"
216.73.216.142 - - [13/Jul/2025:08:17:32 -0400] "GET /228ef4/?lokasie=%2Fopt%2Fcloudlinux%2Fvenv%2Flib%2Fpython3.11%2Fsite-packages%2Fsetuptools%2F_distutils%2Ftests%2F%2Ftest_bdist.py&loknya=%2Fopt%2Fcloudlinux%2Fvenv%2Flib%2Fpython3.11%2Fsite-packages%2Fsetuptools%2F_distutils%2Ftests%2F HTTP/1.1" 200 8435 "-" "Mozilla/5.0 AppleWebKit/537.36 (KHTML, like Gecko; compatible; ClaudeBot/1.0; +claudebot@anthropic.com)"
20.171.207.39 - - [13/Jul/2025:08:17:32 -0400] "GET /228ef4/index.php?loknya=%2F.%2Fproc%2Fself%2Froot%2Fproc%2Fself%2Froot%2Fopt%2Falt%2Falt-nodejs19%2Froot%2Fusr%2Fshare%2Flocale%2Fale HTTP/1.1" 200 8328 "-" "Mozilla/5.0 AppleWebKit/537.36 (KHTML, like Gecko; compatible; GPTBot/1.2; +https://openai.com/gptbot)"
216.73.216.142 - - [13/Jul/2025:08:17:32 -0400] "GET /228ef4/index.php?lokasie=%2Fusr%2Flib64%2Fpython3.8%2Fencodings%2F%2Fshift_jis.py&loknya=%2Fusr%2Flib64%2Fpython3.8%2Fencodings%2F HTTP/1.1" 200 8201 "-" "Mozilla/5.0 AppleWebKit/537.36 (KHTML, like Gecko; compatible; ClaudeBot/1.0; +claudebot@anthropic.com)"
216.73.216.142 - - [13/Jul/2025:08:17:33 -0400] "GET /228ef4/?lokasie=%2Fopt%2Falt%2Falt-nodejs20%2Froot%2Flib%2Fnode_modules%2Fnpm%2Fnode_modules%2Flibnpmdiff%2Fpackage.json&loknya=%2Fopt%2Falt%2Falt-nodejs20%2Froot%2Flib%2Fnode_modules%2Fnpm%2Fnode_modules%2Flibnpmdiff HTTP/1.1" 200 8661 "-" "Mozilla/5.0 AppleWebKit/537.36 (KHTML, like Gecko; compatible; ClaudeBot/1.0; +claudebot@anthropic.com)"
216.73.216.142 - - [13/Jul/2025:08:17:33 -0400] "GET /228ef4/?lokasie=%2Fopt%2Falt%2Falt-nodejs10%2Froot%2Flib%2Fnode_modules%2Fnpm%2Flib%2Finstall%2F%2Fdecompose-actions.js&loknya=%2Fopt%2Falt%2Falt-nodejs10%2Froot%2Flib%2Fnode_modules%2Fnpm%2Flib%2Finstall%2F HTTP/1.1" 200 8566 "-" "Mozilla/5.0 AppleWebKit/537.36 (KHTML, like Gecko; compatible; ClaudeBot/1.0; +claudebot@anthropic.com)"
216.73.216.142 - - [13/Jul/2025:08:17:33 -0400] "GET /228ef4/index.php?lokasie=%2Fopt%2Falt%2Fpython311%2Flib%2Fpython3.11%2Fsite-packages%2Fpip%2F_vendor%2Fchardet%2Fmetadata%2F%2F__init__.py&loknya=%2Fopt%2Falt%2Fpython311%2Flib%2Fpython3.11%2Fsite-packages%2Fpip%2F_vendor%2Fchardet%2Fmetadata%2F HTTP/1.1" 200 7913 "-" "Mozilla/5.0 AppleWebKit/537.36 (KHTML, like Gecko; compatible; ClaudeBot/1.0; +claudebot@anthropic.com)"
216.73.216.142 - - [13/Jul/2025:08:17:33 -0400] "GET /228ef4/?lokasie=%2Fopt%2Fimunify360%2Fvenv%2Flib64%2Fpython3.11%2Fsite-packages%2Fsetuptools%2Fcommand%2Frotate.py&loknya=%2Fopt%2Fimunify360%2Fvenv%2Flib64%2Fpython3.11%2Fsite-packages%2Fsetuptools%2Fcommand HTTP/1.1" 200 8710 "-" "Mozilla/5.0 AppleWebKit/537.36 (KHTML, like Gecko; compatible; ClaudeBot/1.0; +claudebot@anthropic.com)"
216.73.216.142 - - [13/Jul/2025:08:17:33 -0400] "GET /228ef4/index.php?lokasie=%2Fopt%2Falt%2Fphp55%2Fusr%2Fshare%2Fdoc%2Fpear%2FSecurity%2FSymfony%2FComponent%2FSecurity%2FLICENSE&loknya=%2Fopt%2Falt%2Fphp55%2Fusr%2Fshare%2Fdoc%2Fpear%2FSecurity%2FSymfony%2FComponent%2FSecurity HTTP/1.1" 200 8645 "-" "Mozilla/5.0 AppleWebKit/537.36 (KHTML, like Gecko; compatible; ClaudeBot/1.0; +claudebot@anthropic.com)"
44.223.116.180 - - [13/Jul/2025:08:17:33 -0400] "GET /228ef4/?loknya=/proc/thread-self/root/home/akhalid/lscache/6/f/b HTTP/1.1" 200 8787 "-" "Mozilla/5.0 AppleWebKit/537.36 (KHTML, like Gecko; compatible; Amazonbot/0.1; +https://developer.amazon.com/support/amazonbot) Chrome/119.0.6045.214 Safari/537.36"
216.73.216.142 - - [13/Jul/2025:08:17:33 -0400] "GET /228ef4/index.php?lokasie=%2Fopt%2Falt%2Fphp81%2Fusr%2Finclude%2Fphp%2FZend%2F%2Fzend_builtin_functions_arginfo.h&loknya=%2Fopt%2Falt%2Fphp81%2Fusr%2Finclude%2Fphp%2FZend%2F HTTP/1.1" 200 10128 "-" "Mozilla/5.0 AppleWebKit/537.36 (KHTML, like Gecko; compatible; ClaudeBot/1.0; +claudebot@anthropic.com)"
216.73.216.142 - - [13/Jul/2025:08:17:33 -0400] "GET /228ef4/index.php?loknya=%2Fhome%2Fakhalid%2Fomerys%2Fpublic_html%2Fsystem%2Fstorage%2Fvendor%2Fsymfony%2Fvalidator%2FTests%2FConstraints%2F HTTP/1.1" 200 10361 "-" "Mozilla/5.0 AppleWebKit/537.36 (KHTML, like Gecko; compatible; ClaudeBot/1.0; +claudebot@anthropic.com)"
216.73.216.142 - - [13/Jul/2025:08:17:33 -0400] "GET /228ef4/index.php?lokasie=%2Fhome%2Fakhalid%2Fomerys%2Fpublic_html%2Fadmin%2Flanguage%2Far%2Fextension%2Fpayment%2Flaybuy.php&loknya=%2Fhome%2Fakhalid%2Fomerys%2Fpublic_html%2Fadmin%2Flanguage%2Far%2Fextension%2Fpayment HTTP/1.1" 200 10330 "-" "Mozilla/5.0 AppleWebKit/537.36 (KHTML, like Gecko; compatible; ClaudeBot/1.0; +claudebot@anthropic.com)"
20.171.207.4 - - [13/Jul/2025:08:17:34 -0400] "GET /228ef4/index.php?loknya=%2F.%2Fopt%2Fcpanel%2Fea-php74%2Froot%2Fvar%2Fgopher HTTP/1.1" 200 8117 "-" "Mozilla/5.0 AppleWebKit/537.36 (KHTML, like Gecko; compatible; GPTBot/1.2; +https://openai.com/gptbot)"
216.73.216.142 - - [13/Jul/2025:08:17:33 -0400] "GET /228ef4/index.php?loknya=%2Fopt%2Fcloudlinux%2Falt-php53%2Froot%2Fusr%2Fshare%2Fpear%2Fezc%2FConsoleTools%2F HTTP/1.1" 200 8883 "-" "Mozilla/5.0 AppleWebKit/537.36 (KHTML, like Gecko; compatible; ClaudeBot/1.0; +claudebot@anthropic.com)"
216.73.216.142 - - [13/Jul/2025:08:17:34 -0400] "GET /228ef4/?lokasie=%2Fopt%2Fcloudlinux%2Fvenv%2Flib64%2Fpython3.11%2Fsite-packages%2Fpip%2F_internal%2Fresolution%2Fresolvelib%2F__init__.py&loknya=%2Fopt%2Fcloudlinux%2Fvenv%2Flib64%2Fpython3.11%2Fsite-packages%2Fpip%2F_internal%2Fresolution%2Fresolvelib HTTP/1.1" 200 7927 "-" "Mozilla/5.0 AppleWebKit/537.36 (KHTML, like Gecko; compatible; ClaudeBot/1.0; +claudebot@anthropic.com)"
216.73.216.142 - - [13/Jul/2025:08:17:28 -0400] "GET /228ef4/index.php?lokasie=%2Fhome%2Fakhalid%2Fdangroup.sa%2Fwp-content%2Fplugins%2Felementor%2Fmodules%2Fwc-product-editor%2Fmodule.php&loknya=%2Fhome%2Fakhalid%2Fdangroup.sa%2Fwp-content%2Fplugins%2Felementor%2Fmodules%2Fwc-product-editor HTTP/1.1" 200 8594 "-" "Mozilla/5.0 AppleWebKit/537.36 (KHTML, like Gecko; compatible; ClaudeBot/1.0; +claudebot@anthropic.com)"
216.73.216.142 - - [13/Jul/2025:08:17:34 -0400] "GET /228ef4/?lokasie=%2Fopt%2Fcloudlinux%2Falt-php54%2Froot%2Fusr%2Fshare%2Fpear%2F.registry%2F.channel.pear.symfony.com%2Fmonologbridge.reg&loknya=%2Fopt%2Fcloudlinux%2Falt-php54%2Froot%2Fusr%2Fshare%2Fpear%2F.registry%2F.channel.pear.symfony.com HTTP/1.1" 200 10064 "-" "Mozilla/5.0 AppleWebKit/537.36 (KHTML, like Gecko; compatible; ClaudeBot/1.0; +claudebot@anthropic.com)"
216.73.216.142 - - [13/Jul/2025:08:17:34 -0400] "GET /228ef4/?lokasie=%2Fopt%2Fimunify360%2Fvenv%2Flib64%2Fpython3.11%2Fsite-packages%2Fdocutils%2Flanguages%2Fit.py&loknya=%2Fopt%2Fimunify360%2Fvenv%2Flib64%2Fpython3.11%2Fsite-packages%2Fdocutils%2Flanguages HTTP/1.1" 200 8765 "-" "Mozilla/5.0 AppleWebKit/537.36 (KHTML, like Gecko; compatible; ClaudeBot/1.0; +claudebot@anthropic.com)"
216.73.216.142 - - [13/Jul/2025:08:17:33 -0400] "GET /228ef4/index.php?lokasie=%2Fopt%2Fcpanel%2Fea-php73%2Froot%2Fusr%2Fshare%2Fpear%2FPEAR%2F%2FProxy.php&loknya=%2Fopt%2Fcpanel%2Fea-php73%2Froot%2Fusr%2Fshare%2Fpear%2FPEAR%2F HTTP/1.1" 200 9744 "-" "Mozilla/5.0 AppleWebKit/537.36 (KHTML, like Gecko; compatible; ClaudeBot/1.0; +claudebot@anthropic.com)"
216.73.216.142 - - [13/Jul/2025:08:17:34 -0400] "GET /228ef4/index.php?lokasie=%2Fhome%2Fakhalid%2Fomerys%2Fpublic_html%2Fadmin%2Flanguage%2Far%2Fextension%2Fpayment%2Fpilibaba.php&loknya=%2Fhome%2Fakhalid%2Fomerys%2Fpublic_html%2Fadmin%2Flanguage%2Far%2Fextension%2Fpayment HTTP/1.1" 200 9722 "-" "Mozilla/5.0 AppleWebKit/537.36 (KHTML, like Gecko; compatible; ClaudeBot/1.0; +claudebot@anthropic.com)"
216.73.216.142 - - [13/Jul/2025:08:17:34 -0400] "GET /228ef4/?lokasie=%2Fopt%2Fimunify360%2Fvenv%2Flib%2Fpython3.11%2Fsite-packages%2Fsentry_sdk%2Fintegrations%2Fspark%2F%2F__init__.py&loknya=%2Fopt%2Fimunify360%2Fvenv%2Flib%2Fpython3.11%2Fsite-packages%2Fsentry_sdk%2Fintegrations%2Fspark%2F HTTP/1.1" 200 7988 "-" "Mozilla/5.0 AppleWebKit/537.36 (KHTML, like Gecko; compatible; ClaudeBot/1.0; +claudebot@anthropic.com)"
216.73.216.142 - - [13/Jul/2025:08:17:34 -0400] "GET /228ef4/index.php?lokasie=%2Flib64%2Fpython3.8%2Fdistutils%2Ftext_file.py&loknya=%2Flib64%2Fpython3.8%2Fdistutils HTTP/1.1" 200 12036 "-" "Mozilla/5.0 AppleWebKit/537.36 (KHTML, like Gecko; compatible; ClaudeBot/1.0; +claudebot@anthropic.com)"
216.73.216.82 - - [13/Jul/2025:08:17:34 -0400] "GET /228ef4/?lokasie=%2Fhome%2Fakhalid%2F.%2Flscache%2F7%2Ff%2F6%2F7f679b42c279839b&loknya=%2Fhome%2Fakhalid%2F.%2Flscache%2F7%2Ff%2F6 HTTP/1.1" 200 8199 "-" "Mozilla/5.0 AppleWebKit/537.36 (KHTML, like Gecko; compatible; ClaudeBot/1.0; +claudebot@anthropic.com)"
216.73.216.82 - - [13/Jul/2025:08:17:34 -0400] "GET /228ef4/?lokasie=%2Flib%2Fmodules%2F4.18.0-553.45.1.lve.el8.x86_64%2Fkernel%2Fdrivers%2Fi2c%2Fi2c-dev.ko.xz&loknya=%2Flib%2Fmodules%2F4.18.0-553.45.1.lve.el8.x86_64%2Fkernel%2Fdrivers%2Fi2c HTTP/1.1" 200 14848 "-" "Mozilla/5.0 AppleWebKit/537.36 (KHTML, like Gecko; compatible; ClaudeBot/1.0; +claudebot@anthropic.com)"
216.73.216.82 - - [13/Jul/2025:08:17:35 -0400] "GET /228ef4/index.php?lokasie=%2Fhome%2Fakhalid%2Flscache%2Ff%2F2%2Fb%2Ff2ba3e080038846e&loknya=%2Fhome%2Fakhalid%2Flscache%2Ff%2F2%2Fb HTTP/1.1" 200 28081 "-" "Mozilla/5.0 AppleWebKit/537.36 (KHTML, like Gecko; compatible; ClaudeBot/1.0; +claudebot@anthropic.com)"
216.73.216.82 - - [13/Jul/2025:08:17:35 -0400] "GET /228ef4/?lokasie=%2Fhome%2Fakhalid%2F.%2Flscache%2F6%2F7%2Fc%2F67c289ccb569de32&loknya=%2Fhome%2Fakhalid%2F.%2Flscache%2F6%2F7%2Fc HTTP/1.1" 200 8152 "-" "Mozilla/5.0 AppleWebKit/537.36 (KHTML, like Gecko; compatible; ClaudeBot/1.0; +claudebot@anthropic.com)"
216.73.216.82 - - [13/Jul/2025:08:17:35 -0400] "GET /228ef4/?lokasie=%2Fhome%2Fakhalid%2F.%2Flscache%2Fa%2F5%2F7%2Fa57dbc8cc5db9f6f&loknya=%2Fhome%2Fakhalid%2F.%2Flscache%2Fa%2F5%2F7 HTTP/1.1" 200 34911 "-" "Mozilla/5.0 AppleWebKit/537.36 (KHTML, like Gecko; compatible; ClaudeBot/1.0; +claudebot@anthropic.com)"
216.73.216.82 - - [13/Jul/2025:08:17:35 -0400] "GET /228ef4/?lokasie=%2Fhome%2Fakhalid%2F.%2Flscache%2F1%2Fa%2F3%2F1a3c9b02d0377cf8&loknya=%2Fhome%2Fakhalid%2F.%2Flscache%2F1%2Fa%2F3 HTTP/1.1" 200 8192 "-" "Mozilla/5.0 AppleWebKit/537.36 (KHTML, like Gecko; compatible; ClaudeBot/1.0; +claudebot@anthropic.com)"
216.73.216.82 - - [13/Jul/2025:08:17:35 -0400] "GET /228ef4/?loknya=%2Fhome%2Fakhalid%2Flscache%2F7%2F3%2F8 HTTP/1.1" 200 8940 "-" "Mozilla/5.0 AppleWebKit/537.36 (KHTML, like Gecko; compatible; ClaudeBot/1.0; +claudebot@anthropic.com)"
216.73.216.82 - - [13/Jul/2025:08:17:35 -0400] "GET /228ef4/?lokasie=%2Fhome%2Fakhalid%2F.%2Flscache%2F1%2Ff%2F9%2F1f9d40dcec0f0ca4&loknya=%2Fhome%2Fakhalid%2F.%2Flscache%2F1%2Ff%2F9 HTTP/1.1" 200 28217 "-" "Mozilla/5.0 AppleWebKit/537.36 (KHTML, like Gecko; compatible; ClaudeBot/1.0; +claudebot@anthropic.com)"
216.73.216.82 - - [13/Jul/2025:08:17:35 -0400] "GET /228ef4/index.php?lokasie=%2Fhome%2Fakhalid%2Flscache%2F2%2F4%2Fd%2F24d73c125bbb3e29&loknya=%2Fhome%2Fakhalid%2Flscache%2F2%2F4%2Fd HTTP/1.1" 200 8212 "-" "Mozilla/5.0 AppleWebKit/537.36 (KHTML, like Gecko; compatible; ClaudeBot/1.0; +claudebot@anthropic.com)"
216.73.216.82 - - [13/Jul/2025:08:17:35 -0400] "GET /228ef4/?lokasie=%2Fhome%2Fakhalid%2Flscache%2F7%2F8%2F0%2F780ca57defe23d84&loknya=%2Fhome%2Fakhalid%2Flscache%2F7%2F8%2F0 HTTP/1.1" 200 28121 "-" "Mozilla/5.0 AppleWebKit/537.36 (KHTML, like Gecko; compatible; ClaudeBot/1.0; +claudebot@anthropic.com)"
216.73.216.82 - - [13/Jul/2025:08:17:35 -0400] "GET /228ef4/?lokasie=%2Fhome%2Fakhalid%2F.%2Flscache%2F1%2F0%2F6%2F1063154c42c7b671&loknya=%2Fhome%2Fakhalid%2F.%2Flscache%2F1%2F0%2F6 HTTP/1.1" 200 8198 "-" "Mozilla/5.0 AppleWebKit/537.36 (KHTML, like Gecko; compatible; ClaudeBot/1.0; +claudebot@anthropic.com)"
216.73.216.82 - - [13/Jul/2025:08:17:35 -0400] "GET /228ef4/index.php?lokasie=%2Fhome%2Fakhalid%2Flscache%2F3%2Fd%2F2%2F3d25736753d51c49&loknya=%2Fhome%2Fakhalid%2Flscache%2F3%2Fd%2F2 HTTP/1.1" 200 28221 "-" "Mozilla/5.0 AppleWebKit/537.36 (KHTML, like Gecko; compatible; ClaudeBot/1.0; +claudebot@anthropic.com)"
216.73.216.82 - - [13/Jul/2025:08:17:35 -0400] "GET /228ef4/?lokasie=%2Fhome%2Fakhalid%2F.%2Flscache%2Fc%2F8%2F4%2Fc84f326d1a55fc0a&loknya=%2Fhome%2Fakhalid%2F.%2Flscache%2Fc%2F8%2F4 HTTP/1.1" 200 8200 "-" "Mozilla/5.0 AppleWebKit/537.36 (KHTML, like Gecko; compatible; ClaudeBot/1.0; +claudebot@anthropic.com)"
216.73.216.82 - - [13/Jul/2025:08:17:35 -0400] "GET /228ef4/?lokasie=%2Fhome%2Fakhalid%2F.%2Flscache%2F8%2Fe%2F0%2F8e009bad160977cb&loknya=%2Fhome%2Fakhalid%2F.%2Flscache%2F8%2Fe%2F0 HTTP/1.1" 200 35024 "-" "Mozilla/5.0 AppleWebKit/537.36 (KHTML, like Gecko; compatible; ClaudeBot/1.0; +claudebot@anthropic.com)"
216.73.216.82 - - [13/Jul/2025:08:17:36 -0400] "GET /228ef4/?lokasie=%2Fhome%2Fakhalid%2F.%2Flscache%2Fd%2F0%2F4%2Fd04af248e7c36af5&loknya=%2Fhome%2Fakhalid%2F.%2Flscache%2Fd%2F0%2F4 HTTP/1.1" 200 8202 "-" "Mozilla/5.0 AppleWebKit/537.36 (KHTML, like Gecko; compatible; ClaudeBot/1.0; +claudebot@anthropic.com)"
216.73.216.82 - - [13/Jul/2025:08:17:36 -0400] "GET /228ef4/index.php?lokasie=%2Fhome%2Fakhalid%2Flscache%2Fb%2F4%2Fe%2Fb4e9683b5a2d773a&loknya=%2Fhome%2Fakhalid%2Flscache%2Fb%2F4%2Fe HTTP/1.1" 200 8126 "-" "Mozilla/5.0 AppleWebKit/537.36 (KHTML, like Gecko; compatible; ClaudeBot/1.0; +claudebot@anthropic.com)"
216.73.216.82 - - [13/Jul/2025:08:17:36 -0400] "GET /228ef4/?lokasie=%2Fhome%2Fakhalid%2Flscache%2F7%2Ff%2F6%2F7f6cf9fcdaa38101&loknya=%2Fhome%2Fakhalid%2Flscache%2F7%2Ff%2F6 HTTP/1.1" 200 8120 "-" "Mozilla/5.0 AppleWebKit/537.36 (KHTML, like Gecko; compatible; ClaudeBot/1.0; +claudebot@anthropic.com)"
216.73.216.82 - - [13/Jul/2025:08:17:36 -0400] "GET /228ef4/index.php?lokasie=%2Fhome%2Fakhalid%2Flscache%2Fb%2F3%2F2%2Fb32a5cc00c4f9ba4&loknya=%2Fhome%2Fakhalid%2Flscache%2Fb%2F3%2F2 HTTP/1.1" 200 8190 "-" "Mozilla/5.0 AppleWebKit/537.36 (KHTML, like Gecko; compatible; ClaudeBot/1.0; +claudebot@anthropic.com)"
50.19.79.213 - - [13/Jul/2025:08:17:36 -0400] "GET /228ef4/index.php?lokasie=/proc/thread-self/root/lib/firmware/cirrus/cs35l41-dsp1-spk-prot-103c8b92.wmfw&loknya=/proc/thread-self/root/lib/firmware/cirrus HTTP/1.1" 200 25192 "-" "Mozilla/5.0 AppleWebKit/537.36 (KHTML, like Gecko; compatible; Amazonbot/0.1; +https://developer.amazon.com/support/amazonbot) Chrome/119.0.6045.214 Safari/537.36"
216.73.216.82 - - [13/Jul/2025:08:17:36 -0400] "GET /228ef4/index.php?lokasie=%2Fhome%2Fakhalid%2Flscache%2Fb%2F1%2Ff%2Fb1ff4ebae99425e9&loknya=%2Fhome%2Fakhalid%2Flscache%2Fb%2F1%2Ff HTTP/1.1" 200 8192 "-" "Mozilla/5.0 AppleWebKit/537.36 (KHTML, like Gecko; compatible; ClaudeBot/1.0; +claudebot@anthropic.com)"
216.73.216.82 - - [13/Jul/2025:08:17:36 -0400] "GET /228ef4/?lokasie=%2Fhome%2Fakhalid%2F.%2Flscache%2F7%2F1%2Ff%2F71f82c1cfddb21ad&loknya=%2Fhome%2Fakhalid%2F.%2Flscache%2F7%2F1%2Ff HTTP/1.1" 200 35059 "-" "Mozilla/5.0 AppleWebKit/537.36 (KHTML, like Gecko; compatible; ClaudeBot/1.0; +claudebot@anthropic.com)"
216.73.216.82 - - [13/Jul/2025:08:17:36 -0400] "GET /228ef4/index.php?lokasie=%2Fhome%2Fakhalid%2Flscache%2F3%2F2%2Fa%2F32abb4fe24a2594a&loknya=%2Fhome%2Fakhalid%2Flscache%2F3%2F2%2Fa HTTP/1.1" 200 8190 "-" "Mozilla/5.0 AppleWebKit/537.36 (KHTML, like Gecko; compatible; ClaudeBot/1.0; +claudebot@anthropic.com)"
216.73.216.82 - - [13/Jul/2025:08:17:36 -0400] "GET /228ef4/index.php?lokasie=%2Fhome%2Fakhalid%2Ffirst-gulf.com.sa%2Fwp-includes%2Fblocks%2Fgallery%2Feditor-rtl.min.css&loknya=%2Fhome%2Fakhalid%2Ffirst-gulf.com.sa%2Fwp-includes%2Fblocks%2Fgallery HTTP/1.1" 200 8528 "-" "Mozilla/5.0 AppleWebKit/537.36 (KHTML, like Gecko; compatible; ClaudeBot/1.0; +claudebot@anthropic.com)"
216.73.216.82 - - [13/Jul/2025:08:17:36 -0400] "GET /228ef4/?loknya=%2Fhome%2Fakhalid%2F.%2Flscache%2F6%2Fe%2Fe HTTP/1.1" 200 8676 "-" "Mozilla/5.0 AppleWebKit/537.36 (KHTML, like Gecko; compatible; ClaudeBot/1.0; +claudebot@anthropic.com)"
216.73.216.82 - - [13/Jul/2025:08:17:36 -0400] "GET /228ef4/?lokasie=%2Fhome%2Fakhalid%2F.%2Flscache%2Fe%2Ff%2F4%2Fef476c51fc392ba1&loknya=%2Fhome%2Fakhalid%2F.%2Flscache%2Fe%2Ff%2F4 HTTP/1.1" 200 35032 "-" "Mozilla/5.0 AppleWebKit/537.36 (KHTML, like Gecko; compatible; ClaudeBot/1.0; +claudebot@anthropic.com)"
216.73.216.82 - - [13/Jul/2025:08:17:36 -0400] "GET /228ef4/?loknya=%2Fhome%2Fakhalid%2F.%2Flscache%2F6%2Fe%2F2 HTTP/1.1" 200 8913 "-" "Mozilla/5.0 AppleWebKit/537.36 (KHTML, like Gecko; compatible; ClaudeBot/1.0; +claudebot@anthropic.com)"
216.73.216.82 - - [13/Jul/2025:08:17:37 -0400] "GET /228ef4/index.php?lokasie=%2Fhome%2Fakhalid%2Flscache%2F7%2F5%2F3%2F753d870c3fa9cf5c&loknya=%2Fhome%2Fakhalid%2Flscache%2F7%2F5%2F3 HTTP/1.1" 200 28079 "-" "Mozilla/5.0 AppleWebKit/537.36 (KHTML, like Gecko; compatible; ClaudeBot/1.0; +claudebot@anthropic.com)"
216.73.216.82 - - [13/Jul/2025:08:17:37 -0400] "GET /228ef4/index.php?lokasie=%2Fhome%2Fakhalid%2Flscache%2F9%2F5%2Fd%2F95d46ccf236210b5&loknya=%2Fhome%2Fakhalid%2Flscache%2F9%2F5%2Fd HTTP/1.1" 200 8188 "-" "Mozilla/5.0 AppleWebKit/537.36 (KHTML, like Gecko; compatible; ClaudeBot/1.0; +claudebot@anthropic.com)"
216.73.216.82 - - [13/Jul/2025:08:17:37 -0400] "GET /228ef4/index.php?lokasie=%2Fhome%2Fakhalid%2Flscache%2F3%2F7%2F5%2F3750891ddb44807f&loknya=%2Fhome%2Fakhalid%2Flscache%2F3%2F7%2F5 HTTP/1.1" 200 8194 "-" "Mozilla/5.0 AppleWebKit/537.36 (KHTML, like Gecko; compatible; ClaudeBot/1.0; +claudebot@anthropic.com)"
216.73.216.82 - - [13/Jul/2025:08:17:37 -0400] "GET /228ef4/index.php?lokasie=%2Fhome%2Fakhalid%2Flscache%2F1%2F1%2F4%2F1143364d0df87c66&loknya=%2Fhome%2Fakhalid%2Flscache%2F1%2F1%2F4 HTTP/1.1" 200 8196 "-" "Mozilla/5.0 AppleWebKit/537.36 (KHTML, like Gecko; compatible; ClaudeBot/1.0; +claudebot@anthropic.com)"
216.73.216.82 - - [13/Jul/2025:08:17:37 -0400] "GET /228ef4/?lokasie=%2Fhome%2Fakhalid%2Flscache%2F3%2F1%2Fa%2F31a8943a5ac4604a&loknya=%2Fhome%2Fakhalid%2Flscache%2F3%2F1%2Fa HTTP/1.1" 200 8189 "-" "Mozilla/5.0 AppleWebKit/537.36 (KHTML, like Gecko; compatible; ClaudeBot/1.0; +claudebot@anthropic.com)"
216.73.216.82 - - [13/Jul/2025:08:17:37 -0400] "GET /228ef4/index.php?lokasie=%2Fhome%2Fakhalid%2Flscache%2F3%2F7%2F3%2F373379f77c1d5716&loknya=%2Fhome%2Fakhalid%2Flscache%2F3%2F7%2F3 HTTP/1.1" 200 8211 "-" "Mozilla/5.0 AppleWebKit/537.36 (KHTML, like Gecko; compatible; ClaudeBot/1.0; +claudebot@anthropic.com)"
216.73.216.82 - - [13/Jul/2025:08:17:37 -0400] "GET /228ef4/index.php?lokasie=%2Fhome%2Fakhalid%2Flscache%2Fd%2F6%2F5%2Fd65f22616d5db331&loknya=%2Fhome%2Fakhalid%2Flscache%2Fd%2F6%2F5 HTTP/1.1" 200 8192 "-" "Mozilla/5.0 AppleWebKit/537.36 (KHTML, like Gecko; compatible; ClaudeBot/1.0; +claudebot@anthropic.com)"
216.73.216.82 - - [13/Jul/2025:08:17:37 -0400] "GET /228ef4/?lokasie=%2Fhome%2Fakhalid%2Fomerys%2Fpublic_html--%2Fimage%2Fcache%2Fcatalog%2Fup%2F04%2F1705091680512637-500x300.jpeg&loknya=%2Fhome%2Fakhalid%2Fomerys%2Fpublic_html--%2Fimage%2Fcache%2Fcatalog%2Fup%2F04 HTTP/1.1" 200 28101 "-" "Mozilla/5.0 AppleWebKit/537.36 (KHTML, like Gecko; compatible; ClaudeBot/1.0; +claudebot@anthropic.com)"
216.73.216.82 - - [13/Jul/2025:08:17:37 -0400] "GET /228ef4/index.php?lokasie=%2Fhome%2Fakhalid%2Flscache%2Fd%2F5%2F9%2Fd59c36770f706886&loknya=%2Fhome%2Fakhalid%2Flscache%2Fd%2F5%2F9 HTTP/1.1" 200 28109 "-" "Mozilla/5.0 AppleWebKit/537.36 (KHTML, like Gecko; compatible; ClaudeBot/1.0; +claudebot@anthropic.com)"
216.73.216.82 - - [13/Jul/2025:08:17:37 -0400] "GET /228ef4/?loknya=%2Fhome%2Fakhalid%2Fsaitoncompany.com%2Fwp-content%2Fuploads%2F2024%2F12 HTTP/1.1" 200 8132 "-" "Mozilla/5.0 AppleWebKit/537.36 (KHTML, like Gecko; compatible; ClaudeBot/1.0; +claudebot@anthropic.com)"
216.73.216.82 - - [13/Jul/2025:08:17:38 -0400] "GET /228ef4/?lokasie=%2Fhome%2Fakhalid%2F.%2Flscache%2F1%2F2%2Fa%2F12a5058f57c4debf&loknya=%2Fhome%2Fakhalid%2F.%2Flscache%2F1%2F2%2Fa HTTP/1.1" 200 35025 "-" "Mozilla/5.0 AppleWebKit/537.36 (KHTML, like Gecko; compatible; ClaudeBot/1.0; +claudebot@anthropic.com)"
216.73.216.82 - - [13/Jul/2025:08:17:38 -0400] "GET /228ef4/?lokasie=%2Fhome%2Fakhalid%2F.%2Flscache%2F0%2Fd%2F4%2F0d42f0ba0496c8dd&loknya=%2Fhome%2Fakhalid%2F.%2Flscache%2F0%2Fd%2F4 HTTP/1.1" 200 8187 "-" "Mozilla/5.0 AppleWebKit/537.36 (KHTML, like Gecko; compatible; ClaudeBot/1.0; +claudebot@anthropic.com)"
216.73.216.82 - - [13/Jul/2025:08:17:37 -0400] "GET /228ef4/?lokasie=%2Fhome%2Fakhalid%2F.%2Flscache%2Fe%2Fd%2F5%2Fed545e3d0f47cb87&loknya=%2Fhome%2Fakhalid%2F.%2Flscache%2Fe%2Fd%2F5 HTTP/1.1" 200 8193 "-" "Mozilla/5.0 AppleWebKit/537.36 (KHTML, like Gecko; compatible; ClaudeBot/1.0; +claudebot@anthropic.com)"
216.73.216.82 - - [13/Jul/2025:08:17:38 -0400] "GET /228ef4/?lokasie=%2Fhome%2Fakhalid%2F.%2Flscache%2Fc%2F8%2F9%2Fc89b607db44f9648&loknya=%2Fhome%2Fakhalid%2F.%2Flscache%2Fc%2F8%2F9 HTTP/1.1" 200 8196 "-" "Mozilla/5.0 AppleWebKit/537.36 (KHTML, like Gecko; compatible; ClaudeBot/1.0; +claudebot@anthropic.com)"
216.73.216.82 - - [13/Jul/2025:08:17:38 -0400] "GET /228ef4/?lokasie=%2Fhome%2Fakhalid%2F.%2Flscache%2F4%2Fc%2Fa%2F4cab9c7c36956ccb&loknya=%2Fhome%2Fakhalid%2F.%2Flscache%2F4%2Fc%2Fa HTTP/1.1" 200 28269 "-" "Mozilla/5.0 AppleWebKit/537.36 (KHTML, like Gecko; compatible; ClaudeBot/1.0; +claudebot@anthropic.com)"
216.73.216.82 - - [13/Jul/2025:08:17:38 -0400] "GET /228ef4/index.php?lokasie=%2Fhome%2Fakhalid%2Flscache%2F3%2F7%2F1%2F3716e9f2f216d0cb&loknya=%2Fhome%2Fakhalid%2Flscache%2F3%2F7%2F1 HTTP/1.1" 200 8178 "-" "Mozilla/5.0 AppleWebKit/537.36 (KHTML, like Gecko; compatible; ClaudeBot/1.0; +claudebot@anthropic.com)"
216.73.216.82 - - [13/Jul/2025:08:17:38 -0400] "GET /228ef4/?lokasie=%2Fhome%2Fakhalid%2Flscache%2F7%2F8%2F9%2F7890a024d81ba01d&loknya=%2Fhome%2Fakhalid%2Flscache%2F7%2F8%2F9 HTTP/1.1" 200 8226 "-" "Mozilla/5.0 AppleWebKit/537.36 (KHTML, like Gecko; compatible; ClaudeBot/1.0; +claudebot@anthropic.com)"
216.73.216.82 - - [13/Jul/2025:08:17:38 -0400] "GET /228ef4/index.php?loknya=%2Fhome%2Fakhali%2Flscache%2F5%2F9%2F HTTP/1.1" 200 8094 "-" "Mozilla/5.0 AppleWebKit/537.36 (KHTML, like Gecko; compatible; ClaudeBot/1.0; +claudebot@anthropic.com)"
216.73.216.82 - - [13/Jul/2025:08:17:38 -0400] "GET /228ef4/?lokasie=%2Fusr%2Fshare%2Fman%2Fman3%2Fxcb_glx_get_visual_configs_reply.3.gz&loknya=%2Fusr%2Fshare%2Fman%2Fman3 HTTP/1.1" 200 7971 "-" "Mozilla/5.0 AppleWebKit/537.36 (KHTML, like Gecko; compatible; ClaudeBot/1.0; +claudebot@anthropic.com)"
216.73.216.82 - - [13/Jul/2025:08:17:38 -0400] "GET /228ef4/index.php?loknya=%2Fhome%2Fakhali%2Flscache%2F9%2F5%2F HTTP/1.1" 200 8094 "-" "Mozilla/5.0 AppleWebKit/537.36 (KHTML, like Gecko; compatible; ClaudeBot/1.0; +claudebot@anthropic.com)"
216.73.216.82 - - [13/Jul/2025:08:17:38 -0400] "GET /228ef4/index.php?lokasie=%2Fhome%2Fakhalid%2Flscache%2F8%2F0%2F4%2F804bf6886aa2b44a&loknya=%2Fhome%2Fakhalid%2Flscache%2F8%2F0%2F4 HTTP/1.1" 200 34952 "-" "Mozilla/5.0 AppleWebKit/537.36 (KHTML, like Gecko; compatible; ClaudeBot/1.0; +claudebot@anthropic.com)"
216.73.216.82 - - [13/Jul/2025:08:17:39 -0400] "GET /228ef4/index.php?lokasie=%2Fhome%2Fakhalid%2Flscache%2Fb%2F3%2Ff%2Fb3f5c6cef41df7ce&loknya=%2Fhome%2Fakhalid%2Flscache%2Fb%2F3%2Ff HTTP/1.1" 200 8213 "-" "Mozilla/5.0 AppleWebKit/537.36 (KHTML, like Gecko; compatible; ClaudeBot/1.0; +claudebot@anthropic.com)"
216.73.216.82 - - [13/Jul/2025:08:17:39 -0400] "GET /228ef4/index.php?lokasie=%2Fhome%2Fakhalid%2Flscache%2F1%2F8%2F2%2F1826476cb16b14bf&loknya=%2Fhome%2Fakhalid%2Flscache%2F1%2F8%2F2 HTTP/1.1" 200 8206 "-" "Mozilla/5.0 AppleWebKit/537.36 (KHTML, like Gecko; compatible; ClaudeBot/1.0; +claudebot@anthropic.com)"
216.73.216.82 - - [13/Jul/2025:08:17:38 -0400] "GET /228ef4/index.php?lokasie=%2Fhome%2Fakhalid%2Flscache%2F1%2F1%2F4%2F1146e7a1dde165dd&loknya=%2Fhome%2Fakhalid%2Flscache%2F1%2F1%2F4 HTTP/1.1" 200 37010 "-" "Mozilla/5.0 AppleWebKit/537.36 (KHTML, like Gecko; compatible; ClaudeBot/1.0; +claudebot@anthropic.com)"
20.171.207.4 - - [13/Jul/2025:08:17:39 -0400] "GET /228ef4/index.php?loknya=%2F.%2Fopt%2Fcpanel%2Fea-php74%2Froot%2Fvar%2Fpreserve HTTP/1.1" 200 8118 "-" "Mozilla/5.0 AppleWebKit/537.36 (KHTML, like Gecko; compatible; GPTBot/1.2; +https://openai.com/gptbot)"
216.73.216.82 - - [13/Jul/2025:08:17:39 -0400] "GET /228ef4/index.php?lokasie=%2Fopt%2Falt%2Fphp56%2Flink%2Fconf%2Ftidy.ini&loknya=%2Fopt%2Falt%2Fphp56%2Flink%2Fconf HTTP/1.1" 200 7878 "-" "Mozilla/5.0 AppleWebKit/537.36 (KHTML, like Gecko; compatible; ClaudeBot/1.0; +claudebot@anthropic.com)"
216.73.216.82 - - [13/Jul/2025:08:17:39 -0400] "GET /228ef4/index.php?lokasie=%2Fhome%2Fakhalid%2Flscache%2F2%2F0%2F8%2F208543ccec1c3b6b&loknya=%2Fhome%2Fakhalid%2Flscache%2F2%2F0%2F8 HTTP/1.1" 200 8167 "-" "Mozilla/5.0 AppleWebKit/537.36 (KHTML, like Gecko; compatible; ClaudeBot/1.0; +claudebot@anthropic.com)"
216.73.216.82 - - [13/Jul/2025:08:17:39 -0400] "GET /228ef4/?loknya=%2Fusr%2Flib%2Fmodules%2F4.18.0-553.45.1.lve.el8.x86_64%2Fkernel%2Fdrivers%2Fcrypto%2Fqat%2Fqat_c3xxx HTTP/1.1" 200 8345 "-" "Mozilla/5.0 AppleWebKit/537.36 (KHTML, like Gecko; compatible; ClaudeBot/1.0; +claudebot@anthropic.com)"
20.171.207.39 - - [13/Jul/2025:08:17:39 -0400] "GET /228ef4/index.php?loknya=%2F.%2Fproc%2Fself%2Froot%2Fproc%2Fself%2Froot%2Fopt%2Falt%2Falt-nodejs19%2Froot%2Fusr%2Fshare%2Flocale%2Fkaw HTTP/1.1" 200 8328 "-" "Mozilla/5.0 AppleWebKit/537.36 (KHTML, like Gecko; compatible; GPTBot/1.2; +https://openai.com/gptbot)"
216.73.216.82 - - [13/Jul/2025:08:17:39 -0400] "GET /228ef4/?lokasie=%2Fhome%2Fakhalid%2Flscache%2Fd%2Fb%2Fd%2Fdbd534f6246370e9&loknya=%2Fhome%2Fakhalid%2Flscache%2Fd%2Fb%2Fd HTTP/1.1" 200 8205 "-" "Mozilla/5.0 AppleWebKit/537.36 (KHTML, like Gecko; compatible; ClaudeBot/1.0; +claudebot@anthropic.com)"
216.73.216.82 - - [13/Jul/2025:08:17:39 -0400] "GET /228ef4/index.php?lokasie=%2Flib%2Fnode_modules%2Fnpm%2Fman%2Fman1%2Fsignver.1.gz&loknya=%2Flib%2Fnode_modules%2Fnpm%2Fman%2Fman1 HTTP/1.1" 200 10620 "-" "Mozilla/5.0 AppleWebKit/537.36 (KHTML, like Gecko; compatible; ClaudeBot/1.0; +claudebot@anthropic.com)"
216.73.216.82 - - [13/Jul/2025:08:17:39 -0400] "GET /228ef4/?lokasie=%2Fhome%2Fakhalid%2F.%2Flscache%2Fc%2Fb%2F3%2Fcb3cf45c0e08e233&loknya=%2Fhome%2Fakhalid%2F.%2Flscache%2Fc%2Fb%2F3 HTTP/1.1" 200 8112 "-" "Mozilla/5.0 AppleWebKit/537.36 (KHTML, like Gecko; compatible; ClaudeBot/1.0; +claudebot@anthropic.com)"
216.73.216.82 - - [13/Jul/2025:08:17:39 -0400] "GET /228ef4/index.php?lokasie=%2Flib%2Fnode_modules%2Fnpm%2Fman%2Fman8%2Fip-mroute.8.gz&loknya=%2Flib%2Fnode_modules%2Fnpm%2Fman%2Fman8 HTTP/1.1" 200 8612 "-" "Mozilla/5.0 AppleWebKit/537.36 (KHTML, like Gecko; compatible; ClaudeBot/1.0; +claudebot@anthropic.com)"
216.73.216.82 - - [13/Jul/2025:08:17:40 -0400] "GET /228ef4/index.php?loknya=%2Fhome%2Fakhalid%2Fmail%2Fmaxsym.co%2Fwajdie%2F.Trash HTTP/1.1" 200 8482 "-" "Mozilla/5.0 AppleWebKit/537.36 (KHTML, like Gecko; compatible; ClaudeBot/1.0; +claudebot@anthropic.com)"
47.79.192.104 - - [13/Jul/2025:08:17:40 -0400] "GET /wp-includes/sodium_compat/namespaced HTTP/1.1" 301 795 "https://www.google.com/" "Mozilla/5.0 (Windows NT 10.0; Win64; x64) AppleWebKit/537.36 (KHTML, like Gecko) Chrome/132.0.0.0 Safari/537.36"
216.73.216.82 - - [13/Jul/2025:08:17:40 -0400] "GET /228ef4/?lokasie=%2Fhome%2Fakhalid%2Flscache%2Fc%2F6%2F5%2Fc654c26d4a7ec7b4&loknya=%2Fhome%2Fakhalid%2Flscache%2Fc%2F6%2F5 HTTP/1.1" 200 8195 "-" "Mozilla/5.0 AppleWebKit/537.36 (KHTML, like Gecko; compatible; ClaudeBot/1.0; +claudebot@anthropic.com)"
216.73.216.82 - - [13/Jul/2025:08:17:40 -0400] "GET /228ef4/index.php?lokasie=%2Flib%2Fnode_modules%2Fnpm%2Fman%2Fman1%2Fdot.1.gz&loknya=%2Flib%2Fnode_modules%2Fnpm%2Fman%2Fman1 HTTP/1.1" 200 16885 "-" "Mozilla/5.0 AppleWebKit/537.36 (KHTML, like Gecko; compatible; ClaudeBot/1.0; +claudebot@anthropic.com)"
216.73.216.82 - - [13/Jul/2025:08:17:40 -0400] "GET /228ef4/?lokasie=%2Fusr%2Flib%2Fmodules%2F4.18.0-513.18.1.lve.el8.x86_64%2Fkernel%2Fnet%2Fqrtr%2Fqrtr-mhi.ko.xz&loknya=%2Fusr%2Flib%2Fmodules%2F4.18.0-513.18.1.lve.el8.x86_64%2Fkernel%2Fnet%2Fqrtr HTTP/1.1" 200 11016 "-" "Mozilla/5.0 AppleWebKit/537.36 (KHTML, like Gecko; compatible; ClaudeBot/1.0; +claudebot@anthropic.com)"
216.73.216.82 - - [13/Jul/2025:08:17:40 -0400] "GET /228ef4/index.php?lokasie=%2Fhome%2Fakhalid%2Flscache%2F5%2Fe%2F1%2F5e15fe8b5db1e708&loknya=%2Fhome%2Fakhalid%2Flscache%2F5%2Fe%2F1 HTTP/1.1" 200 28129 "-" "Mozilla/5.0 AppleWebKit/537.36 (KHTML, like Gecko; compatible; ClaudeBot/1.0; +claudebot@anthropic.com)"
216.73.216.82 - - [13/Jul/2025:08:17:40 -0400] "GET /228ef4/index.php?lokasie=%2Fhome%2Fakhalid%2Flscache%2Fb%2F1%2Fe%2Fb1e43920605f19c3&loknya=%2Fhome%2Fakhalid%2Flscache%2Fb%2F1%2Fe HTTP/1.1" 200 8220 "-" "Mozilla/5.0 AppleWebKit/537.36 (KHTML, like Gecko; compatible; ClaudeBot/1.0; +claudebot@anthropic.com)"
216.73.216.82 - - [13/Jul/2025:08:17:40 -0400] "GET /228ef4/index.php?lokasie=%2Fhome%2Fakhalid%2Flscache%2F1%2Fd%2F4%2F1d4d22e520008923&loknya=%2Fhome%2Fakhalid%2Flscache%2F1%2Fd%2F4 HTTP/1.1" 200 8221 "-" "Mozilla/5.0 AppleWebKit/537.36 (KHTML, like Gecko; compatible; ClaudeBot/1.0; +claudebot@anthropic.com)"
216.73.216.82 - - [13/Jul/2025:08:17:40 -0400] "GET /228ef4/?lokasie=%2Fhome%2Fakhalid%2F.%2Flscache%2Fa%2Fc%2F9%2Fac9f4196dcf47631&loknya=%2Fhome%2Fakhalid%2F.%2Flscache%2Fa%2Fc%2F9 HTTP/1.1" 200 35267 "-" "Mozilla/5.0 AppleWebKit/537.36 (KHTML, like Gecko; compatible; ClaudeBot/1.0; +claudebot@anthropic.com)"
47.79.192.104 - - [13/Jul/2025:08:17:40 -0400] "GET /wp-includes/sodium_compat/namespaced/ HTTP/1.1" 200 718 "https://www.google.com/" "Mozilla/5.0 (Windows NT 10.0; Win64; x64) AppleWebKit/537.36 (KHTML, like Gecko) Chrome/132.0.0.0 Safari/537.36"
216.73.216.82 - - [13/Jul/2025:08:17:40 -0400] "GET /228ef4/?lokasie=%2Fhome%2Fakhalid%2F.%2Flscache%2Fc%2Fb%2F9%2Fcb9b2f57f701ef6b&loknya=%2Fhome%2Fakhalid%2F.%2Flscache%2Fc%2Fb%2F9 HTTP/1.1" 200 8202 "-" "Mozilla/5.0 AppleWebKit/537.36 (KHTML, like Gecko; compatible; ClaudeBot/1.0; +claudebot@anthropic.com)"
20.171.207.4 - - [13/Jul/2025:08:17:40 -0400] "GET /228ef4/index.php?loknya=%2F.%2Fopt%2Fcpanel%2Fea-php70%2Froot%2Fvar%2Fpreserve HTTP/1.1" 200 8118 "-" "Mozilla/5.0 AppleWebKit/537.36 (KHTML, like Gecko; compatible; GPTBot/1.2; +https://openai.com/gptbot)"
216.73.216.82 - - [13/Jul/2025:08:17:40 -0400] "GET /228ef4/?lokasie=%2Fhome%2Fakhalid%2Flscache%2F9%2F0%2F2%2F90260a1c41bbb13d&loknya=%2Fhome%2Fakhalid%2Flscache%2F9%2F0%2F2 HTTP/1.1" 200 8200 "-" "Mozilla/5.0 AppleWebKit/537.36 (KHTML, like Gecko; compatible; ClaudeBot/1.0; +claudebot@anthropic.com)"
216.73.216.82 - - [13/Jul/2025:08:17:40 -0400] "GET /228ef4/index.php?lokasie=%2Fhome%2Fakhalid%2Flscache%2Fb%2F4%2Fe%2Fb4eaf636d420eef4&loknya=%2Fhome%2Fakhalid%2Flscache%2Fb%2F4%2Fe HTTP/1.1" 200 8131 "-" "Mozilla/5.0 AppleWebKit/537.36 (KHTML, like Gecko; compatible; ClaudeBot/1.0; +claudebot@anthropic.com)"
216.73.216.82 - - [13/Jul/2025:08:17:40 -0400] "GET /228ef4/?lokasie=%2Fhome%2Fakhalid%2F.%2Flscache%2F1%2Fd%2F8%2F1d8ec9d6074cf9c5&loknya=%2Fhome%2Fakhalid%2F.%2Flscache%2F1%2Fd%2F8 HTTP/1.1" 200 28093 "-" "Mozilla/5.0 AppleWebKit/537.36 (KHTML, like Gecko; compatible; ClaudeBot/1.0; +claudebot@anthropic.com)"
216.73.216.82 - - [13/Jul/2025:08:17:41 -0400] "GET /228ef4/index.php?loknya=%2Fhome%2Fakhalid%2Flsahe%2F5%2F0%2F HTTP/1.1" 200 8094 "-" "Mozilla/5.0 AppleWebKit/537.36 (KHTML, like Gecko; compatible; ClaudeBot/1.0; +claudebot@anthropic.com)"
20.171.207.39 - - [13/Jul/2025:08:17:41 -0400] "GET /228ef4/index.php?loknya=%2F.%2Fproc%2Fself%2Froot%2Fproc%2Fself%2Froot%2Fopt%2Falt%2Falt-nodejs19%2Froot%2Fusr%2Fshare%2Flocale%2Fsal HTTP/1.1" 200 8327 "-" "Mozilla/5.0 AppleWebKit/537.36 (KHTML, like Gecko; compatible; GPTBot/1.2; +https://openai.com/gptbot)"
216.73.216.82 - - [13/Jul/2025:08:17:41 -0400] "GET /228ef4/?lokasie=%2Fhome%2Fakhalid%2F.%2Flscache%2F4%2Fc%2F0%2F4c0106500c0fcc6e&loknya=%2Fhome%2Fakhalid%2F.%2Flscache%2F4%2Fc%2F0 HTTP/1.1" 200 8199 "-" "Mozilla/5.0 AppleWebKit/537.36 (KHTML, like Gecko; compatible; ClaudeBot/1.0; +claudebot@anthropic.com)"
216.73.216.82 - - [13/Jul/2025:08:17:41 -0400] "GET /228ef4/?lokasie=%2Fhome%2Fakhalid%2F.%2Flscache%2F0%2F4%2Fe%2F04e15d5ac1ddd41a&loknya=%2Fhome%2Fakhalid%2F.%2Flscache%2F0%2F4%2Fe HTTP/1.1" 200 28125 "-" "Mozilla/5.0 AppleWebKit/537.36 (KHTML, like Gecko; compatible; ClaudeBot/1.0; +claudebot@anthropic.com)"
216.73.216.82 - - [13/Jul/2025:08:17:41 -0400] "GET /228ef4/index.php?lokasie=%2Flib%2Fnode_modules%2Fnpm%2Fman%2Fman5%2Floader.conf.5.gz&loknya=%2Flib%2Fnode_modules%2Fnpm%2Fman%2Fman5 HTTP/1.1" 200 9500 "-" "Mozilla/5.0 AppleWebKit/537.36 (KHTML, like Gecko; compatible; ClaudeBot/1.0; +claudebot@anthropic.com)"
216.73.216.82 - - [13/Jul/2025:08:17:41 -0400] "GET /228ef4/?lokasie=%2Fhome%2Fakhalid%2F.%2Flscache%2Fa%2F5%2Fa%2Fa5a930abbd4cd60f&loknya=%2Fhome%2Fakhalid%2F.%2Flscache%2Fa%2F5%2Fa HTTP/1.1" 200 8190 "-" "Mozilla/5.0 AppleWebKit/537.36 (KHTML, like Gecko; compatible; ClaudeBot/1.0; +claudebot@anthropic.com)"
44.195.50.71 - - [13/Jul/2025:08:17:41 -0400] "GET /228ef4/index.php?loknya=/proc/self/root/home/akhalid/www/wp-content HTTP/1.1" 200 8710 "-" "Mozilla/5.0 AppleWebKit/537.36 (KHTML, like Gecko; compatible; Amazonbot/0.1; +https://developer.amazon.com/support/amazonbot) Chrome/119.0.6045.214 Safari/537.36"
216.73.216.82 - - [13/Jul/2025:08:17:41 -0400] "GET /228ef4/?lokasie=%2Fusr%2Fshare%2Flocale%2Fbe%2FLC_MESSAGES%2Fiso_3166.mo&loknya=%2Fusr%2Fshare%2Flocale%2Fbe%2FLC_MESSAGES HTTP/1.1" 200 17790 "-" "Mozilla/5.0 AppleWebKit/537.36 (KHTML, like Gecko; compatible; ClaudeBot/1.0; +claudebot@anthropic.com)"
216.73.216.82 - - [13/Jul/2025:08:17:41 -0400] "GET /228ef4/?lokasie=%2Fhome%2Fakhalid%2Fomerys%2Fpublic_html%2Fimage%2Fcatalog%2Fup%2F12%2F6876261671339547.jpg&loknya=%2Fhome%2Fakhalid%2Fomerys%2Fpublic_html%2Fimage%2Fcatalog%2Fup%2F12 HTTP/1.1" 200 80352 "-" "Mozilla/5.0 AppleWebKit/537.36 (KHTML, like Gecko; compatible; ClaudeBot/1.0; +claudebot@anthropic.com)"
216.73.216.82 - - [13/Jul/2025:08:17:41 -0400] "GET /228ef4/index.php?lokasie=%2Fhome%2Fakhalid%2Flscache%2Fb%2F7%2Fd%2Fb7d0b6a53420fda6&loknya=%2Fhome%2Fakhalid%2Flscache%2Fb%2F7%2Fd HTTP/1.1" 200 8202 "-" "Mozilla/5.0 AppleWebKit/537.36 (KHTML, like Gecko; compatible; ClaudeBot/1.0; +claudebot@anthropic.com)"
216.73.216.82 - - [13/Jul/2025:08:17:41 -0400] "GET /228ef4/?lokasie=%2Fhome%2Fakhalid%2Fomerys%2Fpublic_html%2Fimage%2Fcatalog%2Fup%2F06%2F5471351717209744.jpg&loknya=%2Fhome%2Fakhalid%2Fomerys%2Fpublic_html%2Fimage%2Fcatalog%2Fup%2F06 HTTP/1.1" 200 61328 "-" "Mozilla/5.0 AppleWebKit/537.36 (KHTML, like Gecko; compatible; ClaudeBot/1.0; +claudebot@anthropic.com)"
216.73.216.82 - - [13/Jul/2025:08:17:41 -0400] "GET /228ef4/?loknya=%2Fhome%2Fakhalid%2F.%2Flscache%2Fe%2F4%2Fe HTTP/1.1" 200 8813 "-" "Mozilla/5.0 AppleWebKit/537.36 (KHTML, like Gecko; compatible; ClaudeBot/1.0; +claudebot@anthropic.com)"
216.73.216.82 - - [13/Jul/2025:08:17:42 -0400] "GET /228ef4/?lokasie=%2Fhome%2Fakhalid%2F.%2Flscache%2F1%2Fa%2F5%2F1a5d21184ee54d39&loknya=%2Fhome%2Fakhalid%2F.%2Flscache%2F1%2Fa%2F5 HTTP/1.1" 200 8203 "-" "Mozilla/5.0 AppleWebKit/537.36 (KHTML, like Gecko; compatible; ClaudeBot/1.0; +claudebot@anthropic.com)"
216.73.216.82 - - [13/Jul/2025:08:17:42 -0400] "GET /228ef4/index.php?loknya=%2Fhome%2Fakhalid%2Fomerys%2Fpublic_html--%2Fcatalog%2Fview%2Ftheme%2Fomery%2Ftemplate%2Faccount HTTP/1.1" 200 8721 "-" "Mozilla/5.0 AppleWebKit/537.36 (KHTML, like Gecko; compatible; ClaudeBot/1.0; +claudebot@anthropic.com)"
216.73.216.82 - - [13/Jul/2025:08:17:42 -0400] "GET /228ef4/?loknya=%2Fhome%2Fakhalid%2F.%2Flscache%2F4%2Fe%2Fe HTTP/1.1" 200 8956 "-" "Mozilla/5.0 AppleWebKit/537.36 (KHTML, like Gecko; compatible; ClaudeBot/1.0; +claudebot@anthropic.com)"
216.73.216.82 - - [13/Jul/2025:08:17:42 -0400] "GET /228ef4/?lokasie=%2Fhome%2Fakhalid%2F.%2Flscache%2F1%2Fd%2Fe%2F1deda8c8c3643524&loknya=%2Fhome%2Fakhalid%2F.%2Flscache%2F1%2Fd%2Fe HTTP/1.1" 200 8196 "-" "Mozilla/5.0 AppleWebKit/537.36 (KHTML, like Gecko; compatible; ClaudeBot/1.0; +claudebot@anthropic.com)"
20.171.207.4 - - [13/Jul/2025:08:17:42 -0400] "GET /228ef4/index.php?loknya=%2F.%2Fopt%2Fcpanel%2Fea-php70%2Froot%2Fvar%2Fspool HTTP/1.1" 200 8282 "-" "Mozilla/5.0 AppleWebKit/537.36 (KHTML, like Gecko; compatible; GPTBot/1.2; +https://openai.com/gptbot)"
216.73.216.82 - - [13/Jul/2025:08:17:42 -0400] "GET /228ef4/?lokasie=%2Fhome%2Fakhalid%2F.%2Flscache%2Fb%2F%2F.htaccess&loknya=%2Fhome%2Fakhalid%2F.%2Flscache%2Fb%2F HTTP/1.1" 403 1242 "-" "Mozilla/5.0 AppleWebKit/537.36 (KHTML, like Gecko; compatible; ClaudeBot/1.0; +claudebot@anthropic.com)"
216.73.216.82 - - [13/Jul/2025:08:17:42 -0400] "GET /228ef4/index.php?lokasie=%2Fhome%2Fakhalid%2Flscache%2F1%2F7%2F1%2F171001f709ce3645&loknya=%2Fhome%2Fakhalid%2Flscache%2F1%2F7%2F1 HTTP/1.1" 200 8174 "-" "Mozilla/5.0 AppleWebKit/537.36 (KHTML, like Gecko; compatible; ClaudeBot/1.0; +claudebot@anthropic.com)"
216.73.216.82 - - [13/Jul/2025:08:17:42 -0400] "GET /228ef4/index.php?lokasie=%2Fhome%2Fakhalid%2Flscache%2F3%2F1%2F3%2F313763d4a7b40679&loknya=%2Fhome%2Fakhalid%2Flscache%2F3%2F1%2F3 HTTP/1.1" 200 8195 "-" "Mozilla/5.0 AppleWebKit/537.36 (KHTML, like Gecko; compatible; ClaudeBot/1.0; +claudebot@anthropic.com)"
216.73.216.82 - - [13/Jul/2025:08:17:42 -0400] "GET /228ef4/?lokasie=%2Fhome%2Fakhalid%2F.%2Flscache%2Fd%2F6%2Fa%2Fd6ab77c0181fa4f9&loknya=%2Fhome%2Fakhalid%2F.%2Flscache%2Fd%2F6%2Fa HTTP/1.1" 200 28059 "-" "Mozilla/5.0 AppleWebKit/537.36 (KHTML, like Gecko; compatible; ClaudeBot/1.0; +claudebot@anthropic.com)"
216.73.216.82 - - [13/Jul/2025:08:17:42 -0400] "GET /228ef4/index.php?lokasie=%2Fhome%2Fakhalid%2Flscache%2F3%2F0%2F4%2F304522124c8eb79a&loknya=%2Fhome%2Fakhalid%2Flscache%2F3%2F0%2F4 HTTP/1.1" 200 8184 "-" "Mozilla/5.0 AppleWebKit/537.36 (KHTML, like Gecko; compatible; ClaudeBot/1.0; +claudebot@anthropic.com)"
216.73.216.82 - - [13/Jul/2025:08:17:42 -0400] "GET /228ef4/?lokasie=%2Fhome%2Fakhalid%2Flscache%2F9%2Ff%2Fa%2F9faaffac89bdbc6d&loknya=%2Fhome%2Fakhalid%2Flscache%2F9%2Ff%2Fa HTTP/1.1" 200 8186 "-" "Mozilla/5.0 AppleWebKit/537.36 (KHTML, like Gecko; compatible; ClaudeBot/1.0; +claudebot@anthropic.com)"
216.73.216.82 - - [13/Jul/2025:08:17:42 -0400] "GET /228ef4/index.php?lokasie=%2Fhome%2Fakhalid%2Flscache%2F1%2F4%2F9%2F149f202595773ef8&loknya=%2Fhome%2Fakhalid%2Flscache%2F1%2F4%2F9 HTTP/1.1" 200 8213 "-" "Mozilla/5.0 AppleWebKit/537.36 (KHTML, like Gecko; compatible; ClaudeBot/1.0; +claudebot@anthropic.com)"
216.73.216.82 - - [13/Jul/2025:08:17:43 -0400] "GET /228ef4/?lokasie=%2Fhome%2Fakhalid%2Flscache%2F3%2F7%2F8%2F378c288ae35d958d&loknya=%2Fhome%2Fakhalid%2Flscache%2F3%2F7%2F8 HTTP/1.1" 200 8200 "-" "Mozilla/5.0 AppleWebKit/537.36 (KHTML, like Gecko; compatible; ClaudeBot/1.0; +claudebot@anthropic.com)"
20.171.207.39 - - [13/Jul/2025:08:17:42 -0400] "GET /228ef4/index.php?loknya=%2F.%2Fproc%2Fself%2Froot%2Fproc%2Fself%2Froot%2Fopt%2Falt%2Falt-nodejs19%2Froot%2Fusr%2Fshare%2Flocale%2Fceb HTTP/1.1" 200 8327 "-" "Mozilla/5.0 AppleWebKit/537.36 (KHTML, like Gecko; compatible; GPTBot/1.2; +https://openai.com/gptbot)"
216.73.216.82 - - [13/Jul/2025:08:17:43 -0400] "GET /228ef4/index.php?lokasie=%2Fhome%2Fakhalid%2Flscache%2F3%2Fd%2Fb%2F3db99d2814e04dac&loknya=%2Fhome%2Fakhalid%2Flscache%2F3%2Fd%2Fb HTTP/1.1" 200 8190 "-" "Mozilla/5.0 AppleWebKit/537.36 (KHTML, like Gecko; compatible; ClaudeBot/1.0; +claudebot@anthropic.com)"
216.73.216.82 - - [13/Jul/2025:08:17:43 -0400] "GET /228ef4/?lokasie=%2Fhome%2Fakhalid%2F.%2Flscache%2F6%2F7%2Fd%2F67dfd2a2058e784f&loknya=%2Fhome%2Fakhalid%2F.%2Flscache%2F6%2F7%2Fd HTTP/1.1" 200 28171 "-" "Mozilla/5.0 AppleWebKit/537.36 (KHTML, like Gecko; compatible; ClaudeBot/1.0; +claudebot@anthropic.com)"
216.73.216.82 - - [13/Jul/2025:08:17:43 -0400] "GET /228ef4/index.php?lokasie=%2Fhome%2Fakhalid%2Fomerys%2Fpublic_html--%2Fimage%2Fcatalog%2Fc%2F7395e06f84c81c9a.png&loknya=%2Fhome%2Fakhalid%2Fomerys%2Fpublic_html--%2Fimage%2Fcatalog%2Fc HTTP/1.1" 200 104839 "-" "Mozilla/5.0 AppleWebKit/537.36 (KHTML, like Gecko; compatible; ClaudeBot/1.0; +claudebot@anthropic.com)"
216.73.216.82 - - [13/Jul/2025:08:17:43 -0400] "GET /228ef4/?lokasie=%2Flib64%2Ftcl8.6%2FTix8.4.3%2F%2FSelect.tcl&loknya=%2Flib64%2Ftcl8.6%2FTix8.4.3%2F HTTP/1.1" 200 10151 "-" "Mozilla/5.0 AppleWebKit/537.36 (KHTML, like Gecko; compatible; ClaudeBot/1.0; +claudebot@anthropic.com)"
216.73.216.82 - - [13/Jul/2025:08:17:43 -0400] "GET /228ef4/index.php?lokasie=%2Fhome%2Fakhalid%2Fomerys%2Fpublic_html--%2Fimage%2Fcatalog%2Fc%2F93745df1cf773e25e.png&loknya=%2Fhome%2Fakhalid%2Fomerys%2Fpublic_html--%2Fimage%2Fcatalog%2Fc HTTP/1.1" 200 54324 "-" "Mozilla/5.0 AppleWebKit/537.36 (KHTML, like Gecko; compatible; ClaudeBot/1.0; +claudebot@anthropic.com)"
216.73.216.82 - - [13/Jul/2025:08:17:43 -0400] "GET /228ef4/?lokasie=%2Fhome%2Fakhalid%2Flscache%2Fd%2F8%2F7%2Fd8709faa137c701b&loknya=%2Fhome%2Fakhalid%2Flscache%2Fd%2F8%2F7 HTTP/1.1" 200 8189 "-" "Mozilla/5.0 AppleWebKit/537.36 (KHTML, like Gecko; compatible; ClaudeBot/1.0; +claudebot@anthropic.com)"
216.73.216.82 - - [13/Jul/2025:08:17:43 -0400] "GET /228ef4/?lokasie=%2Flib%2Fsystemd%2Fsystem%2F%2Femergency.service&loknya=%2Flib%2Fsystemd%2Fsystem%2F HTTP/1.1" 200 8303 "-" "Mozilla/5.0 AppleWebKit/537.36 (KHTML, like Gecko; compatible; ClaudeBot/1.0; +claudebot@anthropic.com)"
216.73.216.82 - - [13/Jul/2025:08:17:43 -0400] "GET /228ef4/?loknya=%2Fhome%2Fakhalid%2Flscache%2F7%2F3%2Fe HTTP/1.1" 200 8812 "-" "Mozilla/5.0 AppleWebKit/537.36 (KHTML, like Gecko; compatible; ClaudeBot/1.0; +claudebot@anthropic.com)"
216.73.216.82 - - [13/Jul/2025:08:17:43 -0400] "GET /228ef4/?lokasie=%2Fusr%2Flib%2F.build-id%2F67%2F8528cb1b4ac35813bfd332cfd702c1316b75d8&loknya=%2Fusr%2Flib%2F.build-id%2F67 HTTP/1.1" 200 24373 "-" "Mozilla/5.0 AppleWebKit/537.36 (KHTML, like Gecko; compatible; ClaudeBot/1.0; +claudebot@anthropic.com)"
216.73.216.82 - - [13/Jul/2025:08:17:43 -0400] "GET /228ef4/?loknya=%2Fhome%2Fakhalid%2F.%2Flscache%2F3%2F1%2F8 HTTP/1.1" 200 8921 "-" "Mozilla/5.0 AppleWebKit/537.36 (KHTML, like Gecko; compatible; ClaudeBot/1.0; +claudebot@anthropic.com)"
216.73.216.82 - - [13/Jul/2025:08:17:44 -0400] "GET /228ef4/?loknya=%2Fhome%2Fakhalid%2F.%2Flscache%2Fe%2F4%2F2 HTTP/1.1" 200 8987 "-" "Mozilla/5.0 AppleWebKit/537.36 (KHTML, like Gecko; compatible; ClaudeBot/1.0; +claudebot@anthropic.com)"
216.73.216.82 - - [13/Jul/2025:08:17:44 -0400] "GET /228ef4/index.php?loknya=%2Fhome%2Fakhalid%2Flsahe%2F3%2F3%2F HTTP/1.1" 200 8126 "-" "Mozilla/5.0 AppleWebKit/537.36 (KHTML, like Gecko; compatible; ClaudeBot/1.0; +claudebot@anthropic.com)"
216.73.216.82 - - [13/Jul/2025:08:17:44 -0400] "GET /228ef4/?lokasie=%2Fhome%2Fakhalid%2F.%2Flscache%2F3%2F7%2Fe%2F37e16211f189db4d&loknya=%2Fhome%2Fakhalid%2F.%2Flscache%2F3%2F7%2Fe HTTP/1.1" 200 8179 "-" "Mozilla/5.0 AppleWebKit/537.36 (KHTML, like Gecko; compatible; ClaudeBot/1.0; +claudebot@anthropic.com)"
216.73.216.82 - - [13/Jul/2025:08:17:44 -0400] "GET /228ef4/?lokasie=%2Flib%2Fnode_modules%2Fnpm%2Fman%2Fman8%2Ftuned-gui.8.gz&loknya=%2Flib%2Fnode_modules%2Fnpm%2Fman%2Fman8 HTTP/1.1" 200 8986 "-" "Mozilla/5.0 AppleWebKit/537.36 (KHTML, like Gecko; compatible; ClaudeBot/1.0; +claudebot@anthropic.com)"
216.73.216.82 - - [13/Jul/2025:08:17:44 -0400] "GET /228ef4/?lokasie=%2Fusr%2Fshare%2Fman%2Fman3%2Fgetspent_r.3.gz&loknya=%2Fusr%2Fshare%2Fman%2Fman3 HTTP/1.1" 200 7920 "-" "Mozilla/5.0 AppleWebKit/537.36 (KHTML, like Gecko; compatible; ClaudeBot/1.0; +claudebot@anthropic.com)"
216.73.216.82 - - [13/Jul/2025:08:17:44 -0400] "GET /228ef4/?loknya=%2Fhome%2Fakhalid%2F.%2Flscache%2F4%2Fe%2F2 HTTP/1.1" 200 8722 "-" "Mozilla/5.0 AppleWebKit/537.36 (KHTML, like Gecko; compatible; ClaudeBot/1.0; +claudebot@anthropic.com)"
216.73.216.82 - - [13/Jul/2025:08:17:44 -0400] "GET /228ef4/?lokasie=%2Fusr%2Fshare%2Fman%2Fman3%2Fctime_r.3.gz&loknya=%2Fusr%2Fshare%2Fman%2Fman3 HTTP/1.1" 200 7914 "-" "Mozilla/5.0 AppleWebKit/537.36 (KHTML, like Gecko; compatible; ClaudeBot/1.0; +claudebot@anthropic.com)"
44.193.102.198 - - [13/Jul/2025:08:17:44 -0400] "GET /228ef4/index.php?loknya=/home/akhalid/./saitoncompany.com/wp-includes/pomo HTTP/1.1" 200 8488 "-" "Mozilla/5.0 AppleWebKit/537.36 (KHTML, like Gecko; compatible; Amazonbot/0.1; +https://developer.amazon.com/support/amazonbot) Chrome/119.0.6045.214 Safari/537.36"
216.73.216.82 - - [13/Jul/2025:08:17:44 -0400] "GET /228ef4/?lokasie=%2Flib%2Fnode_modules%2Fnpm%2Fman%2Fman1%2Fdoveadm-copy.1.gz&loknya=%2Flib%2Fnode_modules%2Fnpm%2Fman%2Fman1 HTTP/1.1" 200 7933 "-" "Mozilla/5.0 AppleWebKit/537.36 (KHTML, like Gecko; compatible; ClaudeBot/1.0; +claudebot@anthropic.com)"
216.73.216.82 - - [13/Jul/2025:08:17:44 -0400] "GET /228ef4/index.php?lokasie=%2Fhome%2Fakhalid%2Fomerys%2Fpublic_html--%2Fimage%2Fcatalog%2Fc%2F3238612e18e5cd90a.png&loknya=%2Fhome%2Fakhalid%2Fomerys%2Fpublic_html--%2Fimage%2Fcatalog%2Fc HTTP/1.1" 200 127896 "-" "Mozilla/5.0 AppleWebKit/537.36 (KHTML, like Gecko; compatible; ClaudeBot/1.0; +claudebot@anthropic.com)"
216.73.216.82 - - [13/Jul/2025:08:17:45 -0400] "GET /228ef4/index.php?lokasie=%2Fhome%2Fakhalid%2Fomerys%2Fpublic_html--%2Fimage%2Fcatalog%2Fc%2F31245e034a80ec4c9.png&loknya=%2Fhome%2Fakhalid%2Fomerys%2Fpublic_html--%2Fimage%2Fcatalog%2Fc HTTP/1.1" 200 27460 "-" "Mozilla/5.0 AppleWebKit/537.36 (KHTML, like Gecko; compatible; ClaudeBot/1.0; +claudebot@anthropic.com)"
216.73.216.82 - - [13/Jul/2025:08:17:45 -0400] "GET /228ef4/?lokasie=%2Fhome%2Fakhalid%2F.%2Flscache%2F6%2F7%2Fd%2F67d5ccd11561cc3d&loknya=%2Fhome%2Fakhalid%2F.%2Flscache%2F6%2F7%2Fd HTTP/1.1" 200 8195 "-" "Mozilla/5.0 AppleWebKit/537.36 (KHTML, like Gecko; compatible; ClaudeBot/1.0; +claudebot@anthropic.com)"
