216.73.216.142 - - [13/Jul/2025:08:13:22 -0400] "GET /228ef4/?lokasie=%2Fopt%2Fcloudlinux%2Fvenv%2Flib64%2Fpython3.11%2Fsite-packages%2Ffuture%2Fmoves%2Ftkinter%2F%2F__init__.py&loknya=%2Fopt%2Fcloudlinux%2Fvenv%2Flib64%2Fpython3.11%2Fsite-packages%2Ffuture%2Fmoves%2Ftkinter%2F HTTP/1.1" 200 8118 "-" "Mozilla/5.0 AppleWebKit/537.36 (KHTML, like Gecko; compatible; ClaudeBot/1.0; +claudebot@anthropic.com)"
216.73.216.142 - - [13/Jul/2025:08:13:22 -0400] "GET /228ef4/?lokasie=%2Fopt%2Falt%2Fpython312%2Flib%2Fpython3.12%2Fsite-packages%2Fpip%2F_internal%2Foperations%2Fbuild%2F%2Fbuild_tracker.py&loknya=%2Fopt%2Falt%2Fpython312%2Flib%2Fpython3.12%2Fsite-packages%2Fpip%2F_internal%2Foperations%2Fbuild%2F HTTP/1.1" 200 9685 "-" "Mozilla/5.0 AppleWebKit/537.36 (KHTML, like Gecko; compatible; ClaudeBot/1.0; +claudebot@anthropic.com)"
216.73.216.142 - - [13/Jul/2025:08:13:23 -0400] "GET /228ef4/index.php?lokasie=%2Fopt%2Fcpanel%2Fea-php73%2Froot%2Fusr%2Fshare%2Fpear%2FPEAR%2F%2FCommon.php&loknya=%2Fopt%2Fcpanel%2Fea-php73%2Froot%2Fusr%2Fshare%2Fpear%2FPEAR%2F HTTP/1.1" 200 14999 "-" "Mozilla/5.0 AppleWebKit/537.36 (KHTML, like Gecko; compatible; ClaudeBot/1.0; +claudebot@anthropic.com)"
216.73.216.142 - - [13/Jul/2025:08:13:23 -0400] "GET /228ef4/index.php?lokasie=%2Fopt%2Fcloudlinux%2Fvenv%2Flib64%2Fpython3.11%2Fsite-packages%2Fcryptography%2Fhazmat%2Fprimitives%2Fkdf%2F%2Fscrypt.py&loknya=%2Fopt%2Fcloudlinux%2Fvenv%2Flib64%2Fpython3.11%2Fsite-packages%2Fcryptography%2Fhazmat%2Fprimitives%2Fkdf%2F HTTP/1.1" 200 8824 "-" "Mozilla/5.0 AppleWebKit/537.36 (KHTML, like Gecko; compatible; ClaudeBot/1.0; +claudebot@anthropic.com)"
216.73.216.142 - - [13/Jul/2025:08:13:22 -0400] "GET /228ef4/index.php?lokasie=%2Fopt%2Falt%2Fphp84%2Fusr%2Finclude%2Fphp%2FZend%2F%2Fzend_ast.h&loknya=%2Fopt%2Falt%2Fphp84%2Fusr%2Finclude%2Fphp%2FZend%2F HTTP/1.1" 200 11254 "-" "Mozilla/5.0 AppleWebKit/537.36 (KHTML, like Gecko; compatible; ClaudeBot/1.0; +claudebot@anthropic.com)"
20.171.207.39 - - [13/Jul/2025:08:13:23 -0400] "GET /228ef4/index.php?loknya=%2F.%2Fproc%2Fself%2Froot%2Fproc%2Fself%2Froot%2Fopt%2Falt%2Falt-nodejs19%2Froot%2Fusr%2Fshare%2Flocale%2Fhaw HTTP/1.1" 200 8328 "-" "Mozilla/5.0 AppleWebKit/537.36 (KHTML, like Gecko; compatible; GPTBot/1.2; +https://openai.com/gptbot)"
216.73.216.142 - - [13/Jul/2025:08:13:23 -0400] "GET /228ef4/index.php?lokasie=%2Flib%2Fpython3.6%2Fsite-packages%2Ftuned%2Fprofiles%2Ffunctions%2F%2Ffunctions.py&loknya=%2Flib%2Fpython3.6%2Fsite-packages%2Ftuned%2Fprofiles%2Ffunctions%2F HTTP/1.1" 200 8783 "-" "Mozilla/5.0 AppleWebKit/537.36 (KHTML, like Gecko; compatible; ClaudeBot/1.0; +claudebot@anthropic.com)"
216.73.216.142 - - [13/Jul/2025:08:13:22 -0400] "GET /228ef4/?lokasie=%2Fopt%2Falt%2Fphp54%2Fusr%2Fshare%2Fdoc%2Fpear%2FTranslation%2FSymfony%2FComponent%2FTranslation%2FREADME.md&loknya=%2Fopt%2Falt%2Fphp54%2Fusr%2Fshare%2Fdoc%2Fpear%2FTranslation%2FSymfony%2FComponent%2FTranslation HTTP/1.1" 200 8373 "-" "Mozilla/5.0 AppleWebKit/537.36 (KHTML, like Gecko; compatible; ClaudeBot/1.0; +claudebot@anthropic.com)"
216.73.216.142 - - [13/Jul/2025:08:13:22 -0400] "GET /228ef4/?lokasie=%2Fopt%2Falt%2Flibicu%2Fusr%2Fshare%2Fdoc%2Falt-libicu-devel%2Fsamples%2Fmsgfmt%2F%2FMakefile&loknya=%2Fopt%2Falt%2Flibicu%2Fusr%2Fshare%2Fdoc%2Falt-libicu-devel%2Fsamples%2Fmsgfmt%2F HTTP/1.1" 200 8266 "-" "Mozilla/5.0 AppleWebKit/537.36 (KHTML, like Gecko; compatible; ClaudeBot/1.0; +claudebot@anthropic.com)"
216.73.216.142 - - [13/Jul/2025:08:13:23 -0400] "GET /228ef4/index.php?lokasie=%2Fopt%2Falt%2Fphp55%2Fusr%2Fshare%2Fdoc%2Fpear%2FSerializer%2FSymfony%2FComponent%2FSerializer%2FLICENSE&loknya=%2Fopt%2Falt%2Fphp55%2Fusr%2Fshare%2Fdoc%2Fpear%2FSerializer%2FSymfony%2FComponent%2FSerializer HTTP/1.1" 200 8651 "-" "Mozilla/5.0 AppleWebKit/537.36 (KHTML, like Gecko; compatible; ClaudeBot/1.0; +claudebot@anthropic.com)"
216.73.216.142 - - [13/Jul/2025:08:13:23 -0400] "GET /228ef4/?lokasie=%2Fopt%2Fcloudlinux%2Fvenv%2Flib%2Fpython3.11%2Fsite-packages%2Fsetuptools%2F_distutils%2Ftests%2F%2Ftest_clean.py&loknya=%2Fopt%2Fcloudlinux%2Fvenv%2Flib%2Fpython3.11%2Fsite-packages%2Fsetuptools%2F_distutils%2Ftests%2F HTTP/1.1" 200 8409 "-" "Mozilla/5.0 AppleWebKit/537.36 (KHTML, like Gecko; compatible; ClaudeBot/1.0; +claudebot@anthropic.com)"
216.73.216.142 - - [13/Jul/2025:08:13:23 -0400] "GET /228ef4/index.php?lokasie=%2Fopt%2Falt%2Fphp83%2Fusr%2Finclude%2Fphp%2Fext%2Fapcu%2Fapc_lock.h&loknya=%2Fopt%2Falt%2Fphp83%2Fusr%2Finclude%2Fphp%2Fext%2Fapcu HTTP/1.1" 200 9406 "-" "Mozilla/5.0 AppleWebKit/537.36 (KHTML, like Gecko; compatible; ClaudeBot/1.0; +claudebot@anthropic.com)"
216.73.216.142 - - [13/Jul/2025:08:13:23 -0400] "GET /228ef4/index.php?lokasie=%2Fopt%2Falt%2Fruby34%2Flib64%2Fgems%2Fruby%2Fruby-lsapi-5.6%2Flsapi.so&loknya=%2Fopt%2Falt%2Fruby34%2Flib64%2Fgems%2Fruby%2Fruby-lsapi-5.6 HTTP/1.1" 200 38001 "-" "Mozilla/5.0 AppleWebKit/537.36 (KHTML, like Gecko; compatible; ClaudeBot/1.0; +claudebot@anthropic.com)"
216.73.216.142 - - [13/Jul/2025:08:13:23 -0400] "GET /228ef4/?lokasie=%2Fopt%2Fimunify360%2Fvenv%2Flib%2Fpython3.11%2Fsite-packages%2Fdocutils%2Fparsers%2Frst%2Finclude%2Fisolat2.txt&loknya=%2Fopt%2Fimunify360%2Fvenv%2Flib%2Fpython3.11%2Fsite-packages%2Fdocutils%2Fparsers%2Frst%2Finclude HTTP/1.1" 200 9323 "-" "Mozilla/5.0 AppleWebKit/537.36 (KHTML, like Gecko; compatible; ClaudeBot/1.0; +claudebot@anthropic.com)"
216.73.216.142 - - [13/Jul/2025:08:13:23 -0400] "GET /228ef4/?lokasie=%2Fopt%2Falt%2Fpython39%2Flib%2Fpython3.9%2Fsite-packages%2Fpkg_resources%2F_vendor%2Fpackaging%2F%2F__about__.py&loknya=%2Fopt%2Falt%2Fpython39%2Flib%2Fpython3.9%2Fsite-packages%2Fpkg_resources%2F_vendor%2Fpackaging%2F HTTP/1.1" 200 8281 "-" "Mozilla/5.0 AppleWebKit/537.36 (KHTML, like Gecko; compatible; ClaudeBot/1.0; +claudebot@anthropic.com)"
216.73.216.142 - - [13/Jul/2025:08:13:24 -0400] "GET /228ef4/index.php?lokasie=%2Fopt%2Falt%2Fphp81%2Fusr%2Fshare%2Fpear%2FPEAR%2FCommand%2FBuild.php&loknya=%2Fopt%2Falt%2Fphp81%2Fusr%2Fshare%2Fpear%2FPEAR%2FCommand HTTP/1.1" 200 8881 "-" "Mozilla/5.0 AppleWebKit/537.36 (KHTML, like Gecko; compatible; ClaudeBot/1.0; +claudebot@anthropic.com)"
20.171.207.39 - - [13/Jul/2025:08:13:24 -0400] "GET /228ef4/index.php?loknya=%2F.%2Fproc%2Fself%2Froot%2Fproc%2Fself%2Froot%2Fopt%2Falt%2Falt-nodejs19%2Froot%2Fusr%2Fshare%2Flocale%2Fbej HTTP/1.1" 200 8328 "-" "Mozilla/5.0 AppleWebKit/537.36 (KHTML, like Gecko; compatible; GPTBot/1.2; +https://openai.com/gptbot)"
216.73.216.142 - - [13/Jul/2025:08:13:24 -0400] "GET /228ef4/index.php?loknya=%2Fopt%2Falt%2Fphp56%2Fusr%2Fshare%2Fpear%2FPEAR%2FPackageFile%2FGenerator HTTP/1.1" 200 8366 "-" "Mozilla/5.0 AppleWebKit/537.36 (KHTML, like Gecko; compatible; ClaudeBot/1.0; +claudebot@anthropic.com)"
35.173.18.61 - - [13/Jul/2025:08:13:24 -0400] "GET /228ef4/?loknya=/proc/self/root/proc/thread-self/root/var/lib/mysql/bdkakxfv_wp414 HTTP/1.1" 200 8190 "-" "Mozilla/5.0 AppleWebKit/537.36 (KHTML, like Gecko; compatible; Amazonbot/0.1; +https://developer.amazon.com/support/amazonbot) Chrome/119.0.6045.214 Safari/537.36"
216.73.216.142 - - [13/Jul/2025:08:13:24 -0400] "GET /228ef4/?lokasie=%2Fopt%2Fcpanel%2Fea-php71%2Froot%2Fusr%2Fshare%2Fpear%2FPEAR%2FTask%2FReplace.php&loknya=%2Fopt%2Fcpanel%2Fea-php71%2Froot%2Fusr%2Fshare%2Fpear%2FPEAR%2FTask HTTP/1.1" 200 9707 "-" "Mozilla/5.0 AppleWebKit/537.36 (KHTML, like Gecko; compatible; ClaudeBot/1.0; +claudebot@anthropic.com)"
216.73.216.142 - - [13/Jul/2025:08:13:23 -0400] "GET /228ef4/?lokasie=%2Fopt%2Fhc_python%2Flib64%2Fpython3.12%2Fsite-packages%2Fvirtualenv%2Fseed%2Fwheels%2F%2F__init__.py&loknya=%2Fopt%2Fhc_python%2Flib64%2Fpython3.12%2Fsite-packages%2Fvirtualenv%2Fseed%2Fwheels%2F HTTP/1.1" 200 8007 "-" "Mozilla/5.0 AppleWebKit/537.36 (KHTML, like Gecko; compatible; ClaudeBot/1.0; +claudebot@anthropic.com)"
216.73.216.142 - - [13/Jul/2025:08:13:24 -0400] "GET /228ef4/index.php?loknya=%2Fopt%2Fcloudlinux%2Falt-php54%2Froot%2Fusr%2Fshare%2Fdoc%2Fpear%2FBase%2Fdocs%2Frepos%2Fautoloads HTTP/1.1" 200 8399 "-" "Mozilla/5.0 AppleWebKit/537.36 (KHTML, like Gecko; compatible; ClaudeBot/1.0; +claudebot@anthropic.com)"
216.73.216.142 - - [13/Jul/2025:08:13:24 -0400] "GET /228ef4/index.php?loknya=%2Fopt%2Falt%2Fphp55%2Fusr%2Fshare%2Fpear%2Ftest%2FSecurity%2FSymfony%2FComponent%2FSecurity%2FTests%2FCore HTTP/1.1" 200 8337 "-" "Mozilla/5.0 AppleWebKit/537.36 (KHTML, like Gecko; compatible; ClaudeBot/1.0; +claudebot@anthropic.com)"
216.73.216.142 - - [13/Jul/2025:08:13:24 -0400] "GET /228ef4/?loknya=%2Fopt%2Fcloudlinux%2Fvenv%2Flib64%2Fpython3.11%2Fsite-packages%2Fpylint%2Fcheckers%2Frefactoring%2F HTTP/1.1" 200 8600 "-" "Mozilla/5.0 AppleWebKit/537.36 (KHTML, like Gecko; compatible; ClaudeBot/1.0; +claudebot@anthropic.com)"
216.73.216.142 - - [13/Jul/2025:08:13:24 -0400] "GET /228ef4/index.php?lokasie=%2Fhome%2Fakhalid%2Fomerys%2Fpublic_html%2Fadmin%2Flanguage%2Far%2Fextension%2Fopenbay%2Famazon_bulk_linking.php&loknya=%2Fhome%2Fakhalid%2Fomerys%2Fpublic_html%2Fadmin%2Flanguage%2Far%2Fextension%2Fopenbay HTTP/1.1" 200 8474 "-" "Mozilla/5.0 AppleWebKit/537.36 (KHTML, like Gecko; compatible; ClaudeBot/1.0; +claudebot@anthropic.com)"
216.73.216.142 - - [13/Jul/2025:08:13:24 -0400] "GET /228ef4/?loknya=%2Fopt%2Fcloudlinux%2Fvenv%2Flib64%2Fpython3.11%2Fsite-packages%2Fclcommon%2Fpublic_hooks%2Fbin%2F HTTP/1.1" 200 8561 "-" "Mozilla/5.0 AppleWebKit/537.36 (KHTML, like Gecko; compatible; ClaudeBot/1.0; +claudebot@anthropic.com)"
216.73.216.142 - - [13/Jul/2025:08:13:24 -0400] "GET /228ef4/?lokasie=%2Fopt%2Falt%2Fpython38%2Flib%2Fpython3.8%2Fsite-packages%2Fpip%2F_internal%2Foperations%2Fbuild%2F%2F__init__.py&loknya=%2Fopt%2Falt%2Fpython38%2Flib%2Fpython3.8%2Fsite-packages%2Fpip%2F_internal%2Foperations%2Fbuild%2F HTTP/1.1" 200 7909 "-" "Mozilla/5.0 AppleWebKit/537.36 (KHTML, like Gecko; compatible; ClaudeBot/1.0; +claudebot@anthropic.com)"
216.73.216.142 - - [13/Jul/2025:08:13:25 -0400] "GET /228ef4/?lokasie=%2Fopt%2Falt%2Fruby32%2Fshare%2F%2Fruby%2Fjson.rb&loknya=%2Fopt%2Falt%2Fruby32%2Fshare%2F%2Fruby HTTP/1.1" 200 13518 "-" "Mozilla/5.0 AppleWebKit/537.36 (KHTML, like Gecko; compatible; ClaudeBot/1.0; +claudebot@anthropic.com)"
216.73.216.142 - - [13/Jul/2025:08:13:24 -0400] "GET /228ef4/?lokasie=%2Fopt%2Falt%2Falt-nodejs20%2Froot%2Flib%2Fnode_modules%2Fnpm%2Fnode_modules.bundled%2Fcacache%2Flib%2Fmemoization.js&loknya=%2Fopt%2Falt%2Falt-nodejs20%2Froot%2Flib%2Fnode_modules%2Fnpm%2Fnode_modules.bundled%2Fcacache%2Flib HTTP/1.1" 200 8524 "-" "Mozilla/5.0 AppleWebKit/537.36 (KHTML, like Gecko; compatible; ClaudeBot/1.0; +claudebot@anthropic.com)"
216.73.216.142 - - [13/Jul/2025:08:13:25 -0400] "GET /228ef4/?lokasie=%2Fopt%2Falt%2Fphp55%2Fusr%2Fshare%2Fpear%2Ftest%2FFilesystem%2FSymfony%2FComponent%2FFilesystem%2Fphpunit.xml.dist&loknya=%2Fopt%2Falt%2Fphp55%2Fusr%2Fshare%2Fpear%2Ftest%2FFilesystem%2FSymfony%2FComponent%2FFilesystem HTTP/1.1" 200 8231 "-" "Mozilla/5.0 AppleWebKit/537.36 (KHTML, like Gecko; compatible; ClaudeBot/1.0; +claudebot@anthropic.com)"
216.73.216.142 - - [13/Jul/2025:08:13:25 -0400] "GET /228ef4/?lokasie=%2Fhome%2Fakhalid%2Fdangroup.sa%2Fwp-content%2Fplugins%2Fcontact-form-7%2Fincludes%2Fjs%2Fhtml5-fallback.js&loknya=%2Fhome%2Fakhalid%2Fdangroup.sa%2Fwp-content%2Fplugins%2Fcontact-form-7%2Fincludes%2Fjs HTTP/1.1" 200 8234 "-" "Mozilla/5.0 AppleWebKit/537.36 (KHTML, like Gecko; compatible; ClaudeBot/1.0; +claudebot@anthropic.com)"
216.73.216.142 - - [13/Jul/2025:08:13:25 -0400] "GET /228ef4/?lokasie=%2Fopt%2Fhc_python%2Flib64%2Fpython3.12%2Fsite-packages%2Fpip%2F_internal%2Foperations%2Fbuild%2F%2Fmetadata.py&loknya=%2Fopt%2Fhc_python%2Flib64%2Fpython3.12%2Fsite-packages%2Fpip%2F_internal%2Foperations%2Fbuild%2F HTTP/1.1" 200 8519 "-" "Mozilla/5.0 AppleWebKit/537.36 (KHTML, like Gecko; compatible; ClaudeBot/1.0; +claudebot@anthropic.com)"
216.73.216.142 - - [13/Jul/2025:08:13:25 -0400] "GET /228ef4/index.php?lokasie=%2Fusr%2Flib64%2Fpython3.8%2Fwsgiref%2F%2Fheaders.py&loknya=%2Fusr%2Flib64%2Fpython3.8%2Fwsgiref%2F HTTP/1.1" 200 10110 "-" "Mozilla/5.0 AppleWebKit/537.36 (KHTML, like Gecko; compatible; ClaudeBot/1.0; +claudebot@anthropic.com)"
216.73.216.142 - - [13/Jul/2025:08:13:25 -0400] "GET /228ef4/index.php?lokasie=%2Fopt%2Fcpanel%2Fea-ruby27%2Fsrc%2Fpassenger-release-6.0.23%2Fsrc%2Fagent%2FCore%2FSpawningKit%2FErrorRenderer.h&loknya=%2Fopt%2Fcpanel%2Fea-ruby27%2Fsrc%2Fpassenger-release-6.0.23%2Fsrc%2Fagent%2FCore%2FSpawningKit HTTP/1.1" 200 9695 "-" "Mozilla/5.0 AppleWebKit/537.36 (KHTML, like Gecko; compatible; ClaudeBot/1.0; +claudebot@anthropic.com)"
216.73.216.142 - - [13/Jul/2025:08:13:25 -0400] "GET /228ef4/index.php?lokasie=%2Fopt%2Falt%2Fphp55%2Fusr%2Fshare%2Fdoc%2Fpear%2FCssSelector%2FSymfony%2FComponent%2FCssSelector%2Fcomposer.json&loknya=%2Fopt%2Falt%2Fphp55%2Fusr%2Fshare%2Fdoc%2Fpear%2FCssSelector%2FSymfony%2FComponent%2FCssSelector HTTP/1.1" 200 8315 "-" "Mozilla/5.0 AppleWebKit/537.36 (KHTML, like Gecko; compatible; ClaudeBot/1.0; +claudebot@anthropic.com)"
216.73.216.142 - - [13/Jul/2025:08:13:25 -0400] "GET /228ef4/index.php?lokasie=%2Fopt%2Fimunify360%2Fvenv%2Flib64%2Fpython3.11%2Fsite-packages%2Fclcommon%2Fpublic_hooks%2Fbin%2Fpre_modify_user.py&loknya=%2Fopt%2Fimunify360%2Fvenv%2Flib64%2Fpython3.11%2Fsite-packages%2Fclcommon%2Fpublic_hooks%2Fbin HTTP/1.1" 200 8560 "-" "Mozilla/5.0 AppleWebKit/537.36 (KHTML, like Gecko; compatible; ClaudeBot/1.0; +claudebot@anthropic.com)"
2a03:2880:f800:1a:: - - [13/Jul/2025:08:13:26 -0400] "GET /228ef4/?lokasie=/lib/.build-id/fd/bc9133d7094b5240452409e326cee21aff3bff&loknya=/lib/.build-id/fd HTTP/1.1" 200 11795 "-" "meta-externalagent/1.1 (+https://developers.facebook.com/docs/sharing/webmasters/crawler)"
216.73.216.142 - - [13/Jul/2025:08:13:25 -0400] "GET /228ef4/index.php?lokasie=%2Fopt%2Falt%2Fphp83%2Fusr%2Fshare%2Fpear%2Ftest%2FXML_RPC%2Ftests%2Ftypes.php&loknya=%2Fopt%2Falt%2Fphp83%2Fusr%2Fshare%2Fpear%2Ftest%2FXML_RPC%2Ftests HTTP/1.1" 200 9056 "-" "Mozilla/5.0 AppleWebKit/537.36 (KHTML, like Gecko; compatible; ClaudeBot/1.0; +claudebot@anthropic.com)"
216.73.216.142 - - [13/Jul/2025:08:13:26 -0400] "GET /228ef4/index.php?lokasie=%2Fhome%2Fakhalid%2Fomerys%2Fpublic_html%2Fadmin%2Flanguage%2Far%2Fextension%2Fopenbay%2Fetsy_edit.php&loknya=%2Fhome%2Fakhalid%2Fomerys%2Fpublic_html%2Fadmin%2Flanguage%2Far%2Fextension%2Fopenbay HTTP/1.1" 200 8237 "-" "Mozilla/5.0 AppleWebKit/537.36 (KHTML, like Gecko; compatible; ClaudeBot/1.0; +claudebot@anthropic.com)"
216.73.216.142 - - [13/Jul/2025:08:13:26 -0400] "GET /228ef4/index.php?lokasie=%2Fopt%2Falt%2Fphp84%2Fusr%2Finclude%2Fphp%2FZend%2F%2Fzend_fibers.h&loknya=%2Fopt%2Falt%2Fphp84%2Fusr%2Finclude%2Fphp%2FZend%2F HTTP/1.1" 200 9764 "-" "Mozilla/5.0 AppleWebKit/537.36 (KHTML, like Gecko; compatible; ClaudeBot/1.0; +claudebot@anthropic.com)"
216.73.216.142 - - [13/Jul/2025:08:13:26 -0400] "GET /228ef4/?lokasie=%2Fopt%2Falt%2Falt-nodejs20%2Froot%2Fusr%2Flib%2Fnode_modules%2Fnpm%2Fnode_modules.bundled%2Fclean-stack%2Flicense&loknya=%2Fopt%2Falt%2Falt-nodejs20%2Froot%2Fusr%2Flib%2Fnode_modules%2Fnpm%2Fnode_modules.bundled%2Fclean-stack HTTP/1.1" 200 8643 "-" "Mozilla/5.0 AppleWebKit/537.36 (KHTML, like Gecko; compatible; ClaudeBot/1.0; +claudebot@anthropic.com)"
216.73.216.142 - - [13/Jul/2025:08:13:26 -0400] "GET /228ef4/?lokasie=%2Fopt%2Fcloudlinux%2Fvenv%2Flib64%2Fpython3.11%2Fsite-packages%2Fpip%2F_vendor%2Frequests%2F%2Fadapters.py&loknya=%2Fopt%2Fcloudlinux%2Fvenv%2Flib64%2Fpython3.11%2Fsite-packages%2Fpip%2F_vendor%2Frequests%2F HTTP/1.1" 200 15229 "-" "Mozilla/5.0 AppleWebKit/537.36 (KHTML, like Gecko; compatible; ClaudeBot/1.0; +claudebot@anthropic.com)"
216.73.216.142 - - [13/Jul/2025:08:13:26 -0400] "GET /228ef4/?lokasie=%2Fopt%2Falt%2Fphp71%2Fusr%2Fshare%2Fpear%2FPEAR%2FDownloader%2FPackage.php&loknya=%2Fopt%2Falt%2Fphp71%2Fusr%2Fshare%2Fpear%2FPEAR%2FDownloader HTTP/1.1" 200 21351 "-" "Mozilla/5.0 AppleWebKit/537.36 (KHTML, like Gecko; compatible; ClaudeBot/1.0; +claudebot@anthropic.com)"
216.73.216.142 - - [13/Jul/2025:08:13:26 -0400] "GET /228ef4/index.php?loknya=%2Fopt%2Fcloudlinux%2Falt-php81%2Froot%2Fusr%2Finclude%2Fphp%2Fext%2Fgmp HTTP/1.1" 200 8335 "-" "Mozilla/5.0 AppleWebKit/537.36 (KHTML, like Gecko; compatible; ClaudeBot/1.0; +claudebot@anthropic.com)"
216.73.216.142 - - [13/Jul/2025:08:13:26 -0400] "GET /228ef4/index.php?lokasie=%2Fopt%2Fcloudlinux%2Fvenv%2Flib%2Fpython3.11%2Fsite-packages%2Fsetuptools%2F_vendor%2Fplatformdirs%2F%2F__main__.py&loknya=%2Fopt%2Fcloudlinux%2Fvenv%2Flib%2Fpython3.11%2Fsite-packages%2Fsetuptools%2F_vendor%2Fplatformdirs%2F HTTP/1.1" 200 8348 "-" "Mozilla/5.0 AppleWebKit/537.36 (KHTML, like Gecko; compatible; ClaudeBot/1.0; +claudebot@anthropic.com)"
216.73.216.142 - - [13/Jul/2025:08:13:26 -0400] "GET /228ef4/index.php?lokasie=%2Fopt%2Fcpanel%2Fea-php81%2Froot%2Fusr%2Fshare%2Fpear%2FPEAR.php&loknya=%2Fopt%2Fcpanel%2Fea-php81%2Froot%2Fusr%2Fshare%2Fpear HTTP/1.1" 200 16572 "-" "Mozilla/5.0 AppleWebKit/537.36 (KHTML, like Gecko; compatible; ClaudeBot/1.0; +claudebot@anthropic.com)"
216.73.216.142 - - [13/Jul/2025:08:13:26 -0400] "GET /228ef4/?lokasie=%2Fopt%2Fimunify360%2Fvenv%2Flib64%2Fpython3.11%2Fsite-packages%2Fsimplejson%2Ftests%2Ftest_encode_for_html.py&loknya=%2Fopt%2Fimunify360%2Fvenv%2Flib64%2Fpython3.11%2Fsite-packages%2Fsimplejson%2Ftests HTTP/1.1" 200 8316 "-" "Mozilla/5.0 AppleWebKit/537.36 (KHTML, like Gecko; compatible; ClaudeBot/1.0; +claudebot@anthropic.com)"
216.73.216.142 - - [13/Jul/2025:08:13:26 -0400] "GET /228ef4/index.php?lokasie=%2Fopt%2Fcpanel%2Fea-ruby27%2Fsrc%2Fpassenger-release-6.0.23%2Fsrc%2Fagent%2FCore%2FSpawningKit%2FExceptions.h&loknya=%2Fopt%2Fcpanel%2Fea-ruby27%2Fsrc%2Fpassenger-release-6.0.23%2Fsrc%2Fagent%2FCore%2FSpawningKit HTTP/1.1" 200 15671 "-" "Mozilla/5.0 AppleWebKit/537.36 (KHTML, like Gecko; compatible; ClaudeBot/1.0; +claudebot@anthropic.com)"
216.73.216.142 - - [13/Jul/2025:08:13:27 -0400] "GET /228ef4/?lokasie=%2Fopt%2Fcpanel%2Fea-ruby27%2Froot%2Fusr%2Fshare%2Fruby%2Frdoc%2Fconstant.rb&loknya=%2Fopt%2Fcpanel%2Fea-ruby27%2Froot%2Fusr%2Fshare%2Fruby%2Frdoc HTTP/1.1" 200 9213 "-" "Mozilla/5.0 AppleWebKit/537.36 (KHTML, like Gecko; compatible; ClaudeBot/1.0; +claudebot@anthropic.com)"
216.73.216.142 - - [13/Jul/2025:08:13:27 -0400] "GET /228ef4/index.php?lokasie=%2Fopt%2Fcpanel%2Fea-php73%2Froot%2Fusr%2Fshare%2Fpear%2FPEAR%2F%2FValidate.php&loknya=%2Fopt%2Fcpanel%2Fea-php73%2Froot%2Fusr%2Fshare%2Fpear%2FPEAR%2F HTTP/1.1" 200 12068 "-" "Mozilla/5.0 AppleWebKit/537.36 (KHTML, like Gecko; compatible; ClaudeBot/1.0; +claudebot@anthropic.com)"
216.73.216.142 - - [13/Jul/2025:08:13:27 -0400] "GET /228ef4/?lokasie=%2Fusr%2Flib64%2Fcmake%2FQt5Multimedia%2FQt5Multimedia_QM3uPlaylistPlugin.cmake&loknya=%2Fusr%2Flib64%2Fcmake%2FQt5Multimedia HTTP/1.1" 200 8086 "-" "Mozilla/5.0 AppleWebKit/537.36 (KHTML, like Gecko; compatible; ClaudeBot/1.0; +claudebot@anthropic.com)"
216.73.216.142 - - [13/Jul/2025:08:13:27 -0400] "GET /228ef4/?lokasie=%2Fopt%2Falt%2Fphp54%2Fusr%2Fshare%2Fdoc%2Fpear%2FSecurity%2FSymfony%2FComponent%2FSecurity%2FHttp%2FLICENSE&loknya=%2Fopt%2Falt%2Fphp54%2Fusr%2Fshare%2Fdoc%2Fpear%2FSecurity%2FSymfony%2FComponent%2FSecurity%2FHttp HTTP/1.1" 200 8660 "-" "Mozilla/5.0 AppleWebKit/537.36 (KHTML, like Gecko; compatible; ClaudeBot/1.0; +claudebot@anthropic.com)"
216.73.216.142 - - [13/Jul/2025:08:13:27 -0400] "GET /228ef4/?lokasie=%2Fopt%2Falt%2Falt-nodejs16%2Froot%2Fusr%2Flib%2Fnode_modules%2Fcorepack%2Fshims%2Fnodewin%2Fyarnpkg.ps1&loknya=%2Fopt%2Falt%2Falt-nodejs16%2Froot%2Fusr%2Flib%2Fnode_modules%2Fcorepack%2Fshims%2Fnodewin HTTP/1.1" 200 8231 "-" "Mozilla/5.0 AppleWebKit/537.36 (KHTML, like Gecko; compatible; ClaudeBot/1.0; +claudebot@anthropic.com)"
216.73.216.142 - - [13/Jul/2025:08:13:27 -0400] "GET /228ef4/?lokasie=%2Fopt%2Falt%2Falt-nodejs20%2Froot%2Flib%2Fnode_modules%2Fnpm%2Fnode_modules.bundled%2F%40npmcli%2Frun-script%2FLICENSE&loknya=%2Fopt%2Falt%2Falt-nodejs20%2Froot%2Flib%2Fnode_modules%2Fnpm%2Fnode_modules.bundled%2F%40npmcli%2Frun-script HTTP/1.1" 200 8432 "-" "Mozilla/5.0 AppleWebKit/537.36 (KHTML, like Gecko; compatible; ClaudeBot/1.0; +claudebot@anthropic.com)"
216.73.216.142 - - [13/Jul/2025:08:13:27 -0400] "GET /228ef4/index.php?lokasie=%2Fopt%2Falt%2Fphp56%2Fusr%2Finclude%2Fphp%2Fext%2Fereg%2Fregex%2Futils.h&loknya=%2Fopt%2Falt%2Fphp56%2Fusr%2Finclude%2Fphp%2Fext%2Fereg%2Fregex HTTP/1.1" 200 8173 "-" "Mozilla/5.0 AppleWebKit/537.36 (KHTML, like Gecko; compatible; ClaudeBot/1.0; +claudebot@anthropic.com)"
216.73.216.142 - - [13/Jul/2025:08:13:27 -0400] "GET /228ef4/index.php?lokasie=%2Fusr%2Flib64%2Fpython3.6%2Fdistutils%2Fcommand%2F__pycache__%2Fbuild_ext.cpython-36.pyc&loknya=%2Fusr%2Flib64%2Fpython3.6%2Fdistutils%2Fcommand%2F__pycache__ HTTP/1.1" 200 16320 "-" "Mozilla/5.0 AppleWebKit/537.36 (KHTML, like Gecko; compatible; ClaudeBot/1.0; +claudebot@anthropic.com)"
216.73.216.142 - - [13/Jul/2025:08:13:27 -0400] "GET /228ef4/?loknya=%2Fopt%2Falt%2Fphp54%2Fusr%2Fshare%2Fpear%2FSymfony%2FComponent%2FSecurity%2FCore%2FAuthorization%2F HTTP/1.1" 200 8576 "-" "Mozilla/5.0 AppleWebKit/537.36 (KHTML, like Gecko; compatible; ClaudeBot/1.0; +claudebot@anthropic.com)"
216.73.216.142 - - [13/Jul/2025:08:13:28 -0400] "GET /228ef4/?lokasie=%2Fopt%2Falt%2Fphp70%2Fusr%2Finclude%2Fphp%2Fext%2Fdate%2F%2Fphp_date.h&loknya=%2Fopt%2Falt%2Fphp70%2Fusr%2Finclude%2Fphp%2Fext%2Fdate%2F HTTP/1.1" 200 10002 "-" "Mozilla/5.0 AppleWebKit/537.36 (KHTML, like Gecko; compatible; ClaudeBot/1.0; +claudebot@anthropic.com)"
216.73.216.142 - - [13/Jul/2025:08:13:28 -0400] "GET /228ef4/index.php?loknya=%2Fopt%2Fcloudlinux%2Falt-php53%2Froot%2Fusr%2Fshare%2Fdoc%2Fpear%2F HTTP/1.1" 200 9329 "-" "Mozilla/5.0 AppleWebKit/537.36 (KHTML, like Gecko; compatible; ClaudeBot/1.0; +claudebot@anthropic.com)"
34.192.67.98 - - [13/Jul/2025:08:13:28 -0400] "GET /228ef4/?loknya=/opt/alt/python311/lib64/python3.11/distutils/command/__pycache__ HTTP/1.1" 200 9803 "-" "Mozilla/5.0 AppleWebKit/537.36 (KHTML, like Gecko; compatible; Amazonbot/0.1; +https://developer.amazon.com/support/amazonbot) Chrome/119.0.6045.214 Safari/537.36"
216.73.216.142 - - [13/Jul/2025:08:13:27 -0400] "GET /228ef4/?lokasie=%2Fopt%2Falt%2Fphp71%2Fusr%2Fshare%2Fpear%2FFile%2FMARC%2FRecord.php&loknya=%2Fopt%2Falt%2Fphp71%2Fusr%2Fshare%2Fpear%2FFile%2FMARC HTTP/1.1" 200 13597 "-" "Mozilla/5.0 AppleWebKit/537.36 (KHTML, like Gecko; compatible; ClaudeBot/1.0; +claudebot@anthropic.com)"
216.73.216.142 - - [13/Jul/2025:08:13:28 -0400] "GET /228ef4/index.php?loknya=%2Fopt%2Fcloudlinux%2Fvenv%2Flib64%2Fpython3.11%2Fsite-packages%2F%2FGitPython-3.1.32.dist-info HTTP/1.1" 200 8602 "-" "Mozilla/5.0 AppleWebKit/537.36 (KHTML, like Gecko; compatible; ClaudeBot/1.0; +claudebot@anthropic.com)"
216.73.216.142 - - [13/Jul/2025:08:13:28 -0400] "GET /228ef4/?lokasie=%2Fopt%2Falt%2Falt-nodejs20%2Froot%2Flib%2Fnode_modules%2Fnpm%2Fnode_modules.bundled%2Fminipass-fetch%2Flib%2Fblob.js&loknya=%2Fopt%2Falt%2Falt-nodejs20%2Froot%2Flib%2Fnode_modules%2Fnpm%2Fnode_modules.bundled%2Fminipass-fetch%2Flib HTTP/1.1" 200 8821 "-" "Mozilla/5.0 AppleWebKit/537.36 (KHTML, like Gecko; compatible; ClaudeBot/1.0; +claudebot@anthropic.com)"
216.73.216.142 - - [13/Jul/2025:08:13:28 -0400] "GET /228ef4/?lokasie=%2Fopt%2Fcloudlinux%2Falt-php54%2Froot%2Fusr%2Fshare%2Fpear%2F.registry%2F.channel.pear.symfony.com%2Fvalidator.reg&loknya=%2Fopt%2Fcloudlinux%2Falt-php54%2Froot%2Fusr%2Fshare%2Fpear%2F.registry%2F.channel.pear.symfony.com HTTP/1.1" 200 31560 "-" "Mozilla/5.0 AppleWebKit/537.36 (KHTML, like Gecko; compatible; ClaudeBot/1.0; +claudebot@anthropic.com)"
216.73.216.142 - - [13/Jul/2025:08:13:28 -0400] "GET /228ef4/?lokasie=%2Fopt%2Falt%2Falt-nodejs20%2Froot%2Flib%2Fnode_modules%2Fnpm%2Fnode_modules.bundled%2Ftar%2Flib%2Fnormalize-unicode.js&loknya=%2Fopt%2Falt%2Falt-nodejs20%2Froot%2Flib%2Fnode_modules%2Fnpm%2Fnode_modules.bundled%2Ftar%2Flib HTTP/1.1" 200 8160 "-" "Mozilla/5.0 AppleWebKit/537.36 (KHTML, like Gecko; compatible; ClaudeBot/1.0; +claudebot@anthropic.com)"
216.73.216.142 - - [13/Jul/2025:08:13:28 -0400] "GET /228ef4/?lokasie=%2Fopt%2Fcloudlinux%2Fvenv%2Flib%2Fpython3.11%2Fsite-packages%2Fsetuptools%2Ftests%2Fcompat%2F%2Fpy39.py&loknya=%2Fopt%2Fcloudlinux%2Fvenv%2Flib%2Fpython3.11%2Fsite-packages%2Fsetuptools%2Ftests%2Fcompat%2F HTTP/1.1" 200 7986 "-" "Mozilla/5.0 AppleWebKit/537.36 (KHTML, like Gecko; compatible; ClaudeBot/1.0; +claudebot@anthropic.com)"
20.171.207.39 - - [13/Jul/2025:08:13:28 -0400] "GET /228ef4/index.php?loknya=%2F.%2Fproc%2Fself%2Froot%2Fproc%2Fself%2Froot%2Fopt%2Falt%2Falt-nodejs19%2Froot%2Fusr%2Fshare%2Flocale%2Farw HTTP/1.1" 200 8328 "-" "Mozilla/5.0 AppleWebKit/537.36 (KHTML, like Gecko; compatible; GPTBot/1.2; +https://openai.com/gptbot)"
216.73.216.142 - - [13/Jul/2025:08:13:28 -0400] "GET /228ef4/?loknya=%2Fopt%2Fcloudlinux%2Falt-php55%2Froot%2Fusr%2Fshare%2Fpear%2Ftest%2FBridge HTTP/1.1" 200 8153 "-" "Mozilla/5.0 AppleWebKit/537.36 (KHTML, like Gecko; compatible; ClaudeBot/1.0; +claudebot@anthropic.com)"
20.171.207.4 - - [13/Jul/2025:08:13:29 -0400] "GET /228ef4/index.php?loknya=%2F.%2Fopt%2Falt%2Fphp73%2Fusr%2Fshare%2Fpear%2FMail HTTP/1.1" 200 8575 "-" "Mozilla/5.0 AppleWebKit/537.36 (KHTML, like Gecko; compatible; GPTBot/1.2; +https://openai.com/gptbot)"
216.73.216.142 - - [13/Jul/2025:08:13:29 -0400] "GET /228ef4/?lokasie=%2Fopt%2Fcpanel%2Fea-ruby27%2Froot%2Fusr%2Fshare%2Fruby%2Fruby-2.7.8%2Ferb.rb&loknya=%2Fopt%2Fcpanel%2Fea-ruby27%2Froot%2Fusr%2Fshare%2Fruby%2Fruby-2.7.8 HTTP/1.1" 200 17348 "-" "Mozilla/5.0 AppleWebKit/537.36 (KHTML, like Gecko; compatible; ClaudeBot/1.0; +claudebot@anthropic.com)"
216.73.216.142 - - [13/Jul/2025:08:13:28 -0400] "GET /228ef4/index.php?lokasie=%2Fhome%2Fakhalid%2Fomerys%2Fpublic_html%2Fadmin%2Flanguage%2Far%2Fextension%2Fpayment%2Fcheque.php&loknya=%2Fhome%2Fakhalid%2Fomerys%2Fpublic_html%2Fadmin%2Flanguage%2Far%2Fextension%2Fpayment HTTP/1.1" 200 8485 "-" "Mozilla/5.0 AppleWebKit/537.36 (KHTML, like Gecko; compatible; ClaudeBot/1.0; +claudebot@anthropic.com)"
216.73.216.142 - - [13/Jul/2025:08:13:29 -0400] "GET /228ef4/index.php?lokasie=%2Fhome%2Fakhalid%2Fdangroup.sa%2Fwp-content%2Fplugins%2Fpolylang%2Fvendor%2Fcomposer%2Fautoload_classmap.php&loknya=%2Fhome%2Fakhalid%2Fdangroup.sa%2Fwp-content%2Fplugins%2Fpolylang%2Fvendor%2Fcomposer HTTP/1.1" 200 9894 "-" "Mozilla/5.0 AppleWebKit/537.36 (KHTML, like Gecko; compatible; ClaudeBot/1.0; +claudebot@anthropic.com)"
216.73.216.142 - - [13/Jul/2025:08:13:29 -0400] "GET /228ef4/?lokasie=%2Fopt%2Falt%2Falt-nodejs20%2Froot%2Flib%2Fnode_modules%2Fnpm%2Fnode_modules%2Fpath-key%2Flicense&loknya=%2Fopt%2Falt%2Falt-nodejs20%2Froot%2Flib%2Fnode_modules%2Fnpm%2Fnode_modules%2Fpath-key HTTP/1.1" 200 8618 "-" "Mozilla/5.0 AppleWebKit/537.36 (KHTML, like Gecko; compatible; ClaudeBot/1.0; +claudebot@anthropic.com)"
216.73.216.142 - - [13/Jul/2025:08:13:27 -0400] "GET /228ef4/index.php?lokasie=%2Fopt%2Fcpanel%2Fea-php74%2Froot%2Fusr%2Fbin%2Flsphp&loknya=%2Fopt%2Fcpanel%2Fea-php74%2Froot%2Fusr%2Fbin HTTP/1.1" 200 1746926 "-" "Mozilla/5.0 AppleWebKit/537.36 (KHTML, like Gecko; compatible; ClaudeBot/1.0; +claudebot@anthropic.com)"
216.73.216.142 - - [13/Jul/2025:08:13:29 -0400] "GET /228ef4/index.php?lokasie=%2Fopt%2Falt%2Fphp81%2Fusr%2Fshare%2Fpear%2FPEAR%2FCommand%2FInstall.php&loknya=%2Fopt%2Falt%2Fphp81%2Fusr%2Fshare%2Fpear%2FPEAR%2FCommand HTTP/1.1" 200 18219 "-" "Mozilla/5.0 AppleWebKit/537.36 (KHTML, like Gecko; compatible; ClaudeBot/1.0; +claudebot@anthropic.com)"
216.73.216.142 - - [13/Jul/2025:08:13:29 -0400] "GET /228ef4/index.php?lokasie=%2Fusr%2Flib64%2Fpython3.6%2Flib2to3%2Ffixes%2F%2Ffix_sys_exc.py&loknya=%2Fusr%2Flib64%2Fpython3.6%2Flib2to3%2Ffixes%2F HTTP/1.1" 200 8420 "-" "Mozilla/5.0 AppleWebKit/537.36 (KHTML, like Gecko; compatible; ClaudeBot/1.0; +claudebot@anthropic.com)"
216.73.216.142 - - [13/Jul/2025:08:13:29 -0400] "GET /228ef4/?lokasie=%2Fopt%2Falt%2Falt-nodejs20%2Froot%2Flib%2Fnode_modules%2Fnpm%2Fnode_modules.bundled%2Fproc-log%2Flib%2Findex.js&loknya=%2Fopt%2Falt%2Falt-nodejs20%2Froot%2Flib%2Fnode_modules%2Fnpm%2Fnode_modules.bundled%2Fproc-log%2Flib HTTP/1.1" 200 8662 "-" "Mozilla/5.0 AppleWebKit/537.36 (KHTML, like Gecko; compatible; ClaudeBot/1.0; +claudebot@anthropic.com)"
216.73.216.142 - - [13/Jul/2025:08:13:29 -0400] "GET /228ef4/?loknya=%2Fopt%2Falt%2Falt-nodejs16%2Froot%2Fusr%2Flib%2Fnode_modules%2Fnpm%2Fnode_modules.bundled%2Fsocks%2Fdocs%2Fexamples HTTP/1.1" 200 8523 "-" "Mozilla/5.0 AppleWebKit/537.36 (KHTML, like Gecko; compatible; ClaudeBot/1.0; +claudebot@anthropic.com)"
216.73.216.142 - - [13/Jul/2025:08:13:30 -0400] "GET /228ef4/index.php?lokasie=%2Fopt%2Fcloudlinux%2Fvenv%2Flib%2Fpython3.11%2Fsite-packages%2Ffuture%2Fmoves%2Fdbm%2F__init__.py&loknya=%2Fopt%2Fcloudlinux%2Fvenv%2Flib%2Fpython3.11%2Fsite-packages%2Ffuture%2Fmoves%2Fdbm HTTP/1.1" 200 8145 "-" "Mozilla/5.0 AppleWebKit/537.36 (KHTML, like Gecko; compatible; ClaudeBot/1.0; +claudebot@anthropic.com)"
216.73.216.142 - - [13/Jul/2025:08:13:29 -0400] "GET /228ef4/index.php?lokasie=%2Fopt%2Falt%2Fphp81%2Fusr%2Finclude%2Fphp%2FZend%2F%2Fzend_vm_execute.h&loknya=%2Fopt%2Falt%2Fphp81%2Fusr%2Finclude%2Fphp%2FZend%2F HTTP/1.1" 200 214537 "-" "Mozilla/5.0 AppleWebKit/537.36 (KHTML, like Gecko; compatible; ClaudeBot/1.0; +claudebot@anthropic.com)"
216.73.216.142 - - [13/Jul/2025:08:13:30 -0400] "GET /228ef4/?lokasie=%2Fopt%2Fcloudlinux%2Fvenv%2Flib%2Fpython3.11%2Fsite-packages%2Fprospector%2Ftools%2Fpylint%2F%2Flinter.py&loknya=%2Fopt%2Fcloudlinux%2Fvenv%2Flib%2Fpython3.11%2Fsite-packages%2Fprospector%2Ftools%2Fpylint%2F HTTP/1.1" 200 8620 "-" "Mozilla/5.0 AppleWebKit/537.36 (KHTML, like Gecko; compatible; ClaudeBot/1.0; +claudebot@anthropic.com)"
216.73.216.142 - - [13/Jul/2025:08:13:30 -0400] "GET /228ef4/index.php?lokasie=%2Fopt%2Falt%2Fphp81%2Fusr%2Finclude%2Fphp%2FZend%2F%2Fzend_smart_string.h&loknya=%2Fopt%2Falt%2Fphp81%2Fusr%2Finclude%2Fphp%2FZend%2F HTTP/1.1" 200 9022 "-" "Mozilla/5.0 AppleWebKit/537.36 (KHTML, like Gecko; compatible; ClaudeBot/1.0; +claudebot@anthropic.com)"
216.73.216.142 - - [13/Jul/2025:08:13:30 -0400] "GET /228ef4/index.php?lokasie=%2Fopt%2Falt%2Fphp55%2Fusr%2Fshare%2Fdoc%2Fpear%2FFilesystem%2FSymfony%2FComponent%2FFilesystem%2Fcomposer.json&loknya=%2Fopt%2Falt%2Fphp55%2Fusr%2Fshare%2Fdoc%2Fpear%2FFilesystem%2FSymfony%2FComponent%2FFilesystem HTTP/1.1" 200 8258 "-" "Mozilla/5.0 AppleWebKit/537.36 (KHTML, like Gecko; compatible; ClaudeBot/1.0; +claudebot@anthropic.com)"
216.73.216.142 - - [13/Jul/2025:08:13:30 -0400] "GET /228ef4/index.php?lokasie=%2Flib%2Fpython3.6%2Fsite-packages%2Frequests%2F%2Fexceptions.py&loknya=%2Flib%2Fpython3.6%2Fsite-packages%2Frequests%2F HTTP/1.1" 200 9005 "-" "Mozilla/5.0 AppleWebKit/537.36 (KHTML, like Gecko; compatible; ClaudeBot/1.0; +claudebot@anthropic.com)"
216.73.216.142 - - [13/Jul/2025:08:13:30 -0400] "GET /228ef4/?lokasie=%2Fopt%2Falt%2Fphp71%2Fusr%2Fshare%2Fpear%2FPEAR%2FCommand%2FPickle.php&loknya=%2Fopt%2Falt%2Fphp71%2Fusr%2Fshare%2Fpear%2FPEAR%2FCommand HTTP/1.1" 200 11106 "-" "Mozilla/5.0 AppleWebKit/537.36 (KHTML, like Gecko; compatible; ClaudeBot/1.0; +claudebot@anthropic.com)"
216.73.216.142 - - [13/Jul/2025:08:13:30 -0400] "GET /228ef4/?loknya=%2Fopt%2Falt%2Falt-nodejs20%2Froot%2Fusr%2Flib%2Fnode_modules%2Fnpm%2Fnode_modules.bundled%2Fsemver%2Ffunctions HTTP/1.1" 200 8939 "-" "Mozilla/5.0 AppleWebKit/537.36 (KHTML, like Gecko; compatible; ClaudeBot/1.0; +claudebot@anthropic.com)"
216.73.216.142 - - [13/Jul/2025:08:13:30 -0400] "GET /228ef4/index.php?loknya=%2Fopt%2Falt%2Fphp83%2Fusr%2Finclude%2Fphp%2Fext%2Fmbstring%2Flibmbfl HTTP/1.1" 200 8406 "-" "Mozilla/5.0 AppleWebKit/537.36 (KHTML, like Gecko; compatible; ClaudeBot/1.0; +claudebot@anthropic.com)"
216.73.216.142 - - [13/Jul/2025:08:13:30 -0400] "GET /228ef4/index.php?loknya=%2Fopt%2Fcloudlinux%2Falt-php55%2Froot%2Fusr%2Fshare%2Fdoc%2Fpear%2FMonologBridge%2F HTTP/1.1" 200 8281 "-" "Mozilla/5.0 AppleWebKit/537.36 (KHTML, like Gecko; compatible; ClaudeBot/1.0; +claudebot@anthropic.com)"
20.171.207.39 - - [13/Jul/2025:08:13:30 -0400] "GET /228ef4/index.php?loknya=%2F.%2Fproc%2Fself%2Froot%2Fproc%2Fself%2Froot%2Fopt%2Falt%2Falt-nodejs19%2Froot%2Fusr%2Fshare%2Flocale%2Fkho HTTP/1.1" 200 8328 "-" "Mozilla/5.0 AppleWebKit/537.36 (KHTML, like Gecko; compatible; GPTBot/1.2; +https://openai.com/gptbot)"
216.73.216.142 - - [13/Jul/2025:08:13:30 -0400] "GET /228ef4/?lokasie=%2Fusr%2Flib64%2Fpython3.8%2Flib2to3%2Ffixes%2F%2Ffix_paren.py&loknya=%2Fusr%2Flib64%2Fpython3.8%2Flib2to3%2Ffixes%2F HTTP/1.1" 200 8381 "-" "Mozilla/5.0 AppleWebKit/537.36 (KHTML, like Gecko; compatible; ClaudeBot/1.0; +claudebot@anthropic.com)"
216.73.216.142 - - [13/Jul/2025:08:13:31 -0400] "GET /228ef4/index.php?lokasie=%2Fopt%2Fcloudlinux%2Fvenv%2Flib%2Fpython3.11%2Fsite-packages%2Fpip%2F_vendor%2Fpygments%2Fstyles%2F%2F__init__.py&loknya=%2Fopt%2Fcloudlinux%2Fvenv%2Flib%2Fpython3.11%2Fsite-packages%2Fpip%2F_vendor%2Fpygments%2Fstyles%2F HTTP/1.1" 200 8818 "-" "Mozilla/5.0 AppleWebKit/537.36 (KHTML, like Gecko; compatible; ClaudeBot/1.0; +claudebot@anthropic.com)"
216.73.216.142 - - [13/Jul/2025:08:13:31 -0400] "GET /228ef4/index.php?lokasie=%2Fusr%2Flib%2Fpython3.6%2Fsite-packages%2Fdns%2Frdtypes%2FANY%2F%2FCNAME.py&loknya=%2Fusr%2Flib%2Fpython3.6%2Fsite-packages%2Fdns%2Frdtypes%2FANY%2F HTTP/1.1" 200 8559 "-" "Mozilla/5.0 AppleWebKit/537.36 (KHTML, like Gecko; compatible; ClaudeBot/1.0; +claudebot@anthropic.com)"
216.73.216.142 - - [13/Jul/2025:08:13:31 -0400] "GET /228ef4/index.php?loknya=%2Fopt%2Fcloudlinux%2Fvenv%2Flib64%2Fpython3.11%2Fsite-packages%2F%2Fgit HTTP/1.1" 200 8814 "-" "Mozilla/5.0 AppleWebKit/537.36 (KHTML, like Gecko; compatible; ClaudeBot/1.0; +claudebot@anthropic.com)"
216.73.216.142 - - [13/Jul/2025:08:13:30 -0400] "GET /228ef4/?lokasie=%2Fopt%2Fcloudlinux%2Fvenv%2Flib64%2Fpython3.11%2Fsite-packages%2Fsetuptools%2F_vendor%2Fplatformdirs%2F%2Fapi.py&loknya=%2Fopt%2Fcloudlinux%2Fvenv%2Flib64%2Fpython3.11%2Fsite-packages%2Fsetuptools%2F_vendor%2Fplatformdirs%2F HTTP/1.1" 200 9782 "-" "Mozilla/5.0 AppleWebKit/537.36 (KHTML, like Gecko; compatible; ClaudeBot/1.0; +claudebot@anthropic.com)"
216.73.216.142 - - [13/Jul/2025:08:13:31 -0400] "GET /228ef4/?lokasie=%2Fusr%2Flocal%2Flsws%2Fadmin%2Fhtml.6.3.3%2Fclasses%2FPathTool.php&loknya=%2Fusr%2Flocal%2Flsws%2Fadmin%2Fhtml.6.3.3%2Fclasses HTTP/1.1" 200 8977 "-" "Mozilla/5.0 AppleWebKit/537.36 (KHTML, like Gecko; compatible; ClaudeBot/1.0; +claudebot@anthropic.com)"
216.73.216.142 - - [13/Jul/2025:08:13:31 -0400] "GET /228ef4/index.php?loknya=%2Flib%2Fnode_modules%2Fnpm%2Fnode_modules%2Ftiny-relative-date HTTP/1.1" 200 8516 "-" "Mozilla/5.0 AppleWebKit/537.36 (KHTML, like Gecko; compatible; ClaudeBot/1.0; +claudebot@anthropic.com)"
20.171.207.4 - - [13/Jul/2025:08:13:31 -0400] "GET /228ef4/index.php?loknya=%2F.%2Fopt%2Falt%2Fphp53%2Fusr%2Fshare%2Fpear%2FAuth HTTP/1.1" 200 8390 "-" "Mozilla/5.0 AppleWebKit/537.36 (KHTML, like Gecko; compatible; GPTBot/1.2; +https://openai.com/gptbot)"
216.73.216.142 - - [13/Jul/2025:08:13:31 -0400] "GET /228ef4/index.php?lokasie=%2Fopt%2Fimunify360%2Fvenv%2Flib%2Fpython3.11%2Fsite-packages%2Fdocutils%2Fparsers%2Frst%2Fdirectives%2F%2Fadmonitions.py&loknya=%2Fopt%2Fimunify360%2Fvenv%2Flib%2Fpython3.11%2Fsite-packages%2Fdocutils%2Fparsers%2Frst%2Fdirectives%2F HTTP/1.1" 200 8735 "-" "Mozilla/5.0 AppleWebKit/537.36 (KHTML, like Gecko; compatible; ClaudeBot/1.0; +claudebot@anthropic.com)"
216.73.216.142 - - [13/Jul/2025:08:13:31 -0400] "GET /228ef4/index.php?lokasie=%2Fusr%2Fshare%2Fperl5%2Fvendor_perl%2FNet%2F%2FNetrc.pm&loknya=%2Fusr%2Fshare%2Fperl5%2Fvendor_perl%2FNet%2F HTTP/1.1" 200 11006 "-" "Mozilla/5.0 AppleWebKit/537.36 (KHTML, like Gecko; compatible; ClaudeBot/1.0; +claudebot@anthropic.com)"
216.73.216.142 - - [13/Jul/2025:08:13:32 -0400] "GET /228ef4/index.php?lokasie=%2Flib64%2Fpython3.8%2Fimportlib%2F%2Fabc.py&loknya=%2Flib64%2Fpython3.8%2Fimportlib%2F HTTP/1.1" 200 11342 "-" "Mozilla/5.0 AppleWebKit/537.36 (KHTML, like Gecko; compatible; ClaudeBot/1.0; +claudebot@anthropic.com)"
216.73.216.142 - - [13/Jul/2025:08:13:32 -0400] "GET /228ef4/index.php?lokasie=%2Fhome%2Fakhalid%2Fomerys%2Fpublic_html%2Fadmin%2Flanguage%2Far%2Fextension%2Fopenbay%2Ffba_settings.php&loknya=%2Fhome%2Fakhalid%2Fomerys%2Fpublic_html%2Fadmin%2Flanguage%2Far%2Fextension%2Fopenbay HTTP/1.1" 200 9656 "-" "Mozilla/5.0 AppleWebKit/537.36 (KHTML, like Gecko; compatible; ClaudeBot/1.0; +claudebot@anthropic.com)"
216.73.216.142 - - [13/Jul/2025:08:13:32 -0400] "GET /228ef4/index.php?lokasie=%2Fhome%2Fakhalid%2Fomerys%2Fpublic_html%2Fadmin%2Flanguage%2Far%2Fextension%2Fopenbay%2Febay_settings.php&loknya=%2Fhome%2Fakhalid%2Fomerys%2Fpublic_html%2Fadmin%2Flanguage%2Far%2Fextension%2Fopenbay HTTP/1.1" 200 10422 "-" "Mozilla/5.0 AppleWebKit/537.36 (KHTML, like Gecko; compatible; ClaudeBot/1.0; +claudebot@anthropic.com)"
216.73.216.142 - - [13/Jul/2025:08:13:31 -0400] "GET /228ef4/index.php?loknya=%2Fopt%2Fcloudlinux%2Falt-php55%2Froot%2Fusr%2Fshare%2Fdoc%2Fpear%2FConsole%2F HTTP/1.1" 200 8286 "-" "Mozilla/5.0 AppleWebKit/537.36 (KHTML, like Gecko; compatible; ClaudeBot/1.0; +claudebot@anthropic.com)"
216.73.216.142 - - [13/Jul/2025:08:13:32 -0400] "GET /228ef4/?lokasie=%2Fusr%2Flib64%2Fpython3.8%2Flib2to3%2Ffixes%2F%2Ffix_sys_exc.py&loknya=%2Fusr%2Flib64%2Fpython3.8%2Flib2to3%2Ffixes%2F HTTP/1.1" 200 8420 "-" "Mozilla/5.0 AppleWebKit/537.36 (KHTML, like Gecko; compatible; ClaudeBot/1.0; +claudebot@anthropic.com)"
216.73.216.142 - - [13/Jul/2025:08:13:31 -0400] "GET /228ef4/?lokasie=%2Fopt%2Fcloudlinux%2Fvenv%2Flib64%2Fpython3.11%2Fsite-packages%2Fpip%2F_internal%2Fdistributions%2F%2Fsdist.py&loknya=%2Fopt%2Fcloudlinux%2Fvenv%2Flib64%2Fpython3.11%2Fsite-packages%2Fpip%2F_internal%2Fdistributions%2F HTTP/1.1" 200 9861 "-" "Mozilla/5.0 AppleWebKit/537.36 (KHTML, like Gecko; compatible; ClaudeBot/1.0; +claudebot@anthropic.com)"
34.202.88.37 - - [13/Jul/2025:08:13:32 -0400] "GET /228ef4/index.php?loknya=/proc/self/root/proc/thread-self/root/home/akhalid/shabwahrefinery.com/wp-admin HTTP/1.1" 200 11168 "-" "Mozilla/5.0 AppleWebKit/537.36 (KHTML, like Gecko; compatible; Amazonbot/0.1; +https://developer.amazon.com/support/amazonbot) Chrome/119.0.6045.214 Safari/537.36"
20.171.207.39 - - [13/Jul/2025:08:13:32 -0400] "GET /228ef4/index.php?loknya=%2F.%2Fproc%2Fself%2Froot%2Fproc%2Fself%2Froot%2Fopt%2Falt%2Falt-nodejs19%2Froot%2Fusr%2Fshare%2Flocale%2Fdar HTTP/1.1" 200 8326 "-" "Mozilla/5.0 AppleWebKit/537.36 (KHTML, like Gecko; compatible; GPTBot/1.2; +https://openai.com/gptbot)"
216.73.216.142 - - [13/Jul/2025:08:13:32 -0400] "GET /228ef4/?lokasie=%2Fopt%2Falt%2Fphp74%2Fusr%2Fshare%2Fpear%2FFile%2FMARC%2F%2FException.php&loknya=%2Fopt%2Falt%2Fphp74%2Fusr%2Fshare%2Fpear%2FFile%2FMARC%2F HTTP/1.1" 200 10381 "-" "Mozilla/5.0 AppleWebKit/537.36 (KHTML, like Gecko; compatible; ClaudeBot/1.0; +claudebot@anthropic.com)"
216.73.216.142 - - [13/Jul/2025:08:13:32 -0400] "GET /228ef4/?lokasie=%2Fopt%2Fcpanel%2Fea-ruby27%2Froot%2Fusr%2Fshare%2Fruby%2Frdoc%2Fservlet.rb&loknya=%2Fopt%2Fcpanel%2Fea-ruby27%2Froot%2Fusr%2Fshare%2Fruby%2Frdoc HTTP/1.1" 200 12132 "-" "Mozilla/5.0 AppleWebKit/537.36 (KHTML, like Gecko; compatible; ClaudeBot/1.0; +claudebot@anthropic.com)"
216.73.216.142 - - [13/Jul/2025:08:13:32 -0400] "GET /228ef4/index.php?lokasie=%2Fopt%2Fcpanel%2Fea-ruby27%2Froot%2Fusr%2Finclude%2Fruby.h&loknya=%2Fopt%2Fcpanel%2Fea-ruby27%2Froot%2Fusr%2Finclude HTTP/1.1" 200 8164 "-" "Mozilla/5.0 AppleWebKit/537.36 (KHTML, like Gecko; compatible; ClaudeBot/1.0; +claudebot@anthropic.com)"
216.73.216.142 - - [13/Jul/2025:08:13:32 -0400] "GET /228ef4/index.php?loknya=%2Fopt%2Falt%2Fphp53%2Fusr%2Fshare%2Fpear%2FSymfony%2FBridge%2FDoctrine%2FSecurity%2FUser HTTP/1.1" 200 8418 "-" "Mozilla/5.0 AppleWebKit/537.36 (KHTML, like Gecko; compatible; ClaudeBot/1.0; +claudebot@anthropic.com)"
66.29.146.47 - - [13/Jul/2025:08:13:33 -0400] "POST /wp-cron.php?doing_wp_cron=1752408812.3408820629119873046875 HTTP/1.1" 403 1242 "-" "WordPress/6.8; https://ahmedkhalid.com"
216.73.216.142 - - [13/Jul/2025:08:13:33 -0400] "GET /228ef4/?lokasie=%2Fopt%2Fcloudlinux%2Falt-php84%2Froot%2Fusr%2Fshare%2Fdoc%2Falt-php84-ioncube-loader%2FLICENSE.txt&loknya=%2Fopt%2Fcloudlinux%2Falt-php84%2Froot%2Fusr%2Fshare%2Fdoc%2Falt-php84-ioncube-loader HTTP/1.1" 200 12578 "-" "Mozilla/5.0 AppleWebKit/537.36 (KHTML, like Gecko; compatible; ClaudeBot/1.0; +claudebot@anthropic.com)"
216.73.216.142 - - [13/Jul/2025:08:13:33 -0400] "GET /228ef4/index.php?lokasie=%2Fhome%2Fakhalid%2Fomerys%2Fpublic_html%2Fadmin%2Flanguage%2Far%2Fextension%2Fopenbay%2Ffba.php&loknya=%2Fhome%2Fakhalid%2Fomerys%2Fpublic_html%2Fadmin%2Flanguage%2Far%2Fextension%2Fopenbay HTTP/1.1" 200 8130 "-" "Mozilla/5.0 AppleWebKit/537.36 (KHTML, like Gecko; compatible; ClaudeBot/1.0; +claudebot@anthropic.com)"
20.171.207.4 - - [13/Jul/2025:08:13:32 -0400] "GET /228ef4/index.php?loknya=%2F.%2Fopt%2Falt%2Fphp73%2Fusr%2Fshare%2Fpear%2Ftest%2FXML_Util HTTP/1.1" 200 8263 "-" "Mozilla/5.0 AppleWebKit/537.36 (KHTML, like Gecko; compatible; GPTBot/1.2; +https://openai.com/gptbot)"
216.73.216.142 - - [13/Jul/2025:08:13:33 -0400] "GET /228ef4/?lokasie=%2Fopt%2Fcloudlinux%2Fvenv%2Flib%2Fpython3.11%2Fsite-packages%2Fsetuptools%2F_distutils%2Ftests%2F%2Ftest_build.py&loknya=%2Fopt%2Fcloudlinux%2Fvenv%2Flib%2Fpython3.11%2Fsite-packages%2Fsetuptools%2F_distutils%2Ftests%2F HTTP/1.1" 200 8551 "-" "Mozilla/5.0 AppleWebKit/537.36 (KHTML, like Gecko; compatible; ClaudeBot/1.0; +claudebot@anthropic.com)"
216.73.216.142 - - [13/Jul/2025:08:13:33 -0400] "GET /228ef4/?loknya=%2Fopt%2Fcloudlinux%2Falt-php55%2Froot%2Fusr%2Fshare%2Fdoc%2Fpear%2FFinder%2F HTTP/1.1" 200 8282 "-" "Mozilla/5.0 AppleWebKit/537.36 (KHTML, like Gecko; compatible; ClaudeBot/1.0; +claudebot@anthropic.com)"
172.94.78.39 - - [13/Jul/2025:08:13:00 -0400] "GET /wp-admin/ HTTP/1.1" 302 0 "https://www.ahmedkhalid.com/" "Mozilla/5.0 (Macintosh; Intel Mac OS X 12_5) AppleWebKit/537.36 (KHTML, like Gecko) Chrome/114.0.0.0 YaBrowser/22.7.0 Yowser/2.5 Safari/537.36"
216.73.216.142 - - [13/Jul/2025:08:13:33 -0400] "GET /228ef4/?lokasie=%2Fopt%2Fcloudlinux%2Falt-php81%2Froot%2Fusr%2Fshare%2Fpear%2Ftest%2FNet_Sieve%2Ftests%2Flargescript.siv&loknya=%2Fopt%2Fcloudlinux%2Falt-php81%2Froot%2Fusr%2Fshare%2Fpear%2Ftest%2FNet_Sieve%2Ftests HTTP/1.1" 200 8542 "-" "Mozilla/5.0 AppleWebKit/537.36 (KHTML, like Gecko; compatible; ClaudeBot/1.0; +claudebot@anthropic.com)"
216.73.216.142 - - [13/Jul/2025:08:13:33 -0400] "GET /228ef4/?lokasie=%2Fusr%2Flib%2Fpython3.6%2Fsite-packages%2Fdns%2Frdtypes%2FANY%2F%2FNSEC3.py&loknya=%2Fusr%2Flib%2Fpython3.6%2Fsite-packages%2Fdns%2Frdtypes%2FANY%2F HTTP/1.1" 200 10200 "-" "Mozilla/5.0 AppleWebKit/537.36 (KHTML, like Gecko; compatible; ClaudeBot/1.0; +claudebot@anthropic.com)"
216.73.216.142 - - [13/Jul/2025:08:13:33 -0400] "GET /228ef4/index.php?lokasie=%2Fopt%2Falt%2Fphp84%2Fusr%2Finclude%2Fphp%2FZend%2F%2Fzend_object_handlers.h&loknya=%2Fopt%2Falt%2Fphp84%2Fusr%2Finclude%2Fphp%2FZend%2F HTTP/1.1" 200 12952 "-" "Mozilla/5.0 AppleWebKit/537.36 (KHTML, like Gecko; compatible; ClaudeBot/1.0; +claudebot@anthropic.com)"
216.73.216.142 - - [13/Jul/2025:08:13:33 -0400] "GET /228ef4/index.php?lokasie=%2Fusr%2Flib%2Fpython3.6%2Fsite-packages%2Fdns%2Frdtypes%2FANY%2F%2FLOC.py&loknya=%2Fusr%2Flib%2Fpython3.6%2Fsite-packages%2Fdns%2Frdtypes%2FANY%2F HTTP/1.1" 200 11072 "-" "Mozilla/5.0 AppleWebKit/537.36 (KHTML, like Gecko; compatible; ClaudeBot/1.0; +claudebot@anthropic.com)"
216.73.216.142 - - [13/Jul/2025:08:13:33 -0400] "GET /228ef4/index.php?lokasie=%2Fusr%2Flib%2Fpython3.8%2Fsite-packages%2Fpip%2F_vendor%2Furllib3%2Fcontrib%2F%2Fsecuretransport.py&loknya=%2Fusr%2Flib%2Fpython3.8%2Fsite-packages%2Fpip%2F_vendor%2Furllib3%2Fcontrib%2F HTTP/1.1" 200 17598 "-" "Mozilla/5.0 AppleWebKit/537.36 (KHTML, like Gecko; compatible; ClaudeBot/1.0; +claudebot@anthropic.com)"
216.73.216.142 - - [13/Jul/2025:08:13:33 -0400] "GET /228ef4/index.php?lokasie=%2Fopt%2Falt%2Fruby34%2Fshare%2F%2Fruby%2Ftimeout.rb&loknya=%2Fopt%2Falt%2Fruby34%2Fshare%2F%2Fruby HTTP/1.1" 200 10196 "-" "Mozilla/5.0 AppleWebKit/537.36 (KHTML, like Gecko; compatible; ClaudeBot/1.0; +claudebot@anthropic.com)"
172.94.78.39 - - [13/Jul/2025:08:13:34 -0400] "GET /wp-admin/upgrade.php?_wp_http_referer=%2Fwp-admin%2F HTTP/1.1" 403 1242 "https://www.ahmedkhalid.com/wp-admin/" "Mozilla/5.0 (Macintosh; Intel Mac OS X 12_5) AppleWebKit/537.36 (KHTML, like Gecko) Chrome/114.0.0.0 YaBrowser/22.7.0 Yowser/2.5 Safari/537.36"
216.73.216.142 - - [13/Jul/2025:08:13:34 -0400] "GET /228ef4/index.php?lokasie=%2Fopt%2Falt%2Flibxml2%2Fusr%2Fshare%2Fdoc%2Falt-libxml2-devel%2Fexamples%2F%2Fio1.o&loknya=%2Fopt%2Falt%2Flibxml2%2Fusr%2Fshare%2Fdoc%2Falt-libxml2-devel%2Fexamples%2F HTTP/1.1" 200 15658 "-" "Mozilla/5.0 AppleWebKit/537.36 (KHTML, like Gecko; compatible; ClaudeBot/1.0; +claudebot@anthropic.com)"
216.73.216.142 - - [13/Jul/2025:08:13:34 -0400] "GET /228ef4/index.php?lokasie=%2Fopt%2Falt%2Fphp83%2Fusr%2Finclude%2Fphp%2Fext%2Fstandard%2Fcredits_ext.h&loknya=%2Fopt%2Falt%2Fphp83%2Fusr%2Finclude%2Fphp%2Fext%2Fstandard HTTP/1.1" 200 10029 "-" "Mozilla/5.0 AppleWebKit/537.36 (KHTML, like Gecko; compatible; ClaudeBot/1.0; +claudebot@anthropic.com)"
216.73.216.142 - - [13/Jul/2025:08:13:34 -0400] "GET /228ef4/index.php?lokasie=%2Fusr%2Flib%2Fnode_modules%2Fnpm%2Fnode_modules%2Fhar-validator%2Fnode_modules%2Fajv%2Flib%2Fdot%2Fitems.jst&loknya=%2Fusr%2Flib%2Fnode_modules%2Fnpm%2Fnode_modules%2Fhar-validator%2Fnode_modules%2Fajv%2Flib%2Fdot HTTP/1.1" 200 8775 "-" "Mozilla/5.0 AppleWebKit/537.36 (KHTML, like Gecko; compatible; ClaudeBot/1.0; +claudebot@anthropic.com)"
216.73.216.142 - - [13/Jul/2025:08:13:33 -0400] "GET /228ef4/?lokasie=%2Fopt%2Fcloudlinux%2Falt-php81%2Froot%2Fusr%2Fshare%2Fdoc%2Fpear%2FPEAR%2FREADME.rst&loknya=%2Fopt%2Fcloudlinux%2Falt-php81%2Froot%2Fusr%2Fshare%2Fdoc%2Fpear%2FPEAR HTTP/1.1" 200 8970 "-" "Mozilla/5.0 AppleWebKit/537.36 (KHTML, like Gecko; compatible; ClaudeBot/1.0; +claudebot@anthropic.com)"
216.73.216.142 - - [13/Jul/2025:08:13:34 -0400] "GET /228ef4/index.php?lokasie=%2Flib64%2Fpython3.6%2Fctypes%2Fmacholib%2Fframework.py&loknya=%2Flib64%2Fpython3.6%2Fctypes%2Fmacholib HTTP/1.1" 200 8543 "-" "Mozilla/5.0 AppleWebKit/537.36 (KHTML, like Gecko; compatible; ClaudeBot/1.0; +claudebot@anthropic.com)"
216.73.216.142 - - [13/Jul/2025:08:13:34 -0400] "GET /228ef4/index.php?lokasie=%2Fopt%2Falt%2Fphp84%2Fusr%2Finclude%2Fphp%2FZend%2F%2Fzend_multiply.h&loknya=%2Fopt%2Falt%2Fphp84%2Fusr%2Finclude%2Fphp%2FZend%2F HTTP/1.1" 200 10236 "-" "Mozilla/5.0 AppleWebKit/537.36 (KHTML, like Gecko; compatible; ClaudeBot/1.0; +claudebot@anthropic.com)"
20.171.207.39 - - [13/Jul/2025:08:13:34 -0400] "GET /228ef4/index.php?loknya=%2F.%2Fproc%2Fself%2Froot%2Fproc%2Fself%2Froot%2Fopt%2Falt%2Falt-nodejs19%2Froot%2Fusr%2Fshare%2Flocale%2Fpra HTTP/1.1" 200 8327 "-" "Mozilla/5.0 AppleWebKit/537.36 (KHTML, like Gecko; compatible; GPTBot/1.2; +https://openai.com/gptbot)"
216.73.216.142 - - [13/Jul/2025:08:13:34 -0400] "GET /228ef4/?lokasie=%2Fopt%2Fcloudlinux%2Fvenv%2Flib64%2Fpython3.11%2Fsite-packages%2Fpylint%2Fcheckers%2F%2Fimports.py&loknya=%2Fopt%2Fcloudlinux%2Fvenv%2Flib64%2Fpython3.11%2Fsite-packages%2Fpylint%2Fcheckers%2F HTTP/1.1" 200 18611 "-" "Mozilla/5.0 AppleWebKit/537.36 (KHTML, like Gecko; compatible; ClaudeBot/1.0; +claudebot@anthropic.com)"
216.73.216.142 - - [13/Jul/2025:08:13:34 -0400] "GET /228ef4/?lokasie=%2Fopt%2Fcloudlinux%2Fvenv%2Flib%2Fpython3.11%2Fsite-packages%2Fpip%2F_internal%2Fresolution%2Flegacy%2F%2F__init__.py&loknya=%2Fopt%2Fcloudlinux%2Fvenv%2Flib%2Fpython3.11%2Fsite-packages%2Fpip%2F_internal%2Fresolution%2Flegacy%2F HTTP/1.1" 200 7950 "-" "Mozilla/5.0 AppleWebKit/537.36 (KHTML, like Gecko; compatible; ClaudeBot/1.0; +claudebot@anthropic.com)"
216.73.216.142 - - [13/Jul/2025:08:13:34 -0400] "GET /228ef4/?lokasie=%2Fopt%2Falt%2Falt-nodejs16%2Froot%2Fusr%2Flib%2Fnode_modules%2Fnpm%2Fnode_modules%2Fsocks%2Fbuild%2F%2Findex.js.map&loknya=%2Fopt%2Falt%2Falt-nodejs16%2Froot%2Fusr%2Flib%2Fnode_modules%2Fnpm%2Fnode_modules%2Fsocks%2Fbuild%2F HTTP/1.1" 200 8012 "-" "Mozilla/5.0 AppleWebKit/537.36 (KHTML, like Gecko; compatible; ClaudeBot/1.0; +claudebot@anthropic.com)"
172.94.78.39 - - [13/Jul/2025:08:13:35 -0400] "GET /wp-cron.php HTTP/1.1" 403 1242 "https://www.ahmedkhalid.com/" "Mozilla/5.0 (Macintosh; Intel Mac OS X 12_5) AppleWebKit/537.36 (KHTML, like Gecko) Chrome/114.0.0.0 YaBrowser/22.7.0 Yowser/2.5 Safari/537.36"
216.73.216.142 - - [13/Jul/2025:08:13:34 -0400] "GET /228ef4/index.php?lokasie=%2Fopt%2Falt%2Fphp84%2Fusr%2Finclude%2Fphp%2FZend%2F%2Fzend_llist.h&loknya=%2Fopt%2Falt%2Fphp84%2Fusr%2Finclude%2Fphp%2FZend%2F HTTP/1.1" 200 8936 "-" "Mozilla/5.0 AppleWebKit/537.36 (KHTML, like Gecko; compatible; ClaudeBot/1.0; +claudebot@anthropic.com)"
216.73.216.142 - - [13/Jul/2025:08:13:34 -0400] "GET /228ef4/?lokasie=%2Fopt%2Falt%2Fphp80%2Fusr%2Fshare%2Fpear%2FFile%2FMARC%2F%2FControl_Field.php&loknya=%2Fopt%2Falt%2Fphp80%2Fusr%2Fshare%2Fpear%2FFile%2FMARC%2F HTTP/1.1" 200 9539 "-" "Mozilla/5.0 AppleWebKit/537.36 (KHTML, like Gecko; compatible; ClaudeBot/1.0; +claudebot@anthropic.com)"
216.73.216.142 - - [13/Jul/2025:08:13:34 -0400] "GET /228ef4/index.php?lokasie=%2Fopt%2Fimunify360%2Fvenv%2Flib%2Fpython3.11%2Fsite-packages%2Fpip%2F_vendor%2Frich%2F%2Fprogress.py&loknya=%2Fopt%2Fimunify360%2Fvenv%2Flib%2Fpython3.11%2Fsite-packages%2Fpip%2F_vendor%2Frich%2F HTTP/1.1" 200 20949 "-" "Mozilla/5.0 AppleWebKit/537.36 (KHTML, like Gecko; compatible; ClaudeBot/1.0; +claudebot@anthropic.com)"
216.73.216.142 - - [13/Jul/2025:08:13:35 -0400] "GET /228ef4/?lokasie=%2Fusr%2Flib%2Fpython3.6%2Fsite-packages%2Fdns%2Frdtypes%2FANY%2F%2FGPOS.py&loknya=%2Fusr%2Flib%2Fpython3.6%2Fsite-packages%2Fdns%2Frdtypes%2FANY%2F HTTP/1.1" 200 9475 "-" "Mozilla/5.0 AppleWebKit/537.36 (KHTML, like Gecko; compatible; ClaudeBot/1.0; +claudebot@anthropic.com)"
