216.73.216.82 - - [13/Jul/2025:08:25:37 -0400] "GET /228ef4/?lokasie=%2Fhome%2Fakhalid%2Flscache%2F3%2Fe%2Fa%2F3ea0b1e6389102bb&loknya=%2Fhome%2Fakhalid%2Flscache%2F3%2Fe%2Fa HTTP/1.1" 200 8657 "-" "Mozilla/5.0 AppleWebKit/537.36 (KHTML, like Gecko; compatible; ClaudeBot/1.0; +claudebot@anthropic.com)"
216.73.216.82 - - [13/Jul/2025:08:25:38 -0400] "GET /228ef4/index.php?lokasie=%2Fhome%2Fakhalid%2Flscache%2F6%2Fe%2F9%2F6e917430a59a7d40&loknya=%2Fhome%2Fakhalid%2Flscache%2F6%2Fe%2F9 HTTP/1.1" 200 8197 "-" "Mozilla/5.0 AppleWebKit/537.36 (KHTML, like Gecko; compatible; ClaudeBot/1.0; +claudebot@anthropic.com)"
20.171.207.39 - - [13/Jul/2025:08:25:39 -0400] "GET /228ef4/index.php?loknya=%2F.%2Fproc%2Fself%2Froot%2Fproc%2Fself%2Froot%2Fopt%2Falt%2Falt-nodejs10%2Froot%2Fbin HTTP/1.1" 200 8693 "-" "Mozilla/5.0 AppleWebKit/537.36 (KHTML, like Gecko; compatible; GPTBot/1.2; +https://openai.com/gptbot)"
216.73.216.82 - - [13/Jul/2025:08:25:39 -0400] "GET /228ef4/?loknya=%2Fhome%2Fakhali%2F.%2Flscache%2F1%2F2%2F HTTP/1.1" 200 8105 "-" "Mozilla/5.0 AppleWebKit/537.36 (KHTML, like Gecko; compatible; ClaudeBot/1.0; +claudebot@anthropic.com)"
20.171.207.4 - - [13/Jul/2025:08:25:40 -0400] "GET /228ef4/index.php?loknya=%2F.%2Fopt%2Falt%2Fphp53%2Fusr%2Fshare%2Fpear%2Fezc%2FArchive%2F HTTP/1.1" 200 8741 "-" "Mozilla/5.0 AppleWebKit/537.36 (KHTML, like Gecko; compatible; GPTBot/1.2; +https://openai.com/gptbot)"
216.73.216.82 - - [13/Jul/2025:08:25:40 -0400] "GET /228ef4/index.php?lokasie=%2Flib%2Fnode_modules%2Fnpm%2Fman%2Fman1%2Fipcmk.1.gz&loknya=%2Flib%2Fnode_modules%2Fnpm%2Fman%2Fman1 HTTP/1.1" 200 8756 "-" "Mozilla/5.0 AppleWebKit/537.36 (KHTML, like Gecko; compatible; ClaudeBot/1.0; +claudebot@anthropic.com)"
3.216.227.216 - - [13/Jul/2025:08:25:41 -0400] "GET /228ef4/?loknya=/proc/thread-self/root/proc/thread-self/root/proc/thread-self/root/proc/2074127 HTTP/1.1" 200 8172 "-" "Mozilla/5.0 AppleWebKit/537.36 (KHTML, like Gecko; compatible; Amazonbot/0.1; +https://developer.amazon.com/support/amazonbot) Chrome/119.0.6045.214 Safari/537.36"
216.73.216.82 - - [13/Jul/2025:08:25:41 -0400] "GET /228ef4/?lokasie=%2Flib%2Fnode_modules%2Fnpm%2Fman%2Fman1%2Fh5jam.1.gz&loknya=%2Flib%2Fnode_modules%2Fnpm%2Fman%2Fman1 HTTP/1.1" 200 9056 "-" "Mozilla/5.0 AppleWebKit/537.36 (KHTML, like Gecko; compatible; ClaudeBot/1.0; +claudebot@anthropic.com)"
20.171.207.39 - - [13/Jul/2025:08:25:42 -0400] "GET /228ef4/index.php?loknya=%2F.%2Fproc%2Fself%2Froot%2F.%2Fproc%2Fself%2Froot%2Fvar%2Fsoftaculous%2Fhumhub%2F HTTP/1.1" 200 9286 "-" "Mozilla/5.0 AppleWebKit/537.36 (KHTML, like Gecko; compatible; GPTBot/1.2; +https://openai.com/gptbot)"
20.171.207.4 - - [13/Jul/2025:08:25:42 -0400] "GET /228ef4/index.php?loknya=%2F.%2Fopt%2Falt%2Fphp53%2Fusr%2Fshare%2Fpear%2Ftest%2FTranslation HTTP/1.1" 200 8304 "-" "Mozilla/5.0 AppleWebKit/537.36 (KHTML, like Gecko; compatible; GPTBot/1.2; +https://openai.com/gptbot)"
216.73.216.142 - - [13/Jul/2025:08:25:42 -0400] "GET /228ef4/?loknya=%2Fopt%2Falt%2Fphp54%2Fusr%2Fshare%2Fpear%2Ftest%2FEventDispatcher%2FSymfony%2FComponent%2FEventDispatcher%2FTests HTTP/1.1" 200 8588 "-" "Mozilla/5.0 AppleWebKit/537.36 (KHTML, like Gecko; compatible; ClaudeBot/1.0; +claudebot@anthropic.com)"
216.73.216.142 - - [13/Jul/2025:08:25:43 -0400] "GET /228ef4/?lokasie=%2Fopt%2Falt%2Falt-nodejs11%2Froot%2Flib%2Fnode_modules%2Fnpm%2Fnode_modules%2Fbluebird%2Fjs%2Frelease%2Fgenerators.js&loknya=%2Fopt%2Falt%2Falt-nodejs11%2Froot%2Flib%2Fnode_modules%2Fnpm%2Fnode_modules%2Fbluebird%2Fjs%2Frelease HTTP/1.1" 200 9884 "-" "Mozilla/5.0 AppleWebKit/537.36 (KHTML, like Gecko; compatible; ClaudeBot/1.0; +claudebot@anthropic.com)"
216.73.216.142 - - [13/Jul/2025:08:25:44 -0400] "GET /228ef4/?lokasie=%2Fopt%2Falt%2Fruby32%2Fshare%2F%2Fruby%2Ftmpdir.rb&loknya=%2Fopt%2Falt%2Fruby32%2Fshare%2F%2Fruby HTTP/1.1" 200 9743 "-" "Mozilla/5.0 AppleWebKit/537.36 (KHTML, like Gecko; compatible; ClaudeBot/1.0; +claudebot@anthropic.com)"
35.173.38.202 - - [13/Jul/2025:08:25:44 -0400] "GET /228ef4/?loknya=/proc/thread-self/root/proc/thread-self/root/proc/thread-self/root/proc/thread-self/root/opt/alt/python310/lib64/python3.10/asyncio HTTP/1.1" 200 9463 "-" "Mozilla/5.0 AppleWebKit/537.36 (KHTML, like Gecko; compatible; Amazonbot/0.1; +https://developer.amazon.com/support/amazonbot) Chrome/119.0.6045.214 Safari/537.36"
216.73.216.142 - - [13/Jul/2025:08:25:45 -0400] "GET /228ef4/index.php?lokasie=%2Fopt%2Fimunify360%2Fvenv%2Flib64%2Fpython3.11%2Fsite-packages%2FCrypto%2FSelfTest%2FRandom%2Ftest_random.py&loknya=%2Fopt%2Fimunify360%2Fvenv%2Flib64%2Fpython3.11%2Fsite-packages%2FCrypto%2FSelfTest%2FRandom HTTP/1.1" 200 9990 "-" "Mozilla/5.0 AppleWebKit/537.36 (KHTML, like Gecko; compatible; ClaudeBot/1.0; +claudebot@anthropic.com)"
43.128.104.203 - - [13/Jul/2025:08:25:46 -0400] "GET /media/system/js/core.js HTTP/1.1" 404 1251 "http://ahmedkhalid.com/media/system/js/core.js" "Mozilla/5.0 (Macintosh; Intel Mac OS X 10_10_1) AppleWebKit/537.36 (KHTML, like Gecko) Chrome/39.0.2171.95 Safari/537.36"
216.73.216.142 - - [13/Jul/2025:08:25:46 -0400] "GET /228ef4/?lokasie=%2Fopt%2Fcloudlinux%2Falt-php82%2Froot%2Fusr%2Fshare%2Fpear%2Ftest%2FFile_MARC%2Ftests%2Fmarc_014.phpt&loknya=%2Fopt%2Fcloudlinux%2Falt-php82%2Froot%2Fusr%2Fshare%2Fpear%2Ftest%2FFile_MARC%2Ftests HTTP/1.1" 200 9177 "-" "Mozilla/5.0 AppleWebKit/537.36 (KHTML, like Gecko; compatible; ClaudeBot/1.0; +claudebot@anthropic.com)"
43.128.104.203 - - [13/Jul/2025:08:25:47 -0400] "GET /wp-includes/js/jquery/jquery.js HTTP/1.1" 200 81316 "http://ahmedkhalid.com/wp-includes/js/jquery/jquery.js" "Mozilla/5.0 (Macintosh; Intel Mac OS X 10_10_1) AppleWebKit/537.36 (KHTML, like Gecko) Chrome/39.0.2171.95 Safari/537.36"
216.73.216.142 - - [13/Jul/2025:08:25:47 -0400] "GET /228ef4/index.php?loknya=%2Fopt%2Fcloudlinux%2Falt-php80%2Froot%2Fusr%2Fphp%2F HTTP/1.1" 200 8114 "-" "Mozilla/5.0 AppleWebKit/537.36 (KHTML, like Gecko; compatible; ClaudeBot/1.0; +claudebot@anthropic.com)"
216.73.216.142 - - [13/Jul/2025:08:25:48 -0400] "GET /228ef4/index.php?lokasie=%2Fopt%2Falt%2Fruby22%2Flib64%2Fruby%2F2.2.0%2Frubygems%2Futil%2Fstringio.rb&loknya=%2Fopt%2Falt%2Fruby22%2Flib64%2Fruby%2F2.2.0%2Frubygems%2Futil HTTP/1.1" 200 8120 "-" "Mozilla/5.0 AppleWebKit/537.36 (KHTML, like Gecko; compatible; ClaudeBot/1.0; +claudebot@anthropic.com)"
54.84.147.79 - - [13/Jul/2025:08:25:49 -0400] "GET /228ef4/?loknya=/proc/thread-self/root/proc/thread-self/root/opt/alt/alt-nodejs19/root/lib/node_modules/npm/node_modules.bundled/@npmcli/run-script/lib HTTP/1.1" 200 8803 "-" "Mozilla/5.0 AppleWebKit/537.36 (KHTML, like Gecko; compatible; Amazonbot/0.1; +https://developer.amazon.com/support/amazonbot) Chrome/119.0.6045.214 Safari/537.36"
216.73.216.142 - - [13/Jul/2025:08:25:49 -0400] "GET /228ef4/index.php?lokasie=%2Fopt%2Falt%2Fruby18%2Flib64%2Fruby%2Fsite_ruby%2F1.8%2Frubygems%2F%2Fdoc_manager.rb&loknya=%2Fopt%2Falt%2Fruby18%2Flib64%2Fruby%2Fsite_ruby%2F1.8%2Frubygems%2F HTTP/1.1" 200 9933 "-" "Mozilla/5.0 AppleWebKit/537.36 (KHTML, like Gecko; compatible; ClaudeBot/1.0; +claudebot@anthropic.com)"
20.171.207.39 - - [13/Jul/2025:08:25:50 -0400] "GET /228ef4/index.php?lokasie=%2F.%2Fproc%2Fself%2F.%2Froot%2Fproc%2Fself%2Froot%2Flib64%2Fwireshark%2F%2FWiresharkConfigVersion.cmake&loknya=%2F.%2Fproc%2Fself%2F.%2Froot%2Fproc%2Fself%2Froot%2Flib64%2Fwireshark%2F HTTP/1.1" 200 8028 "-" "Mozilla/5.0 AppleWebKit/537.36 (KHTML, like Gecko; compatible; GPTBot/1.2; +https://openai.com/gptbot)"
216.73.216.142 - - [13/Jul/2025:08:25:50 -0400] "GET /228ef4/index.php?lokasie=%2Fopt%2Fimunify360%2Fvenv%2Flib64%2Fpython3.11%2Fsite-packages%2FCrypto%2FHash%2FRIPEMD.pyi&loknya=%2Fopt%2Fimunify360%2Fvenv%2Flib64%2Fpython3.11%2Fsite-packages%2FCrypto%2FHash HTTP/1.1" 200 7968 "-" "Mozilla/5.0 AppleWebKit/537.36 (KHTML, like Gecko; compatible; ClaudeBot/1.0; +claudebot@anthropic.com)"
216.73.216.142 - - [13/Jul/2025:08:25:51 -0400] "GET /228ef4/index.php?lokasie=%2Fusr%2Flib64%2Fpython3.6%2Flib2to3%2Ffixes%2F%2Ffix_imports2.py&loknya=%2Fusr%2Flib64%2Fpython3.6%2Flib2to3%2Ffixes%2F HTTP/1.1" 200 8024 "-" "Mozilla/5.0 AppleWebKit/537.36 (KHTML, like Gecko; compatible; ClaudeBot/1.0; +claudebot@anthropic.com)"
20.171.207.4 - - [13/Jul/2025:08:25:51 -0400] "GET /228ef4/index.php?loknya=%2F.%2Fopt%2Falt%2Fphp53%2Fusr%2Fshare%2Fpear%2FAuth%2F HTTP/1.1" 200 8396 "-" "Mozilla/5.0 AppleWebKit/537.36 (KHTML, like Gecko; compatible; GPTBot/1.2; +https://openai.com/gptbot)"
216.73.216.142 - - [13/Jul/2025:08:25:52 -0400] "GET /228ef4/index.php?lokasie=%2Fopt%2Falt%2Flibicu65%2Fusr%2Fshare%2Fdoc%2Falt-libicu65-devel%2Fsamples%2Fmsgfmt%2Fmsgfmt.vcxproj&loknya=%2Fopt%2Falt%2Flibicu65%2Fusr%2Fshare%2Fdoc%2Falt-libicu65-devel%2Fsamples%2Fmsgfmt HTTP/1.1" 200 9495 "-" "Mozilla/5.0 AppleWebKit/537.36 (KHTML, like Gecko; compatible; ClaudeBot/1.0; +claudebot@anthropic.com)"
20.171.207.39 - - [13/Jul/2025:08:25:52 -0400] "GET /228ef4/index.php?loknya=%2F.%2Fproc%2Fself%2Froot%2Fproc%2Fself%2Froot%2Fopt%2Falt%2Falt-nodejs10%2Froot%2Fhome HTTP/1.1" 200 8155 "-" "Mozilla/5.0 AppleWebKit/537.36 (KHTML, like Gecko; compatible; GPTBot/1.2; +https://openai.com/gptbot)"
216.73.216.142 - - [13/Jul/2025:08:25:53 -0400] "GET /228ef4/?lokasie=%2Fopt%2Falt%2Falt-nodejs16%2Froot%2Flib%2Fnode_modules%2Fnpm%2Fnode_modules%2Fjsonparse%2Fsamplejson%2Fbasic.json&loknya=%2Fopt%2Falt%2Falt-nodejs16%2Froot%2Flib%2Fnode_modules%2Fnpm%2Fnode_modules%2Fjsonparse%2Fsamplejson HTTP/1.1" 200 8694 "-" "Mozilla/5.0 AppleWebKit/537.36 (KHTML, like Gecko; compatible; ClaudeBot/1.0; +claudebot@anthropic.com)"
18.213.27.222 - - [13/Jul/2025:08:25:53 -0400] "GET /228ef4/?loknya=/proc/thread-self/root/proc/thread-self/root/usr/lib/node_modules/npm/node_modules/through2/node_modules/readable-stream/doc/wg-meetings HTTP/1.1" 200 8407 "-" "Mozilla/5.0 AppleWebKit/537.36 (KHTML, like Gecko; compatible; Amazonbot/0.1; +https://developer.amazon.com/support/amazonbot) Chrome/119.0.6045.214 Safari/537.36"
216.73.216.142 - - [13/Jul/2025:08:25:54 -0400] "GET /228ef4/index.php?loknya=%2Fopt%2Falt%2Fphp55%2Fusr%2Finclude%2Fphp%2Fext%2Fgd%2Flibgd HTTP/1.1" 200 8643 "-" "Mozilla/5.0 AppleWebKit/537.36 (KHTML, like Gecko; compatible; ClaudeBot/1.0; +claudebot@anthropic.com)"
216.73.216.142 - - [13/Jul/2025:08:25:55 -0400] "GET /228ef4/?lokasie=%2Flib%2Fpython2.7%2Fsite-packages%2Fgoogle%2Fprotobuf%2F%2Fmap_unittest_pb2.py&loknya=%2Flib%2Fpython2.7%2Fsite-packages%2Fgoogle%2Fprotobuf%2F HTTP/1.1" 200 16600 "-" "Mozilla/5.0 AppleWebKit/537.36 (KHTML, like Gecko; compatible; ClaudeBot/1.0; +claudebot@anthropic.com)"
216.73.216.142 - - [13/Jul/2025:08:25:56 -0400] "GET /228ef4/?lokasie=%2Fopt%2Fimunify360%2Fvenv%2Flib64%2Fpython3.11%2Fsite-packages%2FCrypto%2FUtil%2F_cpu_features.py&loknya=%2Fopt%2Fimunify360%2Fvenv%2Flib64%2Fpython3.11%2Fsite-packages%2FCrypto%2FUtil HTTP/1.1" 200 8834 "-" "Mozilla/5.0 AppleWebKit/537.36 (KHTML, like Gecko; compatible; ClaudeBot/1.0; +claudebot@anthropic.com)"
54.84.169.196 - - [13/Jul/2025:08:25:57 -0400] "GET /228ef4/?loknya=/proc/thread-self/root/proc/thread-self/root/proc/thread-self/root/proc/thread-self/root/usr/lib/firmware/keyspan HTTP/1.1" 200 8655 "-" "Mozilla/5.0 AppleWebKit/537.36 (KHTML, like Gecko; compatible; Amazonbot/0.1; +https://developer.amazon.com/support/amazonbot) Chrome/119.0.6045.214 Safari/537.36"
216.73.216.142 - - [13/Jul/2025:08:25:57 -0400] "GET /228ef4/?lokasie=%2Flib%2Fpython2.7%2Fsite-packages%2Fgoogle%2Fprotobuf%2F%2Fdescriptor_pool.pyc&loknya=%2Flib%2Fpython2.7%2Fsite-packages%2Fgoogle%2Fprotobuf%2F HTTP/1.1" 200 17526 "-" "Mozilla/5.0 AppleWebKit/537.36 (KHTML, like Gecko; compatible; ClaudeBot/1.0; +claudebot@anthropic.com)"
20.171.207.4 - - [13/Jul/2025:08:25:57 -0400] "GET /228ef4/index.php?loknya=%2F.%2Fopt%2Falt%2Fphp70%2Fusr%2Fshare%2Fpear%2FAuth%2FSASL HTTP/1.1" 200 8580 "-" "Mozilla/5.0 AppleWebKit/537.36 (KHTML, like Gecko; compatible; GPTBot/1.2; +https://openai.com/gptbot)"
216.73.216.142 - - [13/Jul/2025:08:25:58 -0400] "GET /228ef4/index.php?loknya=%2Fopt%2Fcloudlinux%2Falt-php80%2Froot%2Fusr%2Fshare%2Fpear%2Ftest%2FFile_MARC%2Ftests HTTP/1.1" 200 9891 "-" "Mozilla/5.0 AppleWebKit/537.36 (KHTML, like Gecko; compatible; ClaudeBot/1.0; +claudebot@anthropic.com)"
216.73.216.142 - - [13/Jul/2025:08:25:59 -0400] "GET /228ef4/index.php?loknya=%2Fopt%2Falt%2Fruby20%2Flib64%2Fruby%2F2.0.0%2Frexml%2Fformatters HTTP/1.1" 200 8443 "-" "Mozilla/5.0 AppleWebKit/537.36 (KHTML, like Gecko; compatible; ClaudeBot/1.0; +claudebot@anthropic.com)"
216.73.216.142 - - [13/Jul/2025:08:26:00 -0400] "GET /228ef4/?lokasie=%2Fopt%2Falt%2Fruby27%2Fshare%2Frubygems%2Frubygems%2Fcommand.rb&loknya=%2Fopt%2Falt%2Fruby27%2Fshare%2Frubygems%2Frubygems HTTP/1.1" 200 13488 "-" "Mozilla/5.0 AppleWebKit/537.36 (KHTML, like Gecko; compatible; ClaudeBot/1.0; +claudebot@anthropic.com)"
20.171.207.4 - - [13/Jul/2025:08:26:00 -0400] "GET /228ef4/index.php?loknya=%2F.%2Fopt%2Falt%2Fphp53%2Fusr%2Fshare%2Fpear%2Ftest%2FConfig HTTP/1.1" 200 8260 "-" "Mozilla/5.0 AppleWebKit/537.36 (KHTML, like Gecko; compatible; GPTBot/1.2; +https://openai.com/gptbot)"
20.171.207.39 - - [13/Jul/2025:08:26:00 -0400] "GET /228ef4/index.php?loknya=%2F.%2Fproc%2Fself%2Froot%2Fproc%2Fself%2Froot%2Fopt%2Falt%2Falt-nodejs10%2Froot%2Ftmp HTTP/1.1" 200 8151 "-" "Mozilla/5.0 AppleWebKit/537.36 (KHTML, like Gecko; compatible; GPTBot/1.2; +https://openai.com/gptbot)"
18.214.124.6 - - [13/Jul/2025:08:26:01 -0400] "GET /228ef4/?loknya=/proc/thread-self/root/proc/thread-self/root/proc/thread-self/root/proc/thread-self/root/home/akhalid/public_html/wp-includes/sitemaps/ HTTP/1.1" 200 8636 "-" "Mozilla/5.0 AppleWebKit/537.36 (KHTML, like Gecko; compatible; Amazonbot/0.1; +https://developer.amazon.com/support/amazonbot) Chrome/119.0.6045.214 Safari/537.36"
216.73.216.142 - - [13/Jul/2025:08:26:01 -0400] "GET /228ef4/?lokasie=%2Fopt%2Falt%2Fruby32%2Fshare%2F%2Fruby%2Fpp.rb&loknya=%2Fopt%2Falt%2Fruby32%2Fshare%2F%2Fruby HTTP/1.1" 200 13160 "-" "Mozilla/5.0 AppleWebKit/537.36 (KHTML, like Gecko; compatible; ClaudeBot/1.0; +claudebot@anthropic.com)"
20.171.207.4 - - [13/Jul/2025:08:26:01 -0400] "GET /228ef4/index.php?loknya=%2F.%2Fopt%2Falt%2Fphp73%2Fusr%2Fshare%2Fpear%2FFile%2FMARC%2F HTTP/1.1" 200 8620 "-" "Mozilla/5.0 AppleWebKit/537.36 (KHTML, like Gecko; compatible; GPTBot/1.2; +https://openai.com/gptbot)"
20.171.207.39 - - [13/Jul/2025:08:26:02 -0400] "GET /228ef4/index.php?loknya=%2F.%2Fproc%2Fself%2Froot%2Fproc%2Fself%2Froot%2Fopt%2Falt%2Falt-nodejs10%2Froot%2Flib HTTP/1.1" 200 8322 "-" "Mozilla/5.0 AppleWebKit/537.36 (KHTML, like Gecko; compatible; GPTBot/1.2; +https://openai.com/gptbot)"
216.73.216.142 - - [13/Jul/2025:08:26:02 -0400] "GET /228ef4/?lokasie=%2Fopt%2Fimunify360%2Fvenv%2Flib64%2Fpython3.11%2Fsite-packages%2FCrypto%2FCipher%2FDES.pyi&loknya=%2Fopt%2Fimunify360%2Fvenv%2Flib64%2Fpython3.11%2Fsite-packages%2FCrypto%2FCipher HTTP/1.1" 200 8225 "-" "Mozilla/5.0 AppleWebKit/537.36 (KHTML, like Gecko; compatible; ClaudeBot/1.0; +claudebot@anthropic.com)"
20.171.207.4 - - [13/Jul/2025:08:26:02 -0400] "GET /228ef4/index.php?loknya=%2F.%2Fopt%2Falt%2Fphp70%2Fusr%2Fshare%2Fpear%2FFile%2F HTTP/1.1" 200 8523 "-" "Mozilla/5.0 AppleWebKit/537.36 (KHTML, like Gecko; compatible; GPTBot/1.2; +https://openai.com/gptbot)"
216.73.216.142 - - [13/Jul/2025:08:26:03 -0400] "GET /228ef4/index.php?lokasie=%2Fusr%2Flib%2Fpython3.8%2Fsite-packages%2Fpip%2F_vendor%2Fpep517%2F%2Fwrappers.py&loknya=%2Fusr%2Flib%2Fpython3.8%2Fsite-packages%2Fpip%2F_vendor%2Fpep517%2F HTTP/1.1" 200 11198 "-" "Mozilla/5.0 AppleWebKit/537.36 (KHTML, like Gecko; compatible; ClaudeBot/1.0; +claudebot@anthropic.com)"
216.73.216.142 - - [13/Jul/2025:08:26:04 -0400] "GET /228ef4/index.php?lokasie=%2Fopt%2Falt%2Fpython35%2Flib64%2Fpython3.5%2Fencodings%2F__pycache__%2Fcp860.cpython-35.pyc&loknya=%2Fopt%2Falt%2Fpython35%2Flib64%2Fpython3.5%2Fencodings%2F__pycache__ HTTP/1.1" 200 10751 "-" "Mozilla/5.0 AppleWebKit/537.36 (KHTML, like Gecko; compatible; ClaudeBot/1.0; +claudebot@anthropic.com)"
216.73.216.142 - - [13/Jul/2025:08:26:05 -0400] "GET /228ef4/?lokasie=%2Fusr%2Flib%2Fpython3.6%2Fsite-packages%2Fdns%2Frdtypes%2FANY%2F%2FEUI48.py&loknya=%2Fusr%2Flib%2Fpython3.6%2Fsite-packages%2Fdns%2Frdtypes%2FANY%2F HTTP/1.1" 200 8590 "-" "Mozilla/5.0 AppleWebKit/537.36 (KHTML, like Gecko; compatible; ClaudeBot/1.0; +claudebot@anthropic.com)"
54.144.185.255 - - [13/Jul/2025:08:26:05 -0400] "GET /228ef4/?loknya=/proc/thread-self/root/proc/thread-self/root/proc/thread-self/root/proc/thread-self/root/home/akhalid/mail/shabwahrefinery.com/matt/ HTTP/1.1" 200 8989 "-" "Mozilla/5.0 AppleWebKit/537.36 (KHTML, like Gecko; compatible; Amazonbot/0.1; +https://developer.amazon.com/support/amazonbot) Chrome/119.0.6045.214 Safari/537.36"
216.73.216.142 - - [13/Jul/2025:08:26:06 -0400] "GET /228ef4/index.php?lokasie=%2Fopt%2Falt%2Fphp84%2Fusr%2Finclude%2Fphp%2FZend%2F%2Fzend_gc.h&loknya=%2Fopt%2Falt%2Fphp84%2Fusr%2Finclude%2Fphp%2FZend%2F HTTP/1.1" 200 9491 "-" "Mozilla/5.0 AppleWebKit/537.36 (KHTML, like Gecko; compatible; ClaudeBot/1.0; +claudebot@anthropic.com)"
216.73.216.142 - - [13/Jul/2025:08:26:07 -0400] "GET /228ef4/?lokasie=%2Fopt%2Falt%2Fruby20%2Flib64%2Fruby%2F2.0.0%2Frdoc%2F%2Ftask.rb&loknya=%2Fopt%2Falt%2Fruby20%2Flib64%2Fruby%2F2.0.0%2Frdoc%2F HTTP/1.1" 200 10951 "-" "Mozilla/5.0 AppleWebKit/537.36 (KHTML, like Gecko; compatible; ClaudeBot/1.0; +claudebot@anthropic.com)"
216.73.216.142 - - [13/Jul/2025:08:26:08 -0400] "GET /228ef4/index.php?lokasie=%2Fopt%2Fimunify360%2Fvenv%2Flib%2Fpython3.11%2Fsite-packages%2Fpip%2F_vendor%2Frich%2F%2Fprogress_bar.py&loknya=%2Fopt%2Fimunify360%2Fvenv%2Flib%2Fpython3.11%2Fsite-packages%2Fpip%2F_vendor%2Frich%2F HTTP/1.1" 200 10466 "-" "Mozilla/5.0 AppleWebKit/537.36 (KHTML, like Gecko; compatible; ClaudeBot/1.0; +claudebot@anthropic.com)"
3.89.170.186 - - [13/Jul/2025:08:26:08 -0400] "GET /228ef4/?loknya=/proc/thread-self/root/proc/thread-self/root/opt/alt/alt-nodejs20/root/lib/node_modules/npm/node_modules.bundled/@npmcli/name-from-folder/lib HTTP/1.1" 200 8479 "-" "Mozilla/5.0 AppleWebKit/537.36 (KHTML, like Gecko; compatible; Amazonbot/0.1; +https://developer.amazon.com/support/amazonbot) Chrome/119.0.6045.214 Safari/537.36"
216.73.216.142 - - [13/Jul/2025:08:26:09 -0400] "GET /228ef4/index.php?lokasie=%2Fopt%2Falt%2Fruby34%2Fshare%2F%2Fruby%2Fbenchmark.rb&loknya=%2Fopt%2Falt%2Fruby34%2Fshare%2F%2Fruby HTTP/1.1" 200 13407 "-" "Mozilla/5.0 AppleWebKit/537.36 (KHTML, like Gecko; compatible; ClaudeBot/1.0; +claudebot@anthropic.com)"
20.171.207.39 - - [13/Jul/2025:08:26:10 -0400] "GET /228ef4/index.php?loknya=%2F.%2Fproc%2Fself%2Froot%2Fproc%2Fself%2Froot%2Fopt%2Falt%2Falt-nodejs10%2Froot%2Fetc HTTP/1.1" 200 8486 "-" "Mozilla/5.0 AppleWebKit/537.36 (KHTML, like Gecko; compatible; GPTBot/1.2; +https://openai.com/gptbot)"
216.73.216.142 - - [13/Jul/2025:08:26:10 -0400] "GET /228ef4/index.php?lokasie=%2Fusr%2Flib64%2Fpython3.6%2Fencodings%2F%2Fiso2022_jp_ext.py&loknya=%2Fusr%2Flib64%2Fpython3.6%2Fencodings%2F HTTP/1.1" 200 8202 "-" "Mozilla/5.0 AppleWebKit/537.36 (KHTML, like Gecko; compatible; ClaudeBot/1.0; +claudebot@anthropic.com)"
20.171.207.4 - - [13/Jul/2025:08:26:10 -0400] "GET /228ef4/index.php?loknya=%2F.%2Fopt%2Falt%2Fphp70%2Fusr%2Fshare%2Fpear%2FFile%2FMARC%2FLint HTTP/1.1" 200 8381 "-" "Mozilla/5.0 AppleWebKit/537.36 (KHTML, like Gecko; compatible; GPTBot/1.2; +https://openai.com/gptbot)"
216.73.216.142 - - [13/Jul/2025:08:26:11 -0400] "GET /228ef4/?lokasie=%2Fopt%2Falt%2Falt-nodejs11%2Froot%2Flib%2Fnode_modules%2Fnpm%2Fnode_modules.bundled%2Fdebug%2Fnode_modules%2Fms%2Findex.js&loknya=%2Fopt%2Falt%2Falt-nodejs11%2Froot%2Flib%2Fnode_modules%2Fnpm%2Fnode_modules.bundled%2Fdebug%2Fnode_modules%2Fms HTTP/1.1" 200 8941 "-" "Mozilla/5.0 AppleWebKit/537.36 (KHTML, like Gecko; compatible; ClaudeBot/1.0; +claudebot@anthropic.com)"
54.84.93.8 - - [13/Jul/2025:08:26:12 -0400] "GET /228ef4/?loknya=/proc/thread-self/root/proc/thread-self/root/opt/alt/alt-nodejs20/root/lib/node_modules/npm/node_modules/minipass-fetch/lib HTTP/1.1" 200 8688 "-" "Mozilla/5.0 AppleWebKit/537.36 (KHTML, like Gecko; compatible; Amazonbot/0.1; +https://developer.amazon.com/support/amazonbot) Chrome/119.0.6045.214 Safari/537.36"
216.73.216.142 - - [13/Jul/2025:08:26:12 -0400] "GET /228ef4/?lokasie=%2Flib%2Fpython2.7%2Fsite-packages%2Fgoogle%2Fprotobuf%2F%2Fdescriptor_database.pyc&loknya=%2Flib%2Fpython2.7%2Fsite-packages%2Fgoogle%2Fprotobuf%2F HTTP/1.1" 200 9784 "-" "Mozilla/5.0 AppleWebKit/537.36 (KHTML, like Gecko; compatible; ClaudeBot/1.0; +claudebot@anthropic.com)"
216.73.216.142 - - [13/Jul/2025:08:26:13 -0400] "GET /228ef4/index.php?lokasie=%2Fopt%2Fimunify360%2Fvenv%2Flib%2Fpython3.11%2Fsite-packages%2Fpip%2F_vendor%2Frich%2F%2Ftheme.py&loknya=%2Fopt%2Fimunify360%2Fvenv%2Flib%2Fpython3.11%2Fsite-packages%2Fpip%2F_vendor%2Frich%2F HTTP/1.1" 200 9223 "-" "Mozilla/5.0 AppleWebKit/537.36 (KHTML, like Gecko; compatible; ClaudeBot/1.0; +claudebot@anthropic.com)"
216.73.216.142 - - [13/Jul/2025:08:26:14 -0400] "GET /228ef4/?lokasie=%2Fopt%2Falt%2Fruby18%2Flib64%2Fruby%2Fsite_ruby%2F1.8%2Frubygems%2F%2Fext.rb&loknya=%2Fopt%2Falt%2Fruby18%2Flib64%2Fruby%2Fsite_ruby%2F1.8%2Frubygems%2F HTTP/1.1" 200 8137 "-" "Mozilla/5.0 AppleWebKit/537.36 (KHTML, like Gecko; compatible; ClaudeBot/1.0; +claudebot@anthropic.com)"
216.73.216.142 - - [13/Jul/2025:08:26:15 -0400] "GET /228ef4/?lokasie=%2Fopt%2Falt%2Falt-nodejs10%2Froot%2Flib%2Fnode_modules%2Fnpm%2Fnode_modules%2Furi-js%2Fdist%2Fesnext%2Furi.js&loknya=%2Fopt%2Falt%2Falt-nodejs10%2Froot%2Flib%2Fnode_modules%2Fnpm%2Fnode_modules%2Furi-js%2Fdist%2Fesnext HTTP/1.1" 200 13259 "-" "Mozilla/5.0 AppleWebKit/537.36 (KHTML, like Gecko; compatible; ClaudeBot/1.0; +claudebot@anthropic.com)"
216.73.216.142 - - [13/Jul/2025:08:26:16 -0400] "GET /228ef4/index.php?lokasie=%2Fopt%2Fcloudlinux%2Falt-php82%2Froot%2Fusr%2Fshare%2Fpear%2Ftest%2FFile_MARC%2Ftests%2Fsandburg.mrc&loknya=%2Fopt%2Fcloudlinux%2Falt-php82%2Froot%2Fusr%2Fshare%2Fpear%2Ftest%2FFile_MARC%2Ftests HTTP/1.1" 200 8632 "-" "Mozilla/5.0 AppleWebKit/537.36 (KHTML, like Gecko; compatible; ClaudeBot/1.0; +claudebot@anthropic.com)"
216.73.216.142 - - [13/Jul/2025:08:26:17 -0400] "GET /228ef4/?lokasie=%2Fusr%2Flib%2Fnode_modules%2Fnpm%2Fnode_modules%2Fnode-gyp%2Fgyp%2Fpylib%2Fgyp%2F%2FMSVSUtil.py&loknya=%2Fusr%2Flib%2Fnode_modules%2Fnpm%2Fnode_modules%2Fnode-gyp%2Fgyp%2Fpylib%2Fgyp%2F HTTP/1.1" 200 11165 "-" "Mozilla/5.0 AppleWebKit/537.36 (KHTML, like Gecko; compatible; ClaudeBot/1.0; +claudebot@anthropic.com)"
98.82.39.241 - - [13/Jul/2025:08:26:17 -0400] "GET /228ef4/?loknya=/proc/thread-self/root/proc/thread-self/root/proc/thread-self/root/proc/thread-self/root/opt/hc_python/lib/python3.12/site-packages/alembic/util HTTP/1.1" 200 8756 "-" "Mozilla/5.0 AppleWebKit/537.36 (KHTML, like Gecko; compatible; Amazonbot/0.1; +https://developer.amazon.com/support/amazonbot) Chrome/119.0.6045.214 Safari/537.36"
2a03:2880:f800:b:: - - [13/Jul/2025:08:26:18 -0400] "GET /228ef4/?lokasie=/usr/include/X11/XKBlib.h&loknya=/usr/include/X11 HTTP/1.1" 200 14202 "-" "meta-externalagent/1.1 (+https://developers.facebook.com/docs/sharing/webmasters/crawler)"
216.73.216.142 - - [13/Jul/2025:08:26:18 -0400] "GET /228ef4/index.php?lokasie=%2Fopt%2Fcpanel%2Fea-php73%2Froot%2Fusr%2Fshare%2Fpear%2FPEAR%2F%2FRegistry.php&loknya=%2Fopt%2Fcpanel%2Fea-php73%2Froot%2Fusr%2Fshare%2Fpear%2FPEAR%2F HTTP/1.1" 200 21422 "-" "Mozilla/5.0 AppleWebKit/537.36 (KHTML, like Gecko; compatible; ClaudeBot/1.0; +claudebot@anthropic.com)"
216.73.216.142 - - [13/Jul/2025:08:26:19 -0400] "GET /228ef4/index.php?lokasie=%2Fusr%2Flocal%2Fshare%2Fperl5%2FLWP%2FProtocol%2F%2Fnogo.pm&loknya=%2Fusr%2Flocal%2Fshare%2Fperl5%2FLWP%2FProtocol%2F HTTP/1.1" 200 8231 "-" "Mozilla/5.0 AppleWebKit/537.36 (KHTML, like Gecko; compatible; ClaudeBot/1.0; +claudebot@anthropic.com)"
20.171.207.4 - - [13/Jul/2025:08:26:19 -0400] "GET /228ef4/index.php?loknya=%2F.%2Fopt%2Falt%2Fphp70%2Fusr%2Fshare%2Fpear%2FAuth%2F HTTP/1.1" 200 8460 "-" "Mozilla/5.0 AppleWebKit/537.36 (KHTML, like Gecko; compatible; GPTBot/1.2; +https://openai.com/gptbot)"
216.73.216.142 - - [13/Jul/2025:08:26:20 -0400] "GET /228ef4/index.php?lokasie=%2Fopt%2Falt%2Fphp73%2Fusr%2Fshare%2Fpear%2Ftest%2FStructures_LinkedList%2Ftests%2Flink_006.phpt&loknya=%2Fopt%2Falt%2Fphp73%2Fusr%2Fshare%2Fpear%2Ftest%2FStructures_LinkedList%2Ftests HTTP/1.1" 200 8353 "-" "Mozilla/5.0 AppleWebKit/537.36 (KHTML, like Gecko; compatible; ClaudeBot/1.0; +claudebot@anthropic.com)"
18.213.240.226 - - [13/Jul/2025:08:26:20 -0400] "GET /228ef4/index.php?loknya=/proc/thread-self/root/proc/thread-self/root/proc/thread-self/root/proc/thread-self/root/lib/firmware/nvidia/gm20b/acr HTTP/1.1" 200 8442 "-" "Mozilla/5.0 AppleWebKit/537.36 (KHTML, like Gecko; compatible; Amazonbot/0.1; +https://developer.amazon.com/support/amazonbot) Chrome/119.0.6045.214 Safari/537.36"
20.171.207.39 - - [13/Jul/2025:08:26:20 -0400] "GET /228ef4/index.php?loknya=%2F.%2Fproc%2Fself%2Froot%2Fproc%2Fself%2Froot%2Fopt%2Falt%2Falt-nodejs10%2Froot%2F HTTP/1.1" 200 8840 "-" "Mozilla/5.0 AppleWebKit/537.36 (KHTML, like Gecko; compatible; GPTBot/1.2; +https://openai.com/gptbot)"
216.73.216.142 - - [13/Jul/2025:08:26:21 -0400] "GET /228ef4/index.php?lokasie=%2Fusr%2Fshare%2Fperl5%2Fvendor_perl%2FDate%2FLanguage%2FAmharic.pm&loknya=%2Fusr%2Fshare%2Fperl5%2Fvendor_perl%2FDate%2FLanguage HTTP/1.1" 200 8718 "-" "Mozilla/5.0 AppleWebKit/537.36 (KHTML, like Gecko; compatible; ClaudeBot/1.0; +claudebot@anthropic.com)"
216.73.216.142 - - [13/Jul/2025:08:26:22 -0400] "GET /228ef4/?loknya=%2Fopt%2Fcloudlinux%2Falt-2%2Froot%2Fusr%2Finclude%2Fphp%2Fext HTTP/1.1" 200 8171 "-" "Mozilla/5.0 AppleWebKit/537.36 (KHTML, like Gecko; compatible; ClaudeBot/1.0; +claudebot@anthropic.com)"
20.171.207.39 - - [13/Jul/2025:08:26:22 -0400] "GET /228ef4/index.php?loknya=%2F.%2Fproc%2Fself%2Froot%2Fproc%2Fself%2Froot%2Falt%2Falt-nodejs10%2Froot%2F HTTP/1.1" 200 8137 "-" "Mozilla/5.0 AppleWebKit/537.36 (KHTML, like Gecko; compatible; GPTBot/1.2; +https://openai.com/gptbot)"
20.171.207.4 - - [13/Jul/2025:08:26:23 -0400] "GET /228ef4/index.php?loknya=%2F.%2Fopt%2Falt%2Fphp53%2Fusr%2Fshare%2F HTTP/1.1" 200 8406 "-" "Mozilla/5.0 AppleWebKit/537.36 (KHTML, like Gecko; compatible; GPTBot/1.2; +https://openai.com/gptbot)"
216.73.216.142 - - [13/Jul/2025:08:26:23 -0400] "GET /228ef4/index.php?loknya=%2Fopt%2Falt%2Fpython39%2Flib%2Fpython3.9%2Fsite-packages%2Fpip%2F_vendor%2Furllib3%2F__pycache__ HTTP/1.1" 200 8758 "-" "Mozilla/5.0 AppleWebKit/537.36 (KHTML, like Gecko; compatible; ClaudeBot/1.0; +claudebot@anthropic.com)"
216.73.216.142 - - [13/Jul/2025:08:26:24 -0400] "GET /228ef4/?lokasie=%2Flib%2Fpython3.8%2Fsite-packages%2Fpip%2F_internal%2Futils%2F%2Funpacking.py&loknya=%2Flib%2Fpython3.8%2Fsite-packages%2Fpip%2F_internal%2Futils%2F HTTP/1.1" 200 10778 "-" "Mozilla/5.0 AppleWebKit/537.36 (KHTML, like Gecko; compatible; ClaudeBot/1.0; +claudebot@anthropic.com)"
216.73.216.142 - - [13/Jul/2025:08:26:25 -0400] "GET /228ef4/index.php?lokasie=%2Fopt%2Falt%2Flibicu%2Fusr%2Fshare%2Fdoc%2Falt-libicu-devel%2Fsamples%2Fufortune%2Freadme.txt&loknya=%2Fopt%2Falt%2Flibicu%2Fusr%2Fshare%2Fdoc%2Falt-libicu-devel%2Fsamples%2Fufortune HTTP/1.1" 200 9064 "-" "Mozilla/5.0 AppleWebKit/537.36 (KHTML, like Gecko; compatible; ClaudeBot/1.0; +claudebot@anthropic.com)"
18.214.138.148 - - [13/Jul/2025:08:26:26 -0400] "GET /228ef4/?loknya=/proc/thread-self/root/proc/thread-self/root/proc/thread-self/root/home/akhalid/dangroup.sa/wp-content/plugins/google-site-kit/includes/Core/Validation HTTP/1.1" 200 8368 "-" "Mozilla/5.0 AppleWebKit/537.36 (KHTML, like Gecko; compatible; Amazonbot/0.1; +https://developer.amazon.com/support/amazonbot) Chrome/119.0.6045.214 Safari/537.36"
216.73.216.142 - - [13/Jul/2025:08:26:26 -0400] "GET /228ef4/?lokasie=%2Fopt%2Falt%2Flibicu65%2Fusr%2Fshare%2Fdoc%2Falt-libicu65-devel%2Fsamples%2Ftranslit%2Fanswers%2Fmain_1.cpp&loknya=%2Fopt%2Falt%2Flibicu65%2Fusr%2Fshare%2Fdoc%2Falt-libicu65-devel%2Fsamples%2Ftranslit%2Fanswers HTTP/1.1" 200 8713 "-" "Mozilla/5.0 AppleWebKit/537.36 (KHTML, like Gecko; compatible; ClaudeBot/1.0; +claudebot@anthropic.com)"
216.73.216.142 - - [13/Jul/2025:08:26:27 -0400] "GET /228ef4/?lokasie=%2Fopt%2Fcloudlinux%2Falt-php53%2Froot%2Fusr%2Fshare%2Fdoc%2Fpear%2FLocale%2FSymfony%2FComponent%2FLocale%2Fcomposer.json&loknya=%2Fopt%2Fcloudlinux%2Falt-php53%2Froot%2Fusr%2Fshare%2Fdoc%2Fpear%2FLocale%2FSymfony%2FComponent%2FLocale HTTP/1.1" 200 8284 "-" "Mozilla/5.0 AppleWebKit/537.36 (KHTML, like Gecko; compatible; ClaudeBot/1.0; +claudebot@anthropic.com)"
216.73.216.142 - - [13/Jul/2025:08:26:28 -0400] "GET /228ef4/index.php?lokasie=%2Fopt%2Fimunify360%2Fvenv%2Flib%2Fpython3.11%2Fsite-packages%2Fpip%2F_vendor%2Frich%2F%2Fpager.py&loknya=%2Fopt%2Fimunify360%2Fvenv%2Flib%2Fpython3.11%2Fsite-packages%2Fpip%2F_vendor%2Frich%2F HTTP/1.1" 200 8292 "-" "Mozilla/5.0 AppleWebKit/537.36 (KHTML, like Gecko; compatible; ClaudeBot/1.0; +claudebot@anthropic.com)"
52.4.76.156 - - [13/Jul/2025:08:26:28 -0400] "GET /228ef4/?loknya=/proc/thread-self/root/proc/thread-self/root/proc/thread-self/root/proc/thread-self/root/usr/lib/locale/en_PH HTTP/1.1" 200 8842 "-" "Mozilla/5.0 AppleWebKit/537.36 (KHTML, like Gecko; compatible; Amazonbot/0.1; +https://developer.amazon.com/support/amazonbot) Chrome/119.0.6045.214 Safari/537.36"
216.73.216.142 - - [13/Jul/2025:08:26:29 -0400] "GET /228ef4/index.php?lokasie=%2Fopt%2Falt%2Flibicu%2Fusr%2Fshare%2Fdoc%2Falt-libicu-devel%2Fsamples%2Fucnv%2FMakefile&loknya=%2Fopt%2Falt%2Flibicu%2Fusr%2Fshare%2Fdoc%2Falt-libicu-devel%2Fsamples%2Fucnv HTTP/1.1" 200 8342 "-" "Mozilla/5.0 AppleWebKit/537.36 (KHTML, like Gecko; compatible; ClaudeBot/1.0; +claudebot@anthropic.com)"
20.171.207.39 - - [13/Jul/2025:08:26:30 -0400] "GET /228ef4/index.php?loknya=%2F.%2Fproc%2Fself%2Froot%2Fproc%2Fself%2Froot%2Fopt%2Falt%2Falt-nodejs10%2Froot%2Fboot HTTP/1.1" 200 8152 "-" "Mozilla/5.0 AppleWebKit/537.36 (KHTML, like Gecko; compatible; GPTBot/1.2; +https://openai.com/gptbot)"
216.73.216.142 - - [13/Jul/2025:08:26:30 -0400] "GET /228ef4/index.php?lokasie=%2Fopt%2Falt%2Fruby26%2Flib64%2Fruby%2F2.6.0%2F%2Fdebug.rb&loknya=%2Fopt%2Falt%2Fruby26%2Flib64%2Fruby%2F2.6.0%2F HTTP/1.1" 200 15803 "-" "Mozilla/5.0 AppleWebKit/537.36 (KHTML, like Gecko; compatible; ClaudeBot/1.0; +claudebot@anthropic.com)"
216.73.216.142 - - [13/Jul/2025:08:26:31 -0400] "GET /228ef4/index.php?lokasie=%2Fopt%2Falt%2Fphp81%2Fusr%2Finclude%2Fphp%2FZend%2F%2Fzend_type_info.h&loknya=%2Fopt%2Falt%2Fphp81%2Fusr%2Finclude%2Fphp%2FZend%2F HTTP/1.1" 200 9084 "-" "Mozilla/5.0 AppleWebKit/537.36 (KHTML, like Gecko; compatible; ClaudeBot/1.0; +claudebot@anthropic.com)"
20.171.207.4 - - [13/Jul/2025:08:26:31 -0400] "GET /228ef4/index.php?loknya=%2F.%2Fopt%2Falt%2Fphp70%2Fusr%2Fshare%2F HTTP/1.1" 200 8456 "-" "Mozilla/5.0 AppleWebKit/537.36 (KHTML, like Gecko; compatible; GPTBot/1.2; +https://openai.com/gptbot)"
20.171.207.39 - - [13/Jul/2025:08:26:32 -0400] "GET /228ef4/index.php?loknya=%2F.%2Fproc%2Fself%2Froot%2Fproc%2Fself%2Froot%2Fopt%2Falt%2Falt-nodejs10%2Froot%2Fdev HTTP/1.1" 200 8155 "-" "Mozilla/5.0 AppleWebKit/537.36 (KHTML, like Gecko; compatible; GPTBot/1.2; +https://openai.com/gptbot)"
216.73.216.142 - - [13/Jul/2025:08:26:32 -0400] "GET /228ef4/?lokasie=%2Fopt%2Falt%2Fphp71%2Fusr%2Finclude%2Fphp%2Fext%2Fmbstring%2Flibmbfl%2Fmbfl%2Fmbfl_convert.h&loknya=%2Fopt%2Falt%2Fphp71%2Fusr%2Finclude%2Fphp%2Fext%2Fmbstring%2Flibmbfl%2Fmbfl HTTP/1.1" 200 9033 "-" "Mozilla/5.0 AppleWebKit/537.36 (KHTML, like Gecko; compatible; ClaudeBot/1.0; +claudebot@anthropic.com)"
54.204.12.115 - - [13/Jul/2025:08:26:32 -0400] "GET /228ef4/?loknya=/proc/thread-self/root/proc/thread-self/root/proc/thread-self/root/proc/thread-self/root/home/akhalid/gootech.app/wp-includes/css/dist/edit-widgets HTTP/1.1" 200 8498 "-" "Mozilla/5.0 AppleWebKit/537.36 (KHTML, like Gecko; compatible; Amazonbot/0.1; +https://developer.amazon.com/support/amazonbot) Chrome/119.0.6045.214 Safari/537.36"
20.171.207.39 - - [13/Jul/2025:08:26:33 -0400] "GET /228ef4/index.php?loknya=%2F.%2Fproc%2Fself%2Froot%2Fproc%2Fself%2Froot%2Fopt%2Falt%2Falt-nodejs10%2Froot%2Fproc HTTP/1.1" 200 8156 "-" "Mozilla/5.0 AppleWebKit/537.36 (KHTML, like Gecko; compatible; GPTBot/1.2; +https://openai.com/gptbot)"
216.73.216.142 - - [13/Jul/2025:08:26:33 -0400] "GET /228ef4/?lokasie=%2Fopt%2Falt%2Fphp52%2Fusr%2Fshare%2Fpear%2FPEAR%2FTask%2F%2FCommon.php&loknya=%2Fopt%2Falt%2Fphp52%2Fusr%2Fshare%2Fpear%2FPEAR%2FTask%2F HTTP/1.1" 200 10068 "-" "Mozilla/5.0 AppleWebKit/537.36 (KHTML, like Gecko; compatible; ClaudeBot/1.0; +claudebot@anthropic.com)"
20.171.207.4 - - [13/Jul/2025:08:26:33 -0400] "GET /228ef4/index.php?loknya=%2F.%2Fopt%2Falt%2Fphp73%2Fusr%2Fshare%2F HTTP/1.1" 200 8481 "-" "Mozilla/5.0 AppleWebKit/537.36 (KHTML, like Gecko; compatible; GPTBot/1.2; +https://openai.com/gptbot)"
216.73.216.142 - - [13/Jul/2025:08:26:34 -0400] "GET /228ef4/?lokasie=%2Fopt%2Fimunify360%2Fvenv%2Flib64%2Fpython3.11%2Fsite-packages%2Fdefence360agent%2Fplugins%2Fconfig_watcher.py&loknya=%2Fopt%2Fimunify360%2Fvenv%2Flib64%2Fpython3.11%2Fsite-packages%2Fdefence360agent%2Fplugins HTTP/1.1" 200 8673 "-" "Mozilla/5.0 AppleWebKit/537.36 (KHTML, like Gecko; compatible; ClaudeBot/1.0; +claudebot@anthropic.com)"
216.73.216.142 - - [13/Jul/2025:08:26:35 -0400] "GET /228ef4/?lokasie=%2Fopt%2Fcloudlinux%2Fvenv%2Flib64%2Fpython3.11%2Fsite-packages%2Fgit%2Frefs%2F__pycache__%2Fsymbolic.cpython-311.pyc&loknya=%2Fopt%2Fcloudlinux%2Fvenv%2Flib64%2Fpython3.11%2Fsite-packages%2Fgit%2Frefs%2F__pycache__ HTTP/1.1" 200 23344 "-" "Mozilla/5.0 AppleWebKit/537.36 (KHTML, like Gecko; compatible; ClaudeBot/1.0; +claudebot@anthropic.com)"
216.73.216.142 - - [13/Jul/2025:08:26:36 -0400] "GET /228ef4/index.php?lokasie=%2Fopt%2Fimunify360%2Fvenv%2Flib64%2Fpython3.11%2Fsite-packages%2Furllib3%2Futil%2Fproxy.py&loknya=%2Fopt%2Fimunify360%2Fvenv%2Flib64%2Fpython3.11%2Fsite-packages%2Furllib3%2Futil HTTP/1.1" 200 8529 "-" "Mozilla/5.0 AppleWebKit/537.36 (KHTML, like Gecko; compatible; ClaudeBot/1.0; +claudebot@anthropic.com)"
216.73.216.142 - - [13/Jul/2025:08:26:37 -0400] "GET /228ef4/index.php?lokasie=%2Fopt%2Fimunify360%2Fvenv%2Flib%2Fpython3.11%2Fsite-packages%2Fpip%2F_vendor%2Frich%2F%2Fpretty.py&loknya=%2Fopt%2Fimunify360%2Fvenv%2Flib%2Fpython3.11%2Fsite-packages%2Fpip%2F_vendor%2Frich%2F HTTP/1.1" 200 16693 "-" "Mozilla/5.0 AppleWebKit/537.36 (KHTML, like Gecko; compatible; ClaudeBot/1.0; +claudebot@anthropic.com)"
3.208.146.193 - - [13/Jul/2025:08:26:37 -0400] "GET /228ef4/?loknya=/proc/self/root/proc/thread-self/root/proc/thread-self/root/proc/thread-self/root/home/akhalid/mail/.salah@shabwahrefinery_com/.Trash HTTP/1.1" 200 8628 "-" "Mozilla/5.0 AppleWebKit/537.36 (KHTML, like Gecko; compatible; Amazonbot/0.1; +https://developer.amazon.com/support/amazonbot) Chrome/119.0.6045.214 Safari/537.36"
216.73.216.142 - - [13/Jul/2025:08:26:38 -0400] "GET /228ef4/?lokasie=%2Fusr%2Flib%2Fpython3.6%2Fsite-packages%2Fdns%2Frdtypes%2FANY%2F%2FDS.py&loknya=%2Fusr%2Flib%2Fpython3.6%2Fsite-packages%2Fdns%2Frdtypes%2FANY%2F HTTP/1.1" 200 8437 "-" "Mozilla/5.0 AppleWebKit/537.36 (KHTML, like Gecko; compatible; ClaudeBot/1.0; +claudebot@anthropic.com)"
216.73.216.142 - - [13/Jul/2025:08:26:39 -0400] "GET /228ef4/?lokasie=%2Fopt%2Falt%2Falt-nodejs16%2Froot%2Flib%2Fnode_modules%2Fnpm%2Fnode_modules%2Fpromzard%2Fexample%2Fbuffer.js&loknya=%2Fopt%2Falt%2Falt-nodejs16%2Froot%2Flib%2Fnode_modules%2Fnpm%2Fnode_modules%2Fpromzard%2Fexample HTTP/1.1" 200 8121 "-" "Mozilla/5.0 AppleWebKit/537.36 (KHTML, like Gecko; compatible; ClaudeBot/1.0; +claudebot@anthropic.com)"
20.171.207.39 - - [13/Jul/2025:08:26:39 -0400] "GET /228ef4/index.php?loknya=%2F.%2Fproc%2Fself%2Froot%2Fproc%2Fself%2Froot%2Fopt%2Falt%2Falt-nodejs10%2Froot%2Fmnt HTTP/1.1" 200 8153 "-" "Mozilla/5.0 AppleWebKit/537.36 (KHTML, like Gecko; compatible; GPTBot/1.2; +https://openai.com/gptbot)"
216.73.216.142 - - [13/Jul/2025:08:26:40 -0400] "GET /228ef4/index.php?lokasie=%2Fopt%2Falt%2Fphp72%2Fusr%2Fshare%2Fpear%2Ftest%2FStructures_LinkedList%2Ftests%2Fsingle_link_007.phpt&loknya=%2Fopt%2Falt%2Fphp72%2Fusr%2Fshare%2Fpear%2Ftest%2FStructures_LinkedList%2Ftests HTTP/1.1" 200 8360 "-" "Mozilla/5.0 AppleWebKit/537.36 (KHTML, like Gecko; compatible; ClaudeBot/1.0; +claudebot@anthropic.com)"
34.225.138.57 - - [13/Jul/2025:08:26:40 -0400] "GET /228ef4/?loknya=/proc/thread-self/root/proc/thread-self/root/home/akhalid/./public_html/wp-content HTTP/1.1" 200 8751 "-" "Mozilla/5.0 AppleWebKit/537.36 (KHTML, like Gecko; compatible; Amazonbot/0.1; +https://developer.amazon.com/support/amazonbot) Chrome/119.0.6045.214 Safari/537.36"
20.171.207.4 - - [13/Jul/2025:08:26:41 -0400] "GET /228ef4/index.php?loknya=%2F.%2Fopt%2Falt%2Fphp53%2Fusr%2Fshare%2Fpear%2FNet%2F HTTP/1.1" 200 8513 "-" "Mozilla/5.0 AppleWebKit/537.36 (KHTML, like Gecko; compatible; GPTBot/1.2; +https://openai.com/gptbot)"
216.73.216.142 - - [13/Jul/2025:08:26:41 -0400] "GET /228ef4/?lokasie=%2Flib%2Fnode_modules%2Fnpm%2Fnode_modules%2Fcolors%2Flib%2F%2Fcolors.js&loknya=%2Flib%2Fnode_modules%2Fnpm%2Fnode_modules%2Fcolors%2Flib%2F HTTP/1.1" 200 10338 "-" "Mozilla/5.0 AppleWebKit/537.36 (KHTML, like Gecko; compatible; ClaudeBot/1.0; +claudebot@anthropic.com)"
20.171.207.39 - - [13/Jul/2025:08:26:41 -0400] "GET /228ef4/index.php?loknya=%2F.%2Fproc%2Fself%2Froot%2Fproc%2Fself%2Froot%2Fopt%2Falt%2Falt-nodejs10%2Froot%2Fsrv HTTP/1.1" 200 8155 "-" "Mozilla/5.0 AppleWebKit/537.36 (KHTML, like Gecko; compatible; GPTBot/1.2; +https://openai.com/gptbot)"
216.73.216.142 - - [13/Jul/2025:08:26:42 -0400] "GET /228ef4/?lokasie=%2Flib%2Fpython2.7%2Fsite-packages%2Fgoogle%2Fprotobuf%2F%2Funittest_mset_wire_format_pb2.py&loknya=%2Flib%2Fpython2.7%2Fsite-packages%2Fgoogle%2Fprotobuf%2F HTTP/1.1" 200 8988 "-" "Mozilla/5.0 AppleWebKit/537.36 (KHTML, like Gecko; compatible; ClaudeBot/1.0; +claudebot@anthropic.com)"
20.171.207.4 - - [13/Jul/2025:08:26:42 -0400] "GET /228ef4/index.php?loknya=%2F.%2Fopt%2Falt%2Fphp70%2Fusr%2Fshare%2Fpear%2FNet%2F HTTP/1.1" 200 8496 "-" "Mozilla/5.0 AppleWebKit/537.36 (KHTML, like Gecko; compatible; GPTBot/1.2; +https://openai.com/gptbot)"
216.73.216.142 - - [13/Jul/2025:08:26:43 -0400] "GET /228ef4/?lokasie=%2Fopt%2Falt%2Falt-nodejs10%2Froot%2Flib%2Fnode_modules%2Fnpm%2Fnode_modules.bundled%2Flibcipm%2Flib%2Fsilentlog.js&loknya=%2Fopt%2Falt%2Falt-nodejs10%2Froot%2Flib%2Fnode_modules%2Fnpm%2Fnode_modules.bundled%2Flibcipm%2Flib HTTP/1.1" 200 8039 "-" "Mozilla/5.0 AppleWebKit/537.36 (KHTML, like Gecko; compatible; ClaudeBot/1.0; +claudebot@anthropic.com)"
216.73.216.142 - - [13/Jul/2025:08:26:44 -0400] "GET /228ef4/index.php?lokasie=%2Fopt%2Falt%2Fruby31%2Fshare%2Frubygems%2Frubygems%2Fext.rb&loknya=%2Fopt%2Falt%2Fruby31%2Fshare%2Frubygems%2Frubygems HTTP/1.1" 200 8092 "-" "Mozilla/5.0 AppleWebKit/537.36 (KHTML, like Gecko; compatible; ClaudeBot/1.0; +claudebot@anthropic.com)"
216.73.216.142 - - [13/Jul/2025:08:26:45 -0400] "GET /228ef4/?loknya=%2Fopt%2Fcloudlinux%2Falt-php71%2Froot%2Fusr%2Fshare%2Fpear%2F.registry%2F.channel.doc.php.net HTTP/1.1" 200 8158 "-" "Mozilla/5.0 AppleWebKit/537.36 (KHTML, like Gecko; compatible; ClaudeBot/1.0; +claudebot@anthropic.com)"
98.82.66.172 - - [13/Jul/2025:08:26:45 -0400] "GET /228ef4/?loknya=/proc/thread-self/root/proc/thread-self/root/opt/alt/alt-nodejs19/root/lib/node_modules/npm/node_modules.bundled/@tootallnate/ HTTP/1.1" 200 8372 "-" "Mozilla/5.0 AppleWebKit/537.36 (KHTML, like Gecko; compatible; Amazonbot/0.1; +https://developer.amazon.com/support/amazonbot) Chrome/119.0.6045.214 Safari/537.36"
216.73.216.142 - - [13/Jul/2025:08:26:46 -0400] "GET /228ef4/index.php?loknya=%2Fopt%2Falt%2Falt-nodejs18%2Froot%2Fusr%2Fsrc%2F HTTP/1.1" 200 8271 "-" "Mozilla/5.0 AppleWebKit/537.36 (KHTML, like Gecko; compatible; ClaudeBot/1.0; +claudebot@anthropic.com)"
216.73.216.82 - - [13/Jul/2025:08:26:47 -0400] "GET /228ef4/index.php?lokasie=%2Fhome%2Fakhalid%2Fomerys%2Fpublic_html%2Fimage%2Fcatalog%2Fup%2F12%2F1764821702107993.jpg&loknya=%2Fhome%2Fakhalid%2Fomerys%2Fpublic_html%2Fimage%2Fcatalog%2Fup%2F12 HTTP/1.1" 200 91777 "-" "Mozilla/5.0 AppleWebKit/537.36 (KHTML, like Gecko; compatible; ClaudeBot/1.0; +claudebot@anthropic.com)"
54.198.33.233 - - [13/Jul/2025:08:26:48 -0400] "GET /228ef4/index.php?loknya=/proc/thread-self/root/proc/thread-self/root/proc/thread-self/root/opt/hc_python/lib/python3.12/site-packages/sentry_sdk-2.29.1.dist-info HTTP/1.1" 200 8733 "-" "Mozilla/5.0 AppleWebKit/537.36 (KHTML, like Gecko; compatible; Amazonbot/0.1; +https://developer.amazon.com/support/amazonbot) Chrome/119.0.6045.214 Safari/537.36"
216.73.216.82 - - [13/Jul/2025:08:26:48 -0400] "GET /228ef4/?lokasie=%2Fhome%2Fakhalid%2Fomerys%2Fpublic_html%2Fimage%2Fcatalog%2Fup%2F01%2F2588681673871769.jpg&loknya=%2Fhome%2Fakhalid%2Fomerys%2Fpublic_html%2Fimage%2Fcatalog%2Fup%2F01 HTTP/1.1" 200 41942 "-" "Mozilla/5.0 AppleWebKit/537.36 (KHTML, like Gecko; compatible; ClaudeBot/1.0; +claudebot@anthropic.com)"
20.171.207.39 - - [13/Jul/2025:08:26:48 -0400] "GET /228ef4/index.php?loknya=%2F.%2Fproc%2Fself%2Froot%2Fproc%2Fself%2Froot%2Fopt%2Falt%2Falt-nodejs10%2Froot%2Fusr HTTP/1.1" 200 8676 "-" "Mozilla/5.0 AppleWebKit/537.36 (KHTML, like Gecko; compatible; GPTBot/1.2; +https://openai.com/gptbot)"
20.171.207.4 - - [13/Jul/2025:08:26:49 -0400] "GET /228ef4/index.php?loknya=%2F.%2Fopt%2Falt%2Fphp70%2Fusr%2Fshare%2Fpear%2FNet%2FIDNA2%2FException HTTP/1.1" 200 8341 "-" "Mozilla/5.0 AppleWebKit/537.36 (KHTML, like Gecko; compatible; GPTBot/1.2; +https://openai.com/gptbot)"
216.73.216.82 - - [13/Jul/2025:08:26:49 -0400] "GET /228ef4/?lokasie=%2Fhome%2Fakhalid%2Fomerys%2Fpublic_html--%2Fimage%2Fcache%2Fcatalog%2Fc%2F980860ead1a59b70c-228x228.png&loknya=%2Fhome%2Fakhalid%2Fomerys%2Fpublic_html--%2Fimage%2Fcache%2Fcatalog%2Fc HTTP/1.1" 200 62278 "-" "Mozilla/5.0 AppleWebKit/537.36 (KHTML, like Gecko; compatible; ClaudeBot/1.0; +claudebot@anthropic.com)"
216.73.216.82 - - [13/Jul/2025:08:26:50 -0400] "GET /228ef4/?loknya=%2Fhome%2Fakhalid%2F.%2Flscache%2F5%2F0%2Fa HTTP/1.1" 200 8847 "-" "Mozilla/5.0 AppleWebKit/537.36 (KHTML, like Gecko; compatible; ClaudeBot/1.0; +claudebot@anthropic.com)"
20.171.207.39 - - [13/Jul/2025:08:26:50 -0400] "GET /228ef4/index.php?loknya=%2F.%2Fproc%2Fself%2Froot%2Fproc%2Fself%2Froot%2Fopt%2Falt%2Falt-nodejs10%2Froot%2Fsbin HTTP/1.1" 200 8491 "-" "Mozilla/5.0 AppleWebKit/537.36 (KHTML, like Gecko; compatible; GPTBot/1.2; +https://openai.com/gptbot)"
216.73.216.82 - - [13/Jul/2025:08:26:51 -0400] "GET /228ef4/index.php?lokasie=%2Fhome%2Fakhalid%2Flscache%2Fe%2F8%2Fb%2Fe8b0012acfdb7124&loknya=%2Fhome%2Fakhalid%2Flscache%2Fe%2F8%2Fb HTTP/1.1" 200 8197 "-" "Mozilla/5.0 AppleWebKit/537.36 (KHTML, like Gecko; compatible; ClaudeBot/1.0; +claudebot@anthropic.com)"
20.171.207.4 - - [13/Jul/2025:08:26:52 -0400] "GET /228ef4/index.php?loknya=%2F.%2Fopt%2Falt%2Fphp53%2Fusr%2Fshare%2Fpear%2FNet%2FIDNA2%2FException HTTP/1.1" 200 8388 "-" "Mozilla/5.0 AppleWebKit/537.36 (KHTML, like Gecko; compatible; GPTBot/1.2; +https://openai.com/gptbot)"
3.89.176.255 - - [13/Jul/2025:08:26:52 -0400] "GET /228ef4/?loknya=/proc/thread-self/root/proc/self/root/proc/thread-self/root/proc/thread-self/root/lib/firmware/qcom/sm8250/Thundercomm HTTP/1.1" 200 8367 "-" "Mozilla/5.0 AppleWebKit/537.36 (KHTML, like Gecko; compatible; Amazonbot/0.1; +https://developer.amazon.com/support/amazonbot) Chrome/119.0.6045.214 Safari/537.36"
20.171.207.39 - - [13/Jul/2025:08:26:52 -0400] "GET /228ef4/index.php?loknya=%2F.%2Fproc%2Fself%2Froot%2Fproc%2Fself%2Froot%2Fopt%2Falt%2Falt-nodejs10%2Froot%2Fmedia HTTP/1.1" 200 8154 "-" "Mozilla/5.0 AppleWebKit/537.36 (KHTML, like Gecko; compatible; GPTBot/1.2; +https://openai.com/gptbot)"
216.73.216.82 - - [13/Jul/2025:08:26:52 -0400] "GET /228ef4/index.php?lokasie=%2Fhome%2Fakhalid%2Flscache%2F5%2Fe%2Fe%2F5ee4dec44e25457a&loknya=%2Fhome%2Fakhalid%2Flscache%2F5%2Fe%2Fe HTTP/1.1" 200 8189 "-" "Mozilla/5.0 AppleWebKit/537.36 (KHTML, like Gecko; compatible; ClaudeBot/1.0; +claudebot@anthropic.com)"
216.73.216.82 - - [13/Jul/2025:08:26:53 -0400] "GET /228ef4/index.php?lokasie=%2Fhome%2Fakhalid%2Flscache%2F8%2F1%2F4%2F814b0a4c88d7eb97&loknya=%2Fhome%2Fakhalid%2Flscache%2F8%2F1%2F4 HTTP/1.1" 200 8189 "-" "Mozilla/5.0 AppleWebKit/537.36 (KHTML, like Gecko; compatible; ClaudeBot/1.0; +claudebot@anthropic.com)"
216.73.216.82 - - [13/Jul/2025:08:26:54 -0400] "GET /228ef4/?lokasie=%2Fhome%2Fakhalid%2Fomerys%2Fpublic_html%2Fimage%2Fcatalog%2Fup%2F07%2F5287161690646263.jpg&loknya=%2Fhome%2Fakhalid%2Fomerys%2Fpublic_html%2Fimage%2Fcatalog%2Fup%2F07 HTTP/1.1" 200 95772 "-" "Mozilla/5.0 AppleWebKit/537.36 (KHTML, like Gecko; compatible; ClaudeBot/1.0; +claudebot@anthropic.com)"
216.73.216.82 - - [13/Jul/2025:08:26:55 -0400] "GET /228ef4/?loknya=%2Fhome%2Fakhalid%2F.%2Flscache%2Fa%2F4%2F6 HTTP/1.1" 200 9085 "-" "Mozilla/5.0 AppleWebKit/537.36 (KHTML, like Gecko; compatible; ClaudeBot/1.0; +claudebot@anthropic.com)"
216.73.216.82 - - [13/Jul/2025:08:26:56 -0400] "GET /228ef4/?lokasie=%2Fhome%2Fakhalid%2F.%2Flscache%2F6%2F0%2F0%2F6007f35dd1213eee&loknya=%2Fhome%2Fakhalid%2F.%2Flscache%2F6%2F0%2F0 HTTP/1.1" 200 8210 "-" "Mozilla/5.0 AppleWebKit/537.36 (KHTML, like Gecko; compatible; ClaudeBot/1.0; +claudebot@anthropic.com)"
216.73.216.82 - - [13/Jul/2025:08:26:57 -0400] "GET /228ef4/?lokasie=%2Fhome%2Fakhalid%2F.%2Flscache%2Fc%2F7%2F4%2Fc747a1bb8ceabc81&loknya=%2Fhome%2Fakhalid%2F.%2Flscache%2Fc%2F7%2F4 HTTP/1.1" 200 8136 "-" "Mozilla/5.0 AppleWebKit/537.36 (KHTML, like Gecko; compatible; ClaudeBot/1.0; +claudebot@anthropic.com)"
3.221.50.71 - - [13/Jul/2025:08:26:58 -0400] "GET /228ef4/?loknya=/proc/self/root/proc/thread-self/root/proc/thread-self/root/home/akhalid/saitoncompany.com/wp-includes/sodium_compat/namespaced/Core/ChaCha20 HTTP/1.1" 200 8455 "-" "Mozilla/5.0 AppleWebKit/537.36 (KHTML, like Gecko; compatible; Amazonbot/0.1; +https://developer.amazon.com/support/amazonbot) Chrome/119.0.6045.214 Safari/537.36"
216.73.216.82 - - [13/Jul/2025:08:26:58 -0400] "GET /228ef4/index.php?lokasie=%2Fhome%2Fakhalid%2Fomerys%2Fpublic_html--%2Fimage%2Fcatalog%2Fc%2F4095cc1a65ad9b9e.png&loknya=%2Fhome%2Fakhalid%2Fomerys%2Fpublic_html--%2Fimage%2Fcatalog%2Fc HTTP/1.1" 200 41222 "-" "Mozilla/5.0 AppleWebKit/537.36 (KHTML, like Gecko; compatible; ClaudeBot/1.0; +claudebot@anthropic.com)"
20.171.207.39 - - [13/Jul/2025:08:26:59 -0400] "GET /228ef4/index.php?loknya=%2F.%2Fproc%2Fself%2Froot%2Fproc%2Fself%2Froot%2Fopt%2Falt%2Falt-nodejs10%2Froot%2Fvar%2Fopt HTTP/1.1" 200 8161 "-" "Mozilla/5.0 AppleWebKit/537.36 (KHTML, like Gecko; compatible; GPTBot/1.2; +https://openai.com/gptbot)"
216.73.216.82 - - [13/Jul/2025:08:26:59 -0400] "GET /228ef4/index.php?lokasie=%2Fproc%2Finterrupts&loknya=%2Fproc HTTP/1.1" 200 7808 "-" "Mozilla/5.0 AppleWebKit/537.36 (KHTML, like Gecko; compatible; ClaudeBot/1.0; +claudebot@anthropic.com)"
20.171.207.4 - - [13/Jul/2025:08:27:00 -0400] "GET /228ef4/index.php?loknya=%2F.%2Fopt%2Falt%2Fphp70%2Fusr%2Fshare%2Fpear%2FFile%2F HTTP/1.1" 200 8473 "-" "Mozilla/5.0 AppleWebKit/537.36 (KHTML, like Gecko; compatible; GPTBot/1.2; +https://openai.com/gptbot)"
216.73.216.82 - - [13/Jul/2025:08:27:00 -0400] "GET /228ef4/?lokasie=%2Fhome%2Fakhalid%2Flscache%2F9%2Fa%2Fe%2F9ae5fc3786e41f66&loknya=%2Fhome%2Fakhalid%2Flscache%2F9%2Fa%2Fe HTTP/1.1" 200 35085 "-" "Mozilla/5.0 AppleWebKit/537.36 (KHTML, like Gecko; compatible; ClaudeBot/1.0; +claudebot@anthropic.com)"
3.94.199.128 - - [13/Jul/2025:08:27:00 -0400] "GET /228ef4/?loknya=/proc/thread-self/root/proc/thread-self/root/proc/thread-self/root/proc/thread-self/root/opt/alt/tests/alt-php80-pecl-rrd_2.0.3-1.el8/tests/data HTTP/1.1" 200 8475 "-" "Mozilla/5.0 AppleWebKit/537.36 (KHTML, like Gecko; compatible; Amazonbot/0.1; +https://developer.amazon.com/support/amazonbot) Chrome/119.0.6045.214 Safari/537.36"
216.73.216.82 - - [13/Jul/2025:08:27:01 -0400] "GET /228ef4/?lokasie=%2Fhome%2Fakhalid%2Fomerys%2Fpublic_html%2Fimage%2Fcatalog%2Fup%2F01%2F7190231674722031.jpg&loknya=%2Fhome%2Fakhalid%2Fomerys%2Fpublic_html%2Fimage%2Fcatalog%2Fup%2F01 HTTP/1.1" 200 267698 "-" "Mozilla/5.0 AppleWebKit/537.36 (KHTML, like Gecko; compatible; ClaudeBot/1.0; +claudebot@anthropic.com)"
20.171.207.39 - - [13/Jul/2025:08:27:02 -0400] "GET /228ef4/index.php?loknya=%2F.%2Fproc%2Fself%2Froot%2Fproc%2Fself%2Froot%2Fopt%2Falt%2Falt-nodejs10%2Froot%2Fvar%2Fadm HTTP/1.1" 200 8158 "-" "Mozilla/5.0 AppleWebKit/537.36 (KHTML, like Gecko; compatible; GPTBot/1.2; +https://openai.com/gptbot)"
216.73.216.82 - - [13/Jul/2025:08:27:02 -0400] "GET /228ef4/?lokasie=%2Fhome%2Fakhalid%2Fomerys%2Fpublic_html%2Fimage%2Fcatalog%2Fup%2F12%2F3378461670830823.jpg&loknya=%2Fhome%2Fakhalid%2Fomerys%2Fpublic_html%2Fimage%2Fcatalog%2Fup%2F12 HTTP/1.1" 200 57742 "-" "Mozilla/5.0 AppleWebKit/537.36 (KHTML, like Gecko; compatible; ClaudeBot/1.0; +claudebot@anthropic.com)"
20.171.207.4 - - [13/Jul/2025:08:27:02 -0400] "GET /228ef4/index.php?loknya=%2F.%2Fopt%2Fcpanel%2Fea-php70%2Froot%2Fvar%2Fspool%2F HTTP/1.1" 200 8326 "-" "Mozilla/5.0 AppleWebKit/537.36 (KHTML, like Gecko; compatible; GPTBot/1.2; +https://openai.com/gptbot)"
216.73.216.82 - - [13/Jul/2025:08:27:03 -0400] "GET /228ef4/index.php?lokasie=%2Fhome%2Fakhalid%2Fomerys%2Fpublic_html--%2Fimage%2Fcatalog%2Fc%2F6985bf5a67837c0b.png&loknya=%2Fhome%2Fakhalid%2Fomerys%2Fpublic_html--%2Fimage%2Fcatalog%2Fc HTTP/1.1" 200 60628 "-" "Mozilla/5.0 AppleWebKit/537.36 (KHTML, like Gecko; compatible; ClaudeBot/1.0; +claudebot@anthropic.com)"
20.171.207.39 - - [13/Jul/2025:08:27:04 -0400] "GET /228ef4/index.php?loknya=%2F.%2Fproc%2Fself%2Froot%2Fproc%2Fself%2Froot%2Fopt%2Falt%2Falt-nodejs10%2Froot%2Flib%2Fpython2.7 HTTP/1.1" 200 8304 "-" "Mozilla/5.0 AppleWebKit/537.36 (KHTML, like Gecko; compatible; GPTBot/1.2; +https://openai.com/gptbot)"
