34.44.103.65 - - [13/Jul/2025:09:47:39 -0400] "GET /wp-content/plugins/wcf-addons-pro/assets/js/wcf-addons-pro.js?ver=6.8 HTTP/1.1" 304 0 "https://dangroup.sa/" "Mozilla/5.0 (Macintosh; Intel Mac OS X 10_7_3) AppleWebKit/534.55.3 (KHTML, like Gecko) Version/5.1.3 Safari/534.53.10"
34.44.103.65 - - [13/Jul/2025:09:47:39 -0400] "GET /wp-content/plugins/elementor-pro/assets/js/elements-handlers.min.js?ver=3.29.1 HTTP/1.1" 304 0 "https://dangroup.sa/" "Mozilla/5.0 (Macintosh; Intel Mac OS X 10_7_3) AppleWebKit/534.55.3 (KHTML, like Gecko) Version/5.1.3 Safari/534.53.10"
34.44.103.65 - - [13/Jul/2025:09:47:39 -0400] "GET /wp-content/plugins/elementor/assets/js/frontend-modules.min.js?ver=3.28.4 HTTP/1.1" 304 0 "https://dangroup.sa/" "Mozilla/5.0 (Macintosh; Intel Mac OS X 10_7_3) AppleWebKit/534.55.3 (KHTML, like Gecko) Version/5.1.3 Safari/534.53.10"
34.44.103.65 - - [13/Jul/2025:09:47:39 -0400] "GET /wp-content/plugins/wp-consent-api/assets/js/wp-consent-api.min.js?ver=1.0.8 HTTP/1.1" 304 0 "https://dangroup.sa/" "Mozilla/5.0 (Macintosh; Intel Mac OS X 10_7_3) AppleWebKit/534.55.3 (KHTML, like Gecko) Version/5.1.3 Safari/534.53.10"
34.44.103.65 - - [13/Jul/2025:09:47:39 -0400] "GET /wp-includes/js/dist/hooks.min.js?ver=4d63a3d491d11ffd8ac6 HTTP/1.1" 304 0 "https://dangroup.sa/" "Mozilla/5.0 (Macintosh; Intel Mac OS X 10_7_3) AppleWebKit/534.55.3 (KHTML, like Gecko) Version/5.1.3 Safari/534.53.10"
34.44.103.65 - - [13/Jul/2025:09:47:39 -0400] "GET /wp-content/plugins/contact-form-7/includes/swv/js/index.js?ver=5.9.8 HTTP/1.1" 304 0 "https://dangroup.sa/" "Mozilla/5.0 (Macintosh; Intel Mac OS X 10_7_3) AppleWebKit/534.55.3 (KHTML, like Gecko) Version/5.1.3 Safari/534.53.10"
34.44.103.65 - - [13/Jul/2025:09:47:39 -0400] "GET /wp-content/themes/arolax/assets/js/bootstrap.bundle.min.js?ver=2 HTTP/1.1" 304 0 "https://dangroup.sa/" "Mozilla/5.0 (Macintosh; Intel Mac OS X 10_7_3) AppleWebKit/534.55.3 (KHTML, like Gecko) Version/5.1.3 Safari/534.53.10"
34.44.103.65 - - [13/Jul/2025:09:47:39 -0400] "GET /wp-content/plugins/extension-for-animation-addons/assets/lib/ScrollTrigger.min.js?ver=6.8 HTTP/1.1" 200 16164 "https://dangroup.sa/" "Mozilla/5.0 (Macintosh; Intel Mac OS X 10_7_3) AppleWebKit/534.55.3 (KHTML, like Gecko) Version/5.1.3 Safari/534.53.10"
34.44.103.65 - - [13/Jul/2025:09:47:39 -0400] "GET /wp-includes/js/jquery/ui/core.min.js?ver=1.13.3 HTTP/1.1" 200 6812 "https://dangroup.sa/" "Mozilla/5.0 (Macintosh; Intel Mac OS X 10_7_3) AppleWebKit/534.55.3 (KHTML, like Gecko) Version/5.1.3 Safari/534.53.10"
34.44.103.65 - - [13/Jul/2025:09:47:39 -0400] "GET /wp-content/plugins/animation-addons-for-elementor/assets/js/widgets/slider.min.js?ver=6.8 HTTP/1.1" 304 0 "https://dangroup.sa/" "Mozilla/5.0 (Macintosh; Intel Mac OS X 10_7_3) AppleWebKit/534.55.3 (KHTML, like Gecko) Version/5.1.3 Safari/534.53.10"
34.44.103.65 - - [13/Jul/2025:09:47:39 -0400] "GET /wp-content/plugins/animation-addons-for-elementor/assets/js/wcf-addons.min.js?ver=6.8 HTTP/1.1" 304 0 "https://dangroup.sa/" "Mozilla/5.0 (Macintosh; Intel Mac OS X 10_7_3) AppleWebKit/534.55.3 (KHTML, like Gecko) Version/5.1.3 Safari/534.53.10"
34.44.103.65 - - [13/Jul/2025:09:47:39 -0400] "GET /wp-content/plugins/elementor-pro/assets/js/webpack-pro.runtime.min.js?ver=3.29.1 HTTP/1.1" 304 0 "https://dangroup.sa/" "Mozilla/5.0 (Macintosh; Intel Mac OS X 10_7_3) AppleWebKit/534.55.3 (KHTML, like Gecko) Version/5.1.3 Safari/534.53.10"
34.44.103.65 - - [13/Jul/2025:09:47:39 -0400] "GET /wp-content/plugins/elementor/assets/lib/swiper/v8/swiper.min.js?ver=8.4.5 HTTP/1.1" 304 0 "https://dangroup.sa/" "Mozilla/5.0 (Macintosh; Intel Mac OS X 10_7_3) AppleWebKit/534.55.3 (KHTML, like Gecko) Version/5.1.3 Safari/534.53.10"
34.44.103.65 - - [13/Jul/2025:09:47:39 -0400] "GET /wp-content/plugins/wcf-addons-pro/assets/js/advance-slider-effects.js?ver=6.8 HTTP/1.1" 304 0 "https://dangroup.sa/" "Mozilla/5.0 (Macintosh; Intel Mac OS X 10_7_3) AppleWebKit/534.55.3 (KHTML, like Gecko) Version/5.1.3 Safari/534.53.10"
34.44.103.65 - - [13/Jul/2025:09:47:39 -0400] "GET /wp-content/plugins/elementor/assets/lib/jquery-numerator/jquery-numerator.min.js?ver=0.2.1 HTTP/1.1" 304 0 "https://dangroup.sa/" "Mozilla/5.0 (Macintosh; Intel Mac OS X 10_7_3) AppleWebKit/534.55.3 (KHTML, like Gecko) Version/5.1.3 Safari/534.53.10"
34.44.103.65 - - [13/Jul/2025:09:47:39 -0400] "GET /wp-content/plugins/chaty/js/cht-front-script.min.js?ver=3.4.21748763706 HTTP/1.1" 304 0 "https://dangroup.sa/" "Mozilla/5.0 (Macintosh; Intel Mac OS X 10_7_3) AppleWebKit/534.55.3 (KHTML, like Gecko) Version/5.1.3 Safari/534.53.10"
34.44.103.65 - - [13/Jul/2025:09:47:39 -0400] "GET /wp-content/plugins/elementor/assets/js/frontend.min.js?ver=3.28.4 HTTP/1.1" 304 0 "https://dangroup.sa/" "Mozilla/5.0 (Macintosh; Intel Mac OS X 10_7_3) AppleWebKit/534.55.3 (KHTML, like Gecko) Version/5.1.3 Safari/534.53.10"
34.44.103.65 - - [13/Jul/2025:09:47:39 -0400] "GET /wp-content/uploads/2024/11/Group-101.png HTTP/1.1" 200 9131 "https://dangroup.sa/" "Mozilla/5.0 (Macintosh; Intel Mac OS X 10_7_3) AppleWebKit/534.55.3 (KHTML, like Gecko) Version/5.1.3 Safari/534.53.10"
34.44.103.65 - - [13/Jul/2025:09:47:39 -0400] "GET /wp-content/plugins/google-site-kit/dist/assets/js/googlesitekit-events-provider-contact-form-7-84e9a1056bc4922b7cbd.js HTTP/1.1" 304 0 "https://dangroup.sa/" "Mozilla/5.0 (Macintosh; Intel Mac OS X 10_7_3) AppleWebKit/534.55.3 (KHTML, like Gecko) Version/5.1.3 Safari/534.53.10"
34.44.103.65 - - [13/Jul/2025:09:47:39 -0400] "GET /wp-content/uploads/2024/11/Group-73.png HTTP/1.1" 200 12575 "https://dangroup.sa/" "Mozilla/5.0 (Macintosh; Intel Mac OS X 10_7_3) AppleWebKit/534.55.3 (KHTML, like Gecko) Version/5.1.3 Safari/534.53.10"
34.44.103.65 - - [13/Jul/2025:09:47:40 -0400] "GET /wp-includes/js/wp-emoji-release.min.js?ver=6.8 HTTP/1.1" 304 0 "https://dangroup.sa/" "Mozilla/5.0 (Macintosh; Intel Mac OS X 10_7_3) AppleWebKit/534.55.3 (KHTML, like Gecko) Version/5.1.3 Safari/534.53.10"
34.44.103.65 - - [13/Jul/2025:09:47:40 -0400] "GET /wp-content/plugins/elementor/assets/js/text-editor.c084ef86600b6f11690d.bundle.min.js HTTP/1.1" 304 0 "https://dangroup.sa/" "Mozilla/5.0 (Macintosh; Intel Mac OS X 10_7_3) AppleWebKit/534.55.3 (KHTML, like Gecko) Version/5.1.3 Safari/534.53.10"
136.243.228.194 - - [13/Jul/2025:09:47:33 -0400] "GET /items/yxnkk115/19165?key=offensive HTTP/1.1" 404 23126 "-" "Mozilla/5.0 (compatible; DataForSeoBot/1.0; +https://dataforseo.com/dataforseo-bot)"
20.171.207.193 - - [13/Jul/2025:09:47:41 -0400] "GET /298tbqhq14503.html HTTP/1.1" 404 23126 "-" "Mozilla/5.0 AppleWebKit/537.36 (KHTML, like Gecko; compatible; GPTBot/1.2; +https://openai.com/gptbot)"
136.243.228.194 - - [13/Jul/2025:09:47:49 -0400] "GET /194tvjdw1155.html HTTP/1.1" 404 23126 "-" "Mozilla/5.0 (compatible; DataForSeoBot/1.0; +https://dataforseo.com/dataforseo-bot)"
34.44.103.65 - - [13/Jul/2025:09:47:40 -0400] "GET /wp-content/uploads/2024/12/dan_1.mp4 HTTP/1.1" 200 76810005 "https://dangroup.sa/" "Mozilla/5.0 (Macintosh; Intel Mac OS X 10_7_3) AppleWebKit/534.55.3 (KHTML, like Gecko) Version/5.1.3 Safari/534.53.10"
136.243.228.194 - - [13/Jul/2025:09:48:01 -0400] "GET /208dlqz48329.html HTTP/1.1" 404 23128 "-" "Mozilla/5.0 (compatible; DataForSeoBot/1.0; +https://dataforseo.com/dataforseo-bot)"
136.243.228.194 - - [13/Jul/2025:09:48:10 -0400] "GET /147qco29944.html HTTP/1.1" 404 23126 "-" "Mozilla/5.0 (compatible; DataForSeoBot/1.0; +https://dataforseo.com/dataforseo-bot)"
34.44.103.65 - - [13/Jul/2025:09:48:13 -0400] "GET / HTTP/1.1" 200 33219 "-" "Mozilla/5.0 (Linux; Android 5.1.1; Coolpad 3622A Build/LMY47V) AppleWebKit/537.36 (KHTML, like Gecko) Chrome/58.0.3029.83 Mobile Safari/537.36"
136.243.228.194 - - [13/Jul/2025:09:48:17 -0400] "GET /54jufwy20043.html HTTP/1.1" 404 23128 "-" "Mozilla/5.0 (compatible; DataForSeoBot/1.0; +https://dataforseo.com/dataforseo-bot)"
66.29.146.47 - - [13/Jul/2025:09:48:46 -0400] "POST /wp-cron.php?doing_wp_cron=1752414526.3436920642852783203125 HTTP/1.1" 403 1242 "-" "WordPress/6.8; https://dangroup.sa"
136.243.228.194 - - [13/Jul/2025:09:48:34 -0400] "GET /items/reqne173/23575?key=digital HTTP/1.1" 404 23126 "-" "Mozilla/5.0 (compatible; DataForSeoBot/1.0; +https://dataforseo.com/dataforseo-bot)"
20.171.207.193 - - [13/Jul/2025:09:48:43 -0400] "GET /241oxucs32522.html HTTP/1.1" 404 23127 "-" "Mozilla/5.0 AppleWebKit/537.36 (KHTML, like Gecko; compatible; GPTBot/1.2; +https://openai.com/gptbot)"
136.243.228.194 - - [13/Jul/2025:09:48:49 -0400] "GET /items/wgctb196/6016?key=steep HTTP/1.1" 404 23126 "-" "Mozilla/5.0 (compatible; DataForSeoBot/1.0; +https://dataforseo.com/dataforseo-bot)"
136.243.228.194 - - [13/Jul/2025:09:49:03 -0400] "GET /138rrtgr19943.html HTTP/1.1" 404 23126 "-" "Mozilla/5.0 (compatible; DataForSeoBot/1.0; +https://dataforseo.com/dataforseo-bot)"
34.44.103.65 - - [13/Jul/2025:09:49:04 -0400] "GET / HTTP/1.1" 200 33219 "-" "Mozilla/4.0 (compatible; MSIE 6.0; Windows CE; IEMobile 6.12; Microsoft ZuneHD 4.3)"
136.243.228.194 - - [13/Jul/2025:09:49:13 -0400] "GET /items/tvhxi135/25847?key=potentially HTTP/1.1" 404 23128 "-" "Mozilla/5.0 (compatible; DataForSeoBot/1.0; +https://dataforseo.com/dataforseo-bot)"
136.243.228.194 - - [13/Jul/2025:09:49:21 -0400] "GET /137nkmd23924.html HTTP/1.1" 404 23126 "-" "Mozilla/5.0 (compatible; DataForSeoBot/1.0; +https://dataforseo.com/dataforseo-bot)"
136.243.228.194 - - [13/Jul/2025:09:49:30 -0400] "GET /items/yzjyu6/464?key=constitutional HTTP/1.1" 404 23126 "-" "Mozilla/5.0 (compatible; DataForSeoBot/1.0; +https://dataforseo.com/dataforseo-bot)"
66.29.146.47 - - [13/Jul/2025:09:49:51 -0400] "POST /wp-cron.php?doing_wp_cron=1752414590.7382988929748535156250 HTTP/1.1" 403 1242 "-" "WordPress/6.8; https://dangroup.sa"
34.44.103.65 - - [13/Jul/2025:09:49:44 -0400] "GET / HTTP/1.1" 200 0 "-" "python-requests/2.32.3"
20.171.207.193 - - [13/Jul/2025:09:49:49 -0400] "GET /216fbsci34325.html HTTP/1.1" 404 23126 "-" "Mozilla/5.0 AppleWebKit/537.36 (KHTML, like Gecko; compatible; GPTBot/1.2; +https://openai.com/gptbot)"
136.243.228.194 - - [13/Jul/2025:09:50:22 -0400] "GET /252wwnjz11379.html HTTP/1.1" 404 23126 "-" "Mozilla/5.0 (compatible; DataForSeoBot/1.0; +https://dataforseo.com/dataforseo-bot)"
2a02:598:128:8a00::b00:5 - - [13/Jul/2025:09:50:25 -0400] "GET /32wswrg48523.html HTTP/1.1" 200 0 "-" "Mozilla/5.0 (compatible; SeznamBot/4.0; +https://o-seznam.cz/napoveda/vyhledavani/en/seznambot-crawler/)"
136.243.228.194 - - [13/Jul/2025:09:50:32 -0400] "GET /items/kmnjb172/32046?key=suspicion HTTP/1.1" 404 23126 "-" "Mozilla/5.0 (compatible; DataForSeoBot/1.0; +https://dataforseo.com/dataforseo-bot)"
136.243.228.194 - - [13/Jul/2025:09:50:42 -0400] "GET /220wady45095.html HTTP/1.1" 404 23126 "-" "Mozilla/5.0 (compatible; DataForSeoBot/1.0; +https://dataforseo.com/dataforseo-bot)"
66.29.146.47 - - [13/Jul/2025:09:50:52 -0400] "POST /wp-cron.php?doing_wp_cron=1752414651.9396979808807373046875 HTTP/1.1" 403 1242 "-" "WordPress/6.8; https://dangroup.sa"
66.29.146.47 - - [13/Jul/2025:09:50:52 -0400] "POST /wp-cron.php?doing_wp_cron=1752414652.2582750320434570312500 HTTP/1.1" 403 1242 "-" "WordPress/6.8; https://dangroup.sa"
136.243.228.194 - - [13/Jul/2025:09:50:51 -0400] "GET /items/uleqe216/49922?key=confront HTTP/1.1" 404 23126 "-" "Mozilla/5.0 (compatible; DataForSeoBot/1.0; +https://dataforseo.com/dataforseo-bot)"
20.171.207.193 - - [13/Jul/2025:09:50:51 -0400] "GET /227wzhnu24600.html HTTP/1.1" 404 23126 "-" "Mozilla/5.0 AppleWebKit/537.36 (KHTML, like Gecko; compatible; GPTBot/1.2; +https://openai.com/gptbot)"
66.249.68.130 - - [13/Jul/2025:09:51:05 -0400] "GET / HTTP/1.1" 200 87043 "-" "Mozilla/5.0 (Linux; Android 6.0.1; Nexus 5X Build/MMB29P) AppleWebKit/537.36 (KHTML, like Gecko) Chrome/137.0.7151.103 Mobile Safari/537.36 (compatible; Googlebot/2.1; +http://www.google.com/bot.html)"
136.243.228.194 - - [13/Jul/2025:09:51:05 -0400] "GET /29jqv24444.html HTTP/1.1" 404 23126 "-" "Mozilla/5.0 (compatible; DataForSeoBot/1.0; +https://dataforseo.com/dataforseo-bot)"
136.243.228.194 - - [13/Jul/2025:09:51:13 -0400] "GET /items/rwpbw189/25303?key=join HTTP/1.1" 404 23126 "-" "Mozilla/5.0 (compatible; DataForSeoBot/1.0; +https://dataforseo.com/dataforseo-bot)"
74.125.150.129 - - [13/Jul/2025:09:51:30 -0400] "GET /items/dfkgw38/41856 HTTP/1.1" 200 17 "-" "Mozilla/5.0 (Linux; Android 6.0.1; Nexus 5X Build/MMB29P) AppleWebKit/537.36 (KHTML, like Gecko) Chrome/137.0.7151.103 Mobile Safari/537.36 (compatible; AdsBot-Google-Mobile; +http://www.google.com/mobile/adsbot.html)"
136.243.228.194 - - [13/Jul/2025:09:51:24 -0400] "GET /items/csnov222/26262?key=dress HTTP/1.1" 404 23126 "-" "Mozilla/5.0 (compatible; DataForSeoBot/1.0; +https://dataforseo.com/dataforseo-bot)"
136.243.228.194 - - [13/Jul/2025:09:51:33 -0400] "GET /items/gpsls181/4961?key=entry HTTP/1.1" 404 23126 "-" "Mozilla/5.0 (compatible; DataForSeoBot/1.0; +https://dataforseo.com/dataforseo-bot)"
47.82.60.20 - - [13/Jul/2025:09:51:43 -0400] "GET /48taz4779.html HTTP/1.1" 404 23126 "https://dangroup.sa/48taz4779.html" "Mozilla/5.0 (Windows NT 10.0; Win64; x64) AppleWebKit/537.36 (KHTML, like Gecko) Chrome/114.0.0.0 Safari/537.36 Edg/114.0.1823.43"
136.243.228.194 - - [13/Jul/2025:09:51:44 -0400] "GET /items/vbahk152/41026?key=separate HTTP/1.1" 404 23126 "-" "Mozilla/5.0 (compatible; DataForSeoBot/1.0; +https://dataforseo.com/dataforseo-bot)"
66.29.146.47 - - [13/Jul/2025:09:51:56 -0400] "POST /wp-cron.php?doing_wp_cron=1752414716.0363008975982666015625 HTTP/1.1" 403 1242 "-" "WordPress/6.8; https://dangroup.sa"
20.171.207.193 - - [13/Jul/2025:09:51:55 -0400] "GET /128eoqvw27903.html HTTP/1.1" 404 23126 "-" "Mozilla/5.0 AppleWebKit/537.36 (KHTML, like Gecko; compatible; GPTBot/1.2; +https://openai.com/gptbot)"
136.243.228.194 - - [13/Jul/2025:09:51:56 -0400] "GET /116gqi5537.html HTTP/1.1" 404 23126 "-" "Mozilla/5.0 (compatible; DataForSeoBot/1.0; +https://dataforseo.com/dataforseo-bot)"
136.243.228.194 - - [13/Jul/2025:09:52:02 -0400] "GET /items/cditv22/2390?key=regulator HTTP/1.1" 404 23126 "-" "Mozilla/5.0 (compatible; DataForSeoBot/1.0; +https://dataforseo.com/dataforseo-bot)"
47.82.60.16 - - [13/Jul/2025:09:52:07 -0400] "GET /pcmypage?callback=product/review/first34-trusco-2314369 HTTP/1.1" 404 23126 "https://dangroup.sa/pcmypage?callback=product/review/first34-trusco-2314369" "Mozilla/5.0 (Windows NT 10.0; Win64; x64) AppleWebKit/537.36 (KHTML, like Gecko) Chrome/114.0.0.0 Safari/537.36 Edg/114.0.1823.43"
47.82.60.60 - - [13/Jul/2025:09:52:14 -0400] "GET /160cmb47619.html HTTP/1.1" 301 0 "https://www.dangroup.sa/160cmb47619.html" "Mozilla/5.0 (Windows NT 10.0; Win64; x64) AppleWebKit/537.36 (KHTML, like Gecko) Chrome/114.0.0.0 Safari/537.36 Edg/114.0.1823.43"
136.243.228.194 - - [13/Jul/2025:09:52:07 -0400] "GET /276sbvw29325.html HTTP/1.1" 404 23126 "-" "Mozilla/5.0 (compatible; DataForSeoBot/1.0; +https://dataforseo.com/dataforseo-bot)"
47.82.60.39 - - [13/Jul/2025:09:52:23 -0400] "GET /pcmypage?callback=product/detail/tuzukiya-n179-1851 HTTP/1.1" 301 0 "https://www.dangroup.sa/pcmypage?callback=product%2Fdetail%2Ftuzukiya-n179-1851" "Mozilla/5.0 (Windows NT 10.0; Win64; x64) AppleWebKit/537.36 (KHTML, like Gecko) Chrome/114.0.0.0 Safari/537.36 Edg/114.0.1823.43"
47.82.60.61 - - [13/Jul/2025:09:52:12 -0400] "GET /items/ojvqg283/44387?key=confirm HTTP/1.1" 404 23128 "https://dangroup.sa/items/ojvqg283/44387?key=confirm" "Mozilla/5.0 (Windows NT 10.0; Win64; x64) AppleWebKit/537.36 (KHTML, like Gecko) Chrome/114.0.0.0 Safari/537.36 Edg/114.0.1823.43"
136.243.228.194 - - [13/Jul/2025:09:52:19 -0400] "GET /63rzqf45886.html HTTP/1.1" 404 23126 "-" "Mozilla/5.0 (compatible; DataForSeoBot/1.0; +https://dataforseo.com/dataforseo-bot)"
47.82.60.60 - - [13/Jul/2025:09:52:17 -0400] "GET /160cmb47619.html HTTP/1.1" 404 23128 "https://www.dangroup.sa/160cmb47619.html" "Mozilla/5.0 (Windows NT 10.0; Win64; x64) AppleWebKit/537.36 (KHTML, like Gecko) Chrome/114.0.0.0 Safari/537.36 Edg/114.0.1823.43"
47.82.60.39 - - [13/Jul/2025:09:52:28 -0400] "GET /pcmypage?callback=product/detail/tuzukiya-n179-1851 HTTP/1.1" 404 23126 "https://www.dangroup.sa/pcmypage?callback=product%2Fdetail%2Ftuzukiya-n179-1851" "Mozilla/5.0 (Windows NT 10.0; Win64; x64) AppleWebKit/537.36 (KHTML, like Gecko) Chrome/114.0.0.0 Safari/537.36 Edg/114.0.1823.43"
136.243.228.194 - - [13/Jul/2025:09:52:35 -0400] "GET /items/kxeub70/8046?key=description HTTP/1.1" 404 23126 "-" "Mozilla/5.0 (compatible; DataForSeoBot/1.0; +https://dataforseo.com/dataforseo-bot)"
136.243.228.194 - - [13/Jul/2025:09:52:45 -0400] "GET /items/cfrnm296/36148?key=mall HTTP/1.1" 404 23126 "-" "Mozilla/5.0 (compatible; DataForSeoBot/1.0; +https://dataforseo.com/dataforseo-bot)"
47.82.60.12 - - [13/Jul/2025:09:52:51 -0400] "GET /items/jvoog108/17296?key=troubled HTTP/1.1" 404 23126 "https://dangroup.sa/items/jvoog108/17296?key=troubled" "Mozilla/5.0 (Windows NT 10.0; Win64; x64) AppleWebKit/537.36 (KHTML, like Gecko) Chrome/114.0.0.0 Safari/537.36 Edg/114.0.1823.43"
66.29.146.47 - - [13/Jul/2025:09:52:59 -0400] "POST /wp-cron.php?doing_wp_cron=1752414778.8452460765838623046875 HTTP/1.1" 403 1242 "-" "WordPress/6.8; https://dangroup.sa"
136.243.228.194 - - [13/Jul/2025:09:52:55 -0400] "GET /193dox13042.html HTTP/1.1" 404 23128 "-" "Mozilla/5.0 (compatible; DataForSeoBot/1.0; +https://dataforseo.com/dataforseo-bot)"
20.171.207.193 - - [13/Jul/2025:09:52:57 -0400] "GET /247jfdpf20152.html HTTP/1.1" 404 23126 "-" "Mozilla/5.0 AppleWebKit/537.36 (KHTML, like Gecko; compatible; GPTBot/1.2; +https://openai.com/gptbot)"
136.243.228.194 - - [13/Jul/2025:09:53:00 -0400] "GET /items/mzvkq155/35715?key=cheat HTTP/1.1" 404 23126 "-" "Mozilla/5.0 (compatible; DataForSeoBot/1.0; +https://dataforseo.com/dataforseo-bot)"
136.243.228.194 - - [13/Jul/2025:09:53:06 -0400] "GET /items/ozxak17/48837?key=Congress HTTP/1.1" 404 23128 "-" "Mozilla/5.0 (compatible; DataForSeoBot/1.0; +https://dataforseo.com/dataforseo-bot)"
66.249.68.131 - - [13/Jul/2025:09:53:11 -0400] "GET /robots.txt HTTP/1.1" 304 0 "-" "Mozilla/5.0 (compatible; Googlebot/2.1; +http://www.google.com/bot.html)"
47.82.60.34 - - [13/Jul/2025:09:53:08 -0400] "GET /items/xflze246/7192?key=ok HTTP/1.1" 404 23128 "https://dangroup.sa/items/xflze246/7192?key=ok" "Mozilla/5.0 (Windows NT 10.0; Win64; x64) AppleWebKit/537.36 (KHTML, like Gecko) Chrome/114.0.0.0 Safari/537.36 Edg/114.0.1823.43"
136.243.228.194 - - [13/Jul/2025:09:53:10 -0400] "GET /133hnh48094.html HTTP/1.1" 404 23126 "-" "Mozilla/5.0 (compatible; DataForSeoBot/1.0; +https://dataforseo.com/dataforseo-bot)"
47.82.60.21 - - [13/Jul/2025:09:53:16 -0400] "GET /pcmypage?callback=product/review/osusumeshop777-ds-2312521 HTTP/1.1" 404 23126 "https://dangroup.sa/pcmypage?callback=product/review/osusumeshop777-ds-2312521" "Mozilla/5.0 (Windows NT 10.0; Win64; x64) AppleWebKit/537.36 (KHTML, like Gecko) Chrome/114.0.0.0 Safari/537.36 Edg/114.0.1823.43"
136.243.228.194 - - [13/Jul/2025:09:53:21 -0400] "GET /254chs2785.html HTTP/1.1" 404 23126 "-" "Mozilla/5.0 (compatible; DataForSeoBot/1.0; +https://dataforseo.com/dataforseo-bot)"
136.243.228.194 - - [13/Jul/2025:09:53:30 -0400] "GET /51lpvb36442.html HTTP/1.1" 404 23126 "-" "Mozilla/5.0 (compatible; DataForSeoBot/1.0; +https://dataforseo.com/dataforseo-bot)"

Youez - 2016 - github.com/yon3zu
LinuXploit