66.249.74.15 - - [13/Jul/2025:10:17:36 -0400] "GET /q-~217fqoQBBWrBjTrxdf3QQm65RcSrEfSoR4334/ HTTP/1.1" 404 1251 "-" "Mozilla/5.0 (Linux; Android 6.0.1; Nexus 5X Build/MMB29P) AppleWebKit/537.36 (KHTML, like Gecko) Chrome/137.0.7151.103 Mobile Safari/537.36 (compatible; GoogleOther)"
66.249.74.15 - - [13/Jul/2025:10:17:45 -0400] "GET /items/lsqtf225/46535?key=organization HTTP/1.1" 404 1251 "-" "Mozilla/5.0 (Linux; Android 6.0.1; Nexus 5X Build/MMB29P) AppleWebKit/537.36 (KHTML, like Gecko) Chrome/137.0.7151.103 Mobile Safari/537.36 (compatible; GoogleOther)"
66.249.74.15 - - [13/Jul/2025:10:17:55 -0400] "GET /items/ykwje208/24116?key=terrific HTTP/1.1" 404 1251 "-" "Mozilla/5.0 (Linux; Android 6.0.1; Nexus 5X Build/MMB29P) AppleWebKit/537.36 (KHTML, like Gecko) Chrome/137.0.7151.103 Mobile Safari/537.36 (compatible; GoogleOther)"
66.249.74.15 - - [13/Jul/2025:10:18:04 -0400] "GET /q-~96li4kxMzyCcZCev3Qg7qOr8jH1g3OXG15297/ HTTP/1.1" 404 1251 "-" "Mozilla/5.0 (Linux; Android 6.0.1; Nexus 5X Build/MMB29P) AppleWebKit/537.36 (KHTML, like Gecko) Chrome/137.0.7151.103 Mobile Safari/537.36 (compatible; GoogleOther)"
66.249.74.1 - - [13/Jul/2025:10:18:08 -0400] "GET /q-~7XpRFhWfoiBL1AgJGmRNqeRo3uYHAuy13036/ HTTP/1.1" 404 1251 "-" "Mozilla/5.0 (Linux; Android 6.0.1; Nexus 5X Build/MMB29P) AppleWebKit/537.36 (KHTML, like Gecko) Chrome/137.0.7151.103 Mobile Safari/537.36 (compatible; GoogleOther)"
66.249.74.15 - - [13/Jul/2025:10:18:13 -0400] "GET /q-~42Tm5gDfT6KoP07s4y3KUhUw8UG6AJCS40813/ HTTP/1.1" 404 1251 "-" "Mozilla/5.0 (Linux; Android 6.0.1; Nexus 5X Build/MMB29P) AppleWebKit/537.36 (KHTML, like Gecko) Chrome/137.0.7151.103 Mobile Safari/537.36 (compatible; GoogleOther)"
66.249.74.15 - - [13/Jul/2025:10:18:22 -0400] "GET /q-~245CvQ77eyxDt1UvjuOUvaTa5K1iPcn2Z4670/ HTTP/1.1" 404 1251 "-" "Mozilla/5.0 (Linux; Android 6.0.1; Nexus 5X Build/MMB29P) AppleWebKit/537.36 (KHTML, like Gecko) Chrome/137.0.7151.103 Mobile Safari/537.36 (compatible; GoogleOther)"
66.249.74.15 - - [13/Jul/2025:10:18:32 -0400] "GET /items/zvjtk105/49309?key=resort HTTP/1.1" 404 1251 "-" "Mozilla/5.0 (Linux; Android 6.0.1; Nexus 5X Build/MMB29P) AppleWebKit/537.36 (KHTML, like Gecko) Chrome/137.0.7151.103 Mobile Safari/537.36 (compatible; GoogleOther)"
66.249.74.15 - - [13/Jul/2025:10:18:41 -0400] "GET /items/ilvri16/21284?key=opt HTTP/1.1" 404 1251 "-" "Mozilla/5.0 (Linux; Android 6.0.1; Nexus 5X Build/MMB29P) AppleWebKit/537.36 (KHTML, like Gecko) Chrome/137.0.7151.103 Mobile Safari/537.36 (compatible; GoogleOther)"
66.249.74.15 - - [13/Jul/2025:10:18:43 -0400] "GET /q-~168aFWhMJF6t991nOuBLfUMNemnuubYUI18861/ HTTP/1.1" 404 1251 "-" "Mozilla/5.0 (Linux; Android 6.0.1; Nexus 5X Build/MMB29P) AppleWebKit/537.36 (KHTML, like Gecko) Chrome/137.0.7151.103 Mobile Safari/537.36 (compatible; GoogleOther)"
66.249.74.15 - - [13/Jul/2025:10:18:50 -0400] "GET /q-~78JhvXQjj4QCFk7OXMYQjuC5eTzMfSfR17063/ HTTP/1.1" 404 1251 "-" "Mozilla/5.0 (Linux; Android 6.0.1; Nexus 5X Build/MMB29P) AppleWebKit/537.36 (KHTML, like Gecko) Chrome/137.0.7151.103 Mobile Safari/537.36 (compatible; GoogleOther)"
2a03:2880:f800:2:: - - [13/Jul/2025:10:18:55 -0400] "GET /wp-includes/Text/Diff/Renderer/?MD HTTP/1.1" 200 636 "-" "meta-externalagent/1.1 (+https://developers.facebook.com/docs/sharing/webmasters/crawler)"
66.249.74.15 - - [13/Jul/2025:10:18:59 -0400] "GET /q-~104ZHIVirD94r84YSmvr00C6uDgVWSfZB11555/ HTTP/1.1" 404 1251 "-" "Mozilla/5.0 (Linux; Android 6.0.1; Nexus 5X Build/MMB29P) AppleWebKit/537.36 (KHTML, like Gecko) Chrome/137.0.7151.103 Mobile Safari/537.36 (compatible; GoogleOther)"
66.249.74.1 - - [13/Jul/2025:10:19:08 -0400] "GET /items/fsdnb242/42756?key=suspect HTTP/1.1" 404 1251 "-" "Mozilla/5.0 (Linux; Android 6.0.1; Nexus 5X Build/MMB29P) AppleWebKit/537.36 (KHTML, like Gecko) Chrome/137.0.7151.103 Mobile Safari/537.36 (compatible; GoogleOther)"
66.249.74.15 - - [13/Jul/2025:10:19:18 -0400] "GET /q-~11dZPjQ6YrVN6bISaH6gbaxZ3bZweAjV45812/ HTTP/1.1" 404 1251 "-" "Mozilla/5.0 (Linux; Android 6.0.1; Nexus 5X Build/MMB29P) AppleWebKit/537.36 (KHTML, like Gecko) Chrome/137.0.7151.103 Mobile Safari/537.36 (compatible; GoogleOther)"
66.249.74.15 - - [13/Jul/2025:10:19:27 -0400] "GET /q-~204tLjtgBF4C8QjQ1w96bA8GUhBeJ4cHp30861/ HTTP/1.1" 404 1251 "-" "Mozilla/5.0 (Linux; Android 6.0.1; Nexus 5X Build/MMB29P) AppleWebKit/537.36 (KHTML, like Gecko) Chrome/137.0.7151.103 Mobile Safari/537.36 (compatible; GoogleOther)"
66.249.74.15 - - [13/Jul/2025:10:19:36 -0400] "GET /q-~189SLomAvnOwYUa2aDPpvQEdnGWlN5dRm26898/ HTTP/1.1" 404 1251 "-" "Mozilla/5.0 (Linux; Android 6.0.1; Nexus 5X Build/MMB29P) AppleWebKit/537.36 (KHTML, like Gecko) Chrome/137.0.7151.103 Mobile Safari/537.36 (compatible; GoogleOther)"
66.249.74.15 - - [13/Jul/2025:10:19:45 -0400] "GET /q-~89gI2n3ATeaS51HkX4T9L8x4l8f9yuRn46058/ HTTP/1.1" 404 1251 "-" "Mozilla/5.0 (Linux; Android 6.0.1; Nexus 5X Build/MMB29P) AppleWebKit/537.36 (KHTML, like Gecko) Chrome/137.0.7151.103 Mobile Safari/537.36 (compatible; GoogleOther)"
66.249.74.15 - - [13/Jul/2025:10:19:54 -0400] "GET /q-~153nxtmVwFuLzVE1hjXDz5AkUnOysJJ7I26752/ HTTP/1.1" 404 1251 "-" "Mozilla/5.0 (Linux; Android 6.0.1; Nexus 5X Build/MMB29P) AppleWebKit/537.36 (KHTML, like Gecko) Chrome/137.0.7151.103 Mobile Safari/537.36 (compatible; GoogleOther)"
66.249.74.2 - - [13/Jul/2025:10:20:05 -0400] "GET /q-~6GKZMmVSNwpJXXLiNBKsCjxVhqSiiXa29463/ HTTP/1.1" 404 1251 "-" "Mozilla/5.0 (Linux; Android 6.0.1; Nexus 5X Build/MMB29P) AppleWebKit/537.36 (KHTML, like Gecko) Chrome/137.0.7151.103 Mobile Safari/537.36 (compatible; GoogleOther)"
66.249.74.1 - - [13/Jul/2025:10:20:13 -0400] "GET /items/rcqtu237/17623?key=sibling HTTP/1.1" 404 1251 "-" "Mozilla/5.0 (Linux; Android 6.0.1; Nexus 5X Build/MMB29P) AppleWebKit/537.36 (KHTML, like Gecko) Chrome/137.0.7151.103 Mobile Safari/537.36 (compatible; GoogleOther)"
66.249.74.15 - - [13/Jul/2025:10:20:22 -0400] "GET /q-~256BL3hZ8ZBXTNNTBp2N3oOsNcpa81KdG12621/ HTTP/1.1" 404 1251 "-" "Mozilla/5.0 (Linux; Android 6.0.1; Nexus 5X Build/MMB29P) AppleWebKit/537.36 (KHTML, like Gecko) Chrome/137.0.7151.103 Mobile Safari/537.36 (compatible; GoogleOther)"
66.249.74.15 - - [13/Jul/2025:10:20:24 -0400] "GET /q-~216K0nU9SMfceJVGU8N2VvM6j4B86vkNF8803/ HTTP/1.1" 404 1251 "-" "Mozilla/5.0 (Linux; Android 6.0.1; Nexus 5X Build/MMB29P) AppleWebKit/537.36 (KHTML, like Gecko) Chrome/137.0.7151.103 Mobile Safari/537.36 (compatible; Googlebot/2.1; +http://www.google.com/bot.html)"
66.249.74.15 - - [13/Jul/2025:10:20:24 -0400] "GET /q-~216K0nU9SMfceJVGU8N2VvM6j4B86vkNF8803/ HTTP/1.1" 404 1251 "-" "Mozilla/5.0 (compatible; Googlebot/2.1; +http://www.google.com/bot.html)"
66.249.74.15 - - [13/Jul/2025:10:20:31 -0400] "GET /q-~58A7wgqe1AOEKecz3zOcd0oc0GvhwXvQ41715/ HTTP/1.1" 404 1251 "-" "Mozilla/5.0 (Linux; Android 6.0.1; Nexus 5X Build/MMB29P) AppleWebKit/537.36 (KHTML, like Gecko) Chrome/137.0.7151.103 Mobile Safari/537.36 (compatible; GoogleOther)"
66.249.74.15 - - [13/Jul/2025:10:20:40 -0400] "GET /q-~263k5Cwr3kZr7p42N88jvQ6K7Nwv5JNrG16108/ HTTP/1.1" 404 1251 "-" "Mozilla/5.0 (Linux; Android 6.0.1; Nexus 5X Build/MMB29P) AppleWebKit/537.36 (KHTML, like Gecko) Chrome/137.0.7151.103 Mobile Safari/537.36 (compatible; GoogleOther)"
157.55.39.9 - - [13/Jul/2025:10:20:41 -0400] "GET /index.php/zcooshop/ HTTP/1.1" 404 1251 "-" "Mozilla/5.0 AppleWebKit/537.36 (KHTML, like Gecko; compatible; bingbot/2.0; +http://www.bing.com/bingbot.htm) Chrome/116.0.1938.76 Safari/537.36"
66.249.74.15 - - [13/Jul/2025:10:20:50 -0400] "GET /items/zdews126/38026?key=guilty HTTP/1.1" 404 1251 "-" "Mozilla/5.0 (Linux; Android 6.0.1; Nexus 5X Build/MMB29P) AppleWebKit/537.36 (KHTML, like Gecko) Chrome/137.0.7151.103 Mobile Safari/537.36 (compatible; GoogleOther)"
66.249.74.15 - - [13/Jul/2025:10:20:55 -0400] "GET /q-~148oV8dXtVli076LNAR80G1Q8ntgkc44b24841/ HTTP/1.1" 404 1251 "-" "Mozilla/5.0 (Linux; Android 6.0.1; Nexus 5X Build/MMB29P) AppleWebKit/537.36 (KHTML, like Gecko) Chrome/137.0.7151.103 Mobile Safari/537.36 (compatible; GoogleOther)"
66.249.74.15 - - [13/Jul/2025:10:20:59 -0400] "GET /q-~1evc2wCMdNtYhph8HKmTKcZJv5OgkpD9700/ HTTP/1.1" 404 1251 "-" "Mozilla/5.0 (Linux; Android 6.0.1; Nexus 5X Build/MMB29P) AppleWebKit/537.36 (KHTML, like Gecko) Chrome/137.0.7151.103 Mobile Safari/537.36 (compatible; GoogleOther)"
66.249.74.15 - - [13/Jul/2025:10:21:05 -0400] "GET /q-~101T2rgl7cLd3N8yz1nhPzep63LwF51rq15220/ HTTP/1.1" 404 1251 "-" "Mozilla/5.0 (Linux; Android 6.0.1; Nexus 5X Build/MMB29P) AppleWebKit/537.36 (KHTML, like Gecko) Chrome/137.0.7151.103 Mobile Safari/537.36 (compatible; GoogleOther)"
66.249.74.15 - - [13/Jul/2025:10:21:08 -0400] "GET /items/kgusd46/44832?key=end HTTP/1.1" 404 1251 "-" "Mozilla/5.0 (Linux; Android 6.0.1; Nexus 5X Build/MMB29P) AppleWebKit/537.36 (KHTML, like Gecko) Chrome/137.0.7151.103 Mobile Safari/537.36 (compatible; GoogleOther)"
66.249.74.15 - - [13/Jul/2025:10:21:12 -0400] "GET /q-~254DT7XO4SqgyjSbZ902rK3Ra0EUVZsCz23367/ HTTP/1.1" 404 1251 "-" "Mozilla/5.0 (Linux; Android 6.0.1; Nexus 5X Build/MMB29P) AppleWebKit/537.36 (KHTML, like Gecko) Chrome/137.0.7151.103 Mobile Safari/537.36 (compatible; GoogleOther)"
66.249.74.15 - - [13/Jul/2025:10:21:17 -0400] "GET /items/rhcmk180/35592?key=eating HTTP/1.1" 404 1251 "-" "Mozilla/5.0 (Linux; Android 6.0.1; Nexus 5X Build/MMB29P) AppleWebKit/537.36 (KHTML, like Gecko) Chrome/137.0.7151.103 Mobile Safari/537.36 (compatible; GoogleOther)"
195.2.81.242 - - [13/Jul/2025:10:21:24 -0400] "GET / HTTP/1.1" 200 1470 "-" "Mozilla/5.0 (Macintosh; Intel Mac OS X 10_15_7) AppleWebKit/537.36 (KHTML, like Gecko) Chrome/133.0.0.0 Safari/537.36"
195.2.81.242 - - [13/Jul/2025:10:21:25 -0400] "GET /wp-blog-header.php HTTP/1.1" 403 1242 "-" "Mozilla/5.0 (Macintosh; Intel Mac OS X 10_15_7) AppleWebKit/537.36 (KHTML, like Gecko) Chrome/133.0.0.0 Safari/537.36"
195.2.81.242 - - [13/Jul/2025:10:21:26 -0400] "GET /wp-comments-post.php HTTP/1.1" 403 1242 "-" "Mozilla/5.0 (Macintosh; Intel Mac OS X 10_15_7) AppleWebKit/537.36 (KHTML, like Gecko) Chrome/133.0.0.0 Safari/537.36"
66.249.74.15 - - [13/Jul/2025:10:21:26 -0400] "GET /q-~259nIsx9ZJRo9JTbcw1uaKdpDs6gUBuRe48562/ HTTP/1.1" 404 1251 "-" "Mozilla/5.0 (Linux; Android 6.0.1; Nexus 5X Build/MMB29P) AppleWebKit/537.36 (KHTML, like Gecko) Chrome/137.0.7151.103 Mobile Safari/537.36 (compatible; GoogleOther)"
66.249.74.15 - - [13/Jul/2025:10:21:32 -0400] "GET /items/vcubt120/2436?key=cabinet HTTP/1.1" 404 1251 "-" "Mozilla/5.0 (compatible; Googlebot/2.1; +http://www.google.com/bot.html)"
66.249.74.15 - - [13/Jul/2025:10:21:33 -0400] "GET /q-~138SnUJxNEeZhwUMyHk0kDEmero3NRVdq12797/ HTTP/1.1" 404 1251 "-" "Mozilla/5.0 (Linux; Android 6.0.1; Nexus 5X Build/MMB29P) AppleWebKit/537.36 (KHTML, like Gecko) Chrome/137.0.7151.103 Mobile Safari/537.36 (compatible; GoogleOther)"
66.249.74.15 - - [13/Jul/2025:10:21:36 -0400] "GET /q-~253ht3TLLbtjkoY4x3MQfSDqNpBcPfTOs22884/ HTTP/1.1" 404 1251 "-" "Mozilla/5.0 (Linux; Android 6.0.1; Nexus 5X Build/MMB29P) AppleWebKit/537.36 (KHTML, like Gecko) Chrome/137.0.7151.103 Mobile Safari/537.36 (compatible; GoogleOther)"
66.29.146.47 - - [13/Jul/2025:10:21:43 -0400] "POST /wp-cron.php?doing_wp_cron=1752416502.5505249500274658203125 HTTP/1.1" 403 1242 "-" "WordPress/6.8; https://nas-yemen.org"
195.2.81.242 - - [13/Jul/2025:10:21:27 -0400] "GET /wp-login.php HTTP/1.1" 200 1945 "-" "Mozilla/5.0 (Macintosh; Intel Mac OS X 10_15_7) AppleWebKit/537.36 (KHTML, like Gecko) Chrome/133.0.0.0 Safari/537.36"
195.2.81.242 - - [13/Jul/2025:10:21:44 -0400] "GET /wp-login.php?action=lostpassword HTTP/1.1" 200 1177 "-" "Mozilla/5.0 (Macintosh; Intel Mac OS X 10_15_7) AppleWebKit/537.36 (KHTML, like Gecko) Chrome/133.0.0.0 Safari/537.36"
66.249.74.15 - - [13/Jul/2025:10:21:45 -0400] "GET /q-~127T5YYsF6nWD8Kz7ByvrnQpLP0qjeQ0P25214/ HTTP/1.1" 404 1251 "-" "Mozilla/5.0 (Linux; Android 6.0.1; Nexus 5X Build/MMB29P) AppleWebKit/537.36 (KHTML, like Gecko) Chrome/137.0.7151.103 Mobile Safari/537.36 (compatible; GoogleOther)"
58.97.214.242 - - [13/Jul/2025:10:21:46 -0400] "POST /wp-login.php?action=lostpassword HTTP/1.1" 200 1285 "-" "Mozilla/5.0 (Macintosh; Intel Mac OS X 10_15_7) AppleWebKit/537.36 (KHTML, like Gecko) Chrome/133.0.0.0 Safari/537.36"
58.97.214.242 - - [13/Jul/2025:10:21:49 -0400] "POST /wp-login.php?action=lostpassword HTTP/1.1" 200 1250 "-" "Mozilla/5.0 (Windows NT 10.0; Win64; x64) AppleWebKit/537.36 (KHTML, like Gecko) Chrome/120.0.0.0 Safari/537.36"
195.2.81.242 - - [13/Jul/2025:10:21:50 -0400] "GET /wp-signup.php HTTP/1.1" 403 1242 "-" "Mozilla/5.0 (Macintosh; Intel Mac OS X 10_15_7) AppleWebKit/537.36 (KHTML, like Gecko) Chrome/133.0.0.0 Safari/537.36"
66.249.74.15 - - [13/Jul/2025:10:21:54 -0400] "GET /items/nfhhm295/3957?key=forest HTTP/1.1" 404 1251 "-" "Mozilla/5.0 (Linux; Android 6.0.1; Nexus 5X Build/MMB29P) AppleWebKit/537.36 (KHTML, like Gecko) Chrome/137.0.7151.103 Mobile Safari/537.36 (compatible; GoogleOther)"
66.249.74.1 - - [13/Jul/2025:10:22:04 -0400] "GET /q-~15zo6D7mZ2IhyewySbVfx2r32VNz30vW34550/ HTTP/1.1" 404 1251 "-" "Mozilla/5.0 (Linux; Android 6.0.1; Nexus 5X Build/MMB29P) AppleWebKit/537.36 (KHTML, like Gecko) Chrome/137.0.7151.103 Mobile Safari/537.36 (compatible; GoogleOther)"
66.249.74.2 - - [13/Jul/2025:10:22:06 -0400] "GET /q-~255qGwjP8G9GKrDdGMw6HxxrIZEZn1kyN9224/ HTTP/1.1" 404 1251 "-" "Mozilla/5.0 (Linux; Android 6.0.1; Nexus 5X Build/MMB29P) AppleWebKit/537.36 (KHTML, like Gecko) Chrome/137.0.7151.103 Mobile Safari/537.36 (compatible; GoogleOther)"
66.249.74.1 - - [13/Jul/2025:10:22:12 -0400] "GET /items/bhncd176/47810?key=candle HTTP/1.1" 404 1251 "-" "Mozilla/5.0 (Linux; Android 6.0.1; Nexus 5X Build/MMB29P) AppleWebKit/537.36 (KHTML, like Gecko) Chrome/137.0.7151.103 Mobile Safari/537.36 (compatible; GoogleOther)"
66.249.74.15 - - [13/Jul/2025:10:22:22 -0400] "GET /q-~159dXkhtyB596GHZz1r3vILK7UrfFfmzR47830/ HTTP/1.1" 404 1251 "-" "Mozilla/5.0 (Linux; Android 6.0.1; Nexus 5X Build/MMB29P) AppleWebKit/537.36 (KHTML, like Gecko) Chrome/137.0.7151.103 Mobile Safari/537.36 (compatible; GoogleOther)"
66.249.74.15 - - [13/Jul/2025:10:22:27 -0400] "GET /q-~126OPzZcKN6td5CqKKg7eGPgezKbxghCS26891/ HTTP/1.1" 404 1251 "-" "Mozilla/5.0 (Linux; Android 6.0.1; Nexus 5X Build/MMB29P) AppleWebKit/537.36 (KHTML, like Gecko) Chrome/137.0.7151.103 Mobile Safari/537.36 (compatible; GoogleOther)"
66.249.74.15 - - [13/Jul/2025:10:22:30 -0400] "GET /q-~286CownqKweJKaiGbJqMyZR6NT07aGf0m45519/ HTTP/1.1" 404 1251 "-" "Mozilla/5.0 (Linux; Android 6.0.1; Nexus 5X Build/MMB29P) AppleWebKit/537.36 (KHTML, like Gecko) Chrome/137.0.7151.103 Mobile Safari/537.36 (compatible; GoogleOther)"
66.249.74.15 - - [13/Jul/2025:10:22:32 -0400] "GET /items/uywne181/8145?key=rental HTTP/1.1" 404 1251 "-" "Mozilla/5.0 (Linux; Android 6.0.1; Nexus 5X Build/MMB29P) AppleWebKit/537.36 (KHTML, like Gecko) Chrome/137.0.7151.103 Mobile Safari/537.36 (compatible; GoogleOther)"
66.249.74.15 - - [13/Jul/2025:10:22:40 -0400] "GET /q-~258UCWcl58MrpAfqxnG21NnCvBhPoFHqW19313/ HTTP/1.1" 404 1251 "-" "Mozilla/5.0 (Linux; Android 6.0.1; Nexus 5X Build/MMB29P) AppleWebKit/537.36 (KHTML, like Gecko) Chrome/137.0.7151.103 Mobile Safari/537.36 (compatible; GoogleOther)"
66.249.74.15 - - [13/Jul/2025:10:22:49 -0400] "GET /q-~22zME3CVTKxmuimkKiiUM9HQlLfLxdEk4373/ HTTP/1.1" 404 1251 "-" "Mozilla/5.0 (Linux; Android 6.0.1; Nexus 5X Build/MMB29P) AppleWebKit/537.36 (KHTML, like Gecko) Chrome/137.0.7151.103 Mobile Safari/537.36 (compatible; GoogleOther)"
66.249.74.15 - - [13/Jul/2025:10:22:59 -0400] "GET /q-~94AcqfnMXhXWrqcULk6B9aIjFROS3bcB17001/ HTTP/1.1" 404 1251 "-" "Mozilla/5.0 (Linux; Android 6.0.1; Nexus 5X Build/MMB29P) AppleWebKit/537.36 (KHTML, like Gecko) Chrome/137.0.7151.103 Mobile Safari/537.36 (compatible; GoogleOther)"
66.249.74.15 - - [13/Jul/2025:10:23:03 -0400] "GET /q-~243iO1LUDjyP9V3wNKJqFV1seHjwRo9wo27446/ HTTP/1.1" 404 1251 "-" "Mozilla/5.0 (Linux; Android 6.0.1; Nexus 5X Build/MMB29P) AppleWebKit/537.36 (KHTML, like Gecko) Chrome/137.0.7151.103 Mobile Safari/537.36 (compatible; GoogleOther)"
66.249.74.15 - - [13/Jul/2025:10:23:08 -0400] "GET /q-~246jHOZaWbF9o0KOTUGjIsnnANApnHhaF49307/ HTTP/1.1" 404 1251 "-" "Mozilla/5.0 (Linux; Android 6.0.1; Nexus 5X Build/MMB29P) AppleWebKit/537.36 (KHTML, like Gecko) Chrome/137.0.7151.103 Mobile Safari/537.36 (compatible; GoogleOther)"
66.249.74.15 - - [13/Jul/2025:10:23:17 -0400] "GET /q-~75ukE0fbLmIhiBlj82cjFcb9O6KupYMY14278/ HTTP/1.1" 404 1251 "-" "Mozilla/5.0 (Linux; Android 6.0.1; Nexus 5X Build/MMB29P) AppleWebKit/537.36 (KHTML, like Gecko) Chrome/137.0.7151.103 Mobile Safari/537.36 (compatible; GoogleOther)"
66.249.74.15 - - [13/Jul/2025:10:23:26 -0400] "GET /q-~152b8w3Qj98woC4kaivcG82MQEpew7Q7B19657/ HTTP/1.1" 404 1251 "-" "Mozilla/5.0 (Linux; Android 6.0.1; Nexus 5X Build/MMB29P) AppleWebKit/537.36 (KHTML, like Gecko) Chrome/137.0.7151.103 Mobile Safari/537.36 (compatible; GoogleOther)"
66.249.74.15 - - [13/Jul/2025:10:23:35 -0400] "GET /q-~15dAXt2fZ0sOdj4x8qiX2pqIPWuyqVIQ45798/ HTTP/1.1" 404 1251 "-" "Mozilla/5.0 (Linux; Android 6.0.1; Nexus 5X Build/MMB29P) AppleWebKit/537.36 (KHTML, like Gecko) Chrome/137.0.7151.103 Mobile Safari/537.36 (compatible; GoogleOther)"
66.249.74.15 - - [13/Jul/2025:10:23:45 -0400] "GET /q-~12xLR9IWttVBlboLWjBcUW8xgTsOZ9vT16367/ HTTP/1.1" 404 1251 "-" "Mozilla/5.0 (Linux; Android 6.0.1; Nexus 5X Build/MMB29P) AppleWebKit/537.36 (KHTML, like Gecko) Chrome/137.0.7151.103 Mobile Safari/537.36 (compatible; GoogleOther)"
69.197.182.50 - - [13/Jul/2025:10:23:47 -0400] "GET /wp-content/admin.php HTTP/1.1" 404 1251 "https://nas-yemen.org/wp-content/admin.php" "Mozilla/5.0 (Windows NT 10.0; Win64; x64) AppleWebKit/537.36 (KHTML, like Gecko) Chrome/58.0.3029.110 Safari/537.3"
66.249.74.15 - - [13/Jul/2025:10:23:54 -0400] "GET /items/bdubf183/19193?key=considerably HTTP/1.1" 404 1251 "-" "Mozilla/5.0 (Linux; Android 6.0.1; Nexus 5X Build/MMB29P) AppleWebKit/537.36 (KHTML, like Gecko) Chrome/137.0.7151.103 Mobile Safari/537.36 (compatible; GoogleOther)"
66.249.74.15 - - [13/Jul/2025:10:24:03 -0400] "GET /q-~83RYOOaE9cXo6E76V8dq1zEVOVaV7eVG48582/ HTTP/1.1" 404 1251 "-" "Mozilla/5.0 (Linux; Android 6.0.1; Nexus 5X Build/MMB29P) AppleWebKit/537.36 (KHTML, like Gecko) Chrome/137.0.7151.103 Mobile Safari/537.36 (compatible; GoogleOther)"
185.191.171.3 - - [13/Jul/2025:10:24:07 -0400] "GET /robots.txt HTTP/1.1" 304 0 "-" "Mozilla/5.0 (compatible; SemrushBot/7~bl; +http://www.semrush.com/bot.html)"
185.191.171.9 - - [13/Jul/2025:10:24:09 -0400] "GET /wp-includes/Requests/src/Hooks.php HTTP/1.1" 403 1242 "-" "Mozilla/5.0 (compatible; SemrushBot/7~bl; +http://www.semrush.com/bot.html)"
66.249.74.15 - - [13/Jul/2025:10:24:12 -0400] "GET /items/zjxuo24/49248?key=issue HTTP/1.1" 404 1251 "-" "Mozilla/5.0 (Linux; Android 6.0.1; Nexus 5X Build/MMB29P) AppleWebKit/537.36 (KHTML, like Gecko) Chrome/137.0.7151.103 Mobile Safari/537.36 (compatible; GoogleOther)"
66.249.74.15 - - [13/Jul/2025:10:24:21 -0400] "GET /items/nmjvh12/17110?key=critical HTTP/1.1" 404 1251 "-" "Mozilla/5.0 (Linux; Android 6.0.1; Nexus 5X Build/MMB29P) AppleWebKit/537.36 (KHTML, like Gecko) Chrome/137.0.7151.103 Mobile Safari/537.36 (compatible; GoogleOther)"
216.73.216.145 - - [13/Jul/2025:10:24:29 -0400] "GET /robots.txt HTTP/1.1" 304 0 "-" "Mozilla/5.0 AppleWebKit/537.36 (KHTML, like Gecko; compatible; ClaudeBot/1.0; +claudebot@anthropic.com)"
216.73.216.145 - - [13/Jul/2025:10:24:29 -0400] "GET /pages.php HTTP/1.1" 404 1251 "-" "Mozilla/5.0 AppleWebKit/537.36 (KHTML, like Gecko; compatible; ClaudeBot/1.0; +claudebot@anthropic.com)"
66.249.74.15 - - [13/Jul/2025:10:24:31 -0400] "GET /q-~203VioC4prmiO1OWW3wXKnfl3U4pIOV3n27142/ HTTP/1.1" 404 1251 "-" "Mozilla/5.0 (Linux; Android 6.0.1; Nexus 5X Build/MMB29P) AppleWebKit/537.36 (KHTML, like Gecko) Chrome/137.0.7151.103 Mobile Safari/537.36 (compatible; GoogleOther)"
66.249.74.15 - - [13/Jul/2025:10:24:36 -0400] "GET /q-~7A8gL7bjPVA3VXJJm4JcJkCGYtCvWxU34922/ HTTP/1.1" 404 1251 "-" "Mozilla/5.0 (Linux; Android 6.0.1; Nexus 5X Build/MMB29P) AppleWebKit/537.36 (KHTML, like Gecko) Chrome/137.0.7151.103 Mobile Safari/537.36 (compatible; GoogleOther)"
66.249.74.15 - - [13/Jul/2025:10:24:40 -0400] "GET /q-~73UTX7ZK7bVqLaj4bSKFBu22NQzxsXFV32970/ HTTP/1.1" 404 1251 "-" "Mozilla/5.0 (Linux; Android 6.0.1; Nexus 5X Build/MMB29P) AppleWebKit/537.36 (KHTML, like Gecko) Chrome/137.0.7151.103 Mobile Safari/537.36 (compatible; GoogleOther)"
66.249.74.15 - - [13/Jul/2025:10:24:49 -0400] "GET /q-~199YLEqUIExLHHmxagagpcUCyMjV9iO5k13392/ HTTP/1.1" 404 1251 "-" "Mozilla/5.0 (Linux; Android 6.0.1; Nexus 5X Build/MMB29P) AppleWebKit/537.36 (KHTML, like Gecko) Chrome/137.0.7151.103 Mobile Safari/537.36 (compatible; GoogleOther)"
66.249.74.15 - - [13/Jul/2025:10:24:58 -0400] "GET /q-~176JKJus5SHEeOQbiwgCvmHYzpggRPVYs31025/ HTTP/1.1" 404 1251 "-" "Mozilla/5.0 (Linux; Android 6.0.1; Nexus 5X Build/MMB29P) AppleWebKit/537.36 (KHTML, like Gecko) Chrome/137.0.7151.103 Mobile Safari/537.36 (compatible; GoogleOther)"
66.249.74.1 - - [13/Jul/2025:10:25:07 -0400] "GET /q-~191B5dOpuZLCmD2Usd7LsqZq1SvYrVOlK32224/ HTTP/1.1" 404 1251 "-" "Mozilla/5.0 (Linux; Android 6.0.1; Nexus 5X Build/MMB29P) AppleWebKit/537.36 (KHTML, like Gecko) Chrome/137.0.7151.103 Mobile Safari/537.36 (compatible; GoogleOther)"
66.249.74.15 - - [13/Jul/2025:10:25:17 -0400] "GET /q-~10CI3zEG44V5f6F5Vg0EOz2dFaCslabG47461/ HTTP/1.1" 404 1251 "-" "Mozilla/5.0 (Linux; Android 6.0.1; Nexus 5X Build/MMB29P) AppleWebKit/537.36 (KHTML, like Gecko) Chrome/137.0.7151.103 Mobile Safari/537.36 (compatible; GoogleOther)"
66.249.74.15 - - [13/Jul/2025:10:25:26 -0400] "GET /q-~236xYMXySXtYu6HQfgexCdU4fjwg2984V16261/ HTTP/1.1" 404 1251 "-" "Mozilla/5.0 (Linux; Android 6.0.1; Nexus 5X Build/MMB29P) AppleWebKit/537.36 (KHTML, like Gecko) Chrome/137.0.7151.103 Mobile Safari/537.36 (compatible; GoogleOther)"
66.249.74.15 - - [13/Jul/2025:10:25:35 -0400] "GET /q-~63e66M6h4fzv4WNXXqGC8T4ERNI2rqXu41052/ HTTP/1.1" 404 1251 "-" "Mozilla/5.0 (Linux; Android 6.0.1; Nexus 5X Build/MMB29P) AppleWebKit/537.36 (KHTML, like Gecko) Chrome/137.0.7151.103 Mobile Safari/537.36 (compatible; GoogleOther)"
66.249.74.15 - - [13/Jul/2025:10:25:44 -0400] "GET /q-~245lqo0EC2xtFRSY1zq4oD0KEGWrrGZsj15320/ HTTP/1.1" 404 1251 "-" "Mozilla/5.0 (Linux; Android 6.0.1; Nexus 5X Build/MMB29P) AppleWebKit/537.36 (KHTML, like Gecko) Chrome/137.0.7151.103 Mobile Safari/537.36 (compatible; GoogleOther)"
66.249.74.15 - - [13/Jul/2025:10:25:53 -0400] "GET /q-~182NZrtbuOl2TRO9vUlz2ScJr0788XECl40407/ HTTP/1.1" 404 1251 "-" "Mozilla/5.0 (Linux; Android 6.0.1; Nexus 5X Build/MMB29P) AppleWebKit/537.36 (KHTML, like Gecko) Chrome/137.0.7151.103 Mobile Safari/537.36 (compatible; GoogleOther)"
40.77.167.38 - - [13/Jul/2025:10:25:54 -0400] "GET /index.php/handy/index.html HTTP/1.1" 404 1251 "-" "Mozilla/5.0 AppleWebKit/537.36 (KHTML, like Gecko; compatible; bingbot/2.0; +http://www.bing.com/bingbot.htm) Chrome/116.0.1938.76 Safari/537.36"
66.249.74.1 - - [13/Jul/2025:10:26:03 -0400] "GET /items/agbha186/25758?key=lift HTTP/1.1" 404 1251 "-" "Mozilla/5.0 (Linux; Android 6.0.1; Nexus 5X Build/MMB29P) AppleWebKit/537.36 (KHTML, like Gecko) Chrome/137.0.7151.103 Mobile Safari/537.36 (compatible; GoogleOther)"
66.249.74.1 - - [13/Jul/2025:10:26:12 -0400] "GET /q-~124Y9LVQWFkXC4r1GGC0ZuDpbH1JIg38H10101/ HTTP/1.1" 404 1251 "-" "Mozilla/5.0 (Linux; Android 6.0.1; Nexus 5X Build/MMB29P) AppleWebKit/537.36 (KHTML, like Gecko) Chrome/137.0.7151.103 Mobile Safari/537.36 (compatible; GoogleOther)"
66.249.74.15 - - [13/Jul/2025:10:26:20 -0400] "GET /q-~140ESfGg889f5lQD7SgoIGI7we25syDeh48143/ HTTP/1.1" 404 1251 "-" "Mozilla/5.0 (Linux; Android 6.0.1; Nexus 5X Build/MMB29P) AppleWebKit/537.36 (KHTML, like Gecko) Chrome/137.0.7151.103 Mobile Safari/537.36 (compatible; GoogleOther)"
66.249.74.15 - - [13/Jul/2025:10:26:22 -0400] "GET /q-~291OKaOqxNXAJyovCEK2fN5X7LxnCdkkn34226/ HTTP/1.1" 404 1251 "-" "Mozilla/5.0 (Linux; Android 6.0.1; Nexus 5X Build/MMB29P) AppleWebKit/537.36 (KHTML, like Gecko) Chrome/137.0.7151.103 Mobile Safari/537.36 (compatible; GoogleOther)"
66.249.74.15 - - [13/Jul/2025:10:26:30 -0400] "GET /q-~270jgTTFqpPyiUFhvRnpYBwu2Krs4Hh6T1375/ HTTP/1.1" 404 1251 "-" "Mozilla/5.0 (Linux; Android 6.0.1; Nexus 5X Build/MMB29P) AppleWebKit/537.36 (KHTML, like Gecko) Chrome/137.0.7151.103 Mobile Safari/537.36 (compatible; GoogleOther)"
66.249.74.15 - - [13/Jul/2025:10:26:32 -0400] "GET /q-~172KguidGLAeUpKJl2cmgjUg7b3orGwpP33965/ HTTP/1.1" 404 1251 "-" "Mozilla/5.0 (compatible; Googlebot/2.1; +http://www.google.com/bot.html)"
66.249.74.15 - - [13/Jul/2025:10:26:39 -0400] "GET /q-~280CR48IFqRlDUCyB8p2W8k5aBEQnP7qE911/ HTTP/1.1" 404 1251 "-" "Mozilla/5.0 (Linux; Android 6.0.1; Nexus 5X Build/MMB29P) AppleWebKit/537.36 (KHTML, like Gecko) Chrome/137.0.7151.103 Mobile Safari/537.36 (compatible; GoogleOther)"
66.249.74.15 - - [13/Jul/2025:10:26:49 -0400] "GET /q-~122qb6FmqK6YGLzzuSTtdwEOAlVHFNjYp44029/ HTTP/1.1" 404 1251 "-" "Mozilla/5.0 (Linux; Android 6.0.1; Nexus 5X Build/MMB29P) AppleWebKit/537.36 (KHTML, like Gecko) Chrome/137.0.7151.103 Mobile Safari/537.36 (compatible; GoogleOther)"
66.249.74.15 - - [13/Jul/2025:10:26:58 -0400] "GET /q-~263U5ijsYXfoYLAj06B0qec6Hll6kZ7UW41040/ HTTP/1.1" 404 1251 "-" "Mozilla/5.0 (Linux; Android 6.0.1; Nexus 5X Build/MMB29P) AppleWebKit/537.36 (KHTML, like Gecko) Chrome/137.0.7151.103 Mobile Safari/537.36 (compatible; GoogleOther)"
66.249.74.15 - - [13/Jul/2025:10:27:00 -0400] "GET /items/surth297/24177?key=ice HTTP/1.1" 404 1251 "-" "Mozilla/5.0 (compatible; Googlebot/2.1; +http://www.google.com/bot.html)"
66.249.74.15 - - [13/Jul/2025:10:27:07 -0400] "GET /q-~119UJ2UNpfQs7kz8pI3m7qkOGnBIi5Cbh1546/ HTTP/1.1" 404 1251 "-" "Mozilla/5.0 (Linux; Android 6.0.1; Nexus 5X Build/MMB29P) AppleWebKit/537.36 (KHTML, like Gecko) Chrome/137.0.7151.103 Mobile Safari/537.36 (compatible; GoogleOther)"
66.249.74.15 - - [13/Jul/2025:10:27:16 -0400] "GET /q-~221cvDCJpbKQlEQAdFRQe2RUbntpLxGRh5404/ HTTP/1.1" 404 1251 "-" "Mozilla/5.0 (Linux; Android 6.0.1; Nexus 5X Build/MMB29P) AppleWebKit/537.36 (KHTML, like Gecko) Chrome/137.0.7151.103 Mobile Safari/537.36 (compatible; GoogleOther)"
66.249.74.15 - - [13/Jul/2025:10:27:26 -0400] "GET /items/cizqm240/674?key=liquid HTTP/1.1" 404 1251 "-" "Mozilla/5.0 (Linux; Android 6.0.1; Nexus 5X Build/MMB29P) AppleWebKit/537.36 (KHTML, like Gecko) Chrome/137.0.7151.103 Mobile Safari/537.36 (compatible; GoogleOther)"
66.249.74.15 - - [13/Jul/2025:10:27:34 -0400] "GET /q-~253SX8ezRBW59Ldik1CGA3zJgXxtul4kA22570/ HTTP/1.1" 404 1251 "-" "Mozilla/5.0 (Linux; Android 6.0.1; Nexus 5X Build/MMB29P) AppleWebKit/537.36 (KHTML, like Gecko) Chrome/137.0.7151.103 Mobile Safari/537.36 (compatible; GoogleOther)"
85.208.96.204 - - [13/Jul/2025:10:27:34 -0400] "GET /wp-trackback.php HTTP/1.1" 403 1242 "-" "Mozilla/5.0 (compatible; SemrushBot/7~bl; +http://www.semrush.com/bot.html)"
66.249.74.15 - - [13/Jul/2025:10:27:37 -0400] "GET /q-~247EDkUbWrOwuMDGyAqKVPjCldJ3vV5Lx28986/ HTTP/1.1" 404 1251 "-" "Mozilla/5.0 (Linux; Android 6.0.1; Nexus 5X Build/MMB29P) AppleWebKit/537.36 (KHTML, like Gecko) Chrome/137.0.7151.103 Mobile Safari/537.36 (compatible; GoogleOther)"
66.249.74.15 - - [13/Jul/2025:10:27:44 -0400] "GET /items/aedsb271/16349?key=physical HTTP/1.1" 404 1251 "-" "Mozilla/5.0 (Linux; Android 6.0.1; Nexus 5X Build/MMB29P) AppleWebKit/537.36 (KHTML, like Gecko) Chrome/137.0.7151.103 Mobile Safari/537.36 (compatible; GoogleOther)"
52.167.144.171 - - [13/Jul/2025:10:27:51 -0400] "GET /?about/gaiyo/ HTTP/1.1" 200 1470 "-" "Mozilla/5.0 AppleWebKit/537.36 (KHTML, like Gecko; compatible; bingbot/2.0; +http://www.bing.com/bingbot.htm) Chrome/116.0.1938.76 Safari/537.36"
66.249.74.15 - - [13/Jul/2025:10:27:53 -0400] "GET /q-~92zO7sId272GQ5eSaT4ab1LiyJCHxU7Y209/ HTTP/1.1" 404 1251 "-" "Mozilla/5.0 (Linux; Android 6.0.1; Nexus 5X Build/MMB29P) AppleWebKit/537.36 (KHTML, like Gecko) Chrome/137.0.7151.103 Mobile Safari/537.36 (compatible; GoogleOther)"
66.249.74.1 - - [13/Jul/2025:10:28:02 -0400] "GET /q-~178qBcENmp5o72u3w9QkyFNAqgCIdQuHe4339/ HTTP/1.1" 404 1251 "-" "Mozilla/5.0 (Linux; Android 6.0.1; Nexus 5X Build/MMB29P) AppleWebKit/537.36 (KHTML, like Gecko) Chrome/137.0.7151.103 Mobile Safari/537.36 (compatible; GoogleOther)"
66.249.74.1 - - [13/Jul/2025:10:28:12 -0400] "GET /q-~65BJ2bxmOEKbJbgFbO5FtDYnP6vQyCOb29452/ HTTP/1.1" 404 1251 "-" "Mozilla/5.0 (Linux; Android 6.0.1; Nexus 5X Build/MMB29P) AppleWebKit/537.36 (KHTML, like Gecko) Chrome/137.0.7151.103 Mobile Safari/537.36 (compatible; GoogleOther)"
66.249.74.1 - - [13/Jul/2025:10:28:13 -0400] "GET /items/guvtu176/32810?key=clay HTTP/1.1" 404 1251 "-" "Mozilla/5.0 (compatible; Googlebot/2.1; +http://www.google.com/bot.html)"
69.197.182.50 - - [13/Jul/2025:10:28:14 -0400] "GET /wp-content/admin.php HTTP/1.1" 404 1251 "https://nas-yemen.org/wp-content/admin.php" "Mozilla/5.0 (Windows NT 10.0; Win64; x64) AppleWebKit/537.36 (KHTML, like Gecko) Chrome/58.0.3029.110 Safari/537.3"
66.249.74.1 - - [13/Jul/2025:10:28:15 -0400] "GET /items/guvtu176/32810?key=clay HTTP/1.1" 404 1251 "-" "Mozilla/5.0 (Linux; Android 6.0.1; Nexus 5X Build/MMB29P) AppleWebKit/537.36 (KHTML, like Gecko) Chrome/137.0.7151.103 Mobile Safari/537.36 (compatible; Googlebot/2.1; +http://www.google.com/bot.html)"
66.249.74.15 - - [13/Jul/2025:10:28:21 -0400] "GET /q-~132iiSwZtjWyKL19GV7FpEhh3az6b1mkD48813/ HTTP/1.1" 404 1251 "-" "Mozilla/5.0 (Linux; Android 6.0.1; Nexus 5X Build/MMB29P) AppleWebKit/537.36 (KHTML, like Gecko) Chrome/137.0.7151.103 Mobile Safari/537.36 (compatible; GoogleOther)"
66.249.74.15 - - [13/Jul/2025:10:28:30 -0400] "GET /items/nwftk237/38455?key=religion HTTP/1.1" 404 1251 "-" "Mozilla/5.0 (Linux; Android 6.0.1; Nexus 5X Build/MMB29P) AppleWebKit/537.36 (KHTML, like Gecko) Chrome/137.0.7151.103 Mobile Safari/537.36 (compatible; GoogleOther)"
185.191.171.13 - - [13/Jul/2025:10:28:33 -0400] "GET /wp-includes/rest-api/endpoints/class-wp-rest-menu-items-controller.php HTTP/1.1" 403 1242 "-" "Mozilla/5.0 (compatible; SemrushBot/7~bl; +http://www.semrush.com/bot.html)"
66.249.74.15 - - [13/Jul/2025:10:28:39 -0400] "GET /q-~31pCp8TlYclvHKxp5Brhz16iEd7pNfgV28672/ HTTP/1.1" 404 1251 "-" "Mozilla/5.0 (Linux; Android 6.0.1; Nexus 5X Build/MMB29P) AppleWebKit/537.36 (KHTML, like Gecko) Chrome/137.0.7151.103 Mobile Safari/537.36 (compatible; GoogleOther)"
66.249.74.15 - - [13/Jul/2025:10:28:48 -0400] "GET /q-~248YDzscGbEWxkwybCJNG474WZfr5Tanb26853/ HTTP/1.1" 404 1251 "-" "Mozilla/5.0 (Linux; Android 6.0.1; Nexus 5X Build/MMB29P) AppleWebKit/537.36 (KHTML, like Gecko) Chrome/137.0.7151.103 Mobile Safari/537.36 (compatible; GoogleOther)"
66.249.74.15 - - [13/Jul/2025:10:28:49 -0400] "GET /items/isaxy295/32301?key=motion HTTP/1.1" 404 1251 "-" "Mozilla/5.0 (compatible; Googlebot/2.1; +http://www.google.com/bot.html)"
66.249.74.15 - - [13/Jul/2025:10:28:58 -0400] "GET /q-~105e7ZUpOWTLJdZ40GSMVCcfXPFAQ5Ybf42712/ HTTP/1.1" 404 1251 "-" "Mozilla/5.0 (Linux; Android 6.0.1; Nexus 5X Build/MMB29P) AppleWebKit/537.36 (KHTML, like Gecko) Chrome/137.0.7151.103 Mobile Safari/537.36 (compatible; GoogleOther)"
66.249.74.15 - - [13/Jul/2025:10:29:07 -0400] "GET /items/omahi261/35823?key=existing HTTP/1.1" 404 1251 "-" "Mozilla/5.0 (Linux; Android 6.0.1; Nexus 5X Build/MMB29P) AppleWebKit/537.36 (KHTML, like Gecko) Chrome/137.0.7151.103 Mobile Safari/537.36 (compatible; GoogleOther)"
66.249.74.15 - - [13/Jul/2025:10:29:16 -0400] "GET /q-~6ZsrcZ6RBzdHeuMvZhwaXjJc6ITySDo48827/ HTTP/1.1" 404 1251 "-" "Mozilla/5.0 (Linux; Android 6.0.1; Nexus 5X Build/MMB29P) AppleWebKit/537.36 (KHTML, like Gecko) Chrome/137.0.7151.103 Mobile Safari/537.36 (compatible; GoogleOther)"
66.249.74.15 - - [13/Jul/2025:10:29:18 -0400] "GET /q-~3Mm4Mt1wcy7Nkuo2lcXgN3Fc7A7qlnk40136/ HTTP/1.1" 404 1251 "-" "Mozilla/5.0 (Linux; Android 6.0.1; Nexus 5X Build/MMB29P) AppleWebKit/537.36 (KHTML, like Gecko) Chrome/137.0.7151.103 Mobile Safari/537.36 (compatible; GoogleOther)"
66.249.74.15 - - [13/Jul/2025:10:29:21 -0400] "GET /items/wigfv215/44445?key=outline HTTP/1.1" 404 1251 "-" "Mozilla/5.0 (Linux; Android 6.0.1; Nexus 5X Build/MMB29P) AppleWebKit/537.36 (KHTML, like Gecko) Chrome/137.0.7151.103 Mobile Safari/537.36 (compatible; GoogleOther)"
66.249.74.15 - - [13/Jul/2025:10:29:25 -0400] "GET /q-~197R02OzG25WiLho5Fp5FNIkSP14UwIyP40424/ HTTP/1.1" 404 1251 "-" "Mozilla/5.0 (Linux; Android 6.0.1; Nexus 5X Build/MMB29P) AppleWebKit/537.36 (KHTML, like Gecko) Chrome/137.0.7151.103 Mobile Safari/537.36 (compatible; GoogleOther)"
66.249.74.15 - - [13/Jul/2025:10:29:33 -0400] "GET /q-~145ap6f3jbcag3oLeQOXoKcPzKHqiL7mV48994/ HTTP/1.1" 404 1251 "-" "Mozilla/5.0 (Linux; Android 6.0.1; Nexus 5X Build/MMB29P) AppleWebKit/537.36 (KHTML, like Gecko) Chrome/137.0.7151.103 Mobile Safari/537.36 (compatible; GoogleOther)"
66.249.74.15 - - [13/Jul/2025:10:29:36 -0400] "GET /items/rfowh134/31010?key=doorway HTTP/1.1" 404 1251 "-" "Mozilla/5.0 (Linux; Android 6.0.1; Nexus 5X Build/MMB29P) AppleWebKit/537.36 (KHTML, like Gecko) Chrome/137.0.7151.103 Mobile Safari/537.36 (compatible; GoogleOther)"
66.249.74.15 - - [13/Jul/2025:10:29:44 -0400] "GET /q-~96xRICiAVNNmLoLiIt12pYqhds2lZbHR7899/ HTTP/1.1" 404 1251 "-" "Mozilla/5.0 (Linux; Android 6.0.1; Nexus 5X Build/MMB29P) AppleWebKit/537.36 (KHTML, like Gecko) Chrome/137.0.7151.103 Mobile Safari/537.36 (compatible; GoogleOther)"
66.249.74.15 - - [13/Jul/2025:10:29:53 -0400] "GET /items/lskge3/10493?key=exclude HTTP/1.1" 404 1251 "-" "Mozilla/5.0 (Linux; Android 6.0.1; Nexus 5X Build/MMB29P) AppleWebKit/537.36 (KHTML, like Gecko) Chrome/137.0.7151.103 Mobile Safari/537.36 (compatible; GoogleOther)"
66.249.74.15 - - [13/Jul/2025:10:30:02 -0400] "GET /items/ifscb137/16267?key=secular HTTP/1.1" 404 1251 "-" "Mozilla/5.0 (Linux; Android 6.0.1; Nexus 5X Build/MMB29P) AppleWebKit/537.36 (KHTML, like Gecko) Chrome/137.0.7151.103 Mobile Safari/537.36 (compatible; GoogleOther)"
66.249.74.15 - - [13/Jul/2025:10:30:12 -0400] "GET /q-~84YkzTnZqZI1eN8Bqboa9BeCykmia7sl33895/ HTTP/1.1" 404 1251 "-" "Mozilla/5.0 (Linux; Android 6.0.1; Nexus 5X Build/MMB29P) AppleWebKit/537.36 (KHTML, like Gecko) Chrome/137.0.7151.103 Mobile Safari/537.36 (compatible; GoogleOther)"
66.249.74.15 - - [13/Jul/2025:10:30:20 -0400] "GET /items/ypquh121/36717?key=wildlife HTTP/1.1" 404 1251 "-" "Mozilla/5.0 (Linux; Android 6.0.1; Nexus 5X Build/MMB29P) AppleWebKit/537.36 (KHTML, like Gecko) Chrome/137.0.7151.103 Mobile Safari/537.36 (compatible; GoogleOther)"
66.249.74.15 - - [13/Jul/2025:10:30:30 -0400] "GET /items/zycrk62/10934?key=transition HTTP/1.1" 404 1251 "-" "Mozilla/5.0 (Linux; Android 6.0.1; Nexus 5X Build/MMB29P) AppleWebKit/537.36 (KHTML, like Gecko) Chrome/137.0.7151.103 Mobile Safari/537.36 (compatible; GoogleOther)"
66.249.74.15 - - [13/Jul/2025:10:30:38 -0400] "GET /q-~24QbvHRQ6RrjZ5X4u7Rs45zWPc8wnyUr11687/ HTTP/1.1" 404 1251 "-" "Mozilla/5.0 (Linux; Android 6.0.1; Nexus 5X Build/MMB29P) AppleWebKit/537.36 (KHTML, like Gecko) Chrome/137.0.7151.103 Mobile Safari/537.36 (compatible; GoogleOther)"
66.249.74.15 - - [13/Jul/2025:10:30:41 -0400] "GET /q-~166VbWQsphJ7TTLOWQvroQCP8UvikXQPA29967/ HTTP/1.1" 404 1251 "-" "Mozilla/5.0 (Linux; Android 6.0.1; Nexus 5X Build/MMB29P) AppleWebKit/537.36 (KHTML, like Gecko) Chrome/137.0.7151.103 Mobile Safari/537.36 (compatible; GoogleOther)"
66.249.74.15 - - [13/Jul/2025:10:30:43 -0400] "GET /q-~159zGy6wSwzfDLB99SUlbPGVX3mWJV46S31480/ HTTP/1.1" 404 1251 "-" "Mozilla/5.0 (Linux; Android 6.0.1; Nexus 5X Build/MMB29P) AppleWebKit/537.36 (KHTML, like Gecko) Chrome/137.0.7151.103 Mobile Safari/537.36 (compatible; GoogleOther)"
66.249.74.15 - - [13/Jul/2025:10:30:48 -0400] "GET /items/vyzrz51/43459?key=wheelchair HTTP/1.1" 404 1251 "-" "Mozilla/5.0 (Linux; Android 6.0.1; Nexus 5X Build/MMB29P) AppleWebKit/537.36 (KHTML, like Gecko) Chrome/137.0.7151.103 Mobile Safari/537.36 (compatible; GoogleOther)"
66.249.74.15 - - [13/Jul/2025:10:30:57 -0400] "GET /q-~28vZizfI6MJLpT2Nx6TtApDPOwdBeDYo45097/ HTTP/1.1" 404 1251 "-" "Mozilla/5.0 (Linux; Android 6.0.1; Nexus 5X Build/MMB29P) AppleWebKit/537.36 (KHTML, like Gecko) Chrome/137.0.7151.103 Mobile Safari/537.36 (compatible; GoogleOther)"
66.249.74.2 - - [13/Jul/2025:10:31:07 -0400] "GET /q-~32PzmAO6X7i8gMCDCxjstpGQFRghgpdu25741/ HTTP/1.1" 404 1251 "-" "Mozilla/5.0 (Linux; Android 6.0.1; Nexus 5X Build/MMB29P) AppleWebKit/537.36 (KHTML, like Gecko) Chrome/137.0.7151.103 Mobile Safari/537.36 (compatible; GoogleOther)"
66.249.74.1 - - [13/Jul/2025:10:31:16 -0400] "GET /q-~267UyS2GjRoicCWtVro0JEECdRxSIb6AY25420/ HTTP/1.1" 404 1251 "-" "Mozilla/5.0 (Linux; Android 6.0.1; Nexus 5X Build/MMB29P) AppleWebKit/537.36 (KHTML, like Gecko) Chrome/137.0.7151.103 Mobile Safari/537.36 (compatible; GoogleOther)"
66.249.74.15 - - [13/Jul/2025:10:31:25 -0400] "GET /q-~207iKgz6rvgD74qiH4iddN4YKrWCpsKTI29544/ HTTP/1.1" 404 1251 "-" "Mozilla/5.0 (Linux; Android 6.0.1; Nexus 5X Build/MMB29P) AppleWebKit/537.36 (KHTML, like Gecko) Chrome/137.0.7151.103 Mobile Safari/537.36 (compatible; GoogleOther)"
66.249.74.15 - - [13/Jul/2025:10:31:33 -0400] "GET /q-~251BofEjiktuAIQ4u8O3mqKm5QQkl1fOv33356/ HTTP/1.1" 404 1251 "-" "Mozilla/5.0 (Linux; Android 6.0.1; Nexus 5X Build/MMB29P) AppleWebKit/537.36 (KHTML, like Gecko) Chrome/137.0.7151.103 Mobile Safari/537.36 (compatible; GoogleOther)"
66.249.74.15 - - [13/Jul/2025:10:31:35 -0400] "GET /q-~84MuGsxnT3I5R0BIKHVMbwGvw22EuR0x23987/ HTTP/1.1" 404 1251 "-" "Mozilla/5.0 (Linux; Android 6.0.1; Nexus 5X Build/MMB29P) AppleWebKit/537.36 (KHTML, like Gecko) Chrome/137.0.7151.103 Mobile Safari/537.36 (compatible; GoogleOther)"
66.249.74.15 - - [13/Jul/2025:10:31:43 -0400] "GET /items/wgxue252/42936?key=grandfather HTTP/1.1" 404 1251 "-" "Mozilla/5.0 (Linux; Android 6.0.1; Nexus 5X Build/MMB29P) AppleWebKit/537.36 (KHTML, like Gecko) Chrome/137.0.7151.103 Mobile Safari/537.36 (compatible; GoogleOther)"
66.249.74.15 - - [13/Jul/2025:10:31:53 -0400] "GET /q-~113mmnxzLJux4G5yuzMaOpd2geEIZE9Vs31852/ HTTP/1.1" 404 1251 "-" "Mozilla/5.0 (Linux; Android 6.0.1; Nexus 5X Build/MMB29P) AppleWebKit/537.36 (KHTML, like Gecko) Chrome/137.0.7151.103 Mobile Safari/537.36 (compatible; GoogleOther)"
66.249.74.2 - - [13/Jul/2025:10:32:02 -0400] "GET /q-~79SwSXA7uOWJVzpeUyq6q6o9WlSmA2QY49794/ HTTP/1.1" 404 1251 "-" "Mozilla/5.0 (Linux; Android 6.0.1; Nexus 5X Build/MMB29P) AppleWebKit/537.36 (KHTML, like Gecko) Chrome/137.0.7151.103 Mobile Safari/537.36 (compatible; GoogleOther)"
44.221.227.90 - - [13/Jul/2025:10:32:05 -0400] "GET /wp-includes/block-supports/generated-classname.php HTTP/1.1" 403 1242 "-" "Mozilla/5.0 AppleWebKit/537.36 (KHTML, like Gecko; compatible; Amazonbot/0.1; +https://developer.amazon.com/support/amazonbot) Chrome/119.0.6045.214 Safari/537.36"
98.83.10.183 - - [13/Jul/2025:10:32:09 -0400] "GET /wp-includes/html-api/class-wp-html-stack-event.php HTTP/1.1" 403 1242 "-" "Mozilla/5.0 AppleWebKit/537.36 (KHTML, like Gecko; compatible; Amazonbot/0.1; +https://developer.amazon.com/support/amazonbot) Chrome/119.0.6045.214 Safari/537.36"
66.249.74.1 - - [13/Jul/2025:10:32:11 -0400] "GET /items/qjcxt256/6222?key=year HTTP/1.1" 404 1251 "-" "Mozilla/5.0 (Linux; Android 6.0.1; Nexus 5X Build/MMB29P) AppleWebKit/537.36 (KHTML, like Gecko) Chrome/137.0.7151.103 Mobile Safari/537.36 (compatible; GoogleOther)"
23.21.227.240 - - [13/Jul/2025:10:32:14 -0400] "GET /wp-includes/html-api/class-wp-html-tag-processor.php HTTP/1.1" 403 1242 "-" "Mozilla/5.0 AppleWebKit/537.36 (KHTML, like Gecko; compatible; Amazonbot/0.1; +https://developer.amazon.com/support/amazonbot) Chrome/119.0.6045.214 Safari/537.36"
52.203.68.145 - - [13/Jul/2025:10:32:17 -0400] "GET /wp-includes/customize/?MA HTTP/1.1" 200 1759 "-" "Mozilla/5.0 AppleWebKit/537.36 (KHTML, like Gecko; compatible; Amazonbot/0.1; +https://developer.amazon.com/support/amazonbot) Chrome/119.0.6045.214 Safari/537.36"
66.249.74.15 - - [13/Jul/2025:10:32:20 -0400] "GET /q-~160YhXxKA391QZfUHe7es9xChxwU1Yyoj16517/ HTTP/1.1" 404 1251 "-" "Mozilla/5.0 (Linux; Android 6.0.1; Nexus 5X Build/MMB29P) AppleWebKit/537.36 (KHTML, like Gecko) Chrome/137.0.7151.103 Mobile Safari/537.36 (compatible; GoogleOther)"
23.22.59.87 - - [13/Jul/2025:10:32:21 -0400] "GET /wp-includes/theme-compat/sidebar.php HTTP/1.1" 403 1242 "-" "Mozilla/5.0 AppleWebKit/537.36 (KHTML, like Gecko; compatible; Amazonbot/0.1; +https://developer.amazon.com/support/amazonbot) Chrome/119.0.6045.214 Safari/537.36"
66.249.74.15 - - [13/Jul/2025:10:32:25 -0400] "GET /items/frmpr228/11992?key=slightly HTTP/1.1" 404 1251 "-" "Mozilla/5.0 (Linux; Android 6.0.1; Nexus 5X Build/MMB29P) AppleWebKit/537.36 (KHTML, like Gecko) Chrome/137.0.7151.103 Mobile Safari/537.36 (compatible; GoogleOther)"
52.45.77.169 - - [13/Jul/2025:10:32:25 -0400] "GET /wp-includes/images/smilies/ HTTP/1.1" 200 1367 "-" "Mozilla/5.0 AppleWebKit/537.36 (KHTML, like Gecko; compatible; Amazonbot/0.1; +https://developer.amazon.com/support/amazonbot) Chrome/119.0.6045.214 Safari/537.36"
18.214.238.178 - - [13/Jul/2025:10:32:29 -0400] "GET /wp-includes/block-bindings/?ND HTTP/1.1" 200 668 "-" "Mozilla/5.0 AppleWebKit/537.36 (KHTML, like Gecko; compatible; Amazonbot/0.1; +https://developer.amazon.com/support/amazonbot) Chrome/119.0.6045.214 Safari/537.36"
66.249.74.15 - - [13/Jul/2025:10:32:29 -0400] "GET /q-~84iwKsZyklCBYCv8DZJfO7U5oBKjoi9d39619/ HTTP/1.1" 404 1251 "-" "Mozilla/5.0 (Linux; Android 6.0.1; Nexus 5X Build/MMB29P) AppleWebKit/537.36 (KHTML, like Gecko) Chrome/137.0.7151.103 Mobile Safari/537.36 (compatible; GoogleOther)"
66.249.74.15 - - [13/Jul/2025:10:32:39 -0400] "GET /q-~208O3I06vJhCb40Ue22CdJG5elIHnfMyi19635/ HTTP/1.1" 404 1251 "-" "Mozilla/5.0 (Linux; Android 6.0.1; Nexus 5X Build/MMB29P) AppleWebKit/537.36 (KHTML, like Gecko) Chrome/137.0.7151.103 Mobile Safari/537.36 (compatible; GoogleOther)"
66.249.74.15 - - [13/Jul/2025:10:32:48 -0400] "GET /items/muimr151/18405?key=football HTTP/1.1" 404 1251 "-" "Mozilla/5.0 (Linux; Android 6.0.1; Nexus 5X Build/MMB29P) AppleWebKit/537.36 (KHTML, like Gecko) Chrome/137.0.7151.103 Mobile Safari/537.36 (compatible; GoogleOther)"
66.249.74.15 - - [13/Jul/2025:10:32:57 -0400] "GET /q-~28kagVWMx12NnPz7eREtogcaDNwRcQPz13911/ HTTP/1.1" 404 1251 "-" "Mozilla/5.0 (Linux; Android 6.0.1; Nexus 5X Build/MMB29P) AppleWebKit/537.36 (KHTML, like Gecko) Chrome/137.0.7151.103 Mobile Safari/537.36 (compatible; GoogleOther)"
69.197.182.50 - - [13/Jul/2025:10:33:03 -0400] "GET /wp-content/admin.php HTTP/1.1" 404 1251 "https://nas-yemen.org/wp-content/admin.php" "Mozilla/5.0 (Windows NT 10.0; Win64; x64) AppleWebKit/537.36 (KHTML, like Gecko) Chrome/58.0.3029.110 Safari/537.3"
66.249.74.1 - - [13/Jul/2025:10:33:05 -0400] "GET /q-~283wwHSG7ymq9AeQxRykEUwRCrt1v12uz1432/ HTTP/1.1" 404 1251 "-" "Mozilla/5.0 (Linux; Android 6.0.1; Nexus 5X Build/MMB29P) AppleWebKit/537.36 (KHTML, like Gecko) Chrome/137.0.7151.103 Mobile Safari/537.36 (compatible; Googlebot/2.1; +http://www.google.com/bot.html)"
66.249.74.15 - - [13/Jul/2025:10:33:06 -0400] "GET /q-~206rBIggRlP5UEvYEBYpFmVEeKBNGRPjK43323/ HTTP/1.1" 404 1251 "-" "Mozilla/5.0 (Linux; Android 6.0.1; Nexus 5X Build/MMB29P) AppleWebKit/537.36 (KHTML, like Gecko) Chrome/137.0.7151.103 Mobile Safari/537.36 (compatible; GoogleOther)"
66.249.74.15 - - [13/Jul/2025:10:33:15 -0400] "GET /items/wogfh13/35919?key=economics HTTP/1.1" 404 1251 "-" "Mozilla/5.0 (Linux; Android 6.0.1; Nexus 5X Build/MMB29P) AppleWebKit/537.36 (KHTML, like Gecko) Chrome/137.0.7151.103 Mobile Safari/537.36 (compatible; GoogleOther)"
66.249.74.15 - - [13/Jul/2025:10:33:17 -0400] "GET /q-~78h275ihsJLJJC47ZwjSSMzjYMAK2zSr18497/ HTTP/1.1" 404 1251 "-" "Mozilla/5.0 (Linux; Android 6.0.1; Nexus 5X Build/MMB29P) AppleWebKit/537.36 (KHTML, like Gecko) Chrome/137.0.7151.103 Mobile Safari/537.36 (compatible; Googlebot/2.1; +http://www.google.com/bot.html)"
66.249.74.1 - - [13/Jul/2025:10:33:17 -0400] "GET /q-~78h275ihsJLJJC47ZwjSSMzjYMAK2zSr18497/ HTTP/1.1" 404 1251 "-" "Mozilla/5.0 (compatible; Googlebot/2.1; +http://www.google.com/bot.html)"
66.249.74.15 - - [13/Jul/2025:10:33:25 -0400] "GET /q-~96XAGp0rq9g6oxFe29srszBfy1E37Nfz37767/ HTTP/1.1" 404 1251 "-" "Mozilla/5.0 (Linux; Android 6.0.1; Nexus 5X Build/MMB29P) AppleWebKit/537.36 (KHTML, like Gecko) Chrome/137.0.7151.103 Mobile Safari/537.36 (compatible; GoogleOther)"
66.249.74.15 - - [13/Jul/2025:10:33:34 -0400] "GET /q-~291wR2maTOnTBK9oxsWpfrofyvcfOGZml41106/ HTTP/1.1" 404 1251 "-" "Mozilla/5.0 (Linux; Android 6.0.1; Nexus 5X Build/MMB29P) AppleWebKit/537.36 (KHTML, like Gecko) Chrome/137.0.7151.103 Mobile Safari/537.36 (compatible; GoogleOther)"
66.249.74.15 - - [13/Jul/2025:10:33:43 -0400] "GET /q-~184ugLiAo33NDSEtmSRdM2HfsIn85v8kz20017/ HTTP/1.1" 404 1251 "-" "Mozilla/5.0 (Linux; Android 6.0.1; Nexus 5X Build/MMB29P) AppleWebKit/537.36 (KHTML, like Gecko) Chrome/137.0.7151.103 Mobile Safari/537.36 (compatible; GoogleOther)"
66.249.74.15 - - [13/Jul/2025:10:33:49 -0400] "GET /q-~177n1LD24sCsQ8jRuLrmXtbsXt5dE5YuH19988/ HTTP/1.1" 404 1251 "-" "Mozilla/5.0 (Linux; Android 6.0.1; Nexus 5X Build/MMB29P) AppleWebKit/537.36 (KHTML, like Gecko) Chrome/137.0.7151.103 Mobile Safari/537.36 (compatible; GoogleOther)"
66.249.74.15 - - [13/Jul/2025:10:33:52 -0400] "GET /q-~37dteYB5ExskHS6SKYZ2zfq5anY8pVhV18646/ HTTP/1.1" 404 1251 "-" "Mozilla/5.0 (Linux; Android 6.0.1; Nexus 5X Build/MMB29P) AppleWebKit/537.36 (KHTML, like Gecko) Chrome/137.0.7151.103 Mobile Safari/537.36 (compatible; GoogleOther)"
66.249.74.1 - - [13/Jul/2025:10:34:01 -0400] "GET /q-~108J6Hbp0KJiA3JWFCzjJIfbzLMTI6zYJ16511/ HTTP/1.1" 404 1251 "-" "Mozilla/5.0 (Linux; Android 6.0.1; Nexus 5X Build/MMB29P) AppleWebKit/537.36 (KHTML, like Gecko) Chrome/137.0.7151.103 Mobile Safari/537.36 (compatible; GoogleOther)"
66.249.74.1 - - [13/Jul/2025:10:34:11 -0400] "GET /items/quwup158/8358?key=unexpected HTTP/1.1" 404 1251 "-" "Mozilla/5.0 (Linux; Android 6.0.1; Nexus 5X Build/MMB29P) AppleWebKit/537.36 (KHTML, like Gecko) Chrome/137.0.7151.103 Mobile Safari/537.36 (compatible; GoogleOther)"
85.208.96.208 - - [13/Jul/2025:10:34:13 -0400] "GET /aa48b/ HTTP/1.1" 200 536 "-" "Mozilla/5.0 (compatible; SemrushBot/7~bl; +http://www.semrush.com/bot.html)"
66.249.74.15 - - [13/Jul/2025:10:34:20 -0400] "GET /q-~218CD0RgLYjZYjwTXa1oXbrUVV7bbmbsa13783/ HTTP/1.1" 404 1251 "-" "Mozilla/5.0 (Linux; Android 6.0.1; Nexus 5X Build/MMB29P) AppleWebKit/537.36 (KHTML, like Gecko) Chrome/137.0.7151.103 Mobile Safari/537.36 (compatible; GoogleOther)"
66.249.74.15 - - [13/Jul/2025:10:34:29 -0400] "GET /q-~219dVe0QAhmOZeWaYD7yWmJdiTl9m5k1T48382/ HTTP/1.1" 404 1251 "-" "Mozilla/5.0 (Linux; Android 6.0.1; Nexus 5X Build/MMB29P) AppleWebKit/537.36 (KHTML, like Gecko) Chrome/137.0.7151.103 Mobile Safari/537.36 (compatible; GoogleOther)"
66.249.74.15 - - [13/Jul/2025:10:34:32 -0400] "GET /q-~201U7TI8ptfbrIsnx25gZQHd4Cb5FbWgI47402/ HTTP/1.1" 404 1251 "-" "Mozilla/5.0 (Linux; Android 6.0.1; Nexus 5X Build/MMB29P) AppleWebKit/537.36 (KHTML, like Gecko) Chrome/137.0.7151.103 Mobile Safari/537.36 (compatible; GoogleOther)"
66.249.74.15 - - [13/Jul/2025:10:34:38 -0400] "GET /items/zpzdz161/24481?key=conspiracy HTTP/1.1" 404 1251 "-" "Mozilla/5.0 (Linux; Android 6.0.1; Nexus 5X Build/MMB29P) AppleWebKit/537.36 (KHTML, like Gecko) Chrome/137.0.7151.103 Mobile Safari/537.36 (compatible; GoogleOther)"
66.249.74.15 - - [13/Jul/2025:10:34:47 -0400] "GET /items/hpvdz120/41184?key=artistic HTTP/1.1" 404 1251 "-" "Mozilla/5.0 (compatible; Googlebot/2.1; +http://www.google.com/bot.html)"
66.249.74.15 - - [13/Jul/2025:10:34:48 -0400] "GET /items/htyol289/46053?key=tour HTTP/1.1" 404 1251 "-" "Mozilla/5.0 (Linux; Android 6.0.1; Nexus 5X Build/MMB29P) AppleWebKit/537.36 (KHTML, like Gecko) Chrome/137.0.7151.103 Mobile Safari/537.36 (compatible; GoogleOther)"
66.249.74.15 - - [13/Jul/2025:10:34:57 -0400] "GET /q-~145WVtuS2htLr4oSt5NIVpigD4T1WZnJH27832/ HTTP/1.1" 404 1251 "-" "Mozilla/5.0 (Linux; Android 6.0.1; Nexus 5X Build/MMB29P) AppleWebKit/537.36 (KHTML, like Gecko) Chrome/137.0.7151.103 Mobile Safari/537.36 (compatible; GoogleOther)"
66.249.74.15 - - [13/Jul/2025:10:35:06 -0400] "GET /items/ddgyv243/38645?key=justice HTTP/1.1" 404 1251 "-" "Mozilla/5.0 (Linux; Android 6.0.1; Nexus 5X Build/MMB29P) AppleWebKit/537.36 (KHTML, like Gecko) Chrome/137.0.7151.103 Mobile Safari/537.36 (compatible; GoogleOther)"
66.249.74.1 - - [13/Jul/2025:10:35:15 -0400] "GET /q-~269qyhM8i8FHlIT9gtUwSKf4lLDoPzKeX21958/ HTTP/1.1" 404 1251 "-" "Mozilla/5.0 (Linux; Android 6.0.1; Nexus 5X Build/MMB29P) AppleWebKit/537.36 (KHTML, like Gecko) Chrome/137.0.7151.103 Mobile Safari/537.36 (compatible; GoogleOther)"
66.249.74.15 - - [13/Jul/2025:10:35:24 -0400] "GET /q-~131htEgjwNWcBq13VHdfXwBAIkwz6q48j44122/ HTTP/1.1" 404 1251 "-" "Mozilla/5.0 (Linux; Android 6.0.1; Nexus 5X Build/MMB29P) AppleWebKit/537.36 (KHTML, like Gecko) Chrome/137.0.7151.103 Mobile Safari/537.36 (compatible; GoogleOther)"
66.249.74.15 - - [13/Jul/2025:10:35:33 -0400] "GET /q-~223ayFkvl6P1Trv56XdXbKDfsz68Q1oUI33900/ HTTP/1.1" 404 1251 "-" "Mozilla/5.0 (Linux; Android 6.0.1; Nexus 5X Build/MMB29P) AppleWebKit/537.36 (KHTML, like Gecko) Chrome/137.0.7151.103 Mobile Safari/537.36 (compatible; GoogleOther)"
66.249.74.15 - - [13/Jul/2025:10:35:43 -0400] "GET /q-~283G8XX6yEyO1kOWX2dCiwO241mJPBFBt13878/ HTTP/1.1" 404 1251 "-" "Mozilla/5.0 (Linux; Android 6.0.1; Nexus 5X Build/MMB29P) AppleWebKit/537.36 (KHTML, like Gecko) Chrome/137.0.7151.103 Mobile Safari/537.36 (compatible; GoogleOther)"
66.249.74.15 - - [13/Jul/2025:10:35:52 -0400] "GET /q-~175nfPEhOIM2xvTjFmEfsaUCaR40fbrdn42734/ HTTP/1.1" 404 1251 "-" "Mozilla/5.0 (Linux; Android 6.0.1; Nexus 5X Build/MMB29P) AppleWebKit/537.36 (KHTML, like Gecko) Chrome/137.0.7151.103 Mobile Safari/537.36 (compatible; GoogleOther)"
