47.82.60.22 - - [13/Jul/2025:11:13:05 -0400] "GET /pcmypage?callback=product/detail/orange-benri-orb6105114 HTTP/1.1" 301 0 "https://www.dangroup.sa/pcmypage?callback=product%2Fdetail%2Forange-benri-orb6105114" "Mozilla/5.0 (Windows NT 10.0; Win64; x64) AppleWebKit/537.36 (KHTML, like Gecko) Chrome/114.0.0.0 Safari/537.36 Edg/114.0.1823.43"
66.29.146.47 - - [13/Jul/2025:11:13:10 -0400] "POST /wp-cron.php?doing_wp_cron=1752419590.2399630546569824218750 HTTP/1.1" 403 1242 "-" "WordPress/6.8; https://dangroup.sa"
66.29.146.47 - - [13/Jul/2025:11:13:10 -0400] "POST /wp-cron.php?doing_wp_cron=1752419589.7542169094085693359375 HTTP/1.1" 403 1242 "-" "WordPress/6.8; https://dangroup.sa"
66.29.146.47 - - [13/Jul/2025:11:13:11 -0400] "POST /wp-cron.php?doing_wp_cron=1752419591.3333129882812500000000 HTTP/1.1" 403 1242 "-" "WordPress/6.8; https://dangroup.sa"
47.82.60.43 - - [13/Jul/2025:11:12:59 -0400] "GET /items/gqwgc32/20368?key=likelihood HTTP/1.1" 404 23128 "https://dangroup.sa/items/gqwgc32/20368?key=likelihood" "Mozilla/5.0 (Windows NT 10.0; Win64; x64) AppleWebKit/537.36 (KHTML, like Gecko) Chrome/114.0.0.0 Safari/537.36 Edg/114.0.1823.43"
40.127.130.26 - - [13/Jul/2025:11:13:08 -0400] "GET /alfa.php HTTP/1.1" 200 0 "-" "-"
136.243.228.194 - - [13/Jul/2025:11:13:06 -0400] "GET /items/mdgdt130/47208?key=gathering HTTP/1.1" 404 23128 "-" "Mozilla/5.0 (compatible; DataForSeoBot/1.0; +https://dataforseo.com/dataforseo-bot)"
47.82.60.22 - - [13/Jul/2025:11:13:08 -0400] "GET /pcmypage?callback=product/detail/orange-benri-orb6105114 HTTP/1.1" 404 23126 "https://www.dangroup.sa/pcmypage?callback=product%2Fdetail%2Forange-benri-orb6105114" "Mozilla/5.0 (Windows NT 10.0; Win64; x64) AppleWebKit/537.36 (KHTML, like Gecko) Chrome/114.0.0.0 Safari/537.36 Edg/114.0.1823.43"
47.82.60.54 - - [13/Jul/2025:11:13:10 -0400] "GET /pcmypage?callback=product/review/jordan23-19_75357037 HTTP/1.1" 404 23126 "https://dangroup.sa/pcmypage?callback=product/review/jordan23-19_75357037" "Mozilla/5.0 (Windows NT 10.0; Win64; x64) AppleWebKit/537.36 (KHTML, like Gecko) Chrome/114.0.0.0 Safari/537.36 Edg/114.0.1823.43"
47.82.60.49 - - [13/Jul/2025:11:13:30 -0400] "GET /68ihj48961.html HTTP/1.1" 301 0 "https://www.dangroup.sa/68ihj48961.html" "Mozilla/5.0 (Windows NT 10.0; Win64; x64) AppleWebKit/537.36 (KHTML, like Gecko) Chrome/114.0.0.0 Safari/537.36 Edg/114.0.1823.43"
2a02:598:64:8a00::3100:1c - - [13/Jul/2025:11:13:33 -0400] "GET /sitemap857.xml HTTP/1.1" 200 37837 "-" "Mozilla/5.0 (compatible; SeznamBot/4.0; +https://o-seznam.cz/napoveda/vyhledavani/en/seznambot-crawler/)"
40.127.130.26 - - [13/Jul/2025:11:13:23 -0400] "GET /1.php HTTP/1.1" 404 23126 "-" "-"
136.243.228.194 - - [13/Jul/2025:11:13:26 -0400] "GET /items/uznob94/29212?key=conception HTTP/1.1" 404 23128 "-" "Mozilla/5.0 (compatible; DataForSeoBot/1.0; +https://dataforseo.com/dataforseo-bot)"
47.82.60.8 - - [13/Jul/2025:11:13:44 -0400] "GET /pcmypage?callback=product/review/pro-ste-9003103732 HTTP/1.1" 301 0 "https://www.dangroup.sa/pcmypage?callback=product/review/pro-ste-9003103732" "Mozilla/5.0 (Windows NT 10.0; Win64; x64) AppleWebKit/537.36 (KHTML, like Gecko) Chrome/114.0.0.0 Safari/537.36 Edg/114.0.1823.43"
47.82.60.49 - - [13/Jul/2025:11:13:36 -0400] "GET /68ihj48961.html HTTP/1.1" 404 23126 "https://www.dangroup.sa/68ihj48961.html" "Mozilla/5.0 (Windows NT 10.0; Win64; x64) AppleWebKit/537.36 (KHTML, like Gecko) Chrome/114.0.0.0 Safari/537.36 Edg/114.0.1823.43"
40.127.130.26 - - [13/Jul/2025:11:13:38 -0400] "GET /403.php HTTP/1.1" 200 0 "-" "-"
136.243.228.194 - - [13/Jul/2025:11:13:42 -0400] "GET /282lay31949.html HTTP/1.1" 404 23128 "-" "Mozilla/5.0 (compatible; DataForSeoBot/1.0; +https://dataforseo.com/dataforseo-bot)"
47.82.60.8 - - [13/Jul/2025:11:13:49 -0400] "GET /pcmypage?callback=product/review/pro-ste-9003103732 HTTP/1.1" 404 23128 "https://www.dangroup.sa/pcmypage?callback=product/review/pro-ste-9003103732" "Mozilla/5.0 (Windows NT 10.0; Win64; x64) AppleWebKit/537.36 (KHTML, like Gecko) Chrome/114.0.0.0 Safari/537.36 Edg/114.0.1823.43"
40.127.130.26 - - [13/Jul/2025:11:13:53 -0400] "GET /link.php HTTP/1.1" 200 0 "-" "-"
47.82.60.3 - - [13/Jul/2025:11:14:06 -0400] "GET /items/kfgrw34/360?key=although HTTP/1.1" 301 0 "https://www.dangroup.sa/items/kfgrw34/360?key=although" "Mozilla/5.0 (Windows NT 10.0; Win64; x64) AppleWebKit/537.36 (KHTML, like Gecko) Chrome/114.0.0.0 Safari/537.36 Edg/114.0.1823.43"
66.29.146.47 - - [13/Jul/2025:11:14:11 -0400] "POST /wp-cron.php?doing_wp_cron=1752419651.4313340187072753906250 HTTP/1.1" 403 1242 "-" "WordPress/6.8; https://dangroup.sa"
66.29.146.47 - - [13/Jul/2025:11:14:12 -0400] "POST /wp-cron.php?doing_wp_cron=1752419651.7410790920257568359375 HTTP/1.1" 403 1242 "-" "WordPress/6.8; https://dangroup.sa"
136.243.228.194 - - [13/Jul/2025:11:14:02 -0400] "GET /78saj14773.html HTTP/1.1" 404 23126 "-" "Mozilla/5.0 (compatible; DataForSeoBot/1.0; +https://dataforseo.com/dataforseo-bot)"
40.127.130.26 - - [13/Jul/2025:11:14:08 -0400] "GET /byp.php HTTP/1.1" 200 0 "-" "-"
47.82.60.3 - - [13/Jul/2025:11:14:09 -0400] "GET /items/kfgrw34/360?key=although HTTP/1.1" 404 23128 "https://www.dangroup.sa/items/kfgrw34/360?key=although" "Mozilla/5.0 (Windows NT 10.0; Win64; x64) AppleWebKit/537.36 (KHTML, like Gecko) Chrome/114.0.0.0 Safari/537.36 Edg/114.0.1823.43"
69.197.135.226 - - [13/Jul/2025:11:14:27 -0400] "GET /wp-content/install.php HTTP/1.1" 200 10 "https://dangroup.sa/wp-content/install.php" "Mozilla/5.0 (Windows NT 10.0; Win64; x64) AppleWebKit/537.36 (KHTML, like Gecko) Chrome/58.0.3029.110 Safari/537.3"
47.82.60.30 - - [13/Jul/2025:11:14:33 -0400] "GET /34zkar2265.html HTTP/1.1" 301 0 "https://www.dangroup.sa/34zkar2265.html" "Mozilla/5.0 (Windows NT 10.0; Win64; x64) AppleWebKit/537.36 (KHTML, like Gecko) Chrome/114.0.0.0 Safari/537.36 Edg/114.0.1823.43"
136.243.228.194 - - [13/Jul/2025:11:14:22 -0400] "GET /1gij45522.html HTTP/1.1" 404 23126 "-" "Mozilla/5.0 (compatible; DataForSeoBot/1.0; +https://dataforseo.com/dataforseo-bot)"
40.127.130.26 - - [13/Jul/2025:11:14:23 -0400] "GET /bak.php HTTP/1.1" 404 23128 "-" "-"
47.82.60.30 - - [13/Jul/2025:11:14:36 -0400] "GET /34zkar2265.html HTTP/1.1" 404 23126 "https://www.dangroup.sa/34zkar2265.html" "Mozilla/5.0 (Windows NT 10.0; Win64; x64) AppleWebKit/537.36 (KHTML, like Gecko) Chrome/114.0.0.0 Safari/537.36 Edg/114.0.1823.43"
136.243.228.194 - - [13/Jul/2025:11:14:38 -0400] "GET /items/qulix51/23993?key=steep HTTP/1.1" 404 23128 "-" "Mozilla/5.0 (compatible; DataForSeoBot/1.0; +https://dataforseo.com/dataforseo-bot)"
40.127.130.26 - - [13/Jul/2025:11:14:38 -0400] "GET /ini.php HTTP/1.1" 404 23128 "-" "-"
136.243.228.194 - - [13/Jul/2025:11:14:53 -0400] "GET /items/kftef120/19118?key=T-shirt HTTP/1.1" 404 23126 "-" "Mozilla/5.0 (compatible; DataForSeoBot/1.0; +https://dataforseo.com/dataforseo-bot)"
40.127.130.26 - - [13/Jul/2025:11:14:52 -0400] "GET /ws.php HTTP/1.1" 404 23126 "-" "-"
40.127.130.26 - - [13/Jul/2025:11:15:06 -0400] "GET /2.php HTTP/1.1" 404 23126 "-" "-"
47.82.60.64 - - [13/Jul/2025:11:15:05 -0400] "GET /items/pdxbk119/39125?key=standing HTTP/1.1" 404 23126 "https://dangroup.sa/items/pdxbk119/39125?key=standing" "Mozilla/5.0 (Windows NT 10.0; Win64; x64) AppleWebKit/537.36 (KHTML, like Gecko) Chrome/114.0.0.0 Safari/537.36 Edg/114.0.1823.43"
40.127.130.26 - - [13/Jul/2025:11:15:16 -0400] "GET /wp-trackback.php HTTP/1.1" 403 1242 "-" "-"
136.243.228.194 - - [13/Jul/2025:11:15:07 -0400] "GET /items/mchrn146/600?key=killer HTTP/1.1" 404 23126 "-" "Mozilla/5.0 (compatible; DataForSeoBot/1.0; +https://dataforseo.com/dataforseo-bot)"
66.29.146.47 - - [13/Jul/2025:11:15:19 -0400] "POST /wp-cron.php?doing_wp_cron=1752419718.4417750835418701171875 HTTP/1.1" 403 1242 "-" "WordPress/6.8; https://dangroup.sa"
40.127.130.26 - - [13/Jul/2025:11:15:17 -0400] "GET /.well-known/index.php HTTP/1.1" 301 0 "-" "-"
40.127.130.26 - - [13/Jul/2025:11:15:19 -0400] "GET /.well-known/ HTTP/1.1" 200 614 "-" "-"
47.82.60.32 - - [13/Jul/2025:11:15:28 -0400] "GET /items/axnlx62/21198?key=feel HTTP/1.1" 301 0 "https://www.dangroup.sa/items/axnlx62/21198?key=feel" "Mozilla/5.0 (Windows NT 10.0; Win64; x64) AppleWebKit/537.36 (KHTML, like Gecko) Chrome/114.0.0.0 Safari/537.36 Edg/114.0.1823.43"
136.243.228.194 - - [13/Jul/2025:11:15:21 -0400] "GET /items/typwz194/780?key=inmate HTTP/1.1" 404 23126 "-" "Mozilla/5.0 (compatible; DataForSeoBot/1.0; +https://dataforseo.com/dataforseo-bot)"
40.127.130.26 - - [13/Jul/2025:11:15:21 -0400] "GET /wp-includes/certificates/plugins.php HTTP/1.1" 404 23126 "-" "-"
40.127.130.26 - - [13/Jul/2025:11:15:31 -0400] "GET /wp-content/themes/seotheme/mar.php HTTP/1.1" 404 23126 "-" "-"
136.243.228.194 - - [13/Jul/2025:11:15:32 -0400] "GET /196xtly30509.html HTTP/1.1" 404 23128 "-" "Mozilla/5.0 (compatible; DataForSeoBot/1.0; +https://dataforseo.com/dataforseo-bot)"
47.82.60.32 - - [13/Jul/2025:11:15:31 -0400] "GET /items/axnlx62/21198?key=feel HTTP/1.1" 404 23126 "https://www.dangroup.sa/items/axnlx62/21198?key=feel" "Mozilla/5.0 (Windows NT 10.0; Win64; x64) AppleWebKit/537.36 (KHTML, like Gecko) Chrome/114.0.0.0 Safari/537.36 Edg/114.0.1823.43"
40.127.130.26 - - [13/Jul/2025:11:15:43 -0400] "GET /wp-admin/network/plugins.php HTTP/1.1" 302 0 "-" "-"
40.127.130.26 - - [13/Jul/2025:11:15:49 -0400] "GET /wp-login.php?redirect_to=https%3A%2F%2Fdangroup.sa%2Fwp-admin%2Fnetwork%2Fplugins.php&reauth=1 HTTP/1.1" 200 3099 "-" "-"
40.127.130.26 - - [13/Jul/2025:11:15:52 -0400] "GET /wp-admin/about.php HTTP/1.1" 302 0 "-" "-"
40.127.130.26 - - [13/Jul/2025:11:15:54 -0400] "GET /wp-login.php?redirect_to=https%3A%2F%2Fdangroup.sa%2Fwp-admin%2Fabout.php&reauth=1 HTTP/1.1" 200 3115 "-" "-"
136.243.228.194 - - [13/Jul/2025:11:15:46 -0400] "GET /items/nzulc242/47952?key=crop HTTP/1.1" 404 23128 "-" "Mozilla/5.0 (compatible; DataForSeoBot/1.0; +https://dataforseo.com/dataforseo-bot)"
40.127.130.26 - - [13/Jul/2025:11:15:57 -0400] "GET /chosen.php HTTP/1.1" 404 23126 "-" "-"
136.243.228.194 - - [13/Jul/2025:11:16:00 -0400] "GET /items/cdwrt182/39304?key=cottage HTTP/1.1" 404 23126 "-" "Mozilla/5.0 (compatible; DataForSeoBot/1.0; +https://dataforseo.com/dataforseo-bot)"
40.127.130.26 - - [13/Jul/2025:11:16:07 -0400] "GET /wp-includes/ID3/about.php HTTP/1.1" 404 23126 "-" "-"
40.127.130.26 - - [13/Jul/2025:11:16:11 -0400] "GET /css/index.php HTTP/1.1" 301 0 "-" "-"
136.243.228.194 - - [13/Jul/2025:11:16:10 -0400] "GET /items/mzlyd281/5689?key=apart HTTP/1.1" 404 23126 "-" "Mozilla/5.0 (compatible; DataForSeoBot/1.0; +https://dataforseo.com/dataforseo-bot)"
40.127.130.26 - - [13/Jul/2025:11:16:12 -0400] "GET /css/ HTTP/1.1" 404 23126 "-" "-"
66.29.146.47 - - [13/Jul/2025:11:16:18 -0400] "POST /wp-cron.php?doing_wp_cron=1752419778.4632680416107177734375 HTTP/1.1" 403 1242 "-" "WordPress/6.8; https://dangroup.sa"
40.127.130.26 - - [13/Jul/2025:11:16:18 -0400] "GET /wp-admin/includes/xmrlpc.php?p= HTTP/1.1" 301 0 "-" "-"
136.243.228.194 - - [13/Jul/2025:11:16:17 -0400] "GET /29idxf49778.html HTTP/1.1" 404 23126 "-" "Mozilla/5.0 (compatible; DataForSeoBot/1.0; +https://dataforseo.com/dataforseo-bot)"
40.127.130.26 - - [13/Jul/2025:11:16:20 -0400] "GET /wp-admin/includes/xmrlpc.php HTTP/1.1" 404 23126 "-" "-"
136.243.228.194 - - [13/Jul/2025:11:16:30 -0400] "GET /16ffi37969.html HTTP/1.1" 404 23128 "-" "Mozilla/5.0 (compatible; DataForSeoBot/1.0; +https://dataforseo.com/dataforseo-bot)"
40.127.130.26 - - [13/Jul/2025:11:16:33 -0400] "GET /wp-includes/SimplePie/wp-login.php HTTP/1.1" 404 23128 "-" "-"
136.243.228.194 - - [13/Jul/2025:11:16:43 -0400] "GET /items/jlqwv283/21663?key=dead HTTP/1.1" 404 23126 "-" "Mozilla/5.0 (compatible; DataForSeoBot/1.0; +https://dataforseo.com/dataforseo-bot)"
40.127.130.26 - - [13/Jul/2025:11:16:45 -0400] "GET /wp-content/themes/about.php HTTP/1.1" 404 23126 "-" "-"
136.243.228.194 - - [13/Jul/2025:11:16:57 -0400] "GET /12xuo6503.html HTTP/1.1" 404 23126 "-" "Mozilla/5.0 (compatible; DataForSeoBot/1.0; +https://dataforseo.com/dataforseo-bot)"
40.127.130.26 - - [13/Jul/2025:11:17:00 -0400] "GET /filemanager/dialog.php HTTP/1.1" 404 23126 "-" "-"
40.127.130.26 - - [13/Jul/2025:11:17:08 -0400] "GET /wp-admin/maint/index.php HTTP/1.1" 301 0 "-" "-"
40.127.130.26 - - [13/Jul/2025:11:17:10 -0400] "GET /wp-admin/maint/ HTTP/1.1" 200 621 "-" "-"
136.243.228.194 - - [13/Jul/2025:11:17:07 -0400] "GET /items/ebxpe9/25137?key=circuit HTTP/1.1" 404 23126 "-" "Mozilla/5.0 (compatible; DataForSeoBot/1.0; +https://dataforseo.com/dataforseo-bot)"
40.127.130.26 - - [13/Jul/2025:11:17:10 -0400] "GET /wp-includes/Requests/Text/admin.php HTTP/1.1" 404 23128 "-" "-"
66.29.146.47 - - [13/Jul/2025:11:17:25 -0400] "POST /wp-cron.php?doing_wp_cron=1752419844.5385599136352539062500 HTTP/1.1" 403 1242 "-" "WordPress/6.8; https://dangroup.sa"
136.243.228.194 - - [13/Jul/2025:11:17:16 -0400] "GET /items/qbukk20/24550?key=abandon HTTP/1.1" 404 23126 "-" "Mozilla/5.0 (compatible; DataForSeoBot/1.0; +https://dataforseo.com/dataforseo-bot)"
40.127.130.26 - - [13/Jul/2025:11:17:21 -0400] "GET /wp-includes/customize/about.php HTTP/1.1" 404 23126 "-" "-"
136.243.228.194 - - [13/Jul/2025:11:17:27 -0400] "GET /100bbmp18893.html HTTP/1.1" 404 23126 "-" "Mozilla/5.0 (compatible; DataForSeoBot/1.0; +https://dataforseo.com/dataforseo-bot)"
66.249.68.134 - - [13/Jul/2025:11:17:42 -0400] "GET /11ahjzd24732.html HTTP/1.1" 200 86978 "-" "Mozilla/5.0 (Linux; Android 6.0.1; Nexus 5X Build/MMB29P) AppleWebKit/537.36 (KHTML, like Gecko) Chrome/137.0.7151.103 Mobile Safari/537.36 (compatible; Googlebot/2.1; +http://www.google.com/bot.html)"
40.127.130.26 - - [13/Jul/2025:11:17:34 -0400] "GET /index/function.php HTTP/1.1" 404 23126 "-" "-"
136.243.228.194 - - [13/Jul/2025:11:17:39 -0400] "GET /169lcwj16548.html HTTP/1.1" 404 23126 "-" "Mozilla/5.0 (compatible; DataForSeoBot/1.0; +https://dataforseo.com/dataforseo-bot)"
40.127.130.26 - - [13/Jul/2025:11:17:46 -0400] "GET /uploads/autoload_classmap.php HTTP/1.1" 404 23126 "-" "-"
136.243.228.194 - - [13/Jul/2025:11:17:53 -0400] "GET /285bdlrc39410.html HTTP/1.1" 404 23128 "-" "Mozilla/5.0 (compatible; DataForSeoBot/1.0; +https://dataforseo.com/dataforseo-bot)"
40.127.130.26 - - [13/Jul/2025:11:17:58 -0400] "GET /wp-includes/css/dist/preferences/wp-login.php HTTP/1.1" 404 23126 "-" "-"
136.243.228.194 - - [13/Jul/2025:11:18:08 -0400] "GET /47zpta16558.html HTTP/1.1" 404 23126 "-" "Mozilla/5.0 (compatible; DataForSeoBot/1.0; +https://dataforseo.com/dataforseo-bot)"
40.127.130.26 - - [13/Jul/2025:11:18:12 -0400] "GET /wp-includes/style-engine/about.php HTTP/1.1" 404 23126 "-" "-"
40.127.130.26 - - [13/Jul/2025:11:18:22 -0400] "GET /.well-known/acme-challenge/mariju.php HTTP/1.1" 404 23126 "-" "-"
136.243.228.194 - - [13/Jul/2025:11:18:22 -0400] "GET /165ssqp35624.html HTTP/1.1" 404 23126 "-" "Mozilla/5.0 (compatible; DataForSeoBot/1.0; +https://dataforseo.com/dataforseo-bot)"
66.29.146.47 - - [13/Jul/2025:11:18:30 -0400] "POST /wp-cron.php?doing_wp_cron=1752419910.0568211078643798828125 HTTP/1.1" 403 1242 "-" "WordPress/6.8; https://dangroup.sa"
40.127.130.26 - - [13/Jul/2025:11:18:28 -0400] "GET /about/function.php HTTP/1.1" 404 23128 "-" "-"
136.243.228.194 - - [13/Jul/2025:11:18:31 -0400] "GET /items/obsee59/46759?key=mainly HTTP/1.1" 404 23128 "-" "Mozilla/5.0 (compatible; DataForSeoBot/1.0; +https://dataforseo.com/dataforseo-bot)"
40.127.130.26 - - [13/Jul/2025:11:18:41 -0400] "GET /wp-includes/theme-compat/chosen.php HTTP/1.1" 404 23128 "-" "-"
66.249.68.133 - - [13/Jul/2025:11:18:52 -0400] "GET /161rodq43884.html HTTP/1.1" 200 87012 "-" "Mozilla/5.0 (Linux; Android 6.0.1; Nexus 5X Build/MMB29P) AppleWebKit/537.36 (KHTML, like Gecko) Chrome/137.0.7151.103 Mobile Safari/537.36 (compatible; Googlebot/2.1; +http://www.google.com/bot.html)"
136.243.228.194 - - [13/Jul/2025:11:18:43 -0400] "GET /288xgwv6387.html HTTP/1.1" 404 23126 "-" "Mozilla/5.0 (compatible; DataForSeoBot/1.0; +https://dataforseo.com/dataforseo-bot)"
40.127.130.26 - - [13/Jul/2025:11:18:48 -0400] "GET /admin/function.php HTTP/1.1" 404 23126 "-" "-"
40.127.130.26 - - [13/Jul/2025:11:18:59 -0400] "GET /.well-known/acme-challenge/index.php HTTP/1.1" 301 0 "-" "-"
136.243.228.194 - - [13/Jul/2025:11:18:56 -0400] "GET /items/ltlqy281/39757?key=jail HTTP/1.1" 404 23128 "-" "Mozilla/5.0 (compatible; DataForSeoBot/1.0; +https://dataforseo.com/dataforseo-bot)"
40.127.130.26 - - [13/Jul/2025:11:19:02 -0400] "GET /.well-known/acme-challenge/ HTTP/1.1" 404 23128 "-" "-"
40.127.130.26 - - [13/Jul/2025:11:19:10 -0400] "GET /css/colors/blue/index.php HTTP/1.1" 301 0 "-" "-"
136.243.228.194 - - [13/Jul/2025:11:19:10 -0400] "GET /142qsc16267.html HTTP/1.1" 404 23126 "-" "Mozilla/5.0 (compatible; DataForSeoBot/1.0; +https://dataforseo.com/dataforseo-bot)"
40.127.130.26 - - [13/Jul/2025:11:19:13 -0400] "GET /css/colors/blue/ HTTP/1.1" 404 23126 "-" "-"
52.167.144.161 - - [13/Jul/2025:11:19:26 -0400] "GET / HTTP/1.1" 200 17 "-" "Mozilla/5.0 AppleWebKit/537.36 (KHTML, like Gecko; compatible; bingbot/2.0; +http://www.bing.com/bingbot.htm) Chrome/116.0.1938.76 Safari/537.36"
136.243.228.194 - - [13/Jul/2025:11:19:21 -0400] "GET /78cqntq13377.html HTTP/1.1" 404 23126 "-" "Mozilla/5.0 (compatible; DataForSeoBot/1.0; +https://dataforseo.com/dataforseo-bot)"
40.127.130.26 - - [13/Jul/2025:11:19:25 -0400] "GET /wp-content/plugins/pwnd/as.php HTTP/1.1" 404 23126 "-" "-"
40.127.130.26 - - [13/Jul/2025:11:19:34 -0400] "GET /wp-admin/setup-config.php HTTP/1.1" 403 1242 "-" "-"
66.29.146.47 - - [13/Jul/2025:11:19:34 -0400] "POST /wp-cron.php?doing_wp_cron=1752419974.4449169635772705078125 HTTP/1.1" 403 1242 "-" "WordPress/6.8; https://dangroup.sa"
40.127.130.26 - - [13/Jul/2025:11:19:34 -0400] "GET /wp-admin/user/about.php HTTP/1.1" 302 0 "-" "-"
40.127.130.26 - - [13/Jul/2025:11:19:37 -0400] "GET /wp-login.php?redirect_to=https%3A%2F%2Fdangroup.sa%2Fwp-admin%2Fuser%2Fabout.php&reauth=1 HTTP/1.1" 200 3110 "-" "-"
40.127.130.26 - - [13/Jul/2025:11:19:40 -0400] "GET /wp-admin/js/index.php HTTP/1.1" 301 0 "-" "-"
40.127.130.26 - - [13/Jul/2025:11:19:42 -0400] "GET /wp-admin/js/ HTTP/1.1" 200 2906 "-" "-"
136.243.228.194 - - [13/Jul/2025:11:19:32 -0400] "GET /items/kcisn167/46335?key=lesson HTTP/1.1" 404 23126 "-" "Mozilla/5.0 (compatible; DataForSeoBot/1.0; +https://dataforseo.com/dataforseo-bot)"
40.127.130.26 - - [13/Jul/2025:11:19:43 -0400] "GET /wp-content/upgrade/about.php HTTP/1.1" 404 23126 "-" "-"
40.127.130.26 - - [13/Jul/2025:11:19:51 -0400] "GET /wp-includes/assets/index.php HTTP/1.1" 301 0 "-" "-"
40.127.130.26 - - [13/Jul/2025:11:19:52 -0400] "GET /wp-includes/assets/ HTTP/1.1" 200 1043 "-" "-"
136.243.228.194 - - [13/Jul/2025:11:19:45 -0400] "GET /53rniw16848.html HTTP/1.1" 404 23128 "-" "Mozilla/5.0 (compatible; DataForSeoBot/1.0; +https://dataforseo.com/dataforseo-bot)"
40.127.130.26 - - [13/Jul/2025:11:19:53 -0400] "GET /wp-content/radio.php HTTP/1.1" 404 23126 "-" "-"
40.127.130.26 - - [13/Jul/2025:11:20:01 -0400] "GET /wp-includes/fonts/index.php?p= HTTP/1.1" 301 0 "-" "-"
40.127.130.26 - - [13/Jul/2025:11:20:03 -0400] "GET /wp-includes/fonts/ HTTP/1.1" 200 1154 "-" "-"
136.243.228.194 - - [13/Jul/2025:11:19:56 -0400] "GET /188vsizp17567.html HTTP/1.1" 404 23126 "-" "Mozilla/5.0 (compatible; DataForSeoBot/1.0; +https://dataforseo.com/dataforseo-bot)"
40.127.130.26 - - [13/Jul/2025:11:20:04 -0400] "GET /.well-known/gecko-litespeed.php HTTP/1.1" 404 23126 "-" "-"
136.243.228.194 - - [13/Jul/2025:11:20:09 -0400] "GET /126abxm36949.html HTTP/1.1" 404 23126 "-" "Mozilla/5.0 (compatible; DataForSeoBot/1.0; +https://dataforseo.com/dataforseo-bot)"
47.82.60.12 - - [13/Jul/2025:11:20:13 -0400] "GET /items/rrfzg11/10065?key=perfectly HTTP/1.1" 404 23126 "https://dangroup.sa/items/rrfzg11/10065?key=perfectly" "Mozilla/5.0 (Windows NT 10.0; Win64; x64) AppleWebKit/537.36 (KHTML, like Gecko) Chrome/114.0.0.0 Safari/537.36 Edg/114.0.1823.43"
40.127.130.26 - - [13/Jul/2025:11:20:17 -0400] "GET /.well-known/admin.php HTTP/1.1" 404 23126 "-" "-"
136.243.228.194 - - [13/Jul/2025:11:20:20 -0400] "GET /152fwp25869.html HTTP/1.1" 404 23126 "-" "Mozilla/5.0 (compatible; DataForSeoBot/1.0; +https://dataforseo.com/dataforseo-bot)"
66.29.146.47 - - [13/Jul/2025:11:20:36 -0400] "POST /wp-cron.php?doing_wp_cron=1752420036.4384820461273193359375 HTTP/1.1" 403 1242 "-" "WordPress/6.8; https://dangroup.sa"
40.127.130.26 - - [13/Jul/2025:11:20:28 -0400] "GET /wp-content/admin.php HTTP/1.1" 404 23126 "-" "-"
47.82.60.52 - - [13/Jul/2025:11:20:24 -0400] "GET /items/xbcbb102/27068?key=fame HTTP/1.1" 404 23126 "https://dangroup.sa/items/xbcbb102/27068?key=fame" "Mozilla/5.0 (Windows NT 10.0; Win64; x64) AppleWebKit/537.36 (KHTML, like Gecko) Chrome/114.0.0.0 Safari/537.36 Edg/114.0.1823.43"
136.243.228.194 - - [13/Jul/2025:11:20:34 -0400] "GET /items/kxpcp97/25807?key=electronic HTTP/1.1" 404 23126 "-" "Mozilla/5.0 (compatible; DataForSeoBot/1.0; +https://dataforseo.com/dataforseo-bot)"
40.127.130.26 - - [13/Jul/2025:11:20:40 -0400] "GET /wp-content/plugins/admin.php HTTP/1.1" 404 23128 "-" "-"
40.127.130.26 - - [13/Jul/2025:11:20:51 -0400] "GET /wp-content/themes/twentytwentytwo/index.php?p= HTTP/1.1" 200 0 "-" "-"
136.243.228.194 - - [13/Jul/2025:11:20:48 -0400] "GET /85pfq6298.html HTTP/1.1" 404 23128 "-" "Mozilla/5.0 (compatible; DataForSeoBot/1.0; +https://dataforseo.com/dataforseo-bot)"
40.127.130.26 - - [13/Jul/2025:11:20:51 -0400] "GET /.well-known/log.php HTTP/1.1" 404 23128 "-" "-"
136.243.228.194 - - [13/Jul/2025:11:21:01 -0400] "GET /9xbg17580.html HTTP/1.1" 404 23196 "-" "Mozilla/5.0 (compatible; DataForSeoBot/1.0; +https://dataforseo.com/dataforseo-bot)"
40.127.130.26 - - [13/Jul/2025:11:21:04 -0400] "GET /class.php HTTP/1.1" 404 23126 "-" "-"
136.243.228.194 - - [13/Jul/2025:11:21:14 -0400] "GET /229ctz46160.html HTTP/1.1" 404 23126 "-" "Mozilla/5.0 (compatible; DataForSeoBot/1.0; +https://dataforseo.com/dataforseo-bot)"
40.127.130.26 - - [13/Jul/2025:11:21:16 -0400] "GET /bless.php HTTP/1.1" 404 23128 "-" "-"
40.127.130.26 - - [13/Jul/2025:11:21:28 -0400] "GET /wp-includes/js/codemirror/index.php HTTP/1.1" 301 0 "-" "-"
40.127.130.26 - - [13/Jul/2025:11:21:30 -0400] "GET /wp-includes/js/codemirror/ HTTP/1.1" 200 1085 "-" "-"
40.127.130.26 - - [13/Jul/2025:11:21:31 -0400] "GET /wp-includes/block-patterns/index.php HTTP/1.1" 301 0 "-" "-"
40.127.130.26 - - [13/Jul/2025:11:21:33 -0400] "GET /wp-includes/block-patterns/ HTTP/1.1" 200 1065 "-" "-"
136.243.228.194 - - [13/Jul/2025:11:21:29 -0400] "GET /107uxb25892.html HTTP/1.1" 404 23128 "-" "Mozilla/5.0 (compatible; DataForSeoBot/1.0; +https://dataforseo.com/dataforseo-bot)"
66.29.146.47 - - [13/Jul/2025:11:21:42 -0400] "POST /wp-cron.php?doing_wp_cron=1752420102.4504599571228027343750 HTTP/1.1" 403 1242 "-" "WordPress/6.8; https://dangroup.sa"
40.127.130.26 - - [13/Jul/2025:11:21:33 -0400] "GET /lock360.php HTTP/1.1" 404 23126 "-" "-"
208.110.64.178 - - [13/Jul/2025:11:21:48 -0400] "GET /wp-content/install.php HTTP/1.1" 200 10 "https://dangroup.sa/wp-content/install.php" "Mozilla/5.0 (Windows NT 10.0; Win64; x64) AppleWebKit/537.36 (KHTML, like Gecko) Chrome/58.0.3029.110 Safari/537.3"
136.243.228.194 - - [13/Jul/2025:11:21:40 -0400] "GET /215yjxa10582.html HTTP/1.1" 404 23126 "-" "Mozilla/5.0 (compatible; DataForSeoBot/1.0; +https://dataforseo.com/dataforseo-bot)"
40.127.130.26 - - [13/Jul/2025:11:21:43 -0400] "GET /wp-content/plugins/about.php HTTP/1.1" 404 23126 "-" "-"
40.127.130.26 - - [13/Jul/2025:11:21:53 -0400] "GET /wp-admin/css/colors/blue/about.php HTTP/1.1" 404 23126 "-" "-"
136.243.228.194 - - [13/Jul/2025:11:21:54 -0400] "GET /items/mbvan118/35204?key=limit HTTP/1.1" 404 23126 "-" "Mozilla/5.0 (compatible; DataForSeoBot/1.0; +https://dataforseo.com/dataforseo-bot)"
40.127.130.26 - - [13/Jul/2025:11:22:02 -0400] "GET /edit.php HTTP/1.1" 404 23126 "-" "-"
136.243.228.194 - - [13/Jul/2025:11:22:05 -0400] "GET /63wauo8560.html HTTP/1.1" 404 23128 "-" "Mozilla/5.0 (compatible; DataForSeoBot/1.0; +https://dataforseo.com/dataforseo-bot)"
40.127.130.26 - - [13/Jul/2025:11:22:13 -0400] "GET /options.php HTTP/1.1" 404 23126 "-" "-"
40.127.130.26 - - [13/Jul/2025:11:22:21 -0400] "GET /wp-admin/network/index.php HTTP/1.1" 302 0 "-" "-"
40.127.130.26 - - [13/Jul/2025:11:22:23 -0400] "GET /wp-login.php?redirect_to=https%3A%2F%2Fdangroup.sa%2Fwp-admin%2Fnetwork%2Findex.php&reauth=1 HTTP/1.1" 200 3107 "-" "-"
136.243.228.194 - - [13/Jul/2025:11:22:17 -0400] "GET /items/diatx229/11437?key=grape HTTP/1.1" 404 23128 "-" "Mozilla/5.0 (compatible; DataForSeoBot/1.0; +https://dataforseo.com/dataforseo-bot)"
47.82.60.16 - - [13/Jul/2025:11:22:22 -0400] "GET /items/xlkuc245/34319?key=musician HTTP/1.1" 404 23126 "https://dangroup.sa/items/xlkuc245/34319?key=musician" "Mozilla/5.0 (Windows NT 10.0; Win64; x64) AppleWebKit/537.36 (KHTML, like Gecko) Chrome/114.0.0.0 Safari/537.36 Edg/114.0.1823.43"
40.127.130.26 - - [13/Jul/2025:11:22:25 -0400] "GET /rest-api/about.php HTTP/1.1" 404 23128 "-" "-"
47.82.60.4 - - [13/Jul/2025:11:22:28 -0400] "GET /items/zjzlj279/42331?key=ours HTTP/1.1" 404 23128 "https://dangroup.sa/items/zjzlj279/42331?key=ours" "Mozilla/5.0 (Windows NT 10.0; Win64; x64) AppleWebKit/537.36 (KHTML, like Gecko) Chrome/114.0.0.0 Safari/537.36 Edg/114.0.1823.43"
136.243.228.194 - - [13/Jul/2025:11:22:28 -0400] "GET /167toh18062.html HTTP/1.1" 404 23128 "-" "Mozilla/5.0 (compatible; DataForSeoBot/1.0; +https://dataforseo.com/dataforseo-bot)"
66.29.146.47 - - [13/Jul/2025:11:22:43 -0400] "POST /wp-cron.php?doing_wp_cron=1752420162.8466429710388183593750 HTTP/1.1" 403 1242 "-" "WordPress/6.8; https://dangroup.sa"
40.127.130.26 - - [13/Jul/2025:11:22:41 -0400] "GET /system_log.php HTTP/1.1" 404 23126 "-" "-"
136.243.228.194 - - [13/Jul/2025:11:22:43 -0400] "GET /142lpxo30337.html HTTP/1.1" 404 23126 "-" "Mozilla/5.0 (compatible; DataForSeoBot/1.0; +https://dataforseo.com/dataforseo-bot)"
40.127.130.26 - - [13/Jul/2025:11:22:47 -0400] "GET /wp-configs.php HTTP/1.1" 404 23126 "-" "-"
136.243.228.194 - - [13/Jul/2025:11:22:49 -0400] "GET /33venfr25174.html HTTP/1.1" 404 23126 "-" "Mozilla/5.0 (compatible; DataForSeoBot/1.0; +https://dataforseo.com/dataforseo-bot)"
40.127.130.26 - - [13/Jul/2025:11:22:51 -0400] "GET /a.php HTTP/1.1" 404 23126 "-" "-"
47.82.60.53 - - [13/Jul/2025:11:22:57 -0400] "GET /288ywgrn32837.html HTTP/1.1" 404 23126 "https://dangroup.sa/288ywgrn32837.html" "Mozilla/5.0 (Windows NT 10.0; Win64; x64) AppleWebKit/537.36 (KHTML, like Gecko) Chrome/114.0.0.0 Safari/537.36 Edg/114.0.1823.43"
136.243.228.194 - - [13/Jul/2025:11:22:57 -0400] "GET /items/zzymh254/31916?key=can HTTP/1.1" 404 23128 "-" "Mozilla/5.0 (compatible; DataForSeoBot/1.0; +https://dataforseo.com/dataforseo-bot)"
47.82.60.23 - - [13/Jul/2025:11:23:11 -0400] "GET /pcmypage?callback=product/review/gdoshop-5002530882-001 HTTP/1.1" 301 0 "https://www.dangroup.sa/pcmypage?callback=product/review/gdoshop-5002530882-001" "Mozilla/5.0 (Windows NT 10.0; Win64; x64) AppleWebKit/537.36 (KHTML, like Gecko) Chrome/114.0.0.0 Safari/537.36 Edg/114.0.1823.43"
136.243.228.194 - - [13/Jul/2025:11:23:09 -0400] "GET /items/tgxtr20/15432?key=dense HTTP/1.1" 404 23126 "-" "Mozilla/5.0 (compatible; DataForSeoBot/1.0; +https://dataforseo.com/dataforseo-bot)"
47.82.60.23 - - [13/Jul/2025:11:23:14 -0400] "GET /pcmypage?callback=product/review/gdoshop-5002530882-001 HTTP/1.1" 404 23126 "https://www.dangroup.sa/pcmypage?callback=product/review/gdoshop-5002530882-001" "Mozilla/5.0 (Windows NT 10.0; Win64; x64) AppleWebKit/537.36 (KHTML, like Gecko) Chrome/114.0.0.0 Safari/537.36 Edg/114.0.1823.43"
136.243.228.194 - - [13/Jul/2025:11:23:17 -0400] "GET /items/pbmbw291/22335?key=action HTTP/1.1" 404 23126 "-" "Mozilla/5.0 (compatible; DataForSeoBot/1.0; +https://dataforseo.com/dataforseo-bot)"
136.243.228.194 - - [13/Jul/2025:11:23:30 -0400] "GET /81mqo18664.html HTTP/1.1" 404 23126 "-" "Mozilla/5.0 (compatible; DataForSeoBot/1.0; +https://dataforseo.com/dataforseo-bot)"
136.243.228.194 - - [13/Jul/2025:11:23:39 -0400] "GET /154omokp42155.html HTTP/1.1" 404 23126 "-" "Mozilla/5.0 (compatible; DataForSeoBot/1.0; +https://dataforseo.com/dataforseo-bot)"
66.29.146.47 - - [13/Jul/2025:11:23:49 -0400] "POST /wp-cron.php?doing_wp_cron=1752420229.5693221092224121093750 HTTP/1.1" 403 1242 "-" "WordPress/6.8; https://dangroup.sa"
136.243.228.194 - - [13/Jul/2025:11:23:48 -0400] "GET /items/nzjvp254/41838?key=rebel HTTP/1.1" 404 23126 "-" "Mozilla/5.0 (compatible; DataForSeoBot/1.0; +https://dataforseo.com/dataforseo-bot)"
136.243.228.194 - - [13/Jul/2025:11:23:53 -0400] "GET /items/xgigk157/46295?key=journal HTTP/1.1" 404 23126 "-" "Mozilla/5.0 (compatible; DataForSeoBot/1.0; +https://dataforseo.com/dataforseo-bot)"
136.243.228.194 - - [13/Jul/2025:11:23:58 -0400] "GET /items/cihcd223/22343?key=hardly HTTP/1.1" 404 23126 "-" "Mozilla/5.0 (compatible; DataForSeoBot/1.0; +https://dataforseo.com/dataforseo-bot)"
136.243.228.194 - - [13/Jul/2025:11:24:04 -0400] "GET /254frpff33003.html HTTP/1.1" 404 23126 "-" "Mozilla/5.0 (compatible; DataForSeoBot/1.0; +https://dataforseo.com/dataforseo-bot)"
172.207.228.133 - - [13/Jul/2025:11:24:07 -0400] "GET /wp-content/plugins/hellopress/wp_filemanager.php HTTP/1.1" 404 23128 "-" "-"
136.243.228.194 - - [13/Jul/2025:11:24:14 -0400] "GET /items/ggfvh124/3462?key=plead HTTP/1.1" 404 23126 "-" "Mozilla/5.0 (compatible; DataForSeoBot/1.0; +https://dataforseo.com/dataforseo-bot)"
172.207.228.133 - - [13/Jul/2025:11:24:17 -0400] "GET /function/function.php HTTP/1.1" 404 23126 "-" "-"
136.243.228.194 - - [13/Jul/2025:11:24:25 -0400] "GET /4dfqfa219.html HTTP/1.1" 404 23128 "-" "Mozilla/5.0 (compatible; DataForSeoBot/1.0; +https://dataforseo.com/dataforseo-bot)"
172.207.228.133 - - [13/Jul/2025:11:24:27 -0400] "GET /.well-known/log.php HTTP/1.1" 404 23126 "-" "-"
136.243.228.194 - - [13/Jul/2025:11:24:35 -0400] "GET /218mtz14969.html HTTP/1.1" 404 23126 "-" "Mozilla/5.0 (compatible; DataForSeoBot/1.0; +https://dataforseo.com/dataforseo-bot)"
172.207.228.133 - - [13/Jul/2025:11:24:36 -0400] "GET /mar.php HTTP/1.1" 404 23126 "-" "-"
172.207.228.133 - - [13/Jul/2025:11:24:44 -0400] "GET /.well-known/gecko-litespeed.php HTTP/1.1" 404 23128 "-" "-"
136.243.228.194 - - [13/Jul/2025:11:24:45 -0400] "GET /items/jjucw202/18970?key=adjustment HTTP/1.1" 404 23126 "-" "Mozilla/5.0 (compatible; DataForSeoBot/1.0; +https://dataforseo.com/dataforseo-bot)"
66.29.146.47 - - [13/Jul/2025:11:24:54 -0400] "POST /wp-cron.php?doing_wp_cron=1752420294.6479790210723876953125 HTTP/1.1" 403 1242 "-" "WordPress/6.8; https://dangroup.sa"
172.207.228.133 - - [13/Jul/2025:11:24:53 -0400] "GET /update/f35.php HTTP/1.1" 404 23126 "-" "-"
136.243.228.194 - - [13/Jul/2025:11:24:55 -0400] "GET /items/hzgre231/6567?key=differ HTTP/1.1" 404 23126 "-" "Mozilla/5.0 (compatible; DataForSeoBot/1.0; +https://dataforseo.com/dataforseo-bot)"
172.207.228.133 - - [13/Jul/2025:11:25:02 -0400] "GET /system_log.php HTTP/1.1" 404 23126 "-" "-"
136.243.228.194 - - [13/Jul/2025:11:25:07 -0400] "GET /115amp31614.html HTTP/1.1" 404 23126 "-" "Mozilla/5.0 (compatible; DataForSeoBot/1.0; +https://dataforseo.com/dataforseo-bot)"
172.207.228.133 - - [13/Jul/2025:11:25:10 -0400] "GET /lock360.php HTTP/1.1" 404 23126 "-" "-"
136.243.228.194 - - [13/Jul/2025:11:25:15 -0400] "GET /125qypdn45442.html HTTP/1.1" 404 23126 "-" "Mozilla/5.0 (compatible; DataForSeoBot/1.0; +https://dataforseo.com/dataforseo-bot)"
172.207.228.133 - - [13/Jul/2025:11:25:18 -0400] "GET /atomlib.php HTTP/1.1" 404 23126 "-" "-"
47.82.60.18 - - [13/Jul/2025:11:25:23 -0400] "GET /items/dtugi167/32555?key=restriction HTTP/1.1" 404 23126 "https://dangroup.sa/items/dtugi167/32555?key=restriction" "Mozilla/5.0 (Windows NT 10.0; Win64; x64) AppleWebKit/537.36 (KHTML, like Gecko) Chrome/114.0.0.0 Safari/537.36 Edg/114.0.1823.43"
47.82.60.39 - - [13/Jul/2025:11:25:28 -0400] "GET /pcmypage?callback=product/review/first23-trusco-1741463 HTTP/1.1" 404 23128 "https://dangroup.sa/pcmypage?callback=product/review/first23-trusco-1741463" "Mozilla/5.0 (Windows NT 10.0; Win64; x64) AppleWebKit/537.36 (KHTML, like Gecko) Chrome/114.0.0.0 Safari/537.36 Edg/114.0.1823.43"
136.243.228.194 - - [13/Jul/2025:11:25:30 -0400] "GET /23xnz4616.html HTTP/1.1" 404 23126 "-" "Mozilla/5.0 (compatible; DataForSeoBot/1.0; +https://dataforseo.com/dataforseo-bot)"
172.207.228.133 - - [13/Jul/2025:11:25:31 -0400] "GET /wp-content/themes/aahana/json.php HTTP/1.1" 404 23126 "-" "-"
172.207.228.133 - - [13/Jul/2025:11:25:46 -0400] "GET /cgi-bin/cgi-bin/about.php7 HTTP/1.1" 404 23126 "-" "-"
136.243.228.194 - - [13/Jul/2025:11:25:47 -0400] "GET /173oyvq30878.html HTTP/1.1" 404 23126 "-" "Mozilla/5.0 (compatible; DataForSeoBot/1.0; +https://dataforseo.com/dataforseo-bot)"
66.29.146.47 - - [13/Jul/2025:11:25:54 -0400] "POST /wp-cron.php?doing_wp_cron=1752420354.7804620265960693359375 HTTP/1.1" 403 1242 "-" "WordPress/6.8; https://dangroup.sa"
172.207.228.133 - - [13/Jul/2025:11:25:54 -0400] "GET /wp-content/plugins/hellopress/wp_filemanager.php HTTP/1.1" 404 23128 "-" "-"
136.243.228.194 - - [13/Jul/2025:11:25:56 -0400] "GET /items/eqwop181/677?key=accuracy HTTP/1.1" 404 23126 "-" "Mozilla/5.0 (compatible; DataForSeoBot/1.0; +https://dataforseo.com/dataforseo-bot)"
172.207.228.133 - - [13/Jul/2025:11:25:58 -0400] "GET /themes.php HTTP/1.1" 404 23128 "-" "-"
136.243.228.194 - - [13/Jul/2025:11:26:02 -0400] "GET /150nprcu45733.html HTTP/1.1" 404 23128 "-" "Mozilla/5.0 (compatible; DataForSeoBot/1.0; +https://dataforseo.com/dataforseo-bot)"
172.207.228.133 - - [13/Jul/2025:11:26:02 -0400] "GET /goat1.php HTTP/1.1" 404 23126 "-" "-"
136.243.228.194 - - [13/Jul/2025:11:26:09 -0400] "GET /items/efbjw224/25008?key=fixed HTTP/1.1" 404 23126 "-" "Mozilla/5.0 (compatible; DataForSeoBot/1.0; +https://dataforseo.com/dataforseo-bot)"
172.207.228.133 - - [13/Jul/2025:11:26:10 -0400] "GET /bless.php HTTP/1.1" 404 23126 "-" "-"
136.243.228.194 - - [13/Jul/2025:11:26:21 -0400] "GET /62yjaz3217.html HTTP/1.1" 404 23128 "-" "Mozilla/5.0 (compatible; DataForSeoBot/1.0; +https://dataforseo.com/dataforseo-bot)"
172.207.228.133 - - [13/Jul/2025:11:26:21 -0400] "GET /baxa1.phP8 HTTP/1.1" 404 23126 "-" "-"
172.207.228.133 - - [13/Jul/2025:11:26:32 -0400] "GET /wp-configs.php HTTP/1.1" 404 23126 "-" "-"
172.207.228.133 - - [13/Jul/2025:11:26:41 -0400] "GET /wp-content/upgrade/index.php HTTP/1.1" 301 0 "-" "-"
136.243.228.194 - - [13/Jul/2025:11:26:33 -0400] "GET /77kzfr37992.html HTTP/1.1" 404 23126 "-" "Mozilla/5.0 (compatible; DataForSeoBot/1.0; +https://dataforseo.com/dataforseo-bot)"
172.207.228.133 - - [13/Jul/2025:11:26:43 -0400] "GET /wp-content/upgrade/ HTTP/1.1" 200 544 "-" "-"
172.207.228.133 - - [13/Jul/2025:11:26:44 -0400] "GET /wp-content/plugins/wp-conflg.php HTTP/1.1" 404 23126 "-" "-"
136.243.228.194 - - [13/Jul/2025:11:26:44 -0400] "GET /86clg33229.html HTTP/1.1" 404 23128 "-" "Mozilla/5.0 (compatible; DataForSeoBot/1.0; +https://dataforseo.com/dataforseo-bot)"
66.29.146.47 - - [13/Jul/2025:11:26:56 -0400] "POST /wp-cron.php?doing_wp_cron=1752420416.5568850040435791015625 HTTP/1.1" 403 1242 "-" "WordPress/6.8; https://dangroup.sa"
172.207.228.133 - - [13/Jul/2025:11:26:55 -0400] "GET /02.php HTTP/1.1" 404 23126 "-" "-"
136.243.228.194 - - [13/Jul/2025:11:26:57 -0400] "GET /items/sckum115/5713?key=funeral HTTP/1.1" 404 23128 "-" "Mozilla/5.0 (compatible; DataForSeoBot/1.0; +https://dataforseo.com/dataforseo-bot)"
172.207.228.133 - - [13/Jul/2025:11:27:03 -0400] "GET /wp-includes/IXR/index.php HTTP/1.1" 301 0 "-" "-"
172.207.228.133 - - [13/Jul/2025:11:27:05 -0400] "GET /wp-includes/IXR/ HTTP/1.1" 200 1121 "-" "-"
172.207.228.133 - - [13/Jul/2025:11:27:06 -0400] "GET /up.php HTTP/1.1" 404 23126 "-" "-"
136.243.228.194 - - [13/Jul/2025:11:27:07 -0400] "GET /items/jvtkr297/12843?key=receive HTTP/1.1" 404 23126 "-" "Mozilla/5.0 (compatible; DataForSeoBot/1.0; +https://dataforseo.com/dataforseo-bot)"
172.207.228.133 - - [13/Jul/2025:11:27:12 -0400] "GET /mail.php HTTP/1.1" 404 23128 "-" "-"
136.243.228.194 - - [13/Jul/2025:11:27:14 -0400] "GET /105kqx16568.html HTTP/1.1" 404 23128 "-" "Mozilla/5.0 (compatible; DataForSeoBot/1.0; +https://dataforseo.com/dataforseo-bot)"
172.207.228.133 - - [13/Jul/2025:11:27:18 -0400] "GET /jp.php HTTP/1.1" 404 23128 "-" "-"
136.243.228.194 - - [13/Jul/2025:11:27:24 -0400] "GET /items/nvrqx275/6107?key=cope HTTP/1.1" 404 23128 "-" "Mozilla/5.0 (compatible; DataForSeoBot/1.0; +https://dataforseo.com/dataforseo-bot)"
172.207.228.133 - - [13/Jul/2025:11:27:28 -0400] "GET /media.php HTTP/1.1" 404 23128 "-" "-"
51.222.253.19 - - [13/Jul/2025:11:27:30 -0400] "GET /en/author/danadmin/page/2/ HTTP/1.1" 200 23915 "-" "Mozilla/5.0 (compatible; AhrefsBot/7.0; +http://ahrefs.com/robot/)"
136.243.228.194 - - [13/Jul/2025:11:27:36 -0400] "GET /147tthb12810.html HTTP/1.1" 404 23128 "-" "Mozilla/5.0 (compatible; DataForSeoBot/1.0; +https://dataforseo.com/dataforseo-bot)"
172.207.228.133 - - [13/Jul/2025:11:27:39 -0400] "GET /wp-content/themes/about.php HTTP/1.1" 404 23126 "-" "-"
51.222.253.2 - - [13/Jul/2025:11:27:56 -0400] "GET /wp-content/uploads/2024/06/Frame-4d.png HTTP/1.1" 200 37520 "-" "Mozilla/5.0 (compatible; AhrefsBot/7.0; +http://ahrefs.com/robot/)"
51.222.253.9 - - [13/Jul/2025:11:27:58 -0400] "GET /wp-content/themes/arolax/assets/imgs/default-blog/arrow-left.png HTTP/1.1" 200 264 "-" "Mozilla/5.0 (compatible; AhrefsBot/7.0; +http://ahrefs.com/robot/)"
172.207.228.133 - - [13/Jul/2025:11:27:50 -0400] "GET /worksec.php HTTP/1.1" 404 23126 "-" "-"
136.243.228.194 - - [13/Jul/2025:11:27:49 -0400] "GET /items/wsskq39/475?key=calculation HTTP/1.1" 404 23126 "-" "Mozilla/5.0 (compatible; DataForSeoBot/1.0; +https://dataforseo.com/dataforseo-bot)"
172.207.228.133 - - [13/Jul/2025:11:27:59 -0400] "GET /.well-known/pki-validation/dropdown.php HTTP/1.1" 404 1251 "-" "-"
66.29.146.47 - - [13/Jul/2025:11:28:01 -0400] "POST /wp-cron.php?doing_wp_cron=1752420480.9351599216461181640625 HTTP/1.1" 403 1242 "-" "WordPress/6.8; https://dangroup.sa"
172.207.228.133 - - [13/Jul/2025:11:27:59 -0400] "GET /menu.php HTTP/1.1" 404 23128 "-" "-"
136.243.228.194 - - [13/Jul/2025:11:28:01 -0400] "GET /45zieu38452.html HTTP/1.1" 404 23126 "-" "Mozilla/5.0 (compatible; DataForSeoBot/1.0; +https://dataforseo.com/dataforseo-bot)"
172.207.228.133 - - [13/Jul/2025:11:28:10 -0400] "GET /log.php HTTP/1.1" 404 23126 "-" "-"
136.243.228.194 - - [13/Jul/2025:11:28:12 -0400] "GET /items/stjwd144/28370?key=ticket HTTP/1.1" 404 23126 "-" "Mozilla/5.0 (compatible; DataForSeoBot/1.0; +https://dataforseo.com/dataforseo-bot)"
172.207.228.133 - - [13/Jul/2025:11:28:22 -0400] "GET /class.php HTTP/1.1" 404 23128 "-" "-"
172.207.228.133 - - [13/Jul/2025:11:28:31 -0400] "GET /.well-known/pki-validation/index.php HTTP/1.1" 404 1251 "-" "-"
172.207.228.133 - - [13/Jul/2025:11:28:31 -0400] "GET /wp-includes/SimplePie/index.php HTTP/1.1" 301 0 "-" "-"
172.207.228.133 - - [13/Jul/2025:11:28:34 -0400] "GET /wp-includes/SimplePie/ HTTP/1.1" 200 689 "-" "-"
172.207.228.133 - - [13/Jul/2025:11:28:35 -0400] "GET /wp-content/plugins/wp-help/index.php HTTP/1.1" 301 0 "-" "-"
136.243.228.194 - - [13/Jul/2025:11:28:26 -0400] "GET /247vtpwv9072.html HTTP/1.1" 404 23128 "-" "Mozilla/5.0 (compatible; DataForSeoBot/1.0; +https://dataforseo.com/dataforseo-bot)"
172.207.228.133 - - [13/Jul/2025:11:28:37 -0400] "GET /wp-content/plugins/wp-help/ HTTP/1.1" 404 23126 "-" "-"
136.243.228.194 - - [13/Jul/2025:11:28:39 -0400] "GET /items/fkixx134/31174?key=overwhelm HTTP/1.1" 404 23307 "-" "Mozilla/5.0 (compatible; DataForSeoBot/1.0; +https://dataforseo.com/dataforseo-bot)"
172.207.228.133 - - [13/Jul/2025:11:28:45 -0400] "GET /wp-conflg.php HTTP/1.1" 404 23126 "-" "-"
172.207.228.133 - - [13/Jul/2025:11:28:55 -0400] "GET /wp-content/themes/twentytwentytwo/index.php HTTP/1.1" 200 0 "-" "-"
172.207.228.133 - - [13/Jul/2025:11:28:56 -0400] "GET /wp-includes/block-patterns/index.php HTTP/1.1" 301 0 "-" "-"
172.207.228.133 - - [13/Jul/2025:11:28:58 -0400] "GET /wp-includes/block-patterns/ HTTP/1.1" 200 1065 "-" "-"
136.243.228.194 - - [13/Jul/2025:11:28:52 -0400] "GET /144hilag34893.html HTTP/1.1" 404 23126 "-" "Mozilla/5.0 (compatible; DataForSeoBot/1.0; +https://dataforseo.com/dataforseo-bot)"
66.29.146.47 - - [13/Jul/2025:11:29:07 -0400] "POST /wp-cron.php?doing_wp_cron=1752420546.7378139495849609375000 HTTP/1.1" 403 1242 "-" "WordPress/6.8; https://dangroup.sa"
172.207.228.133 - - [13/Jul/2025:11:28:58 -0400] "GET /wp-includes/Text/Diff/Engine/about.php HTTP/1.1" 404 23126 "-" "-"
136.243.228.194 - - [13/Jul/2025:11:29:05 -0400] "GET /items/ghnbs117/2549?key=publicly HTTP/1.1" 404 23126 "-" "Mozilla/5.0 (compatible; DataForSeoBot/1.0; +https://dataforseo.com/dataforseo-bot)"
172.207.228.133 - - [13/Jul/2025:11:29:08 -0400] "GET /wp-admin/images/file.php HTTP/1.1" 404 23126 "-" "-"
136.243.228.194 - - [13/Jul/2025:11:29:13 -0400] "GET /items/wqzqg229/37149?key=fighter HTTP/1.1" 404 23305 "-" "Mozilla/5.0 (compatible; DataForSeoBot/1.0; +https://dataforseo.com/dataforseo-bot)"
172.207.228.133 - - [13/Jul/2025:11:29:14 -0400] "GET /wp-includes/pomo/about.php HTTP/1.1" 404 23126 "-" "-"
136.243.228.194 - - [13/Jul/2025:11:29:23 -0400] "GET /120hamb27567.html HTTP/1.1" 404 23126 "-" "Mozilla/5.0 (compatible; DataForSeoBot/1.0; +https://dataforseo.com/dataforseo-bot)"
172.207.228.133 - - [13/Jul/2025:11:29:26 -0400] "GET /wp-content/uploads/wp.php HTTP/1.1" 404 23126 "-" "-"
172.207.228.133 - - [13/Jul/2025:11:29:33 -0400] "GET /wp-content/themes/cay-van-phong/filemanager.php HTTP/1.1" 404 23126 "-" "-"
136.243.228.194 - - [13/Jul/2025:11:29:34 -0400] "GET /147nomf14206.html HTTP/1.1" 404 23128 "-" "Mozilla/5.0 (compatible; DataForSeoBot/1.0; +https://dataforseo.com/dataforseo-bot)"
172.207.228.133 - - [13/Jul/2025:11:29:38 -0400] "GET /wp-content/cong.php HTTP/1.1" 404 23126 "-" "-"
136.243.228.194 - - [13/Jul/2025:11:29:40 -0400] "GET /7eqzr42846.html HTTP/1.1" 404 23126 "-" "Mozilla/5.0 (compatible; DataForSeoBot/1.0; +https://dataforseo.com/dataforseo-bot)"
172.207.228.133 - - [13/Jul/2025:11:29:41 -0400] "GET /wp-includes/js/about.php HTTP/1.1" 404 23126 "-" "-"
40.77.167.159 - - [13/Jul/2025:11:29:49 -0400] "GET /lotofbc4678gmonologuize HTTP/1.1" 200 17 "-" "Mozilla/5.0 AppleWebKit/537.36 (KHTML, like Gecko; compatible; bingbot/2.0; +http://www.bing.com/bingbot.htm) Chrome/116.0.1938.76 Safari/537.36"
172.207.228.133 - - [13/Jul/2025:11:29:45 -0400] "GET /cc.php HTTP/1.1" 404 23126 "-" "-"
136.243.228.194 - - [13/Jul/2025:11:29:46 -0400] "GET /items/bjpzp278/35002?key=exhibition HTTP/1.1" 404 23126 "-" "Mozilla/5.0 (compatible; DataForSeoBot/1.0; +https://dataforseo.com/dataforseo-bot)"
216.73.216.160 - - [13/Jul/2025:11:29:54 -0400] "GET / HTTP/1.1" 200 0 "-" "Mozilla/5.0 AppleWebKit/537.36 (KHTML, like Gecko; compatible; ClaudeBot/1.0; +claudebot@anthropic.com)"
172.207.228.133 - - [13/Jul/2025:11:29:53 -0400] "GET /wp-includes/IXR/about.php HTTP/1.1" 404 23128 "-" "-"
172.207.228.133 - - [13/Jul/2025:11:30:06 -0400] "GET /wp-mail.php/wp-includes/ID3/getid3s.php HTTP/1.1" 403 1242 "-" "-"
136.243.228.194 - - [13/Jul/2025:11:29:56 -0400] "GET /205ecfus35916.html HTTP/1.1" 404 23126 "-" "Mozilla/5.0 (compatible; DataForSeoBot/1.0; +https://dataforseo.com/dataforseo-bot)"
66.29.146.47 - - [13/Jul/2025:11:30:08 -0400] "POST /wp-cron.php?doing_wp_cron=1752420608.1582610607147216796875 HTTP/1.1" 403 1242 "-" "WordPress/6.8; https://dangroup.sa"
172.207.228.133 - - [13/Jul/2025:11:30:06 -0400] "GET /wp-admin/function.php HTTP/1.1" 404 23128 "-" "-"
136.243.228.194 - - [13/Jul/2025:11:30:09 -0400] "GET /items/mxyqq204/35208?key=bullet HTTP/1.1" 404 23128 "-" "Mozilla/5.0 (compatible; DataForSeoBot/1.0; +https://dataforseo.com/dataforseo-bot)"
172.207.228.133 - - [13/Jul/2025:11:30:18 -0400] "GET /wp-admin/css/colors/blue/atomlib.php HTTP/1.1" 404 23126 "-" "-"
136.243.228.194 - - [13/Jul/2025:11:30:22 -0400] "GET /68niyd19421.html HTTP/1.1" 404 23128 "-" "Mozilla/5.0 (compatible; DataForSeoBot/1.0; +https://dataforseo.com/dataforseo-bot)"
66.249.68.133 - - [13/Jul/2025:11:30:35 -0400] "GET /search?category=201&search_word= HTTP/1.1" 200 86990 "-" "Mozilla/5.0 (compatible; Googlebot/2.1; +http://www.google.com/bot.html)"
172.207.228.133 - - [13/Jul/2025:11:30:27 -0400] "GET /wp-content/themes.php HTTP/1.1" 404 23126 "-" "-"
66.249.68.134 - - [13/Jul/2025:11:30:37 -0400] "GET /search?category=50101&search_word= HTTP/1.1" 200 86349 "-" "Mozilla/5.0 (compatible; Googlebot/2.1; +http://www.google.com/bot.html)"
66.249.79.138 - - [13/Jul/2025:11:30:44 -0400] "GET /robots.txt HTTP/1.1" 304 0 "-" "Mozilla/5.0 (compatible; Googlebot/2.1; +http://www.google.com/bot.html)"
66.249.79.137 - - [13/Jul/2025:11:30:44 -0400] "GET /product/edit/tireshop-17510487n165651340909-545c45si-f HTTP/1.1" 200 87323 "-" "Mozilla/5.0 (Linux; Android 6.0.1; Nexus 5X Build/MMB29P) AppleWebKit/537.36 (KHTML, like Gecko) Chrome/137.0.7151.103 Mobile Safari/537.36 (compatible; Googlebot/2.1; +http://www.google.com/bot.html)"
136.243.228.194 - - [13/Jul/2025:11:30:36 -0400] "GET /items/iuabt203/28151?key=honey HTTP/1.1" 404 23126 "-" "Mozilla/5.0 (compatible; DataForSeoBot/1.0; +https://dataforseo.com/dataforseo-bot)"
172.207.228.133 - - [13/Jul/2025:11:30:37 -0400] "GET /wp-content/packed.php HTTP/1.1" 404 23128 "-" "-"
172.207.228.133 - - [13/Jul/2025:11:30:48 -0400] "GET /wp-includes/js/codemirror/index.php HTTP/1.1" 301 0 "-" "-"
172.207.228.133 - - [13/Jul/2025:11:30:50 -0400] "GET /wp-includes/js/codemirror/ HTTP/1.1" 200 1085 "-" "-"
136.243.228.194 - - [13/Jul/2025:11:30:48 -0400] "GET /items/thxqp259/44583?key=independent HTTP/1.1" 404 23128 "-" "Mozilla/5.0 (compatible; DataForSeoBot/1.0; +https://dataforseo.com/dataforseo-bot)"
172.207.228.133 - - [13/Jul/2025:11:30:52 -0400] "GET /wp-admin/includes/xmrlpc.php HTTP/1.1" 404 23128 "-" "-"
136.243.228.194 - - [13/Jul/2025:11:31:00 -0400] "GET /93nhz40410.html HTTP/1.1" 404 23128 "-" "Mozilla/5.0 (compatible; DataForSeoBot/1.0; +https://dataforseo.com/dataforseo-bot)"
172.207.228.133 - - [13/Jul/2025:11:31:01 -0400] "GET /wp-content/themes/admin.php HTTP/1.1" 404 23126 "-" "-"
66.29.146.47 - - [13/Jul/2025:11:31:09 -0400] "POST /wp-cron.php?doing_wp_cron=1752420669.6449739933013916015625 HTTP/1.1" 403 1242 "-" "WordPress/6.8; https://dangroup.sa"
172.207.228.133 - - [13/Jul/2025:11:31:09 -0400] "GET /wp-admin/css/wp-conflg.php HTTP/1.1" 404 23128 "-" "-"
136.243.228.194 - - [13/Jul/2025:11:31:10 -0400] "GET /299gzxj46952.html HTTP/1.1" 404 23128 "-" "Mozilla/5.0 (compatible; DataForSeoBot/1.0; +https://dataforseo.com/dataforseo-bot)"
172.207.228.133 - - [13/Jul/2025:11:31:13 -0400] "GET /wp-includes/Text/Diff/about.php HTTP/1.1" 404 23126 "-" "-"
136.243.228.194 - - [13/Jul/2025:11:31:17 -0400] "GET /items/hwyju136/16226?key=compose HTTP/1.1" 404 23126 "-" "Mozilla/5.0 (compatible; DataForSeoBot/1.0; +https://dataforseo.com/dataforseo-bot)"
172.207.228.133 - - [13/Jul/2025:11:31:17 -0400] "GET /wp-includes/block-supports/about.php HTTP/1.1" 404 23128 "-" "-"
172.207.228.133 - - [13/Jul/2025:11:31:22 -0400] "GET /wp-admin/chosen.php HTTP/1.1" 404 23126 "-" "-"
172.207.228.133 - - [13/Jul/2025:11:31:25 -0400] "GET /wp-content/themes/file.php HTTP/1.1" 404 23128 "-" "-"
172.207.228.133 - - [13/Jul/2025:11:31:32 -0400] "GET /wp-includes/fonts/admin.php HTTP/1.1" 404 23126 "-" "-"
172.207.228.133 - - [13/Jul/2025:11:31:39 -0400] "GET /wp-admin/classwithtostring.php HTTP/1.1" 404 23126 "-" "-"
172.207.228.133 - - [13/Jul/2025:11:31:44 -0400] "GET /wp-content/upgrade/admin.php HTTP/1.1" 404 23126 "-" "-"
172.207.228.133 - - [13/Jul/2025:11:31:47 -0400] "GET /wp-admin/log.php HTTP/1.1" 404 23126 "-" "-"
172.207.228.133 - - [13/Jul/2025:11:31:50 -0400] "GET /wp-content/uploads/2024/index.php HTTP/1.1" 301 0 "-" "-"
172.207.228.133 - - [13/Jul/2025:11:31:51 -0400] "GET /wp-content/uploads/2024/ HTTP/1.1" 200 953 "-" "-"
172.207.228.133 - - [13/Jul/2025:11:31:51 -0400] "GET /wp-admin/js/wp-conflg.php HTTP/1.1" 404 23126 "-" "-"
47.82.60.64 - - [13/Jul/2025:11:31:55 -0400] "GET /items/dmjbq90/25242?key=chance HTTP/1.1" 404 23126 "https://dangroup.sa/items/dmjbq90/25242?key=chance" "Mozilla/5.0 (Windows NT 10.0; Win64; x64) AppleWebKit/537.36 (KHTML, like Gecko) Chrome/114.0.0.0 Safari/537.36 Edg/114.0.1823.43"
172.207.228.133 - - [13/Jul/2025:11:31:59 -0400] "GET /wp-content/themes/twentytwentytwo/alfa-rex.php HTTP/1.1" 404 23128 "-" "-"
66.29.146.47 - - [13/Jul/2025:11:32:10 -0400] "POST /wp-cron.php?doing_wp_cron=1752420730.0443999767303466796875 HTTP/1.1" 403 1242 "-" "WordPress/6.8; https://dangroup.sa"
172.207.228.133 - - [13/Jul/2025:11:32:10 -0400] "GET /wp-includes/style-engine/index.php HTTP/1.1" 301 0 "-" "-"
172.207.228.133 - - [13/Jul/2025:11:32:11 -0400] "GET /wp-includes/style-engine/ HTTP/1.1" 200 734 "-" "-"
136.243.228.194 - - [13/Jul/2025:11:32:07 -0400] "GET /items/llgud32/39610?key=fourth HTTP/1.1" 404 23126 "-" "Mozilla/5.0 (compatible; DataForSeoBot/1.0; +https://dataforseo.com/dataforseo-bot)"
172.207.228.133 - - [13/Jul/2025:11:32:11 -0400] "GET /wp-includes/Text/wp-conflg.php HTTP/1.1" 404 23126 "-" "-"
136.243.228.194 - - [13/Jul/2025:11:32:20 -0400] "GET /items/jzkym214/12630?key=orange HTTP/1.1" 404 23126 "-" "Mozilla/5.0 (compatible; DataForSeoBot/1.0; +https://dataforseo.com/dataforseo-bot)"
172.207.228.133 - - [13/Jul/2025:11:32:23 -0400] "GET /wp-content/languages/chosen.php HTTP/1.1" 404 23128 "-" "-"
136.243.228.194 - - [13/Jul/2025:11:32:31 -0400] "GET /249kuum30120.html HTTP/1.1" 404 23128 "-" "Mozilla/5.0 (compatible; DataForSeoBot/1.0; +https://dataforseo.com/dataforseo-bot)"
172.207.228.133 - - [13/Jul/2025:11:32:31 -0400] "GET /wp-admin/network/chosen.php HTTP/1.1" 404 23126 "-" "-"
172.207.228.133 - - [13/Jul/2025:11:32:36 -0400] "GET /wp-includes/html-api/index.php HTTP/1.1" 301 0 "-" "-"
