136.243.228.194 - - [13/Jul/2025:10:53:02 -0400] "GET /277icfnd786.html HTTP/1.1" 404 23126 "-" "Mozilla/5.0 (compatible; DataForSeoBot/1.0; +https://dataforseo.com/dataforseo-bot)"
136.243.228.194 - - [13/Jul/2025:10:53:06 -0400] "GET /236vpwe35809.html HTTP/1.1" 404 23126 "-" "Mozilla/5.0 (compatible; DataForSeoBot/1.0; +https://dataforseo.com/dataforseo-bot)"
47.82.60.69 - - [13/Jul/2025:10:53:09 -0400] "GET /items/yiali256/13134?key=dry HTTP/1.1" 404 23126 "https://dangroup.sa/items/yiali256/13134?key=dry" "Mozilla/5.0 (Windows NT 10.0; Win64; x64) AppleWebKit/537.36 (KHTML, like Gecko) Chrome/114.0.0.0 Safari/537.36 Edg/114.0.1823.43"
136.243.228.194 - - [13/Jul/2025:10:53:11 -0400] "GET /items/jvncn215/1655?key=tunnel HTTP/1.1" 404 23126 "-" "Mozilla/5.0 (compatible; DataForSeoBot/1.0; +https://dataforseo.com/dataforseo-bot)"
47.82.60.5 - - [13/Jul/2025:10:53:16 -0400] "GET /items/lvlra52/11914?key=remain HTTP/1.1" 404 23126 "https://dangroup.sa/items/lvlra52/11914?key=remain" "Mozilla/5.0 (Windows NT 10.0; Win64; x64) AppleWebKit/537.36 (KHTML, like Gecko) Chrome/114.0.0.0 Safari/537.36 Edg/114.0.1823.43"
136.243.228.194 - - [13/Jul/2025:10:53:16 -0400] "GET /83gmpf1052.html HTTP/1.1" 404 23126 "-" "Mozilla/5.0 (compatible; DataForSeoBot/1.0; +https://dataforseo.com/dataforseo-bot)"
136.243.228.194 - - [13/Jul/2025:10:53:22 -0400] "GET /129euhd49108.html HTTP/1.1" 404 23128 "-" "Mozilla/5.0 (compatible; DataForSeoBot/1.0; +https://dataforseo.com/dataforseo-bot)"
136.243.228.194 - - [13/Jul/2025:10:53:27 -0400] "GET /128wnbzd4451.html HTTP/1.1" 404 23126 "-" "Mozilla/5.0 (compatible; DataForSeoBot/1.0; +https://dataforseo.com/dataforseo-bot)"
136.243.228.194 - - [13/Jul/2025:10:53:32 -0400] "GET /items/xzksu86/45196?key=badly HTTP/1.1" 404 23126 "-" "Mozilla/5.0 (compatible; DataForSeoBot/1.0; +https://dataforseo.com/dataforseo-bot)"
136.243.228.194 - - [13/Jul/2025:10:53:37 -0400] "GET /items/zwvzf14/18410?key=temporary HTTP/1.1" 404 23126 "-" "Mozilla/5.0 (compatible; DataForSeoBot/1.0; +https://dataforseo.com/dataforseo-bot)"
66.249.68.132 - - [13/Jul/2025:10:53:42 -0400] "GET /items/daznb40/17416?key=reward HTTP/1.1" 200 86575 "-" "Mozilla/5.0 (Linux; Android 6.0.1; Nexus 5X Build/MMB29P) AppleWebKit/537.36 (KHTML, like Gecko) Chrome/137.0.7151.103 Mobile Safari/537.36 (compatible; Googlebot/2.1; +http://www.google.com/bot.html)"
136.243.228.194 - - [13/Jul/2025:10:53:41 -0400] "GET /items/qdimp252/38808?key=cable HTTP/1.1" 404 23126 "-" "Mozilla/5.0 (compatible; DataForSeoBot/1.0; +https://dataforseo.com/dataforseo-bot)"
136.243.228.194 - - [13/Jul/2025:10:53:46 -0400] "GET /137tkrk4614.html HTTP/1.1" 404 23126 "-" "Mozilla/5.0 (compatible; DataForSeoBot/1.0; +https://dataforseo.com/dataforseo-bot)"
47.82.60.70 - - [13/Jul/2025:10:53:50 -0400] "GET /items/fqiym41/16049?key=think HTTP/1.1" 404 23128 "https://dangroup.sa/items/fqiym41/16049?key=think" "Mozilla/5.0 (Windows NT 10.0; Win64; x64) AppleWebKit/537.36 (KHTML, like Gecko) Chrome/114.0.0.0 Safari/537.36 Edg/114.0.1823.43"
136.243.228.194 - - [13/Jul/2025:10:53:51 -0400] "GET /8uij2401.html HTTP/1.1" 404 23128 "-" "Mozilla/5.0 (compatible; DataForSeoBot/1.0; +https://dataforseo.com/dataforseo-bot)"
136.243.228.194 - - [13/Jul/2025:10:53:56 -0400] "GET /140nebn15409.html HTTP/1.1" 404 23126 "-" "Mozilla/5.0 (compatible; DataForSeoBot/1.0; +https://dataforseo.com/dataforseo-bot)"
66.29.146.47 - - [13/Jul/2025:10:54:01 -0400] "POST /wp-cron.php?doing_wp_cron=1752418441.5571119785308837890625 HTTP/1.1" 403 1242 "-" "WordPress/6.8; https://dangroup.sa"
136.243.228.194 - - [13/Jul/2025:10:54:01 -0400] "GET /131euhd49106.html HTTP/1.1" 404 23126 "-" "Mozilla/5.0 (compatible; DataForSeoBot/1.0; +https://dataforseo.com/dataforseo-bot)"
136.243.228.194 - - [13/Jul/2025:10:54:06 -0400] "GET /23xrve30858.html HTTP/1.1" 404 23126 "-" "Mozilla/5.0 (compatible; DataForSeoBot/1.0; +https://dataforseo.com/dataforseo-bot)"
136.243.228.194 - - [13/Jul/2025:10:54:12 -0400] "GET /133jnipg31774.html HTTP/1.1" 404 23128 "-" "Mozilla/5.0 (compatible; DataForSeoBot/1.0; +https://dataforseo.com/dataforseo-bot)"
136.243.228.194 - - [13/Jul/2025:10:54:17 -0400] "GET /items/myjos156/48912?key=elephant HTTP/1.1" 404 23126 "-" "Mozilla/5.0 (compatible; DataForSeoBot/1.0; +https://dataforseo.com/dataforseo-bot)"
69.197.135.226 - - [13/Jul/2025:10:54:20 -0400] "GET /wp-content/install.php HTTP/1.1" 200 10 "https://dangroup.sa/wp-content/install.php" "Mozilla/5.0 (Windows NT 10.0; Win64; x64) AppleWebKit/537.36 (KHTML, like Gecko) Chrome/58.0.3029.110 Safari/537.3"
136.243.228.194 - - [13/Jul/2025:10:54:22 -0400] "GET /14hqbvf23609.html HTTP/1.1" 404 23126 "-" "Mozilla/5.0 (compatible; DataForSeoBot/1.0; +https://dataforseo.com/dataforseo-bot)"
136.243.228.194 - - [13/Jul/2025:10:54:26 -0400] "GET /27sev35992.html HTTP/1.1" 404 23126 "-" "Mozilla/5.0 (compatible; DataForSeoBot/1.0; +https://dataforseo.com/dataforseo-bot)"
136.243.228.194 - - [13/Jul/2025:10:54:30 -0400] "GET /192xzfqv34001.html HTTP/1.1" 404 23126 "-" "Mozilla/5.0 (compatible; DataForSeoBot/1.0; +https://dataforseo.com/dataforseo-bot)"
47.82.60.57 - - [13/Jul/2025:10:54:36 -0400] "GET /pcmypage?callback=product/detail/gdoshop-0000774731-1 HTTP/1.1" 301 0 "https://www.dangroup.sa/pcmypage?callback=product%2Fdetail%2Fgdoshop-0000774731-1" "Mozilla/5.0 (Windows NT 10.0; Win64; x64) AppleWebKit/537.36 (KHTML, like Gecko) Chrome/114.0.0.0 Safari/537.36 Edg/114.0.1823.43"
136.243.228.194 - - [13/Jul/2025:10:54:35 -0400] "GET /items/zvvjy249/49577?key=leader HTTP/1.1" 404 23126 "-" "Mozilla/5.0 (compatible; DataForSeoBot/1.0; +https://dataforseo.com/dataforseo-bot)"
47.82.60.57 - - [13/Jul/2025:10:54:37 -0400] "GET /pcmypage?callback=product/detail/gdoshop-0000774731-1 HTTP/1.1" 404 23126 "https://www.dangroup.sa/pcmypage?callback=product%2Fdetail%2Fgdoshop-0000774731-1" "Mozilla/5.0 (Windows NT 10.0; Win64; x64) AppleWebKit/537.36 (KHTML, like Gecko) Chrome/114.0.0.0 Safari/537.36 Edg/114.0.1823.43"
136.243.228.194 - - [13/Jul/2025:10:54:40 -0400] "GET /items/rnjwb84/41910?key=measurement HTTP/1.1" 404 23126 "-" "Mozilla/5.0 (compatible; DataForSeoBot/1.0; +https://dataforseo.com/dataforseo-bot)"
66.249.79.136 - - [13/Jul/2025:10:54:43 -0400] "GET /pcmypage?callback=/product%2Fdetail%2tkonline-5415556 HTTP/1.1" 403 1242 "-" "Mozilla/5.0 (Linux; Android 6.0.1; Nexus 5X Build/MMB29P) AppleWebKit/537.36 (KHTML, like Gecko) Chrome/137.0.7151.103 Mobile Safari/537.36 (compatible; Googlebot/2.1; +http://www.google.com/bot.html)"
136.243.228.194 - - [13/Jul/2025:10:54:45 -0400] "GET /187gyeg33366.html HTTP/1.1" 404 23126 "-" "Mozilla/5.0 (compatible; DataForSeoBot/1.0; +https://dataforseo.com/dataforseo-bot)"
136.243.228.194 - - [13/Jul/2025:10:54:49 -0400] "GET /240tnr19697.html HTTP/1.1" 404 23126 "-" "Mozilla/5.0 (compatible; DataForSeoBot/1.0; +https://dataforseo.com/dataforseo-bot)"
136.243.228.194 - - [13/Jul/2025:10:54:53 -0400] "GET /items/nhwml234/15770?key=profile HTTP/1.1" 404 23128 "-" "Mozilla/5.0 (compatible; DataForSeoBot/1.0; +https://dataforseo.com/dataforseo-bot)"
136.243.228.194 - - [13/Jul/2025:10:54:58 -0400] "GET /224eibap19331.html HTTP/1.1" 404 23126 "-" "Mozilla/5.0 (compatible; DataForSeoBot/1.0; +https://dataforseo.com/dataforseo-bot)"
66.29.146.47 - - [13/Jul/2025:10:55:03 -0400] "POST /wp-cron.php?doing_wp_cron=1752418503.3490929603576660156250 HTTP/1.1" 403 1242 "-" "WordPress/6.8; https://dangroup.sa"
136.243.228.194 - - [13/Jul/2025:10:55:02 -0400] "GET /63whqeu43010.html HTTP/1.1" 404 23126 "-" "Mozilla/5.0 (compatible; DataForSeoBot/1.0; +https://dataforseo.com/dataforseo-bot)"
136.243.228.194 - - [13/Jul/2025:10:55:07 -0400] "GET /items/pjvbb51/5425?key=seventh HTTP/1.1" 404 23126 "-" "Mozilla/5.0 (compatible; DataForSeoBot/1.0; +https://dataforseo.com/dataforseo-bot)"
136.243.228.194 - - [13/Jul/2025:10:55:11 -0400] "GET /items/airkg166/38446?key=grow HTTP/1.1" 404 23126 "-" "Mozilla/5.0 (compatible; DataForSeoBot/1.0; +https://dataforseo.com/dataforseo-bot)"
136.243.228.194 - - [13/Jul/2025:10:55:17 -0400] "GET /items/ojfhh6/45608?key=shell HTTP/1.1" 404 23128 "-" "Mozilla/5.0 (compatible; DataForSeoBot/1.0; +https://dataforseo.com/dataforseo-bot)"
136.243.228.194 - - [13/Jul/2025:10:55:22 -0400] "GET /54yvbik38089.html HTTP/1.1" 404 23126 "-" "Mozilla/5.0 (compatible; DataForSeoBot/1.0; +https://dataforseo.com/dataforseo-bot)"
136.243.228.194 - - [13/Jul/2025:10:55:27 -0400] "GET /112gfbwn34843.html HTTP/1.1" 404 23126 "-" "Mozilla/5.0 (compatible; DataForSeoBot/1.0; +https://dataforseo.com/dataforseo-bot)"
136.243.228.194 - - [13/Jul/2025:10:55:32 -0400] "GET /273mtxpq31966.html HTTP/1.1" 404 23126 "-" "Mozilla/5.0 (compatible; DataForSeoBot/1.0; +https://dataforseo.com/dataforseo-bot)"
136.243.228.194 - - [13/Jul/2025:10:55:38 -0400] "GET /30xxz15533.html HTTP/1.1" 404 23126 "-" "Mozilla/5.0 (compatible; DataForSeoBot/1.0; +https://dataforseo.com/dataforseo-bot)"
136.243.228.194 - - [13/Jul/2025:10:55:42 -0400] "GET /196kvs30317.html HTTP/1.1" 404 23126 "-" "Mozilla/5.0 (compatible; DataForSeoBot/1.0; +https://dataforseo.com/dataforseo-bot)"
136.243.228.194 - - [13/Jul/2025:10:55:48 -0400] "GET /3jyy22526.html HTTP/1.1" 404 23128 "-" "Mozilla/5.0 (compatible; DataForSeoBot/1.0; +https://dataforseo.com/dataforseo-bot)"
136.243.228.194 - - [13/Jul/2025:10:55:52 -0400] "GET /items/zbnkd15/28893?key=horrible HTTP/1.1" 404 23126 "-" "Mozilla/5.0 (compatible; DataForSeoBot/1.0; +https://dataforseo.com/dataforseo-bot)"
136.243.228.194 - - [13/Jul/2025:10:55:56 -0400] "GET /54ioxx25043.html HTTP/1.1" 404 23126 "-" "Mozilla/5.0 (compatible; DataForSeoBot/1.0; +https://dataforseo.com/dataforseo-bot)"
136.243.228.194 - - [13/Jul/2025:10:56:00 -0400] "GET /53ywid8184.html HTTP/1.1" 404 23126 "-" "Mozilla/5.0 (compatible; DataForSeoBot/1.0; +https://dataforseo.com/dataforseo-bot)"
66.29.146.47 - - [13/Jul/2025:10:56:05 -0400] "POST /wp-cron.php?doing_wp_cron=1752418565.0774250030517578125000 HTTP/1.1" 403 1242 "-" "WordPress/6.8; https://dangroup.sa"
136.243.228.194 - - [13/Jul/2025:10:56:04 -0400] "GET /items/zvszv53/7351?key=determine HTTP/1.1" 404 23126 "-" "Mozilla/5.0 (compatible; DataForSeoBot/1.0; +https://dataforseo.com/dataforseo-bot)"
136.243.228.194 - - [13/Jul/2025:10:56:09 -0400] "GET /280krwd2169.html HTTP/1.1" 404 23126 "-" "Mozilla/5.0 (compatible; DataForSeoBot/1.0; +https://dataforseo.com/dataforseo-bot)"
136.243.228.194 - - [13/Jul/2025:10:56:14 -0400] "GET /200bnubg44269.html HTTP/1.1" 404 23126 "-" "Mozilla/5.0 (compatible; DataForSeoBot/1.0; +https://dataforseo.com/dataforseo-bot)"
136.243.228.194 - - [13/Jul/2025:10:56:20 -0400] "GET /items/exvtw121/12761?key=disorder HTTP/1.1" 404 23126 "-" "Mozilla/5.0 (compatible; DataForSeoBot/1.0; +https://dataforseo.com/dataforseo-bot)"
136.243.228.194 - - [13/Jul/2025:10:56:25 -0400] "GET /27ecxaf9722.html HTTP/1.1" 404 23128 "-" "Mozilla/5.0 (compatible; DataForSeoBot/1.0; +https://dataforseo.com/dataforseo-bot)"
136.243.228.194 - - [13/Jul/2025:10:56:30 -0400] "GET /192hjfo27611.html HTTP/1.1" 404 23126 "-" "Mozilla/5.0 (compatible; DataForSeoBot/1.0; +https://dataforseo.com/dataforseo-bot)"
136.243.228.194 - - [13/Jul/2025:10:56:34 -0400] "GET /items/lmkzp132/13562?key=franchise HTTP/1.1" 404 23126 "-" "Mozilla/5.0 (compatible; DataForSeoBot/1.0; +https://dataforseo.com/dataforseo-bot)"
136.243.228.194 - - [13/Jul/2025:10:56:38 -0400] "GET /items/efdak67/10241?key=notice HTTP/1.1" 404 23128 "-" "Mozilla/5.0 (compatible; DataForSeoBot/1.0; +https://dataforseo.com/dataforseo-bot)"
136.243.228.194 - - [13/Jul/2025:10:56:43 -0400] "GET /items/ftnpr272/790?key=constitution HTTP/1.1" 404 23126 "-" "Mozilla/5.0 (compatible; DataForSeoBot/1.0; +https://dataforseo.com/dataforseo-bot)"
136.243.228.194 - - [13/Jul/2025:10:56:47 -0400] "GET /items/hlbzk202/20912?key=advertising HTTP/1.1" 404 23128 "-" "Mozilla/5.0 (compatible; DataForSeoBot/1.0; +https://dataforseo.com/dataforseo-bot)"
136.243.228.194 - - [13/Jul/2025:10:56:53 -0400] "GET /items/rveqf294/1534?key=ambassador HTTP/1.1" 404 23126 "-" "Mozilla/5.0 (compatible; DataForSeoBot/1.0; +https://dataforseo.com/dataforseo-bot)"
136.243.228.194 - - [13/Jul/2025:10:56:57 -0400] "GET /290hflhp45791.html HTTP/1.1" 404 23126 "-" "Mozilla/5.0 (compatible; DataForSeoBot/1.0; +https://dataforseo.com/dataforseo-bot)"
136.243.228.194 - - [13/Jul/2025:10:57:02 -0400] "GET /299nqx14070.html HTTP/1.1" 404 23126 "-" "Mozilla/5.0 (compatible; DataForSeoBot/1.0; +https://dataforseo.com/dataforseo-bot)"
66.29.146.47 - - [13/Jul/2025:10:57:07 -0400] "POST /wp-cron.php?doing_wp_cron=1752418626.8533990383148193359375 HTTP/1.1" 403 1242 "-" "WordPress/6.8; https://dangroup.sa"
136.243.228.194 - - [13/Jul/2025:10:57:06 -0400] "GET /items/uzqbt190/48814?key=casual HTTP/1.1" 404 23126 "-" "Mozilla/5.0 (compatible; DataForSeoBot/1.0; +https://dataforseo.com/dataforseo-bot)"
136.243.228.194 - - [13/Jul/2025:10:57:11 -0400] "GET /213payus43458.html HTTP/1.1" 404 23126 "-" "Mozilla/5.0 (compatible; DataForSeoBot/1.0; +https://dataforseo.com/dataforseo-bot)"
136.243.228.194 - - [13/Jul/2025:10:57:15 -0400] "GET /items/wbgat243/39469?key=gray HTTP/1.1" 404 23126 "-" "Mozilla/5.0 (compatible; DataForSeoBot/1.0; +https://dataforseo.com/dataforseo-bot)"
136.243.228.194 - - [13/Jul/2025:10:57:19 -0400] "GET /items/itnxy7/23735?key=complexity HTTP/1.1" 404 23126 "-" "Mozilla/5.0 (compatible; DataForSeoBot/1.0; +https://dataforseo.com/dataforseo-bot)"
136.243.228.194 - - [13/Jul/2025:10:57:23 -0400] "GET /88ffrj30633.html HTTP/1.1" 404 23128 "-" "Mozilla/5.0 (compatible; DataForSeoBot/1.0; +https://dataforseo.com/dataforseo-bot)"
136.243.228.194 - - [13/Jul/2025:10:57:28 -0400] "GET /items/ccnbx65/23225?key=look HTTP/1.1" 404 23126 "-" "Mozilla/5.0 (compatible; DataForSeoBot/1.0; +https://dataforseo.com/dataforseo-bot)"
136.243.228.194 - - [13/Jul/2025:10:57:31 -0400] "GET /281jewm38038.html HTTP/1.1" 404 23126 "-" "Mozilla/5.0 (compatible; DataForSeoBot/1.0; +https://dataforseo.com/dataforseo-bot)"
136.243.228.194 - - [13/Jul/2025:10:57:35 -0400] "GET /294ppa49735.html HTTP/1.1" 404 23126 "-" "Mozilla/5.0 (compatible; DataForSeoBot/1.0; +https://dataforseo.com/dataforseo-bot)"
136.243.228.194 - - [13/Jul/2025:10:57:40 -0400] "GET /1xqxkt4500.html HTTP/1.1" 404 23126 "-" "Mozilla/5.0 (compatible; DataForSeoBot/1.0; +https://dataforseo.com/dataforseo-bot)"
136.243.228.194 - - [13/Jul/2025:10:57:45 -0400] "GET /175ldhbv15838.html HTTP/1.1" 404 23126 "-" "Mozilla/5.0 (compatible; DataForSeoBot/1.0; +https://dataforseo.com/dataforseo-bot)"
136.243.228.194 - - [13/Jul/2025:10:57:51 -0400] "GET /items/fhdvd142/68684?key=conference HTTP/1.1" 404 23126 "-" "Mozilla/5.0 (compatible; DataForSeoBot/1.0; +https://dataforseo.com/dataforseo-bot)"
136.243.228.194 - - [13/Jul/2025:10:57:56 -0400] "GET /247xcl25390.html HTTP/1.1" 404 23126 "-" "Mozilla/5.0 (compatible; DataForSeoBot/1.0; +https://dataforseo.com/dataforseo-bot)"
136.243.228.194 - - [13/Jul/2025:10:58:00 -0400] "GET /132bfb36059.html HTTP/1.1" 404 23126 "-" "Mozilla/5.0 (compatible; DataForSeoBot/1.0; +https://dataforseo.com/dataforseo-bot)"
136.243.228.194 - - [13/Jul/2025:10:58:04 -0400] "GET /items/jqxyx13/45047?key=journalism HTTP/1.1" 404 23126 "-" "Mozilla/5.0 (compatible; DataForSeoBot/1.0; +https://dataforseo.com/dataforseo-bot)"
66.29.146.47 - - [13/Jul/2025:10:58:09 -0400] "POST /wp-cron.php?doing_wp_cron=1752418689.0587780475616455078125 HTTP/1.1" 403 1242 "-" "WordPress/6.8; https://dangroup.sa"
136.243.228.194 - - [13/Jul/2025:10:58:08 -0400] "GET /227tdzu37388.html HTTP/1.1" 404 23126 "-" "Mozilla/5.0 (compatible; DataForSeoBot/1.0; +https://dataforseo.com/dataforseo-bot)"
136.243.228.194 - - [13/Jul/2025:10:58:14 -0400] "GET /items/cqtya74/2122?key=elevator HTTP/1.1" 404 23126 "-" "Mozilla/5.0 (compatible; DataForSeoBot/1.0; +https://dataforseo.com/dataforseo-bot)"
136.243.228.194 - - [13/Jul/2025:10:58:19 -0400] "GET /13foz36702.html HTTP/1.1" 404 23126 "-" "Mozilla/5.0 (compatible; DataForSeoBot/1.0; +https://dataforseo.com/dataforseo-bot)"
136.243.228.194 - - [13/Jul/2025:10:58:23 -0400] "GET /68mhsh47089.html HTTP/1.1" 404 23126 "-" "Mozilla/5.0 (compatible; DataForSeoBot/1.0; +https://dataforseo.com/dataforseo-bot)"
136.243.228.194 - - [13/Jul/2025:10:58:28 -0400] "GET /196dbrxz2729.html HTTP/1.1" 404 23126 "-" "Mozilla/5.0 (compatible; DataForSeoBot/1.0; +https://dataforseo.com/dataforseo-bot)"
136.243.228.194 - - [13/Jul/2025:10:58:34 -0400] "GET /items/mcyvt46/5852?key=pocket HTTP/1.1" 404 23126 "-" "Mozilla/5.0 (compatible; DataForSeoBot/1.0; +https://dataforseo.com/dataforseo-bot)"
136.243.228.194 - - [13/Jul/2025:10:58:39 -0400] "GET /items/rftol200/41552?key=territory HTTP/1.1" 404 23126 "-" "Mozilla/5.0 (compatible; DataForSeoBot/1.0; +https://dataforseo.com/dataforseo-bot)"
136.243.228.194 - - [13/Jul/2025:10:58:43 -0400] "GET /299wdpsi24394.html HTTP/1.1" 404 23126 "-" "Mozilla/5.0 (compatible; DataForSeoBot/1.0; +https://dataforseo.com/dataforseo-bot)"
136.243.228.194 - - [13/Jul/2025:10:58:48 -0400] "GET /items/jbsor275/33605?key=imagine HTTP/1.1" 404 23128 "-" "Mozilla/5.0 (compatible; DataForSeoBot/1.0; +https://dataforseo.com/dataforseo-bot)"
43.153.96.233 - - [13/Jul/2025:10:58:48 -0400] "GET / HTTP/1.1" 200 33218 "http://stage.danevnt.com" "Mozilla/5.0 (iPhone; CPU iPhone OS 13_2_3 like Mac OS X) AppleWebKit/605.1.15 (KHTML, like Gecko) Version/13.0.3 Mobile/15E148 Safari/604.1"
136.243.228.194 - - [13/Jul/2025:10:58:54 -0400] "GET /194gbbka25221.html HTTP/1.1" 404 23126 "-" "Mozilla/5.0 (compatible; DataForSeoBot/1.0; +https://dataforseo.com/dataforseo-bot)"
136.243.228.194 - - [13/Jul/2025:10:58:59 -0400] "GET /96eyhm38573.html HTTP/1.1" 404 23305 "-" "Mozilla/5.0 (compatible; DataForSeoBot/1.0; +https://dataforseo.com/dataforseo-bot)"
136.243.228.194 - - [13/Jul/2025:10:59:03 -0400] "GET /items/hqrhs101/33995?key=abortion HTTP/1.1" 404 23126 "-" "Mozilla/5.0 (compatible; DataForSeoBot/1.0; +https://dataforseo.com/dataforseo-bot)"
136.243.228.194 - - [13/Jul/2025:10:59:07 -0400] "GET /249gopcw17952.html HTTP/1.1" 404 23126 "-" "Mozilla/5.0 (compatible; DataForSeoBot/1.0; +https://dataforseo.com/dataforseo-bot)"
66.29.146.47 - - [13/Jul/2025:10:59:12 -0400] "POST /wp-cron.php?doing_wp_cron=1752418751.8325939178466796875000 HTTP/1.1" 403 1242 "-" "WordPress/6.8; https://dangroup.sa"
136.243.228.194 - - [13/Jul/2025:10:59:11 -0400] "GET /items/uuwrf146/1626?key=diplomatic HTTP/1.1" 404 23126 "-" "Mozilla/5.0 (compatible; DataForSeoBot/1.0; +https://dataforseo.com/dataforseo-bot)"
136.243.228.194 - - [13/Jul/2025:10:59:16 -0400] "GET /items/zffcw129/40299?key=urban HTTP/1.1" 404 23126 "-" "Mozilla/5.0 (compatible; DataForSeoBot/1.0; +https://dataforseo.com/dataforseo-bot)"
136.243.228.194 - - [13/Jul/2025:10:59:21 -0400] "GET /items/blbta84/21884?key=ranch HTTP/1.1" 404 23126 "-" "Mozilla/5.0 (compatible; DataForSeoBot/1.0; +https://dataforseo.com/dataforseo-bot)"
136.243.228.194 - - [13/Jul/2025:10:59:27 -0400] "GET /items/lkufa24/46278?key=stimulate HTTP/1.1" 404 23126 "-" "Mozilla/5.0 (compatible; DataForSeoBot/1.0; +https://dataforseo.com/dataforseo-bot)"
136.243.228.194 - - [13/Jul/2025:10:59:34 -0400] "GET /items/xmhvg104/32914?key=payment HTTP/1.1" 404 23126 "-" "Mozilla/5.0 (compatible; DataForSeoBot/1.0; +https://dataforseo.com/dataforseo-bot)"
136.243.228.194 - - [13/Jul/2025:10:59:43 -0400] "GET /86bbqg15383.html HTTP/1.1" 404 23126 "-" "Mozilla/5.0 (compatible; DataForSeoBot/1.0; +https://dataforseo.com/dataforseo-bot)"
136.243.228.194 - - [13/Jul/2025:10:59:52 -0400] "GET /items/wsejd96/45214?key=roll HTTP/1.1" 404 23126 "-" "Mozilla/5.0 (compatible; DataForSeoBot/1.0; +https://dataforseo.com/dataforseo-bot)"
136.243.228.194 - - [13/Jul/2025:10:59:59 -0400] "GET /items/azxbd271/737?key=diagnose HTTP/1.1" 404 23128 "-" "Mozilla/5.0 (compatible; DataForSeoBot/1.0; +https://dataforseo.com/dataforseo-bot)"
136.243.228.194 - - [13/Jul/2025:11:00:06 -0400] "GET /26jouff20657.html HTTP/1.1" 404 23126 "-" "Mozilla/5.0 (compatible; DataForSeoBot/1.0; +https://dataforseo.com/dataforseo-bot)"
47.82.60.20 - - [13/Jul/2025:11:00:09 -0400] "GET /items/gdgbb217/3733?key=dot HTTP/1.1" 301 0 "https://www.dangroup.sa/items/gdgbb217/3733?key=dot" "Mozilla/5.0 (Windows NT 10.0; Win64; x64) AppleWebKit/537.36 (KHTML, like Gecko) Chrome/114.0.0.0 Safari/537.36 Edg/114.0.1823.43"
66.29.146.47 - - [13/Jul/2025:11:00:16 -0400] "POST /wp-cron.php?doing_wp_cron=1752418814.5716030597686767578125 HTTP/1.1" 403 1242 "-" "WordPress/6.8; https://dangroup.sa"
66.29.146.47 - - [13/Jul/2025:11:00:16 -0400] "POST /wp-cron.php?doing_wp_cron=1752418816.4734148979187011718750 HTTP/1.1" 403 1242 "-" "WordPress/6.8; https://dangroup.sa"
47.82.60.20 - - [13/Jul/2025:11:00:13 -0400] "GET /items/gdgbb217/3733?key=dot HTTP/1.1" 404 23126 "https://www.dangroup.sa/items/gdgbb217/3733?key=dot" "Mozilla/5.0 (Windows NT 10.0; Win64; x64) AppleWebKit/537.36 (KHTML, like Gecko) Chrome/114.0.0.0 Safari/537.36 Edg/114.0.1823.43"
136.243.228.194 - - [13/Jul/2025:11:00:14 -0400] "GET /192bljq44483.html HTTP/1.1" 404 23128 "-" "Mozilla/5.0 (compatible; DataForSeoBot/1.0; +https://dataforseo.com/dataforseo-bot)"
136.243.228.194 - - [13/Jul/2025:11:00:24 -0400] "GET /212sxalr305.html HTTP/1.1" 404 23126 "-" "Mozilla/5.0 (compatible; DataForSeoBot/1.0; +https://dataforseo.com/dataforseo-bot)"
136.243.228.194 - - [13/Jul/2025:11:00:34 -0400] "GET /items/tcqmj93/6309?key=whenever HTTP/1.1" 404 23126 "-" "Mozilla/5.0 (compatible; DataForSeoBot/1.0; +https://dataforseo.com/dataforseo-bot)"
66.249.68.133 - - [13/Jul/2025:11:00:44 -0400] "GET /items/ennpc52/56?key=enact HTTP/1.1" 200 86365 "-" "Mozilla/5.0 (Linux; Android 6.0.1; Nexus 5X Build/MMB29P) AppleWebKit/537.36 (KHTML, like Gecko) Chrome/137.0.7151.103 Mobile Safari/537.36 (compatible; Googlebot/2.1; +http://www.google.com/bot.html)"
136.243.228.194 - - [13/Jul/2025:11:00:44 -0400] "GET /items/uhdqw231/17803?key=suddenly HTTP/1.1" 404 23126 "-" "Mozilla/5.0 (compatible; DataForSeoBot/1.0; +https://dataforseo.com/dataforseo-bot)"
136.243.228.194 - - [13/Jul/2025:11:00:51 -0400] "GET /items/hnwtt143/43513?key=grave HTTP/1.1" 404 23126 "-" "Mozilla/5.0 (compatible; DataForSeoBot/1.0; +https://dataforseo.com/dataforseo-bot)"
208.110.64.178 - - [13/Jul/2025:11:01:00 -0400] "GET /wp-content/install.php HTTP/1.1" 200 10 "https://dangroup.sa/wp-content/install.php" "Mozilla/5.0 (Windows NT 10.0; Win64; x64) AppleWebKit/537.36 (KHTML, like Gecko) Chrome/58.0.3029.110 Safari/537.3"
136.243.228.194 - - [13/Jul/2025:11:00:57 -0400] "GET /152xhfs35575.html HTTP/1.1" 404 23126 "-" "Mozilla/5.0 (compatible; DataForSeoBot/1.0; +https://dataforseo.com/dataforseo-bot)"
136.243.228.194 - - [13/Jul/2025:11:01:03 -0400] "GET /179vzp36454.html HTTP/1.1" 404 23126 "-" "Mozilla/5.0 (compatible; DataForSeoBot/1.0; +https://dataforseo.com/dataforseo-bot)"
136.243.228.194 - - [13/Jul/2025:11:01:10 -0400] "GET /119ojl40738.html HTTP/1.1" 404 23126 "-" "Mozilla/5.0 (compatible; DataForSeoBot/1.0; +https://dataforseo.com/dataforseo-bot)"
66.29.146.47 - - [13/Jul/2025:11:01:19 -0400] "POST /wp-cron.php?doing_wp_cron=1752418879.4375259876251220703125 HTTP/1.1" 403 1242 "-" "WordPress/6.8; https://dangroup.sa"
136.243.228.194 - - [13/Jul/2025:11:01:18 -0400] "GET /items/dlaqf43/8395?key=fleet HTTP/1.1" 404 23126 "-" "Mozilla/5.0 (compatible; DataForSeoBot/1.0; +https://dataforseo.com/dataforseo-bot)"
47.82.60.81 - - [13/Jul/2025:11:01:19 -0400] "GET /items/uabrz160/46316?key=helmet HTTP/1.1" 404 23126 "https://dangroup.sa/items/uabrz160/46316?key=helmet" "Mozilla/5.0 (Windows NT 10.0; Win64; x64) AppleWebKit/537.36 (KHTML, like Gecko) Chrome/114.0.0.0 Safari/537.36 Edg/114.0.1823.43"
136.243.228.194 - - [13/Jul/2025:11:01:29 -0400] "GET /34wapj37425.html HTTP/1.1" 404 23126 "-" "Mozilla/5.0 (compatible; DataForSeoBot/1.0; +https://dataforseo.com/dataforseo-bot)"
136.243.228.194 - - [13/Jul/2025:11:01:37 -0400] "GET /items/gsotb138/360?key=soar HTTP/1.1" 404 23128 "-" "Mozilla/5.0 (compatible; DataForSeoBot/1.0; +https://dataforseo.com/dataforseo-bot)"
47.82.60.91 - - [13/Jul/2025:11:01:49 -0400] "GET /items/zwvuu120/19176?key=involve HTTP/1.1" 301 0 "https://www.dangroup.sa/items/zwvuu120/19176?key=involve" "Mozilla/5.0 (Windows NT 10.0; Win64; x64) AppleWebKit/537.36 (KHTML, like Gecko) Chrome/114.0.0.0 Safari/537.36 Edg/114.0.1823.43"
136.243.228.194 - - [13/Jul/2025:11:01:46 -0400] "GET /272oqmd22843.html HTTP/1.1" 404 23126 "-" "Mozilla/5.0 (compatible; DataForSeoBot/1.0; +https://dataforseo.com/dataforseo-bot)"
47.82.60.80 - - [13/Jul/2025:11:01:53 -0400] "GET /41yhhd9408.html HTTP/1.1" 404 23126 "https://dangroup.sa/41yhhd9408.html" "Mozilla/5.0 (Windows NT 10.0; Win64; x64) AppleWebKit/537.36 (KHTML, like Gecko) Chrome/114.0.0.0 Safari/537.36 Edg/114.0.1823.43"
47.82.60.91 - - [13/Jul/2025:11:01:53 -0400] "GET /items/zwvuu120/19176?key=involve HTTP/1.1" 404 23126 "https://www.dangroup.sa/items/zwvuu120/19176?key=involve" "Mozilla/5.0 (Windows NT 10.0; Win64; x64) AppleWebKit/537.36 (KHTML, like Gecko) Chrome/114.0.0.0 Safari/537.36 Edg/114.0.1823.43"
136.243.228.194 - - [13/Jul/2025:11:01:55 -0400] "GET /items/owpzt72/18622?key=host HTTP/1.1" 404 23126 "-" "Mozilla/5.0 (compatible; DataForSeoBot/1.0; +https://dataforseo.com/dataforseo-bot)"
136.243.228.194 - - [13/Jul/2025:11:02:09 -0400] "GET /280cadw35563.html HTTP/1.1" 404 23126 "-" "Mozilla/5.0 (compatible; DataForSeoBot/1.0; +https://dataforseo.com/dataforseo-bot)"
136.243.228.194 - - [13/Jul/2025:11:02:16 -0400] "GET /170ahql15491.html HTTP/1.1" 404 23128 "-" "Mozilla/5.0 (compatible; DataForSeoBot/1.0; +https://dataforseo.com/dataforseo-bot)"
66.29.146.47 - - [13/Jul/2025:11:02:26 -0400] "POST /wp-cron.php?doing_wp_cron=1752418946.0388269424438476562500 HTTP/1.1" 403 1242 "-" "WordPress/6.8; https://dangroup.sa"
136.243.228.194 - - [13/Jul/2025:11:02:24 -0400] "GET /176bgw8355.html HTTP/1.1" 404 23126 "-" "Mozilla/5.0 (compatible; DataForSeoBot/1.0; +https://dataforseo.com/dataforseo-bot)"
40.127.130.26 - - [13/Jul/2025:11:02:31 -0400] "GET /wp-content/plugins/hellopress/wp_filemanager.php HTTP/1.1" 404 23128 "-" "-"
47.82.60.8 - - [13/Jul/2025:11:02:36 -0400] "GET /items/jhkkg30/1020?key=ankle HTTP/1.1" 301 0 "https://www.dangroup.sa/items/jhkkg30/1020?key=ankle" "Mozilla/5.0 (Windows NT 10.0; Win64; x64) AppleWebKit/537.36 (KHTML, like Gecko) Chrome/114.0.0.0 Safari/537.36 Edg/114.0.1823.43"
136.243.228.194 - - [13/Jul/2025:11:02:33 -0400] "GET /214mam33213.html HTTP/1.1" 404 23126 "-" "Mozilla/5.0 (compatible; DataForSeoBot/1.0; +https://dataforseo.com/dataforseo-bot)"
40.127.130.26 - - [13/Jul/2025:11:02:39 -0400] "GET /alfanew.php HTTP/1.1" 404 23305 "-" "-"
47.82.60.8 - - [13/Jul/2025:11:02:39 -0400] "GET /items/jhkkg30/1020?key=ankle HTTP/1.1" 404 23128 "https://www.dangroup.sa/items/jhkkg30/1020?key=ankle" "Mozilla/5.0 (Windows NT 10.0; Win64; x64) AppleWebKit/537.36 (KHTML, like Gecko) Chrome/114.0.0.0 Safari/537.36 Edg/114.0.1823.43"
136.243.228.194 - - [13/Jul/2025:11:02:44 -0400] "GET /110ovorw8569.html HTTP/1.1" 404 23128 "-" "Mozilla/5.0 (compatible; DataForSeoBot/1.0; +https://dataforseo.com/dataforseo-bot)"
40.127.130.26 - - [13/Jul/2025:11:02:45 -0400] "GET /htaccess.php HTTP/1.1" 404 23126 "-" "-"
47.82.60.10 - - [13/Jul/2025:11:02:57 -0400] "GET /items/gggyg213/15595?key=living HTTP/1.1" 301 0 "https://www.dangroup.sa/items/gggyg213/15595?key=living" "Mozilla/5.0 (Windows NT 10.0; Win64; x64) AppleWebKit/537.36 (KHTML, like Gecko) Chrome/114.0.0.0 Safari/537.36 Edg/114.0.1823.43"
136.243.228.194 - - [13/Jul/2025:11:02:54 -0400] "GET /items/umaky288/13544?key=trail HTTP/1.1" 404 23126 "-" "Mozilla/5.0 (compatible; DataForSeoBot/1.0; +https://dataforseo.com/dataforseo-bot)"
40.127.130.26 - - [13/Jul/2025:11:02:53 -0400] "GET /readme.php HTTP/1.1" 404 23126 "-" "-"
47.82.60.10 - - [13/Jul/2025:11:03:00 -0400] "GET /items/gggyg213/15595?key=living HTTP/1.1" 404 23128 "https://www.dangroup.sa/items/gggyg213/15595?key=living" "Mozilla/5.0 (Windows NT 10.0; Win64; x64) AppleWebKit/537.36 (KHTML, like Gecko) Chrome/114.0.0.0 Safari/537.36 Edg/114.0.1823.43"
136.243.228.194 - - [13/Jul/2025:11:03:04 -0400] "GET /61agd45602.html HTTP/1.1" 404 23128 "-" "Mozilla/5.0 (compatible; DataForSeoBot/1.0; +https://dataforseo.com/dataforseo-bot)"
40.127.130.26 - - [13/Jul/2025:11:03:04 -0400] "GET /as.php HTTP/1.1" 404 23126 "-" "-"
47.82.60.44 - - [13/Jul/2025:11:03:05 -0400] "GET /157vdh7412.html HTTP/1.1" 404 23128 "https://dangroup.sa/157vdh7412.html" "Mozilla/5.0 (Windows NT 10.0; Win64; x64) AppleWebKit/537.36 (KHTML, like Gecko) Chrome/114.0.0.0 Safari/537.36 Edg/114.0.1823.43"
47.82.60.40 - - [13/Jul/2025:11:03:05 -0400] "GET /pcmypage?callback=product/detail/egaos-ckeb9316 HTTP/1.1" 404 23126 "https://dangroup.sa/pcmypage?callback=product%2Fdetail%2Fegaos-ckeb9316" "Mozilla/5.0 (Windows NT 10.0; Win64; x64) AppleWebKit/537.36 (KHTML, like Gecko) Chrome/114.0.0.0 Safari/537.36 Edg/114.0.1823.43"
136.243.228.194 - - [13/Jul/2025:11:03:19 -0400] "GET /95lwv5018.html HTTP/1.1" 404 23126 "-" "Mozilla/5.0 (compatible; DataForSeoBot/1.0; +https://dataforseo.com/dataforseo-bot)"
40.127.130.26 - - [13/Jul/2025:11:03:19 -0400] "GET /403.php HTTP/1.1" 404 23126 "-" "-"
66.29.146.47 - - [13/Jul/2025:11:03:30 -0400] "POST /wp-cron.php?doing_wp_cron=1752419010.5473890304565429687500 HTTP/1.1" 403 1242 "-" "WordPress/6.8; https://dangroup.sa"
40.127.130.26 - - [13/Jul/2025:11:03:29 -0400] "GET /max.php HTTP/1.1" 404 23126 "-" "-"
136.243.228.194 - - [13/Jul/2025:11:03:31 -0400] "GET /270dac47533.html HTTP/1.1" 404 23128 "-" "Mozilla/5.0 (compatible; DataForSeoBot/1.0; +https://dataforseo.com/dataforseo-bot)"
40.127.130.26 - - [13/Jul/2025:11:03:34 -0400] "GET /m.php HTTP/1.1" 404 23128 "-" "-"
136.243.228.194 - - [13/Jul/2025:11:03:37 -0400] "GET /198pwzxh42783.html HTTP/1.1" 404 23126 "-" "Mozilla/5.0 (compatible; DataForSeoBot/1.0; +https://dataforseo.com/dataforseo-bot)"
40.127.130.26 - - [13/Jul/2025:11:03:38 -0400] "GET /post.php HTTP/1.1" 404 23126 "-" "-"
40.127.130.26 - - [13/Jul/2025:11:03:42 -0400] "GET /themes.php HTTP/1.1" 404 23128 "-" "-"
136.243.228.194 - - [13/Jul/2025:11:03:44 -0400] "GET /111dbvh18280.html HTTP/1.1" 404 23126 "-" "Mozilla/5.0 (compatible; DataForSeoBot/1.0; +https://dataforseo.com/dataforseo-bot)"
40.127.130.26 - - [13/Jul/2025:11:03:46 -0400] "GET /wp-content/themes/astra/inc/ki1k.php HTTP/1.1" 404 23126 "-" "-"
40.127.130.26 - - [13/Jul/2025:11:03:54 -0400] "GET /ALFA_DATA/index.php HTTP/1.1" 301 0 "-" "-"
136.243.228.194 - - [13/Jul/2025:11:03:52 -0400] "GET /items/ppzhy206/48082?key=space HTTP/1.1" 404 23126 "-" "Mozilla/5.0 (compatible; DataForSeoBot/1.0; +https://dataforseo.com/dataforseo-bot)"
40.127.130.26 - - [13/Jul/2025:11:03:56 -0400] "GET /ALFA_DATA/ HTTP/1.1" 404 23126 "-" "-"
136.243.228.194 - - [13/Jul/2025:11:04:03 -0400] "GET /items/xflze137/7301?key=myself HTTP/1.1" 404 23128 "-" "Mozilla/5.0 (compatible; DataForSeoBot/1.0; +https://dataforseo.com/dataforseo-bot)"
40.127.130.26 - - [13/Jul/2025:11:04:04 -0400] "GET /wp-admin/maint/about.php HTTP/1.1" 404 23126 "-" "-"
40.127.130.26 - - [13/Jul/2025:11:04:14 -0400] "GET /wp-admin/network/wp-conflg.php?p= HTTP/1.1" 301 0 "-" "-"
136.243.228.194 - - [13/Jul/2025:11:04:14 -0400] "GET /179xofb21114.html HTTP/1.1" 404 23126 "-" "Mozilla/5.0 (compatible; DataForSeoBot/1.0; +https://dataforseo.com/dataforseo-bot)"
40.127.130.26 - - [13/Jul/2025:11:04:15 -0400] "GET /wp-admin/network/wp-conflg.php HTTP/1.1" 404 23126 "-" "-"
40.127.130.26 - - [13/Jul/2025:11:04:23 -0400] "GET /click.php HTTP/1.1" 404 23126 "-" "-"
66.29.146.47 - - [13/Jul/2025:11:04:33 -0400] "POST /wp-cron.php?doing_wp_cron=1752419073.1417028903961181640625 HTTP/1.1" 403 1242 "-" "WordPress/6.8; https://dangroup.sa"
136.243.228.194 - - [13/Jul/2025:11:04:24 -0400] "GET /items/niesc146/15314?key=stumble HTTP/1.1" 404 23126 "-" "Mozilla/5.0 (compatible; DataForSeoBot/1.0; +https://dataforseo.com/dataforseo-bot)"
40.127.130.26 - - [13/Jul/2025:11:04:31 -0400] "GET /install.php HTTP/1.1" 404 23126 "-" "-"
136.243.228.194 - - [13/Jul/2025:11:04:34 -0400] "GET /24hbao27855.html HTTP/1.1" 404 23128 "-" "Mozilla/5.0 (compatible; DataForSeoBot/1.0; +https://dataforseo.com/dataforseo-bot)"
40.127.130.26 - - [13/Jul/2025:11:04:41 -0400] "GET /lv.php HTTP/1.1" 404 23128 "-" "-"
136.243.228.194 - - [13/Jul/2025:11:04:46 -0400] "GET /206qkkf13795.html HTTP/1.1" 404 23128 "-" "Mozilla/5.0 (compatible; DataForSeoBot/1.0; +https://dataforseo.com/dataforseo-bot)"
40.127.130.26 - - [13/Jul/2025:11:04:49 -0400] "GET /simple.php HTTP/1.1" 404 23128 "-" "-"
136.243.228.194 - - [13/Jul/2025:11:04:57 -0400] "GET /items/igktp182/46536?key=vital HTTP/1.1" 404 23128 "-" "Mozilla/5.0 (compatible; DataForSeoBot/1.0; +https://dataforseo.com/dataforseo-bot)"
40.127.130.26 - - [13/Jul/2025:11:04:59 -0400] "GET /13k.php HTTP/1.1" 404 23126 "-" "-"
136.243.228.194 - - [13/Jul/2025:11:05:08 -0400] "GET /231dth43630.html HTTP/1.1" 404 23126 "-" "Mozilla/5.0 (compatible; DataForSeoBot/1.0; +https://dataforseo.com/dataforseo-bot)"
40.127.130.26 - - [13/Jul/2025:11:05:09 -0400] "GET /css.php HTTP/1.1" 404 23126 "-" "-"
136.243.228.194 - - [13/Jul/2025:11:05:19 -0400] "GET /36trzd19689.html HTTP/1.1" 404 23126 "-" "Mozilla/5.0 (compatible; DataForSeoBot/1.0; +https://dataforseo.com/dataforseo-bot)"
40.127.130.26 - - [13/Jul/2025:11:05:19 -0400] "GET /0x1949.php HTTP/1.1" 404 23126 "-" "-"
40.127.130.26 - - [13/Jul/2025:11:05:27 -0400] "GET /cong.php HTTP/1.1" 404 23128 "-" "-"
136.243.228.194 - - [13/Jul/2025:11:05:28 -0400] "GET /211rzpb47756.html HTTP/1.1" 404 23126 "-" "Mozilla/5.0 (compatible; DataForSeoBot/1.0; +https://dataforseo.com/dataforseo-bot)"
66.29.146.47 - - [13/Jul/2025:11:05:37 -0400] "POST /wp-cron.php?doing_wp_cron=1752419137.3371489048004150390625 HTTP/1.1" 403 1242 "-" "WordPress/6.8; https://dangroup.sa"
40.127.130.26 - - [13/Jul/2025:11:05:36 -0400] "GET /fw.php HTTP/1.1" 404 23126 "-" "-"
136.243.228.194 - - [13/Jul/2025:11:05:39 -0400] "GET /items/lbmwb28/18088?key=fish HTTP/1.1" 404 23126 "-" "Mozilla/5.0 (compatible; DataForSeoBot/1.0; +https://dataforseo.com/dataforseo-bot)"
40.127.130.26 - - [13/Jul/2025:11:05:43 -0400] "GET /bs1.php HTTP/1.1" 404 23126 "-" "-"
136.243.228.194 - - [13/Jul/2025:11:05:50 -0400] "GET /208yhjgm47807.html HTTP/1.1" 404 23126 "-" "Mozilla/5.0 (compatible; DataForSeoBot/1.0; +https://dataforseo.com/dataforseo-bot)"
40.127.130.26 - - [13/Jul/2025:11:05:54 -0400] "GET /wp-includes/images/wp-login.php HTTP/1.1" 404 23128 "-" "-"
40.127.130.26 - - [13/Jul/2025:11:06:00 -0400] "GET /termps.php HTTP/1.1" 404 23128 "-" "-"
136.243.228.194 - - [13/Jul/2025:11:05:59 -0400] "GET /items/mmozx36/19758?key=lead HTTP/1.1" 404 23126 "-" "Mozilla/5.0 (compatible; DataForSeoBot/1.0; +https://dataforseo.com/dataforseo-bot)"
40.127.130.26 - - [13/Jul/2025:11:06:09 -0400] "GET /brand.php HTTP/1.1" 404 23126 "-" "-"
136.243.228.194 - - [13/Jul/2025:11:06:11 -0400] "GET /items/nexqe245/19371?key=improved HTTP/1.1" 404 23126 "-" "Mozilla/5.0 (compatible; DataForSeoBot/1.0; +https://dataforseo.com/dataforseo-bot)"
40.127.130.26 - - [13/Jul/2025:11:06:18 -0400] "GET /goods.php HTTP/1.1" 404 23128 "-" "-"
136.243.228.194 - - [13/Jul/2025:11:06:22 -0400] "GET /137cysh5120.html HTTP/1.1" 404 23128 "-" "Mozilla/5.0 (compatible; DataForSeoBot/1.0; +https://dataforseo.com/dataforseo-bot)"
40.127.130.26 - - [13/Jul/2025:11:06:26 -0400] "GET /cong.php HTTP/1.1" 404 23126 "-" "-"
136.243.228.194 - - [13/Jul/2025:11:06:34 -0400] "GET /items/sgcay85/7221?key=approval HTTP/1.1" 404 23126 "-" "Mozilla/5.0 (compatible; DataForSeoBot/1.0; +https://dataforseo.com/dataforseo-bot)"
40.127.130.26 - - [13/Jul/2025:11:06:34 -0400] "GET /atomlib.php HTTP/1.1" 404 23126 "-" "-"
66.29.146.47 - - [13/Jul/2025:11:06:44 -0400] "POST /wp-cron.php?doing_wp_cron=1752419204.2738399505615234375000 HTTP/1.1" 403 1242 "-" "WordPress/6.8; https://dangroup.sa"
40.127.130.26 - - [13/Jul/2025:11:06:43 -0400] "GET /w.php HTTP/1.1" 404 23126 "-" "-"
136.243.228.194 - - [13/Jul/2025:11:06:44 -0400] "GET /items/zpdsp183/26675?key=earth HTTP/1.1" 404 23128 "-" "Mozilla/5.0 (compatible; DataForSeoBot/1.0; +https://dataforseo.com/dataforseo-bot)"
40.127.130.26 - - [13/Jul/2025:11:06:54 -0400] "GET /404.php?fm=true HTTP/1.1" 404 23126 "-" "-"
136.243.228.194 - - [13/Jul/2025:11:06:57 -0400] "GET /items/jmpbs260/20888?key=hell HTTP/1.1" 404 23126 "-" "Mozilla/5.0 (compatible; DataForSeoBot/1.0; +https://dataforseo.com/dataforseo-bot)"
40.127.130.26 - - [13/Jul/2025:11:07:04 -0400] "GET /404.php HTTP/1.1" 404 23126 "-" "-"
136.243.228.194 - - [13/Jul/2025:11:07:07 -0400] "GET /items/rlhtv115/24725?key=toss HTTP/1.1" 404 23126 "-" "Mozilla/5.0 (compatible; DataForSeoBot/1.0; +https://dataforseo.com/dataforseo-bot)"
40.127.130.26 - - [13/Jul/2025:11:07:13 -0400] "GET /article.php HTTP/1.1" 404 23126 "-" "-"
136.243.228.194 - - [13/Jul/2025:11:07:20 -0400] "GET /items/qivto268/46146?key=hot HTTP/1.1" 404 23126 "-" "Mozilla/5.0 (compatible; DataForSeoBot/1.0; +https://dataforseo.com/dataforseo-bot)"
40.127.130.26 - - [13/Jul/2025:11:07:22 -0400] "GET /wp-content/product.php HTTP/1.1" 404 23126 "-" "-"
40.127.130.26 - - [13/Jul/2025:11:07:28 -0400] "GET /wp-content/function.php HTTP/1.1" 404 23128 "-" "-"
136.243.228.194 - - [13/Jul/2025:11:07:29 -0400] "GET /144wwsz13713.html HTTP/1.1" 404 23126 "-" "Mozilla/5.0 (compatible; DataForSeoBot/1.0; +https://dataforseo.com/dataforseo-bot)"
40.127.130.26 - - [13/Jul/2025:11:07:33 -0400] "GET /0x.php HTTP/1.1" 404 23126 "-" "-"
136.243.228.194 - - [13/Jul/2025:11:07:34 -0400] "GET /237ygx33960.html HTTP/1.1" 404 23126 "-" "Mozilla/5.0 (compatible; DataForSeoBot/1.0; +https://dataforseo.com/dataforseo-bot)"
40.127.130.26 - - [13/Jul/2025:11:07:36 -0400] "GET /css.php HTTP/1.1" 404 23126 "-" "-"
40.127.130.26 - - [13/Jul/2025:11:07:41 -0400] "GET /modules/mod_simplefileuploadv1.3/elements/filemanager.php?p= HTTP/1.1" 301 0 "-" "-"
66.29.146.47 - - [13/Jul/2025:11:07:44 -0400] "POST /wp-cron.php?doing_wp_cron=1752419264.5416629314422607421875 HTTP/1.1" 403 1242 "-" "WordPress/6.8; https://dangroup.sa"
208.110.64.178 - - [13/Jul/2025:11:07:47 -0400] "GET /wp-content/install.php HTTP/1.1" 200 10 "https://dangroup.sa/wp-content/install.php" "Mozilla/5.0 (Windows NT 10.0; Win64; x64) AppleWebKit/537.36 (KHTML, like Gecko) Chrome/58.0.3029.110 Safari/537.3"
136.243.228.194 - - [13/Jul/2025:11:07:40 -0400] "GET /284epjxm1559.html HTTP/1.1" 404 23126 "-" "Mozilla/5.0 (compatible; DataForSeoBot/1.0; +https://dataforseo.com/dataforseo-bot)"
40.127.130.26 - - [13/Jul/2025:11:07:42 -0400] "GET /modules/mod_simplefileuploadv1.3/elements/filemanager.php HTTP/1.1" 404 23126 "-" "-"
40.127.130.26 - - [13/Jul/2025:11:07:54 -0400] "GET /wp-content/index.php HTTP/1.1" 200 0 "-" "-"
136.243.228.194 - - [13/Jul/2025:11:07:50 -0400] "GET /102ngcna37213.html HTTP/1.1" 404 23126 "-" "Mozilla/5.0 (compatible; DataForSeoBot/1.0; +https://dataforseo.com/dataforseo-bot)"
40.127.130.26 - - [13/Jul/2025:11:07:54 -0400] "GET /1.php HTTP/1.1" 404 23128 "-" "-"
40.127.130.26 - - [13/Jul/2025:11:08:00 -0400] "GET /admin.php HTTP/1.1" 404 23126 "-" "-"
136.243.228.194 - - [13/Jul/2025:11:08:01 -0400] "GET /190xrd2245.html HTTP/1.1" 404 23126 "-" "Mozilla/5.0 (compatible; DataForSeoBot/1.0; +https://dataforseo.com/dataforseo-bot)"
40.127.130.26 - - [13/Jul/2025:11:08:05 -0400] "GET /wp-admin/maint/maint.php HTTP/1.1" 404 23126 "-" "-"
136.243.228.194 - - [13/Jul/2025:11:08:06 -0400] "GET /items/frskd183/48707?key=well HTTP/1.1" 404 23128 "-" "Mozilla/5.0 (compatible; DataForSeoBot/1.0; +https://dataforseo.com/dataforseo-bot)"
40.127.130.26 - - [13/Jul/2025:11:08:09 -0400] "GET /classwithtostring.php HTTP/1.1" 404 23126 "-" "-"
136.243.228.194 - - [13/Jul/2025:11:08:13 -0400] "GET /179kst43696.html HTTP/1.1" 404 23126 "-" "Mozilla/5.0 (compatible; DataForSeoBot/1.0; +https://dataforseo.com/dataforseo-bot)"
40.127.130.26 - - [13/Jul/2025:11:08:14 -0400] "GET /dropdown.php HTTP/1.1" 404 23126 "-" "-"
40.127.130.26 - - [13/Jul/2025:11:08:25 -0400] "GET /moon.php HTTP/1.1" 404 23128 "-" "-"
136.243.228.194 - - [13/Jul/2025:11:08:24 -0400] "GET /5bohlt14996.html HTTP/1.1" 404 23126 "-" "Mozilla/5.0 (compatible; DataForSeoBot/1.0; +https://dataforseo.com/dataforseo-bot)"
40.127.130.26 - - [13/Jul/2025:11:08:34 -0400] "GET /0x.php HTTP/1.1" 404 23126 "-" "-"
136.243.228.194 - - [13/Jul/2025:11:08:36 -0400] "GET /items/paxof161/31561?key=skilled HTTP/1.1" 404 23128 "-" "Mozilla/5.0 (compatible; DataForSeoBot/1.0; +https://dataforseo.com/dataforseo-bot)"
66.29.146.47 - - [13/Jul/2025:11:08:47 -0400] "POST /wp-cron.php?doing_wp_cron=1752419327.0412220954895019531250 HTTP/1.1" 403 1242 "-" "WordPress/6.8; https://dangroup.sa"
40.127.130.26 - - [13/Jul/2025:11:08:45 -0400] "GET /moon.php?p= HTTP/1.1" 301 0 "-" "-"
40.127.130.26 - - [13/Jul/2025:11:08:47 -0400] "GET /moon.php HTTP/1.1" 404 23126 "-" "-"
136.243.228.194 - - [13/Jul/2025:11:08:49 -0400] "GET /107cvbef25412.html HTTP/1.1" 404 23128 "-" "Mozilla/5.0 (compatible; DataForSeoBot/1.0; +https://dataforseo.com/dataforseo-bot)"
40.127.130.26 - - [13/Jul/2025:11:08:54 -0400] "GET /autoload_classmap.php?p= HTTP/1.1" 301 0 "-" "-"
40.127.130.26 - - [13/Jul/2025:11:08:55 -0400] "GET /autoload_classmap.php HTTP/1.1" 404 23126 "-" "-"
136.243.228.194 - - [13/Jul/2025:11:08:56 -0400] "GET /items/ncqjn37/44455?key=fully HTTP/1.1" 404 23126 "-" "Mozilla/5.0 (compatible; DataForSeoBot/1.0; +https://dataforseo.com/dataforseo-bot)"
40.127.130.26 - - [13/Jul/2025:11:09:06 -0400] "GET /inputs.php HTTP/1.1" 404 23128 "-" "-"
136.243.228.194 - - [13/Jul/2025:11:09:09 -0400] "GET /105bbcqs68.html HTTP/1.1" 404 23126 "-" "Mozilla/5.0 (compatible; DataForSeoBot/1.0; +https://dataforseo.com/dataforseo-bot)"
40.127.130.26 - - [13/Jul/2025:11:09:14 -0400] "GET /default.php HTTP/1.1" 404 23126 "-" "-"
40.127.130.26 - - [13/Jul/2025:11:09:24 -0400] "GET /fm.php?p= HTTP/1.1" 301 0 "-" "-"
136.243.228.194 - - [13/Jul/2025:11:09:21 -0400] "GET /items/dqadt126/1664?key=criticize HTTP/1.1" 404 23126 "-" "Mozilla/5.0 (compatible; DataForSeoBot/1.0; +https://dataforseo.com/dataforseo-bot)"
40.127.130.26 - - [13/Jul/2025:11:09:26 -0400] "GET /fm.php HTTP/1.1" 404 23128 "-" "-"
136.243.228.194 - - [13/Jul/2025:11:09:32 -0400] "GET /10krwdh43739.html HTTP/1.1" 404 23126 "-" "Mozilla/5.0 (compatible; DataForSeoBot/1.0; +https://dataforseo.com/dataforseo-bot)"
40.127.130.26 - - [13/Jul/2025:11:09:35 -0400] "GET /fm.php?fm=true HTTP/1.1" 404 23128 "-" "-"
136.243.228.194 - - [13/Jul/2025:11:09:42 -0400] "GET /items/hbavf222/44634?key=dialogue HTTP/1.1" 404 23126 "-" "Mozilla/5.0 (compatible; DataForSeoBot/1.0; +https://dataforseo.com/dataforseo-bot)"
40.127.130.26 - - [13/Jul/2025:11:09:44 -0400] "GET /about.php HTTP/1.1" 404 23126 "-" "-"
66.29.146.47 - - [13/Jul/2025:11:09:55 -0400] "POST /wp-cron.php?doing_wp_cron=1752419395.4479401111602783203125 HTTP/1.1" 403 1242 "-" "WordPress/6.8; https://dangroup.sa"
66.29.146.47 - - [13/Jul/2025:11:09:56 -0400] "POST /wp-cron.php?doing_wp_cron=1752419395.9530138969421386718750 HTTP/1.1" 403 1242 "-" "WordPress/6.8; https://dangroup.sa"
40.127.130.26 - - [13/Jul/2025:11:09:55 -0400] "GET /file.php? HTTP/1.1" 404 23126 "-" "-"
136.243.228.194 - - [13/Jul/2025:11:09:55 -0400] "GET /items/gpnnp188/15904?key=explore HTTP/1.1" 404 23126 "-" "Mozilla/5.0 (compatible; DataForSeoBot/1.0; +https://dataforseo.com/dataforseo-bot)"
40.127.130.26 - - [13/Jul/2025:11:10:00 -0400] "GET /alfa.php HTTP/1.1" 404 23126 "-" "-"
136.243.228.194 - - [13/Jul/2025:11:10:01 -0400] "GET /items/guqov294/33780?key=incorporate HTTP/1.1" 404 23126 "-" "Mozilla/5.0 (compatible; DataForSeoBot/1.0; +https://dataforseo.com/dataforseo-bot)"
47.82.60.53 - - [13/Jul/2025:11:10:04 -0400] "GET /items/dsysj177/44425?key=reward HTTP/1.1" 404 23126 "https://dangroup.sa/items/dsysj177/44425?key=reward" "Mozilla/5.0 (Windows NT 10.0; Win64; x64) AppleWebKit/537.36 (KHTML, like Gecko) Chrome/114.0.0.0 Safari/537.36 Edg/114.0.1823.43"
40.127.130.26 - - [13/Jul/2025:11:10:05 -0400] "GET /buy.php HTTP/1.1" 404 23126 "-" "-"
40.127.130.26 - - [13/Jul/2025:11:10:17 -0400] "GET /themes/twentytwentytwo/index.php HTTP/1.1" 301 0 "-" "-"
136.243.228.194 - - [13/Jul/2025:11:10:11 -0400] "GET /items/kuwpq297/46319?key=weekend HTTP/1.1" 404 23126 "-" "Mozilla/5.0 (compatible; DataForSeoBot/1.0; +https://dataforseo.com/dataforseo-bot)"
40.127.130.26 - - [13/Jul/2025:11:10:19 -0400] "GET /themes/twentytwentytwo/ HTTP/1.1" 200 0 "-" "-"
40.127.130.26 - - [13/Jul/2025:11:10:32 -0400] "GET /wp-admin/js/wp-conflg.php?p= HTTP/1.1" 301 0 "-" "-"
136.243.228.194 - - [13/Jul/2025:11:10:23 -0400] "GET /230mnkr2037.html HTTP/1.1" 404 23126 "-" "Mozilla/5.0 (compatible; DataForSeoBot/1.0; +https://dataforseo.com/dataforseo-bot)"
40.127.130.26 - - [13/Jul/2025:11:10:34 -0400] "GET /wp-admin/js/wp-conflg.php HTTP/1.1" 404 0 "-" "-"
40.127.130.26 - - [13/Jul/2025:11:10:47 -0400] "GET /wp-admin/wp-conflg.php?p= HTTP/1.1" 301 0 "-" "-"
136.243.228.194 - - [13/Jul/2025:11:10:38 -0400] "GET /121kaymp32774.html HTTP/1.1" 404 23126 "-" "Mozilla/5.0 (compatible; DataForSeoBot/1.0; +https://dataforseo.com/dataforseo-bot)"
40.127.130.26 - - [13/Jul/2025:11:10:49 -0400] "GET /wp-admin/wp-conflg.php HTTP/1.1" 404 23128 "-" "-"
66.29.146.47 - - [13/Jul/2025:11:11:02 -0400] "POST /wp-cron.php?doing_wp_cron=1752419462.1536118984222412109375 HTTP/1.1" 403 1242 "-" "WordPress/6.8; https://dangroup.sa"
40.127.130.26 - - [13/Jul/2025:11:10:59 -0400] "GET /wp-admin/css/wp-conflg.php?p= HTTP/1.1" 301 0 "-" "-"
136.243.228.194 - - [13/Jul/2025:11:10:52 -0400] "GET /213vqw28022.html HTTP/1.1" 404 23126 "-" "Mozilla/5.0 (compatible; DataForSeoBot/1.0; +https://dataforseo.com/dataforseo-bot)"
40.127.130.26 - - [13/Jul/2025:11:11:03 -0400] "GET /wp-admin/css/wp-conflg.php HTTP/1.1" 200 0 "-" "-"
47.82.60.54 - - [13/Jul/2025:11:11:03 -0400] "GET /items/wtprm8/27366?key=flow HTTP/1.1" 404 23126 "https://dangroup.sa/items/wtprm8/27366?key=flow" "Mozilla/5.0 (Windows NT 10.0; Win64; x64) AppleWebKit/537.36 (KHTML, like Gecko) Chrome/114.0.0.0 Safari/537.36 Edg/114.0.1823.43"
40.127.130.26 - - [13/Jul/2025:11:11:15 -0400] "GET /manager.php?p= HTTP/1.1" 301 0 "-" "-"
136.243.228.194 - - [13/Jul/2025:11:11:04 -0400] "GET /111scle22680.html HTTP/1.1" 404 23126 "-" "Mozilla/5.0 (compatible; DataForSeoBot/1.0; +https://dataforseo.com/dataforseo-bot)"
40.127.130.26 - - [13/Jul/2025:11:11:19 -0400] "GET /manager.php HTTP/1.1" 200 0 "-" "-"
136.243.228.194 - - [13/Jul/2025:11:11:24 -0400] "GET /items/oycna190/37586?key=journey HTTP/1.1" 404 23128 "-" "Mozilla/5.0 (compatible; DataForSeoBot/1.0; +https://dataforseo.com/dataforseo-bot)"
40.127.130.26 - - [13/Jul/2025:11:11:30 -0400] "GET /js/fm.php HTTP/1.1" 404 23128 "-" "-"
136.243.228.194 - - [13/Jul/2025:11:11:40 -0400] "GET /283kjzo37162.html HTTP/1.1" 404 23126 "-" "Mozilla/5.0 (compatible; DataForSeoBot/1.0; +https://dataforseo.com/dataforseo-bot)"
40.127.130.26 - - [13/Jul/2025:11:11:45 -0400] "GET /item.php HTTP/1.1" 404 23128 "-" "-"
66.29.146.47 - - [13/Jul/2025:11:12:09 -0400] "POST /wp-cron.php?doing_wp_cron=1752419528.7376880645751953125000 HTTP/1.1" 403 1242 "-" "WordPress/6.8; https://dangroup.sa"
47.82.60.46 - - [13/Jul/2025:11:11:51 -0400] "GET /pcmypage?callback=product/review/lightbeing-erd7879wc_rx408na HTTP/1.1" 404 23126 "https://dangroup.sa/pcmypage?callback=product/review/lightbeing-erd7879wc_rx408na" "Mozilla/5.0 (Windows NT 10.0; Win64; x64) AppleWebKit/537.36 (KHTML, like Gecko) Chrome/114.0.0.0 Safari/537.36 Edg/114.0.1823.43"
136.243.228.194 - - [13/Jul/2025:11:11:55 -0400] "GET /items/qtzmi290/48978?key=sand HTTP/1.1" 404 23126 "-" "Mozilla/5.0 (compatible; DataForSeoBot/1.0; +https://dataforseo.com/dataforseo-bot)"
40.127.130.26 - - [13/Jul/2025:11:11:57 -0400] "GET /plugins/Cache/footer.php HTTP/1.1" 200 0 "-" "-"
47.82.60.14 - - [13/Jul/2025:11:12:04 -0400] "GET /pcmypage?callback=product/detail/improve-homestyle-ds-2268299 HTTP/1.1" 404 23128 "https://dangroup.sa/pcmypage?callback=product%2Fdetail%2Fimprove-homestyle-ds-2268299" "Mozilla/5.0 (Windows NT 10.0; Win64; x64) AppleWebKit/537.36 (KHTML, like Gecko) Chrome/114.0.0.0 Safari/537.36 Edg/114.0.1823.43"
40.127.130.26 - - [13/Jul/2025:11:12:13 -0400] "GET /404.php HTTP/1.1" 404 23126 "-" "-"
136.243.228.194 - - [13/Jul/2025:11:12:14 -0400] "GET /items/bghia153/6855?key=notebook HTTP/1.1" 404 23126 "-" "Mozilla/5.0 (compatible; DataForSeoBot/1.0; +https://dataforseo.com/dataforseo-bot)"
40.127.130.26 - - [13/Jul/2025:11:12:27 -0400] "GET /mail.php HTTP/1.1" 404 23128 "-" "-"
40.127.130.26 - - [13/Jul/2025:11:12:40 -0400] "GET /wp-content/plugins/index.php HTTP/1.1" 200 0 "-" "-"
136.243.228.194 - - [13/Jul/2025:11:12:30 -0400] "GET /67lzji16068.html HTTP/1.1" 404 23126 "-" "Mozilla/5.0 (compatible; DataForSeoBot/1.0; +https://dataforseo.com/dataforseo-bot)"
40.127.130.26 - - [13/Jul/2025:11:12:40 -0400] "GET /sx.php HTTP/1.1" 404 23128 "-" "-"
136.243.228.194 - - [13/Jul/2025:11:12:44 -0400] "GET /items/muidt254/33154?key=cue HTTP/1.1" 404 23126 "-" "Mozilla/5.0 (compatible; DataForSeoBot/1.0; +https://dataforseo.com/dataforseo-bot)"
40.127.130.26 - - [13/Jul/2025:11:12:49 -0400] "GET /wp-admin/maint/admin.php HTTP/1.1" 404 23126 "-" "-"
136.243.228.194 - - [13/Jul/2025:11:12:52 -0400] "GET /154pgwp38053.html HTTP/1.1" 404 23126 "-" "Mozilla/5.0 (compatible; DataForSeoBot/1.0; +https://dataforseo.com/dataforseo-bot)"
40.127.130.26 - - [13/Jul/2025:11:12:54 -0400] "GET /article.php HTTP/1.1" 404 23126 "-" "-"
