136.243.228.194 - - [13/Jul/2025:14:13:01 -0400] "GET /50loh1819.html HTTP/1.1" 404 23126 "-" "Mozilla/5.0 (compatible; DataForSeoBot/1.0; +https://dataforseo.com/dataforseo-bot)"
20.171.207.27 - - [13/Jul/2025:14:13:14 -0400] "GET /111nhwxa2418.html HTTP/1.1" 404 23126 "-" "Mozilla/5.0 AppleWebKit/537.36 (KHTML, like Gecko; compatible; GPTBot/1.2; +https://openai.com/gptbot)"
136.243.228.194 - - [13/Jul/2025:14:13:14 -0400] "GET /items/jxjps256/30442?key=particularly HTTP/1.1" 404 23126 "-" "Mozilla/5.0 (compatible; DataForSeoBot/1.0; +https://dataforseo.com/dataforseo-bot)"
4.196.96.212 - - [13/Jul/2025:14:13:26 -0400] "GET /wp-includes/class-wp-theme-json-resolver.php HTTP/1.1" 403 1242 "binance.com" "Mozilla/5.0 (Windows NT 10.0; Win64; x64) AppleWebKit/537.36 (KHTML, like Gecko) Chrome/90.0.4430.85 Safari/537.36"
136.243.228.194 - - [13/Jul/2025:14:13:23 -0400] "GET /items/ypgkb137/9161?key=attendance HTTP/1.1" 404 23126 "-" "Mozilla/5.0 (compatible; DataForSeoBot/1.0; +https://dataforseo.com/dataforseo-bot)"
47.82.60.72 - - [13/Jul/2025:14:13:26 -0400] "GET /items/ounai32/12108?key=clearly HTTP/1.1" 404 23126 "https://dangroup.sa/items/ounai32/12108?key=clearly" "Mozilla/5.0 (Windows NT 10.0; Win64; x64) AppleWebKit/537.36 (KHTML, like Gecko) Chrome/114.0.0.0 Safari/537.36 Edg/114.0.1823.43"
4.196.96.212 - - [13/Jul/2025:14:13:38 -0400] "GET /wp-includes/class-wp-theme-json-schema.php HTTP/1.1" 403 1242 "binance.com" "Mozilla/5.0 (Windows NT 10.0; Win64; x64) AppleWebKit/537.36 (KHTML, like Gecko) Chrome/90.0.4430.85 Safari/537.36"
136.243.228.194 - - [13/Jul/2025:14:13:27 -0400] "GET /items/vwpgt250/29700?key=rehabilitation HTTP/1.1" 404 23126 "-" "Mozilla/5.0 (compatible; DataForSeoBot/1.0; +https://dataforseo.com/dataforseo-bot)"
20.171.207.27 - - [13/Jul/2025:14:13:27 -0400] "GET /172gdhdm6665.html HTTP/1.1" 404 23126 "-" "Mozilla/5.0 AppleWebKit/537.36 (KHTML, like Gecko; compatible; GPTBot/1.2; +https://openai.com/gptbot)"
47.82.60.36 - - [13/Jul/2025:14:13:29 -0400] "GET /pcmypage?callback=product/review/kiro-2-p17352101 HTTP/1.1" 404 23128 "https://dangroup.sa/pcmypage?callback=product/review/kiro-2-p17352101" "Mozilla/5.0 (Windows NT 10.0; Win64; x64) AppleWebKit/537.36 (KHTML, like Gecko) Chrome/114.0.0.0 Safari/537.36 Edg/114.0.1823.43"
66.249.79.136 - - [13/Jul/2025:14:13:44 -0400] "GET /197btmz6562.html HTTP/1.1" 200 87491 "-" "Mozilla/5.0 (Linux; Android 6.0.1; Nexus 5X Build/MMB29P) AppleWebKit/537.36 (KHTML, like Gecko) Chrome/137.0.7151.103 Mobile Safari/537.36 (compatible; Googlebot/2.1; +http://www.google.com/bot.html)"
4.196.96.212 - - [13/Jul/2025:14:13:48 -0400] "GET /wp-includes/class-wp-theme-json.php HTTP/1.1" 403 1242 "binance.com" "Mozilla/5.0 (Windows NT 10.0; Win64; x64) AppleWebKit/537.36 (KHTML, like Gecko) Chrome/90.0.4430.85 Safari/537.36"
136.243.228.194 - - [13/Jul/2025:14:13:42 -0400] "GET /items/sqokz8/37818?key=divorce HTTP/1.1" 404 23128 "-" "Mozilla/5.0 (compatible; DataForSeoBot/1.0; +https://dataforseo.com/dataforseo-bot)"
20.171.207.27 - - [13/Jul/2025:14:13:43 -0400] "GET /238trusq23875.html HTTP/1.1" 404 23126 "-" "Mozilla/5.0 AppleWebKit/537.36 (KHTML, like Gecko; compatible; GPTBot/1.2; +https://openai.com/gptbot)"
4.196.96.212 - - [13/Jul/2025:14:13:56 -0400] "GET /wp-includes/class-wp-token-map.php HTTP/1.1" 403 1242 "binance.com" "Mozilla/5.0 (Windows NT 10.0; Win64; x64) AppleWebKit/537.36 (KHTML, like Gecko) Chrome/90.0.4430.85 Safari/537.36"
136.243.228.194 - - [13/Jul/2025:14:13:53 -0400] "GET /93qbysz14314.html HTTP/1.1" 404 23126 "-" "Mozilla/5.0 (compatible; DataForSeoBot/1.0; +https://dataforseo.com/dataforseo-bot)"
20.171.207.27 - - [13/Jul/2025:14:13:56 -0400] "GET /109idlxu29996.html HTTP/1.1" 404 23126 "-" "Mozilla/5.0 AppleWebKit/537.36 (KHTML, like Gecko; compatible; GPTBot/1.2; +https://openai.com/gptbot)"
66.29.146.47 - - [13/Jul/2025:14:14:10 -0400] "POST /wp-cron.php?doing_wp_cron=1752430450.1362810134887695312500 HTTP/1.1" 403 1242 "-" "WordPress/6.8; https://dangroup.sa"
136.243.228.194 - - [13/Jul/2025:14:14:03 -0400] "GET /items/zqule107/29217?key=list HTTP/1.1" 404 23126 "-" "Mozilla/5.0 (compatible; DataForSeoBot/1.0; +https://dataforseo.com/dataforseo-bot)"
20.171.207.27 - - [13/Jul/2025:14:14:08 -0400] "GET /111cwtij41396.html HTTP/1.1" 404 23126 "-" "Mozilla/5.0 AppleWebKit/537.36 (KHTML, like Gecko; compatible; GPTBot/1.2; +https://openai.com/gptbot)"
136.243.228.194 - - [13/Jul/2025:14:14:12 -0400] "GET /items/magld16/47594?key=pick HTTP/1.1" 404 23128 "-" "Mozilla/5.0 (compatible; DataForSeoBot/1.0; +https://dataforseo.com/dataforseo-bot)"
136.243.228.194 - - [13/Jul/2025:14:14:20 -0400] "GET /items/ewuqq252/552?key=cabinet HTTP/1.1" 404 23126 "-" "Mozilla/5.0 (compatible; DataForSeoBot/1.0; +https://dataforseo.com/dataforseo-bot)"
20.171.207.27 - - [13/Jul/2025:14:14:21 -0400] "GET /117vxppp16032.html HTTP/1.1" 404 23126 "-" "Mozilla/5.0 AppleWebKit/537.36 (KHTML, like Gecko; compatible; GPTBot/1.2; +https://openai.com/gptbot)"
4.196.96.212 - - [13/Jul/2025:14:14:27 -0400] "GET /wp-includes/class-wp-url-pattern-prefixer.php HTTP/1.1" 403 1242 "binance.com" "Mozilla/5.0 (Windows NT 10.0; Win64; x64) AppleWebKit/537.36 (KHTML, like Gecko) Chrome/90.0.4430.85 Safari/537.36"
136.243.228.194 - - [13/Jul/2025:14:14:24 -0400] "GET /67jlj9010.html HTTP/1.1" 404 23126 "-" "Mozilla/5.0 (compatible; DataForSeoBot/1.0; +https://dataforseo.com/dataforseo-bot)"
20.171.207.27 - - [13/Jul/2025:14:14:28 -0400] "GET /38oadap33319.html HTTP/1.1" 404 23126 "-" "Mozilla/5.0 AppleWebKit/537.36 (KHTML, like Gecko; compatible; GPTBot/1.2; +https://openai.com/gptbot)"
136.243.228.194 - - [13/Jul/2025:14:14:30 -0400] "GET /items/ozyob45/49301?key=intelligent HTTP/1.1" 404 23126 "-" "Mozilla/5.0 (compatible; DataForSeoBot/1.0; +https://dataforseo.com/dataforseo-bot)"
4.196.96.212 - - [13/Jul/2025:14:14:40 -0400] "GET /wp-includes/class-wpdb.php HTTP/1.1" 403 1242 "binance.com" "Mozilla/5.0 (Windows NT 10.0; Win64; x64) AppleWebKit/537.36 (KHTML, like Gecko) Chrome/90.0.4430.85 Safari/537.36"
20.171.207.27 - - [13/Jul/2025:14:14:34 -0400] "GET /256nyulw33303.html HTTP/1.1" 404 23126 "-" "Mozilla/5.0 AppleWebKit/537.36 (KHTML, like Gecko; compatible; GPTBot/1.2; +https://openai.com/gptbot)"
136.243.228.194 - - [13/Jul/2025:14:14:36 -0400] "GET /items/jsrto8/34272?key=hi HTTP/1.1" 404 23126 "-" "Mozilla/5.0 (compatible; DataForSeoBot/1.0; +https://dataforseo.com/dataforseo-bot)"
4.196.96.212 - - [13/Jul/2025:14:14:49 -0400] "GET /wp-includes/fonts.php HTTP/1.1" 403 1242 "binance.com" "Mozilla/5.0 (Windows NT 10.0; Win64; x64) AppleWebKit/537.36 (KHTML, like Gecko) Chrome/90.0.4430.85 Safari/537.36"
20.171.207.27 - - [13/Jul/2025:14:14:44 -0400] "GET /111iwsqe29322.html HTTP/1.1" 404 23126 "-" "Mozilla/5.0 AppleWebKit/537.36 (KHTML, like Gecko; compatible; GPTBot/1.2; +https://openai.com/gptbot)"
136.243.228.194 - - [13/Jul/2025:14:14:47 -0400] "GET /164yjhdf4449.html HTTP/1.1" 404 23126 "-" "Mozilla/5.0 (compatible; DataForSeoBot/1.0; +https://dataforseo.com/dataforseo-bot)"
47.82.60.18 - - [13/Jul/2025:14:14:52 -0400] "GET /64xgshv27.html HTTP/1.1" 404 23126 "https://dangroup.sa/64xgshv27.html" "Mozilla/5.0 (Windows NT 10.0; Win64; x64) AppleWebKit/537.36 (KHTML, like Gecko) Chrome/114.0.0.0 Safari/537.36 Edg/114.0.1823.43"
20.171.207.27 - - [13/Jul/2025:14:14:54 -0400] "GET /190uayvn31113.html HTTP/1.1" 404 23126 "-" "Mozilla/5.0 AppleWebKit/537.36 (KHTML, like Gecko; compatible; GPTBot/1.2; +https://openai.com/gptbot)"
136.243.228.194 - - [13/Jul/2025:14:14:58 -0400] "GET /items/phftr104/19582?key=process HTTP/1.1" 404 23126 "-" "Mozilla/5.0 (compatible; DataForSeoBot/1.0; +https://dataforseo.com/dataforseo-bot)"
66.29.146.47 - - [13/Jul/2025:14:15:14 -0400] "POST /wp-cron.php?doing_wp_cron=1752430514.1440410614013671875000 HTTP/1.1" 403 1242 "-" "WordPress/6.8; https://dangroup.sa"
66.29.146.47 - - [13/Jul/2025:14:15:14 -0400] "POST /wp-cron.php?doing_wp_cron=1752430514.0625000000000000000000 HTTP/1.1" 403 1242 "-" "WordPress/6.8; https://dangroup.sa"
4.196.96.212 - - [13/Jul/2025:14:15:19 -0400] "GET /wp-includes/global-styles-and-settings.php HTTP/1.1" 403 1242 "binance.com" "Mozilla/5.0 (Windows NT 10.0; Win64; x64) AppleWebKit/537.36 (KHTML, like Gecko) Chrome/90.0.4430.85 Safari/537.36"
136.243.228.194 - - [13/Jul/2025:14:15:12 -0400] "GET /244tzeeg38289.html HTTP/1.1" 404 23128 "-" "Mozilla/5.0 (compatible; DataForSeoBot/1.0; +https://dataforseo.com/dataforseo-bot)"
20.171.207.27 - - [13/Jul/2025:14:15:13 -0400] "GET /222vsjmm47083.html HTTP/1.1" 404 23126 "-" "Mozilla/5.0 AppleWebKit/537.36 (KHTML, like Gecko; compatible; GPTBot/1.2; +https://openai.com/gptbot)"
136.243.228.194 - - [13/Jul/2025:14:15:23 -0400] "GET /items/nkaiu35/31291?key=sell HTTP/1.1" 404 23126 "-" "Mozilla/5.0 (compatible; DataForSeoBot/1.0; +https://dataforseo.com/dataforseo-bot)"
20.171.207.27 - - [13/Jul/2025:14:15:24 -0400] "GET /222amuwv3151.html HTTP/1.1" 404 23126 "-" "Mozilla/5.0 AppleWebKit/537.36 (KHTML, like Gecko; compatible; GPTBot/1.2; +https://openai.com/gptbot)"
136.243.228.194 - - [13/Jul/2025:14:15:30 -0400] "GET /items/pasdi180/46994?key=enforce HTTP/1.1" 404 23126 "-" "Mozilla/5.0 (compatible; DataForSeoBot/1.0; +https://dataforseo.com/dataforseo-bot)"
20.171.207.27 - - [13/Jul/2025:14:15:32 -0400] "GET /20kkkwv16131.html HTTP/1.1" 404 23126 "-" "Mozilla/5.0 AppleWebKit/537.36 (KHTML, like Gecko; compatible; GPTBot/1.2; +https://openai.com/gptbot)"
136.243.228.194 - - [13/Jul/2025:14:15:35 -0400] "GET /items/xomlu158/36352?key=exit HTTP/1.1" 404 23126 "-" "Mozilla/5.0 (compatible; DataForSeoBot/1.0; +https://dataforseo.com/dataforseo-bot)"
20.171.207.27 - - [13/Jul/2025:14:15:38 -0400] "GET /166aohqe3339.html HTTP/1.1" 404 23126 "-" "Mozilla/5.0 AppleWebKit/537.36 (KHTML, like Gecko; compatible; GPTBot/1.2; +https://openai.com/gptbot)"
4.196.96.212 - - [13/Jul/2025:14:15:45 -0400] "GET /wp-includes/https-detection.php HTTP/1.1" 403 1242 "binance.com" "Mozilla/5.0 (Windows NT 10.0; Win64; x64) AppleWebKit/537.36 (KHTML, like Gecko) Chrome/90.0.4430.85 Safari/537.36"
136.243.228.194 - - [13/Jul/2025:14:15:40 -0400] "GET /102sou9777.html HTTP/1.1" 404 23128 "-" "Mozilla/5.0 (compatible; DataForSeoBot/1.0; +https://dataforseo.com/dataforseo-bot)"
20.171.207.27 - - [13/Jul/2025:14:15:43 -0400] "GET /46nrxvx42225.html HTTP/1.1" 404 23126 "-" "Mozilla/5.0 AppleWebKit/537.36 (KHTML, like Gecko; compatible; GPTBot/1.2; +https://openai.com/gptbot)"
4.196.96.212 - - [13/Jul/2025:14:15:54 -0400] "GET /wp-includes/https-migration.php HTTP/1.1" 403 1242 "binance.com" "Mozilla/5.0 (Windows NT 10.0; Win64; x64) AppleWebKit/537.36 (KHTML, like Gecko) Chrome/90.0.4430.85 Safari/537.36"
136.243.228.194 - - [13/Jul/2025:14:15:52 -0400] "GET /items/rxddz250/23674?key=recommend HTTP/1.1" 404 23128 "-" "Mozilla/5.0 (compatible; DataForSeoBot/1.0; +https://dataforseo.com/dataforseo-bot)"
20.171.207.27 - - [13/Jul/2025:14:15:54 -0400] "GET /68pbxhh19997.html HTTP/1.1" 404 23127 "-" "Mozilla/5.0 AppleWebKit/537.36 (KHTML, like Gecko; compatible; GPTBot/1.2; +https://openai.com/gptbot)"
4.196.96.212 - - [13/Jul/2025:14:16:04 -0400] "GET /wp-includes/robots-template.php HTTP/1.1" 403 1242 "binance.com" "Mozilla/5.0 (Windows NT 10.0; Win64; x64) AppleWebKit/537.36 (KHTML, like Gecko) Chrome/90.0.4430.85 Safari/537.36"
136.243.228.194 - - [13/Jul/2025:14:16:04 -0400] "GET /46itpz32955.html HTTP/1.1" 404 23126 "-" "Mozilla/5.0 (compatible; DataForSeoBot/1.0; +https://dataforseo.com/dataforseo-bot)"
4.196.96.212 - - [13/Jul/2025:14:16:14 -0400] "GET /wp-includes/script-modules.php HTTP/1.1" 403 1242 "binance.com" "Mozilla/5.0 (Windows NT 10.0; Win64; x64) AppleWebKit/537.36 (KHTML, like Gecko) Chrome/90.0.4430.85 Safari/537.36"
66.29.146.47 - - [13/Jul/2025:14:16:16 -0400] "POST /wp-cron.php?doing_wp_cron=1752430576.3393909931182861328125 HTTP/1.1" 403 1242 "-" "WordPress/6.8; https://dangroup.sa"
20.171.207.27 - - [13/Jul/2025:14:16:07 -0400] "GET /48eddxt30111.html HTTP/1.1" 404 23126 "-" "Mozilla/5.0 AppleWebKit/537.36 (KHTML, like Gecko; compatible; GPTBot/1.2; +https://openai.com/gptbot)"
136.243.228.194 - - [13/Jul/2025:14:16:14 -0400] "GET /items/jdakp12/27032?key=chief HTTP/1.1" 404 23128 "-" "Mozilla/5.0 (compatible; DataForSeoBot/1.0; +https://dataforseo.com/dataforseo-bot)"
20.171.207.27 - - [13/Jul/2025:14:16:18 -0400] "GET /256nyulw33303.html HTTP/1.1" 404 23126 "-" "Mozilla/5.0 AppleWebKit/537.36 (KHTML, like Gecko; compatible; GPTBot/1.2; +https://openai.com/gptbot)"
136.243.228.194 - - [13/Jul/2025:14:16:25 -0400] "GET /items/bwvnu74/36062?key=mentor HTTP/1.1" 404 23126 "-" "Mozilla/5.0 (compatible; DataForSeoBot/1.0; +https://dataforseo.com/dataforseo-bot)"
136.243.228.194 - - [13/Jul/2025:14:16:30 -0400] "GET /items/gukst147/49805?key=Ms HTTP/1.1" 404 23126 "-" "Mozilla/5.0 (compatible; DataForSeoBot/1.0; +https://dataforseo.com/dataforseo-bot)"
4.196.96.212 - - [13/Jul/2025:14:16:37 -0400] "GET /wp-includes/speculative-loading.php HTTP/1.1" 403 1242 "binance.com" "Mozilla/5.0 (Windows NT 10.0; Win64; x64) AppleWebKit/537.36 (KHTML, like Gecko) Chrome/90.0.4430.85 Safari/537.36"
136.243.228.194 - - [13/Jul/2025:14:16:36 -0400] "GET /123qqix39094.html HTTP/1.1" 404 23126 "-" "Mozilla/5.0 (compatible; DataForSeoBot/1.0; +https://dataforseo.com/dataforseo-bot)"
136.243.228.194 - - [13/Jul/2025:14:16:45 -0400] "GET /290dkaz37645.html HTTP/1.1" 404 23126 "-" "Mozilla/5.0 (compatible; DataForSeoBot/1.0; +https://dataforseo.com/dataforseo-bot)"
4.196.96.212 - - [13/Jul/2025:14:16:59 -0400] "GET /wp-includes/style-engine.php HTTP/1.1" 403 1242 "binance.com" "Mozilla/5.0 (Windows NT 10.0; Win64; x64) AppleWebKit/537.36 (KHTML, like Gecko) Chrome/90.0.4430.85 Safari/537.36"
136.243.228.194 - - [13/Jul/2025:14:16:53 -0400] "GET /125gscmd37606.html HTTP/1.1" 404 23126 "-" "Mozilla/5.0 (compatible; DataForSeoBot/1.0; +https://dataforseo.com/dataforseo-bot)"
136.243.228.194 - - [13/Jul/2025:14:17:00 -0400] "GET /items/ttnam173/8485?key=fisherman HTTP/1.1" 404 23128 "-" "Mozilla/5.0 (compatible; DataForSeoBot/1.0; +https://dataforseo.com/dataforseo-bot)"
4.196.96.212 - - [13/Jul/2025:14:17:12 -0400] "GET /wp-includes/template-canvas.php HTTP/1.1" 403 1242 "binance.com" "Mozilla/5.0 (Windows NT 10.0; Win64; x64) AppleWebKit/537.36 (KHTML, like Gecko) Chrome/90.0.4430.85 Safari/537.36"
136.243.228.194 - - [13/Jul/2025:14:17:09 -0400] "GET /items/ewgzx158/34074?key=deploy HTTP/1.1" 404 23126 "-" "Mozilla/5.0 (compatible; DataForSeoBot/1.0; +https://dataforseo.com/dataforseo-bot)"
66.29.146.47 - - [13/Jul/2025:14:17:17 -0400] "POST /wp-cron.php?doing_wp_cron=1752430636.7931129932403564453125 HTTP/1.1" 403 1242 "-" "WordPress/6.8; https://dangroup.sa"
136.243.228.194 - - [13/Jul/2025:14:17:16 -0400] "GET /299krsmx37532.html HTTP/1.1" 404 23126 "-" "Mozilla/5.0 (compatible; DataForSeoBot/1.0; +https://dataforseo.com/dataforseo-bot)"
4.196.96.212 - - [13/Jul/2025:14:17:22 -0400] "GET /wp-includes/theme-previews.php HTTP/1.1" 403 1242 "binance.com" "Mozilla/5.0 (Windows NT 10.0; Win64; x64) AppleWebKit/537.36 (KHTML, like Gecko) Chrome/90.0.4430.85 Safari/537.36"
136.243.228.194 - - [13/Jul/2025:14:17:22 -0400] "GET /21uyw26650.html HTTP/1.1" 404 23126 "-" "Mozilla/5.0 (compatible; DataForSeoBot/1.0; +https://dataforseo.com/dataforseo-bot)"
4.196.96.212 - - [13/Jul/2025:14:17:34 -0400] "GET /wp-includes/theme-templates.php HTTP/1.1" 403 1242 "binance.com" "Mozilla/5.0 (Windows NT 10.0; Win64; x64) AppleWebKit/537.36 (KHTML, like Gecko) Chrome/90.0.4430.85 Safari/537.36"
136.243.228.194 - - [13/Jul/2025:14:17:30 -0400] "GET /114avqz23453.html HTTP/1.1" 404 23126 "-" "Mozilla/5.0 (compatible; DataForSeoBot/1.0; +https://dataforseo.com/dataforseo-bot)"
4.196.96.212 - - [13/Jul/2025:14:17:43 -0400] "GET /wp-includes/ID3/ HTTP/1.1" 200 1320 "binance.com" "Mozilla/5.0 (Windows NT 10.0; Win64; x64) AppleWebKit/537.36 (KHTML, like Gecko) Chrome/90.0.4430.85 Safari/537.36"
136.243.228.194 - - [13/Jul/2025:14:17:42 -0400] "GET /items/gqzcj174/18436?key=insert HTTP/1.1" 404 23128 "-" "Mozilla/5.0 (compatible; DataForSeoBot/1.0; +https://dataforseo.com/dataforseo-bot)"
136.243.228.194 - - [13/Jul/2025:14:17:51 -0400] "GET /239riei27104.html HTTP/1.1" 404 23126 "-" "Mozilla/5.0 (compatible; DataForSeoBot/1.0; +https://dataforseo.com/dataforseo-bot)"
4.196.96.212 - - [13/Jul/2025:14:18:01 -0400] "GET /wp-includes/ID3/ HTTP/1.1" 200 1320 "binance.com" "Mozilla/5.0 (Windows NT 10.0; Win64; x64) AppleWebKit/537.36 (KHTML, like Gecko) Chrome/90.0.4430.85 Safari/537.36"
136.243.228.194 - - [13/Jul/2025:14:17:58 -0400] "GET /items/cugws267/20237?key=director HTTP/1.1" 404 23126 "-" "Mozilla/5.0 (compatible; DataForSeoBot/1.0; +https://dataforseo.com/dataforseo-bot)"
136.243.228.194 - - [13/Jul/2025:14:18:03 -0400] "GET /items/kagfx21/47459?key=motive HTTP/1.1" 404 23126 "-" "Mozilla/5.0 (compatible; DataForSeoBot/1.0; +https://dataforseo.com/dataforseo-bot)"
4.196.96.212 - - [13/Jul/2025:14:18:14 -0400] "GET /wp-includes/IXR/ HTTP/1.1" 200 1121 "binance.com" "Mozilla/5.0 (Windows NT 10.0; Win64; x64) AppleWebKit/537.36 (KHTML, like Gecko) Chrome/90.0.4430.85 Safari/537.36"
136.243.228.194 - - [13/Jul/2025:14:18:08 -0400] "GET /items/lxwxm2/3120?key=aspect HTTP/1.1" 404 23126 "-" "Mozilla/5.0 (compatible; DataForSeoBot/1.0; +https://dataforseo.com/dataforseo-bot)"
66.29.146.47 - - [13/Jul/2025:14:18:17 -0400] "POST /wp-cron.php?doing_wp_cron=1752430696.8490040302276611328125 HTTP/1.1" 403 1242 "-" "WordPress/6.8; https://dangroup.sa"
136.243.228.194 - - [13/Jul/2025:14:18:16 -0400] "GET /items/jtjkb210/20844?key=tone HTTP/1.1" 404 23126 "-" "Mozilla/5.0 (compatible; DataForSeoBot/1.0; +https://dataforseo.com/dataforseo-bot)"
4.196.96.212 - - [13/Jul/2025:14:18:23 -0400] "GET /wp-includes/IXR/ HTTP/1.1" 200 1121 "binance.com" "Mozilla/5.0 (Windows NT 10.0; Win64; x64) AppleWebKit/537.36 (KHTML, like Gecko) Chrome/90.0.4430.85 Safari/537.36"
136.243.228.194 - - [13/Jul/2025:14:18:24 -0400] "GET /169fbv8006.html HTTP/1.1" 404 23126 "-" "Mozilla/5.0 (compatible; DataForSeoBot/1.0; +https://dataforseo.com/dataforseo-bot)"
4.196.96.212 - - [13/Jul/2025:14:18:31 -0400] "GET /wp-includes/PHPMailer/ HTTP/1.1" 200 687 "binance.com" "Mozilla/5.0 (Windows NT 10.0; Win64; x64) AppleWebKit/537.36 (KHTML, like Gecko) Chrome/90.0.4430.85 Safari/537.36"
136.243.228.194 - - [13/Jul/2025:14:18:31 -0400] "GET /items/ayugr121/29303?key=object HTTP/1.1" 404 23126 "-" "Mozilla/5.0 (compatible; DataForSeoBot/1.0; +https://dataforseo.com/dataforseo-bot)"
136.243.228.194 - - [13/Jul/2025:14:18:36 -0400] "GET /items/fvvrs83/15845?key=hate HTTP/1.1" 404 23126 "-" "Mozilla/5.0 (compatible; DataForSeoBot/1.0; +https://dataforseo.com/dataforseo-bot)"
136.243.228.194 - - [13/Jul/2025:14:18:42 -0400] "GET /items/ltfni123/12951?key=neighbor HTTP/1.1" 404 23128 "-" "Mozilla/5.0 (compatible; DataForSeoBot/1.0; +https://dataforseo.com/dataforseo-bot)"
136.243.228.194 - - [13/Jul/2025:14:18:47 -0400] "GET /items/sxveg154/23584?key=gate HTTP/1.1" 404 23126 "-" "Mozilla/5.0 (compatible; DataForSeoBot/1.0; +https://dataforseo.com/dataforseo-bot)"
4.196.96.212 - - [13/Jul/2025:14:18:53 -0400] "GET /wp-includes/PHPMailer/ HTTP/1.1" 200 687 "binance.com" "Mozilla/5.0 (Windows NT 10.0; Win64; x64) AppleWebKit/537.36 (KHTML, like Gecko) Chrome/90.0.4430.85 Safari/537.36"
136.243.228.194 - - [13/Jul/2025:14:18:52 -0400] "GET /283kqgn41380.html HTTP/1.1" 404 23126 "-" "Mozilla/5.0 (compatible; DataForSeoBot/1.0; +https://dataforseo.com/dataforseo-bot)"
4.196.96.212 - - [13/Jul/2025:14:19:02 -0400] "GET /wp-includes/Text/ HTTP/1.1" 200 693 "binance.com" "Mozilla/5.0 (Windows NT 10.0; Win64; x64) AppleWebKit/537.36 (KHTML, like Gecko) Chrome/90.0.4430.85 Safari/537.36"
136.243.228.194 - - [13/Jul/2025:14:18:59 -0400] "GET /items/amvwt21/23375?key=correlation HTTP/1.1" 404 23126 "-" "Mozilla/5.0 (compatible; DataForSeoBot/1.0; +https://dataforseo.com/dataforseo-bot)"
170.39.218.50 - - [13/Jul/2025:14:19:06 -0400] "GET /wp-includes/js/jquery/ui/core.min.js?ver=1.13.3 HTTP/1.1" 304 0 "-" "Mozilla/5.0 (Windows NT 10.0; Win64; x64) AppleWebKit/537.36 Chrome/121.0.0.0"
136.243.228.194 - - [13/Jul/2025:14:19:05 -0400] "GET /56fcbxr49809.html HTTP/1.1" 404 23126 "-" "Mozilla/5.0 (compatible; DataForSeoBot/1.0; +https://dataforseo.com/dataforseo-bot)"
4.196.96.212 - - [13/Jul/2025:14:19:16 -0400] "GET /wp-includes/Text/ HTTP/1.1" 200 693 "binance.com" "Mozilla/5.0 (Windows NT 10.0; Win64; x64) AppleWebKit/537.36 (KHTML, like Gecko) Chrome/90.0.4430.85 Safari/537.36"
136.243.228.194 - - [13/Jul/2025:14:19:12 -0400] "GET /251wrj30684.html HTTP/1.1" 404 23128 "-" "Mozilla/5.0 (compatible; DataForSeoBot/1.0; +https://dataforseo.com/dataforseo-bot)"
66.29.146.47 - - [13/Jul/2025:14:19:22 -0400] "POST /wp-cron.php?doing_wp_cron=1752430762.0421121120452880859375 HTTP/1.1" 403 1242 "-" "WordPress/6.8; https://dangroup.sa"
4.196.96.212 - - [13/Jul/2025:14:19:28 -0400] "GET /wp-includes/Text/Diff/ HTTP/1.1" 200 684 "binance.com" "Mozilla/5.0 (Windows NT 10.0; Win64; x64) AppleWebKit/537.36 (KHTML, like Gecko) Chrome/90.0.4430.85 Safari/537.36"
136.243.228.194 - - [13/Jul/2025:14:19:20 -0400] "GET /items/wnxau29/23357?key=competition HTTP/1.1" 404 23126 "-" "Mozilla/5.0 (compatible; DataForSeoBot/1.0; +https://dataforseo.com/dataforseo-bot)"
136.243.228.194 - - [13/Jul/2025:14:19:32 -0400] "GET /items/uekzv69/44659?key=refugee HTTP/1.1" 404 23126 "-" "Mozilla/5.0 (compatible; DataForSeoBot/1.0; +https://dataforseo.com/dataforseo-bot)"
4.196.96.212 - - [13/Jul/2025:14:19:38 -0400] "GET /wp-includes/Text/Diff/ HTTP/1.1" 200 684 "binance.com" "Mozilla/5.0 (Windows NT 10.0; Win64; x64) AppleWebKit/537.36 (KHTML, like Gecko) Chrome/90.0.4430.85 Safari/537.36"
136.243.228.194 - - [13/Jul/2025:14:19:38 -0400] "GET /items/tognl291/9553?key=data HTTP/1.1" 404 23126 "-" "Mozilla/5.0 (compatible; DataForSeoBot/1.0; +https://dataforseo.com/dataforseo-bot)"
136.243.228.194 - - [13/Jul/2025:14:19:43 -0400] "GET /262pecb29877.html HTTP/1.1" 404 23126 "-" "Mozilla/5.0 (compatible; DataForSeoBot/1.0; +https://dataforseo.com/dataforseo-bot)"
4.196.96.212 - - [13/Jul/2025:14:19:49 -0400] "GET /wp-includes/Text/Diff/Engine/ HTTP/1.1" 200 695 "binance.com" "Mozilla/5.0 (Windows NT 10.0; Win64; x64) AppleWebKit/537.36 (KHTML, like Gecko) Chrome/90.0.4430.85 Safari/537.36"
136.243.228.194 - - [13/Jul/2025:14:19:47 -0400] "GET /41zskz11952.html HTTP/1.1" 404 23128 "-" "Mozilla/5.0 (compatible; DataForSeoBot/1.0; +https://dataforseo.com/dataforseo-bot)"
4.196.96.212 - - [13/Jul/2025:14:19:58 -0400] "GET /wp-includes/Text/Diff/Engine/ HTTP/1.1" 200 695 "binance.com" "Mozilla/5.0 (Windows NT 10.0; Win64; x64) AppleWebKit/537.36 (KHTML, like Gecko) Chrome/90.0.4430.85 Safari/537.36"
136.243.228.194 - - [13/Jul/2025:14:19:52 -0400] "GET /50dkcvf45229.html HTTP/1.1" 404 23126 "-" "Mozilla/5.0 (compatible; DataForSeoBot/1.0; +https://dataforseo.com/dataforseo-bot)"
136.243.228.194 - - [13/Jul/2025:14:20:00 -0400] "GET /91rfitt37164.html HTTP/1.1" 404 23126 "-" "Mozilla/5.0 (compatible; DataForSeoBot/1.0; +https://dataforseo.com/dataforseo-bot)"
4.196.96.212 - - [13/Jul/2025:14:20:09 -0400] "GET /wp-includes/Text/Diff/Renderer/ HTTP/1.1" 200 629 "binance.com" "Mozilla/5.0 (Windows NT 10.0; Win64; x64) AppleWebKit/537.36 (KHTML, like Gecko) Chrome/90.0.4430.85 Safari/537.36"
136.243.228.194 - - [13/Jul/2025:14:20:08 -0400] "GET /items/hxpor291/25375?key=start HTTP/1.1" 404 23126 "-" "Mozilla/5.0 (compatible; DataForSeoBot/1.0; +https://dataforseo.com/dataforseo-bot)"
4.196.96.212 - - [13/Jul/2025:14:20:20 -0400] "GET /wp-includes/Text/Diff/Renderer/ HTTP/1.1" 200 629 "binance.com" "Mozilla/5.0 (Windows NT 10.0; Win64; x64) AppleWebKit/537.36 (KHTML, like Gecko) Chrome/90.0.4430.85 Safari/537.36"
136.243.228.194 - - [13/Jul/2025:14:20:17 -0400] "GET /217kvpk25436.html HTTP/1.1" 404 23128 "-" "Mozilla/5.0 (compatible; DataForSeoBot/1.0; +https://dataforseo.com/dataforseo-bot)"
66.29.146.47 - - [13/Jul/2025:14:20:26 -0400] "POST /wp-cron.php?doing_wp_cron=1752430826.6460149288177490234375 HTTP/1.1" 403 1242 "-" "WordPress/6.8; https://dangroup.sa"
4.196.96.212 - - [13/Jul/2025:14:20:29 -0400] "GET /wp-includes/blocks/ HTTP/1.1" 200 6 "binance.com" "Mozilla/5.0 (Windows NT 10.0; Win64; x64) AppleWebKit/537.36 (KHTML, like Gecko) Chrome/90.0.4430.85 Safari/537.36"
136.243.228.194 - - [13/Jul/2025:14:20:25 -0400] "GET /items/rwdrz37/29111?key=guilt HTTP/1.1" 404 23126 "-" "Mozilla/5.0 (compatible; DataForSeoBot/1.0; +https://dataforseo.com/dataforseo-bot)"
136.243.228.194 - - [13/Jul/2025:14:20:34 -0400] "GET /items/zrhpd246/47986?key=father HTTP/1.1" 404 23126 "-" "Mozilla/5.0 (compatible; DataForSeoBot/1.0; +https://dataforseo.com/dataforseo-bot)"
136.243.228.194 - - [13/Jul/2025:14:20:39 -0400] "GET /189iguy3168.html HTTP/1.1" 404 23126 "-" "Mozilla/5.0 (compatible; DataForSeoBot/1.0; +https://dataforseo.com/dataforseo-bot)"
66.249.68.132 - - [13/Jul/2025:14:20:45 -0400] "GET /items/ldojg277/10547?key=site HTTP/1.1" 200 86830 "-" "Mozilla/5.0 (Linux; Android 6.0.1; Nexus 5X Build/MMB29P) AppleWebKit/537.36 (KHTML, like Gecko) Chrome/137.0.7151.103 Mobile Safari/537.36 (compatible; Googlebot/2.1; +http://www.google.com/bot.html)"
136.243.228.194 - - [13/Jul/2025:14:20:44 -0400] "GET /294uzae38387.html HTTP/1.1" 404 23126 "-" "Mozilla/5.0 (compatible; DataForSeoBot/1.0; +https://dataforseo.com/dataforseo-bot)"
4.196.96.212 - - [13/Jul/2025:14:20:52 -0400] "GET /wp-includes/pomo/ HTTP/1.1" 200 1021 "binance.com" "Mozilla/5.0 (Windows NT 10.0; Win64; x64) AppleWebKit/537.36 (KHTML, like Gecko) Chrome/90.0.4430.85 Safari/537.36"
136.243.228.194 - - [13/Jul/2025:14:20:52 -0400] "GET /items/kirdb246/33348?key=rhythm HTTP/1.1" 404 23128 "-" "Mozilla/5.0 (compatible; DataForSeoBot/1.0; +https://dataforseo.com/dataforseo-bot)"
136.243.228.194 - - [13/Jul/2025:14:20:59 -0400] "GET /items/zopgs211/1423?key=champion HTTP/1.1" 404 23126 "-" "Mozilla/5.0 (compatible; DataForSeoBot/1.0; +https://dataforseo.com/dataforseo-bot)"
20.171.207.27 - - [13/Jul/2025:14:21:03 -0400] "GET /43gvtgi30318.html HTTP/1.1" 404 23128 "-" "Mozilla/5.0 AppleWebKit/537.36 (KHTML, like Gecko; compatible; GPTBot/1.2; +https://openai.com/gptbot)"
4.196.96.212 - - [13/Jul/2025:14:21:15 -0400] "GET /wp-includes/pomo/ HTTP/1.1" 200 1021 "binance.com" "Mozilla/5.0 (Windows NT 10.0; Win64; x64) AppleWebKit/537.36 (KHTML, like Gecko) Chrome/90.0.4430.85 Safari/537.36"
136.243.228.194 - - [13/Jul/2025:14:21:08 -0400] "GET /items/opbog200/46610?key=alarm HTTP/1.1" 404 23128 "-" "Mozilla/5.0 (compatible; DataForSeoBot/1.0; +https://dataforseo.com/dataforseo-bot)"
4.196.96.212 - - [13/Jul/2025:14:21:24 -0400] "GET /wp-includes/sitemaps/ HTTP/1.1" 200 1057 "binance.com" "Mozilla/5.0 (Windows NT 10.0; Win64; x64) AppleWebKit/537.36 (KHTML, like Gecko) Chrome/90.0.4430.85 Safari/537.36"
20.171.207.27 - - [13/Jul/2025:14:21:16 -0400] "GET /117qnhil4150.html HTTP/1.1" 404 23126 "-" "Mozilla/5.0 AppleWebKit/537.36 (KHTML, like Gecko; compatible; GPTBot/1.2; +https://openai.com/gptbot)"
136.243.228.194 - - [13/Jul/2025:14:21:18 -0400] "GET /items/xkjui102/23686?key=cling HTTP/1.1" 404 23126 "-" "Mozilla/5.0 (compatible; DataForSeoBot/1.0; +https://dataforseo.com/dataforseo-bot)"
66.29.146.47 - - [13/Jul/2025:14:21:31 -0400] "POST /wp-cron.php?doing_wp_cron=1752430890.7749431133270263671875 HTTP/1.1" 403 1242 "-" "WordPress/6.8; https://dangroup.sa"
4.196.96.212 - - [13/Jul/2025:14:21:32 -0400] "GET /wp-includes/sitemaps/ HTTP/1.1" 200 1057 "binance.com" "Mozilla/5.0 (Windows NT 10.0; Win64; x64) AppleWebKit/537.36 (KHTML, like Gecko) Chrome/90.0.4430.85 Safari/537.36"
136.243.228.194 - - [13/Jul/2025:14:21:31 -0400] "GET /items/nohsb174/46436?key=doll HTTP/1.1" 404 23126 "-" "Mozilla/5.0 (compatible; DataForSeoBot/1.0; +https://dataforseo.com/dataforseo-bot)"
20.171.207.27 - - [13/Jul/2025:14:21:30 -0400] "GET /34zerxt45505.html HTTP/1.1" 404 23127 "-" "Mozilla/5.0 AppleWebKit/537.36 (KHTML, like Gecko; compatible; GPTBot/1.2; +https://openai.com/gptbot)"
4.196.96.212 - - [13/Jul/2025:14:21:40 -0400] "GET /wp-includes/sitemaps/providers/ HTTP/1.1" 200 687 "binance.com" "Mozilla/5.0 (Windows NT 10.0; Win64; x64) AppleWebKit/537.36 (KHTML, like Gecko) Chrome/90.0.4430.85 Safari/537.36"
136.243.228.194 - - [13/Jul/2025:14:21:42 -0400] "GET /items/cwaku250/10012?key=rubber HTTP/1.1" 404 23126 "-" "Mozilla/5.0 (compatible; DataForSeoBot/1.0; +https://dataforseo.com/dataforseo-bot)"
20.171.207.27 - - [13/Jul/2025:14:21:41 -0400] "GET /184hxtsh3757.html HTTP/1.1" 404 23126 "-" "Mozilla/5.0 AppleWebKit/537.36 (KHTML, like Gecko; compatible; GPTBot/1.2; +https://openai.com/gptbot)"
4.196.96.212 - - [13/Jul/2025:14:21:50 -0400] "GET /wp-includes/sitemaps/providers/ HTTP/1.1" 200 687 "binance.com" "Mozilla/5.0 (Windows NT 10.0; Win64; x64) AppleWebKit/537.36 (KHTML, like Gecko) Chrome/90.0.4430.85 Safari/537.36"
20.171.207.27 - - [13/Jul/2025:14:21:50 -0400] "GET /111qjjys4240.html HTTP/1.1" 404 23126 "-" "Mozilla/5.0 AppleWebKit/537.36 (KHTML, like Gecko; compatible; GPTBot/1.2; +https://openai.com/gptbot)"
136.243.228.194 - - [13/Jul/2025:14:21:52 -0400] "GET /items/pdggz3/15153?key=verbal HTTP/1.1" 404 23126 "-" "Mozilla/5.0 (compatible; DataForSeoBot/1.0; +https://dataforseo.com/dataforseo-bot)"
20.171.207.27 - - [13/Jul/2025:14:22:00 -0400] "GET /73xaqoz37370.html HTTP/1.1" 404 23127 "-" "Mozilla/5.0 AppleWebKit/537.36 (KHTML, like Gecko; compatible; GPTBot/1.2; +https://openai.com/gptbot)"
45.85.249.111 - - [13/Jul/2025:14:22:11 -0400] "POST /xmlrpc.php HTTP/1.1" 403 1242 "-" "Mozilla/5.0 (X11; Ubuntu; Linux x86_64; rv:85.0) Gecko/20100101 Firefox/91.0"
136.243.228.194 - - [13/Jul/2025:14:22:05 -0400] "GET /items/ktion210/11288?key=master HTTP/1.1" 404 23128 "-" "Mozilla/5.0 (compatible; DataForSeoBot/1.0; +https://dataforseo.com/dataforseo-bot)"
4.196.96.212 - - [13/Jul/2025:14:22:15 -0400] "GET /wp-includes/widgets/ HTTP/1.1" 200 1338 "binance.com" "Mozilla/5.0 (Windows NT 10.0; Win64; x64) AppleWebKit/537.36 (KHTML, like Gecko) Chrome/90.0.4430.85 Safari/537.36"
20.171.207.27 - - [13/Jul/2025:14:22:10 -0400] "GET /179gtcrm8774.html HTTP/1.1" 404 23126 "-" "Mozilla/5.0 AppleWebKit/537.36 (KHTML, like Gecko; compatible; GPTBot/1.2; +https://openai.com/gptbot)"
47.82.60.6 - - [13/Jul/2025:14:22:22 -0400] "GET /pcmypage?callback=/product/detail/irst23-trusco-1962510 HTTP/1.1" 301 0 "https://www.dangroup.sa/pcmypage?callback=/product%2Fdetail%2First23-trusco-1962510" "Mozilla/5.0 (Windows NT 10.0; Win64; x64) AppleWebKit/537.36 (KHTML, like Gecko) Chrome/114.0.0.0 Safari/537.36 Edg/114.0.1823.43"
136.243.228.194 - - [13/Jul/2025:14:22:15 -0400] "GET /7nul25448.html HTTP/1.1" 404 23126 "-" "Mozilla/5.0 (compatible; DataForSeoBot/1.0; +https://dataforseo.com/dataforseo-bot)"
20.171.207.27 - - [13/Jul/2025:14:22:20 -0400] "GET /67anhzs44660.html HTTP/1.1" 404 23126 "-" "Mozilla/5.0 AppleWebKit/537.36 (KHTML, like Gecko; compatible; GPTBot/1.2; +https://openai.com/gptbot)"
47.82.60.6 - - [13/Jul/2025:14:22:25 -0400] "GET /pcmypage?callback=/product/detail/irst23-trusco-1962510 HTTP/1.1" 404 23128 "https://www.dangroup.sa/pcmypage?callback=/product%2Fdetail%2First23-trusco-1962510" "Mozilla/5.0 (Windows NT 10.0; Win64; x64) AppleWebKit/537.36 (KHTML, like Gecko) Chrome/114.0.0.0 Safari/537.36 Edg/114.0.1823.43"
66.29.146.47 - - [13/Jul/2025:14:22:38 -0400] "POST /wp-cron.php?doing_wp_cron=1752430958.1403009891510009765625 HTTP/1.1" 403 1242 "-" "WordPress/6.8; https://dangroup.sa"
136.243.228.194 - - [13/Jul/2025:14:22:26 -0400] "GET /264iyz39375.html HTTP/1.1" 404 23126 "-" "Mozilla/5.0 (compatible; DataForSeoBot/1.0; +https://dataforseo.com/dataforseo-bot)"
4.196.96.212 - - [13/Jul/2025:14:22:40 -0400] "GET /wp-includes/widgets/ HTTP/1.1" 200 1338 "binance.com" "Mozilla/5.0 (Windows NT 10.0; Win64; x64) AppleWebKit/537.36 (KHTML, like Gecko) Chrome/90.0.4430.85 Safari/537.36"
20.171.207.27 - - [13/Jul/2025:14:22:35 -0400] "GET /39zfmwm11558.html HTTP/1.1" 404 23126 "-" "Mozilla/5.0 AppleWebKit/537.36 (KHTML, like Gecko; compatible; GPTBot/1.2; +https://openai.com/gptbot)"
66.249.68.134 - - [13/Jul/2025:14:22:46 -0400] "GET /144bxup1039.html HTTP/1.1" 200 87049 "-" "Mozilla/5.0 (Linux; Android 6.0.1; Nexus 5X Build/MMB29P) AppleWebKit/537.36 (KHTML, like Gecko) Chrome/137.0.7151.103 Mobile Safari/537.36 (compatible; Googlebot/2.1; +http://www.google.com/bot.html)"
47.82.60.31 - - [13/Jul/2025:14:22:46 -0400] "GET /items/tqfyu31/27561?key=physics HTTP/1.1" 301 0 "https://www.dangroup.sa/items/tqfyu31/27561?key=physics" "Mozilla/5.0 (Windows NT 10.0; Win64; x64) AppleWebKit/537.36 (KHTML, like Gecko) Chrome/114.0.0.0 Safari/537.36 Edg/114.0.1823.43"
136.243.228.194 - - [13/Jul/2025:14:22:40 -0400] "GET /124pyx38599.html HTTP/1.1" 404 23126 "-" "Mozilla/5.0 (compatible; DataForSeoBot/1.0; +https://dataforseo.com/dataforseo-bot)"
185.231.155.169 - - [13/Jul/2025:14:22:41 -0400] "GET /ar/ HTTP/1.1" 404 23128 "https://dangroup.sa/ar/" "Mozilla/5.0 (Windows NT 10.0; Win64; x64) AppleWebKit/537.36 (KHTML, like Gecko) Chrome/129.0.0.0 Safari/537.36"
139.59.79.178 - - [13/Jul/2025:14:22:53 -0400] "POST /wp-login.php HTTP/1.1" 200 3235 "-" "Mozilla/5.0"
20.171.207.27 - - [13/Jul/2025:14:22:49 -0400] "GET /229qrzhc6862.html HTTP/1.1" 404 23126 "-" "Mozilla/5.0 AppleWebKit/537.36 (KHTML, like Gecko; compatible; GPTBot/1.2; +https://openai.com/gptbot)"
47.82.60.31 - - [13/Jul/2025:14:22:49 -0400] "GET /items/tqfyu31/27561?key=physics HTTP/1.1" 404 23126 "https://www.dangroup.sa/items/tqfyu31/27561?key=physics" "Mozilla/5.0 (Windows NT 10.0; Win64; x64) AppleWebKit/537.36 (KHTML, like Gecko) Chrome/114.0.0.0 Safari/537.36 Edg/114.0.1823.43"
136.243.228.194 - - [13/Jul/2025:14:22:53 -0400] "GET /268xwl13329.html HTTP/1.1" 404 23126 "-" "Mozilla/5.0 (compatible; DataForSeoBot/1.0; +https://dataforseo.com/dataforseo-bot)"
185.231.155.169 - - [13/Jul/2025:14:22:55 -0400] "GET /contact/ HTTP/1.1" 200 24212 "https://dangroup.sa/contact/" "Mozilla/5.0 (Windows NT 10.0; Win64; x64) AppleWebKit/537.36 (KHTML, like Gecko) Chrome/129.0.0.0 Safari/537.36"
20.171.207.27 - - [13/Jul/2025:14:23:04 -0400] "GET /48bhhny13889.html HTTP/1.1" 404 23127 "-" "Mozilla/5.0 AppleWebKit/537.36 (KHTML, like Gecko; compatible; GPTBot/1.2; +https://openai.com/gptbot)"
4.196.96.212 - - [13/Jul/2025:14:23:14 -0400] "GET /wp-includes/widgets/class-wp-widget-block.php HTTP/1.1" 403 1242 "binance.com" "Mozilla/5.0 (Windows NT 10.0; Win64; x64) AppleWebKit/537.36 (KHTML, like Gecko) Chrome/90.0.4430.85 Safari/537.36"
136.243.228.194 - - [13/Jul/2025:14:23:09 -0400] "GET /items/kczui61/9837?key=ideal HTTP/1.1" 404 23126 "-" "Mozilla/5.0 (compatible; DataForSeoBot/1.0; +https://dataforseo.com/dataforseo-bot)"
20.171.207.27 - - [13/Jul/2025:14:23:15 -0400] "GET /43ssgas13372.html HTTP/1.1" 404 23126 "-" "Mozilla/5.0 AppleWebKit/537.36 (KHTML, like Gecko; compatible; GPTBot/1.2; +https://openai.com/gptbot)"
47.82.60.14 - - [13/Jul/2025:14:23:16 -0400] "GET /items/tkyxi233/4109?key=poll HTTP/1.1" 404 23126 "https://dangroup.sa/items/tkyxi233/4109?key=poll" "Mozilla/5.0 (Windows NT 10.0; Win64; x64) AppleWebKit/537.36 (KHTML, like Gecko) Chrome/114.0.0.0 Safari/537.36 Edg/114.0.1823.43"
136.243.228.194 - - [13/Jul/2025:14:23:16 -0400] "GET /items/uvrfp71/21709?key=rose HTTP/1.1" 404 23128 "-" "Mozilla/5.0 (compatible; DataForSeoBot/1.0; +https://dataforseo.com/dataforseo-bot)"
4.196.96.212 - - [13/Jul/2025:14:23:25 -0400] "GET /wp-includes/css/ HTTP/1.1" 200 1698 "binance.com" "Mozilla/5.0 (Windows NT 10.0; Win64; x64) AppleWebKit/537.36 (KHTML, like Gecko) Chrome/90.0.4430.85 Safari/537.36"
136.243.228.194 - - [13/Jul/2025:14:23:23 -0400] "GET /125eku33256.html HTTP/1.1" 404 23126 "-" "Mozilla/5.0 (compatible; DataForSeoBot/1.0; +https://dataforseo.com/dataforseo-bot)"
20.171.207.27 - - [13/Jul/2025:14:23:24 -0400] "GET /58tuoiy47757.html HTTP/1.1" 404 23126 "-" "Mozilla/5.0 AppleWebKit/537.36 (KHTML, like Gecko; compatible; GPTBot/1.2; +https://openai.com/gptbot)"
136.243.228.194 - - [13/Jul/2025:14:23:28 -0400] "GET /261mhqq7998.html HTTP/1.1" 404 23126 "-" "Mozilla/5.0 (compatible; DataForSeoBot/1.0; +https://dataforseo.com/dataforseo-bot)"
66.29.146.47 - - [13/Jul/2025:14:23:39 -0400] "POST /wp-cron.php?doing_wp_cron=1752431018.9390649795532226562500 HTTP/1.1" 403 1242 "-" "WordPress/6.8; https://dangroup.sa"
20.171.207.27 - - [13/Jul/2025:14:23:30 -0400] "GET /243bfkfq6322.html HTTP/1.1" 404 23126 "-" "Mozilla/5.0 AppleWebKit/537.36 (KHTML, like Gecko; compatible; GPTBot/1.2; +https://openai.com/gptbot)"
47.82.60.37 - - [13/Jul/2025:14:23:36 -0400] "GET /items/otvwp31/7925?key=proof HTTP/1.1" 404 23126 "https://dangroup.sa/items/otvwp31/7925?key=proof" "Mozilla/5.0 (Windows NT 10.0; Win64; x64) AppleWebKit/537.36 (KHTML, like Gecko) Chrome/114.0.0.0 Safari/537.36 Edg/114.0.1823.43"
136.243.228.194 - - [13/Jul/2025:14:23:36 -0400] "GET /items/pvxhe142/20932?key=grow HTTP/1.1" 404 23126 "-" "Mozilla/5.0 (compatible; DataForSeoBot/1.0; +https://dataforseo.com/dataforseo-bot)"
4.196.96.212 - - [13/Jul/2025:14:23:47 -0400] "GET /wp-includes/css/dist/ HTTP/1.1" 200 1142 "binance.com" "Mozilla/5.0 (Windows NT 10.0; Win64; x64) AppleWebKit/537.36 (KHTML, like Gecko) Chrome/90.0.4430.85 Safari/537.36"
69.197.182.50 - - [13/Jul/2025:14:23:47 -0400] "GET /wp-content/install.php HTTP/1.1" 200 10 "https://dangroup.sa/wp-content/install.php" "Mozilla/5.0 (Windows NT 10.0; Win64; x64) AppleWebKit/537.36 (KHTML, like Gecko) Chrome/58.0.3029.110 Safari/537.3"
20.171.207.27 - - [13/Jul/2025:14:23:44 -0400] "GET /44xfuhr14383.html HTTP/1.1" 404 23126 "-" "Mozilla/5.0 AppleWebKit/537.36 (KHTML, like Gecko; compatible; GPTBot/1.2; +https://openai.com/gptbot)"
4.196.96.212 - - [13/Jul/2025:14:23:56 -0400] "GET /wp-includes/fonts/ HTTP/1.1" 200 1154 "binance.com" "Mozilla/5.0 (Windows NT 10.0; Win64; x64) AppleWebKit/537.36 (KHTML, like Gecko) Chrome/90.0.4430.85 Safari/537.36"
136.243.228.194 - - [13/Jul/2025:14:23:48 -0400] "GET /items/xoild240/9584?key=abuse HTTP/1.1" 404 23126 "-" "Mozilla/5.0 (compatible; DataForSeoBot/1.0; +https://dataforseo.com/dataforseo-bot)"
158.69.227.204 - - [13/Jul/2025:14:24:00 -0400] "GET /xmlrpc.php HTTP/1.1" 403 1242 "http://dangroup.sa/xmlrpc.php" "Mozilla/5.0 (X11; Ubuntu; Linux x86_64; rv:85.0) Gecko/20100101 Firefox/91.0"
20.171.207.27 - - [13/Jul/2025:14:23:56 -0400] "GET /99sqqaq13950.html HTTP/1.1" 404 23126 "-" "Mozilla/5.0 AppleWebKit/537.36 (KHTML, like Gecko; compatible; GPTBot/1.2; +https://openai.com/gptbot)"
136.243.228.194 - - [13/Jul/2025:14:23:59 -0400] "GET /items/owdyl184/8538?key=sharply HTTP/1.1" 404 23126 "-" "Mozilla/5.0 (compatible; DataForSeoBot/1.0; +https://dataforseo.com/dataforseo-bot)"
20.171.207.27 - - [13/Jul/2025:14:24:09 -0400] "GET /54jelan34337.html HTTP/1.1" 404 23126 "-" "Mozilla/5.0 AppleWebKit/537.36 (KHTML, like Gecko; compatible; GPTBot/1.2; +https://openai.com/gptbot)"
136.243.228.194 - - [13/Jul/2025:14:24:10 -0400] "GET /144nckzl44201.html HTTP/1.1" 404 23128 "-" "Mozilla/5.0 (compatible; DataForSeoBot/1.0; +https://dataforseo.com/dataforseo-bot)"
136.243.228.194 - - [13/Jul/2025:14:24:17 -0400] "GET /10raplo20951.html HTTP/1.1" 404 23126 "-" "Mozilla/5.0 (compatible; DataForSeoBot/1.0; +https://dataforseo.com/dataforseo-bot)"
20.171.207.27 - - [13/Jul/2025:14:24:17 -0400] "GET /295hnlbh4586.html HTTP/1.1" 404 23126 "-" "Mozilla/5.0 AppleWebKit/537.36 (KHTML, like Gecko; compatible; GPTBot/1.2; +https://openai.com/gptbot)"
4.196.96.212 - - [13/Jul/2025:14:24:24 -0400] "GET /wp-includes/fonts/ HTTP/1.1" 200 1154 "binance.com" "Mozilla/5.0 (Windows NT 10.0; Win64; x64) AppleWebKit/537.36 (KHTML, like Gecko) Chrome/90.0.4430.85 Safari/537.36"
136.243.228.194 - - [13/Jul/2025:14:24:22 -0400] "GET /83roxsg43636.html HTTP/1.1" 404 23126 "-" "Mozilla/5.0 (compatible; DataForSeoBot/1.0; +https://dataforseo.com/dataforseo-bot)"
20.171.207.27 - - [13/Jul/2025:14:24:25 -0400] "GET /39zfmwm11558.html HTTP/1.1" 404 23126 "-" "Mozilla/5.0 AppleWebKit/537.36 (KHTML, like Gecko; compatible; GPTBot/1.2; +https://openai.com/gptbot)"
136.243.228.194 - - [13/Jul/2025:14:24:28 -0400] "GET /64hwoh19505.html HTTP/1.1" 404 23126 "-" "Mozilla/5.0 (compatible; DataForSeoBot/1.0; +https://dataforseo.com/dataforseo-bot)"
20.171.207.27 - - [13/Jul/2025:14:24:30 -0400] "GET /11joejg10488.html HTTP/1.1" 404 23126 "-" "Mozilla/5.0 AppleWebKit/537.36 (KHTML, like Gecko; compatible; GPTBot/1.2; +https://openai.com/gptbot)"
4.196.96.212 - - [13/Jul/2025:14:24:34 -0400] "GET /wp-includes/fonts/class-wp-font-collection.php HTTP/1.1" 403 1242 "binance.com" "Mozilla/5.0 (Windows NT 10.0; Win64; x64) AppleWebKit/537.36 (KHTML, like Gecko) Chrome/90.0.4430.85 Safari/537.36"
136.243.228.194 - - [13/Jul/2025:14:24:33 -0400] "GET /items/rkwaa20/10844?key=board HTTP/1.1" 404 23126 "-" "Mozilla/5.0 (compatible; DataForSeoBot/1.0; +https://dataforseo.com/dataforseo-bot)"
66.29.146.47 - - [13/Jul/2025:14:24:40 -0400] "POST /wp-cron.php?doing_wp_cron=1752431080.5405440330505371093750 HTTP/1.1" 403 1242 "-" "WordPress/6.8; https://dangroup.sa"
66.29.146.47 - - [13/Jul/2025:14:24:42 -0400] "POST /wp-cron.php?doing_wp_cron=1752431081.8496260643005371093750 HTTP/1.1" 403 1242 "-" "WordPress/6.8; https://dangroup.sa"
20.171.207.27 - - [13/Jul/2025:14:24:36 -0400] "GET /28nxynn46411.html HTTP/1.1" 404 23126 "-" "Mozilla/5.0 AppleWebKit/537.36 (KHTML, like Gecko; compatible; GPTBot/1.2; +https://openai.com/gptbot)"
4.196.96.212 - - [13/Jul/2025:14:24:46 -0400] "GET /wp-includes/fonts/class-wp-font-face-resolver.php HTTP/1.1" 403 1242 "binance.com" "Mozilla/5.0 (Windows NT 10.0; Win64; x64) AppleWebKit/537.36 (KHTML, like Gecko) Chrome/90.0.4430.85 Safari/537.36"
136.243.228.194 - - [13/Jul/2025:14:24:38 -0400] "GET /159ajqei5766.html HTTP/1.1" 404 23128 "-" "Mozilla/5.0 (compatible; DataForSeoBot/1.0; +https://dataforseo.com/dataforseo-bot)"
47.82.60.13 - - [13/Jul/2025:14:24:39 -0400] "GET /items/uztjv104/7104?key=concept HTTP/1.1" 404 23126 "https://dangroup.sa/items/uztjv104/7104?key=concept" "Mozilla/5.0 (Windows NT 10.0; Win64; x64) AppleWebKit/537.36 (KHTML, like Gecko) Chrome/114.0.0.0 Safari/537.36 Edg/114.0.1823.43"
4.196.96.212 - - [13/Jul/2025:14:24:56 -0400] "GET /wp-includes/fonts/class-wp-font-face.php HTTP/1.1" 403 1242 "binance.com" "Mozilla/5.0 (Windows NT 10.0; Win64; x64) AppleWebKit/537.36 (KHTML, like Gecko) Chrome/90.0.4430.85 Safari/537.36"
20.171.207.27 - - [13/Jul/2025:14:24:45 -0400] "GET /48bhhny13889.html HTTP/1.1" 404 23126 "-" "Mozilla/5.0 AppleWebKit/537.36 (KHTML, like Gecko; compatible; GPTBot/1.2; +https://openai.com/gptbot)"
47.82.60.46 - - [13/Jul/2025:14:24:46 -0400] "GET /224voxs25101.html HTTP/1.1" 404 23126 "https://dangroup.sa/224voxs25101.html" "Mozilla/5.0 (Windows NT 10.0; Win64; x64) AppleWebKit/537.36 (KHTML, like Gecko) Chrome/114.0.0.0 Safari/537.36 Edg/114.0.1823.43"
136.243.228.194 - - [13/Jul/2025:14:24:53 -0400] "GET /items/esxii37/35785?key=toe HTTP/1.1" 404 23128 "-" "Mozilla/5.0 (compatible; DataForSeoBot/1.0; +https://dataforseo.com/dataforseo-bot)"
47.82.60.22 - - [13/Jul/2025:14:24:56 -0400] "GET /items/hiriv276/16466?key=CEO HTTP/1.1" 404 23128 "https://dangroup.sa/items/hiriv276/16466?key=CEO" "Mozilla/5.0 (Windows NT 10.0; Win64; x64) AppleWebKit/537.36 (KHTML, like Gecko) Chrome/114.0.0.0 Safari/537.36 Edg/114.0.1823.43"
4.196.96.212 - - [13/Jul/2025:14:25:09 -0400] "GET /wp-includes/fonts/class-wp-font-library.php HTTP/1.1" 403 1242 "binance.com" "Mozilla/5.0 (Windows NT 10.0; Win64; x64) AppleWebKit/537.36 (KHTML, like Gecko) Chrome/90.0.4430.85 Safari/537.36"
20.171.207.27 - - [13/Jul/2025:14:25:04 -0400] "GET /207qlvfg8772.html HTTP/1.1" 404 23126 "-" "Mozilla/5.0 AppleWebKit/537.36 (KHTML, like Gecko; compatible; GPTBot/1.2; +https://openai.com/gptbot)"
136.243.228.194 - - [13/Jul/2025:14:25:06 -0400] "GET /295fyf23908.html HTTP/1.1" 404 23126 "-" "Mozilla/5.0 (compatible; DataForSeoBot/1.0; +https://dataforseo.com/dataforseo-bot)"
136.243.228.194 - - [13/Jul/2025:14:25:16 -0400] "GET /items/calrf170/38294?key=implementation HTTP/1.1" 404 23126 "-" "Mozilla/5.0 (compatible; DataForSeoBot/1.0; +https://dataforseo.com/dataforseo-bot)"
20.171.207.27 - - [13/Jul/2025:14:25:17 -0400] "GET /20txkqr32823.html HTTP/1.1" 404 23126 "-" "Mozilla/5.0 AppleWebKit/537.36 (KHTML, like Gecko; compatible; GPTBot/1.2; +https://openai.com/gptbot)"
4.196.96.212 - - [13/Jul/2025:14:25:28 -0400] "GET /wp-includes/fonts/class-wp-font-utils.php HTTP/1.1" 403 1242 "binance.com" "Mozilla/5.0 (Windows NT 10.0; Win64; x64) AppleWebKit/537.36 (KHTML, like Gecko) Chrome/90.0.4430.85 Safari/537.36"
136.243.228.194 - - [13/Jul/2025:14:25:24 -0400] "GET /63peyyk16432.html HTTP/1.1" 404 23128 "-" "Mozilla/5.0 (compatible; DataForSeoBot/1.0; +https://dataforseo.com/dataforseo-bot)"
20.171.207.27 - - [13/Jul/2025:14:25:26 -0400] "GET /300anqjj8203.html HTTP/1.1" 404 23126 "-" "Mozilla/5.0 AppleWebKit/537.36 (KHTML, like Gecko; compatible; GPTBot/1.2; +https://openai.com/gptbot)"
136.243.228.194 - - [13/Jul/2025:14:25:30 -0400] "GET /249bae38380.html HTTP/1.1" 404 23126 "-" "Mozilla/5.0 (compatible; DataForSeoBot/1.0; +https://dataforseo.com/dataforseo-bot)"
20.171.207.27 - - [13/Jul/2025:14:25:33 -0400] "GET /99shegp34414.html HTTP/1.1" 404 23126 "-" "Mozilla/5.0 AppleWebKit/537.36 (KHTML, like Gecko; compatible; GPTBot/1.2; +https://openai.com/gptbot)"
136.243.228.194 - - [13/Jul/2025:14:25:34 -0400] "GET /286agxmr9519.html HTTP/1.1" 404 23128 "-" "Mozilla/5.0 (compatible; DataForSeoBot/1.0; +https://dataforseo.com/dataforseo-bot)"
136.243.228.194 - - [13/Jul/2025:14:25:40 -0400] "GET /291gbvn47880.html HTTP/1.1" 404 23126 "-" "Mozilla/5.0 (compatible; DataForSeoBot/1.0; +https://dataforseo.com/dataforseo-bot)"
66.29.146.47 - - [13/Jul/2025:14:25:43 -0400] "POST /wp-cron.php?doing_wp_cron=1752431143.3705759048461914062500 HTTP/1.1" 403 1242 "-" "WordPress/6.8; https://dangroup.sa"
20.171.207.27 - - [13/Jul/2025:14:25:42 -0400] "GET /55glipo44874.html HTTP/1.1" 404 23126 "-" "Mozilla/5.0 AppleWebKit/537.36 (KHTML, like Gecko; compatible; GPTBot/1.2; +https://openai.com/gptbot)"
203.217.101.237 - - [13/Jul/2025:14:25:47 -0400] "GET /xmlrpc.php HTTP/1.1" 403 1242 "https://danevnt.com/xmlrpc.php" "Mozilla/5.0 (X11; Ubuntu; Linux x86_64; rv:85.0) Gecko/20100101 Firefox/91.0"
136.243.228.194 - - [13/Jul/2025:14:25:45 -0400] "GET /40dmd1395.html HTTP/1.1" 404 23126 "-" "Mozilla/5.0 (compatible; DataForSeoBot/1.0; +https://dataforseo.com/dataforseo-bot)"
4.196.96.212 - - [13/Jul/2025:14:25:50 -0400] "GET /wp-includes/images/ HTTP/1.1" 200 1440 "binance.com" "Mozilla/5.0 (Windows NT 10.0; Win64; x64) AppleWebKit/537.36 (KHTML, like Gecko) Chrome/90.0.4430.85 Safari/537.36"
20.171.207.27 - - [13/Jul/2025:14:25:48 -0400] "GET /253hqkon3632.html HTTP/1.1" 404 23126 "-" "Mozilla/5.0 AppleWebKit/537.36 (KHTML, like Gecko; compatible; GPTBot/1.2; +https://openai.com/gptbot)"
136.243.228.194 - - [13/Jul/2025:14:25:49 -0400] "GET /237jee43722.html HTTP/1.1" 404 23126 "-" "Mozilla/5.0 (compatible; DataForSeoBot/1.0; +https://dataforseo.com/dataforseo-bot)"
136.243.228.194 - - [13/Jul/2025:14:25:54 -0400] "GET /items/uovmu94/762?key=coordinator HTTP/1.1" 404 23126 "-" "Mozilla/5.0 (compatible; DataForSeoBot/1.0; +https://dataforseo.com/dataforseo-bot)"
20.171.207.27 - - [13/Jul/2025:14:25:55 -0400] "GET /242ipnif7723.html HTTP/1.1" 404 23126 "-" "Mozilla/5.0 AppleWebKit/537.36 (KHTML, like Gecko; compatible; GPTBot/1.2; +https://openai.com/gptbot)"
4.196.96.212 - - [13/Jul/2025:14:26:00 -0400] "GET /wp-includes/images/crystal/ HTTP/1.1" 200 1122 "binance.com" "Mozilla/5.0 (Windows NT 10.0; Win64; x64) AppleWebKit/537.36 (KHTML, like Gecko) Chrome/90.0.4430.85 Safari/537.36"
136.243.228.194 - - [13/Jul/2025:14:26:00 -0400] "GET /items/qdggj204/39974?key=loose HTTP/1.1" 404 23126 "-" "Mozilla/5.0 (compatible; DataForSeoBot/1.0; +https://dataforseo.com/dataforseo-bot)"
4.196.96.212 - - [13/Jul/2025:14:26:10 -0400] "GET /wp-includes/images/media/ HTTP/1.1" 200 1191 "binance.com" "Mozilla/5.0 (Windows NT 10.0; Win64; x64) AppleWebKit/537.36 (KHTML, like Gecko) Chrome/90.0.4430.85 Safari/537.36"
20.171.207.27 - - [13/Jul/2025:14:26:04 -0400] "GET /288kssnz8559.html HTTP/1.1" 404 23126 "-" "Mozilla/5.0 AppleWebKit/537.36 (KHTML, like Gecko; compatible; GPTBot/1.2; +https://openai.com/gptbot)"
136.243.228.194 - - [13/Jul/2025:14:26:07 -0400] "GET /items/sszgc130/47152?key=gathering HTTP/1.1" 404 23128 "-" "Mozilla/5.0 (compatible; DataForSeoBot/1.0; +https://dataforseo.com/dataforseo-bot)"
20.171.207.27 - - [13/Jul/2025:14:26:15 -0400] "GET /30lghau14009.html HTTP/1.1" 404 23126 "-" "Mozilla/5.0 AppleWebKit/537.36 (KHTML, like Gecko; compatible; GPTBot/1.2; +https://openai.com/gptbot)"
136.243.228.194 - - [13/Jul/2025:14:26:16 -0400] "GET /51xry36240.html HTTP/1.1" 404 23128 "-" "Mozilla/5.0 (compatible; DataForSeoBot/1.0; +https://dataforseo.com/dataforseo-bot)"
4.196.96.212 - - [13/Jul/2025:14:26:29 -0400] "GET /wp-includes/images/smilies/ HTTP/1.1" 200 1358 "binance.com" "Mozilla/5.0 (Windows NT 10.0; Win64; x64) AppleWebKit/537.36 (KHTML, like Gecko) Chrome/90.0.4430.85 Safari/537.36"
20.171.207.27 - - [13/Jul/2025:14:26:25 -0400] "GET /57dslmy21282.html HTTP/1.1" 404 23128 "-" "Mozilla/5.0 AppleWebKit/537.36 (KHTML, like Gecko; compatible; GPTBot/1.2; +https://openai.com/gptbot)"
136.243.228.194 - - [13/Jul/2025:14:26:26 -0400] "GET /189bidkb30934.html HTTP/1.1" 404 23126 "-" "Mozilla/5.0 (compatible; DataForSeoBot/1.0; +https://dataforseo.com/dataforseo-bot)"
20.171.207.27 - - [13/Jul/2025:14:26:34 -0400] "GET /47uzhnz24140.html HTTP/1.1" 404 23126 "-" "Mozilla/5.0 AppleWebKit/537.36 (KHTML, like Gecko; compatible; GPTBot/1.2; +https://openai.com/gptbot)"
