136.243.228.194 - - [13/Jul/2025:12:32:37 -0400] "GET /items/bbeko193/1355?key=unprecedented HTTP/1.1" 404 23126 "-" "Mozilla/5.0 (compatible; DataForSeoBot/1.0; +https://dataforseo.com/dataforseo-bot)"
136.243.228.194 - - [13/Jul/2025:12:32:42 -0400] "GET /47izyh47200.html HTTP/1.1" 404 23126 "-" "Mozilla/5.0 (compatible; DataForSeoBot/1.0; +https://dataforseo.com/dataforseo-bot)"
136.243.228.194 - - [13/Jul/2025:12:32:47 -0400] "GET /177ach44878.html HTTP/1.1" 404 23126 "-" "Mozilla/5.0 (compatible; DataForSeoBot/1.0; +https://dataforseo.com/dataforseo-bot)"
136.243.228.194 - - [13/Jul/2025:12:32:52 -0400] "GET /items/bsbza213/5015?key=heritage HTTP/1.1" 404 23126 "-" "Mozilla/5.0 (compatible; DataForSeoBot/1.0; +https://dataforseo.com/dataforseo-bot)"
136.243.228.194 - - [13/Jul/2025:12:32:56 -0400] "GET /64brrnu15359.html HTTP/1.1" 404 23126 "-" "Mozilla/5.0 (compatible; DataForSeoBot/1.0; +https://dataforseo.com/dataforseo-bot)"
136.243.228.194 - - [13/Jul/2025:12:33:00 -0400] "GET /195rev1876.html HTTP/1.1" 404 23126 "-" "Mozilla/5.0 (compatible; DataForSeoBot/1.0; +https://dataforseo.com/dataforseo-bot)"
66.29.146.47 - - [13/Jul/2025:12:33:06 -0400] "POST /wp-cron.php?doing_wp_cron=1752424385.9456551074981689453125 HTTP/1.1" 403 1242 "-" "WordPress/6.8; https://dangroup.sa"
47.82.60.40 - - [13/Jul/2025:12:33:04 -0400] "GET /217gnjcz42302.html HTTP/1.1" 404 23126 "https://dangroup.sa/217gnjcz42302.html" "Mozilla/5.0 (Windows NT 10.0; Win64; x64) AppleWebKit/537.36 (KHTML, like Gecko) Chrome/114.0.0.0 Safari/537.36 Edg/114.0.1823.43"
136.243.228.194 - - [13/Jul/2025:12:33:05 -0400] "GET /items/cfonw210/37416?key=merchant HTTP/1.1" 404 23126 "-" "Mozilla/5.0 (compatible; DataForSeoBot/1.0; +https://dataforseo.com/dataforseo-bot)"
136.243.228.194 - - [13/Jul/2025:12:33:12 -0400] "GET /items/jzwsi228/45194?key=safe HTTP/1.1" 404 23126 "-" "Mozilla/5.0 (compatible; DataForSeoBot/1.0; +https://dataforseo.com/dataforseo-bot)"
136.243.228.194 - - [13/Jul/2025:12:33:16 -0400] "GET /items/xhhkm279/35061?key=soak HTTP/1.1" 404 23126 "-" "Mozilla/5.0 (compatible; DataForSeoBot/1.0; +https://dataforseo.com/dataforseo-bot)"
136.243.228.194 - - [13/Jul/2025:12:33:21 -0400] "GET /42qqm16911.html HTTP/1.1" 404 23126 "-" "Mozilla/5.0 (compatible; DataForSeoBot/1.0; +https://dataforseo.com/dataforseo-bot)"
136.243.228.194 - - [13/Jul/2025:12:33:26 -0400] "GET /items/jdzhh201/21781?key=debut HTTP/1.1" 404 23126 "-" "Mozilla/5.0 (compatible; DataForSeoBot/1.0; +https://dataforseo.com/dataforseo-bot)"
20.171.207.193 - - [13/Jul/2025:12:33:27 -0400] "GET /137zzjat19146.html HTTP/1.1" 404 23126 "-" "Mozilla/5.0 AppleWebKit/537.36 (KHTML, like Gecko; compatible; GPTBot/1.2; +https://openai.com/gptbot)"
40.77.167.41 - - [13/Jul/2025:12:33:33 -0400] "GET /sitemap.txt HTTP/1.1" 200 17 "-" "Mozilla/5.0 AppleWebKit/537.36 (KHTML, like Gecko; compatible; bingbot/2.0; +http://www.bing.com/bingbot.htm) Chrome/116.0.1938.76 Safari/537.36"
47.82.60.3 - - [13/Jul/2025:12:33:30 -0400] "GET /items/aotou255/9695?key=extend HTTP/1.1" 404 23126 "https://dangroup.sa/items/aotou255/9695?key=extend" "Mozilla/5.0 (Windows NT 10.0; Win64; x64) AppleWebKit/537.36 (KHTML, like Gecko) Chrome/114.0.0.0 Safari/537.36 Edg/114.0.1823.43"
136.243.228.194 - - [13/Jul/2025:12:33:31 -0400] "GET /items/gzsae105/43419?key=apply HTTP/1.1" 404 23126 "-" "Mozilla/5.0 (compatible; DataForSeoBot/1.0; +https://dataforseo.com/dataforseo-bot)"
136.243.228.194 - - [13/Jul/2025:12:33:37 -0400] "GET /221tyko18128.html HTTP/1.1" 404 23126 "-" "Mozilla/5.0 (compatible; DataForSeoBot/1.0; +https://dataforseo.com/dataforseo-bot)"
136.243.228.194 - - [13/Jul/2025:12:33:42 -0400] "GET /items/emgel39/30687?key=blend HTTP/1.1" 404 23128 "-" "Mozilla/5.0 (compatible; DataForSeoBot/1.0; +https://dataforseo.com/dataforseo-bot)"
136.243.228.194 - - [13/Jul/2025:12:33:47 -0400] "GET /items/uvawi190/18042?key=stop HTTP/1.1" 404 23126 "-" "Mozilla/5.0 (compatible; DataForSeoBot/1.0; +https://dataforseo.com/dataforseo-bot)"
136.243.228.194 - - [13/Jul/2025:12:33:51 -0400] "GET /items/cpbro17/34233?key=himself HTTP/1.1" 404 23126 "-" "Mozilla/5.0 (compatible; DataForSeoBot/1.0; +https://dataforseo.com/dataforseo-bot)"
136.243.228.194 - - [13/Jul/2025:12:33:56 -0400] "GET /items/mcghe44/7556?key=contribute HTTP/1.1" 404 23126 "-" "Mozilla/5.0 (compatible; DataForSeoBot/1.0; +https://dataforseo.com/dataforseo-bot)"
66.249.68.130 - - [13/Jul/2025:12:34:01 -0400] "GET /79jieb37518.html HTTP/1.1" 200 87111 "-" "Mozilla/5.0 (Linux; Android 6.0.1; Nexus 5X Build/MMB29P) AppleWebKit/537.36 (KHTML, like Gecko) Chrome/137.0.7151.103 Mobile Safari/537.36 (compatible; Googlebot/2.1; +http://www.google.com/bot.html)"
47.82.60.63 - - [13/Jul/2025:12:34:04 -0400] "GET /277gpwtp5744.html HTTP/1.1" 301 0 "https://www.dangroup.sa/277gpwtp5744.html" "Mozilla/5.0 (Windows NT 10.0; Win64; x64) AppleWebKit/537.36 (KHTML, like Gecko) Chrome/114.0.0.0 Safari/537.36 Edg/114.0.1823.43"
136.243.228.194 - - [13/Jul/2025:12:34:02 -0400] "GET /195thy29178.html HTTP/1.1" 404 23126 "-" "Mozilla/5.0 (compatible; DataForSeoBot/1.0; +https://dataforseo.com/dataforseo-bot)"
66.29.146.47 - - [13/Jul/2025:12:34:07 -0400] "POST /wp-cron.php?doing_wp_cron=1752424447.1332321166992187500000 HTTP/1.1" 403 1242 "-" "WordPress/6.8; https://dangroup.sa"
47.82.60.50 - - [13/Jul/2025:12:34:09 -0400] "GET /items/evdec69/6651?key=mate HTTP/1.1" 301 0 "https://www.dangroup.sa/items/evdec69/6651?key=mate" "Mozilla/5.0 (Windows NT 10.0; Win64; x64) AppleWebKit/537.36 (KHTML, like Gecko) Chrome/114.0.0.0 Safari/537.36 Edg/114.0.1823.43"
47.82.60.63 - - [13/Jul/2025:12:34:06 -0400] "GET /277gpwtp5744.html HTTP/1.1" 404 23126 "https://www.dangroup.sa/277gpwtp5744.html" "Mozilla/5.0 (Windows NT 10.0; Win64; x64) AppleWebKit/537.36 (KHTML, like Gecko) Chrome/114.0.0.0 Safari/537.36 Edg/114.0.1823.43"
136.243.228.194 - - [13/Jul/2025:12:34:08 -0400] "GET /32eqoti37163.html HTTP/1.1" 404 23126 "-" "Mozilla/5.0 (compatible; DataForSeoBot/1.0; +https://dataforseo.com/dataforseo-bot)"
47.82.60.50 - - [13/Jul/2025:12:34:11 -0400] "GET /items/evdec69/6651?key=mate HTTP/1.1" 404 23126 "https://www.dangroup.sa/items/evdec69/6651?key=mate" "Mozilla/5.0 (Windows NT 10.0; Win64; x64) AppleWebKit/537.36 (KHTML, like Gecko) Chrome/114.0.0.0 Safari/537.36 Edg/114.0.1823.43"
136.243.228.194 - - [13/Jul/2025:12:34:15 -0400] "GET /131pflsf24022.html HTTP/1.1" 404 23126 "-" "Mozilla/5.0 (compatible; DataForSeoBot/1.0; +https://dataforseo.com/dataforseo-bot)"
47.82.60.4 - - [13/Jul/2025:12:34:19 -0400] "GET /pcmypage?callback=product/detail/partsisland-dix000000013613 HTTP/1.1" 404 23126 "https://dangroup.sa/pcmypage?callback=product%2Fdetail%2Fpartsisland-dix000000013613" "Mozilla/5.0 (Windows NT 10.0; Win64; x64) AppleWebKit/537.36 (KHTML, like Gecko) Chrome/114.0.0.0 Safari/537.36 Edg/114.0.1823.43"
136.243.228.194 - - [13/Jul/2025:12:34:21 -0400] "GET /items/anzmr56/25156?key=alley HTTP/1.1" 404 23126 "-" "Mozilla/5.0 (compatible; DataForSeoBot/1.0; +https://dataforseo.com/dataforseo-bot)"
136.243.228.194 - - [13/Jul/2025:12:34:27 -0400] "GET /items/jeasz40/28610?key=folk HTTP/1.1" 404 23305 "-" "Mozilla/5.0 (compatible; DataForSeoBot/1.0; +https://dataforseo.com/dataforseo-bot)"
20.171.207.193 - - [13/Jul/2025:12:34:30 -0400] "GET /104inabu31479.html HTTP/1.1" 404 23126 "-" "Mozilla/5.0 AppleWebKit/537.36 (KHTML, like Gecko; compatible; GPTBot/1.2; +https://openai.com/gptbot)"
136.243.228.194 - - [13/Jul/2025:12:34:31 -0400] "GET /items/hzmzw257/48659?key=increase HTTP/1.1" 404 23126 "-" "Mozilla/5.0 (compatible; DataForSeoBot/1.0; +https://dataforseo.com/dataforseo-bot)"
136.243.228.194 - - [13/Jul/2025:12:34:37 -0400] "GET /items/fhoko54/1800?key=quality HTTP/1.1" 404 23126 "-" "Mozilla/5.0 (compatible; DataForSeoBot/1.0; +https://dataforseo.com/dataforseo-bot)"
136.243.228.194 - - [13/Jul/2025:12:34:43 -0400] "GET /253hory46362.html HTTP/1.1" 404 23126 "-" "Mozilla/5.0 (compatible; DataForSeoBot/1.0; +https://dataforseo.com/dataforseo-bot)"
136.243.228.194 - - [13/Jul/2025:12:34:47 -0400] "GET /items/gspkq128/31614?key=truth HTTP/1.1" 404 23126 "-" "Mozilla/5.0 (compatible; DataForSeoBot/1.0; +https://dataforseo.com/dataforseo-bot)"
136.243.228.194 - - [13/Jul/2025:12:34:52 -0400] "GET /items/krzzh134/32042?key=essentially HTTP/1.1" 404 23126 "-" "Mozilla/5.0 (compatible; DataForSeoBot/1.0; +https://dataforseo.com/dataforseo-bot)"
136.243.228.194 - - [13/Jul/2025:12:34:57 -0400] "GET /230odmea24469.html HTTP/1.1" 404 23126 "-" "Mozilla/5.0 (compatible; DataForSeoBot/1.0; +https://dataforseo.com/dataforseo-bot)"
136.243.228.194 - - [13/Jul/2025:12:35:01 -0400] "GET /items/ryauo122/42310?key=regain HTTP/1.1" 404 23126 "-" "Mozilla/5.0 (compatible; DataForSeoBot/1.0; +https://dataforseo.com/dataforseo-bot)"
66.29.146.47 - - [13/Jul/2025:12:35:10 -0400] "POST /wp-cron.php?doing_wp_cron=1752424509.4369399547576904296875 HTTP/1.1" 403 1242 "-" "WordPress/6.8; https://dangroup.sa"
136.243.228.194 - - [13/Jul/2025:12:35:08 -0400] "GET /107ehe24302.html HTTP/1.1" 404 23126 "-" "Mozilla/5.0 (compatible; DataForSeoBot/1.0; +https://dataforseo.com/dataforseo-bot)"
216.73.216.160 - - [13/Jul/2025:12:35:11 -0400] "GET /search.php HTTP/1.1" 404 23126 "-" "Mozilla/5.0 AppleWebKit/537.36 (KHTML, like Gecko; compatible; ClaudeBot/1.0; +claudebot@anthropic.com)"
136.243.228.194 - - [13/Jul/2025:12:35:17 -0400] "GET /items/gbwhy190/47574?key=riot HTTP/1.1" 404 23126 "-" "Mozilla/5.0 (compatible; DataForSeoBot/1.0; +https://dataforseo.com/dataforseo-bot)"
136.243.228.194 - - [13/Jul/2025:12:35:24 -0400] "GET /items/fgxoa3/25407?key=beach HTTP/1.1" 404 23126 "-" "Mozilla/5.0 (compatible; DataForSeoBot/1.0; +https://dataforseo.com/dataforseo-bot)"
136.243.228.194 - - [13/Jul/2025:12:35:30 -0400] "GET /items/zdxva287/47271?key=frankly HTTP/1.1" 404 23126 "-" "Mozilla/5.0 (compatible; DataForSeoBot/1.0; +https://dataforseo.com/dataforseo-bot)"
20.171.207.193 - - [13/Jul/2025:12:35:34 -0400] "GET /195ipmui41288.html HTTP/1.1" 404 23126 "-" "Mozilla/5.0 AppleWebKit/537.36 (KHTML, like Gecko; compatible; GPTBot/1.2; +https://openai.com/gptbot)"
136.243.228.194 - - [13/Jul/2025:12:35:35 -0400] "GET /298inz47967.html HTTP/1.1" 404 23126 "-" "Mozilla/5.0 (compatible; DataForSeoBot/1.0; +https://dataforseo.com/dataforseo-bot)"
136.243.228.194 - - [13/Jul/2025:12:35:41 -0400] "GET /items/pgpte261/43605?key=vegetable HTTP/1.1" 404 23126 "-" "Mozilla/5.0 (compatible; DataForSeoBot/1.0; +https://dataforseo.com/dataforseo-bot)"
136.243.228.194 - - [13/Jul/2025:12:35:46 -0400] "GET /items/jdeyz196/17356?key=toll HTTP/1.1" 404 23126 "-" "Mozilla/5.0 (compatible; DataForSeoBot/1.0; +https://dataforseo.com/dataforseo-bot)"
136.243.228.194 - - [13/Jul/2025:12:35:52 -0400] "GET /268tvp49739.html HTTP/1.1" 404 23128 "-" "Mozilla/5.0 (compatible; DataForSeoBot/1.0; +https://dataforseo.com/dataforseo-bot)"
136.243.228.194 - - [13/Jul/2025:12:35:57 -0400] "GET /34ebfu12251.html HTTP/1.1" 404 23126 "-" "Mozilla/5.0 (compatible; DataForSeoBot/1.0; +https://dataforseo.com/dataforseo-bot)"
66.249.68.131 - - [13/Jul/2025:12:36:03 -0400] "GET /220vghru26783.html HTTP/1.1" 200 87254 "-" "Mozilla/5.0 (Linux; Android 6.0.1; Nexus 5X Build/MMB29P) AppleWebKit/537.36 (KHTML, like Gecko) Chrome/137.0.7151.103 Mobile Safari/537.36 (compatible; Googlebot/2.1; +http://www.google.com/bot.html)"
136.243.228.194 - - [13/Jul/2025:12:36:03 -0400] "GET /items/kztnq65/1153?key=substance HTTP/1.1" 404 23126 "-" "Mozilla/5.0 (compatible; DataForSeoBot/1.0; +https://dataforseo.com/dataforseo-bot)"
136.243.228.194 - - [13/Jul/2025:12:36:08 -0400] "GET /286sdook35695.html HTTP/1.1" 404 23126 "-" "Mozilla/5.0 (compatible; DataForSeoBot/1.0; +https://dataforseo.com/dataforseo-bot)"
66.29.146.47 - - [13/Jul/2025:12:36:14 -0400] "POST /wp-cron.php?doing_wp_cron=1752424574.5638189315795898437500 HTTP/1.1" 403 1242 "-" "WordPress/6.8; https://dangroup.sa"
136.243.228.194 - - [13/Jul/2025:12:36:14 -0400] "GET /203jih27020.html HTTP/1.1" 404 23126 "-" "Mozilla/5.0 (compatible; DataForSeoBot/1.0; +https://dataforseo.com/dataforseo-bot)"
136.243.228.194 - - [13/Jul/2025:12:36:20 -0400] "GET /items/zrnel182/2222?key=unfair HTTP/1.1" 404 23126 "-" "Mozilla/5.0 (compatible; DataForSeoBot/1.0; +https://dataforseo.com/dataforseo-bot)"
136.243.228.194 - - [13/Jul/2025:12:36:26 -0400] "GET /items/qebxq152/33792?key=forum HTTP/1.1" 404 23126 "-" "Mozilla/5.0 (compatible; DataForSeoBot/1.0; +https://dataforseo.com/dataforseo-bot)"
136.243.228.194 - - [13/Jul/2025:12:36:33 -0400] "GET /292dto42173.html HTTP/1.1" 404 23126 "-" "Mozilla/5.0 (compatible; DataForSeoBot/1.0; +https://dataforseo.com/dataforseo-bot)"
136.243.228.194 - - [13/Jul/2025:12:36:39 -0400] "GET /items/uuwff27/45709?key=cue HTTP/1.1" 404 23126 "-" "Mozilla/5.0 (compatible; DataForSeoBot/1.0; +https://dataforseo.com/dataforseo-bot)"
20.171.207.193 - - [13/Jul/2025:12:36:41 -0400] "GET /143wrufz48308.html HTTP/1.1" 404 23126 "-" "Mozilla/5.0 AppleWebKit/537.36 (KHTML, like Gecko; compatible; GPTBot/1.2; +https://openai.com/gptbot)"
136.243.228.194 - - [13/Jul/2025:12:36:45 -0400] "GET /items/gceto241/16813?key=priority HTTP/1.1" 404 23126 "-" "Mozilla/5.0 (compatible; DataForSeoBot/1.0; +https://dataforseo.com/dataforseo-bot)"
136.243.228.194 - - [13/Jul/2025:12:36:52 -0400] "GET /items/cdzzw268/19586?key=steep HTTP/1.1" 404 23126 "-" "Mozilla/5.0 (compatible; DataForSeoBot/1.0; +https://dataforseo.com/dataforseo-bot)"
66.249.68.131 - - [13/Jul/2025:12:37:04 -0400] "GET /pcmypage?callback=/product%2Fdetail%2Akibaoo-r-hm001669899 HTTP/1.1" 200 87352 "-" "Mozilla/5.0 (Linux; Android 6.0.1; Nexus 5X Build/MMB29P) AppleWebKit/537.36 (KHTML, like Gecko) Chrome/137.0.7151.103 Mobile Safari/537.36 (compatible; Googlebot/2.1; +http://www.google.com/bot.html)"
66.29.146.47 - - [13/Jul/2025:12:37:41 -0400] "POST /wp-cron.php?doing_wp_cron=1752424660.9605948925018310546875 HTTP/1.1" 403 1242 "-" "WordPress/6.8; https://dangroup.sa"
172.110.147.83 - - [13/Jul/2025:12:37:40 -0400] "GET / HTTP/1.1" 200 33219 "https://danevnt.com" "Mozilla/5.0 (Macintosh; Intel Mac OS X 10_15_7) AppleWebKit/537.36 (KHTML, like Gecko) Chrome/131.0.0.0 Safari/537.36"
136.243.228.194 - - [13/Jul/2025:12:37:43 -0400] "GET /156bsb28997.html HTTP/1.1" 404 23126 "-" "Mozilla/5.0 (compatible; DataForSeoBot/1.0; +https://dataforseo.com/dataforseo-bot)"
20.171.207.193 - - [13/Jul/2025:12:37:44 -0400] "GET /148ugxkm34075.html HTTP/1.1" 404 23126 "-" "Mozilla/5.0 AppleWebKit/537.36 (KHTML, like Gecko; compatible; GPTBot/1.2; +https://openai.com/gptbot)"
136.243.228.194 - - [13/Jul/2025:12:37:50 -0400] "GET /52gys48085.html HTTP/1.1" 404 23126 "-" "Mozilla/5.0 (compatible; DataForSeoBot/1.0; +https://dataforseo.com/dataforseo-bot)"
136.243.228.194 - - [13/Jul/2025:12:37:56 -0400] "GET /items/ecazh157/23879?key=fighter HTTP/1.1" 404 23126 "-" "Mozilla/5.0 (compatible; DataForSeoBot/1.0; +https://dataforseo.com/dataforseo-bot)"
136.243.228.194 - - [13/Jul/2025:12:38:01 -0400] "GET /items/elfon138/68130?key=pass HTTP/1.1" 404 23126 "-" "Mozilla/5.0 (compatible; DataForSeoBot/1.0; +https://dataforseo.com/dataforseo-bot)"
136.243.228.194 - - [13/Jul/2025:12:38:05 -0400] "GET /282tjh19411.html HTTP/1.1" 404 23126 "-" "Mozilla/5.0 (compatible; DataForSeoBot/1.0; +https://dataforseo.com/dataforseo-bot)"
136.243.228.194 - - [13/Jul/2025:12:38:11 -0400] "GET /items/izekk199/5575?key=studio HTTP/1.1" 404 23126 "-" "Mozilla/5.0 (compatible; DataForSeoBot/1.0; +https://dataforseo.com/dataforseo-bot)"
136.243.228.194 - - [13/Jul/2025:12:38:17 -0400] "GET /items/nygau262/19300?key=build HTTP/1.1" 404 23126 "-" "Mozilla/5.0 (compatible; DataForSeoBot/1.0; +https://dataforseo.com/dataforseo-bot)"
136.243.228.194 - - [13/Jul/2025:12:38:24 -0400] "GET /236khw39071.html HTTP/1.1" 404 23126 "-" "Mozilla/5.0 (compatible; DataForSeoBot/1.0; +https://dataforseo.com/dataforseo-bot)"
136.243.228.194 - - [13/Jul/2025:12:38:29 -0400] "GET /items/sddui13/12805?key=lady HTTP/1.1" 404 23126 "-" "Mozilla/5.0 (compatible; DataForSeoBot/1.0; +https://dataforseo.com/dataforseo-bot)"
136.243.228.194 - - [13/Jul/2025:12:38:34 -0400] "GET /items/alxxj285/18475?key=scientific HTTP/1.1" 404 23126 "-" "Mozilla/5.0 (compatible; DataForSeoBot/1.0; +https://dataforseo.com/dataforseo-bot)"
136.243.228.194 - - [13/Jul/2025:12:38:40 -0400] "GET /79phnx13240.html HTTP/1.1" 404 23126 "-" "Mozilla/5.0 (compatible; DataForSeoBot/1.0; +https://dataforseo.com/dataforseo-bot)"
66.29.146.47 - - [13/Jul/2025:12:38:45 -0400] "POST /wp-cron.php?doing_wp_cron=1752424724.8772220611572265625000 HTTP/1.1" 403 1242 "-" "WordPress/6.8; https://dangroup.sa"
20.171.207.193 - - [13/Jul/2025:12:38:43 -0400] "GET /138arebe60873.html HTTP/1.1" 404 23126 "-" "Mozilla/5.0 AppleWebKit/537.36 (KHTML, like Gecko; compatible; GPTBot/1.2; +https://openai.com/gptbot)"
136.243.228.194 - - [13/Jul/2025:12:38:45 -0400] "GET /items/vdwwr265/24901?key=observer HTTP/1.1" 404 23126 "-" "Mozilla/5.0 (compatible; DataForSeoBot/1.0; +https://dataforseo.com/dataforseo-bot)"
136.243.228.194 - - [13/Jul/2025:12:38:51 -0400] "GET /170rxjr25157.html HTTP/1.1" 404 23126 "-" "Mozilla/5.0 (compatible; DataForSeoBot/1.0; +https://dataforseo.com/dataforseo-bot)"
136.243.228.194 - - [13/Jul/2025:12:38:56 -0400] "GET /items/gtfrg72/32316?key=circuit HTTP/1.1" 404 23126 "-" "Mozilla/5.0 (compatible; DataForSeoBot/1.0; +https://dataforseo.com/dataforseo-bot)"
136.243.228.194 - - [13/Jul/2025:12:39:02 -0400] "GET /items/jwnhj220/26560?key=prefer HTTP/1.1" 404 23126 "-" "Mozilla/5.0 (compatible; DataForSeoBot/1.0; +https://dataforseo.com/dataforseo-bot)"
136.243.228.194 - - [13/Jul/2025:12:39:07 -0400] "GET /60pisj4473.html HTTP/1.1" 404 23126 "-" "Mozilla/5.0 (compatible; DataForSeoBot/1.0; +https://dataforseo.com/dataforseo-bot)"
136.243.228.194 - - [13/Jul/2025:12:39:13 -0400] "GET /items/ihezk114/20740?key=consciousness HTTP/1.1" 404 23126 "-" "Mozilla/5.0 (compatible; DataForSeoBot/1.0; +https://dataforseo.com/dataforseo-bot)"
136.243.228.194 - - [13/Jul/2025:12:39:19 -0400] "GET /items/quehh121/26213?key=suggest HTTP/1.1" 404 23126 "-" "Mozilla/5.0 (compatible; DataForSeoBot/1.0; +https://dataforseo.com/dataforseo-bot)"
136.243.228.194 - - [13/Jul/2025:12:39:24 -0400] "GET /48ykexc26587.html HTTP/1.1" 404 23128 "-" "Mozilla/5.0 (compatible; DataForSeoBot/1.0; +https://dataforseo.com/dataforseo-bot)"
136.243.228.194 - - [13/Jul/2025:12:39:29 -0400] "GET /261rle39754.html HTTP/1.1" 404 23126 "-" "Mozilla/5.0 (compatible; DataForSeoBot/1.0; +https://dataforseo.com/dataforseo-bot)"
136.243.228.194 - - [13/Jul/2025:12:39:35 -0400] "GET /3kfvt45770.html HTTP/1.1" 404 23126 "-" "Mozilla/5.0 (compatible; DataForSeoBot/1.0; +https://dataforseo.com/dataforseo-bot)"
52.167.144.181 - - [13/Jul/2025:12:39:39 -0400] "GET /qjyawmp2837lgrislier HTTP/1.1" 200 17 "-" "Mozilla/5.0 AppleWebKit/537.36 (KHTML, like Gecko; compatible; bingbot/2.0; +http://www.bing.com/bingbot.htm) Chrome/116.0.1938.76 Safari/537.36"
136.243.228.194 - - [13/Jul/2025:12:39:41 -0400] "GET /247zbqzp24314.html HTTP/1.1" 404 23126 "-" "Mozilla/5.0 (compatible; DataForSeoBot/1.0; +https://dataforseo.com/dataforseo-bot)"
66.29.146.47 - - [13/Jul/2025:12:39:47 -0400] "POST /wp-cron.php?doing_wp_cron=1752424786.8762960433959960937500 HTTP/1.1" 403 1242 "-" "WordPress/6.8; https://dangroup.sa"
136.243.228.194 - - [13/Jul/2025:12:39:46 -0400] "GET /items/apemx13/25353?key=million HTTP/1.1" 404 23126 "-" "Mozilla/5.0 (compatible; DataForSeoBot/1.0; +https://dataforseo.com/dataforseo-bot)"
20.171.207.193 - - [13/Jul/2025:12:39:47 -0400] "GET /129rlfzw14238.html HTTP/1.1" 404 23126 "-" "Mozilla/5.0 AppleWebKit/537.36 (KHTML, like Gecko; compatible; GPTBot/1.2; +https://openai.com/gptbot)"
136.243.228.194 - - [13/Jul/2025:12:39:52 -0400] "GET /items/xkhmw289/28385?key=arena HTTP/1.1" 404 23126 "-" "Mozilla/5.0 (compatible; DataForSeoBot/1.0; +https://dataforseo.com/dataforseo-bot)"
136.243.228.194 - - [13/Jul/2025:12:39:57 -0400] "GET /156acb46629.html HTTP/1.1" 404 23126 "-" "Mozilla/5.0 (compatible; DataForSeoBot/1.0; +https://dataforseo.com/dataforseo-bot)"
136.243.228.194 - - [13/Jul/2025:12:40:05 -0400] "GET /113daq44488.html HTTP/1.1" 404 23126 "-" "Mozilla/5.0 (compatible; DataForSeoBot/1.0; +https://dataforseo.com/dataforseo-bot)"
136.243.228.194 - - [13/Jul/2025:12:40:13 -0400] "GET /items/ctpau47/1833?key=peer HTTP/1.1" 404 23126 "-" "Mozilla/5.0 (compatible; DataForSeoBot/1.0; +https://dataforseo.com/dataforseo-bot)"
136.243.228.194 - - [13/Jul/2025:12:40:19 -0400] "GET /items/pnwnr199/17869?key=previously HTTP/1.1" 404 23126 "-" "Mozilla/5.0 (compatible; DataForSeoBot/1.0; +https://dataforseo.com/dataforseo-bot)"
136.243.228.194 - - [13/Jul/2025:12:40:25 -0400] "GET /274wsgy43635.html HTTP/1.1" 404 23126 "-" "Mozilla/5.0 (compatible; DataForSeoBot/1.0; +https://dataforseo.com/dataforseo-bot)"
136.243.228.194 - - [13/Jul/2025:12:40:31 -0400] "GET /items/asbbn71/739?key=gate HTTP/1.1" 404 23126 "-" "Mozilla/5.0 (compatible; DataForSeoBot/1.0; +https://dataforseo.com/dataforseo-bot)"
136.243.228.194 - - [13/Jul/2025:12:40:39 -0400] "GET /23roex34944.html HTTP/1.1" 404 23126 "-" "Mozilla/5.0 (compatible; DataForSeoBot/1.0; +https://dataforseo.com/dataforseo-bot)"
136.243.228.194 - - [13/Jul/2025:12:40:43 -0400] "GET /items/gifyw95/15885?key=report HTTP/1.1" 404 23126 "-" "Mozilla/5.0 (compatible; DataForSeoBot/1.0; +https://dataforseo.com/dataforseo-bot)"
66.29.146.47 - - [13/Jul/2025:12:40:48 -0400] "POST /wp-cron.php?doing_wp_cron=1752424848.5920650959014892578125 HTTP/1.1" 403 1242 "-" "WordPress/6.8; https://dangroup.sa"
20.171.207.193 - - [13/Jul/2025:12:40:47 -0400] "GET /265yajnh15334.html HTTP/1.1" 404 23128 "-" "Mozilla/5.0 AppleWebKit/537.36 (KHTML, like Gecko; compatible; GPTBot/1.2; +https://openai.com/gptbot)"
136.243.228.194 - - [13/Jul/2025:12:40:50 -0400] "GET /items/lbcax263/2511?key=swing HTTP/1.1" 404 23126 "-" "Mozilla/5.0 (compatible; DataForSeoBot/1.0; +https://dataforseo.com/dataforseo-bot)"
136.243.228.194 - - [13/Jul/2025:12:40:57 -0400] "GET /items/fabsj226/39188?key=plea HTTP/1.1" 404 23126 "-" "Mozilla/5.0 (compatible; DataForSeoBot/1.0; +https://dataforseo.com/dataforseo-bot)"
136.243.228.194 - - [13/Jul/2025:12:41:03 -0400] "GET /192chl16885.html HTTP/1.1" 404 23126 "-" "Mozilla/5.0 (compatible; DataForSeoBot/1.0; +https://dataforseo.com/dataforseo-bot)"
136.243.228.194 - - [13/Jul/2025:12:41:10 -0400] "GET /5gycig21546.html HTTP/1.1" 404 23126 "-" "Mozilla/5.0 (compatible; DataForSeoBot/1.0; +https://dataforseo.com/dataforseo-bot)"
136.243.228.194 - - [13/Jul/2025:12:41:14 -0400] "GET /51phvi14470.html HTTP/1.1" 404 23126 "-" "Mozilla/5.0 (compatible; DataForSeoBot/1.0; +https://dataforseo.com/dataforseo-bot)"
136.243.228.194 - - [13/Jul/2025:12:41:19 -0400] "GET /items/cvgta147/41649?key=below HTTP/1.1" 404 23126 "-" "Mozilla/5.0 (compatible; DataForSeoBot/1.0; +https://dataforseo.com/dataforseo-bot)"
136.243.228.194 - - [13/Jul/2025:12:41:25 -0400] "GET /items/bddkf114/25632?key=average HTTP/1.1" 404 23126 "-" "Mozilla/5.0 (compatible; DataForSeoBot/1.0; +https://dataforseo.com/dataforseo-bot)"
47.82.60.31 - - [13/Jul/2025:12:41:31 -0400] "GET /59toqd29336.html HTTP/1.1" 301 0 "https://www.dangroup.sa/59toqd29336.html" "Mozilla/5.0 (Windows NT 10.0; Win64; x64) AppleWebKit/537.36 (KHTML, like Gecko) Chrome/114.0.0.0 Safari/537.36 Edg/114.0.1823.43"
47.82.60.31 - - [13/Jul/2025:12:41:32 -0400] "GET /59toqd29336.html HTTP/1.1" 404 23126 "https://www.dangroup.sa/59toqd29336.html" "Mozilla/5.0 (Windows NT 10.0; Win64; x64) AppleWebKit/537.36 (KHTML, like Gecko) Chrome/114.0.0.0 Safari/537.36 Edg/114.0.1823.43"
136.243.228.194 - - [13/Jul/2025:12:41:32 -0400] "GET /293jcvuh40842.html HTTP/1.1" 404 23126 "-" "Mozilla/5.0 (compatible; DataForSeoBot/1.0; +https://dataforseo.com/dataforseo-bot)"
47.82.60.58 - - [13/Jul/2025:12:41:42 -0400] "GET /262rjl32697.html HTTP/1.1" 301 0 "https://www.dangroup.sa/262rjl32697.html" "Mozilla/5.0 (Windows NT 10.0; Win64; x64) AppleWebKit/537.36 (KHTML, like Gecko) Chrome/114.0.0.0 Safari/537.36 Edg/114.0.1823.43"
136.243.228.194 - - [13/Jul/2025:12:41:41 -0400] "GET /263vmsf15916.html HTTP/1.1" 404 23126 "-" "Mozilla/5.0 (compatible; DataForSeoBot/1.0; +https://dataforseo.com/dataforseo-bot)"
66.29.146.47 - - [13/Jul/2025:12:41:49 -0400] "POST /wp-cron.php?doing_wp_cron=1752424908.9383940696716308593750 HTTP/1.1" 403 1242 "-" "WordPress/6.8; https://dangroup.sa"
47.82.60.58 - - [13/Jul/2025:12:41:44 -0400] "GET /262rjl32697.html HTTP/1.1" 404 23126 "https://www.dangroup.sa/262rjl32697.html" "Mozilla/5.0 (Windows NT 10.0; Win64; x64) AppleWebKit/537.36 (KHTML, like Gecko) Chrome/114.0.0.0 Safari/537.36 Edg/114.0.1823.43"
136.243.228.194 - - [13/Jul/2025:12:41:46 -0400] "GET /1kal39186.html HTTP/1.1" 404 23126 "-" "Mozilla/5.0 (compatible; DataForSeoBot/1.0; +https://dataforseo.com/dataforseo-bot)"
20.171.207.193 - - [13/Jul/2025:12:41:47 -0400] "GET /217jjajn37954.html HTTP/1.1" 404 23126 "-" "Mozilla/5.0 AppleWebKit/537.36 (KHTML, like Gecko; compatible; GPTBot/1.2; +https://openai.com/gptbot)"
47.82.60.6 - - [13/Jul/2025:12:41:53 -0400] "GET /items/ldfca88/9222?key=mail HTTP/1.1" 404 23126 "https://dangroup.sa/items/ldfca88/9222?key=mail" "Mozilla/5.0 (Windows NT 10.0; Win64; x64) AppleWebKit/537.36 (KHTML, like Gecko) Chrome/114.0.0.0 Safari/537.36 Edg/114.0.1823.43"
136.243.228.194 - - [13/Jul/2025:12:41:56 -0400] "GET /118lfqxu40217.html HTTP/1.1" 404 23126 "-" "Mozilla/5.0 (compatible; DataForSeoBot/1.0; +https://dataforseo.com/dataforseo-bot)"
47.82.60.1 - - [13/Jul/2025:12:42:03 -0400] "GET /items/mrfer255/21743?key=genuine HTTP/1.1" 404 23128 "https://dangroup.sa/items/mrfer255/21743?key=genuine" "Mozilla/5.0 (Windows NT 10.0; Win64; x64) AppleWebKit/537.36 (KHTML, like Gecko) Chrome/114.0.0.0 Safari/537.36 Edg/114.0.1823.43"
136.243.228.194 - - [13/Jul/2025:12:42:05 -0400] "GET /items/ryxyc76/37418?key=pour HTTP/1.1" 404 23126 "-" "Mozilla/5.0 (compatible; DataForSeoBot/1.0; +https://dataforseo.com/dataforseo-bot)"
136.243.228.194 - - [13/Jul/2025:12:42:13 -0400] "GET /items/oniyu138/57302?key=existence HTTP/1.1" 404 23126 "-" "Mozilla/5.0 (compatible; DataForSeoBot/1.0; +https://dataforseo.com/dataforseo-bot)"
47.82.60.54 - - [13/Jul/2025:12:42:22 -0400] "GET /items/hrheo35/695?key=himself HTTP/1.1" 301 0 "https://www.dangroup.sa/items/hrheo35/695?key=himself" "Mozilla/5.0 (Windows NT 10.0; Win64; x64) AppleWebKit/537.36 (KHTML, like Gecko) Chrome/114.0.0.0 Safari/537.36 Edg/114.0.1823.43"
136.243.228.194 - - [13/Jul/2025:12:42:21 -0400] "GET /items/rhkwm277/16783?key=conclusion HTTP/1.1" 404 23128 "-" "Mozilla/5.0 (compatible; DataForSeoBot/1.0; +https://dataforseo.com/dataforseo-bot)"
47.82.60.54 - - [13/Jul/2025:12:42:23 -0400] "GET /items/hrheo35/695?key=himself HTTP/1.1" 404 23126 "https://www.dangroup.sa/items/hrheo35/695?key=himself" "Mozilla/5.0 (Windows NT 10.0; Win64; x64) AppleWebKit/537.36 (KHTML, like Gecko) Chrome/114.0.0.0 Safari/537.36 Edg/114.0.1823.43"
136.243.228.194 - - [13/Jul/2025:12:42:28 -0400] "GET /items/cokty44/47386?key=tonight HTTP/1.1" 404 23126 "-" "Mozilla/5.0 (compatible; DataForSeoBot/1.0; +https://dataforseo.com/dataforseo-bot)"
136.243.228.194 - - [13/Jul/2025:12:42:35 -0400] "GET /187wbf46570.html HTTP/1.1" 404 23126 "-" "Mozilla/5.0 (compatible; DataForSeoBot/1.0; +https://dataforseo.com/dataforseo-bot)"
136.243.228.194 - - [13/Jul/2025:12:42:40 -0400] "GET /items/yncfv232/1386?key=compromise HTTP/1.1" 404 23126 "-" "Mozilla/5.0 (compatible; DataForSeoBot/1.0; +https://dataforseo.com/dataforseo-bot)"
136.243.228.194 - - [13/Jul/2025:12:42:45 -0400] "GET /296wnae14063.html HTTP/1.1" 404 23126 "-" "Mozilla/5.0 (compatible; DataForSeoBot/1.0; +https://dataforseo.com/dataforseo-bot)"
66.29.146.47 - - [13/Jul/2025:12:42:53 -0400] "POST /wp-cron.php?doing_wp_cron=1752424972.8879740238189697265625 HTTP/1.1" 403 1242 "-" "WordPress/6.8; https://dangroup.sa"
136.243.228.194 - - [13/Jul/2025:12:42:52 -0400] "GET /items/spape295/38465?key=government HTTP/1.1" 404 23126 "-" "Mozilla/5.0 (compatible; DataForSeoBot/1.0; +https://dataforseo.com/dataforseo-bot)"
20.171.207.193 - - [13/Jul/2025:12:42:53 -0400] "GET /183xhpfu15804.html HTTP/1.1" 404 23128 "-" "Mozilla/5.0 AppleWebKit/537.36 (KHTML, like Gecko; compatible; GPTBot/1.2; +https://openai.com/gptbot)"
136.243.228.194 - - [13/Jul/2025:12:42:59 -0400] "GET /223vueo11776.html HTTP/1.1" 404 23126 "-" "Mozilla/5.0 (compatible; DataForSeoBot/1.0; +https://dataforseo.com/dataforseo-bot)"
47.82.60.6 - - [13/Jul/2025:12:43:05 -0400] "GET /pcmypage?callback=product/detail/fleume-flu3-0160wzec0 HTTP/1.1" 301 0 "https://www.dangroup.sa/pcmypage?callback=product%2Fdetail%2Ffleume-flu3-0160wzec0" "Mozilla/5.0 (Windows NT 10.0; Win64; x64) AppleWebKit/537.36 (KHTML, like Gecko) Chrome/114.0.0.0 Safari/537.36 Edg/114.0.1823.43"
136.243.228.194 - - [13/Jul/2025:12:43:05 -0400] "GET /279bxyxc40350.html HTTP/1.1" 404 23128 "-" "Mozilla/5.0 (compatible; DataForSeoBot/1.0; +https://dataforseo.com/dataforseo-bot)"
47.82.60.21 - - [13/Jul/2025:12:43:11 -0400] "GET /53vrsdt58.html HTTP/1.1" 301 0 "https://www.dangroup.sa/53vrsdt58.html" "Mozilla/5.0 (Windows NT 10.0; Win64; x64) AppleWebKit/537.36 (KHTML, like Gecko) Chrome/114.0.0.0 Safari/537.36 Edg/114.0.1823.43"
47.82.60.6 - - [13/Jul/2025:12:43:07 -0400] "GET /pcmypage?callback=product/detail/fleume-flu3-0160wzec0 HTTP/1.1" 404 23126 "https://www.dangroup.sa/pcmypage?callback=product%2Fdetail%2Ffleume-flu3-0160wzec0" "Mozilla/5.0 (Windows NT 10.0; Win64; x64) AppleWebKit/537.36 (KHTML, like Gecko) Chrome/114.0.0.0 Safari/537.36 Edg/114.0.1823.43"
47.82.60.57 - - [13/Jul/2025:12:43:09 -0400] "GET /items/sangi54/48998?key=exciting HTTP/1.1" 404 23126 "https://dangroup.sa/items/sangi54/48998?key=exciting" "Mozilla/5.0 (Windows NT 10.0; Win64; x64) AppleWebKit/537.36 (KHTML, like Gecko) Chrome/114.0.0.0 Safari/537.36 Edg/114.0.1823.43"
47.82.60.21 - - [13/Jul/2025:12:43:13 -0400] "GET /53vrsdt58.html HTTP/1.1" 404 23126 "https://www.dangroup.sa/53vrsdt58.html" "Mozilla/5.0 (Windows NT 10.0; Win64; x64) AppleWebKit/537.36 (KHTML, like Gecko) Chrome/114.0.0.0 Safari/537.36 Edg/114.0.1823.43"
136.243.228.194 - - [13/Jul/2025:12:43:13 -0400] "GET /items/lhvqa188/33712?key=concentrate HTTP/1.1" 404 23126 "-" "Mozilla/5.0 (compatible; DataForSeoBot/1.0; +https://dataforseo.com/dataforseo-bot)"
136.243.228.194 - - [13/Jul/2025:12:43:23 -0400] "GET /items/udcpo3/3675?key=platform HTTP/1.1" 404 23126 "-" "Mozilla/5.0 (compatible; DataForSeoBot/1.0; +https://dataforseo.com/dataforseo-bot)"
47.82.60.60 - - [13/Jul/2025:12:43:33 -0400] "GET /87lwnn21594.html HTTP/1.1" 301 0 "https://www.dangroup.sa/87lwnn21594.html" "Mozilla/5.0 (Windows NT 10.0; Win64; x64) AppleWebKit/537.36 (KHTML, like Gecko) Chrome/114.0.0.0 Safari/537.36 Edg/114.0.1823.43"
136.243.228.194 - - [13/Jul/2025:12:43:29 -0400] "GET /items/jepqr233/27873?key=certainly HTTP/1.1" 404 23126 "-" "Mozilla/5.0 (compatible; DataForSeoBot/1.0; +https://dataforseo.com/dataforseo-bot)"
216.73.216.160 - - [13/Jul/2025:12:43:29 -0400] "GET / HTTP/1.1" 200 33218 "-" "Mozilla/5.0 AppleWebKit/537.36 (KHTML, like Gecko; compatible; ClaudeBot/1.0; +claudebot@anthropic.com)"
47.82.60.60 - - [13/Jul/2025:12:43:35 -0400] "GET /87lwnn21594.html HTTP/1.1" 404 23128 "https://www.dangroup.sa/87lwnn21594.html" "Mozilla/5.0 (Windows NT 10.0; Win64; x64) AppleWebKit/537.36 (KHTML, like Gecko) Chrome/114.0.0.0 Safari/537.36 Edg/114.0.1823.43"
47.82.60.58 - - [13/Jul/2025:12:43:35 -0400] "GET /270sanim24963.html HTTP/1.1" 404 23126 "https://dangroup.sa/270sanim24963.html" "Mozilla/5.0 (Windows NT 10.0; Win64; x64) AppleWebKit/537.36 (KHTML, like Gecko) Chrome/114.0.0.0 Safari/537.36 Edg/114.0.1823.43"
136.243.228.194 - - [13/Jul/2025:12:43:37 -0400] "GET /234sgis42207.html HTTP/1.1" 404 23128 "-" "Mozilla/5.0 (compatible; DataForSeoBot/1.0; +https://dataforseo.com/dataforseo-bot)"
47.82.60.55 - - [13/Jul/2025:12:43:43 -0400] "GET /items/rokkv108/20060?key=price HTTP/1.1" 404 23128 "https://dangroup.sa/items/rokkv108/20060?key=price" "Mozilla/5.0 (Windows NT 10.0; Win64; x64) AppleWebKit/537.36 (KHTML, like Gecko) Chrome/114.0.0.0 Safari/537.36 Edg/114.0.1823.43"
136.243.228.194 - - [13/Jul/2025:12:43:47 -0400] "GET /items/znjdj105/11143?key=evolve HTTP/1.1" 404 23128 "-" "Mozilla/5.0 (compatible; DataForSeoBot/1.0; +https://dataforseo.com/dataforseo-bot)"
47.82.60.62 - - [13/Jul/2025:12:43:48 -0400] "GET /items/sjcuo160/32618?key=sell HTTP/1.1" 404 23128 "https://dangroup.sa/items/sjcuo160/32618?key=sell" "Mozilla/5.0 (Windows NT 10.0; Win64; x64) AppleWebKit/537.36 (KHTML, like Gecko) Chrome/114.0.0.0 Safari/537.36 Edg/114.0.1823.43"
66.29.146.47 - - [13/Jul/2025:12:43:56 -0400] "POST /wp-cron.php?doing_wp_cron=1752425035.7661409378051757812500 HTTP/1.1" 403 1242 "-" "WordPress/6.8; https://dangroup.sa"
66.29.146.47 - - [13/Jul/2025:12:43:56 -0400] "POST /wp-cron.php?doing_wp_cron=1752425035.8074460029602050781250 HTTP/1.1" 403 1242 "-" "WordPress/6.8; https://dangroup.sa"
20.171.207.193 - - [13/Jul/2025:12:43:54 -0400] "GET /263dreik19680.html HTTP/1.1" 404 23126 "-" "Mozilla/5.0 AppleWebKit/537.36 (KHTML, like Gecko; compatible; GPTBot/1.2; +https://openai.com/gptbot)"
136.243.228.194 - - [13/Jul/2025:12:43:54 -0400] "GET /140owc14409.html HTTP/1.1" 404 23126 "-" "Mozilla/5.0 (compatible; DataForSeoBot/1.0; +https://dataforseo.com/dataforseo-bot)"
136.243.228.194 - - [13/Jul/2025:12:44:02 -0400] "GET /161lsje43168.html HTTP/1.1" 404 23126 "-" "Mozilla/5.0 (compatible; DataForSeoBot/1.0; +https://dataforseo.com/dataforseo-bot)"
136.243.228.194 - - [13/Jul/2025:12:44:07 -0400] "GET /209ieequ12888.html HTTP/1.1" 404 23126 "-" "Mozilla/5.0 (compatible; DataForSeoBot/1.0; +https://dataforseo.com/dataforseo-bot)"
136.243.228.194 - - [13/Jul/2025:12:44:12 -0400] "GET /items/xllao15/1807?key=read HTTP/1.1" 404 23126 "-" "Mozilla/5.0 (compatible; DataForSeoBot/1.0; +https://dataforseo.com/dataforseo-bot)"
136.243.228.194 - - [13/Jul/2025:12:44:19 -0400] "GET /items/opsba256/14718?key=encourage HTTP/1.1" 404 23126 "-" "Mozilla/5.0 (compatible; DataForSeoBot/1.0; +https://dataforseo.com/dataforseo-bot)"
136.243.228.194 - - [13/Jul/2025:12:44:25 -0400] "GET /items/bojfu108/5642?key=assume HTTP/1.1" 404 23128 "-" "Mozilla/5.0 (compatible; DataForSeoBot/1.0; +https://dataforseo.com/dataforseo-bot)"
136.243.228.194 - - [13/Jul/2025:12:44:30 -0400] "GET /77olkb44806.html HTTP/1.1" 404 23128 "-" "Mozilla/5.0 (compatible; DataForSeoBot/1.0; +https://dataforseo.com/dataforseo-bot)"
136.243.228.194 - - [13/Jul/2025:12:44:34 -0400] "GET /items/lwfwi154/12602?key=prescription HTTP/1.1" 404 23126 "-" "Mozilla/5.0 (compatible; DataForSeoBot/1.0; +https://dataforseo.com/dataforseo-bot)"
66.249.68.133 - - [13/Jul/2025:12:44:42 -0400] "GET /items/lmoti198/34612?key=method HTTP/1.1" 200 86679 "-" "Mozilla/5.0 (Linux; Android 6.0.1; Nexus 5X Build/MMB29P) AppleWebKit/537.36 (KHTML, like Gecko) Chrome/137.0.7151.103 Mobile Safari/537.36 (compatible; Googlebot/2.1; +http://www.google.com/bot.html)"
136.243.228.194 - - [13/Jul/2025:12:44:40 -0400] "GET /35iqtq35320.html HTTP/1.1" 404 23126 "-" "Mozilla/5.0 (compatible; DataForSeoBot/1.0; +https://dataforseo.com/dataforseo-bot)"
136.243.228.194 - - [13/Jul/2025:12:44:46 -0400] "GET /items/zuuhy208/11072?key=gray HTTP/1.1" 404 23126 "-" "Mozilla/5.0 (compatible; DataForSeoBot/1.0; +https://dataforseo.com/dataforseo-bot)"
208.110.64.178 - - [13/Jul/2025:12:44:50 -0400] "GET /wp-content/install.php HTTP/1.1" 200 10 "https://dangroup.sa/wp-content/install.php" "Mozilla/5.0 (Windows NT 10.0; Win64; x64) AppleWebKit/537.36 (KHTML, like Gecko) Chrome/58.0.3029.110 Safari/537.3"
136.243.228.194 - - [13/Jul/2025:12:44:51 -0400] "GET /250srp47799.html HTTP/1.1" 404 23126 "-" "Mozilla/5.0 (compatible; DataForSeoBot/1.0; +https://dataforseo.com/dataforseo-bot)"
66.29.146.47 - - [13/Jul/2025:12:44:56 -0400] "POST /wp-cron.php?doing_wp_cron=1752425096.3644990921020507812500 HTTP/1.1" 403 1242 "-" "WordPress/6.8; https://dangroup.sa"
20.171.207.193 - - [13/Jul/2025:12:44:55 -0400] "GET /165gdxsh30622.html HTTP/1.1" 404 23126 "-" "Mozilla/5.0 AppleWebKit/537.36 (KHTML, like Gecko; compatible; GPTBot/1.2; +https://openai.com/gptbot)"
136.243.228.194 - - [13/Jul/2025:12:44:57 -0400] "GET /272wrfr47461.html HTTP/1.1" 404 23126 "-" "Mozilla/5.0 (compatible; DataForSeoBot/1.0; +https://dataforseo.com/dataforseo-bot)"
136.243.228.194 - - [13/Jul/2025:12:45:03 -0400] "GET /items/ccbof187/6957?key=avoid HTTP/1.1" 404 23126 "-" "Mozilla/5.0 (compatible; DataForSeoBot/1.0; +https://dataforseo.com/dataforseo-bot)"
136.243.228.194 - - [13/Jul/2025:12:45:10 -0400] "GET /items/erlam107/29037?key=strategic HTTP/1.1" 404 23126 "-" "Mozilla/5.0 (compatible; DataForSeoBot/1.0; +https://dataforseo.com/dataforseo-bot)"
136.243.228.194 - - [13/Jul/2025:12:45:16 -0400] "GET /items/aezjq144/9120?key=forgive HTTP/1.1" 404 23126 "-" "Mozilla/5.0 (compatible; DataForSeoBot/1.0; +https://dataforseo.com/dataforseo-bot)"
136.243.228.194 - - [13/Jul/2025:12:45:22 -0400] "GET /items/cpove28/48488?key=infant HTTP/1.1" 404 23126 "-" "Mozilla/5.0 (compatible; DataForSeoBot/1.0; +https://dataforseo.com/dataforseo-bot)"
136.243.228.194 - - [13/Jul/2025:12:45:27 -0400] "GET /items/zqvnz48/31980?key=fatal HTTP/1.1" 404 23126 "-" "Mozilla/5.0 (compatible; DataForSeoBot/1.0; +https://dataforseo.com/dataforseo-bot)"
52.167.144.206 - - [13/Jul/2025:12:45:34 -0400] "GET / HTTP/1.1" 200 17 "-" "Mozilla/5.0 AppleWebKit/537.36 (KHTML, like Gecko; compatible; bingbot/2.0; +http://www.bing.com/bingbot.htm) Chrome/116.0.1938.76 Safari/537.36"
136.243.228.194 - - [13/Jul/2025:12:45:33 -0400] "GET /items/kzppt40/41798?key=title HTTP/1.1" 404 23126 "-" "Mozilla/5.0 (compatible; DataForSeoBot/1.0; +https://dataforseo.com/dataforseo-bot)"
136.243.228.194 - - [13/Jul/2025:12:45:37 -0400] "GET /items/zjzzm297/27461?key=feminist HTTP/1.1" 404 23126 "-" "Mozilla/5.0 (compatible; DataForSeoBot/1.0; +https://dataforseo.com/dataforseo-bot)"
136.243.228.194 - - [13/Jul/2025:12:45:43 -0400] "GET /items/kjjhh97/12365?key=whom HTTP/1.1" 404 23126 "-" "Mozilla/5.0 (compatible; DataForSeoBot/1.0; +https://dataforseo.com/dataforseo-bot)"
136.243.228.194 - - [13/Jul/2025:12:45:47 -0400] "GET /239dzac49122.html HTTP/1.1" 404 23126 "-" "Mozilla/5.0 (compatible; DataForSeoBot/1.0; +https://dataforseo.com/dataforseo-bot)"
136.243.228.194 - - [13/Jul/2025:12:45:53 -0400] "GET /items/kidkx58/24154?key=ecosystem HTTP/1.1" 404 23126 "-" "Mozilla/5.0 (compatible; DataForSeoBot/1.0; +https://dataforseo.com/dataforseo-bot)"
66.29.146.47 - - [13/Jul/2025:12:45:58 -0400] "POST /wp-cron.php?doing_wp_cron=1752425158.5492439270019531250000 HTTP/1.1" 403 1242 "-" "WordPress/6.8; https://dangroup.sa"
136.243.228.194 - - [13/Jul/2025:12:45:58 -0400] "GET /300rmj22873.html HTTP/1.1" 404 23126 "-" "Mozilla/5.0 (compatible; DataForSeoBot/1.0; +https://dataforseo.com/dataforseo-bot)"
20.171.207.193 - - [13/Jul/2025:12:46:00 -0400] "GET /272ogxvz26347.html HTTP/1.1" 404 23126 "-" "Mozilla/5.0 AppleWebKit/537.36 (KHTML, like Gecko; compatible; GPTBot/1.2; +https://openai.com/gptbot)"
136.243.228.194 - - [13/Jul/2025:12:46:03 -0400] "GET /222egnv36897.html HTTP/1.1" 404 23126 "-" "Mozilla/5.0 (compatible; DataForSeoBot/1.0; +https://dataforseo.com/dataforseo-bot)"
136.243.228.194 - - [13/Jul/2025:12:46:10 -0400] "GET /42yzmd991.html HTTP/1.1" 404 23126 "-" "Mozilla/5.0 (compatible; DataForSeoBot/1.0; +https://dataforseo.com/dataforseo-bot)"
136.243.228.194 - - [13/Jul/2025:12:46:15 -0400] "GET /items/gqphh286/31518?key=link HTTP/1.1" 404 23126 "-" "Mozilla/5.0 (compatible; DataForSeoBot/1.0; +https://dataforseo.com/dataforseo-bot)"
136.243.228.194 - - [13/Jul/2025:12:46:20 -0400] "GET /58xvjym20139.html HTTP/1.1" 404 23128 "-" "Mozilla/5.0 (compatible; DataForSeoBot/1.0; +https://dataforseo.com/dataforseo-bot)"
136.243.228.194 - - [13/Jul/2025:12:46:26 -0400] "GET /items/rsjvc101/8569?key=toilet HTTP/1.1" 404 23126 "-" "Mozilla/5.0 (compatible; DataForSeoBot/1.0; +https://dataforseo.com/dataforseo-bot)"
136.243.228.194 - - [13/Jul/2025:12:46:30 -0400] "GET /items/dnoqk222/35342?key=sufficient HTTP/1.1" 404 23126 "-" "Mozilla/5.0 (compatible; DataForSeoBot/1.0; +https://dataforseo.com/dataforseo-bot)"
136.243.228.194 - - [13/Jul/2025:12:46:35 -0400] "GET /items/xuzet68/44848?key=hurt HTTP/1.1" 404 23126 "-" "Mozilla/5.0 (compatible; DataForSeoBot/1.0; +https://dataforseo.com/dataforseo-bot)"
136.243.228.194 - - [13/Jul/2025:12:46:39 -0400] "GET /items/hpepx272/6044?key=commercial HTTP/1.1" 404 23126 "-" "Mozilla/5.0 (compatible; DataForSeoBot/1.0; +https://dataforseo.com/dataforseo-bot)"
136.243.228.194 - - [13/Jul/2025:12:46:44 -0400] "GET /75obnz26700.html HTTP/1.1" 404 23126 "-" "Mozilla/5.0 (compatible; DataForSeoBot/1.0; +https://dataforseo.com/dataforseo-bot)"
136.243.228.194 - - [13/Jul/2025:12:46:49 -0400] "GET /items/mgbsb294/23382?key=devil HTTP/1.1" 404 23126 "-" "Mozilla/5.0 (compatible; DataForSeoBot/1.0; +https://dataforseo.com/dataforseo-bot)"
136.243.228.194 - - [13/Jul/2025:12:46:55 -0400] "GET /212apujl42703.html HTTP/1.1" 404 23307 "-" "Mozilla/5.0 (compatible; DataForSeoBot/1.0; +https://dataforseo.com/dataforseo-bot)"
66.29.146.47 - - [13/Jul/2025:12:47:00 -0400] "POST /wp-cron.php?doing_wp_cron=1752425220.2341051101684570312500 HTTP/1.1" 403 1242 "-" "WordPress/6.8; https://dangroup.sa"
136.243.228.194 - - [13/Jul/2025:12:46:59 -0400] "GET /208izmc7287.html HTTP/1.1" 404 23126 "-" "Mozilla/5.0 (compatible; DataForSeoBot/1.0; +https://dataforseo.com/dataforseo-bot)"
136.243.228.194 - - [13/Jul/2025:12:47:04 -0400] "GET /items/pbyzz164/30582?key=man HTTP/1.1" 404 23126 "-" "Mozilla/5.0 (compatible; DataForSeoBot/1.0; +https://dataforseo.com/dataforseo-bot)"
136.243.228.194 - - [13/Jul/2025:12:47:09 -0400] "GET /189dpt43018.html HTTP/1.1" 404 23128 "-" "Mozilla/5.0 (compatible; DataForSeoBot/1.0; +https://dataforseo.com/dataforseo-bot)"
20.171.207.193 - - [13/Jul/2025:12:47:11 -0400] "GET /285kdfjx22968.html HTTP/1.1" 404 23128 "-" "Mozilla/5.0 AppleWebKit/537.36 (KHTML, like Gecko; compatible; GPTBot/1.2; +https://openai.com/gptbot)"
136.243.228.194 - - [13/Jul/2025:12:47:16 -0400] "GET /231vfi14404.html HTTP/1.1" 404 23126 "-" "Mozilla/5.0 (compatible; DataForSeoBot/1.0; +https://dataforseo.com/dataforseo-bot)"
136.243.228.194 - - [13/Jul/2025:12:47:22 -0400] "GET /items/sqlso139/27233?key=palm HTTP/1.1" 404 23128 "-" "Mozilla/5.0 (compatible; DataForSeoBot/1.0; +https://dataforseo.com/dataforseo-bot)"
136.243.228.194 - - [13/Jul/2025:12:47:27 -0400] "GET /items/vfkjk30/13416?key=detect HTTP/1.1" 404 23126 "-" "Mozilla/5.0 (compatible; DataForSeoBot/1.0; +https://dataforseo.com/dataforseo-bot)"
136.243.228.194 - - [13/Jul/2025:12:47:31 -0400] "GET /282dwg563.html HTTP/1.1" 404 23126 "-" "Mozilla/5.0 (compatible; DataForSeoBot/1.0; +https://dataforseo.com/dataforseo-bot)"
136.243.228.194 - - [13/Jul/2025:12:47:37 -0400] "GET /130ohc3349.html HTTP/1.1" 404 23126 "-" "Mozilla/5.0 (compatible; DataForSeoBot/1.0; +https://dataforseo.com/dataforseo-bot)"
66.249.68.132 - - [13/Jul/2025:12:47:43 -0400] "GET /pcmypage?callback=product%2Fdetail%2Fdiytool-marusakuinuki45 HTTP/1.1" 200 87277 "-" "Mozilla/5.0 (Linux; Android 6.0.1; Nexus 5X Build/MMB29P) AppleWebKit/537.36 (KHTML, like Gecko) Chrome/137.0.7151.103 Mobile Safari/537.36 (compatible; Googlebot/2.1; +http://www.google.com/bot.html)"
136.243.228.194 - - [13/Jul/2025:12:47:42 -0400] "GET /65obs21172.html HTTP/1.1" 404 23128 "-" "Mozilla/5.0 (compatible; DataForSeoBot/1.0; +https://dataforseo.com/dataforseo-bot)"
136.243.228.194 - - [13/Jul/2025:12:47:47 -0400] "GET /214bqd14259.html HTTP/1.1" 404 23126 "-" "Mozilla/5.0 (compatible; DataForSeoBot/1.0; +https://dataforseo.com/dataforseo-bot)"
136.243.228.194 - - [13/Jul/2025:12:47:52 -0400] "GET /items/yjzwz156/2928?key=boss HTTP/1.1" 404 23128 "-" "Mozilla/5.0 (compatible; DataForSeoBot/1.0; +https://dataforseo.com/dataforseo-bot)"
136.243.228.194 - - [13/Jul/2025:12:47:58 -0400] "GET /234wbxr9583.html HTTP/1.1" 404 23126 "-" "Mozilla/5.0 (compatible; DataForSeoBot/1.0; +https://dataforseo.com/dataforseo-bot)"
66.29.146.47 - - [13/Jul/2025:12:48:04 -0400] "POST /wp-cron.php?doing_wp_cron=1752425283.8485879898071289062500 HTTP/1.1" 403 1242 "-" "WordPress/6.8; https://dangroup.sa"
136.243.228.194 - - [13/Jul/2025:12:48:03 -0400] "GET /289iyffi33830.html HTTP/1.1" 404 23126 "-" "Mozilla/5.0 (compatible; DataForSeoBot/1.0; +https://dataforseo.com/dataforseo-bot)"
136.243.228.194 - - [13/Jul/2025:12:48:09 -0400] "GET /items/fiykc127/1359?key=capture HTTP/1.1" 404 23126 "-" "Mozilla/5.0 (compatible; DataForSeoBot/1.0; +https://dataforseo.com/dataforseo-bot)"
136.243.228.194 - - [13/Jul/2025:12:48:14 -0400] "GET /35ipu23642.html HTTP/1.1" 404 23126 "-" "Mozilla/5.0 (compatible; DataForSeoBot/1.0; +https://dataforseo.com/dataforseo-bot)"
20.171.207.193 - - [13/Jul/2025:12:48:15 -0400] "GET /217owxfo30762.html HTTP/1.1" 404 23126 "-" "Mozilla/5.0 AppleWebKit/537.36 (KHTML, like Gecko; compatible; GPTBot/1.2; +https://openai.com/gptbot)"
136.243.228.194 - - [13/Jul/2025:12:48:22 -0400] "GET /items/qoxiz181/47493?key=explain HTTP/1.1" 404 23128 "-" "Mozilla/5.0 (compatible; DataForSeoBot/1.0; +https://dataforseo.com/dataforseo-bot)"
136.243.228.194 - - [13/Jul/2025:12:48:26 -0400] "GET /items/oloox180/33672?key=send HTTP/1.1" 404 23126 "-" "Mozilla/5.0 (compatible; DataForSeoBot/1.0; +https://dataforseo.com/dataforseo-bot)"
136.243.228.194 - - [13/Jul/2025:12:48:30 -0400] "GET /237dzo11276.html HTTP/1.1" 404 23126 "-" "Mozilla/5.0 (compatible; DataForSeoBot/1.0; +https://dataforseo.com/dataforseo-bot)"
136.243.228.194 - - [13/Jul/2025:12:48:35 -0400] "GET /274tehob17961.html HTTP/1.1" 404 23126 "-" "Mozilla/5.0 (compatible; DataForSeoBot/1.0; +https://dataforseo.com/dataforseo-bot)"
136.243.228.194 - - [13/Jul/2025:12:48:47 -0400] "GET /items/mginq150/14132?key=teammate HTTP/1.1" 404 23126 "-" "Mozilla/5.0 (compatible; DataForSeoBot/1.0; +https://dataforseo.com/dataforseo-bot)"
136.243.228.194 - - [13/Jul/2025:12:48:55 -0400] "GET /210akx34755.html HTTP/1.1" 404 23126 "-" "Mozilla/5.0 (compatible; DataForSeoBot/1.0; +https://dataforseo.com/dataforseo-bot)"
136.243.228.194 - - [13/Jul/2025:12:49:02 -0400] "GET /126ksdh47109.html HTTP/1.1" 404 23126 "-" "Mozilla/5.0 (compatible; DataForSeoBot/1.0; +https://dataforseo.com/dataforseo-bot)"
66.29.146.47 - - [13/Jul/2025:12:49:09 -0400] "POST /wp-cron.php?doing_wp_cron=1752425349.2551610469818115234375 HTTP/1.1" 403 1242 "-" "WordPress/6.8; https://dangroup.sa"
136.243.228.194 - - [13/Jul/2025:12:49:08 -0400] "GET /items/mlqrq73/14567?key=poverty HTTP/1.1" 404 23126 "-" "Mozilla/5.0 (compatible; DataForSeoBot/1.0; +https://dataforseo.com/dataforseo-bot)"
20.171.207.193 - - [13/Jul/2025:12:49:10 -0400] "GET /160iygqg24497.html HTTP/1.1" 404 23128 "-" "Mozilla/5.0 AppleWebKit/537.36 (KHTML, like Gecko; compatible; GPTBot/1.2; +https://openai.com/gptbot)"
136.243.228.194 - - [13/Jul/2025:12:49:16 -0400] "GET /184jtvy13125.html HTTP/1.1" 404 23126 "-" "Mozilla/5.0 (compatible; DataForSeoBot/1.0; +https://dataforseo.com/dataforseo-bot)"
136.243.228.194 - - [13/Jul/2025:12:49:20 -0400] "GET /items/unedg240/1266?key=whip HTTP/1.1" 404 23126 "-" "Mozilla/5.0 (compatible; DataForSeoBot/1.0; +https://dataforseo.com/dataforseo-bot)"
136.243.228.194 - - [13/Jul/2025:12:49:25 -0400] "GET /12mznjt3269.html HTTP/1.1" 404 23126 "-" "Mozilla/5.0 (compatible; DataForSeoBot/1.0; +https://dataforseo.com/dataforseo-bot)"
136.243.228.194 - - [13/Jul/2025:12:49:31 -0400] "GET /209hlyuz19880.html HTTP/1.1" 404 23126 "-" "Mozilla/5.0 (compatible; DataForSeoBot/1.0; +https://dataforseo.com/dataforseo-bot)"
136.243.228.194 - - [13/Jul/2025:12:49:35 -0400] "GET /198rah2959.html HTTP/1.1" 404 23128 "-" "Mozilla/5.0 (compatible; DataForSeoBot/1.0; +https://dataforseo.com/dataforseo-bot)"
136.243.228.194 - - [13/Jul/2025:12:49:41 -0400] "GET /270wwcai2865.html HTTP/1.1" 404 23126 "-" "Mozilla/5.0 (compatible; DataForSeoBot/1.0; +https://dataforseo.com/dataforseo-bot)"
136.243.228.194 - - [13/Jul/2025:12:49:45 -0400] "GET /198ccm3509.html HTTP/1.1" 404 23126 "-" "Mozilla/5.0 (compatible; DataForSeoBot/1.0; +https://dataforseo.com/dataforseo-bot)"
136.243.228.194 - - [13/Jul/2025:12:49:50 -0400] "GET /items/cybvf114/25564?key=extension HTTP/1.1" 404 23126 "-" "Mozilla/5.0 (compatible; DataForSeoBot/1.0; +https://dataforseo.com/dataforseo-bot)"
136.243.228.194 - - [13/Jul/2025:12:49:54 -0400] "GET /43utsim19310.html HTTP/1.1" 404 23128 "-" "Mozilla/5.0 (compatible; DataForSeoBot/1.0; +https://dataforseo.com/dataforseo-bot)"
136.243.228.194 - - [13/Jul/2025:12:50:00 -0400] "GET /items/paowl9/17345?key=one HTTP/1.1" 404 23126 "-" "Mozilla/5.0 (compatible; DataForSeoBot/1.0; +https://dataforseo.com/dataforseo-bot)"
136.243.228.194 - - [13/Jul/2025:12:50:06 -0400] "GET /170fpxsd33739.html HTTP/1.1" 404 23126 "-" "Mozilla/5.0 (compatible; DataForSeoBot/1.0; +https://dataforseo.com/dataforseo-bot)"
20.171.207.193 - - [13/Jul/2025:12:50:12 -0400] "GET /207euwas26850.html HTTP/1.1" 404 23126 "-" "Mozilla/5.0 AppleWebKit/537.36 (KHTML, like Gecko; compatible; GPTBot/1.2; +https://openai.com/gptbot)"
136.243.228.194 - - [13/Jul/2025:12:50:14 -0400] "GET /146rjga42255.html HTTP/1.1" 404 23126 "-" "Mozilla/5.0 (compatible; DataForSeoBot/1.0; +https://dataforseo.com/dataforseo-bot)"
136.243.228.194 - - [13/Jul/2025:12:50:21 -0400] "GET /items/bpqow15/13335?key=teenage HTTP/1.1" 404 23126 "-" "Mozilla/5.0 (compatible; DataForSeoBot/1.0; +https://dataforseo.com/dataforseo-bot)"
