2a00:5400:f014:3496:5909:ee4:43ad:ee2f - - [13/Jul/2025:10:26:19 -0400] "GET /wp-content/plugins/elementor-pro/assets/js/elements-handlers.min.js?ver=3.29.1 HTTP/1.1" 304 0 "https://dangroup.sa/ar/" "Mozilla/5.0 (iPhone; CPU iPhone OS 18_5 like Mac OS X) AppleWebKit/605.1.15 (KHTML, like Gecko) Version/18.5 Mobile/15E148 Safari/604.1"
2a00:5400:f014:3496:5909:ee4:43ad:ee2f - - [13/Jul/2025:10:26:19 -0400] "GET /wp-content/plugins/google-site-kit/dist/assets/js/googlesitekit-events-provider-contact-form-7-84e9a1056bc4922b7cbd.js HTTP/1.1" 304 0 "https://dangroup.sa/ar/" "Mozilla/5.0 (iPhone; CPU iPhone OS 18_5 like Mac OS X) AppleWebKit/605.1.15 (KHTML, like Gecko) Version/18.5 Mobile/15E148 Safari/604.1"
2a00:5400:f014:3496:5909:ee4:43ad:ee2f - - [13/Jul/2025:10:26:19 -0400] "GET /wp-content/plugins/elementor-pro/assets/js/webpack-pro.runtime.min.js?ver=3.29.1 HTTP/1.1" 304 0 "https://dangroup.sa/ar/" "Mozilla/5.0 (iPhone; CPU iPhone OS 18_5 like Mac OS X) AppleWebKit/605.1.15 (KHTML, like Gecko) Version/18.5 Mobile/15E148 Safari/604.1"
2a00:5400:f014:3496:5909:ee4:43ad:ee2f - - [13/Jul/2025:10:26:19 -0400] "GET /wp-content/plugins/elementor/assets/js/frontend-modules.min.js?ver=3.28.4 HTTP/1.1" 304 0 "https://dangroup.sa/ar/" "Mozilla/5.0 (iPhone; CPU iPhone OS 18_5 like Mac OS X) AppleWebKit/605.1.15 (KHTML, like Gecko) Version/18.5 Mobile/15E148 Safari/604.1"
2a00:5400:f014:3496:5909:ee4:43ad:ee2f - - [13/Jul/2025:10:26:19 -0400] "GET /wp-content/plugins/animation-addons-for-elementor/assets/js/widgets/nav-menu.min.js?ver=6.8 HTTP/1.1" 304 0 "https://dangroup.sa/ar/" "Mozilla/5.0 (iPhone; CPU iPhone OS 18_5 like Mac OS X) AppleWebKit/605.1.15 (KHTML, like Gecko) Version/18.5 Mobile/15E148 Safari/604.1"
2a00:5400:f014:3496:5909:ee4:43ad:ee2f - - [13/Jul/2025:10:26:19 -0400] "GET /wp-content/plugins/elementor-pro/assets/js/frontend.min.js?ver=3.29.1 HTTP/1.1" 304 0 "https://dangroup.sa/ar/" "Mozilla/5.0 (iPhone; CPU iPhone OS 18_5 like Mac OS X) AppleWebKit/605.1.15 (KHTML, like Gecko) Version/18.5 Mobile/15E148 Safari/604.1"
2a00:5400:f014:3496:5909:ee4:43ad:ee2f - - [13/Jul/2025:10:26:20 -0400] "GET /wp-content/uploads/elementor/google-fonts/fonts/elmessiri-k2f0fzbrmr9vq1pheey6mo2aag.woff2 HTTP/1.1" 200 23540 "https://dangroup.sa/ar/" "Mozilla/5.0 (iPhone; CPU iPhone OS 18_5 like Mac OS X) AppleWebKit/605.1.15 (KHTML, like Gecko) Version/18.5 Mobile/15E148 Safari/604.1"
2a00:5400:f014:3496:5909:ee4:43ad:ee2f - - [13/Jul/2025:10:26:20 -0400] "GET /wp-content/uploads/useanyfont/3571dan-font.woff2 HTTP/1.1" 200 26948 "https://dangroup.sa/ar/" "Mozilla/5.0 (iPhone; CPU iPhone OS 18_5 like Mac OS X) AppleWebKit/605.1.15 (KHTML, like Gecko) Version/18.5 Mobile/15E148 Safari/604.1"
2a00:5400:f014:3496:5909:ee4:43ad:ee2f - - [13/Jul/2025:10:26:20 -0400] "GET /wp-content/uploads/elementor/google-fonts/fonts/elmessiri-k2f0fzbrmr9vq1pheey6moiaahlz.woff2 HTTP/1.1" 200 20140 "https://dangroup.sa/ar/" "Mozilla/5.0 (iPhone; CPU iPhone OS 18_5 like Mac OS X) AppleWebKit/605.1.15 (KHTML, like Gecko) Version/18.5 Mobile/15E148 Safari/604.1"
2a00:5400:f014:3496:5909:ee4:43ad:ee2f - - [13/Jul/2025:10:26:20 -0400] "GET /wp-content/themes/arolax/assets/fonts/icomoon.ttf?nh9vrv HTTP/1.1" 200 21708 "https://dangroup.sa/ar/" "Mozilla/5.0 (iPhone; CPU iPhone OS 18_5 like Mac OS X) AppleWebKit/605.1.15 (KHTML, like Gecko) Version/18.5 Mobile/15E148 Safari/604.1"
2a00:5400:f014:3496:5909:ee4:43ad:ee2f - - [13/Jul/2025:10:26:20 -0400] "GET /wp-content/plugins/elementor/assets/js/text-editor.c084ef86600b6f11690d.bundle.min.js HTTP/1.1" 304 0 "https://dangroup.sa/ar/" "Mozilla/5.0 (iPhone; CPU iPhone OS 18_5 like Mac OS X) AppleWebKit/605.1.15 (KHTML, like Gecko) Version/18.5 Mobile/15E148 Safari/604.1"
136.243.228.194 - - [13/Jul/2025:10:26:16 -0400] "GET /288phc32047.html HTTP/1.1" 404 23126 "-" "Mozilla/5.0 (compatible; DataForSeoBot/1.0; +https://dataforseo.com/dataforseo-bot)"
136.243.228.194 - - [13/Jul/2025:10:26:24 -0400] "GET /items/srocf157/1109?key=officer HTTP/1.1" 404 23126 "-" "Mozilla/5.0 (compatible; DataForSeoBot/1.0; +https://dataforseo.com/dataforseo-bot)"
136.243.228.194 - - [13/Jul/2025:10:26:31 -0400] "GET /items/fcvrd44/12120?key=fundamental HTTP/1.1" 404 23126 "-" "Mozilla/5.0 (compatible; DataForSeoBot/1.0; +https://dataforseo.com/dataforseo-bot)"
136.243.228.194 - - [13/Jul/2025:10:26:38 -0400] "GET /items/msaso263/17667?key=headache HTTP/1.1" 404 23126 "-" "Mozilla/5.0 (compatible; DataForSeoBot/1.0; +https://dataforseo.com/dataforseo-bot)"
66.29.146.47 - - [13/Jul/2025:10:26:43 -0400] "POST /wp-cron.php?doing_wp_cron=1752416803.5348389148712158203125 HTTP/1.1" 403 1242 "-" "WordPress/6.8; https://dangroup.sa"
136.243.228.194 - - [13/Jul/2025:10:26:43 -0400] "GET /128yyqd19645.html HTTP/1.1" 404 23126 "-" "Mozilla/5.0 (compatible; DataForSeoBot/1.0; +https://dataforseo.com/dataforseo-bot)"
136.243.228.194 - - [13/Jul/2025:10:26:47 -0400] "GET /items/ujoly135/32391?key=I HTTP/1.1" 404 23126 "-" "Mozilla/5.0 (compatible; DataForSeoBot/1.0; +https://dataforseo.com/dataforseo-bot)"
136.243.228.194 - - [13/Jul/2025:10:26:56 -0400] "GET /items/ukvev169/8909?key=voice HTTP/1.1" 404 23126 "-" "Mozilla/5.0 (compatible; DataForSeoBot/1.0; +https://dataforseo.com/dataforseo-bot)"
136.243.228.194 - - [13/Jul/2025:10:27:02 -0400] "GET /232suas38925.html HTTP/1.1" 404 23126 "-" "Mozilla/5.0 (compatible; DataForSeoBot/1.0; +https://dataforseo.com/dataforseo-bot)"
136.243.228.194 - - [13/Jul/2025:10:27:10 -0400] "GET /items/rfuru170/20090?key=historically HTTP/1.1" 404 23126 "-" "Mozilla/5.0 (compatible; DataForSeoBot/1.0; +https://dataforseo.com/dataforseo-bot)"
136.243.228.194 - - [13/Jul/2025:10:27:22 -0400] "GET /243hno30398.html HTTP/1.1" 404 23126 "-" "Mozilla/5.0 (compatible; DataForSeoBot/1.0; +https://dataforseo.com/dataforseo-bot)"
136.243.228.194 - - [13/Jul/2025:10:27:27 -0400] "GET /163zjdq9858.html HTTP/1.1" 404 23126 "-" "Mozilla/5.0 (compatible; DataForSeoBot/1.0; +https://dataforseo.com/dataforseo-bot)"
136.243.228.194 - - [13/Jul/2025:10:27:34 -0400] "GET /items/wiwoh266/16392?key=African HTTP/1.1" 404 23126 "-" "Mozilla/5.0 (compatible; DataForSeoBot/1.0; +https://dataforseo.com/dataforseo-bot)"
136.243.228.194 - - [13/Jul/2025:10:27:41 -0400] "GET /items/gvqlj292/26790?key=change HTTP/1.1" 404 23126 "-" "Mozilla/5.0 (compatible; DataForSeoBot/1.0; +https://dataforseo.com/dataforseo-bot)"
66.29.146.47 - - [13/Jul/2025:10:27:52 -0400] "POST /wp-cron.php?doing_wp_cron=1752416872.1383559703826904296875 HTTP/1.1" 403 1242 "-" "WordPress/6.8; https://dangroup.sa"
136.243.228.194 - - [13/Jul/2025:10:27:50 -0400] "GET /98ipcur37441.html HTTP/1.1" 404 23126 "-" "Mozilla/5.0 (compatible; DataForSeoBot/1.0; +https://dataforseo.com/dataforseo-bot)"
136.243.228.194 - - [13/Jul/2025:10:27:59 -0400] "GET /items/iixpn140/44706?key=advise HTTP/1.1" 404 23126 "-" "Mozilla/5.0 (compatible; DataForSeoBot/1.0; +https://dataforseo.com/dataforseo-bot)"
69.197.182.50 - - [13/Jul/2025:10:28:14 -0400] "GET /wp-content/install.php HTTP/1.1" 200 10 "https://dangroup.sa/wp-content/install.php" "Mozilla/5.0 (Windows NT 10.0; Win64; x64) AppleWebKit/537.36 (KHTML, like Gecko) Chrome/58.0.3029.110 Safari/537.3"
136.243.228.194 - - [13/Jul/2025:10:28:09 -0400] "GET /items/xvbvh242/21010?key=policeman HTTP/1.1" 404 23126 "-" "Mozilla/5.0 (compatible; DataForSeoBot/1.0; +https://dataforseo.com/dataforseo-bot)"
136.243.228.194 - - [13/Jul/2025:10:28:17 -0400] "GET /items/vvgsw78/25034?key=recording HTTP/1.1" 404 23305 "-" "Mozilla/5.0 (compatible; DataForSeoBot/1.0; +https://dataforseo.com/dataforseo-bot)"
2001:16a2:ce7f:9400:9c77:18f4:878e:9b41 - - [13/Jul/2025:10:28:21 -0400] "GET / HTTP/1.1" 200 33218 "https://linktr.ee/" "Mozilla/5.0 (iPhone; CPU iPhone OS 18_5 like Mac OS X) AppleWebKit/605.1.15 (KHTML, like Gecko) Mobile/22F76 Instagram 388.0.0.15.79 (iPhone13,3; iOS 18_5; en_US; en; scale=3.00; 1170x2532; 758508722; IABMV/1)"
2001:16a2:ce7f:9400:9c77:18f4:878e:9b41 - - [13/Jul/2025:10:28:32 -0400] "GET /wp-includes/js/jquery/jquery-migrate.min.js?ver=3.4.1 HTTP/1.1" 304 0 "https://dangroup.sa/" "Mozilla/5.0 (iPhone; CPU iPhone OS 18_5 like Mac OS X) AppleWebKit/605.1.15 (KHTML, like Gecko) Mobile/22F76 Instagram 388.0.0.15.79 (iPhone13,3; iOS 18_5; en_US; en; scale=3.00; 1170x2532; 758508722; IABMV/1)"
2001:16a2:ce7f:9400:9c77:18f4:878e:9b41 - - [13/Jul/2025:10:28:32 -0400] "GET /wp-includes/js/jquery/jquery.min.js?ver=3.7.1 HTTP/1.1" 304 0 "https://dangroup.sa/" "Mozilla/5.0 (iPhone; CPU iPhone OS 18_5 like Mac OS X) AppleWebKit/605.1.15 (KHTML, like Gecko) Mobile/22F76 Instagram 388.0.0.15.79 (iPhone13,3; iOS 18_5; en_US; en; scale=3.00; 1170x2532; 758508722; IABMV/1)"
2001:16a2:ce7f:9400:9c77:18f4:878e:9b41 - - [13/Jul/2025:10:28:32 -0400] "GET /wp-content/plugins/extension-for-animation-addons/assets/lib/gsap.min.js?ver=6.8 HTTP/1.1" 304 0 "https://dangroup.sa/" "Mozilla/5.0 (iPhone; CPU iPhone OS 18_5 like Mac OS X) AppleWebKit/605.1.15 (KHTML, like Gecko) Mobile/22F76 Instagram 388.0.0.15.79 (iPhone13,3; iOS 18_5; en_US; en; scale=3.00; 1170x2532; 758508722; IABMV/1)"
2001:16a2:ce7f:9400:9c77:18f4:878e:9b41 - - [13/Jul/2025:10:28:32 -0400] "GET /wp-content/plugins/google-site-kit/dist/assets/js/googlesitekit-consent-mode-8917f4bdb6ac659920cf.js HTTP/1.1" 304 0 "https://dangroup.sa/" "Mozilla/5.0 (iPhone; CPU iPhone OS 18_5 like Mac OS X) AppleWebKit/605.1.15 (KHTML, like Gecko) Mobile/22F76 Instagram 388.0.0.15.79 (iPhone13,3; iOS 18_5; en_US; en; scale=3.00; 1170x2532; 758508722; IABMV/1)"
2001:16a2:ce7f:9400:9c77:18f4:878e:9b41 - - [13/Jul/2025:10:28:32 -0400] "GET /wp-content/plugins/elementor/assets/js/frontend.min.js?ver=3.28.4 HTTP/1.1" 304 0 "https://dangroup.sa/" "Mozilla/5.0 (iPhone; CPU iPhone OS 18_5 like Mac OS X) AppleWebKit/605.1.15 (KHTML, like Gecko) Mobile/22F76 Instagram 388.0.0.15.79 (iPhone13,3; iOS 18_5; en_US; en; scale=3.00; 1170x2532; 758508722; IABMV/1)"
2001:16a2:ce7f:9400:9c77:18f4:878e:9b41 - - [13/Jul/2025:10:28:32 -0400] "GET /wp-content/themes/arolax/assets/js/bootstrap.bundle.min.js?ver=2 HTTP/1.1" 304 0 "https://dangroup.sa/" "Mozilla/5.0 (iPhone; CPU iPhone OS 18_5 like Mac OS X) AppleWebKit/605.1.15 (KHTML, like Gecko) Mobile/22F76 Instagram 388.0.0.15.79 (iPhone13,3; iOS 18_5; en_US; en; scale=3.00; 1170x2532; 758508722; IABMV/1)"
2001:16a2:ce7f:9400:9c77:18f4:878e:9b41 - - [13/Jul/2025:10:28:32 -0400] "GET /wp-includes/js/jquery/ui/core.min.js?ver=1.13.3 HTTP/1.1" 304 0 "https://dangroup.sa/" "Mozilla/5.0 (iPhone; CPU iPhone OS 18_5 like Mac OS X) AppleWebKit/605.1.15 (KHTML, like Gecko) Mobile/22F76 Instagram 388.0.0.15.79 (iPhone13,3; iOS 18_5; en_US; en; scale=3.00; 1170x2532; 758508722; IABMV/1)"
2001:16a2:ce7f:9400:9c77:18f4:878e:9b41 - - [13/Jul/2025:10:28:32 -0400] "GET /wp-content/plugins/extension-for-animation-addons/assets/lib/ScrollTrigger.min.js?ver=6.8 HTTP/1.1" 304 0 "https://dangroup.sa/" "Mozilla/5.0 (iPhone; CPU iPhone OS 18_5 like Mac OS X) AppleWebKit/605.1.15 (KHTML, like Gecko) Mobile/22F76 Instagram 388.0.0.15.79 (iPhone13,3; iOS 18_5; en_US; en; scale=3.00; 1170x2532; 758508722; IABMV/1)"
2001:16a2:ce7f:9400:9c77:18f4:878e:9b41 - - [13/Jul/2025:10:28:32 -0400] "GET /wp-includes/js/dist/hooks.min.js?ver=4d63a3d491d11ffd8ac6 HTTP/1.1" 304 0 "https://dangroup.sa/" "Mozilla/5.0 (iPhone; CPU iPhone OS 18_5 like Mac OS X) AppleWebKit/605.1.15 (KHTML, like Gecko) Mobile/22F76 Instagram 388.0.0.15.79 (iPhone13,3; iOS 18_5; en_US; en; scale=3.00; 1170x2532; 758508722; IABMV/1)"
2001:16a2:ce7f:9400:9c77:18f4:878e:9b41 - - [13/Jul/2025:10:28:32 -0400] "GET /wp-includes/js/dist/i18n.min.js?ver=5e580eb46a90c2b997e6 HTTP/1.1" 304 0 "https://dangroup.sa/" "Mozilla/5.0 (iPhone; CPU iPhone OS 18_5 like Mac OS X) AppleWebKit/605.1.15 (KHTML, like Gecko) Mobile/22F76 Instagram 388.0.0.15.79 (iPhone13,3; iOS 18_5; en_US; en; scale=3.00; 1170x2532; 758508722; IABMV/1)"
2001:16a2:ce7f:9400:9c77:18f4:878e:9b41 - - [13/Jul/2025:10:28:32 -0400] "GET /wp-content/plugins/extension-for-animation-addons/assets/lib/mixitup.min.js?ver=6.8 HTTP/1.1" 304 0 "https://dangroup.sa/" "Mozilla/5.0 (iPhone; CPU iPhone OS 18_5 like Mac OS X) AppleWebKit/605.1.15 (KHTML, like Gecko) Mobile/22F76 Instagram 388.0.0.15.79 (iPhone13,3; iOS 18_5; en_US; en; scale=3.00; 1170x2532; 758508722; IABMV/1)"
2001:16a2:ce7f:9400:9c77:18f4:878e:9b41 - - [13/Jul/2025:10:28:32 -0400] "GET /wp-content/plugins/elementor/assets/js/frontend-modules.min.js?ver=3.28.4 HTTP/1.1" 304 0 "https://dangroup.sa/" "Mozilla/5.0 (iPhone; CPU iPhone OS 18_5 like Mac OS X) AppleWebKit/605.1.15 (KHTML, like Gecko) Mobile/22F76 Instagram 388.0.0.15.79 (iPhone13,3; iOS 18_5; en_US; en; scale=3.00; 1170x2532; 758508722; IABMV/1)"
2001:16a2:ce7f:9400:9c77:18f4:878e:9b41 - - [13/Jul/2025:10:28:32 -0400] "GET /wp-content/plugins/contact-form-7/includes/js/index.js?ver=5.9.8 HTTP/1.1" 304 0 "https://dangroup.sa/" "Mozilla/5.0 (iPhone; CPU iPhone OS 18_5 like Mac OS X) AppleWebKit/605.1.15 (KHTML, like Gecko) Mobile/22F76 Instagram 388.0.0.15.79 (iPhone13,3; iOS 18_5; en_US; en; scale=3.00; 1170x2532; 758508722; IABMV/1)"
2001:16a2:ce7f:9400:9c77:18f4:878e:9b41 - - [13/Jul/2025:10:28:32 -0400] "GET /wp-content/themes/arolax/assets/js/jquery.meanmenu.min.js?ver=2 HTTP/1.1" 304 0 "https://dangroup.sa/" "Mozilla/5.0 (iPhone; CPU iPhone OS 18_5 like Mac OS X) AppleWebKit/605.1.15 (KHTML, like Gecko) Mobile/22F76 Instagram 388.0.0.15.79 (iPhone13,3; iOS 18_5; en_US; en; scale=3.00; 1170x2532; 758508722; IABMV/1)"
2001:16a2:ce7f:9400:9c77:18f4:878e:9b41 - - [13/Jul/2025:10:28:32 -0400] "GET /wp-content/plugins/extension-for-animation-addons/assets/lib/SplitText.min.js?ver=6.8 HTTP/1.1" 304 0 "https://dangroup.sa/" "Mozilla/5.0 (iPhone; CPU iPhone OS 18_5 like Mac OS X) AppleWebKit/605.1.15 (KHTML, like Gecko) Mobile/22F76 Instagram 388.0.0.15.79 (iPhone13,3; iOS 18_5; en_US; en; scale=3.00; 1170x2532; 758508722; IABMV/1)"
2001:16a2:ce7f:9400:9c77:18f4:878e:9b41 - - [13/Jul/2025:10:28:32 -0400] "GET /wp-content/plugins/extension-for-animation-addons/assets/js/wcf-addons-ex.js?ver=6.8 HTTP/1.1" 304 0 "https://dangroup.sa/" "Mozilla/5.0 (iPhone; CPU iPhone OS 18_5 like Mac OS X) AppleWebKit/605.1.15 (KHTML, like Gecko) Mobile/22F76 Instagram 388.0.0.15.79 (iPhone13,3; iOS 18_5; en_US; en; scale=3.00; 1170x2532; 758508722; IABMV/1)"
2001:16a2:ce7f:9400:9c77:18f4:878e:9b41 - - [13/Jul/2025:10:28:32 -0400] "GET /wp-content/plugins/extension-for-animation-addons/assets/lib/ScrollSmoother.min.js?ver=6.8 HTTP/1.1" 304 0 "https://dangroup.sa/" "Mozilla/5.0 (iPhone; CPU iPhone OS 18_5 like Mac OS X) AppleWebKit/605.1.15 (KHTML, like Gecko) Mobile/22F76 Instagram 388.0.0.15.79 (iPhone13,3; iOS 18_5; en_US; en; scale=3.00; 1170x2532; 758508722; IABMV/1)"
2001:16a2:ce7f:9400:9c77:18f4:878e:9b41 - - [13/Jul/2025:10:28:32 -0400] "GET /wp-content/plugins/google-site-kit/dist/assets/js/googlesitekit-events-provider-contact-form-7-84e9a1056bc4922b7cbd.js HTTP/1.1" 304 0 "https://dangroup.sa/" "Mozilla/5.0 (iPhone; CPU iPhone OS 18_5 like Mac OS X) AppleWebKit/605.1.15 (KHTML, like Gecko) Mobile/22F76 Instagram 388.0.0.15.79 (iPhone13,3; iOS 18_5; en_US; en; scale=3.00; 1170x2532; 758508722; IABMV/1)"
2001:16a2:ce7f:9400:9c77:18f4:878e:9b41 - - [13/Jul/2025:10:28:32 -0400] "GET /wp-content/plugins/animation-addons-for-elementor/assets/js/widgets/nav-menu.min.js?ver=6.8 HTTP/1.1" 304 0 "https://dangroup.sa/" "Mozilla/5.0 (iPhone; CPU iPhone OS 18_5 like Mac OS X) AppleWebKit/605.1.15 (KHTML, like Gecko) Mobile/22F76 Instagram 388.0.0.15.79 (iPhone13,3; iOS 18_5; en_US; en; scale=3.00; 1170x2532; 758508722; IABMV/1)"
2001:16a2:ce7f:9400:9c77:18f4:878e:9b41 - - [13/Jul/2025:10:28:32 -0400] "GET /wp-content/plugins/elementor-pro/assets/js/webpack-pro.runtime.min.js?ver=3.29.1 HTTP/1.1" 304 0 "https://dangroup.sa/" "Mozilla/5.0 (iPhone; CPU iPhone OS 18_5 like Mac OS X) AppleWebKit/605.1.15 (KHTML, like Gecko) Mobile/22F76 Instagram 388.0.0.15.79 (iPhone13,3; iOS 18_5; en_US; en; scale=3.00; 1170x2532; 758508722; IABMV/1)"
2001:16a2:ce7f:9400:9c77:18f4:878e:9b41 - - [13/Jul/2025:10:28:32 -0400] "GET /wp-content/plugins/extension-for-animation-addons/assets/lib/jquery.magnific-popup.min.js?ver=6.8 HTTP/1.1" 304 0 "https://dangroup.sa/" "Mozilla/5.0 (iPhone; CPU iPhone OS 18_5 like Mac OS X) AppleWebKit/605.1.15 (KHTML, like Gecko) Mobile/22F76 Instagram 388.0.0.15.79 (iPhone13,3; iOS 18_5; en_US; en; scale=3.00; 1170x2532; 758508722; IABMV/1)"
2001:16a2:ce7f:9400:9c77:18f4:878e:9b41 - - [13/Jul/2025:10:28:32 -0400] "GET /wp-content/plugins/wcf-addons-pro/assets/js/advance-slider.js?ver=6.8 HTTP/1.1" 304 0 "https://dangroup.sa/" "Mozilla/5.0 (iPhone; CPU iPhone OS 18_5 like Mac OS X) AppleWebKit/605.1.15 (KHTML, like Gecko) Mobile/22F76 Instagram 388.0.0.15.79 (iPhone13,3; iOS 18_5; en_US; en; scale=3.00; 1170x2532; 758508722; IABMV/1)"
2001:16a2:ce7f:9400:9c77:18f4:878e:9b41 - - [13/Jul/2025:10:28:32 -0400] "GET /wp-content/plugins/animation-addons-for-elementor/assets/js/widgets/slider.min.js?ver=6.8 HTTP/1.1" 304 0 "https://dangroup.sa/" "Mozilla/5.0 (iPhone; CPU iPhone OS 18_5 like Mac OS X) AppleWebKit/605.1.15 (KHTML, like Gecko) Mobile/22F76 Instagram 388.0.0.15.79 (iPhone13,3; iOS 18_5; en_US; en; scale=3.00; 1170x2532; 758508722; IABMV/1)"
2001:16a2:ce7f:9400:9c77:18f4:878e:9b41 - - [13/Jul/2025:10:28:32 -0400] "GET /wp-content/plugins/animation-addons-for-elementor/assets/js/widgets/counter.min.js?ver=6.8 HTTP/1.1" 304 0 "https://dangroup.sa/" "Mozilla/5.0 (iPhone; CPU iPhone OS 18_5 like Mac OS X) AppleWebKit/605.1.15 (KHTML, like Gecko) Mobile/22F76 Instagram 388.0.0.15.79 (iPhone13,3; iOS 18_5; en_US; en; scale=3.00; 1170x2532; 758508722; IABMV/1)"
2001:16a2:ce7f:9400:9c77:18f4:878e:9b41 - - [13/Jul/2025:10:28:32 -0400] "GET /wp-content/plugins/elementor/assets/lib/swiper/v8/swiper.min.js?ver=8.4.5 HTTP/1.1" 304 0 "https://dangroup.sa/" "Mozilla/5.0 (iPhone; CPU iPhone OS 18_5 like Mac OS X) AppleWebKit/605.1.15 (KHTML, like Gecko) Mobile/22F76 Instagram 388.0.0.15.79 (iPhone13,3; iOS 18_5; en_US; en; scale=3.00; 1170x2532; 758508722; IABMV/1)"
2001:16a2:ce7f:9400:9c77:18f4:878e:9b41 - - [13/Jul/2025:10:28:32 -0400] "GET /wp-content/plugins/extension-for-animation-addons/assets/lib/ScrollToPlugin.min.js?ver=6.8 HTTP/1.1" 304 0 "https://dangroup.sa/" "Mozilla/5.0 (iPhone; CPU iPhone OS 18_5 like Mac OS X) AppleWebKit/605.1.15 (KHTML, like Gecko) Mobile/22F76 Instagram 388.0.0.15.79 (iPhone13,3; iOS 18_5; en_US; en; scale=3.00; 1170x2532; 758508722; IABMV/1)"
2001:16a2:ce7f:9400:9c77:18f4:878e:9b41 - - [13/Jul/2025:10:28:32 -0400] "GET /wp-content/plugins/wcf-addons-pro/assets/js/wcf-addons-pro.js?ver=6.8 HTTP/1.1" 304 0 "https://dangroup.sa/" "Mozilla/5.0 (iPhone; CPU iPhone OS 18_5 like Mac OS X) AppleWebKit/605.1.15 (KHTML, like Gecko) Mobile/22F76 Instagram 388.0.0.15.79 (iPhone13,3; iOS 18_5; en_US; en; scale=3.00; 1170x2532; 758508722; IABMV/1)"
2001:16a2:ce7f:9400:9c77:18f4:878e:9b41 - - [13/Jul/2025:10:28:32 -0400] "GET /wp-content/plugins/chaty/js/cht-front-script.min.js?ver=3.4.21748763706 HTTP/1.1" 304 0 "https://dangroup.sa/" "Mozilla/5.0 (iPhone; CPU iPhone OS 18_5 like Mac OS X) AppleWebKit/605.1.15 (KHTML, like Gecko) Mobile/22F76 Instagram 388.0.0.15.79 (iPhone13,3; iOS 18_5; en_US; en; scale=3.00; 1170x2532; 758508722; IABMV/1)"
2001:16a2:ce7f:9400:9c77:18f4:878e:9b41 - - [13/Jul/2025:10:28:32 -0400] "GET /wp-content/plugins/elementor-pro/assets/js/frontend.min.js?ver=3.29.1 HTTP/1.1" 304 0 "https://dangroup.sa/" "Mozilla/5.0 (iPhone; CPU iPhone OS 18_5 like Mac OS X) AppleWebKit/605.1.15 (KHTML, like Gecko) Mobile/22F76 Instagram 388.0.0.15.79 (iPhone13,3; iOS 18_5; en_US; en; scale=3.00; 1170x2532; 758508722; IABMV/1)"
2001:16a2:ce7f:9400:9c77:18f4:878e:9b41 - - [13/Jul/2025:10:28:32 -0400] "GET /wp-content/plugins/wp-consent-api/assets/js/wp-consent-api.min.js?ver=1.0.8 HTTP/1.1" 304 0 "https://dangroup.sa/" "Mozilla/5.0 (iPhone; CPU iPhone OS 18_5 like Mac OS X) AppleWebKit/605.1.15 (KHTML, like Gecko) Mobile/22F76 Instagram 388.0.0.15.79 (iPhone13,3; iOS 18_5; en_US; en; scale=3.00; 1170x2532; 758508722; IABMV/1)"
2001:16a2:ce7f:9400:9c77:18f4:878e:9b41 - - [13/Jul/2025:10:28:32 -0400] "GET /wp-content/plugins/contact-form-7/includes/swv/js/index.js?ver=5.9.8 HTTP/1.1" 304 0 "https://dangroup.sa/" "Mozilla/5.0 (iPhone; CPU iPhone OS 18_5 like Mac OS X) AppleWebKit/605.1.15 (KHTML, like Gecko) Mobile/22F76 Instagram 388.0.0.15.79 (iPhone13,3; iOS 18_5; en_US; en; scale=3.00; 1170x2532; 758508722; IABMV/1)"
2001:16a2:ce7f:9400:9c77:18f4:878e:9b41 - - [13/Jul/2025:10:28:32 -0400] "GET /wp-content/plugins/wcf-addons-pro/assets/js/advance-slider-effects.js?ver=6.8 HTTP/1.1" 304 0 "https://dangroup.sa/" "Mozilla/5.0 (iPhone; CPU iPhone OS 18_5 like Mac OS X) AppleWebKit/605.1.15 (KHTML, like Gecko) Mobile/22F76 Instagram 388.0.0.15.79 (iPhone13,3; iOS 18_5; en_US; en; scale=3.00; 1170x2532; 758508722; IABMV/1)"
2001:16a2:ce7f:9400:9c77:18f4:878e:9b41 - - [13/Jul/2025:10:28:32 -0400] "GET /wp-content/themes/arolax/assets/js/script.js?ver=2 HTTP/1.1" 304 0 "https://dangroup.sa/" "Mozilla/5.0 (iPhone; CPU iPhone OS 18_5 like Mac OS X) AppleWebKit/605.1.15 (KHTML, like Gecko) Mobile/22F76 Instagram 388.0.0.15.79 (iPhone13,3; iOS 18_5; en_US; en; scale=3.00; 1170x2532; 758508722; IABMV/1)"
2001:16a2:ce7f:9400:9c77:18f4:878e:9b41 - - [13/Jul/2025:10:28:32 -0400] "GET /wp-content/plugins/elementor/assets/lib/jquery-numerator/jquery-numerator.min.js?ver=0.2.1 HTTP/1.1" 304 0 "https://dangroup.sa/" "Mozilla/5.0 (iPhone; CPU iPhone OS 18_5 like Mac OS X) AppleWebKit/605.1.15 (KHTML, like Gecko) Mobile/22F76 Instagram 388.0.0.15.79 (iPhone13,3; iOS 18_5; en_US; en; scale=3.00; 1170x2532; 758508722; IABMV/1)"
2001:16a2:ce7f:9400:9c77:18f4:878e:9b41 - - [13/Jul/2025:10:28:32 -0400] "GET /wp-content/plugins/elementor-pro/assets/js/elements-handlers.min.js?ver=3.29.1 HTTP/1.1" 304 0 "https://dangroup.sa/" "Mozilla/5.0 (iPhone; CPU iPhone OS 18_5 like Mac OS X) AppleWebKit/605.1.15 (KHTML, like Gecko) Mobile/22F76 Instagram 388.0.0.15.79 (iPhone13,3; iOS 18_5; en_US; en; scale=3.00; 1170x2532; 758508722; IABMV/1)"
2001:16a2:ce7f:9400:9c77:18f4:878e:9b41 - - [13/Jul/2025:10:28:32 -0400] "GET /wp-content/plugins/animation-addons-for-elementor/assets/js/wcf-addons.min.js?ver=6.8 HTTP/1.1" 304 0 "https://dangroup.sa/" "Mozilla/5.0 (iPhone; CPU iPhone OS 18_5 like Mac OS X) AppleWebKit/605.1.15 (KHTML, like Gecko) Mobile/22F76 Instagram 388.0.0.15.79 (iPhone13,3; iOS 18_5; en_US; en; scale=3.00; 1170x2532; 758508722; IABMV/1)"
2001:16a2:ce7f:9400:9c77:18f4:878e:9b41 - - [13/Jul/2025:10:28:32 -0400] "GET /wp-content/plugins/elementor/assets/js/webpack.runtime.min.js?ver=3.28.4 HTTP/1.1" 304 0 "https://dangroup.sa/" "Mozilla/5.0 (iPhone; CPU iPhone OS 18_5 like Mac OS X) AppleWebKit/605.1.15 (KHTML, like Gecko) Mobile/22F76 Instagram 388.0.0.15.79 (iPhone13,3; iOS 18_5; en_US; en; scale=3.00; 1170x2532; 758508722; IABMV/1)"
2001:16a2:ce7f:9400:9c77:18f4:878e:9b41 - - [13/Jul/2025:10:28:32 -0400] "GET /wp-content/uploads/elementor/css/custom-widget-icon-list-rtl.min.css?ver=1748904914 HTTP/1.1" 200 935 "https://dangroup.sa/" "Mozilla/5.0 (iPhone; CPU iPhone OS 18_5 like Mac OS X) AppleWebKit/605.1.15 (KHTML, like Gecko) Mobile/22F76 Instagram 388.0.0.15.79 (iPhone13,3; iOS 18_5; en_US; en; scale=3.00; 1170x2532; 758508722; IABMV/1)"
2001:16a2:ce7f:9400:9c77:18f4:878e:9b41 - - [13/Jul/2025:10:28:33 -0400] "GET /wp-content/uploads/2024/11/Group-216.png HTTP/1.1" 200 36675 "https://dangroup.sa/" "Mozilla/5.0 (iPhone; CPU iPhone OS 18_5 like Mac OS X) AppleWebKit/605.1.15 (KHTML, like Gecko) Mobile/22F76 Instagram 388.0.0.15.79 (iPhone13,3; iOS 18_5; en_US; en; scale=3.00; 1170x2532; 758508722; IABMV/1)"
136.243.228.194 - - [13/Jul/2025:10:28:27 -0400] "GET /139hxah23648.html HTTP/1.1" 404 23126 "-" "Mozilla/5.0 (compatible; DataForSeoBot/1.0; +https://dataforseo.com/dataforseo-bot)"
2001:16a2:ce7f:9400:9c77:18f4:878e:9b41 - - [13/Jul/2025:10:28:33 -0400] "GET /wp-content/plugins/elementor/assets/js/text-editor.c084ef86600b6f11690d.bundle.min.js HTTP/1.1" 304 0 "https://dangroup.sa/" "Mozilla/5.0 (iPhone; CPU iPhone OS 18_5 like Mac OS X) AppleWebKit/605.1.15 (KHTML, like Gecko) Mobile/22F76 Instagram 388.0.0.15.79 (iPhone13,3; iOS 18_5; en_US; en; scale=3.00; 1170x2532; 758508722; IABMV/1)"
2001:16a2:ce7f:9400:9c77:18f4:878e:9b41 - - [13/Jul/2025:10:28:33 -0400] "GET /wp-content/uploads/2024/11/Group-287.png HTTP/1.1" 200 7694 "https://dangroup.sa/" "Mozilla/5.0 (iPhone; CPU iPhone OS 18_5 like Mac OS X) AppleWebKit/605.1.15 (KHTML, like Gecko) Mobile/22F76 Instagram 388.0.0.15.79 (iPhone13,3; iOS 18_5; en_US; en; scale=3.00; 1170x2532; 758508722; IABMV/1)"
2001:16a2:ce7f:9400:9c77:18f4:878e:9b41 - - [13/Jul/2025:10:28:33 -0400] "GET /wp-content/uploads/2024/11/Group-163.png HTTP/1.1" 200 10308 "https://dangroup.sa/" "Mozilla/5.0 (iPhone; CPU iPhone OS 18_5 like Mac OS X) AppleWebKit/605.1.15 (KHTML, like Gecko) Mobile/22F76 Instagram 388.0.0.15.79 (iPhone13,3; iOS 18_5; en_US; en; scale=3.00; 1170x2532; 758508722; IABMV/1)"
2001:16a2:ce7f:9400:9c77:18f4:878e:9b41 - - [13/Jul/2025:10:28:33 -0400] "GET /wp-content/uploads/2024/12/dan_1.mp4 HTTP/1.1" 304 0 "https://dangroup.sa/" "Mozilla/5.0 (iPhone; CPU iPhone OS 18_5 like Mac OS X) AppleWebKit/605.1.15 (KHTML, like Gecko) Mobile/22F76 Instagram 388.0.0.15.79 (iPhone13,3; iOS 18_5; en_US; en; scale=3.00; 1170x2532; 758508722; IABMV/1)"
136.243.228.194 - - [13/Jul/2025:10:28:34 -0400] "GET /items/qmwmp23/19711?key=smooth HTTP/1.1" 404 23126 "-" "Mozilla/5.0 (compatible; DataForSeoBot/1.0; +https://dataforseo.com/dataforseo-bot)"
136.243.228.194 - - [13/Jul/2025:10:28:43 -0400] "GET /items/ebgsm176/4972?key=shit HTTP/1.1" 404 23126 "-" "Mozilla/5.0 (compatible; DataForSeoBot/1.0; +https://dataforseo.com/dataforseo-bot)"
136.243.228.194 - - [13/Jul/2025:10:28:51 -0400] "GET /125fmswr32152.html HTTP/1.1" 404 23126 "-" "Mozilla/5.0 (compatible; DataForSeoBot/1.0; +https://dataforseo.com/dataforseo-bot)"
66.29.146.47 - - [13/Jul/2025:10:28:58 -0400] "POST /wp-cron.php?doing_wp_cron=1752416937.9355249404907226562500 HTTP/1.1" 403 1242 "-" "WordPress/6.8; https://dangroup.sa"
136.243.228.194 - - [13/Jul/2025:10:28:57 -0400] "GET /261czps5486.html HTTP/1.1" 404 23126 "-" "Mozilla/5.0 (compatible; DataForSeoBot/1.0; +https://dataforseo.com/dataforseo-bot)"
136.243.228.194 - - [13/Jul/2025:10:29:03 -0400] "GET /items/kzlio22/44664?key=lock HTTP/1.1" 404 23126 "-" "Mozilla/5.0 (compatible; DataForSeoBot/1.0; +https://dataforseo.com/dataforseo-bot)"
66.249.68.134 - - [13/Jul/2025:10:29:10 -0400] "GET /items/nsqcp217/893?key=exchange HTTP/1.1" 200 87406 "-" "Mozilla/5.0 (Linux; Android 6.0.1; Nexus 5X Build/MMB29P) AppleWebKit/537.36 (KHTML, like Gecko) Chrome/137.0.7151.119 Mobile Safari/537.36 (compatible; Googlebot/2.1; +http://www.google.com/bot.html)"
136.243.228.194 - - [13/Jul/2025:10:29:08 -0400] "GET /108ppv38821.html HTTP/1.1" 404 23126 "-" "Mozilla/5.0 (compatible; DataForSeoBot/1.0; +https://dataforseo.com/dataforseo-bot)"
136.243.228.194 - - [13/Jul/2025:10:29:14 -0400] "GET /25ebr2178.html HTTP/1.1" 404 23126 "-" "Mozilla/5.0 (compatible; DataForSeoBot/1.0; +https://dataforseo.com/dataforseo-bot)"
136.243.228.194 - - [13/Jul/2025:10:29:20 -0400] "GET /262xntm10803.html HTTP/1.1" 404 23126 "-" "Mozilla/5.0 (compatible; DataForSeoBot/1.0; +https://dataforseo.com/dataforseo-bot)"
136.243.228.194 - - [13/Jul/2025:10:29:28 -0400] "GET /items/ejpuo67/31109?key=long HTTP/1.1" 404 23128 "-" "Mozilla/5.0 (compatible; DataForSeoBot/1.0; +https://dataforseo.com/dataforseo-bot)"
136.243.228.194 - - [13/Jul/2025:10:29:33 -0400] "GET /items/zuhdu186/1234?key=kind HTTP/1.1" 404 23126 "-" "Mozilla/5.0 (compatible; DataForSeoBot/1.0; +https://dataforseo.com/dataforseo-bot)"
136.243.228.194 - - [13/Jul/2025:10:29:37 -0400] "GET /21uaujx22606.html HTTP/1.1" 404 23126 "-" "Mozilla/5.0 (compatible; DataForSeoBot/1.0; +https://dataforseo.com/dataforseo-bot)"
136.243.228.194 - - [13/Jul/2025:10:29:43 -0400] "GET /170wzcr5987.html HTTP/1.1" 404 23126 "-" "Mozilla/5.0 (compatible; DataForSeoBot/1.0; +https://dataforseo.com/dataforseo-bot)"
66.249.79.134 - - [13/Jul/2025:10:29:47 -0400] "GET /items/mupyj52/294?key=motive HTTP/1.1" 200 87002 "-" "Mozilla/5.0 (Linux; Android 6.0.1; Nexus 5X Build/MMB29P) AppleWebKit/537.36 (KHTML, like Gecko) Chrome/137.0.7151.103 Mobile Safari/537.36 (compatible; Googlebot/2.1; +http://www.google.com/bot.html)"
136.243.228.194 - - [13/Jul/2025:10:29:48 -0400] "GET /141vsah13936.html HTTP/1.1" 404 23126 "-" "Mozilla/5.0 (compatible; DataForSeoBot/1.0; +https://dataforseo.com/dataforseo-bot)"
136.243.228.194 - - [13/Jul/2025:10:29:53 -0400] "GET /items/jahdw84/31714?key=highlight HTTP/1.1" 404 23126 "-" "Mozilla/5.0 (compatible; DataForSeoBot/1.0; +https://dataforseo.com/dataforseo-bot)"
66.29.146.47 - - [13/Jul/2025:10:29:59 -0400] "POST /wp-cron.php?doing_wp_cron=1752416999.7376759052276611328125 HTTP/1.1" 403 1242 "-" "WordPress/6.8; https://dangroup.sa"
136.243.228.194 - - [13/Jul/2025:10:29:59 -0400] "GET /items/ctaxb232/25486?key=hesitate HTTP/1.1" 404 23126 "-" "Mozilla/5.0 (compatible; DataForSeoBot/1.0; +https://dataforseo.com/dataforseo-bot)"
47.82.60.47 - - [13/Jul/2025:10:30:04 -0400] "GET /258ohe19555.html HTTP/1.1" 404 23126 "https://dangroup.sa/258ohe19555.html" "Mozilla/5.0 (Windows NT 10.0; Win64; x64) AppleWebKit/537.36 (KHTML, like Gecko) Chrome/114.0.0.0 Safari/537.36 Edg/114.0.1823.43"
136.243.228.194 - - [13/Jul/2025:10:30:04 -0400] "GET /items/pjnbz39/42239?key=entrance HTTP/1.1" 404 23126 "-" "Mozilla/5.0 (compatible; DataForSeoBot/1.0; +https://dataforseo.com/dataforseo-bot)"
136.243.228.194 - - [13/Jul/2025:10:30:13 -0400] "GET /items/cqavz77/17485?key=film HTTP/1.1" 404 23126 "-" "Mozilla/5.0 (compatible; DataForSeoBot/1.0; +https://dataforseo.com/dataforseo-bot)"
136.243.228.194 - - [13/Jul/2025:10:30:20 -0400] "GET /items/odprb162/30648?key=aside HTTP/1.1" 404 23126 "-" "Mozilla/5.0 (compatible; DataForSeoBot/1.0; +https://dataforseo.com/dataforseo-bot)"
136.243.228.194 - - [13/Jul/2025:10:30:27 -0400] "GET /items/vonfs193/25095?key=constitution HTTP/1.1" 404 23128 "-" "Mozilla/5.0 (compatible; DataForSeoBot/1.0; +https://dataforseo.com/dataforseo-bot)"
136.243.228.194 - - [13/Jul/2025:10:30:32 -0400] "GET /45nkh15086.html HTTP/1.1" 404 23126 "-" "Mozilla/5.0 (compatible; DataForSeoBot/1.0; +https://dataforseo.com/dataforseo-bot)"
136.243.228.194 - - [13/Jul/2025:10:30:37 -0400] "GET /184ddcai33187.html HTTP/1.1" 404 23128 "-" "Mozilla/5.0 (compatible; DataForSeoBot/1.0; +https://dataforseo.com/dataforseo-bot)"
136.243.228.194 - - [13/Jul/2025:10:30:42 -0400] "GET /54zroe21543.html HTTP/1.1" 404 23126 "-" "Mozilla/5.0 (compatible; DataForSeoBot/1.0; +https://dataforseo.com/dataforseo-bot)"
66.249.79.135 - - [13/Jul/2025:10:30:49 -0400] "GET /17iha478.html HTTP/1.1" 200 86470 "-" "Mozilla/5.0 (Linux; Android 6.0.1; Nexus 5X Build/MMB29P) AppleWebKit/537.36 (KHTML, like Gecko) Chrome/137.0.7151.103 Mobile Safari/537.36 (compatible; Googlebot/2.1; +http://www.google.com/bot.html)"
136.243.228.194 - - [13/Jul/2025:10:30:48 -0400] "GET /140usob39227.html HTTP/1.1" 404 23126 "-" "Mozilla/5.0 (compatible; DataForSeoBot/1.0; +https://dataforseo.com/dataforseo-bot)"
136.243.228.194 - - [13/Jul/2025:10:30:53 -0400] "GET /items/hpexf105/20703?key=dozen HTTP/1.1" 404 23126 "-" "Mozilla/5.0 (compatible; DataForSeoBot/1.0; +https://dataforseo.com/dataforseo-bot)"
66.29.146.47 - - [13/Jul/2025:10:31:00 -0400] "POST /wp-cron.php?doing_wp_cron=1752417059.8878018856048583984375 HTTP/1.1" 403 1242 "-" "WordPress/6.8; https://dangroup.sa"
136.243.228.194 - - [13/Jul/2025:10:30:59 -0400] "GET /items/zdfew14/18260?key=hopefully HTTP/1.1" 404 23126 "-" "Mozilla/5.0 (compatible; DataForSeoBot/1.0; +https://dataforseo.com/dataforseo-bot)"
136.243.228.194 - - [13/Jul/2025:10:31:04 -0400] "GET /136ycsoi24993.html HTTP/1.1" 404 23126 "-" "Mozilla/5.0 (compatible; DataForSeoBot/1.0; +https://dataforseo.com/dataforseo-bot)"
136.243.228.194 - - [13/Jul/2025:10:31:09 -0400] "GET /76vxz28727.html HTTP/1.1" 404 23126 "-" "Mozilla/5.0 (compatible; DataForSeoBot/1.0; +https://dataforseo.com/dataforseo-bot)"
136.243.228.194 - - [13/Jul/2025:10:31:14 -0400] "GET /22vzokr16057.html HTTP/1.1" 404 23126 "-" "Mozilla/5.0 (compatible; DataForSeoBot/1.0; +https://dataforseo.com/dataforseo-bot)"
47.82.60.16 - - [13/Jul/2025:10:31:16 -0400] "GET /114qfpqo23107.html HTTP/1.1" 404 23126 "https://dangroup.sa/114qfpqo23107.html" "Mozilla/5.0 (Windows NT 10.0; Win64; x64) AppleWebKit/537.36 (KHTML, like Gecko) Chrome/114.0.0.0 Safari/537.36 Edg/114.0.1823.43"
136.243.228.194 - - [13/Jul/2025:10:31:20 -0400] "GET /252xemc32641.html HTTP/1.1" 404 23126 "-" "Mozilla/5.0 (compatible; DataForSeoBot/1.0; +https://dataforseo.com/dataforseo-bot)"
136.243.228.194 - - [13/Jul/2025:10:31:26 -0400] "GET /126intvv1755.html HTTP/1.1" 404 23128 "-" "Mozilla/5.0 (compatible; DataForSeoBot/1.0; +https://dataforseo.com/dataforseo-bot)"
136.243.228.194 - - [13/Jul/2025:10:31:30 -0400] "GET /209zwhie12090.html HTTP/1.1" 404 23126 "-" "Mozilla/5.0 (compatible; DataForSeoBot/1.0; +https://dataforseo.com/dataforseo-bot)"
47.82.60.39 - - [13/Jul/2025:10:31:35 -0400] "GET /items/zetiq184/33900?key=dangerous HTTP/1.1" 301 0 "https://www.dangroup.sa/items/zetiq184/33900?key=dangerous" "Mozilla/5.0 (Windows NT 10.0; Win64; x64) AppleWebKit/537.36 (KHTML, like Gecko) Chrome/114.0.0.0 Safari/537.36 Edg/114.0.1823.43"
136.243.228.194 - - [13/Jul/2025:10:31:36 -0400] "GET /items/pmeue103/34481?key=democracy HTTP/1.1" 404 23126 "-" "Mozilla/5.0 (compatible; DataForSeoBot/1.0; +https://dataforseo.com/dataforseo-bot)"
47.82.60.39 - - [13/Jul/2025:10:31:36 -0400] "GET /items/zetiq184/33900?key=dangerous HTTP/1.1" 404 23126 "https://www.dangroup.sa/items/zetiq184/33900?key=dangerous" "Mozilla/5.0 (Windows NT 10.0; Win64; x64) AppleWebKit/537.36 (KHTML, like Gecko) Chrome/114.0.0.0 Safari/537.36 Edg/114.0.1823.43"
136.243.228.194 - - [13/Jul/2025:10:31:42 -0400] "GET /items/xakji101/44131?key=task HTTP/1.1" 404 23126 "-" "Mozilla/5.0 (compatible; DataForSeoBot/1.0; +https://dataforseo.com/dataforseo-bot)"
136.243.228.194 - - [13/Jul/2025:10:31:48 -0400] "GET /65nfpg21200.html HTTP/1.1" 404 23126 "-" "Mozilla/5.0 (compatible; DataForSeoBot/1.0; +https://dataforseo.com/dataforseo-bot)"
136.243.228.194 - - [13/Jul/2025:10:31:54 -0400] "GET /212xgd1091.html HTTP/1.1" 404 23126 "-" "Mozilla/5.0 (compatible; DataForSeoBot/1.0; +https://dataforseo.com/dataforseo-bot)"
136.243.228.194 - - [13/Jul/2025:10:31:58 -0400] "GET /186bqk38425.html HTTP/1.1" 404 23126 "-" "Mozilla/5.0 (compatible; DataForSeoBot/1.0; +https://dataforseo.com/dataforseo-bot)"
66.29.146.47 - - [13/Jul/2025:10:32:05 -0400] "POST /wp-cron.php?doing_wp_cron=1752417124.8709340095520019531250 HTTP/1.1" 403 1242 "-" "WordPress/6.8; https://dangroup.sa"
66.29.146.47 - - [13/Jul/2025:10:32:05 -0400] "POST /wp-cron.php?doing_wp_cron=1752417125.4665610790252685546875 HTTP/1.1" 403 1242 "-" "WordPress/6.8; https://dangroup.sa"
47.82.60.32 - - [13/Jul/2025:10:32:04 -0400] "GET /38ike21225.html HTTP/1.1" 404 23126 "https://dangroup.sa/38ike21225.html" "Mozilla/5.0 (Windows NT 10.0; Win64; x64) AppleWebKit/537.36 (KHTML, like Gecko) Chrome/114.0.0.0 Safari/537.36 Edg/114.0.1823.43"
136.243.228.194 - - [13/Jul/2025:10:32:04 -0400] "GET /148luro30283.html HTTP/1.1" 404 23126 "-" "Mozilla/5.0 (compatible; DataForSeoBot/1.0; +https://dataforseo.com/dataforseo-bot)"
136.243.228.194 - - [13/Jul/2025:10:32:11 -0400] "GET /items/zfcsz10/48380?key=rice HTTP/1.1" 404 23126 "-" "Mozilla/5.0 (compatible; DataForSeoBot/1.0; +https://dataforseo.com/dataforseo-bot)"
47.82.60.33 - - [13/Jul/2025:10:32:17 -0400] "GET /pcmypage?callback=/product/detail/irst34-trusco-6547513 HTTP/1.1" 301 0 "https://www.dangroup.sa/pcmypage?callback=/product%2Fdetail%2First34-trusco-6547513" "Mozilla/5.0 (Windows NT 10.0; Win64; x64) AppleWebKit/537.36 (KHTML, like Gecko) Chrome/114.0.0.0 Safari/537.36 Edg/114.0.1823.43"
136.243.228.194 - - [13/Jul/2025:10:32:17 -0400] "GET /155tdjzx29234.html HTTP/1.1" 404 23126 "-" "Mozilla/5.0 (compatible; DataForSeoBot/1.0; +https://dataforseo.com/dataforseo-bot)"
47.82.60.33 - - [13/Jul/2025:10:32:19 -0400] "GET /pcmypage?callback=/product/detail/irst34-trusco-6547513 HTTP/1.1" 404 23126 "https://www.dangroup.sa/pcmypage?callback=/product%2Fdetail%2First34-trusco-6547513" "Mozilla/5.0 (Windows NT 10.0; Win64; x64) AppleWebKit/537.36 (KHTML, like Gecko) Chrome/114.0.0.0 Safari/537.36 Edg/114.0.1823.43"
136.243.228.194 - - [13/Jul/2025:10:32:23 -0400] "GET /11zdqo20878.html HTTP/1.1" 404 23126 "-" "Mozilla/5.0 (compatible; DataForSeoBot/1.0; +https://dataforseo.com/dataforseo-bot)"
136.243.228.194 - - [13/Jul/2025:10:32:29 -0400] "GET /items/akpwv141/1399?key=burn HTTP/1.1" 404 23126 "-" "Mozilla/5.0 (compatible; DataForSeoBot/1.0; +https://dataforseo.com/dataforseo-bot)"
47.82.60.3 - - [13/Jul/2025:10:32:34 -0400] "GET /70xmouv921.html HTTP/1.1" 301 0 "https://www.dangroup.sa/70xmouv921.html" "Mozilla/5.0 (Windows NT 10.0; Win64; x64) AppleWebKit/537.36 (KHTML, like Gecko) Chrome/114.0.0.0 Safari/537.36 Edg/114.0.1823.43"
139.59.79.178 - - [13/Jul/2025:10:32:34 -0400] "POST /wp-login.php HTTP/1.1" 200 3274 "-" "Mozilla/5.0"
136.243.228.194 - - [13/Jul/2025:10:32:33 -0400] "GET /161conjx49406.html HTTP/1.1" 404 23126 "-" "Mozilla/5.0 (compatible; DataForSeoBot/1.0; +https://dataforseo.com/dataforseo-bot)"
47.82.60.3 - - [13/Jul/2025:10:32:36 -0400] "GET /70xmouv921.html HTTP/1.1" 404 23126 "https://www.dangroup.sa/70xmouv921.html" "Mozilla/5.0 (Windows NT 10.0; Win64; x64) AppleWebKit/537.36 (KHTML, like Gecko) Chrome/114.0.0.0 Safari/537.36 Edg/114.0.1823.43"
136.243.228.194 - - [13/Jul/2025:10:32:39 -0400] "GET /99shy25724.html HTTP/1.1" 404 23126 "-" "Mozilla/5.0 (compatible; DataForSeoBot/1.0; +https://dataforseo.com/dataforseo-bot)"
136.243.228.194 - - [13/Jul/2025:10:32:47 -0400] "GET /items/gjnsl164/31692?key=not HTTP/1.1" 404 23126 "-" "Mozilla/5.0 (compatible; DataForSeoBot/1.0; +https://dataforseo.com/dataforseo-bot)"
136.243.228.194 - - [13/Jul/2025:10:32:51 -0400] "GET /items/etcfr74/19288?key=uh HTTP/1.1" 404 23126 "-" "Mozilla/5.0 (compatible; DataForSeoBot/1.0; +https://dataforseo.com/dataforseo-bot)"
136.243.228.194 - - [13/Jul/2025:10:32:56 -0400] "GET /94mehit16175.html HTTP/1.1" 404 23126 "-" "Mozilla/5.0 (compatible; DataForSeoBot/1.0; +https://dataforseo.com/dataforseo-bot)"
69.197.182.50 - - [13/Jul/2025:10:33:03 -0400] "GET /wp-content/install.php HTTP/1.1" 200 10 "https://dangroup.sa/wp-content/install.php" "Mozilla/5.0 (Windows NT 10.0; Win64; x64) AppleWebKit/537.36 (KHTML, like Gecko) Chrome/58.0.3029.110 Safari/537.3"
136.243.228.194 - - [13/Jul/2025:10:33:01 -0400] "GET /items/mkstz166/13816?key=truck HTTP/1.1" 404 23128 "-" "Mozilla/5.0 (compatible; DataForSeoBot/1.0; +https://dataforseo.com/dataforseo-bot)"
66.29.146.47 - - [13/Jul/2025:10:33:06 -0400] "POST /wp-cron.php?doing_wp_cron=1752417186.4724619388580322265625 HTTP/1.1" 403 1242 "-" "WordPress/6.8; https://dangroup.sa"
136.243.228.194 - - [13/Jul/2025:10:33:06 -0400] "GET /209dlf37592.html HTTP/1.1" 404 23126 "-" "Mozilla/5.0 (compatible; DataForSeoBot/1.0; +https://dataforseo.com/dataforseo-bot)"
47.82.60.54 - - [13/Jul/2025:10:33:07 -0400] "GET /items/ukzkd47/31113?key=barely HTTP/1.1" 404 23128 "https://dangroup.sa/items/ukzkd47/31113?key=barely" "Mozilla/5.0 (Windows NT 10.0; Win64; x64) AppleWebKit/537.36 (KHTML, like Gecko) Chrome/114.0.0.0 Safari/537.36 Edg/114.0.1823.43"
136.243.228.194 - - [13/Jul/2025:10:33:12 -0400] "GET /133sau67436.html HTTP/1.1" 404 23126 "-" "Mozilla/5.0 (compatible; DataForSeoBot/1.0; +https://dataforseo.com/dataforseo-bot)"
136.243.228.194 - - [13/Jul/2025:10:33:17 -0400] "GET /67numel26202.html HTTP/1.1" 404 23126 "-" "Mozilla/5.0 (compatible; DataForSeoBot/1.0; +https://dataforseo.com/dataforseo-bot)"
136.243.228.194 - - [13/Jul/2025:10:33:22 -0400] "GET /181bdsk48988.html HTTP/1.1" 404 23128 "-" "Mozilla/5.0 (compatible; DataForSeoBot/1.0; +https://dataforseo.com/dataforseo-bot)"
136.243.228.194 - - [13/Jul/2025:10:33:28 -0400] "GET /135dje38530.html HTTP/1.1" 404 23126 "-" "Mozilla/5.0 (compatible; DataForSeoBot/1.0; +https://dataforseo.com/dataforseo-bot)"
136.243.228.194 - - [13/Jul/2025:10:33:32 -0400] "GET /266egblu12943.html HTTP/1.1" 404 23126 "-" "Mozilla/5.0 (compatible; DataForSeoBot/1.0; +https://dataforseo.com/dataforseo-bot)"
136.243.228.194 - - [13/Jul/2025:10:33:37 -0400] "GET /items/lvitt30/16402?key=artistic HTTP/1.1" 404 23126 "-" "Mozilla/5.0 (compatible; DataForSeoBot/1.0; +https://dataforseo.com/dataforseo-bot)"
136.243.228.194 - - [13/Jul/2025:10:33:42 -0400] "GET /39qjvmn65000.html HTTP/1.1" 404 23126 "-" "Mozilla/5.0 (compatible; DataForSeoBot/1.0; +https://dataforseo.com/dataforseo-bot)"
136.243.228.194 - - [13/Jul/2025:10:33:48 -0400] "GET /237pfwvf43334.html HTTP/1.1" 404 23126 "-" "Mozilla/5.0 (compatible; DataForSeoBot/1.0; +https://dataforseo.com/dataforseo-bot)"
136.243.228.194 - - [13/Jul/2025:10:33:52 -0400] "GET /items/dplmc153/14387?key=ha HTTP/1.1" 404 23126 "-" "Mozilla/5.0 (compatible; DataForSeoBot/1.0; +https://dataforseo.com/dataforseo-bot)"
136.243.228.194 - - [13/Jul/2025:10:33:58 -0400] "GET /278vul25965.html HTTP/1.1" 404 23128 "-" "Mozilla/5.0 (compatible; DataForSeoBot/1.0; +https://dataforseo.com/dataforseo-bot)"
136.243.228.194 - - [13/Jul/2025:10:34:03 -0400] "GET /items/ziaam182/5762?key=frown HTTP/1.1" 404 23126 "-" "Mozilla/5.0 (compatible; DataForSeoBot/1.0; +https://dataforseo.com/dataforseo-bot)"
66.29.146.47 - - [13/Jul/2025:10:34:08 -0400] "POST /wp-cron.php?doing_wp_cron=1752417248.7420918941497802734375 HTTP/1.1" 403 1242 "-" "WordPress/6.8; https://dangroup.sa"
136.243.228.194 - - [13/Jul/2025:10:34:08 -0400] "GET /32cyo30779.html HTTP/1.1" 404 23128 "-" "Mozilla/5.0 (compatible; DataForSeoBot/1.0; +https://dataforseo.com/dataforseo-bot)"
136.243.228.194 - - [13/Jul/2025:10:34:13 -0400] "GET /107ajkba4498.html HTTP/1.1" 404 23126 "-" "Mozilla/5.0 (compatible; DataForSeoBot/1.0; +https://dataforseo.com/dataforseo-bot)"
136.243.228.194 - - [13/Jul/2025:10:34:19 -0400] "GET /items/zxurz88/33100?key=essential HTTP/1.1" 404 23126 "-" "Mozilla/5.0 (compatible; DataForSeoBot/1.0; +https://dataforseo.com/dataforseo-bot)"
136.243.228.194 - - [13/Jul/2025:10:34:23 -0400] "GET /80eqc44547.html HTTP/1.1" 404 23126 "-" "Mozilla/5.0 (compatible; DataForSeoBot/1.0; +https://dataforseo.com/dataforseo-bot)"
136.243.228.194 - - [13/Jul/2025:10:34:28 -0400] "GET /items/luchz228/23370?key=solid HTTP/1.1" 404 23126 "-" "Mozilla/5.0 (compatible; DataForSeoBot/1.0; +https://dataforseo.com/dataforseo-bot)"
136.243.228.194 - - [13/Jul/2025:10:34:33 -0400] "GET /items/djdhi112/26166?key=arrest HTTP/1.1" 404 23126 "-" "Mozilla/5.0 (compatible; DataForSeoBot/1.0; +https://dataforseo.com/dataforseo-bot)"
136.243.228.194 - - [13/Jul/2025:10:34:39 -0400] "GET /items/srark217/19941?key=seminar HTTP/1.1" 404 23126 "-" "Mozilla/5.0 (compatible; DataForSeoBot/1.0; +https://dataforseo.com/dataforseo-bot)"
136.243.228.194 - - [13/Jul/2025:10:34:44 -0400] "GET /items/mbkbf126/14688?key=essentially HTTP/1.1" 404 23126 "-" "Mozilla/5.0 (compatible; DataForSeoBot/1.0; +https://dataforseo.com/dataforseo-bot)"
136.243.228.194 - - [13/Jul/2025:10:34:48 -0400] "GET /258qderw37619.html HTTP/1.1" 404 23126 "-" "Mozilla/5.0 (compatible; DataForSeoBot/1.0; +https://dataforseo.com/dataforseo-bot)"
136.243.228.194 - - [13/Jul/2025:10:34:54 -0400] "GET /222sadnz8827.html HTTP/1.1" 404 23126 "-" "Mozilla/5.0 (compatible; DataForSeoBot/1.0; +https://dataforseo.com/dataforseo-bot)"
136.243.228.194 - - [13/Jul/2025:10:35:00 -0400] "GET /117lmdm12132.html HTTP/1.1" 404 23126 "-" "Mozilla/5.0 (compatible; DataForSeoBot/1.0; +https://dataforseo.com/dataforseo-bot)"
136.243.228.194 - - [13/Jul/2025:10:35:06 -0400] "GET /181gduni16040.html HTTP/1.1" 404 23126 "-" "Mozilla/5.0 (compatible; DataForSeoBot/1.0; +https://dataforseo.com/dataforseo-bot)"
66.29.146.47 - - [13/Jul/2025:10:35:14 -0400] "POST /wp-cron.php?doing_wp_cron=1752417314.2875609397888183593750 HTTP/1.1" 403 1242 "-" "WordPress/6.8; https://dangroup.sa"
136.243.228.194 - - [13/Jul/2025:10:35:13 -0400] "GET /169nqt20676.html HTTP/1.1" 404 23126 "-" "Mozilla/5.0 (compatible; DataForSeoBot/1.0; +https://dataforseo.com/dataforseo-bot)"
136.243.228.194 - - [13/Jul/2025:10:35:20 -0400] "GET /116qduzb16647.html HTTP/1.1" 404 23128 "-" "Mozilla/5.0 (compatible; DataForSeoBot/1.0; +https://dataforseo.com/dataforseo-bot)"
136.243.228.194 - - [13/Jul/2025:10:35:26 -0400] "GET /items/iejfu220/21008?key=flip HTTP/1.1" 404 23126 "-" "Mozilla/5.0 (compatible; DataForSeoBot/1.0; +https://dataforseo.com/dataforseo-bot)"
136.243.228.194 - - [13/Jul/2025:10:35:31 -0400] "GET /284lbt41427.html HTTP/1.1" 404 23126 "-" "Mozilla/5.0 (compatible; DataForSeoBot/1.0; +https://dataforseo.com/dataforseo-bot)"
136.243.228.194 - - [13/Jul/2025:10:35:35 -0400] "GET /items/dblmq196/41888?key=wooden HTTP/1.1" 404 23126 "-" "Mozilla/5.0 (compatible; DataForSeoBot/1.0; +https://dataforseo.com/dataforseo-bot)"
136.243.228.194 - - [13/Jul/2025:10:35:41 -0400] "GET /items/wqvxp5/19363?key=dispute HTTP/1.1" 404 23126 "-" "Mozilla/5.0 (compatible; DataForSeoBot/1.0; +https://dataforseo.com/dataforseo-bot)"
136.243.228.194 - - [13/Jul/2025:10:35:46 -0400] "GET /items/lozpa159/22577?key=software HTTP/1.1" 404 23126 "-" "Mozilla/5.0 (compatible; DataForSeoBot/1.0; +https://dataforseo.com/dataforseo-bot)"
66.249.68.132 - - [13/Jul/2025:10:35:51 -0400] "GET /99dkc10850.html HTTP/1.1" 200 87817 "-" "Mozilla/5.0 (Linux; Android 6.0.1; Nexus 5X Build/MMB29P) AppleWebKit/537.36 (KHTML, like Gecko) Chrome/137.0.7151.103 Mobile Safari/537.36 (compatible; Googlebot/2.1; +http://www.google.com/bot.html)"
136.243.228.194 - - [13/Jul/2025:10:35:50 -0400] "GET /items/yzbud294/29220?key=ladder HTTP/1.1" 404 23126 "-" "Mozilla/5.0 (compatible; DataForSeoBot/1.0; +https://dataforseo.com/dataforseo-bot)"
136.243.228.194 - - [13/Jul/2025:10:35:56 -0400] "GET /items/bxetb245/4913?key=pant HTTP/1.1" 404 23126 "-" "Mozilla/5.0 (compatible; DataForSeoBot/1.0; +https://dataforseo.com/dataforseo-bot)"
136.243.228.194 - - [13/Jul/2025:10:36:00 -0400] "GET /items/wynfm266/16628?key=calendar HTTP/1.1" 404 23126 "-" "Mozilla/5.0 (compatible; DataForSeoBot/1.0; +https://dataforseo.com/dataforseo-bot)"
136.243.228.194 - - [13/Jul/2025:10:36:04 -0400] "GET /182oas23611.html HTTP/1.1" 404 23126 "-" "Mozilla/5.0 (compatible; DataForSeoBot/1.0; +https://dataforseo.com/dataforseo-bot)"
136.243.228.194 - - [13/Jul/2025:10:36:08 -0400] "GET /items/ibzgj155/46657?key=midst HTTP/1.1" 404 23126 "-" "Mozilla/5.0 (compatible; DataForSeoBot/1.0; +https://dataforseo.com/dataforseo-bot)"
66.29.146.47 - - [13/Jul/2025:10:36:15 -0400] "POST /wp-cron.php?doing_wp_cron=1752417374.8803501129150390625000 HTTP/1.1" 403 1242 "-" "WordPress/6.8; https://dangroup.sa"
136.243.228.194 - - [13/Jul/2025:10:36:13 -0400] "GET /items/brymb246/29168?key=poor HTTP/1.1" 404 23126 "-" "Mozilla/5.0 (compatible; DataForSeoBot/1.0; +https://dataforseo.com/dataforseo-bot)"
136.243.228.194 - - [13/Jul/2025:10:36:19 -0400] "GET /items/khqxi52/37824?key=truly HTTP/1.1" 404 23128 "-" "Mozilla/5.0 (compatible; DataForSeoBot/1.0; +https://dataforseo.com/dataforseo-bot)"
136.243.228.194 - - [13/Jul/2025:10:36:24 -0400] "GET /95egj36880.html HTTP/1.1" 404 23126 "-" "Mozilla/5.0 (compatible; DataForSeoBot/1.0; +https://dataforseo.com/dataforseo-bot)"
136.243.228.194 - - [13/Jul/2025:10:36:29 -0400] "GET /items/amyre75/40681?key=likelihood HTTP/1.1" 404 23126 "-" "Mozilla/5.0 (compatible; DataForSeoBot/1.0; +https://dataforseo.com/dataforseo-bot)"
136.243.228.194 - - [13/Jul/2025:10:36:34 -0400] "GET /items/lmgia217/29537?key=frequently HTTP/1.1" 404 23126 "-" "Mozilla/5.0 (compatible; DataForSeoBot/1.0; +https://dataforseo.com/dataforseo-bot)"
136.243.228.194 - - [13/Jul/2025:10:36:38 -0400] "GET /items/cqojd100/4194?key=importance HTTP/1.1" 404 23307 "-" "Mozilla/5.0 (compatible; DataForSeoBot/1.0; +https://dataforseo.com/dataforseo-bot)"
136.243.228.194 - - [13/Jul/2025:10:36:43 -0400] "GET /items/teqga100/10838?key=blanket HTTP/1.1" 404 23126 "-" "Mozilla/5.0 (compatible; DataForSeoBot/1.0; +https://dataforseo.com/dataforseo-bot)"
136.243.228.194 - - [13/Jul/2025:10:36:49 -0400] "GET /items/cizud194/18822?key=long HTTP/1.1" 404 23126 "-" "Mozilla/5.0 (compatible; DataForSeoBot/1.0; +https://dataforseo.com/dataforseo-bot)"
136.243.228.194 - - [13/Jul/2025:10:36:53 -0400] "GET /items/sbqtm264/10598?key=missionary HTTP/1.1" 404 23126 "-" "Mozilla/5.0 (compatible; DataForSeoBot/1.0; +https://dataforseo.com/dataforseo-bot)"
136.243.228.194 - - [13/Jul/2025:10:36:57 -0400] "GET /items/jrmdq124/43852?key=operation HTTP/1.1" 404 23126 "-" "Mozilla/5.0 (compatible; DataForSeoBot/1.0; +https://dataforseo.com/dataforseo-bot)"
136.243.228.194 - - [13/Jul/2025:10:37:01 -0400] "GET /items/krjst60/3690?key=debut HTTP/1.1" 404 23126 "-" "Mozilla/5.0 (compatible; DataForSeoBot/1.0; +https://dataforseo.com/dataforseo-bot)"
136.243.228.194 - - [13/Jul/2025:10:37:06 -0400] "GET /66ovm31511.html HTTP/1.1" 404 23126 "-" "Mozilla/5.0 (compatible; DataForSeoBot/1.0; +https://dataforseo.com/dataforseo-bot)"
136.243.228.194 - - [13/Jul/2025:10:37:10 -0400] "GET /2wup49129.html HTTP/1.1" 404 23126 "-" "Mozilla/5.0 (compatible; DataForSeoBot/1.0; +https://dataforseo.com/dataforseo-bot)"
66.29.146.47 - - [13/Jul/2025:10:37:15 -0400] "POST /wp-cron.php?doing_wp_cron=1752417435.2637600898742675781250 HTTP/1.1" 403 1242 "-" "WordPress/6.8; https://dangroup.sa"
