20.171.207.27 - - [13/Jul/2025:13:43:20 -0400] "GET /272kssir49647.html HTTP/1.1" 404 23126 "-" "Mozilla/5.0 AppleWebKit/537.36 (KHTML, like Gecko; compatible; GPTBot/1.2; +https://openai.com/gptbot)"
20.171.207.27 - - [13/Jul/2025:13:43:31 -0400] "GET /119uzhnz24068.html HTTP/1.1" 404 23126 "-" "Mozilla/5.0 AppleWebKit/537.36 (KHTML, like Gecko; compatible; GPTBot/1.2; +https://openai.com/gptbot)"
136.243.228.194 - - [13/Jul/2025:13:43:30 -0400] "GET /items/irxeh41/35749?key=acid HTTP/1.1" 404 23126 "-" "Mozilla/5.0 (compatible; DataForSeoBot/1.0; +https://dataforseo.com/dataforseo-bot)"
136.243.228.194 - - [13/Jul/2025:13:43:40 -0400] "GET /items/dalrv252/46860?key=enjoy HTTP/1.1" 404 23126 "-" "Mozilla/5.0 (compatible; DataForSeoBot/1.0; +https://dataforseo.com/dataforseo-bot)"
20.171.207.27 - - [13/Jul/2025:13:43:41 -0400] "GET /110qdhkw26249.html HTTP/1.1" 404 23126 "-" "Mozilla/5.0 AppleWebKit/537.36 (KHTML, like Gecko; compatible; GPTBot/1.2; +https://openai.com/gptbot)"
136.243.228.194 - - [13/Jul/2025:13:43:50 -0400] "GET /240ofp13427.html HTTP/1.1" 404 23126 "-" "Mozilla/5.0 (compatible; DataForSeoBot/1.0; +https://dataforseo.com/dataforseo-bot)"
20.171.207.27 - - [13/Jul/2025:13:43:54 -0400] "GET /194tkuhb15081.html HTTP/1.1" 404 23126 "-" "Mozilla/5.0 AppleWebKit/537.36 (KHTML, like Gecko; compatible; GPTBot/1.2; +https://openai.com/gptbot)"
136.243.228.194 - - [13/Jul/2025:13:43:58 -0400] "GET /2aeinf47537.html HTTP/1.1" 404 23126 "-" "Mozilla/5.0 (compatible; DataForSeoBot/1.0; +https://dataforseo.com/dataforseo-bot)"
20.171.207.27 - - [13/Jul/2025:13:44:06 -0400] "GET /225ydxrm37894.html HTTP/1.1" 404 23127 "-" "Mozilla/5.0 AppleWebKit/537.36 (KHTML, like Gecko; compatible; GPTBot/1.2; +https://openai.com/gptbot)"
136.243.228.194 - - [13/Jul/2025:13:44:10 -0400] "GET /items/ulimk69/38097?key=horse HTTP/1.1" 404 23126 "-" "Mozilla/5.0 (compatible; DataForSeoBot/1.0; +https://dataforseo.com/dataforseo-bot)"
66.29.146.47 - - [13/Jul/2025:13:44:22 -0400] "POST /wp-cron.php?doing_wp_cron=1752428661.7464530467987060546875 HTTP/1.1" 403 1242 "-" "WordPress/6.8; https://dangroup.sa"
20.171.207.27 - - [13/Jul/2025:13:44:17 -0400] "GET /215mozdz29324.html HTTP/1.1" 404 23126 "-" "Mozilla/5.0 AppleWebKit/537.36 (KHTML, like Gecko; compatible; GPTBot/1.2; +https://openai.com/gptbot)"
136.243.228.194 - - [13/Jul/2025:13:44:20 -0400] "GET /items/hyhze241/43683?key=project HTTP/1.1" 404 23126 "-" "Mozilla/5.0 (compatible; DataForSeoBot/1.0; +https://dataforseo.com/dataforseo-bot)"
20.171.207.27 - - [13/Jul/2025:13:44:28 -0400] "GET /173fgtvr46734.html HTTP/1.1" 404 23126 "-" "Mozilla/5.0 AppleWebKit/537.36 (KHTML, like Gecko; compatible; GPTBot/1.2; +https://openai.com/gptbot)"
40.77.167.14 - - [13/Jul/2025:13:44:35 -0400] "GET /dalhynr20946ypromulgatory HTTP/1.1" 200 17 "-" "Mozilla/5.0 AppleWebKit/537.36 (KHTML, like Gecko; compatible; bingbot/2.0; +http://www.bing.com/bingbot.htm) Chrome/116.0.1938.76 Safari/537.36"
136.243.228.194 - - [13/Jul/2025:13:44:31 -0400] "GET /items/gcgjp22/47044?key=cord HTTP/1.1" 404 23126 "-" "Mozilla/5.0 (compatible; DataForSeoBot/1.0; +https://dataforseo.com/dataforseo-bot)"
66.249.68.131 - - [13/Jul/2025:13:44:42 -0400] "GET /items/jbyju94/384?key=designer HTTP/1.1" 200 86278 "-" "Mozilla/5.0 (Linux; Android 6.0.1; Nexus 5X Build/MMB29P) AppleWebKit/537.36 (KHTML, like Gecko) Chrome/137.0.7151.103 Mobile Safari/537.36 (compatible; Googlebot/2.1; +http://www.google.com/bot.html)"
20.171.207.27 - - [13/Jul/2025:13:44:36 -0400] "GET /120lqkxw20849.html HTTP/1.1" 404 23126 "-" "Mozilla/5.0 AppleWebKit/537.36 (KHTML, like Gecko; compatible; GPTBot/1.2; +https://openai.com/gptbot)"
66.249.79.134 - - [13/Jul/2025:13:44:44 -0400] "GET /items/ogbun33/59?key=source HTTP/1.1" 200 87721 "-" "Mozilla/5.0 (Linux; Android 6.0.1; Nexus 5X Build/MMB29P) AppleWebKit/537.36 (KHTML, like Gecko) Chrome/137.0.7151.103 Mobile Safari/537.36 (compatible; Googlebot/2.1; +http://www.google.com/bot.html)"
66.249.68.130 - - [13/Jul/2025:13:44:45 -0400] "GET /items/zkkrm173/18429?key=objective HTTP/1.1" 200 87679 "-" "Mozilla/5.0 (Linux; Android 6.0.1; Nexus 5X Build/MMB29P) AppleWebKit/537.36 (KHTML, like Gecko) Chrome/137.0.7151.103 Mobile Safari/537.36 (compatible; Googlebot/2.1; +http://www.google.com/bot.html)"
136.243.228.194 - - [13/Jul/2025:13:44:40 -0400] "GET /136uehg9327.html HTTP/1.1" 404 23126 "-" "Mozilla/5.0 (compatible; DataForSeoBot/1.0; +https://dataforseo.com/dataforseo-bot)"
20.171.207.27 - - [13/Jul/2025:13:44:46 -0400] "GET /207llerf21896.html HTTP/1.1" 404 23126 "-" "Mozilla/5.0 AppleWebKit/537.36 (KHTML, like Gecko; compatible; GPTBot/1.2; +https://openai.com/gptbot)"
136.243.228.194 - - [13/Jul/2025:13:44:49 -0400] "GET /items/pdjaf79/41403?key=Jewish HTTP/1.1" 404 23126 "-" "Mozilla/5.0 (compatible; DataForSeoBot/1.0; +https://dataforseo.com/dataforseo-bot)"
20.171.207.27 - - [13/Jul/2025:13:45:01 -0400] "GET /176cryjx18137.html HTTP/1.1" 404 23126 "-" "Mozilla/5.0 AppleWebKit/537.36 (KHTML, like Gecko; compatible; GPTBot/1.2; +https://openai.com/gptbot)"
136.243.228.194 - - [13/Jul/2025:13:45:05 -0400] "GET /52cggz13627.html HTTP/1.1" 404 23126 "-" "Mozilla/5.0 (compatible; DataForSeoBot/1.0; +https://dataforseo.com/dataforseo-bot)"
20.171.207.27 - - [13/Jul/2025:13:45:18 -0400] "GET /133dusvi36392.html HTTP/1.1" 404 23126 "-" "Mozilla/5.0 AppleWebKit/537.36 (KHTML, like Gecko; compatible; GPTBot/1.2; +https://openai.com/gptbot)"
136.243.228.194 - - [13/Jul/2025:13:45:19 -0400] "GET /260tusd10513.html HTTP/1.1" 404 23126 "-" "Mozilla/5.0 (compatible; DataForSeoBot/1.0; +https://dataforseo.com/dataforseo-bot)"
66.29.146.47 - - [13/Jul/2025:13:45:28 -0400] "POST /wp-cron.php?doing_wp_cron=1752428727.5460929870605468750000 HTTP/1.1" 403 1242 "-" "WordPress/6.8; https://dangroup.sa"
20.171.207.27 - - [13/Jul/2025:13:45:26 -0400] "GET /102kaaqw49093.html HTTP/1.1" 404 23126 "-" "Mozilla/5.0 AppleWebKit/537.36 (KHTML, like Gecko; compatible; GPTBot/1.2; +https://openai.com/gptbot)"
136.243.228.194 - - [13/Jul/2025:13:45:28 -0400] "GET /items/qaxsh186/34974?key=monitor HTTP/1.1" 404 23126 "-" "Mozilla/5.0 (compatible; DataForSeoBot/1.0; +https://dataforseo.com/dataforseo-bot)"
35.225.148.208 - - [13/Jul/2025:13:45:39 -0400] "HEAD /wordpress HTTP/1.1" 404 0 "http://danevnt.com/wordpress" "Mozilla/5.0 (Windows NT 10.0; Win64; x64) AppleWebKit/537.36 (KHTML, like Gecko) Chrome/74.0.3729.169 Safari/537.36"
35.225.148.208 - - [13/Jul/2025:13:45:42 -0400] "HEAD / HTTP/1.1" 200 0 "http://danevnt.com/" "Mozilla/5.0 (Windows NT 10.0; Win64; x64) AppleWebKit/537.36 (KHTML, like Gecko) Chrome/74.0.3729.169 Safari/537.36"
136.243.228.194 - - [13/Jul/2025:13:45:37 -0400] "GET /items/wdduq291/19407?key=arrangement HTTP/1.1" 404 23126 "-" "Mozilla/5.0 (compatible; DataForSeoBot/1.0; +https://dataforseo.com/dataforseo-bot)"
35.225.148.208 - - [13/Jul/2025:13:45:45 -0400] "HEAD /wp HTTP/1.1" 404 0 "http://danevnt.com/wp" "Mozilla/5.0 (Windows NT 10.0; Win64; x64) AppleWebKit/537.36 (KHTML, like Gecko) Chrome/74.0.3729.169 Safari/537.36"
20.171.207.27 - - [13/Jul/2025:13:45:39 -0400] "GET /167tgqrc46152.html HTTP/1.1" 404 23126 "-" "Mozilla/5.0 AppleWebKit/537.36 (KHTML, like Gecko; compatible; GPTBot/1.2; +https://openai.com/gptbot)"
35.225.148.208 - - [13/Jul/2025:13:45:48 -0400] "HEAD /bc HTTP/1.1" 404 0 "http://danevnt.com/bc" "Mozilla/5.0 (Windows NT 10.0; Win64; x64) AppleWebKit/537.36 (KHTML, like Gecko) Chrome/74.0.3729.169 Safari/537.36"
35.225.148.208 - - [13/Jul/2025:13:45:50 -0400] "HEAD /bk HTTP/1.1" 404 0 "http://danevnt.com/bk" "Mozilla/5.0 (Windows NT 10.0; Win64; x64) AppleWebKit/537.36 (KHTML, like Gecko) Chrome/74.0.3729.169 Safari/537.36"
35.225.148.208 - - [13/Jul/2025:13:45:53 -0400] "HEAD /backup HTTP/1.1" 404 0 "http://danevnt.com/backup" "Mozilla/5.0 (Windows NT 10.0; Win64; x64) AppleWebKit/537.36 (KHTML, like Gecko) Chrome/74.0.3729.169 Safari/537.36"
35.225.148.208 - - [13/Jul/2025:13:45:56 -0400] "HEAD /old HTTP/1.1" 404 0 "http://danevnt.com/old" "Mozilla/5.0 (Windows NT 10.0; Win64; x64) AppleWebKit/537.36 (KHTML, like Gecko) Chrome/74.0.3729.169 Safari/537.36"
136.243.228.194 - - [13/Jul/2025:13:45:49 -0400] "GET /191uyb28650.html HTTP/1.1" 404 23126 "-" "Mozilla/5.0 (compatible; DataForSeoBot/1.0; +https://dataforseo.com/dataforseo-bot)"
35.225.148.208 - - [13/Jul/2025:13:45:58 -0400] "HEAD /new HTTP/1.1" 301 0 "http://danevnt.com/new" "Mozilla/5.0 (Windows NT 10.0; Win64; x64) AppleWebKit/537.36 (KHTML, like Gecko) Chrome/74.0.3729.169 Safari/537.36"
47.82.60.3 - - [13/Jul/2025:13:46:02 -0400] "GET /1jrwln19946.html HTTP/1.1" 301 0 "https://www.dangroup.sa/1jrwln19946.html" "Mozilla/5.0 (Windows NT 10.0; Win64; x64) AppleWebKit/537.36 (KHTML, like Gecko) Chrome/114.0.0.0 Safari/537.36 Edg/114.0.1823.43"
35.225.148.208 - - [13/Jul/2025:13:46:01 -0400] "HEAD /en/new-page/ HTTP/1.1" 200 0 "https://dangroup.sa/new" "Mozilla/5.0 (Windows NT 10.0; Win64; x64) AppleWebKit/537.36 (KHTML, like Gecko) Chrome/74.0.3729.169 Safari/537.36"
35.225.148.208 - - [13/Jul/2025:13:46:04 -0400] "HEAD /main HTTP/1.1" 404 0 "http://danevnt.com/main" "Mozilla/5.0 (Windows NT 10.0; Win64; x64) AppleWebKit/537.36 (KHTML, like Gecko) Chrome/74.0.3729.169 Safari/537.36"
20.171.207.27 - - [13/Jul/2025:13:45:53 -0400] "GET /237korpc17740.html HTTP/1.1" 404 23126 "-" "Mozilla/5.0 AppleWebKit/537.36 (KHTML, like Gecko; compatible; GPTBot/1.2; +https://openai.com/gptbot)"
35.225.148.208 - - [13/Jul/2025:13:46:09 -0400] "HEAD /home HTTP/1.1" 301 0 "http://danevnt.com/home" "Mozilla/5.0 (Windows NT 10.0; Win64; x64) AppleWebKit/537.36 (KHTML, like Gecko) Chrome/74.0.3729.169 Safari/537.36"
35.225.148.208 - - [13/Jul/2025:13:46:13 -0400] "HEAD /en/home/ HTTP/1.1" 200 0 "https://dangroup.sa/home" "Mozilla/5.0 (Windows NT 10.0; Win64; x64) AppleWebKit/537.36 (KHTML, like Gecko) Chrome/74.0.3729.169 Safari/537.36"
47.82.60.3 - - [13/Jul/2025:13:46:05 -0400] "GET /1jrwln19946.html HTTP/1.1" 404 23126 "https://www.dangroup.sa/1jrwln19946.html" "Mozilla/5.0 (Windows NT 10.0; Win64; x64) AppleWebKit/537.36 (KHTML, like Gecko) Chrome/114.0.0.0 Safari/537.36 Edg/114.0.1823.43"
136.243.228.194 - - [13/Jul/2025:13:46:02 -0400] "GET /264bey17369.html HTTP/1.1" 404 23126 "-" "Mozilla/5.0 (compatible; DataForSeoBot/1.0; +https://dataforseo.com/dataforseo-bot)"
20.171.207.27 - - [13/Jul/2025:13:46:14 -0400] "GET /275lmveb15910.html HTTP/1.1" 404 23126 "-" "Mozilla/5.0 AppleWebKit/537.36 (KHTML, like Gecko; compatible; GPTBot/1.2; +https://openai.com/gptbot)"
136.243.228.194 - - [13/Jul/2025:13:46:19 -0400] "GET /items/xaaew157/36035?key=bare HTTP/1.1" 404 23126 "-" "Mozilla/5.0 (compatible; DataForSeoBot/1.0; +https://dataforseo.com/dataforseo-bot)"
66.29.146.47 - - [13/Jul/2025:13:46:28 -0400] "POST /wp-cron.php?doing_wp_cron=1752428787.9784240722656250000000 HTTP/1.1" 403 1242 "-" "WordPress/6.8; https://dangroup.sa"
66.29.146.47 - - [13/Jul/2025:13:46:28 -0400] "POST /wp-cron.php?doing_wp_cron=1752428787.9558320045471191406250 HTTP/1.1" 403 1242 "-" "WordPress/6.8; https://dangroup.sa"
136.243.228.194 - - [13/Jul/2025:13:46:27 -0400] "GET /207xgn33902.html HTTP/1.1" 404 23126 "-" "Mozilla/5.0 (compatible; DataForSeoBot/1.0; +https://dataforseo.com/dataforseo-bot)"
20.171.207.27 - - [13/Jul/2025:13:46:26 -0400] "GET /113sypfc42064.html HTTP/1.1" 404 23126 "-" "Mozilla/5.0 AppleWebKit/537.36 (KHTML, like Gecko; compatible; GPTBot/1.2; +https://openai.com/gptbot)"
136.243.228.194 - - [13/Jul/2025:13:46:34 -0400] "GET /items/hicyk239/29957?key=partner HTTP/1.1" 404 23126 "-" "Mozilla/5.0 (compatible; DataForSeoBot/1.0; +https://dataforseo.com/dataforseo-bot)"
20.171.207.27 - - [13/Jul/2025:13:46:38 -0400] "GET /173fgtvr46734.html HTTP/1.1" 404 23126 "-" "Mozilla/5.0 AppleWebKit/537.36 (KHTML, like Gecko; compatible; GPTBot/1.2; +https://openai.com/gptbot)"
136.243.228.194 - - [13/Jul/2025:13:46:40 -0400] "GET /items/venfz36/7912?key=later HTTP/1.1" 404 23126 "-" "Mozilla/5.0 (compatible; DataForSeoBot/1.0; +https://dataforseo.com/dataforseo-bot)"
20.171.207.27 - - [13/Jul/2025:13:46:46 -0400] "GET /116scprn19935.html HTTP/1.1" 404 23126 "-" "Mozilla/5.0 AppleWebKit/537.36 (KHTML, like Gecko; compatible; GPTBot/1.2; +https://openai.com/gptbot)"
136.243.228.194 - - [13/Jul/2025:13:46:49 -0400] "GET /items/lrqoy101/46145?key=update HTTP/1.1" 404 23126 "-" "Mozilla/5.0 (compatible; DataForSeoBot/1.0; +https://dataforseo.com/dataforseo-bot)"
20.171.207.27 - - [13/Jul/2025:13:47:00 -0400] "GET /178yyehd45429.html HTTP/1.1" 404 23126 "-" "Mozilla/5.0 AppleWebKit/537.36 (KHTML, like Gecko; compatible; GPTBot/1.2; +https://openai.com/gptbot)"
47.82.60.1 - - [13/Jul/2025:13:47:07 -0400] "GET /64vtiv83.html HTTP/1.1" 301 0 "https://www.dangroup.sa/64vtiv83.html" "Mozilla/5.0 (Windows NT 10.0; Win64; x64) AppleWebKit/537.36 (KHTML, like Gecko) Chrome/114.0.0.0 Safari/537.36 Edg/114.0.1823.43"
136.243.228.194 - - [13/Jul/2025:13:47:00 -0400] "GET /items/zxrwv184/39726?key=slap HTTP/1.1" 404 23126 "-" "Mozilla/5.0 (compatible; DataForSeoBot/1.0; +https://dataforseo.com/dataforseo-bot)"
47.82.60.1 - - [13/Jul/2025:13:47:12 -0400] "GET /64vtiv83.html HTTP/1.1" 404 23126 "https://www.dangroup.sa/64vtiv83.html" "Mozilla/5.0 (Windows NT 10.0; Win64; x64) AppleWebKit/537.36 (KHTML, like Gecko) Chrome/114.0.0.0 Safari/537.36 Edg/114.0.1823.43"
136.243.228.194 - - [13/Jul/2025:13:47:12 -0400] "GET /254kfw40385.html HTTP/1.1" 404 23128 "-" "Mozilla/5.0 (compatible; DataForSeoBot/1.0; +https://dataforseo.com/dataforseo-bot)"
20.171.207.27 - - [13/Jul/2025:13:47:14 -0400] "GET /299wcnyl43210.html HTTP/1.1" 404 23126 "-" "Mozilla/5.0 AppleWebKit/537.36 (KHTML, like Gecko; compatible; GPTBot/1.2; +https://openai.com/gptbot)"
47.82.60.70 - - [13/Jul/2025:13:47:18 -0400] "GET /items/ccfen168/27556?key=moon HTTP/1.1" 404 23126 "https://dangroup.sa/items/ccfen168/27556?key=moon" "Mozilla/5.0 (Windows NT 10.0; Win64; x64) AppleWebKit/537.36 (KHTML, like Gecko) Chrome/114.0.0.0 Safari/537.36 Edg/114.0.1823.43"
66.29.146.47 - - [13/Jul/2025:13:47:28 -0400] "POST /wp-cron.php?doing_wp_cron=1752428848.0789380073547363281250 HTTP/1.1" 403 1242 "-" "WordPress/6.8; https://dangroup.sa"
20.171.207.27 - - [13/Jul/2025:13:47:28 -0400] "GET /170bbhjk36023.html HTTP/1.1" 404 23126 "-" "Mozilla/5.0 AppleWebKit/537.36 (KHTML, like Gecko; compatible; GPTBot/1.2; +https://openai.com/gptbot)"
136.243.228.194 - - [13/Jul/2025:13:47:26 -0400] "GET /255sbxbu1656.html HTTP/1.1" 404 23126 "-" "Mozilla/5.0 (compatible; DataForSeoBot/1.0; +https://dataforseo.com/dataforseo-bot)"
20.171.207.27 - - [13/Jul/2025:13:47:37 -0400] "GET /273radem33710.html HTTP/1.1" 404 23126 "-" "Mozilla/5.0 AppleWebKit/537.36 (KHTML, like Gecko; compatible; GPTBot/1.2; +https://openai.com/gptbot)"
136.243.228.194 - - [13/Jul/2025:13:47:38 -0400] "GET /items/subeu11/48499?key=desire HTTP/1.1" 404 23126 "-" "Mozilla/5.0 (compatible; DataForSeoBot/1.0; +https://dataforseo.com/dataforseo-bot)"
47.82.60.1 - - [13/Jul/2025:13:47:45 -0400] "GET /items/bzlbp167/35265?key=constitutional HTTP/1.1" 404 23126 "https://dangroup.sa/items/bzlbp167/35265?key=constitutional" "Mozilla/5.0 (Windows NT 10.0; Win64; x64) AppleWebKit/537.36 (KHTML, like Gecko) Chrome/114.0.0.0 Safari/537.36 Edg/114.0.1823.43"
20.171.207.27 - - [13/Jul/2025:13:47:48 -0400] "GET /102kaaqw49093.html HTTP/1.1" 404 23126 "-" "Mozilla/5.0 AppleWebKit/537.36 (KHTML, like Gecko; compatible; GPTBot/1.2; +https://openai.com/gptbot)"
136.243.228.194 - - [13/Jul/2025:13:47:50 -0400] "GET /10mdov30159.html HTTP/1.1" 404 23126 "-" "Mozilla/5.0 (compatible; DataForSeoBot/1.0; +https://dataforseo.com/dataforseo-bot)"
47.82.60.3 - - [13/Jul/2025:13:47:55 -0400] "GET /items/azfai170/35228?key=assault HTTP/1.1" 404 23126 "https://dangroup.sa/items/azfai170/35228?key=assault" "Mozilla/5.0 (Windows NT 10.0; Win64; x64) AppleWebKit/537.36 (KHTML, like Gecko) Chrome/114.0.0.0 Safari/537.36 Edg/114.0.1823.43"
20.171.207.27 - - [13/Jul/2025:13:48:02 -0400] "GET /126kfwyy17397.html HTTP/1.1" 404 23127 "-" "Mozilla/5.0 AppleWebKit/537.36 (KHTML, like Gecko; compatible; GPTBot/1.2; +https://openai.com/gptbot)"
136.243.228.194 - - [13/Jul/2025:13:48:05 -0400] "GET /93vjy27704.html HTTP/1.1" 404 23126 "-" "Mozilla/5.0 (compatible; DataForSeoBot/1.0; +https://dataforseo.com/dataforseo-bot)"
20.171.207.27 - - [13/Jul/2025:13:48:13 -0400] "GET /218kcfgu44983.html HTTP/1.1" 404 23126 "-" "Mozilla/5.0 AppleWebKit/537.36 (KHTML, like Gecko; compatible; GPTBot/1.2; +https://openai.com/gptbot)"
136.243.228.194 - - [13/Jul/2025:13:48:16 -0400] "GET /277gcdxe49074.html HTTP/1.1" 404 23126 "-" "Mozilla/5.0 (compatible; DataForSeoBot/1.0; +https://dataforseo.com/dataforseo-bot)"
20.171.207.27 - - [13/Jul/2025:13:48:24 -0400] "GET /212swjfr17797.html HTTP/1.1" 404 23126 "-" "Mozilla/5.0 AppleWebKit/537.36 (KHTML, like Gecko; compatible; GPTBot/1.2; +https://openai.com/gptbot)"
136.243.228.194 - - [13/Jul/2025:13:48:26 -0400] "GET /items/jeyux288/48142?key=portfolio HTTP/1.1" 404 23126 "-" "Mozilla/5.0 (compatible; DataForSeoBot/1.0; +https://dataforseo.com/dataforseo-bot)"
66.29.146.47 - - [13/Jul/2025:13:48:37 -0400] "POST /wp-cron.php?doing_wp_cron=1752428916.6455531120300292968750 HTTP/1.1" 403 1242 "-" "WordPress/6.8; https://dangroup.sa"
20.171.207.27 - - [13/Jul/2025:13:48:35 -0400] "GET /131oqjmn14552.html HTTP/1.1" 404 23126 "-" "Mozilla/5.0 AppleWebKit/537.36 (KHTML, like Gecko; compatible; GPTBot/1.2; +https://openai.com/gptbot)"
136.243.228.194 - - [13/Jul/2025:13:48:36 -0400] "GET /193lnwd46258.html HTTP/1.1" 404 23126 "-" "Mozilla/5.0 (compatible; DataForSeoBot/1.0; +https://dataforseo.com/dataforseo-bot)"
20.171.207.27 - - [13/Jul/2025:13:48:47 -0400] "GET /295qzccf44100.html HTTP/1.1" 404 23126 "-" "Mozilla/5.0 AppleWebKit/537.36 (KHTML, like Gecko; compatible; GPTBot/1.2; +https://openai.com/gptbot)"
136.243.228.194 - - [13/Jul/2025:13:48:47 -0400] "GET /items/mxccf157/32525?key=DNA HTTP/1.1" 404 23126 "-" "Mozilla/5.0 (compatible; DataForSeoBot/1.0; +https://dataforseo.com/dataforseo-bot)"
136.243.228.194 - - [13/Jul/2025:13:49:01 -0400] "GET /143gamf37256.html HTTP/1.1" 404 23126 "-" "Mozilla/5.0 (compatible; DataForSeoBot/1.0; +https://dataforseo.com/dataforseo-bot)"
20.171.207.27 - - [13/Jul/2025:13:49:01 -0400] "GET /103smrkb37438.html HTTP/1.1" 404 23126 "-" "Mozilla/5.0 AppleWebKit/537.36 (KHTML, like Gecko; compatible; GPTBot/1.2; +https://openai.com/gptbot)"
136.243.228.194 - - [13/Jul/2025:13:49:10 -0400] "GET /items/rkhfn108/24040?key=except HTTP/1.1" 404 23126 "-" "Mozilla/5.0 (compatible; DataForSeoBot/1.0; +https://dataforseo.com/dataforseo-bot)"
20.171.207.27 - - [13/Jul/2025:13:49:12 -0400] "GET /174xzfqv34019.html HTTP/1.1" 404 23126 "-" "Mozilla/5.0 AppleWebKit/537.36 (KHTML, like Gecko; compatible; GPTBot/1.2; +https://openai.com/gptbot)"
136.243.228.194 - - [13/Jul/2025:13:49:15 -0400] "GET /232eikq11975.html HTTP/1.1" 404 23126 "-" "Mozilla/5.0 (compatible; DataForSeoBot/1.0; +https://dataforseo.com/dataforseo-bot)"
136.243.228.194 - - [13/Jul/2025:13:49:23 -0400] "GET /items/kxxil257/30695?key=allegation HTTP/1.1" 404 23126 "-" "Mozilla/5.0 (compatible; DataForSeoBot/1.0; +https://dataforseo.com/dataforseo-bot)"
20.171.207.27 - - [13/Jul/2025:13:49:24 -0400] "GET /146lmeoa24509.html HTTP/1.1" 404 23126 "-" "Mozilla/5.0 AppleWebKit/537.36 (KHTML, like Gecko; compatible; GPTBot/1.2; +https://openai.com/gptbot)"
66.29.146.47 - - [13/Jul/2025:13:49:37 -0400] "POST /wp-cron.php?doing_wp_cron=1752428976.6535449028015136718750 HTTP/1.1" 403 1242 "-" "WordPress/6.8; https://dangroup.sa"
136.243.228.194 - - [13/Jul/2025:13:49:35 -0400] "GET /132tlbf37885.html HTTP/1.1" 404 23128 "-" "Mozilla/5.0 (compatible; DataForSeoBot/1.0; +https://dataforseo.com/dataforseo-bot)"
20.171.207.27 - - [13/Jul/2025:13:49:37 -0400] "GET /289drvui38284.html HTTP/1.1" 404 23126 "-" "Mozilla/5.0 AppleWebKit/537.36 (KHTML, like Gecko; compatible; GPTBot/1.2; +https://openai.com/gptbot)"
66.249.79.138 - - [13/Jul/2025:13:49:47 -0400] "GET /195iaf29288.html HTTP/1.1" 200 86569 "-" "Mozilla/5.0 (Linux; Android 6.0.1; Nexus 5X Build/MMB29P) AppleWebKit/537.36 (KHTML, like Gecko) Chrome/137.0.7151.103 Mobile Safari/537.36 (compatible; Googlebot/2.1; +http://www.google.com/bot.html)"
136.243.228.194 - - [13/Jul/2025:13:49:45 -0400] "GET /items/snxrh197/43671?key=scramble HTTP/1.1" 404 23126 "-" "Mozilla/5.0 (compatible; DataForSeoBot/1.0; +https://dataforseo.com/dataforseo-bot)"
20.171.207.27 - - [13/Jul/2025:13:49:49 -0400] "GET /187korpc17790.html HTTP/1.1" 404 23126 "-" "Mozilla/5.0 AppleWebKit/537.36 (KHTML, like Gecko; compatible; GPTBot/1.2; +https://openai.com/gptbot)"
136.243.228.194 - - [13/Jul/2025:13:49:52 -0400] "GET /179sbog38764.html HTTP/1.1" 404 23126 "-" "Mozilla/5.0 (compatible; DataForSeoBot/1.0; +https://dataforseo.com/dataforseo-bot)"
136.243.228.194 - - [13/Jul/2025:13:49:57 -0400] "GET /72avun16495.html HTTP/1.1" 404 23126 "-" "Mozilla/5.0 (compatible; DataForSeoBot/1.0; +https://dataforseo.com/dataforseo-bot)"
20.171.207.27 - - [13/Jul/2025:13:49:57 -0400] "GET /232bqesz16347.html HTTP/1.1" 404 23126 "-" "Mozilla/5.0 AppleWebKit/537.36 (KHTML, like Gecko; compatible; GPTBot/1.2; +https://openai.com/gptbot)"
136.243.228.194 - - [13/Jul/2025:13:50:05 -0400] "GET /items/eymni39/13891?key=some HTTP/1.1" 404 23126 "-" "Mozilla/5.0 (compatible; DataForSeoBot/1.0; +https://dataforseo.com/dataforseo-bot)"
20.171.207.27 - - [13/Jul/2025:13:50:08 -0400] "GET /120pugru24409.html HTTP/1.1" 404 23126 "-" "Mozilla/5.0 AppleWebKit/537.36 (KHTML, like Gecko; compatible; GPTBot/1.2; +https://openai.com/gptbot)"
136.243.228.194 - - [13/Jul/2025:13:50:14 -0400] "GET /109squb12570.html HTTP/1.1" 404 23126 "-" "Mozilla/5.0 (compatible; DataForSeoBot/1.0; +https://dataforseo.com/dataforseo-bot)"
20.171.207.27 - - [13/Jul/2025:13:50:17 -0400] "GET /108aveqs34649.html HTTP/1.1" 404 23126 "-" "Mozilla/5.0 AppleWebKit/537.36 (KHTML, like Gecko; compatible; GPTBot/1.2; +https://openai.com/gptbot)"
136.243.228.194 - - [13/Jul/2025:13:50:21 -0400] "GET /items/nlork185/48729?key=employee HTTP/1.1" 404 23126 "-" "Mozilla/5.0 (compatible; DataForSeoBot/1.0; +https://dataforseo.com/dataforseo-bot)"
20.171.207.27 - - [13/Jul/2025:13:50:23 -0400] "GET /262upchn35083.html HTTP/1.1" 404 23126 "-" "Mozilla/5.0 AppleWebKit/537.36 (KHTML, like Gecko; compatible; GPTBot/1.2; +https://openai.com/gptbot)"
136.243.228.194 - - [13/Jul/2025:13:50:29 -0400] "GET /items/zvprj247/27007?key=proposed HTTP/1.1" 404 23126 "-" "Mozilla/5.0 (compatible; DataForSeoBot/1.0; +https://dataforseo.com/dataforseo-bot)"
66.29.146.47 - - [13/Jul/2025:13:50:38 -0400] "POST /wp-cron.php?doing_wp_cron=1752429038.4323399066925048828125 HTTP/1.1" 403 1242 "-" "WordPress/6.8; https://dangroup.sa"
20.171.207.27 - - [13/Jul/2025:13:50:33 -0400] "GET /113guxgj41606.html HTTP/1.1" 404 23126 "-" "Mozilla/5.0 AppleWebKit/537.36 (KHTML, like Gecko; compatible; GPTBot/1.2; +https://openai.com/gptbot)"
136.243.228.194 - - [13/Jul/2025:13:50:36 -0400] "GET /187wjbr16844.html HTTP/1.1" 404 23126 "-" "Mozilla/5.0 (compatible; DataForSeoBot/1.0; +https://dataforseo.com/dataforseo-bot)"
20.171.207.27 - - [13/Jul/2025:13:50:42 -0400] "GET /259iwcyw43632.html HTTP/1.1" 404 23127 "-" "Mozilla/5.0 AppleWebKit/537.36 (KHTML, like Gecko; compatible; GPTBot/1.2; +https://openai.com/gptbot)"
136.243.228.194 - - [13/Jul/2025:13:50:45 -0400] "GET /items/ojtxj239/15267?key=drive HTTP/1.1" 404 23126 "-" "Mozilla/5.0 (compatible; DataForSeoBot/1.0; +https://dataforseo.com/dataforseo-bot)"
20.171.207.27 - - [13/Jul/2025:13:50:52 -0400] "GET /263fejad39458.html HTTP/1.1" 404 23126 "-" "Mozilla/5.0 AppleWebKit/537.36 (KHTML, like Gecko; compatible; GPTBot/1.2; +https://openai.com/gptbot)"
136.243.228.194 - - [13/Jul/2025:13:50:53 -0400] "GET /152acl43517.html HTTP/1.1" 404 23126 "-" "Mozilla/5.0 (compatible; DataForSeoBot/1.0; +https://dataforseo.com/dataforseo-bot)"
20.171.207.27 - - [13/Jul/2025:13:51:02 -0400] "GET /211yobqy25792.html HTTP/1.1" 404 23126 "-" "Mozilla/5.0 AppleWebKit/537.36 (KHTML, like Gecko; compatible; GPTBot/1.2; +https://openai.com/gptbot)"
136.243.228.194 - - [13/Jul/2025:13:51:02 -0400] "GET /items/ulzhx150/14628?key=bowl HTTP/1.1" 404 23126 "-" "Mozilla/5.0 (compatible; DataForSeoBot/1.0; +https://dataforseo.com/dataforseo-bot)"
20.171.207.27 - - [13/Jul/2025:13:51:12 -0400] "GET /146vyuri17429.html HTTP/1.1" 404 23126 "-" "Mozilla/5.0 AppleWebKit/537.36 (KHTML, like Gecko; compatible; GPTBot/1.2; +https://openai.com/gptbot)"
20.171.207.27 - - [13/Jul/2025:13:51:21 -0400] "GET /248wxcrp37589.html HTTP/1.1" 404 23126 "-" "Mozilla/5.0 AppleWebKit/537.36 (KHTML, like Gecko; compatible; GPTBot/1.2; +https://openai.com/gptbot)"
20.171.207.27 - - [13/Jul/2025:13:51:30 -0400] "GET /221dwhru36110.html HTTP/1.1" 404 23128 "-" "Mozilla/5.0 AppleWebKit/537.36 (KHTML, like Gecko; compatible; GPTBot/1.2; +https://openai.com/gptbot)"
47.82.60.83 - - [13/Jul/2025:13:51:31 -0400] "GET /items/itroc71/44449?key=from HTTP/1.1" 404 23128 "https://dangroup.sa/items/itroc71/44449?key=from" "Mozilla/5.0 (Windows NT 10.0; Win64; x64) AppleWebKit/537.36 (KHTML, like Gecko) Chrome/114.0.0.0 Safari/537.36 Edg/114.0.1823.43"
66.29.146.47 - - [13/Jul/2025:13:51:43 -0400] "POST /wp-cron.php?doing_wp_cron=1752429103.3534419536590576171875 HTTP/1.1" 403 1242 "-" "WordPress/6.8; https://dangroup.sa"
20.171.207.27 - - [13/Jul/2025:13:51:42 -0400] "GET /178rpxya11629.html HTTP/1.1" 404 23126 "-" "Mozilla/5.0 AppleWebKit/537.36 (KHTML, like Gecko; compatible; GPTBot/1.2; +https://openai.com/gptbot)"
20.171.207.27 - - [13/Jul/2025:13:51:51 -0400] "GET /172qklnm43759.html HTTP/1.1" 404 23126 "-" "Mozilla/5.0 AppleWebKit/537.36 (KHTML, like Gecko; compatible; GPTBot/1.2; +https://openai.com/gptbot)"
136.243.228.194 - - [13/Jul/2025:13:51:52 -0400] "GET /items/zeren157/47171?key=location HTTP/1.1" 404 23126 "-" "Mozilla/5.0 (compatible; DataForSeoBot/1.0; +https://dataforseo.com/dataforseo-bot)"
20.171.207.27 - - [13/Jul/2025:13:52:01 -0400] "GET /107uhdtk10832.html HTTP/1.1" 404 23126 "-" "Mozilla/5.0 AppleWebKit/537.36 (KHTML, like Gecko; compatible; GPTBot/1.2; +https://openai.com/gptbot)"
136.243.228.194 - - [13/Jul/2025:13:52:03 -0400] "GET /items/buijg28/42904?key=sensitivity HTTP/1.1" 404 23126 "-" "Mozilla/5.0 (compatible; DataForSeoBot/1.0; +https://dataforseo.com/dataforseo-bot)"
20.171.207.27 - - [13/Jul/2025:13:52:10 -0400] "GET /107sbnxt24230.html HTTP/1.1" 404 23126 "-" "Mozilla/5.0 AppleWebKit/537.36 (KHTML, like Gecko; compatible; GPTBot/1.2; +https://openai.com/gptbot)"
136.243.228.194 - - [13/Jul/2025:13:52:10 -0400] "GET /items/wbvfu83/49637?key=straighten HTTP/1.1" 404 23126 "-" "Mozilla/5.0 (compatible; DataForSeoBot/1.0; +https://dataforseo.com/dataforseo-bot)"
20.171.207.27 - - [13/Jul/2025:13:52:17 -0400] "GET /163efnwf32906.html HTTP/1.1" 404 23126 "-" "Mozilla/5.0 AppleWebKit/537.36 (KHTML, like Gecko; compatible; GPTBot/1.2; +https://openai.com/gptbot)"
136.243.228.194 - - [13/Jul/2025:13:52:18 -0400] "GET /items/mhriw202/30832?key=airport HTTP/1.1" 404 23126 "-" "Mozilla/5.0 (compatible; DataForSeoBot/1.0; +https://dataforseo.com/dataforseo-bot)"
136.243.228.194 - - [13/Jul/2025:13:52:27 -0400] "GET /156mkm1255.html HTTP/1.1" 404 23126 "-" "Mozilla/5.0 (compatible; DataForSeoBot/1.0; +https://dataforseo.com/dataforseo-bot)"
20.171.207.27 - - [13/Jul/2025:13:52:28 -0400] "GET /189rzghf30948.html HTTP/1.1" 404 23126 "-" "Mozilla/5.0 AppleWebKit/537.36 (KHTML, like Gecko; compatible; GPTBot/1.2; +https://openai.com/gptbot)"
136.243.228.194 - - [13/Jul/2025:13:52:38 -0400] "GET /272lzs10073.html HTTP/1.1" 404 23128 "-" "Mozilla/5.0 (compatible; DataForSeoBot/1.0; +https://dataforseo.com/dataforseo-bot)"
20.171.207.27 - - [13/Jul/2025:13:52:40 -0400] "GET /126pyjcp37855.html HTTP/1.1" 404 23127 "-" "Mozilla/5.0 AppleWebKit/537.36 (KHTML, like Gecko; compatible; GPTBot/1.2; +https://openai.com/gptbot)"
66.29.146.47 - - [13/Jul/2025:13:52:50 -0400] "POST /wp-cron.php?doing_wp_cron=1752429170.6570310592651367187500 HTTP/1.1" 403 1242 "-" "WordPress/6.8; https://dangroup.sa"
47.82.60.68 - - [13/Jul/2025:13:52:54 -0400] "GET /110toj42145.html HTTP/1.1" 301 0 "https://www.dangroup.sa/110toj42145.html" "Mozilla/5.0 (Windows NT 10.0; Win64; x64) AppleWebKit/537.36 (KHTML, like Gecko) Chrome/114.0.0.0 Safari/537.36 Edg/114.0.1823.43"
136.243.228.194 - - [13/Jul/2025:13:52:49 -0400] "GET /99vgisz9716.html HTTP/1.1" 404 23128 "-" "Mozilla/5.0 (compatible; DataForSeoBot/1.0; +https://dataforseo.com/dataforseo-bot)"
20.171.207.27 - - [13/Jul/2025:13:52:51 -0400] "GET /292lkowx45509.html HTTP/1.1" 404 23127 "-" "Mozilla/5.0 AppleWebKit/537.36 (KHTML, like Gecko; compatible; GPTBot/1.2; +https://openai.com/gptbot)"
47.82.60.68 - - [13/Jul/2025:13:52:58 -0400] "GET /110toj42145.html HTTP/1.1" 404 23128 "https://www.dangroup.sa/110toj42145.html" "Mozilla/5.0 (Windows NT 10.0; Win64; x64) AppleWebKit/537.36 (KHTML, like Gecko) Chrome/114.0.0.0 Safari/537.36 Edg/114.0.1823.43"
136.243.228.194 - - [13/Jul/2025:13:53:00 -0400] "GET /items/inwuh207/6197?key=aspect HTTP/1.1" 404 23126 "-" "Mozilla/5.0 (compatible; DataForSeoBot/1.0; +https://dataforseo.com/dataforseo-bot)"
20.171.207.27 - - [13/Jul/2025:13:53:02 -0400] "GET /253pebbx21856.html HTTP/1.1" 404 23126 "-" "Mozilla/5.0 AppleWebKit/537.36 (KHTML, like Gecko; compatible; GPTBot/1.2; +https://openai.com/gptbot)"
40.77.167.52 - - [13/Jul/2025:13:53:20 -0400] "GET /sjaplhw4295nphoo HTTP/1.1" 200 17 "-" "Mozilla/5.0 AppleWebKit/537.36 (KHTML, like Gecko; compatible; bingbot/2.0; +http://www.bing.com/bingbot.htm) Chrome/116.0.1938.76 Safari/537.36"
136.243.228.194 - - [13/Jul/2025:13:53:13 -0400] "GET /items/phonx66/48252?key=beside HTTP/1.1" 404 23126 "-" "Mozilla/5.0 (compatible; DataForSeoBot/1.0; +https://dataforseo.com/dataforseo-bot)"
20.171.207.27 - - [13/Jul/2025:13:53:14 -0400] "GET /112jqvam46783.html HTTP/1.1" 404 23126 "-" "Mozilla/5.0 AppleWebKit/537.36 (KHTML, like Gecko; compatible; GPTBot/1.2; +https://openai.com/gptbot)"
136.243.228.194 - - [13/Jul/2025:13:53:24 -0400] "GET /9pauz43156.html HTTP/1.1" 404 23126 "-" "Mozilla/5.0 (compatible; DataForSeoBot/1.0; +https://dataforseo.com/dataforseo-bot)"
47.82.60.11 - - [13/Jul/2025:13:53:24 -0400] "GET /items/qqdej272/38912?key=silence HTTP/1.1" 404 23126 "https://dangroup.sa/items/qqdej272/38912?key=silence" "Mozilla/5.0 (Windows NT 10.0; Win64; x64) AppleWebKit/537.36 (KHTML, like Gecko) Chrome/114.0.0.0 Safari/537.36 Edg/114.0.1823.43"
20.171.207.27 - - [13/Jul/2025:13:53:25 -0400] "GET /136ajdbv13359.html HTTP/1.1" 404 23126 "-" "Mozilla/5.0 AppleWebKit/537.36 (KHTML, like Gecko; compatible; GPTBot/1.2; +https://openai.com/gptbot)"
47.82.60.7 - - [13/Jul/2025:13:53:32 -0400] "GET /items/btqba230/25772?key=speculation HTTP/1.1" 404 23197 "https://dangroup.sa/items/btqba230/25772?key=speculation" "Mozilla/5.0 (Windows NT 10.0; Win64; x64) AppleWebKit/537.36 (KHTML, like Gecko) Chrome/114.0.0.0 Safari/537.36 Edg/114.0.1823.43"
136.243.228.194 - - [13/Jul/2025:13:53:34 -0400] "GET /269geaj20914.html HTTP/1.1" 404 23126 "-" "Mozilla/5.0 (compatible; DataForSeoBot/1.0; +https://dataforseo.com/dataforseo-bot)"
20.171.207.27 - - [13/Jul/2025:13:53:41 -0400] "GET /161yuwta21684.html HTTP/1.1" 404 23126 "-" "Mozilla/5.0 AppleWebKit/537.36 (KHTML, like Gecko; compatible; GPTBot/1.2; +https://openai.com/gptbot)"
66.29.146.47 - - [13/Jul/2025:13:53:56 -0400] "POST /wp-cron.php?doing_wp_cron=1752429236.3397300243377685546875 HTTP/1.1" 403 1242 "-" "WordPress/6.8; https://dangroup.sa"
136.243.228.194 - - [13/Jul/2025:13:53:48 -0400] "GET /44oau15447.html HTTP/1.1" 404 23126 "-" "Mozilla/5.0 (compatible; DataForSeoBot/1.0; +https://dataforseo.com/dataforseo-bot)"
157.245.41.156 - - [13/Jul/2025:13:53:58 -0400] "GET /xmlrpc.php HTTP/1.1" 403 1242 "http://danevnt.com/xmlrpc.php" "Mozilla/5.0 (X11; Ubuntu; Linux x86_64; rv:85.0) Gecko/20100101 Firefox/91.0"
20.171.207.27 - - [13/Jul/2025:13:53:54 -0400] "GET /107uhdtk10832.html HTTP/1.1" 404 23126 "-" "Mozilla/5.0 AppleWebKit/537.36 (KHTML, like Gecko; compatible; GPTBot/1.2; +https://openai.com/gptbot)"
52.167.144.140 - - [13/Jul/2025:13:54:03 -0400] "GET /trbexjp20676oneurophone HTTP/1.1" 200 17 "-" "Mozilla/5.0 AppleWebKit/537.36 (KHTML, like Gecko; compatible; bingbot/2.0; +http://www.bing.com/bingbot.htm) Chrome/116.0.1938.76 Safari/537.36"
136.243.228.194 - - [13/Jul/2025:13:53:59 -0400] "GET /114sbzp8777.html HTTP/1.1" 404 23126 "-" "Mozilla/5.0 (compatible; DataForSeoBot/1.0; +https://dataforseo.com/dataforseo-bot)"
20.171.207.27 - - [13/Jul/2025:13:54:06 -0400] "GET /279ghpjb40022.html HTTP/1.1" 404 23126 "-" "Mozilla/5.0 AppleWebKit/537.36 (KHTML, like Gecko; compatible; GPTBot/1.2; +https://openai.com/gptbot)"
136.243.228.194 - - [13/Jul/2025:13:54:11 -0400] "GET /1nahp21560.html HTTP/1.1" 404 23126 "-" "Mozilla/5.0 (compatible; DataForSeoBot/1.0; +https://dataforseo.com/dataforseo-bot)"
136.243.228.194 - - [13/Jul/2025:13:54:18 -0400] "GET /203grtle27816.html HTTP/1.1" 404 23126 "-" "Mozilla/5.0 (compatible; DataForSeoBot/1.0; +https://dataforseo.com/dataforseo-bot)"
20.171.207.27 - - [13/Jul/2025:13:54:19 -0400] "GET /217gzpzv24050.html HTTP/1.1" 404 23126 "-" "Mozilla/5.0 AppleWebKit/537.36 (KHTML, like Gecko; compatible; GPTBot/1.2; +https://openai.com/gptbot)"
136.243.228.194 - - [13/Jul/2025:13:54:32 -0400] "GET /items/ysqno40/45138?key=unfortunately HTTP/1.1" 404 23128 "-" "Mozilla/5.0 (compatible; DataForSeoBot/1.0; +https://dataforseo.com/dataforseo-bot)"
20.171.207.27 - - [13/Jul/2025:13:54:33 -0400] "GET /109zphcv11436.html HTTP/1.1" 404 23126 "-" "Mozilla/5.0 AppleWebKit/537.36 (KHTML, like Gecko; compatible; GPTBot/1.2; +https://openai.com/gptbot)"
136.243.228.194 - - [13/Jul/2025:13:54:45 -0400] "GET /59fzcxk39090.html HTTP/1.1" 404 23126 "-" "Mozilla/5.0 (compatible; DataForSeoBot/1.0; +https://dataforseo.com/dataforseo-bot)"
20.171.207.27 - - [13/Jul/2025:13:54:46 -0400] "GET /197qxhzs39988.html HTTP/1.1" 404 23126 "-" "Mozilla/5.0 AppleWebKit/537.36 (KHTML, like Gecko; compatible; GPTBot/1.2; +https://openai.com/gptbot)"
66.29.146.47 - - [13/Jul/2025:13:54:57 -0400] "POST /wp-cron.php?doing_wp_cron=1752429297.5486879348754882812500 HTTP/1.1" 403 1242 "-" "WordPress/6.8; https://dangroup.sa"
136.243.228.194 - - [13/Jul/2025:13:54:55 -0400] "GET /items/izgoc293/31427?key=react HTTP/1.1" 404 23128 "-" "Mozilla/5.0 (compatible; DataForSeoBot/1.0; +https://dataforseo.com/dataforseo-bot)"
20.171.207.27 - - [13/Jul/2025:13:54:59 -0400] "GET /122nlcjc48793.html HTTP/1.1" 404 23126 "-" "Mozilla/5.0 AppleWebKit/537.36 (KHTML, like Gecko; compatible; GPTBot/1.2; +https://openai.com/gptbot)"
136.243.228.194 - - [13/Jul/2025:13:55:07 -0400] "GET /281jctv39454.html HTTP/1.1" 404 23126 "-" "Mozilla/5.0 (compatible; DataForSeoBot/1.0; +https://dataforseo.com/dataforseo-bot)"
20.171.207.27 - - [13/Jul/2025:13:55:12 -0400] "GET /282sdpmb32163.html HTTP/1.1" 404 23126 "-" "Mozilla/5.0 AppleWebKit/537.36 (KHTML, like Gecko; compatible; GPTBot/1.2; +https://openai.com/gptbot)"
136.243.228.194 - - [13/Jul/2025:13:55:16 -0400] "GET /items/bkzad205/4561?key=yell HTTP/1.1" 404 23126 "-" "Mozilla/5.0 (compatible; DataForSeoBot/1.0; +https://dataforseo.com/dataforseo-bot)"
20.171.207.27 - - [13/Jul/2025:13:55:24 -0400] "GET /164yxzgf22875.html HTTP/1.1" 404 23126 "-" "Mozilla/5.0 AppleWebKit/537.36 (KHTML, like Gecko; compatible; GPTBot/1.2; +https://openai.com/gptbot)"
136.243.228.194 - - [13/Jul/2025:13:55:28 -0400] "GET /items/dgxfz133/55211?key=receive HTTP/1.1" 404 23126 "-" "Mozilla/5.0 (compatible; DataForSeoBot/1.0; +https://dataforseo.com/dataforseo-bot)"
182.43.70.143 - - [13/Jul/2025:13:55:28 -0400] "GET / HTTP/1.1" 200 33218 "http://www.danevnt.com" "Mozilla/5.0 (iPhone; CPU iPhone OS 13_2_3 like Mac OS X) AppleWebKit/605.1.15 (KHTML, like Gecko) Version/13.0.3 Mobile/15E148 Safari/604.1"
20.171.207.27 - - [13/Jul/2025:13:55:34 -0400] "GET /196gvoir35049.html HTTP/1.1" 404 23126 "-" "Mozilla/5.0 AppleWebKit/537.36 (KHTML, like Gecko; compatible; GPTBot/1.2; +https://openai.com/gptbot)"
136.243.228.194 - - [13/Jul/2025:13:55:36 -0400] "GET /263epw19096.html HTTP/1.1" 404 23126 "-" "Mozilla/5.0 (compatible; DataForSeoBot/1.0; +https://dataforseo.com/dataforseo-bot)"
20.171.207.27 - - [13/Jul/2025:13:55:44 -0400] "GET /112ydjow13687.html HTTP/1.1" 404 23126 "-" "Mozilla/5.0 AppleWebKit/537.36 (KHTML, like Gecko; compatible; GPTBot/1.2; +https://openai.com/gptbot)"
136.243.228.194 - - [13/Jul/2025:13:55:47 -0400] "GET /items/nupfe197/24257?key=increase HTTP/1.1" 404 23126 "-" "Mozilla/5.0 (compatible; DataForSeoBot/1.0; +https://dataforseo.com/dataforseo-bot)"
66.29.146.47 - - [13/Jul/2025:13:55:58 -0400] "POST /wp-cron.php?doing_wp_cron=1752429358.2390449047088623046875 HTTP/1.1" 403 1242 "-" "WordPress/6.8; https://dangroup.sa"
20.171.207.27 - - [13/Jul/2025:13:55:53 -0400] "GET /236rupze13915.html HTTP/1.1" 404 23126 "-" "Mozilla/5.0 AppleWebKit/537.36 (KHTML, like Gecko; compatible; GPTBot/1.2; +https://openai.com/gptbot)"
136.243.228.194 - - [13/Jul/2025:13:55:56 -0400] "GET /items/yjzwz200/2884?key=apartment HTTP/1.1" 404 23126 "-" "Mozilla/5.0 (compatible; DataForSeoBot/1.0; +https://dataforseo.com/dataforseo-bot)"
20.171.207.27 - - [13/Jul/2025:13:56:03 -0400] "GET /127mhwii28564.html HTTP/1.1" 404 23126 "-" "Mozilla/5.0 AppleWebKit/537.36 (KHTML, like Gecko; compatible; GPTBot/1.2; +https://openai.com/gptbot)"
136.243.228.194 - - [13/Jul/2025:13:56:06 -0400] "GET /items/zatfe296/38444?key=seat HTTP/1.1" 404 23128 "-" "Mozilla/5.0 (compatible; DataForSeoBot/1.0; +https://dataforseo.com/dataforseo-bot)"
20.171.207.27 - - [13/Jul/2025:13:56:13 -0400] "GET /244vqytn26379.html HTTP/1.1" 404 23126 "-" "Mozilla/5.0 AppleWebKit/537.36 (KHTML, like Gecko; compatible; GPTBot/1.2; +https://openai.com/gptbot)"
136.243.228.194 - - [13/Jul/2025:13:56:16 -0400] "GET /items/duand242/47600?key=key HTTP/1.1" 404 23126 "-" "Mozilla/5.0 (compatible; DataForSeoBot/1.0; +https://dataforseo.com/dataforseo-bot)"
20.171.207.27 - - [13/Jul/2025:13:56:25 -0400] "GET /109zphcv11436.html HTTP/1.1" 404 23126 "-" "Mozilla/5.0 AppleWebKit/537.36 (KHTML, like Gecko; compatible; GPTBot/1.2; +https://openai.com/gptbot)"
136.243.228.194 - - [13/Jul/2025:13:56:28 -0400] "GET /217wajo17628.html HTTP/1.1" 404 23126 "-" "Mozilla/5.0 (compatible; DataForSeoBot/1.0; +https://dataforseo.com/dataforseo-bot)"
136.243.228.194 - - [13/Jul/2025:13:56:34 -0400] "GET /items/ymoba106/39432?key=anxious HTTP/1.1" 404 23126 "-" "Mozilla/5.0 (compatible; DataForSeoBot/1.0; +https://dataforseo.com/dataforseo-bot)"
20.171.207.27 - - [13/Jul/2025:13:56:35 -0400] "GET /106tdnmw30937.html HTTP/1.1" 404 23126 "-" "Mozilla/5.0 AppleWebKit/537.36 (KHTML, like Gecko; compatible; GPTBot/1.2; +https://openai.com/gptbot)"
136.243.228.194 - - [13/Jul/2025:13:56:39 -0400] "GET /items/qiwdv31/2731?key=place HTTP/1.1" 404 23126 "-" "Mozilla/5.0 (compatible; DataForSeoBot/1.0; +https://dataforseo.com/dataforseo-bot)"
20.171.207.27 - - [13/Jul/2025:13:56:42 -0400] "GET /143icvxz47752.html HTTP/1.1" 404 23126 "-" "Mozilla/5.0 AppleWebKit/537.36 (KHTML, like Gecko; compatible; GPTBot/1.2; +https://openai.com/gptbot)"
4.196.96.212 - - [13/Jul/2025:13:56:54 -0400] "GET /wp-admin/css/ HTTP/1.1" 200 2667 "binance.com" "Mozilla/5.0 (Windows NT 10.0; Win64; x64) AppleWebKit/537.36 (KHTML, like Gecko) Chrome/90.0.4430.85 Safari/537.36"
136.243.228.194 - - [13/Jul/2025:13:56:46 -0400] "GET /157lvrxn35174.html HTTP/1.1" 404 23126 "-" "Mozilla/5.0 (compatible; DataForSeoBot/1.0; +https://dataforseo.com/dataforseo-bot)"
66.29.146.47 - - [13/Jul/2025:13:56:59 -0400] "POST /wp-cron.php?doing_wp_cron=1752429419.5383799076080322265625 HTTP/1.1" 403 1242 "-" "WordPress/6.8; https://dangroup.sa"
20.171.207.27 - - [13/Jul/2025:13:56:52 -0400] "GET /269mpygn16028.html HTTP/1.1" 404 23126 "-" "Mozilla/5.0 AppleWebKit/537.36 (KHTML, like Gecko; compatible; GPTBot/1.2; +https://openai.com/gptbot)"
136.243.228.194 - - [13/Jul/2025:13:56:58 -0400] "GET /items/fmdan220/40608?key=beard HTTP/1.1" 404 23126 "-" "Mozilla/5.0 (compatible; DataForSeoBot/1.0; +https://dataforseo.com/dataforseo-bot)"
20.171.207.27 - - [13/Jul/2025:13:57:04 -0400] "GET /102uftuy18047.html HTTP/1.1" 404 23126 "-" "Mozilla/5.0 AppleWebKit/537.36 (KHTML, like Gecko; compatible; GPTBot/1.2; +https://openai.com/gptbot)"
136.243.228.194 - - [13/Jul/2025:13:57:07 -0400] "GET /items/lfxnr192/22086?key=cheap HTTP/1.1" 404 23126 "-" "Mozilla/5.0 (compatible; DataForSeoBot/1.0; +https://dataforseo.com/dataforseo-bot)"
20.171.207.27 - - [13/Jul/2025:13:57:18 -0400] "GET /155ewyla12714.html HTTP/1.1" 404 23126 "-" "Mozilla/5.0 AppleWebKit/537.36 (KHTML, like Gecko; compatible; GPTBot/1.2; +https://openai.com/gptbot)"
136.243.228.194 - - [13/Jul/2025:13:57:18 -0400] "GET /items/ussji281/21543?key=rapid HTTP/1.1" 404 23126 "-" "Mozilla/5.0 (compatible; DataForSeoBot/1.0; +https://dataforseo.com/dataforseo-bot)"
4.196.96.212 - - [13/Jul/2025:13:57:29 -0400] "GET /wp-content/uploads/2025/07/ HTTP/1.1" 200 550 "binance.com" "Mozilla/5.0 (Windows NT 10.0; Win64; x64) AppleWebKit/537.36 (KHTML, like Gecko) Chrome/90.0.4430.85 Safari/537.36"
136.243.228.194 - - [13/Jul/2025:13:57:29 -0400] "GET /271azhzi11122.html HTTP/1.1" 404 23126 "-" "Mozilla/5.0 (compatible; DataForSeoBot/1.0; +https://dataforseo.com/dataforseo-bot)"
20.171.207.27 - - [13/Jul/2025:13:57:29 -0400] "GET /194aywxf37305.html HTTP/1.1" 404 23126 "-" "Mozilla/5.0 AppleWebKit/537.36 (KHTML, like Gecko; compatible; GPTBot/1.2; +https://openai.com/gptbot)"
4.196.96.212 - - [13/Jul/2025:13:57:37 -0400] "GET /wp-content/uploads/2025/06/ HTTP/1.1" 200 550 "binance.com" "Mozilla/5.0 (Windows NT 10.0; Win64; x64) AppleWebKit/537.36 (KHTML, like Gecko) Chrome/90.0.4430.85 Safari/537.36"
136.243.228.194 - - [13/Jul/2025:13:57:36 -0400] "GET /items/ghqtb295/37579?key=carbohydrate HTTP/1.1" 404 23128 "-" "Mozilla/5.0 (compatible; DataForSeoBot/1.0; +https://dataforseo.com/dataforseo-bot)"
4.196.96.212 - - [13/Jul/2025:13:57:45 -0400] "GET /wp-content/uploads/ HTTP/1.1" 200 1334 "binance.com" "Mozilla/5.0 (Windows NT 10.0; Win64; x64) AppleWebKit/537.36 (KHTML, like Gecko) Chrome/90.0.4430.85 Safari/537.36"
20.171.207.27 - - [13/Jul/2025:13:57:37 -0400] "GET /38obkap33329.html HTTP/1.1" 404 23126 "-" "Mozilla/5.0 AppleWebKit/537.36 (KHTML, like Gecko; compatible; GPTBot/1.2; +https://openai.com/gptbot)"
4.196.96.212 - - [13/Jul/2025:13:57:56 -0400] "GET /wp-content/upgrade/ HTTP/1.1" 200 544 "binance.com" "Mozilla/5.0 (Windows NT 10.0; Win64; x64) AppleWebKit/537.36 (KHTML, like Gecko) Chrome/90.0.4430.85 Safari/537.36"
136.243.228.194 - - [13/Jul/2025:13:57:46 -0400] "GET /items/ksnop107/48271?key=noise HTTP/1.1" 404 23126 "-" "Mozilla/5.0 (compatible; DataForSeoBot/1.0; +https://dataforseo.com/dataforseo-bot)"
20.171.207.27 - - [13/Jul/2025:13:57:48 -0400] "GET /45jpbui16444.html HTTP/1.1" 404 23126 "-" "Mozilla/5.0 AppleWebKit/537.36 (KHTML, like Gecko; compatible; GPTBot/1.2; +https://openai.com/gptbot)"
66.29.146.47 - - [13/Jul/2025:13:58:00 -0400] "POST /wp-cron.php?doing_wp_cron=1752429480.0546720027923583984375 HTTP/1.1" 403 1242 "-" "WordPress/6.8; https://dangroup.sa"
136.243.228.194 - - [13/Jul/2025:13:57:58 -0400] "GET /items/jgeqx191/42477?key=skill HTTP/1.1" 404 23128 "-" "Mozilla/5.0 (compatible; DataForSeoBot/1.0; +https://dataforseo.com/dataforseo-bot)"
20.171.207.27 - - [13/Jul/2025:13:58:00 -0400] "GET /61rgysb42666.html HTTP/1.1" 404 23128 "-" "Mozilla/5.0 AppleWebKit/537.36 (KHTML, like Gecko; compatible; GPTBot/1.2; +https://openai.com/gptbot)"
4.196.96.212 - - [13/Jul/2025:13:58:13 -0400] "GET /wp-content/languages/ HTTP/1.1" 200 3273 "binance.com" "Mozilla/5.0 (Windows NT 10.0; Win64; x64) AppleWebKit/537.36 (KHTML, like Gecko) Chrome/90.0.4430.85 Safari/537.36"
20.171.207.27 - - [13/Jul/2025:13:58:14 -0400] "GET /243ycvnj5444.html HTTP/1.1" 404 23127 "-" "Mozilla/5.0 AppleWebKit/537.36 (KHTML, like Gecko; compatible; GPTBot/1.2; +https://openai.com/gptbot)"
136.243.228.194 - - [13/Jul/2025:13:58:14 -0400] "GET /items/ungxs3/15827?key=kingdom HTTP/1.1" 404 23128 "-" "Mozilla/5.0 (compatible; DataForSeoBot/1.0; +https://dataforseo.com/dataforseo-bot)"
208.110.64.178 - - [13/Jul/2025:13:58:26 -0400] "GET /wp-content/install.php HTTP/1.1" 200 10 "https://dangroup.sa/wp-content/install.php" "Mozilla/5.0 (Windows NT 10.0; Win64; x64) AppleWebKit/537.36 (KHTML, like Gecko) Chrome/58.0.3029.110 Safari/537.3"
4.196.96.212 - - [13/Jul/2025:13:58:27 -0400] "GET /wp-content/languages/ HTTP/1.1" 200 3221 "binance.com" "Mozilla/5.0 (Windows NT 10.0; Win64; x64) AppleWebKit/537.36 (KHTML, like Gecko) Chrome/90.0.4430.85 Safari/537.36"
20.171.207.27 - - [13/Jul/2025:13:58:26 -0400] "GET /12tbcrl30515.html HTTP/1.1" 404 23126 "-" "Mozilla/5.0 AppleWebKit/537.36 (KHTML, like Gecko; compatible; GPTBot/1.2; +https://openai.com/gptbot)"
136.243.228.194 - - [13/Jul/2025:13:58:26 -0400] "GET /items/lrfbo43/22991?key=pond HTTP/1.1" 404 23126 "-" "Mozilla/5.0 (compatible; DataForSeoBot/1.0; +https://dataforseo.com/dataforseo-bot)"
4.196.96.212 - - [13/Jul/2025:13:58:50 -0400] "GET /wp-content/languages/admin-ar.l10n.php HTTP/1.1" 403 1242 "binance.com" "Mozilla/5.0 (Windows NT 10.0; Win64; x64) AppleWebKit/537.36 (KHTML, like Gecko) Chrome/90.0.4430.85 Safari/537.36"
20.171.207.27 - - [13/Jul/2025:13:58:41 -0400] "GET /34nodaa19491.html HTTP/1.1" 404 23126 "-" "Mozilla/5.0 AppleWebKit/537.36 (KHTML, like Gecko; compatible; GPTBot/1.2; +https://openai.com/gptbot)"
136.243.228.194 - - [13/Jul/2025:13:58:41 -0400] "GET /items/nxshf132/37802?key=his HTTP/1.1" 404 23126 "-" "Mozilla/5.0 (compatible; DataForSeoBot/1.0; +https://dataforseo.com/dataforseo-bot)"
20.171.207.27 - - [13/Jul/2025:13:58:54 -0400] "GET /11cdalf47488.html HTTP/1.1" 404 23126 "-" "Mozilla/5.0 AppleWebKit/537.36 (KHTML, like Gecko; compatible; GPTBot/1.2; +https://openai.com/gptbot)"
136.243.228.194 - - [13/Jul/2025:13:58:55 -0400] "GET /items/htlhv142/15234?key=study HTTP/1.1" 404 23126 "-" "Mozilla/5.0 (compatible; DataForSeoBot/1.0; +https://dataforseo.com/dataforseo-bot)"
66.29.146.47 - - [13/Jul/2025:13:59:09 -0400] "POST /wp-cron.php?doing_wp_cron=1752429548.7490429878234863281250 HTTP/1.1" 403 1242 "-" "WordPress/6.8; https://dangroup.sa"
66.29.146.47 - - [13/Jul/2025:13:59:09 -0400] "POST /wp-cron.php?doing_wp_cron=1752429549.3424930572509765625000 HTTP/1.1" 403 1242 "-" "WordPress/6.8; https://dangroup.sa"
20.171.207.27 - - [13/Jul/2025:13:59:08 -0400] "GET /139bmffk8900.html HTTP/1.1" 404 23126 "-" "Mozilla/5.0 AppleWebKit/537.36 (KHTML, like Gecko; compatible; GPTBot/1.2; +https://openai.com/gptbot)"
136.243.228.194 - - [13/Jul/2025:13:59:07 -0400] "GET /212xer40039.html HTTP/1.1" 404 23126 "-" "Mozilla/5.0 (compatible; DataForSeoBot/1.0; +https://dataforseo.com/dataforseo-bot)"
4.196.96.212 - - [13/Jul/2025:13:59:20 -0400] "GET /wp-content/languages/admin-network-ar.l10n.php HTTP/1.1" 403 1242 "binance.com" "Mozilla/5.0 (Windows NT 10.0; Win64; x64) AppleWebKit/537.36 (KHTML, like Gecko) Chrome/90.0.4430.85 Safari/537.36"
136.243.228.194 - - [13/Jul/2025:13:59:19 -0400] "GET /249pnil24760.html HTTP/1.1" 404 23128 "-" "Mozilla/5.0 (compatible; DataForSeoBot/1.0; +https://dataforseo.com/dataforseo-bot)"
52.167.144.140 - - [13/Jul/2025:13:59:26 -0400] "GET /ncvplhw24024igabion HTTP/1.1" 200 17 "-" "Mozilla/5.0 AppleWebKit/537.36 (KHTML, like Gecko; compatible; bingbot/2.0; +http://www.bing.com/bingbot.htm) Chrome/116.0.1938.76 Safari/537.36"
20.171.207.27 - - [13/Jul/2025:13:59:20 -0400] "GET /55vkivi17974.html HTTP/1.1" 404 23127 "-" "Mozilla/5.0 AppleWebKit/537.36 (KHTML, like Gecko; compatible; GPTBot/1.2; +https://openai.com/gptbot)"
4.196.96.212 - - [13/Jul/2025:13:59:30 -0400] "GET /wp-content/languages/ar.l10n.php HTTP/1.1" 403 1242 "binance.com" "Mozilla/5.0 (Windows NT 10.0; Win64; x64) AppleWebKit/537.36 (KHTML, like Gecko) Chrome/90.0.4430.85 Safari/537.36"
136.243.228.194 - - [13/Jul/2025:13:59:28 -0400] "GET /234mem34449.html HTTP/1.1" 404 23128 "-" "Mozilla/5.0 (compatible; DataForSeoBot/1.0; +https://dataforseo.com/dataforseo-bot)"
20.171.207.27 - - [13/Jul/2025:13:59:33 -0400] "GET /30vqbbh16099.html HTTP/1.1" 404 23126 "-" "Mozilla/5.0 AppleWebKit/537.36 (KHTML, like Gecko; compatible; GPTBot/1.2; +https://openai.com/gptbot)"
136.243.228.194 - - [13/Jul/2025:13:59:36 -0400] "GET /items/gpeyw127/48613?key=common HTTP/1.1" 404 23126 "-" "Mozilla/5.0 (compatible; DataForSeoBot/1.0; +https://dataforseo.com/dataforseo-bot)"
4.196.96.212 - - [13/Jul/2025:13:59:50 -0400] "GET /wp-content/languages/continents-cities-ar.l10n.php HTTP/1.1" 403 1242 "binance.com" "Mozilla/5.0 (Windows NT 10.0; Win64; x64) AppleWebKit/537.36 (KHTML, like Gecko) Chrome/90.0.4430.85 Safari/537.36"
20.171.207.27 - - [13/Jul/2025:13:59:44 -0400] "GET /98bjssu19581.html HTTP/1.1" 404 23128 "-" "Mozilla/5.0 AppleWebKit/537.36 (KHTML, like Gecko; compatible; GPTBot/1.2; +https://openai.com/gptbot)"
136.243.228.194 - - [13/Jul/2025:13:59:47 -0400] "GET /items/afiwt103/21861?key=breakfast HTTP/1.1" 404 23128 "-" "Mozilla/5.0 (compatible; DataForSeoBot/1.0; +https://dataforseo.com/dataforseo-bot)"
20.171.207.27 - - [13/Jul/2025:13:59:53 -0400] "GET /251mddvn9452.html HTTP/1.1" 404 23126 "-" "Mozilla/5.0 AppleWebKit/537.36 (KHTML, like Gecko; compatible; GPTBot/1.2; +https://openai.com/gptbot)"
136.243.228.194 - - [13/Jul/2025:13:59:55 -0400] "GET /277kwybs15844.html HTTP/1.1" 404 23126 "-" "Mozilla/5.0 (compatible; DataForSeoBot/1.0; +https://dataforseo.com/dataforseo-bot)"
136.243.228.194 - - [13/Jul/2025:14:00:07 -0400] "GET /178aoka13187.html HTTP/1.1" 404 23126 "-" "Mozilla/5.0 (compatible; DataForSeoBot/1.0; +https://dataforseo.com/dataforseo-bot)"
