34.44.103.65 - - [13/Jul/2025:09:47:39 -0400] "GET /wp-content/plugins/wcf-addons-pro/assets/js/wcf-addons-pro.js?ver=6.8 HTTP/1.1" 304 0 "https://dangroup.sa/" "Mozilla/5.0 (Macintosh; Intel Mac OS X 10_7_3) AppleWebKit/534.55.3 (KHTML, like Gecko) Version/5.1.3 Safari/534.53.10"
34.44.103.65 - - [13/Jul/2025:09:47:39 -0400] "GET /wp-content/plugins/elementor-pro/assets/js/elements-handlers.min.js?ver=3.29.1 HTTP/1.1" 304 0 "https://dangroup.sa/" "Mozilla/5.0 (Macintosh; Intel Mac OS X 10_7_3) AppleWebKit/534.55.3 (KHTML, like Gecko) Version/5.1.3 Safari/534.53.10"
34.44.103.65 - - [13/Jul/2025:09:47:39 -0400] "GET /wp-content/plugins/elementor/assets/js/frontend-modules.min.js?ver=3.28.4 HTTP/1.1" 304 0 "https://dangroup.sa/" "Mozilla/5.0 (Macintosh; Intel Mac OS X 10_7_3) AppleWebKit/534.55.3 (KHTML, like Gecko) Version/5.1.3 Safari/534.53.10"
34.44.103.65 - - [13/Jul/2025:09:47:39 -0400] "GET /wp-content/plugins/wp-consent-api/assets/js/wp-consent-api.min.js?ver=1.0.8 HTTP/1.1" 304 0 "https://dangroup.sa/" "Mozilla/5.0 (Macintosh; Intel Mac OS X 10_7_3) AppleWebKit/534.55.3 (KHTML, like Gecko) Version/5.1.3 Safari/534.53.10"
34.44.103.65 - - [13/Jul/2025:09:47:39 -0400] "GET /wp-includes/js/dist/hooks.min.js?ver=4d63a3d491d11ffd8ac6 HTTP/1.1" 304 0 "https://dangroup.sa/" "Mozilla/5.0 (Macintosh; Intel Mac OS X 10_7_3) AppleWebKit/534.55.3 (KHTML, like Gecko) Version/5.1.3 Safari/534.53.10"
34.44.103.65 - - [13/Jul/2025:09:47:39 -0400] "GET /wp-content/plugins/contact-form-7/includes/swv/js/index.js?ver=5.9.8 HTTP/1.1" 304 0 "https://dangroup.sa/" "Mozilla/5.0 (Macintosh; Intel Mac OS X 10_7_3) AppleWebKit/534.55.3 (KHTML, like Gecko) Version/5.1.3 Safari/534.53.10"
34.44.103.65 - - [13/Jul/2025:09:47:39 -0400] "GET /wp-content/themes/arolax/assets/js/bootstrap.bundle.min.js?ver=2 HTTP/1.1" 304 0 "https://dangroup.sa/" "Mozilla/5.0 (Macintosh; Intel Mac OS X 10_7_3) AppleWebKit/534.55.3 (KHTML, like Gecko) Version/5.1.3 Safari/534.53.10"
34.44.103.65 - - [13/Jul/2025:09:47:39 -0400] "GET /wp-content/plugins/extension-for-animation-addons/assets/lib/ScrollTrigger.min.js?ver=6.8 HTTP/1.1" 200 16164 "https://dangroup.sa/" "Mozilla/5.0 (Macintosh; Intel Mac OS X 10_7_3) AppleWebKit/534.55.3 (KHTML, like Gecko) Version/5.1.3 Safari/534.53.10"
34.44.103.65 - - [13/Jul/2025:09:47:39 -0400] "GET /wp-includes/js/jquery/ui/core.min.js?ver=1.13.3 HTTP/1.1" 200 6812 "https://dangroup.sa/" "Mozilla/5.0 (Macintosh; Intel Mac OS X 10_7_3) AppleWebKit/534.55.3 (KHTML, like Gecko) Version/5.1.3 Safari/534.53.10"
34.44.103.65 - - [13/Jul/2025:09:47:39 -0400] "GET /wp-content/plugins/animation-addons-for-elementor/assets/js/widgets/slider.min.js?ver=6.8 HTTP/1.1" 304 0 "https://dangroup.sa/" "Mozilla/5.0 (Macintosh; Intel Mac OS X 10_7_3) AppleWebKit/534.55.3 (KHTML, like Gecko) Version/5.1.3 Safari/534.53.10"
34.44.103.65 - - [13/Jul/2025:09:47:39 -0400] "GET /wp-content/plugins/animation-addons-for-elementor/assets/js/wcf-addons.min.js?ver=6.8 HTTP/1.1" 304 0 "https://dangroup.sa/" "Mozilla/5.0 (Macintosh; Intel Mac OS X 10_7_3) AppleWebKit/534.55.3 (KHTML, like Gecko) Version/5.1.3 Safari/534.53.10"
34.44.103.65 - - [13/Jul/2025:09:47:39 -0400] "GET /wp-content/plugins/elementor-pro/assets/js/webpack-pro.runtime.min.js?ver=3.29.1 HTTP/1.1" 304 0 "https://dangroup.sa/" "Mozilla/5.0 (Macintosh; Intel Mac OS X 10_7_3) AppleWebKit/534.55.3 (KHTML, like Gecko) Version/5.1.3 Safari/534.53.10"
34.44.103.65 - - [13/Jul/2025:09:47:39 -0400] "GET /wp-content/plugins/elementor/assets/lib/swiper/v8/swiper.min.js?ver=8.4.5 HTTP/1.1" 304 0 "https://dangroup.sa/" "Mozilla/5.0 (Macintosh; Intel Mac OS X 10_7_3) AppleWebKit/534.55.3 (KHTML, like Gecko) Version/5.1.3 Safari/534.53.10"
34.44.103.65 - - [13/Jul/2025:09:47:39 -0400] "GET /wp-content/plugins/wcf-addons-pro/assets/js/advance-slider-effects.js?ver=6.8 HTTP/1.1" 304 0 "https://dangroup.sa/" "Mozilla/5.0 (Macintosh; Intel Mac OS X 10_7_3) AppleWebKit/534.55.3 (KHTML, like Gecko) Version/5.1.3 Safari/534.53.10"
34.44.103.65 - - [13/Jul/2025:09:47:39 -0400] "GET /wp-content/plugins/elementor/assets/lib/jquery-numerator/jquery-numerator.min.js?ver=0.2.1 HTTP/1.1" 304 0 "https://dangroup.sa/" "Mozilla/5.0 (Macintosh; Intel Mac OS X 10_7_3) AppleWebKit/534.55.3 (KHTML, like Gecko) Version/5.1.3 Safari/534.53.10"
34.44.103.65 - - [13/Jul/2025:09:47:39 -0400] "GET /wp-content/plugins/chaty/js/cht-front-script.min.js?ver=3.4.21748763706 HTTP/1.1" 304 0 "https://dangroup.sa/" "Mozilla/5.0 (Macintosh; Intel Mac OS X 10_7_3) AppleWebKit/534.55.3 (KHTML, like Gecko) Version/5.1.3 Safari/534.53.10"
34.44.103.65 - - [13/Jul/2025:09:47:39 -0400] "GET /wp-content/plugins/elementor/assets/js/frontend.min.js?ver=3.28.4 HTTP/1.1" 304 0 "https://dangroup.sa/" "Mozilla/5.0 (Macintosh; Intel Mac OS X 10_7_3) AppleWebKit/534.55.3 (KHTML, like Gecko) Version/5.1.3 Safari/534.53.10"
34.44.103.65 - - [13/Jul/2025:09:47:39 -0400] "GET /wp-content/uploads/2024/11/Group-101.png HTTP/1.1" 200 9131 "https://dangroup.sa/" "Mozilla/5.0 (Macintosh; Intel Mac OS X 10_7_3) AppleWebKit/534.55.3 (KHTML, like Gecko) Version/5.1.3 Safari/534.53.10"
34.44.103.65 - - [13/Jul/2025:09:47:39 -0400] "GET /wp-content/plugins/google-site-kit/dist/assets/js/googlesitekit-events-provider-contact-form-7-84e9a1056bc4922b7cbd.js HTTP/1.1" 304 0 "https://dangroup.sa/" "Mozilla/5.0 (Macintosh; Intel Mac OS X 10_7_3) AppleWebKit/534.55.3 (KHTML, like Gecko) Version/5.1.3 Safari/534.53.10"
34.44.103.65 - - [13/Jul/2025:09:47:39 -0400] "GET /wp-content/uploads/2024/11/Group-73.png HTTP/1.1" 200 12575 "https://dangroup.sa/" "Mozilla/5.0 (Macintosh; Intel Mac OS X 10_7_3) AppleWebKit/534.55.3 (KHTML, like Gecko) Version/5.1.3 Safari/534.53.10"
34.44.103.65 - - [13/Jul/2025:09:47:40 -0400] "GET /wp-includes/js/wp-emoji-release.min.js?ver=6.8 HTTP/1.1" 304 0 "https://dangroup.sa/" "Mozilla/5.0 (Macintosh; Intel Mac OS X 10_7_3) AppleWebKit/534.55.3 (KHTML, like Gecko) Version/5.1.3 Safari/534.53.10"
34.44.103.65 - - [13/Jul/2025:09:47:40 -0400] "GET /wp-content/plugins/elementor/assets/js/text-editor.c084ef86600b6f11690d.bundle.min.js HTTP/1.1" 304 0 "https://dangroup.sa/" "Mozilla/5.0 (Macintosh; Intel Mac OS X 10_7_3) AppleWebKit/534.55.3 (KHTML, like Gecko) Version/5.1.3 Safari/534.53.10"
136.243.228.194 - - [13/Jul/2025:09:47:33 -0400] "GET /items/yxnkk115/19165?key=offensive HTTP/1.1" 404 23126 "-" "Mozilla/5.0 (compatible; DataForSeoBot/1.0; +https://dataforseo.com/dataforseo-bot)"
20.171.207.193 - - [13/Jul/2025:09:47:41 -0400] "GET /298tbqhq14503.html HTTP/1.1" 404 23126 "-" "Mozilla/5.0 AppleWebKit/537.36 (KHTML, like Gecko; compatible; GPTBot/1.2; +https://openai.com/gptbot)"
136.243.228.194 - - [13/Jul/2025:09:47:49 -0400] "GET /194tvjdw1155.html HTTP/1.1" 404 23126 "-" "Mozilla/5.0 (compatible; DataForSeoBot/1.0; +https://dataforseo.com/dataforseo-bot)"
34.44.103.65 - - [13/Jul/2025:09:47:40 -0400] "GET /wp-content/uploads/2024/12/dan_1.mp4 HTTP/1.1" 200 76810005 "https://dangroup.sa/" "Mozilla/5.0 (Macintosh; Intel Mac OS X 10_7_3) AppleWebKit/534.55.3 (KHTML, like Gecko) Version/5.1.3 Safari/534.53.10"
136.243.228.194 - - [13/Jul/2025:09:48:01 -0400] "GET /208dlqz48329.html HTTP/1.1" 404 23128 "-" "Mozilla/5.0 (compatible; DataForSeoBot/1.0; +https://dataforseo.com/dataforseo-bot)"
136.243.228.194 - - [13/Jul/2025:09:48:10 -0400] "GET /147qco29944.html HTTP/1.1" 404 23126 "-" "Mozilla/5.0 (compatible; DataForSeoBot/1.0; +https://dataforseo.com/dataforseo-bot)"
34.44.103.65 - - [13/Jul/2025:09:48:13 -0400] "GET / HTTP/1.1" 200 33219 "-" "Mozilla/5.0 (Linux; Android 5.1.1; Coolpad 3622A Build/LMY47V) AppleWebKit/537.36 (KHTML, like Gecko) Chrome/58.0.3029.83 Mobile Safari/537.36"
136.243.228.194 - - [13/Jul/2025:09:48:17 -0400] "GET /54jufwy20043.html HTTP/1.1" 404 23128 "-" "Mozilla/5.0 (compatible; DataForSeoBot/1.0; +https://dataforseo.com/dataforseo-bot)"
66.29.146.47 - - [13/Jul/2025:09:48:46 -0400] "POST /wp-cron.php?doing_wp_cron=1752414526.3436920642852783203125 HTTP/1.1" 403 1242 "-" "WordPress/6.8; https://dangroup.sa"
136.243.228.194 - - [13/Jul/2025:09:48:34 -0400] "GET /items/reqne173/23575?key=digital HTTP/1.1" 404 23126 "-" "Mozilla/5.0 (compatible; DataForSeoBot/1.0; +https://dataforseo.com/dataforseo-bot)"
20.171.207.193 - - [13/Jul/2025:09:48:43 -0400] "GET /241oxucs32522.html HTTP/1.1" 404 23127 "-" "Mozilla/5.0 AppleWebKit/537.36 (KHTML, like Gecko; compatible; GPTBot/1.2; +https://openai.com/gptbot)"
136.243.228.194 - - [13/Jul/2025:09:48:49 -0400] "GET /items/wgctb196/6016?key=steep HTTP/1.1" 404 23126 "-" "Mozilla/5.0 (compatible; DataForSeoBot/1.0; +https://dataforseo.com/dataforseo-bot)"
136.243.228.194 - - [13/Jul/2025:09:49:03 -0400] "GET /138rrtgr19943.html HTTP/1.1" 404 23126 "-" "Mozilla/5.0 (compatible; DataForSeoBot/1.0; +https://dataforseo.com/dataforseo-bot)"
34.44.103.65 - - [13/Jul/2025:09:49:04 -0400] "GET / HTTP/1.1" 200 33219 "-" "Mozilla/4.0 (compatible; MSIE 6.0; Windows CE; IEMobile 6.12; Microsoft ZuneHD 4.3)"
136.243.228.194 - - [13/Jul/2025:09:49:13 -0400] "GET /items/tvhxi135/25847?key=potentially HTTP/1.1" 404 23128 "-" "Mozilla/5.0 (compatible; DataForSeoBot/1.0; +https://dataforseo.com/dataforseo-bot)"
136.243.228.194 - - [13/Jul/2025:09:49:21 -0400] "GET /137nkmd23924.html HTTP/1.1" 404 23126 "-" "Mozilla/5.0 (compatible; DataForSeoBot/1.0; +https://dataforseo.com/dataforseo-bot)"
136.243.228.194 - - [13/Jul/2025:09:49:30 -0400] "GET /items/yzjyu6/464?key=constitutional HTTP/1.1" 404 23126 "-" "Mozilla/5.0 (compatible; DataForSeoBot/1.0; +https://dataforseo.com/dataforseo-bot)"
66.29.146.47 - - [13/Jul/2025:09:49:51 -0400] "POST /wp-cron.php?doing_wp_cron=1752414590.7382988929748535156250 HTTP/1.1" 403 1242 "-" "WordPress/6.8; https://dangroup.sa"
34.44.103.65 - - [13/Jul/2025:09:49:44 -0400] "GET / HTTP/1.1" 200 0 "-" "python-requests/2.32.3"
20.171.207.193 - - [13/Jul/2025:09:49:49 -0400] "GET /216fbsci34325.html HTTP/1.1" 404 23126 "-" "Mozilla/5.0 AppleWebKit/537.36 (KHTML, like Gecko; compatible; GPTBot/1.2; +https://openai.com/gptbot)"
136.243.228.194 - - [13/Jul/2025:09:50:22 -0400] "GET /252wwnjz11379.html HTTP/1.1" 404 23126 "-" "Mozilla/5.0 (compatible; DataForSeoBot/1.0; +https://dataforseo.com/dataforseo-bot)"
2a02:598:128:8a00::b00:5 - - [13/Jul/2025:09:50:25 -0400] "GET /32wswrg48523.html HTTP/1.1" 200 0 "-" "Mozilla/5.0 (compatible; SeznamBot/4.0; +https://o-seznam.cz/napoveda/vyhledavani/en/seznambot-crawler/)"
136.243.228.194 - - [13/Jul/2025:09:50:32 -0400] "GET /items/kmnjb172/32046?key=suspicion HTTP/1.1" 404 23126 "-" "Mozilla/5.0 (compatible; DataForSeoBot/1.0; +https://dataforseo.com/dataforseo-bot)"
136.243.228.194 - - [13/Jul/2025:09:50:42 -0400] "GET /220wady45095.html HTTP/1.1" 404 23126 "-" "Mozilla/5.0 (compatible; DataForSeoBot/1.0; +https://dataforseo.com/dataforseo-bot)"
66.29.146.47 - - [13/Jul/2025:09:50:52 -0400] "POST /wp-cron.php?doing_wp_cron=1752414651.9396979808807373046875 HTTP/1.1" 403 1242 "-" "WordPress/6.8; https://dangroup.sa"
66.29.146.47 - - [13/Jul/2025:09:50:52 -0400] "POST /wp-cron.php?doing_wp_cron=1752414652.2582750320434570312500 HTTP/1.1" 403 1242 "-" "WordPress/6.8; https://dangroup.sa"
136.243.228.194 - - [13/Jul/2025:09:50:51 -0400] "GET /items/uleqe216/49922?key=confront HTTP/1.1" 404 23126 "-" "Mozilla/5.0 (compatible; DataForSeoBot/1.0; +https://dataforseo.com/dataforseo-bot)"
20.171.207.193 - - [13/Jul/2025:09:50:51 -0400] "GET /227wzhnu24600.html HTTP/1.1" 404 23126 "-" "Mozilla/5.0 AppleWebKit/537.36 (KHTML, like Gecko; compatible; GPTBot/1.2; +https://openai.com/gptbot)"
66.249.68.130 - - [13/Jul/2025:09:51:05 -0400] "GET / HTTP/1.1" 200 87043 "-" "Mozilla/5.0 (Linux; Android 6.0.1; Nexus 5X Build/MMB29P) AppleWebKit/537.36 (KHTML, like Gecko) Chrome/137.0.7151.103 Mobile Safari/537.36 (compatible; Googlebot/2.1; +http://www.google.com/bot.html)"
136.243.228.194 - - [13/Jul/2025:09:51:05 -0400] "GET /29jqv24444.html HTTP/1.1" 404 23126 "-" "Mozilla/5.0 (compatible; DataForSeoBot/1.0; +https://dataforseo.com/dataforseo-bot)"
136.243.228.194 - - [13/Jul/2025:09:51:13 -0400] "GET /items/rwpbw189/25303?key=join HTTP/1.1" 404 23126 "-" "Mozilla/5.0 (compatible; DataForSeoBot/1.0; +https://dataforseo.com/dataforseo-bot)"
74.125.150.129 - - [13/Jul/2025:09:51:30 -0400] "GET /items/dfkgw38/41856 HTTP/1.1" 200 17 "-" "Mozilla/5.0 (Linux; Android 6.0.1; Nexus 5X Build/MMB29P) AppleWebKit/537.36 (KHTML, like Gecko) Chrome/137.0.7151.103 Mobile Safari/537.36 (compatible; AdsBot-Google-Mobile; +http://www.google.com/mobile/adsbot.html)"
136.243.228.194 - - [13/Jul/2025:09:51:24 -0400] "GET /items/csnov222/26262?key=dress HTTP/1.1" 404 23126 "-" "Mozilla/5.0 (compatible; DataForSeoBot/1.0; +https://dataforseo.com/dataforseo-bot)"
136.243.228.194 - - [13/Jul/2025:09:51:33 -0400] "GET /items/gpsls181/4961?key=entry HTTP/1.1" 404 23126 "-" "Mozilla/5.0 (compatible; DataForSeoBot/1.0; +https://dataforseo.com/dataforseo-bot)"
47.82.60.20 - - [13/Jul/2025:09:51:43 -0400] "GET /48taz4779.html HTTP/1.1" 404 23126 "https://dangroup.sa/48taz4779.html" "Mozilla/5.0 (Windows NT 10.0; Win64; x64) AppleWebKit/537.36 (KHTML, like Gecko) Chrome/114.0.0.0 Safari/537.36 Edg/114.0.1823.43"
136.243.228.194 - - [13/Jul/2025:09:51:44 -0400] "GET /items/vbahk152/41026?key=separate HTTP/1.1" 404 23126 "-" "Mozilla/5.0 (compatible; DataForSeoBot/1.0; +https://dataforseo.com/dataforseo-bot)"
66.29.146.47 - - [13/Jul/2025:09:51:56 -0400] "POST /wp-cron.php?doing_wp_cron=1752414716.0363008975982666015625 HTTP/1.1" 403 1242 "-" "WordPress/6.8; https://dangroup.sa"
20.171.207.193 - - [13/Jul/2025:09:51:55 -0400] "GET /128eoqvw27903.html HTTP/1.1" 404 23126 "-" "Mozilla/5.0 AppleWebKit/537.36 (KHTML, like Gecko; compatible; GPTBot/1.2; +https://openai.com/gptbot)"
136.243.228.194 - - [13/Jul/2025:09:51:56 -0400] "GET /116gqi5537.html HTTP/1.1" 404 23126 "-" "Mozilla/5.0 (compatible; DataForSeoBot/1.0; +https://dataforseo.com/dataforseo-bot)"
136.243.228.194 - - [13/Jul/2025:09:52:02 -0400] "GET /items/cditv22/2390?key=regulator HTTP/1.1" 404 23126 "-" "Mozilla/5.0 (compatible; DataForSeoBot/1.0; +https://dataforseo.com/dataforseo-bot)"
47.82.60.16 - - [13/Jul/2025:09:52:07 -0400] "GET /pcmypage?callback=product/review/first34-trusco-2314369 HTTP/1.1" 404 23126 "https://dangroup.sa/pcmypage?callback=product/review/first34-trusco-2314369" "Mozilla/5.0 (Windows NT 10.0; Win64; x64) AppleWebKit/537.36 (KHTML, like Gecko) Chrome/114.0.0.0 Safari/537.36 Edg/114.0.1823.43"
47.82.60.60 - - [13/Jul/2025:09:52:14 -0400] "GET /160cmb47619.html HTTP/1.1" 301 0 "https://www.dangroup.sa/160cmb47619.html" "Mozilla/5.0 (Windows NT 10.0; Win64; x64) AppleWebKit/537.36 (KHTML, like Gecko) Chrome/114.0.0.0 Safari/537.36 Edg/114.0.1823.43"
136.243.228.194 - - [13/Jul/2025:09:52:07 -0400] "GET /276sbvw29325.html HTTP/1.1" 404 23126 "-" "Mozilla/5.0 (compatible; DataForSeoBot/1.0; +https://dataforseo.com/dataforseo-bot)"
47.82.60.39 - - [13/Jul/2025:09:52:23 -0400] "GET /pcmypage?callback=product/detail/tuzukiya-n179-1851 HTTP/1.1" 301 0 "https://www.dangroup.sa/pcmypage?callback=product%2Fdetail%2Ftuzukiya-n179-1851" "Mozilla/5.0 (Windows NT 10.0; Win64; x64) AppleWebKit/537.36 (KHTML, like Gecko) Chrome/114.0.0.0 Safari/537.36 Edg/114.0.1823.43"
47.82.60.61 - - [13/Jul/2025:09:52:12 -0400] "GET /items/ojvqg283/44387?key=confirm HTTP/1.1" 404 23128 "https://dangroup.sa/items/ojvqg283/44387?key=confirm" "Mozilla/5.0 (Windows NT 10.0; Win64; x64) AppleWebKit/537.36 (KHTML, like Gecko) Chrome/114.0.0.0 Safari/537.36 Edg/114.0.1823.43"
136.243.228.194 - - [13/Jul/2025:09:52:19 -0400] "GET /63rzqf45886.html HTTP/1.1" 404 23126 "-" "Mozilla/5.0 (compatible; DataForSeoBot/1.0; +https://dataforseo.com/dataforseo-bot)"
47.82.60.60 - - [13/Jul/2025:09:52:17 -0400] "GET /160cmb47619.html HTTP/1.1" 404 23128 "https://www.dangroup.sa/160cmb47619.html" "Mozilla/5.0 (Windows NT 10.0; Win64; x64) AppleWebKit/537.36 (KHTML, like Gecko) Chrome/114.0.0.0 Safari/537.36 Edg/114.0.1823.43"
47.82.60.39 - - [13/Jul/2025:09:52:28 -0400] "GET /pcmypage?callback=product/detail/tuzukiya-n179-1851 HTTP/1.1" 404 23126 "https://www.dangroup.sa/pcmypage?callback=product%2Fdetail%2Ftuzukiya-n179-1851" "Mozilla/5.0 (Windows NT 10.0; Win64; x64) AppleWebKit/537.36 (KHTML, like Gecko) Chrome/114.0.0.0 Safari/537.36 Edg/114.0.1823.43"
136.243.228.194 - - [13/Jul/2025:09:52:35 -0400] "GET /items/kxeub70/8046?key=description HTTP/1.1" 404 23126 "-" "Mozilla/5.0 (compatible; DataForSeoBot/1.0; +https://dataforseo.com/dataforseo-bot)"
136.243.228.194 - - [13/Jul/2025:09:52:45 -0400] "GET /items/cfrnm296/36148?key=mall HTTP/1.1" 404 23126 "-" "Mozilla/5.0 (compatible; DataForSeoBot/1.0; +https://dataforseo.com/dataforseo-bot)"
47.82.60.12 - - [13/Jul/2025:09:52:51 -0400] "GET /items/jvoog108/17296?key=troubled HTTP/1.1" 404 23126 "https://dangroup.sa/items/jvoog108/17296?key=troubled" "Mozilla/5.0 (Windows NT 10.0; Win64; x64) AppleWebKit/537.36 (KHTML, like Gecko) Chrome/114.0.0.0 Safari/537.36 Edg/114.0.1823.43"
66.29.146.47 - - [13/Jul/2025:09:52:59 -0400] "POST /wp-cron.php?doing_wp_cron=1752414778.8452460765838623046875 HTTP/1.1" 403 1242 "-" "WordPress/6.8; https://dangroup.sa"
136.243.228.194 - - [13/Jul/2025:09:52:55 -0400] "GET /193dox13042.html HTTP/1.1" 404 23128 "-" "Mozilla/5.0 (compatible; DataForSeoBot/1.0; +https://dataforseo.com/dataforseo-bot)"
20.171.207.193 - - [13/Jul/2025:09:52:57 -0400] "GET /247jfdpf20152.html HTTP/1.1" 404 23126 "-" "Mozilla/5.0 AppleWebKit/537.36 (KHTML, like Gecko; compatible; GPTBot/1.2; +https://openai.com/gptbot)"
136.243.228.194 - - [13/Jul/2025:09:53:00 -0400] "GET /items/mzvkq155/35715?key=cheat HTTP/1.1" 404 23126 "-" "Mozilla/5.0 (compatible; DataForSeoBot/1.0; +https://dataforseo.com/dataforseo-bot)"
136.243.228.194 - - [13/Jul/2025:09:53:06 -0400] "GET /items/ozxak17/48837?key=Congress HTTP/1.1" 404 23128 "-" "Mozilla/5.0 (compatible; DataForSeoBot/1.0; +https://dataforseo.com/dataforseo-bot)"
66.249.68.131 - - [13/Jul/2025:09:53:11 -0400] "GET /robots.txt HTTP/1.1" 304 0 "-" "Mozilla/5.0 (compatible; Googlebot/2.1; +http://www.google.com/bot.html)"
47.82.60.34 - - [13/Jul/2025:09:53:08 -0400] "GET /items/xflze246/7192?key=ok HTTP/1.1" 404 23128 "https://dangroup.sa/items/xflze246/7192?key=ok" "Mozilla/5.0 (Windows NT 10.0; Win64; x64) AppleWebKit/537.36 (KHTML, like Gecko) Chrome/114.0.0.0 Safari/537.36 Edg/114.0.1823.43"
136.243.228.194 - - [13/Jul/2025:09:53:10 -0400] "GET /133hnh48094.html HTTP/1.1" 404 23126 "-" "Mozilla/5.0 (compatible; DataForSeoBot/1.0; +https://dataforseo.com/dataforseo-bot)"
47.82.60.21 - - [13/Jul/2025:09:53:16 -0400] "GET /pcmypage?callback=product/review/osusumeshop777-ds-2312521 HTTP/1.1" 404 23126 "https://dangroup.sa/pcmypage?callback=product/review/osusumeshop777-ds-2312521" "Mozilla/5.0 (Windows NT 10.0; Win64; x64) AppleWebKit/537.36 (KHTML, like Gecko) Chrome/114.0.0.0 Safari/537.36 Edg/114.0.1823.43"
136.243.228.194 - - [13/Jul/2025:09:53:21 -0400] "GET /254chs2785.html HTTP/1.1" 404 23126 "-" "Mozilla/5.0 (compatible; DataForSeoBot/1.0; +https://dataforseo.com/dataforseo-bot)"
136.243.228.194 - - [13/Jul/2025:09:53:30 -0400] "GET /51lpvb36442.html HTTP/1.1" 404 23126 "-" "Mozilla/5.0 (compatible; DataForSeoBot/1.0; +https://dataforseo.com/dataforseo-bot)"
136.243.228.194 - - [13/Jul/2025:09:53:39 -0400] "GET /items/juxgb193/29721?key=often HTTP/1.1" 404 23126 "-" "Mozilla/5.0 (compatible; DataForSeoBot/1.0; +https://dataforseo.com/dataforseo-bot)"
136.243.228.194 - - [13/Jul/2025:09:53:48 -0400] "GET /75khh17220.html HTTP/1.1" 404 23126 "-" "Mozilla/5.0 (compatible; DataForSeoBot/1.0; +https://dataforseo.com/dataforseo-bot)"
136.243.228.194 - - [13/Jul/2025:09:53:57 -0400] "GET /189xyf42312.html HTTP/1.1" 404 23126 "-" "Mozilla/5.0 (compatible; DataForSeoBot/1.0; +https://dataforseo.com/dataforseo-bot)"
66.29.146.47 - - [13/Jul/2025:09:54:01 -0400] "POST /wp-cron.php?doing_wp_cron=1752414840.9558289051055908203125 HTTP/1.1" 403 1242 "-" "WordPress/6.8; https://dangroup.sa"
47.82.60.37 - - [13/Jul/2025:09:54:00 -0400] "GET /items/qhwfi106/12232?key=shorts HTTP/1.1" 301 0 "https://www.dangroup.sa/items/qhwfi106/12232?key=shorts" "Mozilla/5.0 (Windows NT 10.0; Win64; x64) AppleWebKit/537.36 (KHTML, like Gecko) Chrome/114.0.0.0 Safari/537.36 Edg/114.0.1823.43"
66.249.68.130 - - [13/Jul/2025:09:54:07 -0400] "GET /98kyu22539.html HTTP/1.1" 200 88990 "-" "Mozilla/5.0 (Linux; Android 6.0.1; Nexus 5X Build/MMB29P) AppleWebKit/537.36 (KHTML, like Gecko) Chrome/137.0.7151.103 Mobile Safari/537.36 (compatible; Googlebot/2.1; +http://www.google.com/bot.html)"
47.82.60.37 - - [13/Jul/2025:09:54:02 -0400] "GET /items/qhwfi106/12232?key=shorts HTTP/1.1" 404 23126 "https://www.dangroup.sa/items/qhwfi106/12232?key=shorts" "Mozilla/5.0 (Windows NT 10.0; Win64; x64) AppleWebKit/537.36 (KHTML, like Gecko) Chrome/114.0.0.0 Safari/537.36 Edg/114.0.1823.43"
136.243.228.194 - - [13/Jul/2025:09:54:02 -0400] "GET /49nilxz23630.html HTTP/1.1" 404 23126 "-" "Mozilla/5.0 (compatible; DataForSeoBot/1.0; +https://dataforseo.com/dataforseo-bot)"
20.171.207.193 - - [13/Jul/2025:09:54:03 -0400] "GET /297yicvf28234.html HTTP/1.1" 404 23126 "-" "Mozilla/5.0 AppleWebKit/537.36 (KHTML, like Gecko; compatible; GPTBot/1.2; +https://openai.com/gptbot)"
47.82.60.37 - - [13/Jul/2025:09:54:14 -0400] "GET /items/gkrcq1/21355?key=fever HTTP/1.1" 404 23126 "https://dangroup.sa/items/gkrcq1/21355?key=fever" "Mozilla/5.0 (Windows NT 10.0; Win64; x64) AppleWebKit/537.36 (KHTML, like Gecko) Chrome/114.0.0.0 Safari/537.36 Edg/114.0.1823.43"
136.243.228.194 - - [13/Jul/2025:09:54:13 -0400] "GET /items/dteqm147/27971?key=draft HTTP/1.1" 404 23128 "-" "Mozilla/5.0 (compatible; DataForSeoBot/1.0; +https://dataforseo.com/dataforseo-bot)"
66.249.68.129 - - [13/Jul/2025:09:54:32 -0400] "GET / HTTP/1.1" 200 86834 "-" "Mozilla/5.0 (Linux; Android 6.0.1; Nexus 5X Build/MMB29P) AppleWebKit/537.36 (KHTML, like Gecko) Chrome/99.0.4844.84 Mobile Safari/537.36 (compatible; Googlebot/2.1; +http://www.google.com/bot.html)"
66.249.68.129 - - [13/Jul/2025:09:54:33 -0400] "GET / HTTP/1.1" 200 87682 "-" "Mozilla/5.0 (compatible; Googlebot/2.1; +http://www.google.com/bot.html)"
47.82.60.40 - - [13/Jul/2025:09:54:22 -0400] "GET /66vmc4827.html HTTP/1.1" 404 23126 "https://dangroup.sa/66vmc4827.html" "Mozilla/5.0 (Windows NT 10.0; Win64; x64) AppleWebKit/537.36 (KHTML, like Gecko) Chrome/114.0.0.0 Safari/537.36 Edg/114.0.1823.43"
136.243.228.194 - - [13/Jul/2025:09:54:27 -0400] "GET /items/jjxdd47/22045?key=neighboring HTTP/1.1" 404 23126 "-" "Mozilla/5.0 (compatible; DataForSeoBot/1.0; +https://dataforseo.com/dataforseo-bot)"
136.243.228.194 - - [13/Jul/2025:09:54:40 -0400] "GET /171cjtiu45610.html HTTP/1.1" 404 23128 "-" "Mozilla/5.0 (compatible; DataForSeoBot/1.0; +https://dataforseo.com/dataforseo-bot)"
136.243.228.194 - - [13/Jul/2025:09:54:49 -0400] "GET /items/oukon158/45150?key=transit HTTP/1.1" 404 23128 "-" "Mozilla/5.0 (compatible; DataForSeoBot/1.0; +https://dataforseo.com/dataforseo-bot)"
136.243.228.194 - - [13/Jul/2025:09:54:54 -0400] "GET /items/fmygm224/23712?key=camp HTTP/1.1" 404 23126 "-" "Mozilla/5.0 (compatible; DataForSeoBot/1.0; +https://dataforseo.com/dataforseo-bot)"
66.29.146.47 - - [13/Jul/2025:09:55:01 -0400] "POST /wp-cron.php?doing_wp_cron=1752414901.6518499851226806640625 HTTP/1.1" 403 1242 "-" "WordPress/6.8; https://dangroup.sa"
136.243.228.194 - - [13/Jul/2025:09:55:00 -0400] "GET /items/tbzzs226/19566?key=jungle HTTP/1.1" 404 23126 "-" "Mozilla/5.0 (compatible; DataForSeoBot/1.0; +https://dataforseo.com/dataforseo-bot)"
20.171.207.193 - - [13/Jul/2025:09:55:05 -0400] "GET /159dukep34644.html HTTP/1.1" 404 23126 "-" "Mozilla/5.0 AppleWebKit/537.36 (KHTML, like Gecko; compatible; GPTBot/1.2; +https://openai.com/gptbot)"
136.243.228.194 - - [13/Jul/2025:09:55:13 -0400] "GET /items/zuhdu98/1322?key=doorway HTTP/1.1" 404 23126 "-" "Mozilla/5.0 (compatible; DataForSeoBot/1.0; +https://dataforseo.com/dataforseo-bot)"
136.243.228.194 - - [13/Jul/2025:09:55:21 -0400] "GET /210hpfc44251.html HTTP/1.1" 404 23128 "-" "Mozilla/5.0 (compatible; DataForSeoBot/1.0; +https://dataforseo.com/dataforseo-bot)"
136.243.228.194 - - [13/Jul/2025:09:55:30 -0400] "GET /222aexa27215.html HTTP/1.1" 404 23126 "-" "Mozilla/5.0 (compatible; DataForSeoBot/1.0; +https://dataforseo.com/dataforseo-bot)"
136.243.228.194 - - [13/Jul/2025:09:55:37 -0400] "GET /items/gcjic168/16832?key=full HTTP/1.1" 404 23128 "-" "Mozilla/5.0 (compatible; DataForSeoBot/1.0; +https://dataforseo.com/dataforseo-bot)"
136.243.228.194 - - [13/Jul/2025:09:55:45 -0400] "GET /79mbugf3360.html HTTP/1.1" 404 23126 "-" "Mozilla/5.0 (compatible; DataForSeoBot/1.0; +https://dataforseo.com/dataforseo-bot)"
136.243.228.194 - - [13/Jul/2025:09:55:56 -0400] "GET /items/dsddd299/5835?key=busy HTTP/1.1" 404 23126 "-" "Mozilla/5.0 (compatible; DataForSeoBot/1.0; +https://dataforseo.com/dataforseo-bot)"
66.29.146.47 - - [13/Jul/2025:09:56:06 -0400] "POST /wp-cron.php?doing_wp_cron=1752414966.4389801025390625000000 HTTP/1.1" 403 1242 "-" "WordPress/6.8; https://dangroup.sa"
136.243.228.194 - - [13/Jul/2025:09:56:04 -0400] "GET /251mhb23292.html HTTP/1.1" 404 23126 "-" "Mozilla/5.0 (compatible; DataForSeoBot/1.0; +https://dataforseo.com/dataforseo-bot)"
20.171.207.193 - - [13/Jul/2025:09:56:10 -0400] "GET /227qbwwx25154.html HTTP/1.1" 404 23126 "-" "Mozilla/5.0 AppleWebKit/537.36 (KHTML, like Gecko; compatible; GPTBot/1.2; +https://openai.com/gptbot)"
52.167.144.222 - - [13/Jul/2025:09:56:20 -0400] "GET /ixqckmr28517durinometric HTTP/1.1" 200 17 "-" "Mozilla/5.0 AppleWebKit/537.36 (KHTML, like Gecko; compatible; bingbot/2.0; +http://www.bing.com/bingbot.htm) Chrome/116.0.1938.76 Safari/537.36"
136.243.228.194 - - [13/Jul/2025:09:56:18 -0400] "GET /117njssd8054.html HTTP/1.1" 404 23126 "-" "Mozilla/5.0 (compatible; DataForSeoBot/1.0; +https://dataforseo.com/dataforseo-bot)"
136.243.228.194 - - [13/Jul/2025:09:56:28 -0400] "GET /289iag12940.html HTTP/1.1" 404 23126 "-" "Mozilla/5.0 (compatible; DataForSeoBot/1.0; +https://dataforseo.com/dataforseo-bot)"
204.12.252.98 - - [13/Jul/2025:09:56:36 -0400] "GET /wp-content/install.php HTTP/1.1" 200 10 "https://dangroup.sa/wp-content/install.php" "Mozilla/5.0 (Windows NT 10.0; Win64; x64) AppleWebKit/537.36 (KHTML, like Gecko) Chrome/58.0.3029.110 Safari/537.3"
136.243.228.194 - - [13/Jul/2025:09:56:33 -0400] "GET /274xpw34197.html HTTP/1.1" 404 23126 "-" "Mozilla/5.0 (compatible; DataForSeoBot/1.0; +https://dataforseo.com/dataforseo-bot)"
136.243.228.194 - - [13/Jul/2025:09:56:38 -0400] "GET /126ide19901.html HTTP/1.1" 404 23126 "-" "Mozilla/5.0 (compatible; DataForSeoBot/1.0; +https://dataforseo.com/dataforseo-bot)"
136.243.228.194 - - [13/Jul/2025:09:56:43 -0400] "GET /178cum3397.html HTTP/1.1" 404 23126 "-" "Mozilla/5.0 (compatible; DataForSeoBot/1.0; +https://dataforseo.com/dataforseo-bot)"
136.243.228.194 - - [13/Jul/2025:09:56:53 -0400] "GET /72qkhbr42437.html HTTP/1.1" 404 23126 "-" "Mozilla/5.0 (compatible; DataForSeoBot/1.0; +https://dataforseo.com/dataforseo-bot)"
136.243.228.194 - - [13/Jul/2025:09:57:00 -0400] "GET /items/vdseb194/28952?key=tremendous HTTP/1.1" 404 23128 "-" "Mozilla/5.0 (compatible; DataForSeoBot/1.0; +https://dataforseo.com/dataforseo-bot)"
66.29.146.47 - - [13/Jul/2025:09:57:09 -0400] "POST /wp-cron.php?doing_wp_cron=1752415029.5353369712829589843750 HTTP/1.1" 403 1242 "-" "WordPress/6.8; https://dangroup.sa"
136.243.228.194 - - [13/Jul/2025:09:57:08 -0400] "GET /145zbi35262.html HTTP/1.1" 404 23126 "-" "Mozilla/5.0 (compatible; DataForSeoBot/1.0; +https://dataforseo.com/dataforseo-bot)"
20.171.207.193 - - [13/Jul/2025:09:57:14 -0400] "GET /243rlvop44520.html HTTP/1.1" 404 23126 "-" "Mozilla/5.0 AppleWebKit/537.36 (KHTML, like Gecko; compatible; GPTBot/1.2; +https://openai.com/gptbot)"
136.243.228.194 - - [13/Jul/2025:09:57:17 -0400] "GET /61qgxac27656.html HTTP/1.1" 404 23126 "-" "Mozilla/5.0 (compatible; DataForSeoBot/1.0; +https://dataforseo.com/dataforseo-bot)"
136.243.228.194 - - [13/Jul/2025:09:57:25 -0400] "GET /items/pxtwj191/49941?key=cake HTTP/1.1" 404 23126 "-" "Mozilla/5.0 (compatible; DataForSeoBot/1.0; +https://dataforseo.com/dataforseo-bot)"
74.125.150.132 - - [13/Jul/2025:09:57:31 -0400] "GET /items/ttqhb97/4523 HTTP/1.1" 200 17 "-" "Mozilla/5.0 (Linux; Android 6.0.1; Nexus 5X Build/MMB29P) AppleWebKit/537.36 (KHTML, like Gecko) Chrome/137.0.7151.103 Mobile Safari/537.36 (compatible; AdsBot-Google-Mobile; +http://www.google.com/mobile/adsbot.html)"
136.243.228.194 - - [13/Jul/2025:09:57:31 -0400] "GET /items/peqbn47/41817?key=trail HTTP/1.1" 404 23128 "-" "Mozilla/5.0 (compatible; DataForSeoBot/1.0; +https://dataforseo.com/dataforseo-bot)"
69.197.182.50 - - [13/Jul/2025:09:57:44 -0400] "GET /wp-content/install.php HTTP/1.1" 200 10 "https://dangroup.sa/wp-content/install.php" "Mozilla/5.0 (Windows NT 10.0; Win64; x64) AppleWebKit/537.36 (KHTML, like Gecko) Chrome/58.0.3029.110 Safari/537.3"
136.243.228.194 - - [13/Jul/2025:09:57:40 -0400] "GET /71grf10804.html HTTP/1.1" 404 23126 "-" "Mozilla/5.0 (compatible; DataForSeoBot/1.0; +https://dataforseo.com/dataforseo-bot)"
136.243.228.194 - - [13/Jul/2025:09:57:48 -0400] "GET /items/guaxp87/24379?key=fold HTTP/1.1" 404 23126 "-" "Mozilla/5.0 (compatible; DataForSeoBot/1.0; +https://dataforseo.com/dataforseo-bot)"
52.167.144.169 - - [13/Jul/2025:09:58:00 -0400] "GET /gholuye28229bawork HTTP/1.1" 200 17 "-" "Mozilla/5.0 AppleWebKit/537.36 (KHTML, like Gecko; compatible; bingbot/2.0; +http://www.bing.com/bingbot.htm) Chrome/116.0.1938.76 Safari/537.36"
136.243.228.194 - - [13/Jul/2025:09:58:00 -0400] "GET /149kfcp46718.html HTTP/1.1" 404 23128 "-" "Mozilla/5.0 (compatible; DataForSeoBot/1.0; +https://dataforseo.com/dataforseo-bot)"
136.243.228.194 - - [13/Jul/2025:09:58:08 -0400] "GET /18kiw15241.html HTTP/1.1" 404 23126 "-" "Mozilla/5.0 (compatible; DataForSeoBot/1.0; +https://dataforseo.com/dataforseo-bot)"
66.29.146.47 - - [13/Jul/2025:09:58:17 -0400] "POST /wp-cron.php?doing_wp_cron=1752415096.6906459331512451171875 HTTP/1.1" 403 1242 "-" "WordPress/6.8; https://dangroup.sa"
136.243.228.194 - - [13/Jul/2025:09:58:15 -0400] "GET /89mwokz43432.html HTTP/1.1" 404 23126 "-" "Mozilla/5.0 (compatible; DataForSeoBot/1.0; +https://dataforseo.com/dataforseo-bot)"
20.171.207.193 - - [13/Jul/2025:09:58:21 -0400] "GET /148dccsj19977.html HTTP/1.1" 404 23126 "-" "Mozilla/5.0 AppleWebKit/537.36 (KHTML, like Gecko; compatible; GPTBot/1.2; +https://openai.com/gptbot)"
82.102.18.180 - - [13/Jul/2025:09:58:19 -0400] "GET / HTTP/1.1" 200 33218 "-" "Mozilla/5.0 (Windows NT 10.0; Win64; x64) AppleWebKit/537.36 (KHTML, like Gecko) Chrome/78.0.3904.108 Safari/537.36"
136.243.228.194 - - [13/Jul/2025:09:58:27 -0400] "GET /201xmlsn49056.html HTTP/1.1" 404 23128 "-" "Mozilla/5.0 (compatible; DataForSeoBot/1.0; +https://dataforseo.com/dataforseo-bot)"
82.102.18.180 - - [13/Jul/2025:09:58:40 -0400] "GET //wp-includes/wlwmanifest.xml HTTP/1.1" 301 0 "-" "Mozilla/5.0 (Windows NT 10.0; Win64; x64) AppleWebKit/537.36 (KHTML, like Gecko) Chrome/78.0.3904.108 Safari/537.36"
82.102.18.180 - - [13/Jul/2025:09:58:41 -0400] "GET //xmlrpc.php?rsd HTTP/1.1" 403 1242 "-" "Mozilla/5.0 (Windows NT 10.0; Win64; x64) AppleWebKit/537.36 (KHTML, like Gecko) Chrome/78.0.3904.108 Safari/537.36"
136.243.228.194 - - [13/Jul/2025:09:58:41 -0400] "GET /items/luhdu221/15019?key=surround HTTP/1.1" 404 23126 "-" "Mozilla/5.0 (compatible; DataForSeoBot/1.0; +https://dataforseo.com/dataforseo-bot)"
82.102.18.180 - - [13/Jul/2025:09:58:42 -0400] "GET / HTTP/1.1" 200 33219 "-" "Mozilla/5.0 (Windows NT 10.0; Win64; x64) AppleWebKit/537.36 (KHTML, like Gecko) Chrome/78.0.3904.108 Safari/537.36"
82.102.18.180 - - [13/Jul/2025:09:58:54 -0400] "GET //?author=1 HTTP/1.1" 301 0 "-" "Mozilla/5.0 (Windows NT 10.0; Win64; x64) AppleWebKit/537.36 (KHTML, like Gecko) Chrome/78.0.3904.108 Safari/537.36"
82.102.18.180 - - [13/Jul/2025:09:58:56 -0400] "GET //?author=2 HTTP/1.1" 301 0 "-" "Mozilla/5.0 (Windows NT 10.0; Win64; x64) AppleWebKit/537.36 (KHTML, like Gecko) Chrome/78.0.3904.108 Safari/537.36"
82.102.18.180 - - [13/Jul/2025:09:58:58 -0400] "GET //wp-json/wp/v2/users/ HTTP/1.1" 200 886 "-" "Mozilla/5.0 (Windows NT 10.0; Win64; x64) AppleWebKit/537.36 (KHTML, like Gecko) Chrome/78.0.3904.108 Safari/537.36"
82.102.18.180 - - [13/Jul/2025:09:59:01 -0400] "POST //xmlrpc.php HTTP/1.1" 403 1242 "-" "Mozilla/5.0 (Windows NT 10.0; Win64; x64) AppleWebKit/537.36 (KHTML, like Gecko) Chrome/78.0.3904.108 Safari/537.36"
136.243.228.194 - - [13/Jul/2025:09:58:53 -0400] "GET /256nqia26861.html HTTP/1.1" 404 23128 "-" "Mozilla/5.0 (compatible; DataForSeoBot/1.0; +https://dataforseo.com/dataforseo-bot)"
136.243.228.194 - - [13/Jul/2025:09:59:04 -0400] "GET /2wfm32665.html HTTP/1.1" 404 23126 "-" "Mozilla/5.0 (compatible; DataForSeoBot/1.0; +https://dataforseo.com/dataforseo-bot)"
136.243.228.194 - - [13/Jul/2025:09:59:12 -0400] "GET /items/zbsxk284/16268?key=merely HTTP/1.1" 404 23128 "-" "Mozilla/5.0 (compatible; DataForSeoBot/1.0; +https://dataforseo.com/dataforseo-bot)"
66.29.146.47 - - [13/Jul/2025:09:59:22 -0400] "POST /wp-cron.php?doing_wp_cron=1752415162.0694260597229003906250 HTTP/1.1" 403 1242 "-" "WordPress/6.8; https://dangroup.sa"
136.243.228.194 - - [13/Jul/2025:09:59:20 -0400] "GET /items/hktag273/33699?key=contemplate HTTP/1.1" 404 23126 "-" "Mozilla/5.0 (compatible; DataForSeoBot/1.0; +https://dataforseo.com/dataforseo-bot)"
20.171.207.193 - - [13/Jul/2025:09:59:25 -0400] "GET /108uxzyj15709.html HTTP/1.1" 404 23126 "-" "Mozilla/5.0 AppleWebKit/537.36 (KHTML, like Gecko; compatible; GPTBot/1.2; +https://openai.com/gptbot)"
136.243.228.194 - - [13/Jul/2025:09:59:32 -0400] "GET /items/zgatv110/10812?key=full-time HTTP/1.1" 404 23126 "-" "Mozilla/5.0 (compatible; DataForSeoBot/1.0; +https://dataforseo.com/dataforseo-bot)"
136.243.228.194 - - [13/Jul/2025:09:59:41 -0400] "GET /109qgsq42894.html HTTP/1.1" 404 23126 "-" "Mozilla/5.0 (compatible; DataForSeoBot/1.0; +https://dataforseo.com/dataforseo-bot)"
136.243.228.194 - - [13/Jul/2025:09:59:49 -0400] "GET /130lcv2059.html HTTP/1.1" 404 23128 "-" "Mozilla/5.0 (compatible; DataForSeoBot/1.0; +https://dataforseo.com/dataforseo-bot)"
136.243.228.194 - - [13/Jul/2025:09:59:58 -0400] "GET /items/maihq38/5352?key=forward HTTP/1.1" 404 23126 "-" "Mozilla/5.0 (compatible; DataForSeoBot/1.0; +https://dataforseo.com/dataforseo-bot)"
136.243.228.194 - - [13/Jul/2025:10:00:06 -0400] "GET /items/rtknd290/33254?key=inventory HTTP/1.1" 404 23126 "-" "Mozilla/5.0 (compatible; DataForSeoBot/1.0; +https://dataforseo.com/dataforseo-bot)"
136.243.228.194 - - [13/Jul/2025:10:00:13 -0400] "GET /57yll26306.html HTTP/1.1" 404 23126 "-" "Mozilla/5.0 (compatible; DataForSeoBot/1.0; +https://dataforseo.com/dataforseo-bot)"
47.82.60.16 - - [13/Jul/2025:10:00:14 -0400] "GET /items/tlpzs244/38872?key=general HTTP/1.1" 404 23126 "https://dangroup.sa/items/tlpzs244/38872?key=general" "Mozilla/5.0 (Windows NT 10.0; Win64; x64) AppleWebKit/537.36 (KHTML, like Gecko) Chrome/114.0.0.0 Safari/537.36 Edg/114.0.1823.43"
136.243.228.194 - - [13/Jul/2025:10:00:20 -0400] "GET /284owlm7067.html HTTP/1.1" 404 23126 "-" "Mozilla/5.0 (compatible; DataForSeoBot/1.0; +https://dataforseo.com/dataforseo-bot)"
66.29.146.47 - - [13/Jul/2025:10:00:29 -0400] "POST /wp-cron.php?doing_wp_cron=1752415228.6513290405273437500000 HTTP/1.1" 403 1242 "-" "WordPress/6.8; https://dangroup.sa"
136.243.228.194 - - [13/Jul/2025:10:00:28 -0400] "GET /263hdkkr6618.html HTTP/1.1" 404 23126 "-" "Mozilla/5.0 (compatible; DataForSeoBot/1.0; +https://dataforseo.com/dataforseo-bot)"
20.171.207.193 - - [13/Jul/2025:10:00:27 -0400] "GET /253jifjr41536.html HTTP/1.1" 404 23126 "-" "Mozilla/5.0 AppleWebKit/537.36 (KHTML, like Gecko; compatible; GPTBot/1.2; +https://openai.com/gptbot)"
136.243.228.194 - - [13/Jul/2025:10:00:39 -0400] "GET /items/rwouw74/3446?key=significantly HTTP/1.1" 404 23126 "-" "Mozilla/5.0 (compatible; DataForSeoBot/1.0; +https://dataforseo.com/dataforseo-bot)"
136.243.228.194 - - [13/Jul/2025:10:00:47 -0400] "GET /items/qauza108/45746?key=cake HTTP/1.1" 404 23126 "-" "Mozilla/5.0 (compatible; DataForSeoBot/1.0; +https://dataforseo.com/dataforseo-bot)"
136.243.228.194 - - [13/Jul/2025:10:00:57 -0400] "GET /229wayzw25974.html HTTP/1.1" 404 23126 "-" "Mozilla/5.0 (compatible; DataForSeoBot/1.0; +https://dataforseo.com/dataforseo-bot)"
136.243.228.194 - - [13/Jul/2025:10:01:04 -0400] "GET /82kfz5481.html HTTP/1.1" 404 23126 "-" "Mozilla/5.0 (compatible; DataForSeoBot/1.0; +https://dataforseo.com/dataforseo-bot)"
136.243.228.194 - - [13/Jul/2025:10:01:11 -0400] "GET /91fuhhd34440.html HTTP/1.1" 404 23126 "-" "Mozilla/5.0 (compatible; DataForSeoBot/1.0; +https://dataforseo.com/dataforseo-bot)"
136.243.228.194 - - [13/Jul/2025:10:01:20 -0400] "GET /126mrpjo1117.html HTTP/1.1" 404 23126 "-" "Mozilla/5.0 (compatible; DataForSeoBot/1.0; +https://dataforseo.com/dataforseo-bot)"
52.167.144.202 - - [13/Jul/2025:10:01:32 -0400] "GET /opwjcbc20619jhsiamen HTTP/1.1" 200 17 "-" "Mozilla/5.0 AppleWebKit/537.36 (KHTML, like Gecko; compatible; bingbot/2.0; +http://www.bing.com/bingbot.htm) Chrome/116.0.1938.76 Safari/537.36"
136.243.228.194 - - [13/Jul/2025:10:01:26 -0400] "GET /63xbu30882.html HTTP/1.1" 404 23126 "-" "Mozilla/5.0 (compatible; DataForSeoBot/1.0; +https://dataforseo.com/dataforseo-bot)"
66.29.146.47 - - [13/Jul/2025:10:01:33 -0400] "POST /wp-cron.php?doing_wp_cron=1752415293.0569970607757568359375 HTTP/1.1" 403 1242 "-" "WordPress/6.8; https://dangroup.sa"
47.82.60.28 - - [13/Jul/2025:10:01:36 -0400] "GET /pcmypage?callback=product/detail/ragtag-3301125f0106 HTTP/1.1" 301 0 "https://www.dangroup.sa/pcmypage?callback=product%2Fdetail%2Fragtag-3301125f0106" "Mozilla/5.0 (Windows NT 10.0; Win64; x64) AppleWebKit/537.36 (KHTML, like Gecko) Chrome/114.0.0.0 Safari/537.36 Edg/114.0.1823.43"
20.171.207.193 - - [13/Jul/2025:10:01:31 -0400] "GET /146mcuao31753.html HTTP/1.1" 404 23126 "-" "Mozilla/5.0 AppleWebKit/537.36 (KHTML, like Gecko; compatible; GPTBot/1.2; +https://openai.com/gptbot)"
136.243.228.194 - - [13/Jul/2025:10:01:34 -0400] "GET /items/rxkvm213/28561?key=dam HTTP/1.1" 404 23128 "-" "Mozilla/5.0 (compatible; DataForSeoBot/1.0; +https://dataforseo.com/dataforseo-bot)"
47.82.60.28 - - [13/Jul/2025:10:01:40 -0400] "GET /pcmypage?callback=product/detail/ragtag-3301125f0106 HTTP/1.1" 404 23126 "https://www.dangroup.sa/pcmypage?callback=product%2Fdetail%2Fragtag-3301125f0106" "Mozilla/5.0 (Windows NT 10.0; Win64; x64) AppleWebKit/537.36 (KHTML, like Gecko) Chrome/114.0.0.0 Safari/537.36 Edg/114.0.1823.43"
136.243.228.194 - - [13/Jul/2025:10:01:46 -0400] "GET /items/kieap135/40091?key=denial HTTP/1.1" 404 23126 "-" "Mozilla/5.0 (compatible; DataForSeoBot/1.0; +https://dataforseo.com/dataforseo-bot)"
47.82.60.30 - - [13/Jul/2025:10:02:00 -0400] "GET /108pdkky33025.html HTTP/1.1" 301 0 "https://www.dangroup.sa/108pdkky33025.html" "Mozilla/5.0 (Windows NT 10.0; Win64; x64) AppleWebKit/537.36 (KHTML, like Gecko) Chrome/114.0.0.0 Safari/537.36 Edg/114.0.1823.43"
136.243.228.194 - - [13/Jul/2025:10:01:57 -0400] "GET /items/vpjlo193/34053?key=willing HTTP/1.1" 404 23128 "-" "Mozilla/5.0 (compatible; DataForSeoBot/1.0; +https://dataforseo.com/dataforseo-bot)"
47.82.60.30 - - [13/Jul/2025:10:02:03 -0400] "GET /108pdkky33025.html HTTP/1.1" 404 23128 "https://www.dangroup.sa/108pdkky33025.html" "Mozilla/5.0 (Windows NT 10.0; Win64; x64) AppleWebKit/537.36 (KHTML, like Gecko) Chrome/114.0.0.0 Safari/537.36 Edg/114.0.1823.43"
136.243.228.194 - - [13/Jul/2025:10:02:04 -0400] "GET /24bdcbr19731.html HTTP/1.1" 404 23128 "-" "Mozilla/5.0 (compatible; DataForSeoBot/1.0; +https://dataforseo.com/dataforseo-bot)"
136.243.228.194 - - [13/Jul/2025:10:02:15 -0400] "GET /82jher35337.html HTTP/1.1" 404 23126 "-" "Mozilla/5.0 (compatible; DataForSeoBot/1.0; +https://dataforseo.com/dataforseo-bot)"
47.82.60.10 - - [13/Jul/2025:10:02:21 -0400] "GET /pcmypage?callback=product/review/joypre-6158192 HTTP/1.1" 301 0 "https://www.dangroup.sa/pcmypage?callback=product/review/joypre-6158192" "Mozilla/5.0 (Windows NT 10.0; Win64; x64) AppleWebKit/537.36 (KHTML, like Gecko) Chrome/114.0.0.0 Safari/537.36 Edg/114.0.1823.43"
47.82.60.10 - - [13/Jul/2025:10:02:23 -0400] "GET /pcmypage?callback=product/review/joypre-6158192 HTTP/1.1" 404 23126 "https://www.dangroup.sa/pcmypage?callback=product/review/joypre-6158192" "Mozilla/5.0 (Windows NT 10.0; Win64; x64) AppleWebKit/537.36 (KHTML, like Gecko) Chrome/114.0.0.0 Safari/537.36 Edg/114.0.1823.43"
136.243.228.194 - - [13/Jul/2025:10:02:23 -0400] "GET /items/xnnbf16/46654?key=shell HTTP/1.1" 404 23126 "-" "Mozilla/5.0 (compatible; DataForSeoBot/1.0; +https://dataforseo.com/dataforseo-bot)"
66.29.146.47 - - [13/Jul/2025:10:02:37 -0400] "POST /wp-cron.php?doing_wp_cron=1752415357.2537329196929931640625 HTTP/1.1" 403 1242 "-" "WordPress/6.8; https://dangroup.sa"
20.171.207.193 - - [13/Jul/2025:10:02:37 -0400] "GET /246iadnz34003.html HTTP/1.1" 404 23126 "-" "Mozilla/5.0 AppleWebKit/537.36 (KHTML, like Gecko; compatible; GPTBot/1.2; +https://openai.com/gptbot)"
136.243.228.194 - - [13/Jul/2025:10:02:36 -0400] "GET /items/kllxz287/2251?key=quick HTTP/1.1" 404 23128 "-" "Mozilla/5.0 (compatible; DataForSeoBot/1.0; +https://dataforseo.com/dataforseo-bot)"
136.243.228.194 - - [13/Jul/2025:10:02:48 -0400] "GET /items/tvruv10/1792?key=engineering HTTP/1.1" 404 23128 "-" "Mozilla/5.0 (compatible; DataForSeoBot/1.0; +https://dataforseo.com/dataforseo-bot)"
136.243.228.194 - - [13/Jul/2025:10:02:55 -0400] "GET /31ors36542.html HTTP/1.1" 404 23126 "-" "Mozilla/5.0 (compatible; DataForSeoBot/1.0; +https://dataforseo.com/dataforseo-bot)"
47.82.60.2 - - [13/Jul/2025:10:03:01 -0400] "GET /234udiv45681.html HTTP/1.1" 404 23128 "https://dangroup.sa/234udiv45681.html" "Mozilla/5.0 (Windows NT 10.0; Win64; x64) AppleWebKit/537.36 (KHTML, like Gecko) Chrome/114.0.0.0 Safari/537.36 Edg/114.0.1823.43"
136.243.228.194 - - [13/Jul/2025:10:03:01 -0400] "GET /262octyq1387.html HTTP/1.1" 404 23126 "-" "Mozilla/5.0 (compatible; DataForSeoBot/1.0; +https://dataforseo.com/dataforseo-bot)"
136.243.228.194 - - [13/Jul/2025:10:03:09 -0400] "GET /187pme26274.html HTTP/1.1" 404 23126 "-" "Mozilla/5.0 (compatible; DataForSeoBot/1.0; +https://dataforseo.com/dataforseo-bot)"
47.82.60.46 - - [13/Jul/2025:10:03:11 -0400] "GET /items/uwlob89/35807?key=rise HTTP/1.1" 404 23128 "https://dangroup.sa/items/uwlob89/35807?key=rise" "Mozilla/5.0 (Windows NT 10.0; Win64; x64) AppleWebKit/537.36 (KHTML, like Gecko) Chrome/114.0.0.0 Safari/537.36 Edg/114.0.1823.43"
47.82.60.28 - - [13/Jul/2025:10:03:13 -0400] "GET /pcmypage?callback=product/detail/rcmdse-w5-0000000022513 HTTP/1.1" 404 23128 "https://dangroup.sa/pcmypage?callback=product%2Fdetail%2Frcmdse-w5-0000000022513" "Mozilla/5.0 (Windows NT 10.0; Win64; x64) AppleWebKit/537.36 (KHTML, like Gecko) Chrome/114.0.0.0 Safari/537.36 Edg/114.0.1823.43"
136.243.228.194 - - [13/Jul/2025:10:03:15 -0400] "GET /items/lfthi225/7779?key=throw HTTP/1.1" 404 23128 "-" "Mozilla/5.0 (compatible; DataForSeoBot/1.0; +https://dataforseo.com/dataforseo-bot)"
47.82.60.46 - - [13/Jul/2025:10:03:24 -0400] "GET /items/tjpkq86/786?key=pass HTTP/1.1" 404 23128 "https://dangroup.sa/items/tjpkq86/786?key=pass" "Mozilla/5.0 (Windows NT 10.0; Win64; x64) AppleWebKit/537.36 (KHTML, like Gecko) Chrome/114.0.0.0 Safari/537.36 Edg/114.0.1823.43"
136.243.228.194 - - [13/Jul/2025:10:03:27 -0400] "GET /139cnmz418.html HTTP/1.1" 404 23126 "-" "Mozilla/5.0 (compatible; DataForSeoBot/1.0; +https://dataforseo.com/dataforseo-bot)"
66.29.146.47 - - [13/Jul/2025:10:03:39 -0400] "POST /wp-cron.php?doing_wp_cron=1752415419.4581799507141113281250 HTTP/1.1" 403 1242 "-" "WordPress/6.8; https://dangroup.sa"
136.243.228.194 - - [13/Jul/2025:10:03:38 -0400] "GET /148yjmd22997.html HTTP/1.1" 404 23128 "-" "Mozilla/5.0 (compatible; DataForSeoBot/1.0; +https://dataforseo.com/dataforseo-bot)"
20.171.207.193 - - [13/Jul/2025:10:03:40 -0400] "GET /181aejfl35166.html HTTP/1.1" 404 23126 "-" "Mozilla/5.0 AppleWebKit/537.36 (KHTML, like Gecko; compatible; GPTBot/1.2; +https://openai.com/gptbot)"
136.243.228.194 - - [13/Jul/2025:10:03:49 -0400] "GET /187pdagj23890.html HTTP/1.1" 404 23126 "-" "Mozilla/5.0 (compatible; DataForSeoBot/1.0; +https://dataforseo.com/dataforseo-bot)"
136.243.228.194 - - [13/Jul/2025:10:03:56 -0400] "GET /81xppw23212.html HTTP/1.1" 404 23126 "-" "Mozilla/5.0 (compatible; DataForSeoBot/1.0; +https://dataforseo.com/dataforseo-bot)"
136.243.228.194 - - [13/Jul/2025:10:04:01 -0400] "GET /216ypg44123.html HTTP/1.1" 404 23126 "-" "Mozilla/5.0 (compatible; DataForSeoBot/1.0; +https://dataforseo.com/dataforseo-bot)"
136.243.228.194 - - [13/Jul/2025:10:04:06 -0400] "GET /items/qwzhh155/37827?key=drag HTTP/1.1" 404 23126 "-" "Mozilla/5.0 (compatible; DataForSeoBot/1.0; +https://dataforseo.com/dataforseo-bot)"
136.243.228.194 - - [13/Jul/2025:10:04:10 -0400] "GET /85lvyos1414.html HTTP/1.1" 404 23126 "-" "Mozilla/5.0 (compatible; DataForSeoBot/1.0; +https://dataforseo.com/dataforseo-bot)"
47.82.60.9 - - [13/Jul/2025:10:04:16 -0400] "GET /items/bcewg151/45143?key=imagination HTTP/1.1" 404 23126 "https://dangroup.sa/items/bcewg151/45143?key=imagination" "Mozilla/5.0 (Windows NT 10.0; Win64; x64) AppleWebKit/537.36 (KHTML, like Gecko) Chrome/114.0.0.0 Safari/537.36 Edg/114.0.1823.43"
136.243.228.194 - - [13/Jul/2025:10:04:20 -0400] "GET /items/flbru86/32202?key=anxiety HTTP/1.1" 404 23128 "-" "Mozilla/5.0 (compatible; DataForSeoBot/1.0; +https://dataforseo.com/dataforseo-bot)"
136.243.228.194 - - [13/Jul/2025:10:04:30 -0400] "GET /45jcyd33276.html HTTP/1.1" 404 23128 "-" "Mozilla/5.0 (compatible; DataForSeoBot/1.0; +https://dataforseo.com/dataforseo-bot)"
136.243.228.194 - - [13/Jul/2025:10:04:37 -0400] "GET /233xvas44990.html HTTP/1.1" 404 23126 "-" "Mozilla/5.0 (compatible; DataForSeoBot/1.0; +https://dataforseo.com/dataforseo-bot)"
66.29.146.47 - - [13/Jul/2025:10:04:46 -0400] "POST /wp-cron.php?doing_wp_cron=1752415486.6322460174560546875000 HTTP/1.1" 403 1242 "-" "WordPress/6.8; https://dangroup.sa"
66.29.146.47 - - [13/Jul/2025:10:04:47 -0400] "POST /wp-cron.php?doing_wp_cron=1752415486.8401710987091064453125 HTTP/1.1" 403 1242 "-" "WordPress/6.8; https://dangroup.sa"
20.171.207.193 - - [13/Jul/2025:10:04:45 -0400] "GET /268drdfs44377.html HTTP/1.1" 404 23126 "-" "Mozilla/5.0 AppleWebKit/537.36 (KHTML, like Gecko; compatible; GPTBot/1.2; +https://openai.com/gptbot)"
136.243.228.194 - - [13/Jul/2025:10:04:45 -0400] "GET /263oswcx34892.html HTTP/1.1" 404 23126 "-" "Mozilla/5.0 (compatible; DataForSeoBot/1.0; +https://dataforseo.com/dataforseo-bot)"
69.197.182.50 - - [13/Jul/2025:10:04:57 -0400] "GET /wp-content/install.php HTTP/1.1" 200 10 "https://dangroup.sa/wp-content/install.php" "Mozilla/5.0 (Windows NT 10.0; Win64; x64) AppleWebKit/537.36 (KHTML, like Gecko) Chrome/58.0.3029.110 Safari/537.3"
136.243.228.194 - - [13/Jul/2025:10:04:57 -0400] "GET /173rmhx20034.html HTTP/1.1" 404 23126 "-" "Mozilla/5.0 (compatible; DataForSeoBot/1.0; +https://dataforseo.com/dataforseo-bot)"
136.243.228.194 - - [13/Jul/2025:10:05:02 -0400] "GET /25qevxb24892.html HTTP/1.1" 404 23126 "-" "Mozilla/5.0 (compatible; DataForSeoBot/1.0; +https://dataforseo.com/dataforseo-bot)"
136.243.228.194 - - [13/Jul/2025:10:05:10 -0400] "GET /121xuc37798.html HTTP/1.1" 404 23126 "-" "Mozilla/5.0 (compatible; DataForSeoBot/1.0; +https://dataforseo.com/dataforseo-bot)"
136.243.228.194 - - [13/Jul/2025:10:05:19 -0400] "GET /205lghau13834.html HTTP/1.1" 404 23126 "-" "Mozilla/5.0 (compatible; DataForSeoBot/1.0; +https://dataforseo.com/dataforseo-bot)"
136.243.228.194 - - [13/Jul/2025:10:05:27 -0400] "GET /39ylj48062.html HTTP/1.1" 404 23126 "-" "Mozilla/5.0 (compatible; DataForSeoBot/1.0; +https://dataforseo.com/dataforseo-bot)"
52.167.144.166 - - [13/Jul/2025:10:05:32 -0400] "GET /hspfaxu1944calpha HTTP/1.1" 200 17 "-" "Mozilla/5.0 AppleWebKit/537.36 (KHTML, like Gecko; compatible; bingbot/2.0; +http://www.bing.com/bingbot.htm) Chrome/116.0.1938.76 Safari/537.36"
136.243.228.194 - - [13/Jul/2025:10:05:34 -0400] "GET /209hrdb13044.html HTTP/1.1" 404 23126 "-" "Mozilla/5.0 (compatible; DataForSeoBot/1.0; +https://dataforseo.com/dataforseo-bot)"
66.29.146.47 - - [13/Jul/2025:10:05:48 -0400] "POST /wp-cron.php?doing_wp_cron=1752415548.4311470985412597656250 HTTP/1.1" 403 1242 "-" "WordPress/6.8; https://dangroup.sa"
136.243.228.194 - - [13/Jul/2025:10:05:42 -0400] "GET /75uykpa722.html HTTP/1.1" 404 23128 "-" "Mozilla/5.0 (compatible; DataForSeoBot/1.0; +https://dataforseo.com/dataforseo-bot)"
47.82.60.34 - - [13/Jul/2025:10:05:42 -0400] "GET /items/xpydj182/39538?key=blood HTTP/1.1" 404 23126 "https://dangroup.sa/items/xpydj182/39538?key=blood" "Mozilla/5.0 (Windows NT 10.0; Win64; x64) AppleWebKit/537.36 (KHTML, like Gecko) Chrome/114.0.0.0 Safari/537.36 Edg/114.0.1823.43"
20.171.207.193 - - [13/Jul/2025:10:05:46 -0400] "GET /186gtnlz13579.html HTTP/1.1" 404 23126 "-" "Mozilla/5.0 AppleWebKit/537.36 (KHTML, like Gecko; compatible; GPTBot/1.2; +https://openai.com/gptbot)"
136.243.228.194 - - [13/Jul/2025:10:05:53 -0400] "GET /171qvtp16924.html HTTP/1.1" 404 23126 "-" "Mozilla/5.0 (compatible; DataForSeoBot/1.0; +https://dataforseo.com/dataforseo-bot)"
136.243.228.194 - - [13/Jul/2025:10:06:05 -0400] "GET /items/scjaw65/30607?key=image HTTP/1.1" 404 23126 "-" "Mozilla/5.0 (compatible; DataForSeoBot/1.0; +https://dataforseo.com/dataforseo-bot)"
136.243.228.194 - - [13/Jul/2025:10:06:14 -0400] "GET /items/jsavh5/2725?key=Spanish HTTP/1.1" 404 23126 "-" "Mozilla/5.0 (compatible; DataForSeoBot/1.0; +https://dataforseo.com/dataforseo-bot)"
136.243.228.194 - - [13/Jul/2025:10:06:21 -0400] "GET /items/pklpf76/23370?key=backyard HTTP/1.1" 404 23307 "-" "Mozilla/5.0 (compatible; DataForSeoBot/1.0; +https://dataforseo.com/dataforseo-bot)"
