136.243.228.194 - - [13/Jul/2025:11:47:35 -0400] "GET /items/gvkcd179/16965?key=eventually HTTP/1.1" 404 23126 "-" "Mozilla/5.0 (compatible; DataForSeoBot/1.0; +https://dataforseo.com/dataforseo-bot)"
57.159.27.85 - - [13/Jul/2025:11:47:39 -0400] "GET /wp-includes/class-wp-block-editor-context.php HTTP/1.1" 403 1242 "binance.com" "Mozilla/5.0 (Windows NT 10.0; Win64; x64) AppleWebKit/537.36 (KHTML, like Gecko) Chrome/90.0.4430.85 Safari/537.36"
136.243.228.194 - - [13/Jul/2025:11:47:39 -0400] "GET /items/zbqcu211/1505?key=journey HTTP/1.1" 404 23126 "-" "Mozilla/5.0 (compatible; DataForSeoBot/1.0; +https://dataforseo.com/dataforseo-bot)"
136.243.228.194 - - [13/Jul/2025:11:47:44 -0400] "GET /269fipff29778.html HTTP/1.1" 404 23126 "-" "Mozilla/5.0 (compatible; DataForSeoBot/1.0; +https://dataforseo.com/dataforseo-bot)"
136.243.228.194 - - [13/Jul/2025:11:47:48 -0400] "GET /items/nnowo282/34788?key=ceremony HTTP/1.1" 404 23126 "-" "Mozilla/5.0 (compatible; DataForSeoBot/1.0; +https://dataforseo.com/dataforseo-bot)"
57.159.27.85 - - [13/Jul/2025:11:47:51 -0400] "GET /wp-includes/class-wp-block-metadata-registry.php HTTP/1.1" 403 1242 "binance.com" "Mozilla/5.0 (Windows NT 10.0; Win64; x64) AppleWebKit/537.36 (KHTML, like Gecko) Chrome/90.0.4430.85 Safari/537.36"
136.243.228.194 - - [13/Jul/2025:11:47:52 -0400] "GET /134utyx42633.html HTTP/1.1" 404 23126 "-" "Mozilla/5.0 (compatible; DataForSeoBot/1.0; +https://dataforseo.com/dataforseo-bot)"
136.243.228.194 - - [13/Jul/2025:11:47:55 -0400] "GET /items/htyol66/46276?key=input HTTP/1.1" 404 23126 "-" "Mozilla/5.0 (compatible; DataForSeoBot/1.0; +https://dataforseo.com/dataforseo-bot)"
136.243.228.194 - - [13/Jul/2025:11:47:59 -0400] "GET /284lagj43405.html HTTP/1.1" 404 23126 "-" "Mozilla/5.0 (compatible; DataForSeoBot/1.0; +https://dataforseo.com/dataforseo-bot)"
66.29.146.47 - - [13/Jul/2025:11:48:04 -0400] "POST /wp-cron.php?doing_wp_cron=1752421684.3714900016784667968750 HTTP/1.1" 403 1242 "-" "WordPress/6.8; https://dangroup.sa"
136.243.228.194 - - [13/Jul/2025:11:48:04 -0400] "GET /102hib47067.html HTTP/1.1" 404 23126 "-" "Mozilla/5.0 (compatible; DataForSeoBot/1.0; +https://dataforseo.com/dataforseo-bot)"
136.243.228.194 - - [13/Jul/2025:11:48:07 -0400] "GET /items/xhzwn85/33473?key=phenomenon HTTP/1.1" 404 23126 "-" "Mozilla/5.0 (compatible; DataForSeoBot/1.0; +https://dataforseo.com/dataforseo-bot)"
136.243.228.194 - - [13/Jul/2025:11:48:11 -0400] "GET /34jkhw36193.html HTTP/1.1" 404 23126 "-" "Mozilla/5.0 (compatible; DataForSeoBot/1.0; +https://dataforseo.com/dataforseo-bot)"
57.159.27.85 - - [13/Jul/2025:11:48:15 -0400] "GET /wp-includes/class-wp-block-parser-block.php HTTP/1.1" 403 1242 "binance.com" "Mozilla/5.0 (Windows NT 10.0; Win64; x64) AppleWebKit/537.36 (KHTML, like Gecko) Chrome/90.0.4430.85 Safari/537.36"
136.243.228.194 - - [13/Jul/2025:11:48:16 -0400] "GET /items/bswvg288/1494?key=brother HTTP/1.1" 404 23128 "-" "Mozilla/5.0 (compatible; DataForSeoBot/1.0; +https://dataforseo.com/dataforseo-bot)"
136.243.228.194 - - [13/Jul/2025:11:48:19 -0400] "GET /110pacbu33703.html HTTP/1.1" 404 23126 "-" "Mozilla/5.0 (compatible; DataForSeoBot/1.0; +https://dataforseo.com/dataforseo-bot)"
57.159.27.85 - - [13/Jul/2025:11:48:24 -0400] "GET /wp-includes/class-wp-block-parser-frame.php HTTP/1.1" 403 1242 "binance.com" "Mozilla/5.0 (Windows NT 10.0; Win64; x64) AppleWebKit/537.36 (KHTML, like Gecko) Chrome/90.0.4430.85 Safari/537.36"
136.243.228.194 - - [13/Jul/2025:11:48:23 -0400] "GET /48ofx17819.html HTTP/1.1" 404 23126 "-" "Mozilla/5.0 (compatible; DataForSeoBot/1.0; +https://dataforseo.com/dataforseo-bot)"
136.243.228.194 - - [13/Jul/2025:11:48:27 -0400] "GET /items/zxrqu58/14736?key=scramble HTTP/1.1" 404 23126 "-" "Mozilla/5.0 (compatible; DataForSeoBot/1.0; +https://dataforseo.com/dataforseo-bot)"
139.59.79.178 - - [13/Jul/2025:11:48:31 -0400] "POST /wp-login.php HTTP/1.1" 200 3274 "-" "Mozilla/5.0"
136.243.228.194 - - [13/Jul/2025:11:48:32 -0400] "GET /items/smils159/40041?key=bank HTTP/1.1" 404 23126 "-" "Mozilla/5.0 (compatible; DataForSeoBot/1.0; +https://dataforseo.com/dataforseo-bot)"
57.159.27.85 - - [13/Jul/2025:11:48:35 -0400] "GET /wp-includes/class-wp-block-template.php HTTP/1.1" 403 1242 "binance.com" "Mozilla/5.0 (Windows NT 10.0; Win64; x64) AppleWebKit/537.36 (KHTML, like Gecko) Chrome/90.0.4430.85 Safari/537.36"
136.243.228.194 - - [13/Jul/2025:11:48:36 -0400] "GET /items/wdxzb100/24592?key=cognitive HTTP/1.1" 404 23126 "-" "Mozilla/5.0 (compatible; DataForSeoBot/1.0; +https://dataforseo.com/dataforseo-bot)"
136.243.228.194 - - [13/Jul/2025:11:48:40 -0400] "GET /items/umxxs33/24777?key=likelihood HTTP/1.1" 404 23126 "-" "Mozilla/5.0 (compatible; DataForSeoBot/1.0; +https://dataforseo.com/dataforseo-bot)"
136.243.228.194 - - [13/Jul/2025:11:48:43 -0400] "GET /57cir12486.html HTTP/1.1" 404 23126 "-" "Mozilla/5.0 (compatible; DataForSeoBot/1.0; +https://dataforseo.com/dataforseo-bot)"
57.159.27.85 - - [13/Jul/2025:11:48:45 -0400] "GET /wp-includes/class-wp-block-templates-registry.php HTTP/1.1" 403 1242 "binance.com" "Mozilla/5.0 (Windows NT 10.0; Win64; x64) AppleWebKit/537.36 (KHTML, like Gecko) Chrome/90.0.4430.85 Safari/537.36"
136.243.228.194 - - [13/Jul/2025:11:48:47 -0400] "GET /items/ibcrv132/13288?key=peel HTTP/1.1" 404 23126 "-" "Mozilla/5.0 (compatible; DataForSeoBot/1.0; +https://dataforseo.com/dataforseo-bot)"
136.243.228.194 - - [13/Jul/2025:11:48:52 -0400] "GET /items/korek288/39136?key=blade HTTP/1.1" 404 23126 "-" "Mozilla/5.0 (compatible; DataForSeoBot/1.0; +https://dataforseo.com/dataforseo-bot)"
57.159.27.85 - - [13/Jul/2025:11:48:56 -0400] "GET /wp-includes/class-wp-classic-to-block-menu-converter.php HTTP/1.1" 403 1242 "binance.com" "Mozilla/5.0 (Windows NT 10.0; Win64; x64) AppleWebKit/537.36 (KHTML, like Gecko) Chrome/90.0.4430.85 Safari/537.36"
136.243.228.194 - - [13/Jul/2025:11:48:55 -0400] "GET /items/wxxxa99/2883?key=shove HTTP/1.1" 404 23126 "-" "Mozilla/5.0 (compatible; DataForSeoBot/1.0; +https://dataforseo.com/dataforseo-bot)"
136.243.228.194 - - [13/Jul/2025:11:49:00 -0400] "GET /items/zdhxc150/37304?key=first HTTP/1.1" 404 23126 "-" "Mozilla/5.0 (compatible; DataForSeoBot/1.0; +https://dataforseo.com/dataforseo-bot)"
57.159.27.85 - - [13/Jul/2025:11:49:03 -0400] "GET /wp-includes/class-wp-dependencies.php HTTP/1.1" 403 1242 "binance.com" "Mozilla/5.0 (Windows NT 10.0; Win64; x64) AppleWebKit/537.36 (KHTML, like Gecko) Chrome/90.0.4430.85 Safari/537.36"
66.29.146.47 - - [13/Jul/2025:11:49:04 -0400] "POST /wp-cron.php?doing_wp_cron=1752421744.5209460258483886718750 HTTP/1.1" 403 1242 "-" "WordPress/6.8; https://dangroup.sa"
136.243.228.194 - - [13/Jul/2025:11:49:04 -0400] "GET /59sioj42380.html HTTP/1.1" 404 23126 "-" "Mozilla/5.0 (compatible; DataForSeoBot/1.0; +https://dataforseo.com/dataforseo-bot)"
136.243.228.194 - - [13/Jul/2025:11:49:07 -0400] "GET /36jqzjs16183.html HTTP/1.1" 404 23126 "-" "Mozilla/5.0 (compatible; DataForSeoBot/1.0; +https://dataforseo.com/dataforseo-bot)"
57.159.27.85 - - [13/Jul/2025:11:49:11 -0400] "GET /wp-includes/class-wp-duotone.php HTTP/1.1" 403 1242 "binance.com" "Mozilla/5.0 (Windows NT 10.0; Win64; x64) AppleWebKit/537.36 (KHTML, like Gecko) Chrome/90.0.4430.85 Safari/537.36"
136.243.228.194 - - [13/Jul/2025:11:49:11 -0400] "GET /items/rpjtl191/9211?key=beautiful HTTP/1.1" 404 23126 "-" "Mozilla/5.0 (compatible; DataForSeoBot/1.0; +https://dataforseo.com/dataforseo-bot)"
136.243.228.194 - - [13/Jul/2025:11:49:15 -0400] "GET /89pkzsm49166.html HTTP/1.1" 404 23126 "-" "Mozilla/5.0 (compatible; DataForSeoBot/1.0; +https://dataforseo.com/dataforseo-bot)"
136.243.228.194 - - [13/Jul/2025:11:49:19 -0400] "GET /items/zshvw37/4135?key=intention HTTP/1.1" 404 23126 "-" "Mozilla/5.0 (compatible; DataForSeoBot/1.0; +https://dataforseo.com/dataforseo-bot)"
136.243.228.194 - - [13/Jul/2025:11:49:23 -0400] "GET /items/hddbg178/24234?key=input HTTP/1.1" 404 23126 "-" "Mozilla/5.0 (compatible; DataForSeoBot/1.0; +https://dataforseo.com/dataforseo-bot)"
136.243.228.194 - - [13/Jul/2025:11:49:28 -0400] "GET /items/ipnqq123/18143?key=province HTTP/1.1" 404 23126 "-" "Mozilla/5.0 (compatible; DataForSeoBot/1.0; +https://dataforseo.com/dataforseo-bot)"
136.243.228.194 - - [13/Jul/2025:11:49:31 -0400] "GET /items/mbgfe132/31798?key=impulse HTTP/1.1" 404 23128 "-" "Mozilla/5.0 (compatible; DataForSeoBot/1.0; +https://dataforseo.com/dataforseo-bot)"
57.159.27.85 - - [13/Jul/2025:11:49:34 -0400] "GET /wp-includes/class-wp-exception.php HTTP/1.1" 403 1242 "binance.com" "Mozilla/5.0 (Windows NT 10.0; Win64; x64) AppleWebKit/537.36 (KHTML, like Gecko) Chrome/90.0.4430.85 Safari/537.36"
136.243.228.194 - - [13/Jul/2025:11:49:35 -0400] "GET /items/wajgo28/7772?key=sell HTTP/1.1" 404 23126 "-" "Mozilla/5.0 (compatible; DataForSeoBot/1.0; +https://dataforseo.com/dataforseo-bot)"
136.243.228.194 - - [13/Jul/2025:11:49:39 -0400] "GET /127ncgja19680.html HTTP/1.1" 404 23126 "-" "Mozilla/5.0 (compatible; DataForSeoBot/1.0; +https://dataforseo.com/dataforseo-bot)"
136.243.228.194 - - [13/Jul/2025:11:49:43 -0400] "GET /11gjpe41952.html HTTP/1.1" 404 23126 "-" "Mozilla/5.0 (compatible; DataForSeoBot/1.0; +https://dataforseo.com/dataforseo-bot)"
57.159.27.85 - - [13/Jul/2025:11:49:46 -0400] "GET /wp-includes/class-wp-http.php HTTP/1.1" 403 1242 "binance.com" "Mozilla/5.0 (Windows NT 10.0; Win64; x64) AppleWebKit/537.36 (KHTML, like Gecko) Chrome/90.0.4430.85 Safari/537.36"
136.243.228.194 - - [13/Jul/2025:11:49:47 -0400] "GET /items/kfxob19/8711?key=defensive HTTP/1.1" 404 23126 "-" "Mozilla/5.0 (compatible; DataForSeoBot/1.0; +https://dataforseo.com/dataforseo-bot)"
136.243.228.194 - - [13/Jul/2025:11:49:51 -0400] "GET /items/udmid97/26405?key=doorway HTTP/1.1" 404 23126 "-" "Mozilla/5.0 (compatible; DataForSeoBot/1.0; +https://dataforseo.com/dataforseo-bot)"
57.159.27.85 - - [13/Jul/2025:11:49:55 -0400] "GET /wp-includes/class-wp-navigation-fallback.php HTTP/1.1" 403 1242 "binance.com" "Mozilla/5.0 (Windows NT 10.0; Win64; x64) AppleWebKit/537.36 (KHTML, like Gecko) Chrome/90.0.4430.85 Safari/537.36"
136.243.228.194 - - [13/Jul/2025:11:49:56 -0400] "GET /275pxj48526.html HTTP/1.1" 404 23128 "-" "Mozilla/5.0 (compatible; DataForSeoBot/1.0; +https://dataforseo.com/dataforseo-bot)"
136.243.228.194 - - [13/Jul/2025:11:50:00 -0400] "GET /items/uydup252/37794?key=norm HTTP/1.1" 404 23126 "-" "Mozilla/5.0 (compatible; DataForSeoBot/1.0; +https://dataforseo.com/dataforseo-bot)"
136.243.228.194 - - [13/Jul/2025:11:50:03 -0400] "GET /270edwj33007.html HTTP/1.1" 404 23126 "-" "Mozilla/5.0 (compatible; DataForSeoBot/1.0; +https://dataforseo.com/dataforseo-bot)"
66.29.146.47 - - [13/Jul/2025:11:50:08 -0400] "POST /wp-cron.php?doing_wp_cron=1752421808.5450160503387451171875 HTTP/1.1" 403 1242 "-" "WordPress/6.8; https://dangroup.sa"
57.159.27.85 - - [13/Jul/2025:11:50:09 -0400] "GET /wp-includes/class-wp-phpmailer.php HTTP/1.1" 403 1242 "binance.com" "Mozilla/5.0 (Windows NT 10.0; Win64; x64) AppleWebKit/537.36 (KHTML, like Gecko) Chrome/90.0.4430.85 Safari/537.36"
136.243.228.194 - - [13/Jul/2025:11:50:07 -0400] "GET /items/xdobc200/44348?key=metaphor HTTP/1.1" 404 23126 "-" "Mozilla/5.0 (compatible; DataForSeoBot/1.0; +https://dataforseo.com/dataforseo-bot)"
66.249.68.129 - - [13/Jul/2025:11:50:13 -0400] "GET /items/zlucv86/820?key=occasion HTTP/1.1" 200 87462 "-" "Mozilla/5.0 (Linux; Android 6.0.1; Nexus 5X Build/MMB29P) AppleWebKit/537.36 (KHTML, like Gecko) Chrome/137.0.7151.103 Mobile Safari/537.36 (compatible; Googlebot/2.1; +http://www.google.com/bot.html)"
136.243.228.194 - - [13/Jul/2025:11:50:13 -0400] "GET /48pax13247.html HTTP/1.1" 404 23126 "-" "Mozilla/5.0 (compatible; DataForSeoBot/1.0; +https://dataforseo.com/dataforseo-bot)"
136.243.228.194 - - [13/Jul/2025:11:50:17 -0400] "GET /174asfem49237.html HTTP/1.1" 404 23126 "-" "Mozilla/5.0 (compatible; DataForSeoBot/1.0; +https://dataforseo.com/dataforseo-bot)"
136.243.228.194 - - [13/Jul/2025:11:50:21 -0400] "GET /items/fhvwp250/4062?key=convict HTTP/1.1" 404 23126 "-" "Mozilla/5.0 (compatible; DataForSeoBot/1.0; +https://dataforseo.com/dataforseo-bot)"
136.243.228.194 - - [13/Jul/2025:11:50:25 -0400] "GET /items/xywzb246/32034?key=Olympics HTTP/1.1" 404 23126 "-" "Mozilla/5.0 (compatible; DataForSeoBot/1.0; +https://dataforseo.com/dataforseo-bot)"
136.243.228.194 - - [13/Jul/2025:11:50:29 -0400] "GET /104qkrbn11797.html HTTP/1.1" 404 23126 "-" "Mozilla/5.0 (compatible; DataForSeoBot/1.0; +https://dataforseo.com/dataforseo-bot)"
57.159.27.85 - - [13/Jul/2025:11:50:32 -0400] "GET /wp-includes/class-wp-plugin-dependencies.php HTTP/1.1" 403 1242 "binance.com" "Mozilla/5.0 (Windows NT 10.0; Win64; x64) AppleWebKit/537.36 (KHTML, like Gecko) Chrome/90.0.4430.85 Safari/537.36"
136.243.228.194 - - [13/Jul/2025:11:50:34 -0400] "GET /items/iixbx266/19616?key=occur HTTP/1.1" 404 23126 "-" "Mozilla/5.0 (compatible; DataForSeoBot/1.0; +https://dataforseo.com/dataforseo-bot)"
136.243.228.194 - - [13/Jul/2025:11:50:38 -0400] "GET /33brzim35902.html HTTP/1.1" 404 23126 "-" "Mozilla/5.0 (compatible; DataForSeoBot/1.0; +https://dataforseo.com/dataforseo-bot)"
57.159.27.85 - - [13/Jul/2025:11:50:42 -0400] "GET /wp-includes/class-wp-script-modules.php HTTP/1.1" 403 1242 "binance.com" "Mozilla/5.0 (Windows NT 10.0; Win64; x64) AppleWebKit/537.36 (KHTML, like Gecko) Chrome/90.0.4430.85 Safari/537.36"
136.243.228.194 - - [13/Jul/2025:11:50:42 -0400] "GET /items/mgmqh33/48967?key=Catholic HTTP/1.1" 404 23126 "-" "Mozilla/5.0 (compatible; DataForSeoBot/1.0; +https://dataforseo.com/dataforseo-bot)"
136.243.228.194 - - [13/Jul/2025:11:50:46 -0400] "GET /items/mleos62/43490?key=Bible HTTP/1.1" 404 23126 "-" "Mozilla/5.0 (compatible; DataForSeoBot/1.0; +https://dataforseo.com/dataforseo-bot)"
57.159.27.85 - - [13/Jul/2025:11:50:51 -0400] "GET /wp-includes/class-wp-scripts.php HTTP/1.1" 403 1242 "binance.com" "Mozilla/5.0 (Windows NT 10.0; Win64; x64) AppleWebKit/537.36 (KHTML, like Gecko) Chrome/90.0.4430.85 Safari/537.36"
136.243.228.194 - - [13/Jul/2025:11:50:50 -0400] "GET /271kovf35500.html HTTP/1.1" 404 23126 "-" "Mozilla/5.0 (compatible; DataForSeoBot/1.0; +https://dataforseo.com/dataforseo-bot)"
136.243.228.194 - - [13/Jul/2025:11:50:54 -0400] "GET /items/uffto285/23821?key=statistical HTTP/1.1" 404 23126 "-" "Mozilla/5.0 (compatible; DataForSeoBot/1.0; +https://dataforseo.com/dataforseo-bot)"
136.243.228.194 - - [13/Jul/2025:11:50:57 -0400] "GET /items/jargv200/15774?key=lock HTTP/1.1" 404 23126 "-" "Mozilla/5.0 (compatible; DataForSeoBot/1.0; +https://dataforseo.com/dataforseo-bot)"
136.243.228.194 - - [13/Jul/2025:11:51:02 -0400] "GET /items/sjzca111/10587?key=invention HTTP/1.1" 404 23126 "-" "Mozilla/5.0 (compatible; DataForSeoBot/1.0; +https://dataforseo.com/dataforseo-bot)"
57.159.27.85 - - [13/Jul/2025:11:51:06 -0400] "GET /wp-includes/class-wp-speculation-rules.php HTTP/1.1" 403 1242 "binance.com" "Mozilla/5.0 (Windows NT 10.0; Win64; x64) AppleWebKit/537.36 (KHTML, like Gecko) Chrome/90.0.4430.85 Safari/537.36"
136.243.228.194 - - [13/Jul/2025:11:51:05 -0400] "GET /items/jmahk154/3856?key=foster HTTP/1.1" 404 23126 "-" "Mozilla/5.0 (compatible; DataForSeoBot/1.0; +https://dataforseo.com/dataforseo-bot)"
66.29.146.47 - - [13/Jul/2025:11:51:10 -0400] "POST /wp-cron.php?doing_wp_cron=1752421870.4038569927215576171875 HTTP/1.1" 403 1242 "-" "WordPress/6.8; https://dangroup.sa"
136.243.228.194 - - [13/Jul/2025:11:51:10 -0400] "GET /299mwlzc17766.html HTTP/1.1" 404 23126 "-" "Mozilla/5.0 (compatible; DataForSeoBot/1.0; +https://dataforseo.com/dataforseo-bot)"
66.249.68.133 - - [13/Jul/2025:11:51:14 -0400] "GET /robots.txt HTTP/1.1" 304 0 "-" "Mozilla/5.0 (compatible; Googlebot/2.1; +http://www.google.com/bot.html)"
66.249.68.132 - - [13/Jul/2025:11:51:14 -0400] "GET /items/ziakc80/624?key=learn HTTP/1.1" 200 88024 "-" "Mozilla/5.0 (Linux; Android 6.0.1; Nexus 5X Build/MMB29P) AppleWebKit/537.36 (KHTML, like Gecko) Chrome/137.0.7151.103 Mobile Safari/537.36 (compatible; Googlebot/2.1; +http://www.google.com/bot.html)"
136.243.228.194 - - [13/Jul/2025:11:51:13 -0400] "GET /items/buyst251/42555?key=eventually HTTP/1.1" 404 23126 "-" "Mozilla/5.0 (compatible; DataForSeoBot/1.0; +https://dataforseo.com/dataforseo-bot)"
136.243.228.194 - - [13/Jul/2025:11:51:17 -0400] "GET /items/urowg46/16282?key=explicit HTTP/1.1" 404 23126 "-" "Mozilla/5.0 (compatible; DataForSeoBot/1.0; +https://dataforseo.com/dataforseo-bot)"
57.159.27.85 - - [13/Jul/2025:11:51:19 -0400] "GET /wp-includes/class-wp-styles.php HTTP/1.1" 403 1242 "binance.com" "Mozilla/5.0 (Windows NT 10.0; Win64; x64) AppleWebKit/537.36 (KHTML, like Gecko) Chrome/90.0.4430.85 Safari/537.36"
136.243.228.194 - - [13/Jul/2025:11:51:22 -0400] "GET /items/ctqrt198/21958?key=drift HTTP/1.1" 404 23126 "-" "Mozilla/5.0 (compatible; DataForSeoBot/1.0; +https://dataforseo.com/dataforseo-bot)"
136.243.228.194 - - [13/Jul/2025:11:51:25 -0400] "GET /109iftm2224.html HTTP/1.1" 404 23126 "-" "Mozilla/5.0 (compatible; DataForSeoBot/1.0; +https://dataforseo.com/dataforseo-bot)"
57.159.27.85 - - [13/Jul/2025:11:51:30 -0400] "GET /wp-includes/class-wp-textdomain-registry.php HTTP/1.1" 403 1242 "binance.com" "Mozilla/5.0 (Windows NT 10.0; Win64; x64) AppleWebKit/537.36 (KHTML, like Gecko) Chrome/90.0.4430.85 Safari/537.36"
136.243.228.194 - - [13/Jul/2025:11:51:30 -0400] "GET /160ioxz4601.html HTTP/1.1" 404 23126 "-" "Mozilla/5.0 (compatible; DataForSeoBot/1.0; +https://dataforseo.com/dataforseo-bot)"
136.243.228.194 - - [13/Jul/2025:11:51:33 -0400] "GET /items/zzotr224/26336?key=truck HTTP/1.1" 404 23126 "-" "Mozilla/5.0 (compatible; DataForSeoBot/1.0; +https://dataforseo.com/dataforseo-bot)"
136.243.228.194 - - [13/Jul/2025:11:51:37 -0400] "GET /items/vltpt146/12100?key=cheer HTTP/1.1" 404 23126 "-" "Mozilla/5.0 (compatible; DataForSeoBot/1.0; +https://dataforseo.com/dataforseo-bot)"
47.82.60.43 - - [13/Jul/2025:11:51:39 -0400] "GET /pcmypage?callback=product/review/sinceremall-aahd0598ahrs HTTP/1.1" 301 0 "https://www.dangroup.sa/pcmypage?callback=product/review/sinceremall-aahd0598ahrs" "Mozilla/5.0 (Windows NT 10.0; Win64; x64) AppleWebKit/537.36 (KHTML, like Gecko) Chrome/114.0.0.0 Safari/537.36 Edg/114.0.1823.43"
47.82.60.43 - - [13/Jul/2025:11:51:40 -0400] "GET /pcmypage?callback=product/review/sinceremall-aahd0598ahrs HTTP/1.1" 404 23126 "https://www.dangroup.sa/pcmypage?callback=product/review/sinceremall-aahd0598ahrs" "Mozilla/5.0 (Windows NT 10.0; Win64; x64) AppleWebKit/537.36 (KHTML, like Gecko) Chrome/114.0.0.0 Safari/537.36 Edg/114.0.1823.43"
136.243.228.194 - - [13/Jul/2025:11:51:41 -0400] "GET /items/lfkfn140/45378?key=barn HTTP/1.1" 404 23126 "-" "Mozilla/5.0 (compatible; DataForSeoBot/1.0; +https://dataforseo.com/dataforseo-bot)"
47.82.60.70 - - [13/Jul/2025:11:51:43 -0400] "GET /48oqvmi45467.html HTTP/1.1" 301 0 "https://www.dangroup.sa/48oqvmi45467.html" "Mozilla/5.0 (Windows NT 10.0; Win64; x64) AppleWebKit/537.36 (KHTML, like Gecko) Chrome/114.0.0.0 Safari/537.36 Edg/114.0.1823.43"
47.82.60.70 - - [13/Jul/2025:11:51:44 -0400] "GET /48oqvmi45467.html HTTP/1.1" 404 23128 "https://www.dangroup.sa/48oqvmi45467.html" "Mozilla/5.0 (Windows NT 10.0; Win64; x64) AppleWebKit/537.36 (KHTML, like Gecko) Chrome/114.0.0.0 Safari/537.36 Edg/114.0.1823.43"
136.243.228.194 - - [13/Jul/2025:11:51:45 -0400] "GET /items/mspia104/20738?key=sweep HTTP/1.1" 404 23126 "-" "Mozilla/5.0 (compatible; DataForSeoBot/1.0; +https://dataforseo.com/dataforseo-bot)"
57.159.27.85 - - [13/Jul/2025:11:51:49 -0400] "GET /wp-includes/class-wp-theme-json-data.php HTTP/1.1" 403 1242 "binance.com" "Mozilla/5.0 (Windows NT 10.0; Win64; x64) AppleWebKit/537.36 (KHTML, like Gecko) Chrome/90.0.4430.85 Safari/537.36"
136.243.228.194 - - [13/Jul/2025:11:51:49 -0400] "GET /items/xevhx211/10695?key=lid HTTP/1.1" 404 23126 "-" "Mozilla/5.0 (compatible; DataForSeoBot/1.0; +https://dataforseo.com/dataforseo-bot)"
136.243.228.194 - - [13/Jul/2025:11:51:54 -0400] "GET /112sblp883.html HTTP/1.1" 404 23126 "-" "Mozilla/5.0 (compatible; DataForSeoBot/1.0; +https://dataforseo.com/dataforseo-bot)"
47.82.60.16 - - [13/Jul/2025:11:51:57 -0400] "GET /pcmypage?callback=product/review/lamd-29373923830095 HTTP/1.1" 301 0 "https://www.dangroup.sa/pcmypage?callback=product/review/lamd-29373923830095" "Mozilla/5.0 (Windows NT 10.0; Win64; x64) AppleWebKit/537.36 (KHTML, like Gecko) Chrome/114.0.0.0 Safari/537.36 Edg/114.0.1823.43"
136.243.228.194 - - [13/Jul/2025:11:51:58 -0400] "GET /245fbw9370.html HTTP/1.1" 404 23126 "-" "Mozilla/5.0 (compatible; DataForSeoBot/1.0; +https://dataforseo.com/dataforseo-bot)"
47.82.60.16 - - [13/Jul/2025:11:51:58 -0400] "GET /pcmypage?callback=product/review/lamd-29373923830095 HTTP/1.1" 404 23128 "https://www.dangroup.sa/pcmypage?callback=product/review/lamd-29373923830095" "Mozilla/5.0 (Windows NT 10.0; Win64; x64) AppleWebKit/537.36 (KHTML, like Gecko) Chrome/114.0.0.0 Safari/537.36 Edg/114.0.1823.43"
57.159.27.85 - - [13/Jul/2025:11:52:02 -0400] "GET /wp-includes/class-wp-theme-json-resolver.php HTTP/1.1" 403 1242 "binance.com" "Mozilla/5.0 (Windows NT 10.0; Win64; x64) AppleWebKit/537.36 (KHTML, like Gecko) Chrome/90.0.4430.85 Safari/537.36"
136.243.228.194 - - [13/Jul/2025:11:52:02 -0400] "GET /items/kglna16/33414?key=question HTTP/1.1" 404 23126 "-" "Mozilla/5.0 (compatible; DataForSeoBot/1.0; +https://dataforseo.com/dataforseo-bot)"
136.243.228.194 - - [13/Jul/2025:11:52:06 -0400] "GET /258ftid9869.html HTTP/1.1" 404 23126 "-" "Mozilla/5.0 (compatible; DataForSeoBot/1.0; +https://dataforseo.com/dataforseo-bot)"
47.82.60.67 - - [13/Jul/2025:11:52:09 -0400] "GET /6lhfc1043.html HTTP/1.1" 301 0 "https://www.dangroup.sa/6lhfc1043.html" "Mozilla/5.0 (Windows NT 10.0; Win64; x64) AppleWebKit/537.36 (KHTML, like Gecko) Chrome/114.0.0.0 Safari/537.36 Edg/114.0.1823.43"
66.29.146.47 - - [13/Jul/2025:11:52:10 -0400] "POST /wp-cron.php?doing_wp_cron=1752421930.5561780929565429687500 HTTP/1.1" 403 1242 "-" "WordPress/6.8; https://dangroup.sa"
57.159.27.85 - - [13/Jul/2025:11:52:12 -0400] "GET /wp-includes/class-wp-theme-json-schema.php HTTP/1.1" 403 1242 "binance.com" "Mozilla/5.0 (Windows NT 10.0; Win64; x64) AppleWebKit/537.36 (KHTML, like Gecko) Chrome/90.0.4430.85 Safari/537.36"
47.82.60.67 - - [13/Jul/2025:11:52:10 -0400] "GET /6lhfc1043.html HTTP/1.1" 404 23126 "https://www.dangroup.sa/6lhfc1043.html" "Mozilla/5.0 (Windows NT 10.0; Win64; x64) AppleWebKit/537.36 (KHTML, like Gecko) Chrome/114.0.0.0 Safari/537.36 Edg/114.0.1823.43"
136.243.228.194 - - [13/Jul/2025:11:52:11 -0400] "GET /275fcz6522.html HTTP/1.1" 404 23126 "-" "Mozilla/5.0 (compatible; DataForSeoBot/1.0; +https://dataforseo.com/dataforseo-bot)"
88.210.10.79 - - [13/Jul/2025:11:52:14 -0400] "GET / HTTP/1.1" 200 33219 "https://DANEVNT.COM" "Mozilla/5.0 (Macintosh; Intel Mac OS X 10_15_7) AppleWebKit/537.36 (KHTML, like Gecko) Chrome/133.0.0.0 Safari/537.36"
136.243.228.194 - - [13/Jul/2025:11:52:15 -0400] "GET /132wdxqp40671.html HTTP/1.1" 404 23126 "-" "Mozilla/5.0 (compatible; DataForSeoBot/1.0; +https://dataforseo.com/dataforseo-bot)"
34.217.60.213 - - [13/Jul/2025:11:52:17 -0400] "GET / HTTP/1.1" 200 0 "-" "FAST-WebCrawler/3.8 (crawler at trd dot overture dot com; http://www.alltheweb.com/help/webmaster/crawler)"
88.210.10.79 - - [13/Jul/2025:11:52:20 -0400] "GET /comments/feed/ HTTP/1.1" 200 457 "-" "Mozilla/5.0 (Macintosh; Intel Mac OS X 10_15_7) AppleWebKit/537.36 (KHTML, like Gecko) Chrome/133.0.0.0 Safari/537.36"
136.243.228.194 - - [13/Jul/2025:11:52:19 -0400] "GET /152wfbag4913.html HTTP/1.1" 404 23126 "-" "Mozilla/5.0 (compatible; DataForSeoBot/1.0; +https://dataforseo.com/dataforseo-bot)"
57.159.27.85 - - [13/Jul/2025:11:52:22 -0400] "GET /wp-includes/class-wp-theme-json.php HTTP/1.1" 403 1242 "binance.com" "Mozilla/5.0 (Windows NT 10.0; Win64; x64) AppleWebKit/537.36 (KHTML, like Gecko) Chrome/90.0.4430.85 Safari/537.36"
88.210.10.79 - - [13/Jul/2025:11:52:22 -0400] "GET /contact/ HTTP/1.1" 200 24212 "-" "Mozilla/5.0 (Macintosh; Intel Mac OS X 10_15_7) AppleWebKit/537.36 (KHTML, like Gecko) Chrome/133.0.0.0 Safari/537.36"
136.243.228.194 - - [13/Jul/2025:11:52:24 -0400] "GET /items/zaqzt156/5390?key=spark HTTP/1.1" 404 23126 "-" "Mozilla/5.0 (compatible; DataForSeoBot/1.0; +https://dataforseo.com/dataforseo-bot)"
47.82.60.14 - - [13/Jul/2025:11:52:25 -0400] "GET /37rbd5022.html HTTP/1.1" 301 0 "https://www.dangroup.sa/37rbd5022.html" "Mozilla/5.0 (Windows NT 10.0; Win64; x64) AppleWebKit/537.36 (KHTML, like Gecko) Chrome/114.0.0.0 Safari/537.36 Edg/114.0.1823.43"
88.210.10.79 - - [13/Jul/2025:11:52:25 -0400] "GET /en/contact-us/ HTTP/1.1" 200 23392 "-" "Mozilla/5.0 (Macintosh; Intel Mac OS X 10_15_7) AppleWebKit/537.36 (KHTML, like Gecko) Chrome/133.0.0.0 Safari/537.36"
47.82.60.14 - - [13/Jul/2025:11:52:26 -0400] "GET /37rbd5022.html HTTP/1.1" 404 23126 "https://www.dangroup.sa/37rbd5022.html" "Mozilla/5.0 (Windows NT 10.0; Win64; x64) AppleWebKit/537.36 (KHTML, like Gecko) Chrome/114.0.0.0 Safari/537.36 Edg/114.0.1823.43"
136.243.228.194 - - [13/Jul/2025:11:52:27 -0400] "GET /items/klkht222/41628?key=migration HTTP/1.1" 404 23126 "-" "Mozilla/5.0 (compatible; DataForSeoBot/1.0; +https://dataforseo.com/dataforseo-bot)"
57.159.27.85 - - [13/Jul/2025:11:52:32 -0400] "GET /wp-includes/class-wp-token-map.php HTTP/1.1" 403 1242 "binance.com" "Mozilla/5.0 (Windows NT 10.0; Win64; x64) AppleWebKit/537.36 (KHTML, like Gecko) Chrome/90.0.4430.85 Safari/537.36"
136.243.228.194 - - [13/Jul/2025:11:52:31 -0400] "GET /64pxz19953.html HTTP/1.1" 404 23126 "-" "Mozilla/5.0 (compatible; DataForSeoBot/1.0; +https://dataforseo.com/dataforseo-bot)"
136.243.228.194 - - [13/Jul/2025:11:52:36 -0400] "GET /items/mwojn235/5435?key=founder HTTP/1.1" 404 23126 "-" "Mozilla/5.0 (compatible; DataForSeoBot/1.0; +https://dataforseo.com/dataforseo-bot)"
57.159.27.85 - - [13/Jul/2025:11:52:39 -0400] "GET /wp-includes/class-wp-url-pattern-prefixer.php HTTP/1.1" 403 1242 "binance.com" "Mozilla/5.0 (Windows NT 10.0; Win64; x64) AppleWebKit/537.36 (KHTML, like Gecko) Chrome/90.0.4430.85 Safari/537.36"
136.243.228.194 - - [13/Jul/2025:11:52:40 -0400] "GET /134drnu22261.html HTTP/1.1" 404 23126 "-" "Mozilla/5.0 (compatible; DataForSeoBot/1.0; +https://dataforseo.com/dataforseo-bot)"
47.82.60.22 - - [13/Jul/2025:11:52:42 -0400] "GET /items/zxcld89/37323?key=by HTTP/1.1" 404 23126 "https://dangroup.sa/items/zxcld89/37323?key=by" "Mozilla/5.0 (Windows NT 10.0; Win64; x64) AppleWebKit/537.36 (KHTML, like Gecko) Chrome/114.0.0.0 Safari/537.36 Edg/114.0.1823.43"
136.243.228.194 - - [13/Jul/2025:11:52:44 -0400] "GET /items/lsyjw220/26492?key=dictate HTTP/1.1" 404 23126 "-" "Mozilla/5.0 (compatible; DataForSeoBot/1.0; +https://dataforseo.com/dataforseo-bot)"
57.159.27.85 - - [13/Jul/2025:11:52:48 -0400] "GET /wp-includes/class-wpdb.php HTTP/1.1" 403 1242 "binance.com" "Mozilla/5.0 (Windows NT 10.0; Win64; x64) AppleWebKit/537.36 (KHTML, like Gecko) Chrome/90.0.4430.85 Safari/537.36"
136.243.228.194 - - [13/Jul/2025:11:52:47 -0400] "GET /items/eqkpf230/46820?key=custody HTTP/1.1" 404 23126 "-" "Mozilla/5.0 (compatible; DataForSeoBot/1.0; +https://dataforseo.com/dataforseo-bot)"
136.243.228.194 - - [13/Jul/2025:11:52:52 -0400] "GET /234latyl23985.html HTTP/1.1" 404 23126 "-" "Mozilla/5.0 (compatible; DataForSeoBot/1.0; +https://dataforseo.com/dataforseo-bot)"
136.243.228.194 - - [13/Jul/2025:11:52:55 -0400] "GET /95howg37518.html HTTP/1.1" 404 23126 "-" "Mozilla/5.0 (compatible; DataForSeoBot/1.0; +https://dataforseo.com/dataforseo-bot)"
57.159.27.85 - - [13/Jul/2025:11:53:00 -0400] "GET /wp-includes/fonts.php HTTP/1.1" 403 1242 "binance.com" "Mozilla/5.0 (Windows NT 10.0; Win64; x64) AppleWebKit/537.36 (KHTML, like Gecko) Chrome/90.0.4430.85 Safari/537.36"
136.243.228.194 - - [13/Jul/2025:11:52:59 -0400] "GET /255zztja38106.html HTTP/1.1" 404 23126 "-" "Mozilla/5.0 (compatible; DataForSeoBot/1.0; +https://dataforseo.com/dataforseo-bot)"
136.243.228.194 - - [13/Jul/2025:11:53:03 -0400] "GET /285uodvy38606.html HTTP/1.1" 404 23126 "-" "Mozilla/5.0 (compatible; DataForSeoBot/1.0; +https://dataforseo.com/dataforseo-bot)"
47.82.60.4 - - [13/Jul/2025:11:53:06 -0400] "GET /152kpaa30799.html HTTP/1.1" 404 23126 "https://dangroup.sa/152kpaa30799.html" "Mozilla/5.0 (Windows NT 10.0; Win64; x64) AppleWebKit/537.36 (KHTML, like Gecko) Chrome/114.0.0.0 Safari/537.36 Edg/114.0.1823.43"
136.243.228.194 - - [13/Jul/2025:11:53:07 -0400] "GET /items/zwqpu285/36015?key=integrate HTTP/1.1" 404 23126 "-" "Mozilla/5.0 (compatible; DataForSeoBot/1.0; +https://dataforseo.com/dataforseo-bot)"
57.159.27.85 - - [13/Jul/2025:11:53:12 -0400] "GET /wp-includes/global-styles-and-settings.php HTTP/1.1" 403 1242 "binance.com" "Mozilla/5.0 (Windows NT 10.0; Win64; x64) AppleWebKit/537.36 (KHTML, like Gecko) Chrome/90.0.4430.85 Safari/537.36"
66.29.146.47 - - [13/Jul/2025:11:53:12 -0400] "POST /wp-cron.php?doing_wp_cron=1752421992.3901538848876953125000 HTTP/1.1" 403 1242 "-" "WordPress/6.8; https://dangroup.sa"
136.243.228.194 - - [13/Jul/2025:11:53:12 -0400] "GET /271ati5230.html HTTP/1.1" 404 23126 "-" "Mozilla/5.0 (compatible; DataForSeoBot/1.0; +https://dataforseo.com/dataforseo-bot)"
136.243.228.194 - - [13/Jul/2025:11:53:15 -0400] "GET /items/hpaeo152/10666?key=object HTTP/1.1" 404 23126 "-" "Mozilla/5.0 (compatible; DataForSeoBot/1.0; +https://dataforseo.com/dataforseo-bot)"
57.159.27.85 - - [13/Jul/2025:11:53:22 -0400] "GET /wp-includes/https-detection.php HTTP/1.1" 403 1242 "binance.com" "Mozilla/5.0 (Windows NT 10.0; Win64; x64) AppleWebKit/537.36 (KHTML, like Gecko) Chrome/90.0.4430.85 Safari/537.36"
136.243.228.194 - - [13/Jul/2025:11:53:20 -0400] "GET /items/shgvc25/47335?key=sand HTTP/1.1" 404 23126 "-" "Mozilla/5.0 (compatible; DataForSeoBot/1.0; +https://dataforseo.com/dataforseo-bot)"
69.197.182.50 - - [13/Jul/2025:11:53:22 -0400] "GET /wp-content/install.php HTTP/1.1" 200 0 "https://dangroup.sa/wp-content/install.php" "Mozilla/5.0 (Windows NT 10.0; Win64; x64) AppleWebKit/537.36 (KHTML, like Gecko) Chrome/58.0.3029.110 Safari/537.3"
69.197.182.50 - - [13/Jul/2025:11:53:24 -0400] "GET /wp-content/install.php HTTP/1.1" 200 10 "https://dangroup.sa/wp-content/install.php" "Mozilla/5.0 (Windows NT 10.0; Win64; x64) AppleWebKit/537.36 (KHTML, like Gecko) Chrome/58.0.3029.110 Safari/537.3"
136.243.228.194 - - [13/Jul/2025:11:53:24 -0400] "GET /260eezj12573.html HTTP/1.1" 404 23126 "-" "Mozilla/5.0 (compatible; DataForSeoBot/1.0; +https://dataforseo.com/dataforseo-bot)"
57.159.27.85 - - [13/Jul/2025:11:53:32 -0400] "GET /wp-includes/https-migration.php HTTP/1.1" 403 1242 "binance.com" "Mozilla/5.0 (Windows NT 10.0; Win64; x64) AppleWebKit/537.36 (KHTML, like Gecko) Chrome/90.0.4430.85 Safari/537.36"
47.82.60.19 - - [13/Jul/2025:11:53:31 -0400] "GET /items/zfuda38/854?key=politics HTTP/1.1" 301 0 "https://www.dangroup.sa/items/zfuda38/854?key=politics" "Mozilla/5.0 (Windows NT 10.0; Win64; x64) AppleWebKit/537.36 (KHTML, like Gecko) Chrome/114.0.0.0 Safari/537.36 Edg/114.0.1823.43"
136.243.228.194 - - [13/Jul/2025:11:53:31 -0400] "GET /180cnwa46763.html HTTP/1.1" 404 23128 "-" "Mozilla/5.0 (compatible; DataForSeoBot/1.0; +https://dataforseo.com/dataforseo-bot)"
47.82.60.19 - - [13/Jul/2025:11:53:33 -0400] "GET /items/zfuda38/854?key=politics HTTP/1.1" 404 23128 "https://www.dangroup.sa/items/zfuda38/854?key=politics" "Mozilla/5.0 (Windows NT 10.0; Win64; x64) AppleWebKit/537.36 (KHTML, like Gecko) Chrome/114.0.0.0 Safari/537.36 Edg/114.0.1823.43"
57.159.27.85 - - [13/Jul/2025:11:53:40 -0400] "GET /wp-includes/robots-template.php HTTP/1.1" 403 1242 "binance.com" "Mozilla/5.0 (Windows NT 10.0; Win64; x64) AppleWebKit/537.36 (KHTML, like Gecko) Chrome/90.0.4430.85 Safari/537.36"
136.243.228.194 - - [13/Jul/2025:11:53:38 -0400] "GET /items/yxskv61/32149?key=violence HTTP/1.1" 404 23126 "-" "Mozilla/5.0 (compatible; DataForSeoBot/1.0; +https://dataforseo.com/dataforseo-bot)"
57.159.27.85 - - [13/Jul/2025:11:53:50 -0400] "GET /wp-includes/script-modules.php HTTP/1.1" 403 1242 "binance.com" "Mozilla/5.0 (Windows NT 10.0; Win64; x64) AppleWebKit/537.36 (KHTML, like Gecko) Chrome/90.0.4430.85 Safari/537.36"
136.243.228.194 - - [13/Jul/2025:11:53:45 -0400] "GET /43igvfm4288.html HTTP/1.1" 404 23128 "-" "Mozilla/5.0 (compatible; DataForSeoBot/1.0; +https://dataforseo.com/dataforseo-bot)"
47.82.60.18 - - [13/Jul/2025:11:53:50 -0400] "GET /pcmypage?callback=product/detail/hirochishop-110007893-tn HTTP/1.1" 404 23126 "https://dangroup.sa/pcmypage?callback=product%2Fdetail%2Fhirochishop-110007893-tn" "Mozilla/5.0 (Windows NT 10.0; Win64; x64) AppleWebKit/537.36 (KHTML, like Gecko) Chrome/114.0.0.0 Safari/537.36 Edg/114.0.1823.43"
136.243.228.194 - - [13/Jul/2025:11:53:53 -0400] "GET /items/jjpjh112/19922?key=knowledge HTTP/1.1" 404 23126 "-" "Mozilla/5.0 (compatible; DataForSeoBot/1.0; +https://dataforseo.com/dataforseo-bot)"
57.159.27.85 - - [13/Jul/2025:11:54:00 -0400] "GET /wp-includes/speculative-loading.php HTTP/1.1" 403 1242 "binance.com" "Mozilla/5.0 (Windows NT 10.0; Win64; x64) AppleWebKit/537.36 (KHTML, like Gecko) Chrome/90.0.4430.85 Safari/537.36"
136.243.228.194 - - [13/Jul/2025:11:54:00 -0400] "GET /items/iyjdu169/38017?key=root HTTP/1.1" 404 23126 "-" "Mozilla/5.0 (compatible; DataForSeoBot/1.0; +https://dataforseo.com/dataforseo-bot)"
57.159.27.85 - - [13/Jul/2025:11:54:09 -0400] "GET /wp-includes/style-engine.php HTTP/1.1" 403 1242 "binance.com" "Mozilla/5.0 (Windows NT 10.0; Win64; x64) AppleWebKit/537.36 (KHTML, like Gecko) Chrome/90.0.4430.85 Safari/537.36"
136.243.228.194 - - [13/Jul/2025:11:54:08 -0400] "GET /229jru19178.html HTTP/1.1" 404 23126 "-" "Mozilla/5.0 (compatible; DataForSeoBot/1.0; +https://dataforseo.com/dataforseo-bot)"
66.29.146.47 - - [13/Jul/2025:11:54:14 -0400] "POST /wp-cron.php?doing_wp_cron=1752422054.0813920497894287109375 HTTP/1.1" 403 1242 "-" "WordPress/6.8; https://dangroup.sa"
57.159.27.85 - - [13/Jul/2025:11:54:16 -0400] "GET /wp-includes/template-canvas.php HTTP/1.1" 403 1242 "binance.com" "Mozilla/5.0 (Windows NT 10.0; Win64; x64) AppleWebKit/537.36 (KHTML, like Gecko) Chrome/90.0.4430.85 Safari/537.36"
178.20.45.182 - - [13/Jul/2025:11:54:13 -0400] "GET /ar/ HTTP/1.1" 404 23126 "https://dangroup.sa/ar/" "Mozilla/5.0 (Windows NT 10.0; Win64; x64) AppleWebKit/537.36 (KHTML, like Gecko) Chrome/131.0.0.0 Safari/537.36"
136.243.228.194 - - [13/Jul/2025:11:54:15 -0400] "GET /items/buant137/13225?key=clinic HTTP/1.1" 404 23128 "-" "Mozilla/5.0 (compatible; DataForSeoBot/1.0; +https://dataforseo.com/dataforseo-bot)"
57.159.27.85 - - [13/Jul/2025:11:54:25 -0400] "GET /wp-includes/theme-previews.php HTTP/1.1" 403 1242 "binance.com" "Mozilla/5.0 (Windows NT 10.0; Win64; x64) AppleWebKit/537.36 (KHTML, like Gecko) Chrome/90.0.4430.85 Safari/537.36"
136.243.228.194 - - [13/Jul/2025:11:54:23 -0400] "GET /items/hrese140/43160?key=garden HTTP/1.1" 404 23126 "-" "Mozilla/5.0 (compatible; DataForSeoBot/1.0; +https://dataforseo.com/dataforseo-bot)"
178.20.45.182 - - [13/Jul/2025:11:54:21 -0400] "GET /contact/ HTTP/1.1" 200 24212 "https://dangroup.sa/contact/" "Mozilla/5.0 (Windows NT 10.0; Win64; x64) AppleWebKit/537.36 (KHTML, like Gecko) Chrome/131.0.0.0 Safari/537.36"
57.159.27.85 - - [13/Jul/2025:11:54:35 -0400] "GET /wp-includes/theme-templates.php HTTP/1.1" 403 1242 "binance.com" "Mozilla/5.0 (Windows NT 10.0; Win64; x64) AppleWebKit/537.36 (KHTML, like Gecko) Chrome/90.0.4430.85 Safari/537.36"
136.243.228.194 - - [13/Jul/2025:11:54:30 -0400] "GET /items/ukqdp19/6195?key=assault HTTP/1.1" 404 23126 "-" "Mozilla/5.0 (compatible; DataForSeoBot/1.0; +https://dataforseo.com/dataforseo-bot)"
136.243.228.194 - - [13/Jul/2025:11:54:37 -0400] "GET /items/zjsqj245/13285?key=ambition HTTP/1.1" 404 23126 "-" "Mozilla/5.0 (compatible; DataForSeoBot/1.0; +https://dataforseo.com/dataforseo-bot)"
57.159.27.85 - - [13/Jul/2025:11:54:44 -0400] "GET /wp-includes/ID3/ HTTP/1.1" 200 1320 "binance.com" "Mozilla/5.0 (Windows NT 10.0; Win64; x64) AppleWebKit/537.36 (KHTML, like Gecko) Chrome/90.0.4430.85 Safari/537.36"
136.243.228.194 - - [13/Jul/2025:11:54:43 -0400] "GET /items/gskqd231/353?key=inform HTTP/1.1" 404 23126 "-" "Mozilla/5.0 (compatible; DataForSeoBot/1.0; +https://dataforseo.com/dataforseo-bot)"
57.159.27.85 - - [13/Jul/2025:11:54:51 -0400] "GET /wp-includes/ID3/ HTTP/1.1" 200 1320 "binance.com" "Mozilla/5.0 (Windows NT 10.0; Win64; x64) AppleWebKit/537.36 (KHTML, like Gecko) Chrome/90.0.4430.85 Safari/537.36"
136.243.228.194 - - [13/Jul/2025:11:54:50 -0400] "GET /103wnlm31872.html HTTP/1.1" 404 23126 "-" "Mozilla/5.0 (compatible; DataForSeoBot/1.0; +https://dataforseo.com/dataforseo-bot)"
47.82.60.19 - - [13/Jul/2025:11:54:55 -0400] "GET /items/maqsk24/6442?key=dynamic HTTP/1.1" 404 23128 "https://dangroup.sa/items/maqsk24/6442?key=dynamic" "Mozilla/5.0 (Windows NT 10.0; Win64; x64) AppleWebKit/537.36 (KHTML, like Gecko) Chrome/114.0.0.0 Safari/537.36 Edg/114.0.1823.43"
136.243.228.194 - - [13/Jul/2025:11:54:56 -0400] "GET /items/rbnno219/16847?key=royal HTTP/1.1" 404 23126 "-" "Mozilla/5.0 (compatible; DataForSeoBot/1.0; +https://dataforseo.com/dataforseo-bot)"
57.159.27.85 - - [13/Jul/2025:11:55:01 -0400] "GET /wp-includes/IXR/ HTTP/1.1" 200 1121 "binance.com" "Mozilla/5.0 (Windows NT 10.0; Win64; x64) AppleWebKit/537.36 (KHTML, like Gecko) Chrome/90.0.4430.85 Safari/537.36"
136.243.228.194 - - [13/Jul/2025:11:55:03 -0400] "GET /items/hywtn20/7282?key=personal HTTP/1.1" 404 23126 "-" "Mozilla/5.0 (compatible; DataForSeoBot/1.0; +https://dataforseo.com/dataforseo-bot)"
136.243.228.194 - - [13/Jul/2025:11:55:08 -0400] "GET /items/agkhd289/31811?key=disabled HTTP/1.1" 404 23126 "-" "Mozilla/5.0 (compatible; DataForSeoBot/1.0; +https://dataforseo.com/dataforseo-bot)"
57.159.27.85 - - [13/Jul/2025:11:55:14 -0400] "GET /wp-includes/IXR/ HTTP/1.1" 200 1121 "binance.com" "Mozilla/5.0 (Windows NT 10.0; Win64; x64) AppleWebKit/537.36 (KHTML, like Gecko) Chrome/90.0.4430.85 Safari/537.36"
66.29.146.47 - - [13/Jul/2025:11:55:15 -0400] "POST /wp-cron.php?doing_wp_cron=1752422114.9107620716094970703125 HTTP/1.1" 403 1242 "-" "WordPress/6.8; https://dangroup.sa"
66.249.68.132 - - [13/Jul/2025:11:55:16 -0400] "GET /robots.txt HTTP/1.1" 304 0 "-" "Mozilla/5.0 (compatible; Googlebot/2.1; +http://www.google.com/bot.html)"
66.249.68.133 - - [13/Jul/2025:11:55:16 -0400] "GET /items/qhlwa56/1776?key=indeed HTTP/1.1" 200 87586 "-" "Mozilla/5.0 (Linux; Android 6.0.1; Nexus 5X Build/MMB29P) AppleWebKit/537.36 (KHTML, like Gecko) Chrome/137.0.7151.103 Mobile Safari/537.36 (compatible; Googlebot/2.1; +http://www.google.com/bot.html)"
66.249.68.133 - - [13/Jul/2025:11:55:17 -0400] "GET /items/ijkgt4/998?key=but HTTP/1.1" 200 87241 "-" "Mozilla/5.0 (Linux; Android 6.0.1; Nexus 5X Build/MMB29P) AppleWebKit/537.36 (KHTML, like Gecko) Chrome/137.0.7151.103 Mobile Safari/537.36 (compatible; Googlebot/2.1; +http://www.google.com/bot.html)"
136.243.228.194 - - [13/Jul/2025:11:55:14 -0400] "GET /items/qbukk206/24364?key=slowly HTTP/1.1" 404 23126 "-" "Mozilla/5.0 (compatible; DataForSeoBot/1.0; +https://dataforseo.com/dataforseo-bot)"
136.243.228.194 - - [13/Jul/2025:11:55:19 -0400] "GET /228vnvb14967.html HTTP/1.1" 404 23126 "-" "Mozilla/5.0 (compatible; DataForSeoBot/1.0; +https://dataforseo.com/dataforseo-bot)"
57.159.27.85 - - [13/Jul/2025:11:55:26 -0400] "GET /wp-includes/PHPMailer/ HTTP/1.1" 200 687 "binance.com" "Mozilla/5.0 (Windows NT 10.0; Win64; x64) AppleWebKit/537.36 (KHTML, like Gecko) Chrome/90.0.4430.85 Safari/537.36"
136.243.228.194 - - [13/Jul/2025:11:55:25 -0400] "GET /140pat3125.html HTTP/1.1" 404 23126 "-" "Mozilla/5.0 (compatible; DataForSeoBot/1.0; +https://dataforseo.com/dataforseo-bot)"
136.243.228.194 - - [13/Jul/2025:11:55:30 -0400] "GET /53viuj30302.html HTTP/1.1" 404 23126 "-" "Mozilla/5.0 (compatible; DataForSeoBot/1.0; +https://dataforseo.com/dataforseo-bot)"
57.159.27.85 - - [13/Jul/2025:11:55:35 -0400] "GET /wp-includes/PHPMailer/ HTTP/1.1" 200 687 "binance.com" "Mozilla/5.0 (Windows NT 10.0; Win64; x64) AppleWebKit/537.36 (KHTML, like Gecko) Chrome/90.0.4430.85 Safari/537.36"
136.243.228.194 - - [13/Jul/2025:11:55:36 -0400] "GET /items/txcpy81/3085?key=combine HTTP/1.1" 404 23126 "-" "Mozilla/5.0 (compatible; DataForSeoBot/1.0; +https://dataforseo.com/dataforseo-bot)"
136.243.228.194 - - [13/Jul/2025:11:55:41 -0400] "GET /72ppv38857.html HTTP/1.1" 404 23126 "-" "Mozilla/5.0 (compatible; DataForSeoBot/1.0; +https://dataforseo.com/dataforseo-bot)"
57.159.27.85 - - [13/Jul/2025:11:55:45 -0400] "GET /wp-includes/Text/ HTTP/1.1" 200 693 "binance.com" "Mozilla/5.0 (Windows NT 10.0; Win64; x64) AppleWebKit/537.36 (KHTML, like Gecko) Chrome/90.0.4430.85 Safari/537.36"
136.243.228.194 - - [13/Jul/2025:11:55:46 -0400] "GET /6snn23643.html HTTP/1.1" 404 23128 "-" "Mozilla/5.0 (compatible; DataForSeoBot/1.0; +https://dataforseo.com/dataforseo-bot)"
136.243.228.194 - - [13/Jul/2025:11:55:52 -0400] "GET /14zjf47879.html HTTP/1.1" 404 23126 "-" "Mozilla/5.0 (compatible; DataForSeoBot/1.0; +https://dataforseo.com/dataforseo-bot)"
57.159.27.85 - - [13/Jul/2025:11:55:56 -0400] "GET /wp-includes/Text/ HTTP/1.1" 200 693 "binance.com" "Mozilla/5.0 (Windows NT 10.0; Win64; x64) AppleWebKit/537.36 (KHTML, like Gecko) Chrome/90.0.4430.85 Safari/537.36"
136.243.228.194 - - [13/Jul/2025:11:55:57 -0400] "GET /45ptjql9748.html HTTP/1.1" 404 23126 "-" "Mozilla/5.0 (compatible; DataForSeoBot/1.0; +https://dataforseo.com/dataforseo-bot)"
136.243.228.194 - - [13/Jul/2025:11:56:01 -0400] "GET /197rog31746.html HTTP/1.1" 404 23126 "-" "Mozilla/5.0 (compatible; DataForSeoBot/1.0; +https://dataforseo.com/dataforseo-bot)"
57.159.27.85 - - [13/Jul/2025:11:56:06 -0400] "GET /wp-includes/Text/Diff/ HTTP/1.1" 200 684 "binance.com" "Mozilla/5.0 (Windows NT 10.0; Win64; x64) AppleWebKit/537.36 (KHTML, like Gecko) Chrome/90.0.4430.85 Safari/537.36"
136.243.228.194 - - [13/Jul/2025:11:56:06 -0400] "GET /37hjbfo32610.html HTTP/1.1" 404 23128 "-" "Mozilla/5.0 (compatible; DataForSeoBot/1.0; +https://dataforseo.com/dataforseo-bot)"
136.243.228.194 - - [13/Jul/2025:11:56:10 -0400] "GET /296iuog28515.html HTTP/1.1" 404 23126 "-" "Mozilla/5.0 (compatible; DataForSeoBot/1.0; +https://dataforseo.com/dataforseo-bot)"
57.159.27.85 - - [13/Jul/2025:11:56:15 -0400] "GET /wp-includes/Text/Diff/ HTTP/1.1" 200 684 "binance.com" "Mozilla/5.0 (Windows NT 10.0; Win64; x64) AppleWebKit/537.36 (KHTML, like Gecko) Chrome/90.0.4430.85 Safari/537.36"
66.29.146.47 - - [13/Jul/2025:11:56:16 -0400] "POST /wp-cron.php?doing_wp_cron=1752422175.9753849506378173828125 HTTP/1.1" 403 1242 "-" "WordPress/6.8; https://dangroup.sa"
66.249.68.131 - - [13/Jul/2025:11:56:19 -0400] "GET /robots.txt HTTP/1.1" 304 0 "-" "Mozilla/5.0 (compatible; Googlebot/2.1; +http://www.google.com/bot.html)"
136.243.228.194 - - [13/Jul/2025:11:56:15 -0400] "GET /items/qdhnk12/8278?key=champion HTTP/1.1" 404 23126 "-" "Mozilla/5.0 (compatible; DataForSeoBot/1.0; +https://dataforseo.com/dataforseo-bot)"
66.249.68.131 - - [13/Jul/2025:11:56:19 -0400] "GET /search?category=1014&search_word= HTTP/1.1" 200 86871 "-" "Mozilla/5.0 (Linux; Android 6.0.1; Nexus 5X Build/MMB29P) AppleWebKit/537.36 (KHTML, like Gecko) Chrome/137.0.7151.103 Mobile Safari/537.36 (compatible; Googlebot/2.1; +http://www.google.com/bot.html)"
66.249.68.129 - - [13/Jul/2025:11:56:20 -0400] "GET /items/pufez94/948?key=convict HTTP/1.1" 200 86846 "-" "Mozilla/5.0 (Linux; Android 6.0.1; Nexus 5X Build/MMB29P) AppleWebKit/537.36 (KHTML, like Gecko) Chrome/137.0.7151.103 Mobile Safari/537.36 (compatible; Googlebot/2.1; +http://www.google.com/bot.html)"
136.243.228.194 - - [13/Jul/2025:11:56:20 -0400] "GET /items/ehiho83/20393?key=opt HTTP/1.1" 404 23128 "-" "Mozilla/5.0 (compatible; DataForSeoBot/1.0; +https://dataforseo.com/dataforseo-bot)"
57.159.27.85 - - [13/Jul/2025:11:56:26 -0400] "GET /wp-includes/Text/Diff/Engine/ HTTP/1.1" 200 695 "binance.com" "Mozilla/5.0 (Windows NT 10.0; Win64; x64) AppleWebKit/537.36 (KHTML, like Gecko) Chrome/90.0.4430.85 Safari/537.36"
136.243.228.194 - - [13/Jul/2025:11:56:25 -0400] "GET /221bazow4284.html HTTP/1.1" 404 23126 "-" "Mozilla/5.0 (compatible; DataForSeoBot/1.0; +https://dataforseo.com/dataforseo-bot)"
136.243.228.194 - - [13/Jul/2025:11:56:32 -0400] "GET /items/vsisg153/12555?key=legend HTTP/1.1" 404 23126 "-" "Mozilla/5.0 (compatible; DataForSeoBot/1.0; +https://dataforseo.com/dataforseo-bot)"
57.159.27.85 - - [13/Jul/2025:11:56:36 -0400] "GET /wp-includes/Text/Diff/Engine/ HTTP/1.1" 200 695 "binance.com" "Mozilla/5.0 (Windows NT 10.0; Win64; x64) AppleWebKit/537.36 (KHTML, like Gecko) Chrome/90.0.4430.85 Safari/537.36"
136.243.228.194 - - [13/Jul/2025:11:56:37 -0400] "GET /112sku23553.html HTTP/1.1" 404 23126 "-" "Mozilla/5.0 (compatible; DataForSeoBot/1.0; +https://dataforseo.com/dataforseo-bot)"
57.159.27.85 - - [13/Jul/2025:11:56:45 -0400] "GET /wp-includes/Text/Diff/Renderer/ HTTP/1.1" 200 629 "binance.com" "Mozilla/5.0 (Windows NT 10.0; Win64; x64) AppleWebKit/537.36 (KHTML, like Gecko) Chrome/90.0.4430.85 Safari/537.36"
136.243.228.194 - - [13/Jul/2025:11:56:43 -0400] "GET /260lqb39081.html HTTP/1.1" 404 23126 "-" "Mozilla/5.0 (compatible; DataForSeoBot/1.0; +https://dataforseo.com/dataforseo-bot)"
57.159.27.85 - - [13/Jul/2025:11:56:53 -0400] "GET /wp-includes/Text/Diff/Renderer/ HTTP/1.1" 200 629 "binance.com" "Mozilla/5.0 (Windows NT 10.0; Win64; x64) AppleWebKit/537.36 (KHTML, like Gecko) Chrome/90.0.4430.85 Safari/537.36"
136.243.228.194 - - [13/Jul/2025:11:56:49 -0400] "GET /items/rsckw214/1398?key=priority HTTP/1.1" 404 23126 "-" "Mozilla/5.0 (compatible; DataForSeoBot/1.0; +https://dataforseo.com/dataforseo-bot)"
143.244.57.120 - - [13/Jul/2025:11:56:52 -0400] "GET / HTTP/1.1" 200 33218 "-" "Mozilla/5.0 (Windows NT 10.0; Win64; x64) AppleWebKit/537.36 (KHTML, like Gecko) Chrome/78.0.3904.108 Safari/537.36"
136.243.228.194 - - [13/Jul/2025:11:56:54 -0400] "GET /items/dbyxo250/23826?key=assist HTTP/1.1" 404 23126 "-" "Mozilla/5.0 (compatible; DataForSeoBot/1.0; +https://dataforseo.com/dataforseo-bot)"
143.244.57.120 - - [13/Jul/2025:11:56:58 -0400] "GET //wp-includes/wlwmanifest.xml HTTP/1.1" 301 0 "-" "Mozilla/5.0 (Windows NT 10.0; Win64; x64) AppleWebKit/537.36 (KHTML, like Gecko) Chrome/78.0.3904.108 Safari/537.36"
143.244.57.120 - - [13/Jul/2025:11:57:00 -0400] "GET //xmlrpc.php?rsd HTTP/1.1" 403 1242 "-" "Mozilla/5.0 (Windows NT 10.0; Win64; x64) AppleWebKit/537.36 (KHTML, like Gecko) Chrome/78.0.3904.108 Safari/537.36"
57.159.27.85 - - [13/Jul/2025:11:57:02 -0400] "GET /wp-includes/blocks/ HTTP/1.1" 200 6 "binance.com" "Mozilla/5.0 (Windows NT 10.0; Win64; x64) AppleWebKit/537.36 (KHTML, like Gecko) Chrome/90.0.4430.85 Safari/537.36"
136.243.228.194 - - [13/Jul/2025:11:57:01 -0400] "GET /92kdl68785.html HTTP/1.1" 404 23126 "-" "Mozilla/5.0 (compatible; DataForSeoBot/1.0; +https://dataforseo.com/dataforseo-bot)"
143.244.57.120 - - [13/Jul/2025:11:57:00 -0400] "GET / HTTP/1.1" 200 33218 "-" "Mozilla/5.0 (Windows NT 10.0; Win64; x64) AppleWebKit/537.36 (KHTML, like Gecko) Chrome/78.0.3904.108 Safari/537.36"
143.244.57.120 - - [13/Jul/2025:11:57:07 -0400] "GET //?author=1 HTTP/1.1" 301 0 "-" "Mozilla/5.0 (Windows NT 10.0; Win64; x64) AppleWebKit/537.36 (KHTML, like Gecko) Chrome/78.0.3904.108 Safari/537.36"
143.244.57.120 - - [13/Jul/2025:11:57:08 -0400] "GET //?author=2 HTTP/1.1" 301 0 "-" "Mozilla/5.0 (Windows NT 10.0; Win64; x64) AppleWebKit/537.36 (KHTML, like Gecko) Chrome/78.0.3904.108 Safari/537.36"
143.244.57.120 - - [13/Jul/2025:11:57:09 -0400] "GET //wp-json/wp/v2/users/ HTTP/1.1" 200 886 "-" "Mozilla/5.0 (Windows NT 10.0; Win64; x64) AppleWebKit/537.36 (KHTML, like Gecko) Chrome/78.0.3904.108 Safari/537.36"
143.244.57.120 - - [13/Jul/2025:11:57:10 -0400] "POST //xmlrpc.php HTTP/1.1" 403 1242 "-" "Mozilla/5.0 (Windows NT 10.0; Win64; x64) AppleWebKit/537.36 (KHTML, like Gecko) Chrome/78.0.3904.108 Safari/537.36"
57.159.27.85 - - [13/Jul/2025:11:57:12 -0400] "GET /wp-includes/pomo/ HTTP/1.1" 200 1021 "binance.com" "Mozilla/5.0 (Windows NT 10.0; Win64; x64) AppleWebKit/537.36 (KHTML, like Gecko) Chrome/90.0.4430.85 Safari/537.36"
136.243.228.194 - - [13/Jul/2025:11:57:09 -0400] "GET /items/voluz72/5012?key=civic HTTP/1.1" 404 23126 "-" "Mozilla/5.0 (compatible; DataForSeoBot/1.0; +https://dataforseo.com/dataforseo-bot)"
136.243.228.194 - - [13/Jul/2025:11:57:14 -0400] "GET /items/zqxgc139/23823?key=skilled HTTP/1.1" 404 23128 "-" "Mozilla/5.0 (compatible; DataForSeoBot/1.0; +https://dataforseo.com/dataforseo-bot)"
66.29.146.47 - - [13/Jul/2025:11:57:21 -0400] "POST /wp-cron.php?doing_wp_cron=1752422241.0618569850921630859375 HTTP/1.1" 403 1242 "-" "WordPress/6.8; https://dangroup.sa"
57.159.27.85 - - [13/Jul/2025:11:57:21 -0400] "GET /wp-includes/pomo/ HTTP/1.1" 200 1021 "binance.com" "Mozilla/5.0 (Windows NT 10.0; Win64; x64) AppleWebKit/537.36 (KHTML, like Gecko) Chrome/90.0.4430.85 Safari/537.36"
136.243.228.194 - - [13/Jul/2025:11:57:20 -0400] "GET /139przgq48480.html HTTP/1.1" 404 23126 "-" "Mozilla/5.0 (compatible; DataForSeoBot/1.0; +https://dataforseo.com/dataforseo-bot)"
57.159.27.85 - - [13/Jul/2025:11:57:27 -0400] "GET /wp-includes/sitemaps/ HTTP/1.1" 200 1057 "binance.com" "Mozilla/5.0 (Windows NT 10.0; Win64; x64) AppleWebKit/537.36 (KHTML, like Gecko) Chrome/90.0.4430.85 Safari/537.36"
136.243.228.194 - - [13/Jul/2025:11:57:25 -0400] "GET /262aeho18881.html HTTP/1.1" 404 23128 "-" "Mozilla/5.0 (compatible; DataForSeoBot/1.0; +https://dataforseo.com/dataforseo-bot)"
136.243.228.194 - - [13/Jul/2025:11:57:30 -0400] "GET /items/omool104/41572?key=artificial HTTP/1.1" 404 23126 "-" "Mozilla/5.0 (compatible; DataForSeoBot/1.0; +https://dataforseo.com/dataforseo-bot)"
57.159.27.85 - - [13/Jul/2025:11:57:35 -0400] "GET /wp-includes/sitemaps/ HTTP/1.1" 200 1057 "binance.com" "Mozilla/5.0 (Windows NT 10.0; Win64; x64) AppleWebKit/537.36 (KHTML, like Gecko) Chrome/90.0.4430.85 Safari/537.36"
