47.82.60.1 - - [13/Jul/2025:11:01:37 -0400] "GET /items/wzkem24/46089?key=clearly HTTP/1.1" 404 1251 "https://first-gulf.com.sa/items/wzkem24/46089?key=clearly" "Mozilla/5.0 (Windows NT 10.0; Win64; x64) AppleWebKit/537.36 (KHTML, like Gecko) Chrome/114.0.0.0 Safari/537.36 Edg/114.0.1823.43"
66.249.68.137 - - [13/Jul/2025:11:01:43 -0400] "GET /items/142044706.html?srsltid=AfmBOowmrJTDwViKdtqOMnS4MxWEemNQ4FYD1STDD01cg1xdrFMP HTTP/1.1" 404 1251 "-" "Mozilla/5.0 (compatible; Googlebot/2.1; +http://www.google.com/bot.html)"
47.82.60.26 - - [13/Jul/2025:11:01:43 -0400] "GET /items/fdjmj88/3209?key=draw HTTP/1.1" 404 1251 "https://first-gulf.com.sa/items/fdjmj88/3209?key=draw" "Mozilla/5.0 (Windows NT 10.0; Win64; x64) AppleWebKit/537.36 (KHTML, like Gecko) Chrome/114.0.0.0 Safari/537.36 Edg/114.0.1823.43"
66.249.68.137 - - [13/Jul/2025:11:01:43 -0400] "GET /items/142044706.html?srsltid=AfmBOowmrJTDwViKdtqOMnS4MxWEemNQ4FYD1STDD01cg1xdrFMP HTTP/1.1" 404 1251 "-" "Mozilla/5.0 (Linux; Android 6.0.1; Nexus 5X Build/MMB29P) AppleWebKit/537.36 (KHTML, like Gecko) Chrome/137.0.7151.103 Mobile Safari/537.36 (compatible; Googlebot/2.1; +http://www.google.com/bot.html)"
66.249.68.137 - - [13/Jul/2025:11:01:44 -0400] "GET /product/edit/rcmd-e6-7329700 HTTP/1.1" 404 1251 "-" "Mozilla/5.0 (compatible; Googlebot/2.1; +http://www.google.com/bot.html)"
47.82.60.81 - - [13/Jul/2025:11:01:57 -0400] "GET /items/lsceh48/545?key=excuse HTTP/1.1" 404 1251 "https://www.first-gulf.com.sa/items/lsceh48/545?key=excuse" "Mozilla/5.0 (Windows NT 10.0; Win64; x64) AppleWebKit/537.36 (KHTML, like Gecko) Chrome/114.0.0.0 Safari/537.36 Edg/114.0.1823.43"
66.249.79.194 - - [13/Jul/2025:11:01:58 -0400] "GET /items/126039406.html?srsltid=AfmBOoyqaYPZUrCatiedjSnEHNvemgTZCSQsIujocdxNOZQoavLO HTTP/1.1" 404 1251 "-" "Mozilla/5.0 (Linux; Android 6.0.1; Nexus 5X Build/MMB29P) AppleWebKit/537.36 (KHTML, like Gecko) Chrome/137.0.7151.103 Mobile Safari/537.36 (compatible; Googlebot/2.1; +http://www.google.com/bot.html)"
66.249.79.194 - - [13/Jul/2025:11:02:01 -0400] "GET /pcmypage?callback=product%2Fdetail%2Farknets-10082950-1 HTTP/1.1" 404 1251 "-" "Mozilla/5.0 (compatible; Googlebot/2.1; +http://www.google.com/bot.html)"
47.82.60.21 - - [13/Jul/2025:11:02:05 -0400] "GET /wp-includes/class-wp-block-parser-block.php HTTP/1.1" 403 1242 "https://first-gulf.com.sa/wp-includes/class-wp-block-parser-block.php" "Mozilla/5.0 (Windows NT 10.0; Win64; x64) AppleWebKit/537.36 (KHTML, like Gecko) Chrome/114.0.0.0 Safari/537.36 Edg/114.0.1823.43"
47.82.60.18 - - [13/Jul/2025:11:02:10 -0400] "GET /items/mugsd85/820?key=welcome HTTP/1.1" 404 1251 "https://first-gulf.com.sa/items/mugsd85/820?key=welcome" "Mozilla/5.0 (Windows NT 10.0; Win64; x64) AppleWebKit/537.36 (KHTML, like Gecko) Chrome/114.0.0.0 Safari/537.36 Edg/114.0.1823.43"
47.82.60.91 - - [13/Jul/2025:11:02:14 -0400] "GET /wp-includes/class.wp-dependencies.php HTTP/1.1" 403 1242 "https://first-gulf.com.sa/wp-includes/class.wp-dependencies.php" "Mozilla/5.0 (Windows NT 10.0; Win64; x64) AppleWebKit/537.36 (KHTML, like Gecko) Chrome/114.0.0.0 Safari/537.36 Edg/114.0.1823.43"
66.249.68.130 - - [13/Jul/2025:11:02:19 -0400] "GET /items/214027592.html?srsltid=AfmBOorozXLDdSIqfRcypo7wZexHERBS5ASQHTV5Oecrc3Cpbg3P HTTP/1.1" 404 1251 "-" "Mozilla/5.0 (Linux; Android 6.0.1; Nexus 5X Build/MMB29P) AppleWebKit/537.36 (KHTML, like Gecko) Chrome/137.0.7151.103 Mobile Safari/537.36 (compatible; Googlebot/2.1; +http://www.google.com/bot.html)"
66.249.68.129 - - [13/Jul/2025:11:02:19 -0400] "GET /items/118032776.html?srsltid=AfmBOokhtGABRTNtVAXSbXVkJTIDnPHzveucgdUtNdGcfGetzfgZ HTTP/1.1" 404 1251 "-" "Mozilla/5.0 (Linux; Android 6.0.1; Nexus 5X Build/MMB29P) AppleWebKit/537.36 (KHTML, like Gecko) Chrome/137.0.7151.103 Mobile Safari/537.36 (compatible; Googlebot/2.1; +http://www.google.com/bot.html)"
47.82.60.20 - - [13/Jul/2025:11:02:43 -0400] "GET /items/gtydw149/48776?key=official HTTP/1.1" 404 1251 "https://www.first-gulf.com.sa/items/gtydw149/48776?key=official" "Mozilla/5.0 (Windows NT 10.0; Win64; x64) AppleWebKit/537.36 (KHTML, like Gecko) Chrome/114.0.0.0 Safari/537.36 Edg/114.0.1823.43"
66.249.79.194 - - [13/Jul/2025:11:02:56 -0400] "GET /search.php?112pepoo16517.html HTTP/1.1" 404 1251 "-" "Mozilla/5.0 (Linux; Android 6.0.1; Nexus 5X Build/MMB29P) AppleWebKit/537.36 (KHTML, like Gecko) Chrome/137.0.7151.103 Mobile Safari/537.36 (compatible; Googlebot/2.1; +http://www.google.com/bot.html)"
66.249.68.129 - - [13/Jul/2025:11:02:58 -0400] "GET /pcmypage?callback=product/review/hcvalor-eshop-trusco-8424203 HTTP/1.1" 404 1251 "-" "Mozilla/5.0 (Linux; Android 6.0.1; Nexus 5X Build/MMB29P) AppleWebKit/537.36 (KHTML, like Gecko) Chrome/137.0.7151.103 Mobile Safari/537.36 (compatible; Googlebot/2.1; +http://www.google.com/bot.html)"
66.249.68.130 - - [13/Jul/2025:11:03:10 -0400] "GET /items/lnwvm18/31985?key=whole HTTP/1.1" 404 1251 "-" "Mozilla/5.0 (Linux; Android 6.0.1; Nexus 5X Build/MMB29P) AppleWebKit/537.36 (KHTML, like Gecko) Chrome/137.0.7151.103 Mobile Safari/537.36 (compatible; Googlebot/2.1; +http://www.google.com/bot.html)"
47.82.60.42 - - [13/Jul/2025:11:03:14 -0400] "GET /wp-includes/wp-db.php HTTP/1.1" 403 1242 "https://first-gulf.com.sa/wp-includes/wp-db.php" "Mozilla/5.0 (Windows NT 10.0; Win64; x64) AppleWebKit/537.36 (KHTML, like Gecko) Chrome/114.0.0.0 Safari/537.36 Edg/114.0.1823.43"
66.249.68.129 - - [13/Jul/2025:11:03:30 -0400] "GET /items/tfike91/30558?key=display HTTP/1.1" 404 1251 "-" "Mozilla/5.0 (compatible; Googlebot/2.1; +http://www.google.com/bot.html)"
66.249.68.129 - - [13/Jul/2025:11:03:30 -0400] "GET /items/tfike91/30558?key=display HTTP/1.1" 404 1251 "-" "Mozilla/5.0 (Linux; Android 6.0.1; Nexus 5X Build/MMB29P) AppleWebKit/537.36 (KHTML, like Gecko) Chrome/137.0.7151.103 Mobile Safari/537.36 (compatible; Googlebot/2.1; +http://www.google.com/bot.html)"
66.249.68.129 - - [13/Jul/2025:11:03:32 -0400] "GET /items/161015351.html?srsltid=AfmBOowmayInwSiiHLVZiev8HnJUUZbk5DoeRvntyJQzO3kUfPAy HTTP/1.1" 404 1251 "-" "Mozilla/5.0 (Linux; Android 6.0.1; Nexus 5X Build/MMB29P) AppleWebKit/537.36 (KHTML, like Gecko) Chrome/137.0.7151.103 Mobile Safari/537.36 (compatible; Googlebot/2.1; +http://www.google.com/bot.html)"
66.249.79.196 - - [13/Jul/2025:11:03:32 -0400] "GET /items/xluhu37/594?key=healthy HTTP/1.1" 404 1251 "-" "Mozilla/5.0 (Linux; Android 6.0.1; Nexus 5X Build/MMB29P) AppleWebKit/537.36 (KHTML, like Gecko) Chrome/137.0.7151.103 Mobile Safari/537.36 (compatible; Googlebot/2.1; +http://www.google.com/bot.html)"
66.249.68.129 - - [13/Jul/2025:11:03:33 -0400] "GET /items/211042209.html?srsltid=AfmBOowgyJZsFgGFqVIurXUvUxiTxrQFYnE9NI9K0lCBi1X3l9RZ HTTP/1.1" 404 1251 "-" "Mozilla/5.0 (Linux; Android 6.0.1; Nexus 5X Build/MMB29P) AppleWebKit/537.36 (KHTML, like Gecko) Chrome/137.0.7151.103 Mobile Safari/537.36 (compatible; Googlebot/2.1; +http://www.google.com/bot.html)"
66.249.68.129 - - [13/Jul/2025:11:03:40 -0400] "GET /items/kmcds26/739?key=transfer HTTP/1.1" 404 1251 "-" "Mozilla/5.0 (Linux; Android 6.0.1; Nexus 5X Build/MMB29P) AppleWebKit/537.36 (KHTML, like Gecko) Chrome/137.0.7151.103 Mobile Safari/537.36 (compatible; Googlebot/2.1; +http://www.google.com/bot.html)"
47.82.60.25 - - [13/Jul/2025:11:03:51 -0400] "GET /wp-includes/feed-rss2.php HTTP/1.1" 403 1242 "https://first-gulf.com.sa/wp-includes/feed-rss2.php" "Mozilla/5.0 (Windows NT 10.0; Win64; x64) AppleWebKit/537.36 (KHTML, like Gecko) Chrome/114.0.0.0 Safari/537.36 Edg/114.0.1823.43"
66.249.68.129 - - [13/Jul/2025:11:04:12 -0400] "GET /items/041033399.html?srsltid=AfmBOolgxBNnJxWbmivfitTWJSmnREDPpDBs8THyhI11VlQu94qw HTTP/1.1" 404 1251 "-" "Mozilla/5.0 (compatible; Googlebot/2.1; +http://www.google.com/bot.html)"
66.249.68.129 - - [13/Jul/2025:11:04:12 -0400] "GET /items/mlwfu7/37848?key=intention HTTP/1.1" 404 1251 "-" "Mozilla/5.0 (Linux; Android 6.0.1; Nexus 5X Build/MMB29P) AppleWebKit/537.36 (KHTML, like Gecko) Chrome/137.0.7151.103 Mobile Safari/537.36 (compatible; Googlebot/2.1; +http://www.google.com/bot.html)"
66.249.79.194 - - [13/Jul/2025:11:04:34 -0400] "GET /pcmypage?callback=product%2Fdetail%2Fchubo-pro-soko-ebm-8691910 HTTP/1.1" 404 1251 "-" "Mozilla/5.0 (compatible; Googlebot/2.1; +http://www.google.com/bot.html)"
66.249.79.196 - - [13/Jul/2025:11:04:34 -0400] "GET /pcmypage?callback=product%2Fdetail%2Fchubo-pro-soko-ebm-8691910 HTTP/1.1" 404 1251 "-" "Mozilla/5.0 (Linux; Android 6.0.1; Nexus 5X Build/MMB29P) AppleWebKit/537.36 (KHTML, like Gecko) Chrome/137.0.7151.103 Mobile Safari/537.36 (compatible; Googlebot/2.1; +http://www.google.com/bot.html)"
66.249.79.194 - - [13/Jul/2025:11:04:44 -0400] "GET /search.php?zhHant/product/surugaya/auc-saladabowl-sal-sl747-001?campaign_uid=f64d716db5e979ed2f947dbaf4296895b951ae7f HTTP/1.1" 404 1251 "-" "Mozilla/5.0 (Linux; Android 6.0.1; Nexus 5X Build/MMB29P) AppleWebKit/537.36 (KHTML, like Gecko) Chrome/137.0.7151.103 Mobile Safari/537.36 (compatible; Googlebot/2.1; +http://www.google.com/bot.html)"
66.249.68.129 - - [13/Jul/2025:11:04:47 -0400] "GET /items/tydbh296/34503?key=dumb HTTP/1.1" 404 1251 "-" "Mozilla/5.0 (compatible; Googlebot/2.1; +http://www.google.com/bot.html)"
66.249.68.130 - - [13/Jul/2025:11:05:20 -0400] "GET /pcmypage?callback=product/review/asty-shop-c2-1wmyotykja-7w97 HTTP/1.1" 404 1251 "-" "Mozilla/5.0 (Linux; Android 6.0.1; Nexus 5X Build/MMB29P) AppleWebKit/537.36 (KHTML, like Gecko) Chrome/137.0.7151.103 Mobile Safari/537.36 (compatible; Googlebot/2.1; +http://www.google.com/bot.html)"
66.249.79.194 - - [13/Jul/2025:11:05:21 -0400] "GET /search.php?54vvp157.html HTTP/1.1" 404 1251 "-" "Mozilla/5.0 (Linux; Android 6.0.1; Nexus 5X Build/MMB29P) AppleWebKit/537.36 (KHTML, like Gecko) Chrome/137.0.7151.103 Mobile Safari/537.36 (compatible; Googlebot/2.1; +http://www.google.com/bot.html)"
66.249.68.130 - - [13/Jul/2025:11:05:31 -0400] "GET /items/045030251.html?srsltid=AfmBOorkmAHYrhksRqfqnlVVDykOmSIxBnvE8ENzjg4uKoXvr8wI HTTP/1.1" 404 1251 "-" "Mozilla/5.0 (Linux; Android 6.0.1; Nexus 5X Build/MMB29P) AppleWebKit/537.36 (KHTML, like Gecko) Chrome/137.0.7151.103 Mobile Safari/537.36 (compatible; Googlebot/2.1; +http://www.google.com/bot.html)"
66.249.79.195 - - [13/Jul/2025:11:05:50 -0400] "GET /items/074000392.html?srsltid=AfmBOojzrCkPXPQWvGiNPkIAWsMfvaSxihxURg4TqdyxEgLrXAPU HTTP/1.1" 404 1251 "-" "Mozilla/5.0 (compatible; Googlebot/2.1; +http://www.google.com/bot.html)"
66.249.68.129 - - [13/Jul/2025:11:05:52 -0400] "GET /items/138042542.html?srsltid=AfmBOogclCweFLHIbrtuShmYEcsMNGrxR7WQ5d1F8nRtwFNeX4KH HTTP/1.1" 404 1251 "-" "Mozilla/5.0 (compatible; Googlebot/2.1; +http://www.google.com/bot.html)"
66.249.68.129 - - [13/Jul/2025:11:05:53 -0400] "GET /items/138042542.html?srsltid=AfmBOogclCweFLHIbrtuShmYEcsMNGrxR7WQ5d1F8nRtwFNeX4KH HTTP/1.1" 404 1251 "-" "Mozilla/5.0 (Linux; Android 6.0.1; Nexus 5X Build/MMB29P) AppleWebKit/537.36 (KHTML, like Gecko) Chrome/137.0.7151.103 Mobile Safari/537.36 (compatible; Googlebot/2.1; +http://www.google.com/bot.html)"
66.249.68.129 - - [13/Jul/2025:11:05:57 -0400] "GET /items/166033160.html?srsltid=AfmBOocqhPAzDGFoVtZmye7CVamGPODvtQeRmfnRSIHG68OxrOaG HTTP/1.1" 404 1251 "-" "Mozilla/5.0 (Linux; Android 6.0.1; Nexus 5X Build/MMB29P) AppleWebKit/537.36 (KHTML, like Gecko) Chrome/137.0.7151.103 Mobile Safari/537.36 (compatible; Googlebot/2.1; +http://www.google.com/bot.html)"
66.249.79.196 - - [13/Jul/2025:11:06:07 -0400] "GET /search.php?absorb/point211/xbgtf-48373/ HTTP/1.1" 404 1251 "-" "Mozilla/5.0 (compatible; Googlebot/2.1; +http://www.google.com/bot.html)"
66.249.68.131 - - [13/Jul/2025:11:06:18 -0400] "GET /items/101002817.html?srsltid=AfmBOovlynhdeoWKMuBQ167SLfVuODjUBGG4GGiAS83TAPsXiYyh HTTP/1.1" 404 1251 "-" "Mozilla/5.0 (Linux; Android 6.0.1; Nexus 5X Build/MMB29P) AppleWebKit/537.36 (KHTML, like Gecko) Chrome/137.0.7151.103 Mobile Safari/537.36 (compatible; Googlebot/2.1; +http://www.google.com/bot.html)"
66.249.79.192 - - [13/Jul/2025:11:06:23 -0400] "GET /zhHant/product/surugaya/sakan8man-trus-1995588?campaign_uid=f64d716db5e979ed2f947dbaf4296895b951ae7f HTTP/1.1" 404 1251 "-" "Mozilla/5.0 (compatible; Googlebot/2.1; +http://www.google.com/bot.html)"
66.249.79.206 - - [13/Jul/2025:11:06:27 -0400] "GET /items/073030387.html?srsltid=AfmBOosreQRrSpqdcupbyxt6JrpHyOBp9G21fkabGJv6NcSGzc4O HTTP/1.1" 404 1251 "-" "Mozilla/5.0 (compatible; Googlebot/2.1; +http://www.google.com/bot.html)"
66.249.68.130 - - [13/Jul/2025:11:06:34 -0400] "GET /items/fdfcy273/37034?key=pale HTTP/1.1" 404 1251 "-" "Mozilla/5.0 (Linux; Android 6.0.1; Nexus 5X Build/MMB29P) AppleWebKit/537.36 (KHTML, like Gecko) Chrome/137.0.7151.103 Mobile Safari/537.36 (compatible; Googlebot/2.1; +http://www.google.com/bot.html)"
207.46.13.160 - - [13/Jul/2025:11:06:50 -0400] "GET /alpinismtto1/dol1440615.htm HTTP/1.1" 404 1251 "-" "Mozilla/5.0 AppleWebKit/537.36 (KHTML, like Gecko; compatible; bingbot/2.0; +http://www.bing.com/bingbot.htm) Chrome/116.0.1938.76 Safari/537.36"
66.249.79.206 - - [13/Jul/2025:11:06:54 -0400] "GET /pcmypage?callback=product/review/kokouki-012178 HTTP/1.1" 404 1251 "-" "Mozilla/5.0 (compatible; Googlebot/2.1; +http://www.google.com/bot.html)"
66.249.79.193 - - [13/Jul/2025:11:07:02 -0400] "GET /pcmypage?callback=product/review/akibamac-4560295049895 HTTP/1.1" 404 1251 "-" "Mozilla/5.0 (Linux; Android 6.0.1; Nexus 5X Build/MMB29P) AppleWebKit/537.36 (KHTML, like Gecko) Chrome/137.0.7151.119 Mobile Safari/537.36 (compatible; Googlebot/2.1; +http://www.google.com/bot.html)"
66.249.68.130 - - [13/Jul/2025:11:07:11 -0400] "GET /items/swgjy278/11511?key=outline HTTP/1.1" 404 1251 "-" "Mozilla/5.0 (compatible; Googlebot/2.1; +http://www.google.com/bot.html)"
66.249.68.129 - - [13/Jul/2025:11:07:13 -0400] "GET /items/087000535.html?srsltid=AfmBOoapvVBeOTephOKSkmmBSlPaAbld1qVcOHenogJL8NDN4Rhr HTTP/1.1" 404 1251 "-" "Mozilla/5.0 (Linux; Android 6.0.1; Nexus 5X Build/MMB29P) AppleWebKit/537.36 (KHTML, like Gecko) Chrome/137.0.7151.103 Mobile Safari/537.36 (compatible; Googlebot/2.1; +http://www.google.com/bot.html)"
66.249.68.137 - - [13/Jul/2025:11:07:34 -0400] "GET /items/119048091.html?srsltid=AfmBOoccaUsblTNqYPzEr26NTmsUjlhL8ryjcUd6iBzDmnDFHNYE HTTP/1.1" 404 1251 "-" "Mozilla/5.0 (compatible; Googlebot/2.1; +http://www.google.com/bot.html)"
66.249.68.137 - - [13/Jul/2025:11:07:35 -0400] "GET /items/wwchr28/3077?key=seemingly HTTP/1.1" 404 1251 "-" "Mozilla/5.0 (compatible; Googlebot/2.1; +http://www.google.com/bot.html)"
208.110.64.178 - - [13/Jul/2025:11:07:47 -0400] "GET /wp-content/install.php HTTP/1.1" 404 1251 "https://first-gulf.com.sa/wp-content/install.php" "Mozilla/5.0 (Windows NT 10.0; Win64; x64) AppleWebKit/537.36 (KHTML, like Gecko) Chrome/58.0.3029.110 Safari/537.3"
66.249.79.206 - - [13/Jul/2025:11:07:58 -0400] "GET /items/bbdej31/10518?key=standard HTTP/1.1" 404 1251 "-" "Mozilla/5.0 (Linux; Android 6.0.1; Nexus 5X Build/MMB29P) AppleWebKit/537.36 (KHTML, like Gecko) Chrome/137.0.7151.103 Mobile Safari/537.36 (compatible; Googlebot/2.1; +http://www.google.com/bot.html)"
66.249.68.137 - - [13/Jul/2025:11:07:58 -0400] "GET /items/nlywm287/38166?key=say HTTP/1.1" 404 1251 "-" "Mozilla/5.0 (Linux; Android 6.0.1; Nexus 5X Build/MMB29P) AppleWebKit/537.36 (KHTML, like Gecko) Chrome/137.0.7151.103 Mobile Safari/537.36 (compatible; Googlebot/2.1; +http://www.google.com/bot.html)"
66.249.68.129 - - [13/Jul/2025:11:08:30 -0400] "GET /items/khepk88/17845?key=spill HTTP/1.1" 404 1251 "-" "Mozilla/5.0 (Linux; Android 6.0.1; Nexus 5X Build/MMB29P) AppleWebKit/537.36 (KHTML, like Gecko) Chrome/137.0.7151.103 Mobile Safari/537.36 (compatible; Googlebot/2.1; +http://www.google.com/bot.html)"
66.249.68.128 - - [13/Jul/2025:11:08:35 -0400] "GET /items/dclio161/15072?key=dilemma HTTP/1.1" 404 1251 "-" "Mozilla/5.0 (Linux; Android 6.0.1; Nexus 5X Build/MMB29P) AppleWebKit/537.36 (KHTML, like Gecko) Chrome/137.0.7151.103 Mobile Safari/537.36 (compatible; Googlebot/2.1; +http://www.google.com/bot.html)"
66.249.68.137 - - [13/Jul/2025:11:08:57 -0400] "GET /items/010046394.html?srsltid=AfmBOocqkSMJXKEexcgdkxSwUimXzytTHbg9CIc6MCQ33Bui0uLE HTTP/1.1" 404 1251 "-" "Mozilla/5.0 (compatible; Googlebot/2.1; +http://www.google.com/bot.html)"
66.249.68.137 - - [13/Jul/2025:11:08:58 -0400] "GET /items/288015748.html?srsltid=AfmBOoqlhpkyUMpfjAMUWH5PZEQAvgaQdZfkHtjJoOs3RO0WA0NE HTTP/1.1" 404 1251 "-" "Mozilla/5.0 (Linux; Android 6.0.1; Nexus 5X Build/MMB29P) AppleWebKit/537.36 (KHTML, like Gecko) Chrome/137.0.7151.103 Mobile Safari/537.36 (compatible; Googlebot/2.1; +http://www.google.com/bot.html)"
66.249.68.137 - - [13/Jul/2025:11:09:01 -0400] "GET /pcmypage?callback=/product%2Fdetail-aishinshop-1013-292619 HTTP/1.1" 404 1251 "-" "Mozilla/5.0 (compatible; Googlebot/2.1; +http://www.google.com/bot.html)"
66.249.68.137 - - [13/Jul/2025:11:09:13 -0400] "GET /items/235046287.html?srsltid=AfmBOocyxROfQLXpxjCQzOYiAvqVGwCaciiGAsX418nftDpgfvRP HTTP/1.1" 404 1251 "-" "Mozilla/5.0 (Linux; Android 6.0.1; Nexus 5X Build/MMB29P) AppleWebKit/537.36 (KHTML, like Gecko) Chrome/137.0.7151.103 Mobile Safari/537.36 (compatible; Googlebot/2.1; +http://www.google.com/bot.html)"
66.249.68.137 - - [13/Jul/2025:11:09:18 -0400] "GET /items/011032799.html?srsltid=AfmBOoohqQfkWkcsGrNbJ5PRGUgnoFtKyaJ6kiGwMPqeIiAE8kHU HTTP/1.1" 404 1251 "-" "Mozilla/5.0 (Linux; Android 6.0.1; Nexus 5X Build/MMB29P) AppleWebKit/537.36 (KHTML, like Gecko) Chrome/137.0.7151.103 Mobile Safari/537.36 (compatible; Googlebot/2.1; +http://www.google.com/bot.html)"
66.249.68.137 - - [13/Jul/2025:11:09:28 -0400] "GET /items/yftzt256/9743?key=grain HTTP/1.1" 404 1251 "-" "Mozilla/5.0 (compatible; Googlebot/2.1; +http://www.google.com/bot.html)"
66.249.79.206 - - [13/Jul/2025:11:09:32 -0400] "GET /search.php?pcmypage?callback=product%2Fdetail%2Fhirochishop-lh200a8000-tn HTTP/1.1" 404 1251 "-" "Mozilla/5.0 (Linux; Android 6.0.1; Nexus 5X Build/MMB29P) AppleWebKit/537.36 (KHTML, like Gecko) Chrome/137.0.7151.103 Mobile Safari/537.36 (compatible; Googlebot/2.1; +http://www.google.com/bot.html)"
66.249.68.137 - - [13/Jul/2025:11:09:42 -0400] "GET /items/061003371.html?srsltid=AfmBOofhujHEpvAPuVQie7tATSRpGiCYuCfRkV6pdfKODT7n6hmN HTTP/1.1" 404 1251 "-" "Mozilla/5.0 (Linux; Android 6.0.1; Nexus 5X Build/MMB29P) AppleWebKit/537.36 (KHTML, like Gecko) Chrome/137.0.7151.103 Mobile Safari/537.36 (compatible; GoogleOther)"
66.249.79.206 - - [13/Jul/2025:11:09:43 -0400] "GET /items/128032498.html?srsltid=AfmBOoxamqSxGyJDdAGAkXahMEfqOrYEO6jhpL2WzeDSJioiBXbZ HTTP/1.1" 404 1251 "-" "Mozilla/5.0 (compatible; Googlebot/2.1; +http://www.google.com/bot.html)"
66.249.68.137 - - [13/Jul/2025:11:09:55 -0400] "GET /items/wrjkd15/21862?key=bind HTTP/1.1" 404 1251 "-" "Mozilla/5.0 (Linux; Android 6.0.1; Nexus 5X Build/MMB29P) AppleWebKit/537.36 (KHTML, like Gecko) Chrome/137.0.7151.103 Mobile Safari/537.36 (compatible; Googlebot/2.1; +http://www.google.com/bot.html)"
66.249.68.128 - - [13/Jul/2025:11:10:06 -0400] "GET /pcmypage?callback=product/review/f414018-arita-20003618 HTTP/1.1" 404 1251 "-" "Mozilla/5.0 (compatible; Googlebot/2.1; +http://www.google.com/bot.html)"
66.249.68.137 - - [13/Jul/2025:11:10:16 -0400] "GET /items/079002457.html?srsltid=AfmBOorkgkHrhQZccZdjGGOcZfBhxxhmQGifQZSJ1SJiRjX72X9O HTTP/1.1" 404 1251 "-" "Mozilla/5.0 (compatible; Googlebot/2.1; +http://www.google.com/bot.html)"
66.249.68.137 - - [13/Jul/2025:11:10:18 -0400] "GET /product/edit/first23-trusco-5194991 HTTP/1.1" 404 1251 "-" "Mozilla/5.0 (Linux; Android 6.0.1; Nexus 5X Build/MMB29P) AppleWebKit/537.36 (KHTML, like Gecko) Chrome/137.0.7151.103 Mobile Safari/537.36 (compatible; Googlebot/2.1; +http://www.google.com/bot.html)"
66.249.68.128 - - [13/Jul/2025:11:10:19 -0400] "GET /items/207038821.html?srsltid=AfmBOoizimcWPxlKEapmqRluPLQCUXZxTefIS2wDVBzrdcbsR2OX HTTP/1.1" 404 1251 "-" "Mozilla/5.0 (compatible; Googlebot/2.1; +http://www.google.com/bot.html)"
66.249.79.193 - - [13/Jul/2025:11:10:32 -0400] "GET /search.php?229enbrx19312.html HTTP/1.1" 404 1251 "-" "Mozilla/5.0 (Linux; Android 6.0.1; Nexus 5X Build/MMB29P) AppleWebKit/537.36 (KHTML, like Gecko) Chrome/137.0.7151.103 Mobile Safari/537.36 (compatible; Googlebot/2.1; +http://www.google.com/bot.html)"
66.249.68.137 - - [13/Jul/2025:11:10:36 -0400] "GET /items/218032076.html?srsltid=AfmBOorhojGWfvXojpIjLwA0XvTnqgAPzlCVdZAZ8k21aZHoMJw0 HTTP/1.1" 404 1251 "-" "Mozilla/5.0 (Linux; Android 6.0.1; Nexus 5X Build/MMB29P) AppleWebKit/537.36 (KHTML, like Gecko) Chrome/137.0.7151.103 Mobile Safari/537.36 (compatible; Googlebot/2.1; +http://www.google.com/bot.html)"
66.249.68.137 - - [13/Jul/2025:11:10:39 -0400] "GET /product/edit/moto-occ-033065-02 HTTP/1.1" 404 1251 "-" "Mozilla/5.0 (compatible; Googlebot/2.1; +http://www.google.com/bot.html)"
66.249.79.192 - - [13/Jul/2025:11:11:12 -0400] "GET /items/268007212.html?srsltid=AfmBOozftGrROKqjqrIS9IbKZxhCVCLM4gkSe31A3fYzUHK584y1 HTTP/1.1" 404 1251 "-" "Mozilla/5.0 (Linux; Android 6.0.1; Nexus 5X Build/MMB29P) AppleWebKit/537.36 (KHTML, like Gecko) Chrome/137.0.7151.119 Mobile Safari/537.36 (compatible; Googlebot/2.1; +http://www.google.com/bot.html)"
47.82.60.46 - - [13/Jul/2025:11:11:18 -0400] "GET /items/elyfd240/10985?key=order HTTP/1.1" 404 1251 "https://first-gulf.com.sa/items/elyfd240/10985?key=order" "Mozilla/5.0 (Windows NT 10.0; Win64; x64) AppleWebKit/537.36 (KHTML, like Gecko) Chrome/114.0.0.0 Safari/537.36 Edg/114.0.1823.43"
66.249.68.128 - - [13/Jul/2025:11:11:52 -0400] "GET /zhHant/product/surugaya/dtc-4537327051980?campaign_uid=f64d716db5e979ed2f947dbaf4296895b951ae7f HTTP/1.1" 404 1251 "-" "Mozilla/5.0 (compatible; Googlebot/2.1; +http://www.google.com/bot.html)"
66.249.68.128 - - [13/Jul/2025:11:11:59 -0400] "GET /items/182000864.html?srsltid=AfmBOosuxwHZYoDDZqfBYaGxTTXggQFKQqwP2r8htIhqY4USB94q HTTP/1.1" 404 1251 "-" "Mozilla/5.0 (Linux; Android 6.0.1; Nexus 5X Build/MMB29P) AppleWebKit/537.36 (KHTML, like Gecko) Chrome/137.0.7151.103 Mobile Safari/537.36 (compatible; Googlebot/2.1; +http://www.google.com/bot.html)"
47.82.60.29 - - [13/Jul/2025:11:12:11 -0400] "GET /pcmypage?callback=product/review/nafco-n23418448 HTTP/1.1" 404 1251 "https://first-gulf.com.sa/pcmypage?callback=product/review/nafco-n23418448" "Mozilla/5.0 (Windows NT 10.0; Win64; x64) AppleWebKit/537.36 (KHTML, like Gecko) Chrome/114.0.0.0 Safari/537.36 Edg/114.0.1823.43"
66.249.68.129 - - [13/Jul/2025:11:12:26 -0400] "GET /pcmypage?callback=/product%2Fdetail%2First34-trusco-1961828 HTTP/1.1" 404 1251 "-" "Mozilla/5.0 (compatible; Googlebot/2.1; +http://www.google.com/bot.html)"
66.249.68.128 - - [13/Jul/2025:11:12:36 -0400] "GET /items/ajglj270/46501?key=spill HTTP/1.1" 404 1251 "-" "Mozilla/5.0 (Linux; Android 6.0.1; Nexus 5X Build/MMB29P) AppleWebKit/537.36 (KHTML, like Gecko) Chrome/137.0.7151.103 Mobile Safari/537.36 (compatible; Googlebot/2.1; +http://www.google.com/bot.html)"
47.82.60.43 - - [13/Jul/2025:11:12:42 -0400] "GET /items/hqamq115/25552?key=troop HTTP/1.1" 404 1251 "https://first-gulf.com.sa/items/hqamq115/25552?key=troop" "Mozilla/5.0 (Windows NT 10.0; Win64; x64) AppleWebKit/537.36 (KHTML, like Gecko) Chrome/114.0.0.0 Safari/537.36 Edg/114.0.1823.43"
47.82.60.64 - - [13/Jul/2025:11:12:44 -0400] "GET /items/ngqvj61/29082?key=adjustment HTTP/1.1" 404 1251 "https://first-gulf.com.sa/items/ngqvj61/29082?key=adjustment" "Mozilla/5.0 (Windows NT 10.0; Win64; x64) AppleWebKit/537.36 (KHTML, like Gecko) Chrome/114.0.0.0 Safari/537.36 Edg/114.0.1823.43"
47.82.60.24 - - [13/Jul/2025:11:12:49 -0400] "GET /items/mgxzt279/42666?key=data HTTP/1.1" 404 1251 "https://first-gulf.com.sa/items/mgxzt279/42666?key=data" "Mozilla/5.0 (Windows NT 10.0; Win64; x64) AppleWebKit/537.36 (KHTML, like Gecko) Chrome/114.0.0.0 Safari/537.36 Edg/114.0.1823.43"
66.249.79.195 - - [13/Jul/2025:11:12:53 -0400] "GET /items/poljj86/1143?key=bill HTTP/1.1" 404 1251 "-" "Mozilla/5.0 (Linux; Android 6.0.1; Nexus 5X Build/MMB29P) AppleWebKit/537.36 (KHTML, like Gecko) Chrome/137.0.7151.103 Mobile Safari/537.36 (compatible; Googlebot/2.1; +http://www.google.com/bot.html)"
47.82.60.36 - - [13/Jul/2025:11:12:55 -0400] "GET /items/dlqbd254/44311?key=moral HTTP/1.1" 404 1251 "https://first-gulf.com.sa/items/dlqbd254/44311?key=moral" "Mozilla/5.0 (Windows NT 10.0; Win64; x64) AppleWebKit/537.36 (KHTML, like Gecko) Chrome/114.0.0.0 Safari/537.36 Edg/114.0.1823.43"
66.249.68.129 - - [13/Jul/2025:11:13:11 -0400] "GET /items/uknbh36/44835?key=how HTTP/1.1" 404 1251 "-" "Mozilla/5.0 (Linux; Android 6.0.1; Nexus 5X Build/MMB29P) AppleWebKit/537.36 (KHTML, like Gecko) Chrome/137.0.7151.103 Mobile Safari/537.36 (compatible; Googlebot/2.1; +http://www.google.com/bot.html)"
66.249.68.137 - - [13/Jul/2025:11:13:12 -0400] "GET /items/kosts57/12184?key=insight HTTP/1.1" 404 1251 "-" "Mozilla/5.0 (Linux; Android 6.0.1; Nexus 5X Build/MMB29P) AppleWebKit/537.36 (KHTML, like Gecko) Chrome/137.0.7151.103 Mobile Safari/537.36 (compatible; Googlebot/2.1; +http://www.google.com/bot.html)"
66.249.68.128 - - [13/Jul/2025:11:13:16 -0400] "GET /items/cwubi135/39004?key=language HTTP/1.1" 404 1251 "-" "Mozilla/5.0 (compatible; Googlebot/2.1; +http://www.google.com/bot.html)"
66.249.68.128 - - [13/Jul/2025:11:13:16 -0400] "GET /pcmypage?callback=product%2Fdetail%2Fdeco-maison-ds-2539726 HTTP/1.1" 404 1251 "-" "Mozilla/5.0 (Linux; Android 6.0.1; Nexus 5X Build/MMB29P) AppleWebKit/537.36 (KHTML, like Gecko) Chrome/137.0.7151.103 Mobile Safari/537.36 (compatible; Googlebot/2.1; +http://www.google.com/bot.html)"
66.249.68.137 - - [13/Jul/2025:11:13:27 -0400] "GET /items/yqqwl272/15665?key=farm HTTP/1.1" 404 1251 "-" "Mozilla/5.0 (compatible; Googlebot/2.1; +http://www.google.com/bot.html)"
47.82.60.7 - - [13/Jul/2025:11:13:35 -0400] "GET /wp-includes/class-oembed.php HTTP/1.1" 403 1242 "https://first-gulf.com.sa/wp-includes/class-oembed.php" "Mozilla/5.0 (Windows NT 10.0; Win64; x64) AppleWebKit/537.36 (KHTML, like Gecko) Chrome/114.0.0.0 Safari/537.36 Edg/114.0.1823.43"
66.249.68.129 - - [13/Jul/2025:11:14:07 -0400] "GET /items/039059649.html?srsltid=AfmBOocecWveyiKRtoSVQ7qxAgBLKIGufaIxjTdWeuoXmhZERdEM HTTP/1.1" 404 1251 "-" "Mozilla/5.0 (compatible; Googlebot/2.1; +http://www.google.com/bot.html)"
66.249.68.128 - - [13/Jul/2025:11:14:16 -0400] "GET /items/066017294.html?srsltid=AfmBOowlyhasXwBGPJSmHb8hAWERtKOfghyQ7JDDIERlKWfYcZjx HTTP/1.1" 404 1251 "-" "Mozilla/5.0 (compatible; Googlebot/2.1; +http://www.google.com/bot.html)"
47.82.60.10 - - [13/Jul/2025:11:14:16 -0400] "GET /pcmypage?callback=product/detail/re-vida-07-6395632-black HTTP/1.1" 404 1251 "https://first-gulf.com.sa/pcmypage?callback=product%2Fdetail%2Fre-vida-07-6395632-black" "Mozilla/5.0 (Windows NT 10.0; Win64; x64) AppleWebKit/537.36 (KHTML, like Gecko) Chrome/114.0.0.0 Safari/537.36 Edg/114.0.1823.43"
47.82.60.54 - - [13/Jul/2025:11:14:19 -0400] "GET /wp-includes/class-wp-textdomain-registry.php HTTP/1.1" 403 1242 "https://first-gulf.com.sa/wp-includes/class-wp-textdomain-registry.php" "Mozilla/5.0 (Windows NT 10.0; Win64; x64) AppleWebKit/537.36 (KHTML, like Gecko) Chrome/114.0.0.0 Safari/537.36 Edg/114.0.1823.43"
66.249.68.137 - - [13/Jul/2025:11:14:24 -0400] "GET /pcmypage?callback=product%2Fdetail%2Fhaikanshop-kk-ea525m-2 HTTP/1.1" 404 1251 "-" "Mozilla/5.0 (Linux; Android 6.0.1; Nexus 5X Build/MMB29P) AppleWebKit/537.36 (KHTML, like Gecko) Chrome/137.0.7151.103 Mobile Safari/537.36 (compatible; Googlebot/2.1; +http://www.google.com/bot.html)"
66.249.68.137 - - [13/Jul/2025:11:14:24 -0400] "GET /items/213045451.html?srsltid=AfmBOownzDZyzgSeIjnTRKNGZAyDEoLUz7DViuYqxwNRknVzpzBy HTTP/1.1" 404 1251 "-" "Mozilla/5.0 (Linux; Android 6.0.1; Nexus 5X Build/MMB29P) AppleWebKit/537.36 (KHTML, like Gecko) Chrome/137.0.7151.103 Mobile Safari/537.36 (compatible; Googlebot/2.1; +http://www.google.com/bot.html)"
66.249.68.137 - - [13/Jul/2025:11:14:25 -0400] "GET /items/034000808.html?srsltid=AfmBOorqlZUinRoJlqsgkhGcMPcveClOhIdrymrBZ8EnGgT9Kwjq HTTP/1.1" 404 1251 "-" "Mozilla/5.0 (Linux; Android 6.0.1; Nexus 5X Build/MMB29P) AppleWebKit/537.36 (KHTML, like Gecko) Chrome/137.0.7151.103 Mobile Safari/537.36 (compatible; Googlebot/2.1; +http://www.google.com/bot.html)"
66.249.68.137 - - [13/Jul/2025:11:14:25 -0400] "GET /items/sbsfo224/46143?key=announce HTTP/1.1" 404 1251 "-" "Mozilla/5.0 (Linux; Android 6.0.1; Nexus 5X Build/MMB29P) AppleWebKit/537.36 (KHTML, like Gecko) Chrome/137.0.7151.103 Mobile Safari/537.36 (compatible; Googlebot/2.1; +http://www.google.com/bot.html)"
69.197.135.226 - - [13/Jul/2025:11:14:27 -0400] "GET /wp-content/install.php HTTP/1.1" 404 1251 "https://first-gulf.com.sa/wp-content/install.php" "Mozilla/5.0 (Windows NT 10.0; Win64; x64) AppleWebKit/537.36 (KHTML, like Gecko) Chrome/58.0.3029.110 Safari/537.3"
66.249.68.137 - - [13/Jul/2025:11:14:31 -0400] "GET /search?category=812&search_word= HTTP/1.1" 404 1251 "-" "Mozilla/5.0 (Linux; Android 6.0.1; Nexus 5X Build/MMB29P) AppleWebKit/537.36 (KHTML, like Gecko) Chrome/137.0.7151.103 Mobile Safari/537.36 (compatible; Googlebot/2.1; +http://www.google.com/bot.html)"
47.82.60.6 - - [13/Jul/2025:11:14:39 -0400] "GET /wp-includes/class-wp-http-cookie.php HTTP/1.1" 403 1242 "https://first-gulf.com.sa/wp-includes/class-wp-http-cookie.php" "Mozilla/5.0 (Windows NT 10.0; Win64; x64) AppleWebKit/537.36 (KHTML, like Gecko) Chrome/114.0.0.0 Safari/537.36 Edg/114.0.1823.43"
66.249.79.195 - - [13/Jul/2025:11:14:46 -0400] "GET /items/zrxqm185/39966?key=candle HTTP/1.1" 404 1251 "-" "Mozilla/5.0 (compatible; Googlebot/2.1; +http://www.google.com/bot.html)"
66.249.68.137 - - [13/Jul/2025:11:14:56 -0400] "GET /items/194034216.html?srsltid=AfmBOojtzjgZHvyCbwwfnv3eKXSoNzVVOUhdKE4nvWMAJY5LGX5J HTTP/1.1" 404 1251 "-" "Mozilla/5.0 (Linux; Android 6.0.1; Nexus 5X Build/MMB29P) AppleWebKit/537.36 (KHTML, like Gecko) Chrome/137.0.7151.103 Mobile Safari/537.36 (compatible; Googlebot/2.1; +http://www.google.com/bot.html)"
66.249.79.194 - - [13/Jul/2025:11:15:07 -0400] "GET /items/086035928.html?srsltid=AfmBOorlyUjhWbRmcrlE7VNoAVJCSBlbe4Nnjqpeaog6pFiSLatk HTTP/1.1" 404 1251 "-" "Mozilla/5.0 (compatible; Googlebot/2.1; +http://www.google.com/bot.html)"
66.249.79.196 - - [13/Jul/2025:11:15:11 -0400] "GET /items/042002414.html?srsltid=AfmBOozieuZwFMxnYhsTW7WJAnexgTrpZv5kVYRcjCWsgj5PwEa5 HTTP/1.1" 404 1251 "-" "Mozilla/5.0 (Linux; Android 6.0.1; Nexus 5X Build/MMB29P) AppleWebKit/537.36 (KHTML, like Gecko) Chrome/137.0.7151.103 Mobile Safari/537.36 (compatible; Googlebot/2.1; +http://www.google.com/bot.html)"
66.249.68.129 - - [13/Jul/2025:11:15:24 -0400] "GET /items/050000666.html?srsltid=AfmBOopglReJRUPiXytdrfjuLHsvrWVaAx4Zqzv4uL28Y5kGseVw HTTP/1.1" 404 1251 "-" "Mozilla/5.0 (Linux; Android 6.0.1; Nexus 5X Build/MMB29P) AppleWebKit/537.36 (KHTML, like Gecko) Chrome/137.0.7151.103 Mobile Safari/537.36 (compatible; Googlebot/2.1; +http://www.google.com/bot.html)"
66.249.68.137 - - [13/Jul/2025:11:15:27 -0400] "GET /items/suzde245/35914?key=metropolitan HTTP/1.1" 404 1251 "-" "Mozilla/5.0 (compatible; Googlebot/2.1; +http://www.google.com/bot.html)"
66.249.68.137 - - [13/Jul/2025:11:15:30 -0400] "GET /items/ixsls8/459?key=holiday HTTP/1.1" 404 1251 "-" "Mozilla/5.0 (compatible; Googlebot/2.1; +http://www.google.com/bot.html)"
66.249.79.195 - - [13/Jul/2025:11:15:31 -0400] "GET /pcmypage?callback=product/review/golfdo-official-21360122501145549001 HTTP/1.1" 404 1251 "-" "Mozilla/5.0 (compatible; Googlebot/2.1; +http://www.google.com/bot.html)"
66.249.79.194 - - [13/Jul/2025:11:15:41 -0400] "GET /pcmypage?callback=product%2Fdetail%2Fhokushinco-10760778 HTTP/1.1" 404 1251 "-" "Mozilla/5.0 (compatible; Googlebot/2.1; +http://www.google.com/bot.html)"
66.249.68.137 - - [13/Jul/2025:11:15:57 -0400] "GET /pcmypage?callback=product%2Fdetail%2Ftokeiband-dw-6900td-4 HTTP/1.1" 404 1251 "-" "Mozilla/5.0 (Linux; Android 6.0.1; Nexus 5X Build/MMB29P) AppleWebKit/537.36 (KHTML, like Gecko) Chrome/137.0.7151.103 Mobile Safari/537.36 (compatible; Googlebot/2.1; +http://www.google.com/bot.html)"
66.249.79.194 - - [13/Jul/2025:11:16:06 -0400] "GET /search.php?pcmypage?callback=/product%2Fdetail*-fitness-msc2119r HTTP/1.1" 404 1251 "-" "Mozilla/5.0 (compatible; Googlebot/2.1; +http://www.google.com/bot.html)"
66.249.68.129 - - [13/Jul/2025:11:16:18 -0400] "GET /items/xflej167/40594?key=hers HTTP/1.1" 404 1251 "-" "Mozilla/5.0 (compatible; Googlebot/2.1; +http://www.google.com/bot.html)"
66.249.68.137 - - [13/Jul/2025:11:16:40 -0400] "GET /items/ynjev17/19912?key=copy HTTP/1.1" 404 1251 "-" "Mozilla/5.0 (Linux; Android 6.0.1; Nexus 5X Build/MMB29P) AppleWebKit/537.36 (KHTML, like Gecko) Chrome/137.0.7151.103 Mobile Safari/537.36 (compatible; Googlebot/2.1; +http://www.google.com/bot.html)"
66.29.146.47 - - [13/Jul/2025:11:17:08 -0400] "POST /wp-cron.php?doing_wp_cron=1752419828.3392050266265869140625 HTTP/1.1" 403 1242 "-" "WordPress/6.8; https://first-gulf.com.sa"
196.251.84.106 - - [13/Jul/2025:11:17:00 -0400] "POST /wp-login.php HTTP/1.1" 200 2988 "-" "Mozilla/5.0"
66.249.68.129 - - [13/Jul/2025:11:17:18 -0400] "GET /pcmypage?callback=product/review/kentikuboy-10141779 HTTP/1.1" 404 1251 "-" "Mozilla/5.0 (compatible; Googlebot/2.1; +http://www.google.com/bot.html)"
66.249.68.128 - - [13/Jul/2025:11:17:18 -0400] "GET /pcmypage?callback=product/review/kentikuboy-10141779 HTTP/1.1" 404 1251 "-" "Mozilla/5.0 (Linux; Android 6.0.1; Nexus 5X Build/MMB29P) AppleWebKit/537.36 (KHTML, like Gecko) Chrome/137.0.7151.103 Mobile Safari/537.36 (compatible; Googlebot/2.1; +http://www.google.com/bot.html)"
66.249.68.128 - - [13/Jul/2025:11:17:29 -0400] "GET /items/zomxm296/45829?key=melt HTTP/1.1" 404 1251 "-" "Mozilla/5.0 (Linux; Android 6.0.1; Nexus 5X Build/MMB29P) AppleWebKit/537.36 (KHTML, like Gecko) Chrome/137.0.7151.103 Mobile Safari/537.36 (compatible; Googlebot/2.1; +http://www.google.com/bot.html)"
66.249.68.128 - - [13/Jul/2025:11:17:30 -0400] "GET /items/qukfu71/1692?key=today HTTP/1.1" 404 1251 "-" "Mozilla/5.0 (Linux; Android 6.0.1; Nexus 5X Build/MMB29P) AppleWebKit/537.36 (KHTML, like Gecko) Chrome/137.0.7151.103 Mobile Safari/537.36 (compatible; Googlebot/2.1; +http://www.google.com/bot.html)"
66.249.68.137 - - [13/Jul/2025:11:17:30 -0400] "GET /pcmypage?callback=/product%2Fdetail%2haikanshop-8080069 HTTP/1.1" 404 1251 "-" "Mozilla/5.0 (Linux; Android 6.0.1; Nexus 5X Build/MMB29P) AppleWebKit/537.36 (KHTML, like Gecko) Chrome/137.0.7151.103 Mobile Safari/537.36 (compatible; Googlebot/2.1; +http://www.google.com/bot.html)"
66.249.79.194 - - [13/Jul/2025:11:17:31 -0400] "GET /items/ixuoo23/31198?key=figure HTTP/1.1" 404 1251 "-" "Mozilla/5.0 (Linux; Android 6.0.1; Nexus 5X Build/MMB29P) AppleWebKit/537.36 (KHTML, like Gecko) Chrome/137.0.7151.103 Mobile Safari/537.36 (compatible; Googlebot/2.1; +http://www.google.com/bot.html)"
66.249.68.137 - - [13/Jul/2025:11:17:31 -0400] "GET /product/edit/tuzukiya-a28-40358 HTTP/1.1" 404 1251 "-" "Mozilla/5.0 (Linux; Android 6.0.1; Nexus 5X Build/MMB29P) AppleWebKit/537.36 (KHTML, like Gecko) Chrome/137.0.7151.103 Mobile Safari/537.36 (compatible; Googlebot/2.1; +http://www.google.com/bot.html)"
66.249.79.194 - - [13/Jul/2025:11:17:49 -0400] "GET /zhHant/product/surugaya/f105252-ora-09_chm-450101?campaign_uid=f64d716db5e979ed2f947dbaf4296895b951ae7f HTTP/1.1" 404 1251 "-" "Mozilla/5.0 (compatible; Googlebot/2.1; +http://www.google.com/bot.html)"
66.249.68.129 - - [13/Jul/2025:11:17:51 -0400] "GET /items/zycua87/4812?key=help HTTP/1.1" 404 1251 "-" "Mozilla/5.0 (Linux; Android 6.0.1; Nexus 5X Build/MMB29P) AppleWebKit/537.36 (KHTML, like Gecko) Chrome/137.0.7151.103 Mobile Safari/537.36 (compatible; Googlebot/2.1; +http://www.google.com/bot.html)"
66.249.68.129 - - [13/Jul/2025:11:17:59 -0400] "GET /items/egvtu69/41046?key=steer HTTP/1.1" 404 1251 "-" "Mozilla/5.0 (Linux; Android 6.0.1; Nexus 5X Build/MMB29P) AppleWebKit/537.36 (KHTML, like Gecko) Chrome/137.0.7151.103 Mobile Safari/537.36 (compatible; Googlebot/2.1; +http://www.google.com/bot.html)"
66.249.68.130 - - [13/Jul/2025:11:18:06 -0400] "GET /items/yhqtq241/27434?key=literature HTTP/1.1" 404 1251 "-" "Mozilla/5.0 (Linux; Android 6.0.1; Nexus 5X Build/MMB29P) AppleWebKit/537.36 (KHTML, like Gecko) Chrome/137.0.7151.103 Mobile Safari/537.36 (compatible; Googlebot/2.1; +http://www.google.com/bot.html)"
66.249.68.129 - - [13/Jul/2025:11:18:09 -0400] "GET /items/017018955.html?srsltid=AfmBOowbgLDZGbnqeyndZWvdSJdkfDIkaDeuZUSWNb9bP6OkzObM HTTP/1.1" 404 1251 "-" "Mozilla/5.0 (compatible; Googlebot/2.1; +http://www.google.com/bot.html)"
66.249.79.196 - - [13/Jul/2025:11:18:15 -0400] "GET /pcmypage?callback=product%2Fdetail%2Fhcvalor-eshop-trusco-5187052 HTTP/1.1" 404 1251 "-" "Mozilla/5.0 (compatible; Googlebot/2.1; +http://www.google.com/bot.html)"
66.249.79.194 - - [13/Jul/2025:11:18:23 -0400] "GET /pcmypage?callback=product%2Fdetail%2Flbreath-108233015011 HTTP/1.1" 404 1251 "-" "Mozilla/5.0 (compatible; Googlebot/2.1; +http://www.google.com/bot.html)"
66.249.79.194 - - [13/Jul/2025:11:18:32 -0400] "GET /pcmypage?callback=product%2Fdetail%2Fauc-palca-wp-a312-3 HTTP/1.1" 404 1251 "-" "Mozilla/5.0 (Linux; Android 6.0.1; Nexus 5X Build/MMB29P) AppleWebKit/537.36 (KHTML, like Gecko) Chrome/137.0.7151.119 Mobile Safari/537.36 (compatible; Googlebot/2.1; +http://www.google.com/bot.html)"
66.249.68.129 - - [13/Jul/2025:11:18:34 -0400] "GET /items/dfksz16/10801?key=personality HTTP/1.1" 404 1251 "-" "Mozilla/5.0 (Linux; Android 6.0.1; Nexus 5X Build/MMB29P) AppleWebKit/537.36 (KHTML, like Gecko) Chrome/137.0.7151.103 Mobile Safari/537.36 (compatible; Googlebot/2.1; +http://www.google.com/bot.html)"
66.249.68.129 - - [13/Jul/2025:11:18:34 -0400] "GET /items/dfksz16/10801?key=personality HTTP/1.1" 404 1251 "-" "Mozilla/5.0 (compatible; Googlebot/2.1; +http://www.google.com/bot.html)"
66.249.68.129 - - [13/Jul/2025:11:18:44 -0400] "GET /items/vxuyh88/11609?key=AIDS HTTP/1.1" 404 1251 "-" "Mozilla/5.0 (Linux; Android 6.0.1; Nexus 5X Build/MMB29P) AppleWebKit/537.36 (KHTML, like Gecko) Chrome/137.0.7151.103 Mobile Safari/537.36 (compatible; Googlebot/2.1; +http://www.google.com/bot.html)"
66.249.68.131 - - [13/Jul/2025:11:19:09 -0400] "GET /items/lpigq266/42663?key=nice HTTP/1.1" 404 1251 "-" "Mozilla/5.0 (compatible; Googlebot/2.1; +http://www.google.com/bot.html)"
66.249.68.130 - - [13/Jul/2025:11:19:23 -0400] "GET /items/fdlvt190/335?key=boyfriend HTTP/1.1" 404 1251 "-" "Mozilla/5.0 (Linux; Android 6.0.1; Nexus 5X Build/MMB29P) AppleWebKit/537.36 (KHTML, like Gecko) Chrome/137.0.7151.103 Mobile Safari/537.36 (compatible; Googlebot/2.1; +http://www.google.com/bot.html)"
66.249.79.195 - - [13/Jul/2025:11:19:24 -0400] "GET /pcmypage?callback=product%2Fdetail%2Fguruguru2-zmaz-5971 HTTP/1.1" 404 1251 "-" "Mozilla/5.0 (Linux; Android 6.0.1; Nexus 5X Build/MMB29P) AppleWebKit/537.36 (KHTML, like Gecko) Chrome/137.0.7151.103 Mobile Safari/537.36 (compatible; Googlebot/2.1; +http://www.google.com/bot.html)"
66.249.68.129 - - [13/Jul/2025:11:19:25 -0400] "GET /items/kxpwp164/9473?key=boy HTTP/1.1" 404 1251 "-" "Mozilla/5.0 (compatible; Googlebot/2.1; +http://www.google.com/bot.html)"
66.249.79.194 - - [13/Jul/2025:11:19:29 -0400] "GET /pcmypage?callback=product/review/first34-trusco-4453555 HTTP/1.1" 404 1251 "-" "Mozilla/5.0 (compatible; Googlebot/2.1; +http://www.google.com/bot.html)"
66.249.79.194 - - [13/Jul/2025:11:19:40 -0400] "GET /items/210043920.html?srsltid=AfmBOozdeNIeplfAiFOwteXmEDdWzkYEq3Gf7qzLLXjR9ZxJNIUo HTTP/1.1" 404 1251 "-" "Mozilla/5.0 (compatible; Googlebot/2.1; +http://www.google.com/bot.html)"
66.249.79.194 - - [13/Jul/2025:11:19:40 -0400] "GET /items/210043920.html?srsltid=AfmBOozdeNIeplfAiFOwteXmEDdWzkYEq3Gf7qzLLXjR9ZxJNIUo HTTP/1.1" 404 1251 "-" "Mozilla/5.0 (Linux; Android 6.0.1; Nexus 5X Build/MMB29P) AppleWebKit/537.36 (KHTML, like Gecko) Chrome/137.0.7151.103 Mobile Safari/537.36 (compatible; Googlebot/2.1; +http://www.google.com/bot.html)"
66.249.79.194 - - [13/Jul/2025:11:19:43 -0400] "GET /pcmypage?callback=product%2Fdetail%2Frcmdse-tm-970723 HTTP/1.1" 404 1251 "-" "Mozilla/5.0 (compatible; Googlebot/2.1; +http://www.google.com/bot.html)"
66.249.79.194 - - [13/Jul/2025:11:19:45 -0400] "GET /items/126048964.html?srsltid=AfmBOoiqrEpzOPptLiQP5Oc9DPEvsywR7ZDbdfBLMNSJw5FoVKpn HTTP/1.1" 404 1251 "-" "Mozilla/5.0 (compatible; Googlebot/2.1; +http://www.google.com/bot.html)"
66.249.68.129 - - [13/Jul/2025:11:19:47 -0400] "GET /items/285012073.html?srsltid=AfmBOohmhRGLMnIYAbDUNpZPEkVdUTofywLvUMV8keY4tDAMt79a HTTP/1.1" 404 1251 "-" "Mozilla/5.0 (compatible; Googlebot/2.1; +http://www.google.com/bot.html)"
66.249.68.129 - - [13/Jul/2025:11:19:47 -0400] "GET /items/285012073.html?srsltid=AfmBOohmhRGLMnIYAbDUNpZPEkVdUTofywLvUMV8keY4tDAMt79a HTTP/1.1" 404 1251 "-" "Mozilla/5.0 (Linux; Android 6.0.1; Nexus 5X Build/MMB29P) AppleWebKit/537.36 (KHTML, like Gecko) Chrome/137.0.7151.103 Mobile Safari/537.36 (compatible; Googlebot/2.1; +http://www.google.com/bot.html)"
66.249.79.194 - - [13/Jul/2025:11:19:53 -0400] "GET /items/005001121.html?srsltid=AfmBOouljOaJBduUpGKXYn7VVLgzeIYjr0i5UeFweD7JTFTVVlah HTTP/1.1" 404 1251 "-" "Mozilla/5.0 (compatible; Googlebot/2.1; +http://www.google.com/bot.html)"
66.249.79.195 - - [13/Jul/2025:11:20:01 -0400] "GET /search.php?fashion/trash78/s5ncw-346/ HTTP/1.1" 404 1251 "-" "Mozilla/5.0 (Linux; Android 6.0.1; Nexus 5X Build/MMB29P) AppleWebKit/537.36 (KHTML, like Gecko) Chrome/137.0.7151.103 Mobile Safari/537.36 (compatible; Googlebot/2.1; +http://www.google.com/bot.html)"
66.249.79.196 - - [13/Jul/2025:11:20:02 -0400] "GET /search.php?fashion/trash78/s5ncw-346/ HTTP/1.1" 404 1251 "-" "Mozilla/5.0 (compatible; Googlebot/2.1; +http://www.google.com/bot.html)"
66.249.68.130 - - [13/Jul/2025:11:20:21 -0400] "GET /items/004044638.html?srsltid=AfmBOozxnbfoiosroiJEMefMSXCYaCXGhyGQ9MTt44EVbfwZhj6h HTTP/1.1" 404 1251 "-" "Mozilla/5.0 (Linux; Android 6.0.1; Nexus 5X Build/MMB29P) AppleWebKit/537.36 (KHTML, like Gecko) Chrome/137.0.7151.119 Mobile Safari/537.36 (compatible; Googlebot/2.1; +http://www.google.com/bot.html)"
66.249.68.129 - - [13/Jul/2025:11:20:30 -0400] "GET /items/yrjdy283/2678?key=vendor HTTP/1.1" 404 1251 "-" "Mozilla/5.0 (Linux; Android 6.0.1; Nexus 5X Build/MMB29P) AppleWebKit/537.36 (KHTML, like Gecko) Chrome/137.0.7151.103 Mobile Safari/537.36 (compatible; Googlebot/2.1; +http://www.google.com/bot.html)"
66.249.68.129 - - [13/Jul/2025:11:20:49 -0400] "GET /items/jhcjp290/40589?key=float HTTP/1.1" 404 1251 "-" "Mozilla/5.0 (compatible; Googlebot/2.1; +http://www.google.com/bot.html)"
47.82.60.40 - - [13/Jul/2025:11:20:54 -0400] "GET /items/ciocz211/42742?key=community HTTP/1.1" 404 1251 "https://first-gulf.com.sa/items/ciocz211/42742?key=community" "Mozilla/5.0 (Windows NT 10.0; Win64; x64) AppleWebKit/537.36 (KHTML, like Gecko) Chrome/114.0.0.0 Safari/537.36 Edg/114.0.1823.43"
52.167.144.25 - - [13/Jul/2025:11:21:02 -0400] "GET /q14blushie2/rrcvsv987681.html HTTP/1.1" 404 1251 "-" "Mozilla/5.0 AppleWebKit/537.36 (KHTML, like Gecko; compatible; bingbot/2.0; +http://www.bing.com/bingbot.htm) Chrome/116.0.1938.76 Safari/537.36"
66.249.68.130 - - [13/Jul/2025:11:21:07 -0400] "GET /items/137027879.html?srsltid=AfmBOolynlTchZKWizmnq2cpWgZXjsrwqz3vMIVL8BGF2odBMKp9 HTTP/1.1" 404 1251 "-" "Mozilla/5.0 (Linux; Android 6.0.1; Nexus 5X Build/MMB29P) AppleWebKit/537.36 (KHTML, like Gecko) Chrome/137.0.7151.103 Mobile Safari/537.36 (compatible; Googlebot/2.1; +http://www.google.com/bot.html)"
66.249.79.194 - - [13/Jul/2025:11:21:11 -0400] "GET /pcmypage?callback=product/review/valuecare-valuecare-4-5612-04 HTTP/1.1" 404 1251 "-" "Mozilla/5.0 (compatible; Googlebot/2.1; +http://www.google.com/bot.html)"
66.29.146.47 - - [13/Jul/2025:11:21:13 -0400] "POST /wp-cron.php?doing_wp_cron=1752420072.5509040355682373046875 HTTP/1.1" 403 1242 "-" "WordPress/6.8; https://first-gulf.com.sa"
205.185.121.21 - - [13/Jul/2025:11:20:54 -0400] "GET /wp-login.php HTTP/1.1" 200 2854 "-" "Mozilla/5.0 (Windows NT 6.1) AppleWebKit/537.36 (KHTML, like Gecko) Chrome/36.0.1985.143 Safari/537.36"
66.249.68.130 - - [13/Jul/2025:11:21:17 -0400] "GET /items/165007003.html?srsltid=AfmBOouzaZftRTXYjIOhQz1ERzMmywVF7aIJKw6P8Nx5L1rDxS12 HTTP/1.1" 404 1251 "-" "Mozilla/5.0 (compatible; Googlebot/2.1; +http://www.google.com/bot.html)"
205.185.121.21 - - [13/Jul/2025:11:21:19 -0400] "POST /wp-login.php HTTP/1.1" 200 3008 "-" "Mozilla/5.0 (Windows NT 6.1) AppleWebKit/537.36 (KHTML, like Gecko) Chrome/36.0.1985.143 Safari/537.36"
66.249.79.195 - - [13/Jul/2025:11:21:33 -0400] "GET /items/zbimh97/604?key=exceed HTTP/1.1" 404 1251 "-" "Mozilla/5.0 (compatible; Googlebot/2.1; +http://www.google.com/bot.html)"
66.249.79.194 - - [13/Jul/2025:11:21:40 -0400] "GET /items/221005007.html?srsltid=AfmBOobsbeLKWiZIEsPghndqKCnVsNxb8AFuThIy4WJikn0t49Jz HTTP/1.1" 404 1251 "-" "Mozilla/5.0 (compatible; Googlebot/2.1; +http://www.google.com/bot.html)"
66.249.68.129 - - [13/Jul/2025:11:21:45 -0400] "GET /items/kmcae216/47081?key=lonely HTTP/1.1" 404 1251 "-" "Mozilla/5.0 (Linux; Android 6.0.1; Nexus 5X Build/MMB29P) AppleWebKit/537.36 (KHTML, like Gecko) Chrome/137.0.7151.103 Mobile Safari/537.36 (compatible; Googlebot/2.1; +http://www.google.com/bot.html)"
66.249.68.129 - - [13/Jul/2025:11:21:45 -0400] "GET /pcmypage?callback=product%2Fdetail%2Fsweetrag-696839684af072ef HTTP/1.1" 404 1251 "-" "Mozilla/5.0 (Linux; Android 6.0.1; Nexus 5X Build/MMB29P) AppleWebKit/537.36 (KHTML, like Gecko) Chrome/137.0.7151.103 Mobile Safari/537.36 (compatible; Googlebot/2.1; +http://www.google.com/bot.html)"
208.110.64.178 - - [13/Jul/2025:11:21:48 -0400] "GET /wp-content/install.php HTTP/1.1" 404 1251 "https://first-gulf.com.sa/wp-content/install.php" "Mozilla/5.0 (Windows NT 10.0; Win64; x64) AppleWebKit/537.36 (KHTML, like Gecko) Chrome/58.0.3029.110 Safari/537.3"
66.249.79.194 - - [13/Jul/2025:11:21:52 -0400] "GET /pcmypage?callback=product/review/stok-9795217096997-1 HTTP/1.1" 404 1251 "-" "Mozilla/5.0 (Linux; Android 6.0.1; Nexus 5X Build/MMB29P) AppleWebKit/537.36 (KHTML, like Gecko) Chrome/137.0.7151.103 Mobile Safari/537.36 (compatible; Googlebot/2.1; +http://www.google.com/bot.html)"
66.249.68.131 - - [13/Jul/2025:11:22:02 -0400] "GET /items/zevcr136/3827?key=profile HTTP/1.1" 404 1251 "-" "Mozilla/5.0 (compatible; Googlebot/2.1; +http://www.google.com/bot.html)"
66.249.68.129 - - [13/Jul/2025:11:22:10 -0400] "GET /product/edit/florence-ashiya-10029633-2 HTTP/1.1" 404 1251 "-" "Mozilla/5.0 (Linux; Android 6.0.1; Nexus 5X Build/MMB29P) AppleWebKit/537.36 (KHTML, like Gecko) Chrome/137.0.7151.103 Mobile Safari/537.36 (compatible; Googlebot/2.1; +http://www.google.com/bot.html)"
66.249.68.129 - - [13/Jul/2025:11:22:15 -0400] "GET /product/edit/cocohouse-b01el7pe3a HTTP/1.1" 404 1251 "-" "Mozilla/5.0 (Linux; Android 6.0.1; Nexus 5X Build/MMB29P) AppleWebKit/537.36 (KHTML, like Gecko) Chrome/137.0.7151.103 Mobile Safari/537.36 (compatible; Googlebot/2.1; +http://www.google.com/bot.html)"
47.82.60.58 - - [13/Jul/2025:11:22:16 -0400] "GET /items/066000862.html HTTP/1.1" 404 1251 "https://first-gulf.com.sa/items/066000862.html" "Mozilla/5.0 (Windows NT 10.0; Win64; x64) AppleWebKit/537.36 (KHTML, like Gecko) Chrome/114.0.0.0 Safari/537.36 Edg/114.0.1823.43"
47.82.60.26 - - [13/Jul/2025:11:22:30 -0400] "GET /wp-includes/theme-templates.php HTTP/1.1" 403 1242 "https://first-gulf.com.sa/wp-includes/theme-templates.php" "Mozilla/5.0 (Windows NT 10.0; Win64; x64) AppleWebKit/537.36 (KHTML, like Gecko) Chrome/114.0.0.0 Safari/537.36 Edg/114.0.1823.43"
66.249.68.129 - - [13/Jul/2025:11:22:32 -0400] "GET /product/edit/asty-shop-c2-2f5hzrm7bt-5qva HTTP/1.1" 404 1251 "-" "Mozilla/5.0 (Linux; Android 6.0.1; Nexus 5X Build/MMB29P) AppleWebKit/537.36 (KHTML, like Gecko) Chrome/137.0.7151.119 Mobile Safari/537.36 (compatible; Googlebot/2.1; +http://www.google.com/bot.html)"
47.82.60.17 - - [13/Jul/2025:11:22:35 -0400] "GET /pcmypage?callback=product/review/honkeya-33008201-040105041-1 HTTP/1.1" 404 1251 "https://www.first-gulf.com.sa/pcmypage?callback=product/review/honkeya-33008201-040105041-1" "Mozilla/5.0 (Windows NT 10.0; Win64; x64) AppleWebKit/537.36 (KHTML, like Gecko) Chrome/114.0.0.0 Safari/537.36 Edg/114.0.1823.43"
66.249.68.129 - - [13/Jul/2025:11:22:38 -0400] "GET /pcmypage?callback=product%2Fdetail%2Fskymarketplus-b01hkpbmx6 HTTP/1.1" 404 1251 "-" "Mozilla/5.0 (Linux; Android 6.0.1; Nexus 5X Build/MMB29P) AppleWebKit/537.36 (KHTML, like Gecko) Chrome/137.0.7151.103 Mobile Safari/537.36 (compatible; Googlebot/2.1; +http://www.google.com/bot.html)"
66.249.68.129 - - [13/Jul/2025:11:22:38 -0400] "GET /pcmypage?callback=product%2Fdetail%2Fskymarketplus-b01hkpbmx6 HTTP/1.1" 404 1251 "-" "Mozilla/5.0 (compatible; Googlebot/2.1; +http://www.google.com/bot.html)"
66.249.68.129 - - [13/Jul/2025:11:22:48 -0400] "GET /items/207037485.html?srsltid=AfmBOopnnBGEPHCLWVgDPr3QVeNRLAGnb7FJnxD9iV9C2AyNMGaz HTTP/1.1" 404 1251 "-" "Mozilla/5.0 (compatible; Googlebot/2.1; +http://www.google.com/bot.html)"
66.249.68.129 - - [13/Jul/2025:11:22:49 -0400] "GET /items/105032345.html?srsltid=AfmBOoaipuRefOxSdPWDymhuZeTWQyBae0EeMyBmNmQrIPDNC5u6 HTTP/1.1" 404 1251 "-" "Mozilla/5.0 (Linux; Android 6.0.1; Nexus 5X Build/MMB29P) AppleWebKit/537.36 (KHTML, like Gecko) Chrome/137.0.7151.103 Mobile Safari/537.36 (compatible; Googlebot/2.1; +http://www.google.com/bot.html)"
66.249.68.129 - - [13/Jul/2025:11:22:49 -0400] "GET /items/105032345.html?srsltid=AfmBOoaipuRefOxSdPWDymhuZeTWQyBae0EeMyBmNmQrIPDNC5u6 HTTP/1.1" 404 1251 "-" "Mozilla/5.0 (compatible; Googlebot/2.1; +http://www.google.com/bot.html)"
66.249.68.129 - - [13/Jul/2025:11:22:57 -0400] "GET /items/dgdsg5/26?key=cottage HTTP/1.1" 404 1251 "-" "Mozilla/5.0 (Linux; Android 6.0.1; Nexus 5X Build/MMB29P) AppleWebKit/537.36 (KHTML, like Gecko) Chrome/137.0.7151.103 Mobile Safari/537.36 (compatible; Googlebot/2.1; +http://www.google.com/bot.html)"
