66.249.68.129 - - [13/Jul/2025:12:29:36 -0400] "GET /items/178002008.html?srsltid=AfmBOomdzAqSzthLStZiwfcQHvatRZaL25ygr9S14OgoK6LC6ir0 HTTP/1.1" 404 1251 "-" "Mozilla/5.0 (Linux; Android 6.0.1; Nexus 5X Build/MMB29P) AppleWebKit/537.36 (KHTML, like Gecko) Chrome/137.0.7151.103 Mobile Safari/537.36 (compatible; Googlebot/2.1; +http://www.google.com/bot.html)"
66.249.68.129 - - [13/Jul/2025:12:29:39 -0400] "GET /items/197001813.html?srsltid=AfmBOojrzBwfzqBNXUzQOhyDWTKCyflT7LxyNpIrvgifd8yF1Amv HTTP/1.1" 404 1251 "-" "Mozilla/5.0 (Linux; Android 6.0.1; Nexus 5X Build/MMB29P) AppleWebKit/537.36 (KHTML, like Gecko) Chrome/137.0.7151.103 Mobile Safari/537.36 (compatible; Googlebot/2.1; +http://www.google.com/bot.html)"
66.249.79.195 - - [13/Jul/2025:12:30:01 -0400] "GET /pcmypage?callback=product%2Fdetail%2Fwagato-leet42301nxd9_40323wvb_toshiba HTTP/1.1" 404 1251 "-" "Mozilla/5.0 (compatible; Googlebot/2.1; +http://www.google.com/bot.html)"
66.249.79.196 - - [13/Jul/2025:12:30:03 -0400] "GET /items/blvqe224/27599?key=welfare HTTP/1.1" 404 1251 "-" "Mozilla/5.0 (Linux; Android 6.0.1; Nexus 5X Build/MMB29P) AppleWebKit/537.36 (KHTML, like Gecko) Chrome/137.0.7151.103 Mobile Safari/537.36 (compatible; Googlebot/2.1; +http://www.google.com/bot.html)"
47.82.60.51 - - [13/Jul/2025:12:30:06 -0400] "GET /items/014044176.html HTTP/1.1" 404 1251 "https://first-gulf.com.sa/items/014044176.html" "Mozilla/5.0 (Windows NT 10.0; Win64; x64) AppleWebKit/537.36 (KHTML, like Gecko) Chrome/114.0.0.0 Safari/537.36 Edg/114.0.1823.43"
47.82.60.36 - - [13/Jul/2025:12:30:09 -0400] "GET /items/nuzqn68/9997?key=upset HTTP/1.1" 404 1251 "https://first-gulf.com.sa/items/nuzqn68/9997?key=upset" "Mozilla/5.0 (Windows NT 10.0; Win64; x64) AppleWebKit/537.36 (KHTML, like Gecko) Chrome/114.0.0.0 Safari/537.36 Edg/114.0.1823.43"
66.249.79.195 - - [13/Jul/2025:12:30:15 -0400] "GET /items/247007217.html?srsltid=AfmBOodmylTbnnJlOauVFLEeUCCzaLMt1tAEqY2geMWrjqmtGJjn HTTP/1.1" 404 1251 "-" "Mozilla/5.0 (Linux; Android 6.0.1; Nexus 5X Build/MMB29P) AppleWebKit/537.36 (KHTML, like Gecko) Chrome/137.0.7151.103 Mobile Safari/537.36 (compatible; Googlebot/2.1; +http://www.google.com/bot.html)"
20.171.207.142 - - [13/Jul/2025:12:30:19 -0400] "GET /?sitemap857.xml HTTP/1.1" 200 1436 "-" "Mozilla/5.0 AppleWebKit/537.36 (KHTML, like Gecko; compatible; GPTBot/1.2; +https://openai.com/gptbot)"
66.249.68.130 - - [13/Jul/2025:12:30:33 -0400] "GET /items/155032011.html?srsltid=AfmBOouyeDKhssmEREMGtULRQPPykGkKW795YyITnaFs32jEzt5Z HTTP/1.1" 404 1251 "-" "Mozilla/5.0 (compatible; Googlebot/2.1; +http://www.google.com/bot.html)"
66.249.68.130 - - [13/Jul/2025:12:30:38 -0400] "GET /items/jiewl104/41163?key=electronic HTTP/1.1" 404 1251 "-" "Mozilla/5.0 (Linux; Android 6.0.1; Nexus 5X Build/MMB29P) AppleWebKit/537.36 (KHTML, like Gecko) Chrome/137.0.7151.103 Mobile Safari/537.36 (compatible; Googlebot/2.1; +http://www.google.com/bot.html)"
66.249.68.129 - - [13/Jul/2025:12:30:40 -0400] "GET /items/097048851.html?srsltid=AfmBOobclQCkaqxJeCtyLsf0ZubDYsjFNBPXOplVKrSjjFumt2X9 HTTP/1.1" 404 1251 "-" "Mozilla/5.0 (Linux; Android 6.0.1; Nexus 5X Build/MMB29P) AppleWebKit/537.36 (KHTML, like Gecko) Chrome/137.0.7151.103 Mobile Safari/537.36 (compatible; Googlebot/2.1; +http://www.google.com/bot.html)"
66.249.68.130 - - [13/Jul/2025:12:30:40 -0400] "GET /items/097048851.html?srsltid=AfmBOobclQCkaqxJeCtyLsf0ZubDYsjFNBPXOplVKrSjjFumt2X9 HTTP/1.1" 404 1251 "-" "Mozilla/5.0 (compatible; Googlebot/2.1; +http://www.google.com/bot.html)"
66.249.68.129 - - [13/Jul/2025:12:30:42 -0400] "GET /items/232027668.html?srsltid=AfmBOotvlBTgJzIQfuEA7v1hCFYEazfU8EQl3Avg0Z3wHJpQqMyd HTTP/1.1" 404 1251 "-" "Mozilla/5.0 (Linux; Android 6.0.1; Nexus 5X Build/MMB29P) AppleWebKit/537.36 (KHTML, like Gecko) Chrome/137.0.7151.103 Mobile Safari/537.36 (compatible; Googlebot/2.1; +http://www.google.com/bot.html)"
20.171.207.142 - - [13/Jul/2025:12:31:00 -0400] "GET /?sitemap158.xml HTTP/1.1" 200 1436 "-" "Mozilla/5.0 AppleWebKit/537.36 (KHTML, like Gecko; compatible; GPTBot/1.2; +https://openai.com/gptbot)"
4.227.36.22 - - [13/Jul/2025:12:31:13 -0400] "GET /robots.txt HTTP/1.1" 304 0 "-" "Mozilla/5.0 AppleWebKit/537.36 (KHTML, like Gecko; compatible; GPTBot/1.2; +https://openai.com/gptbot)"
172.182.211.200 - - [13/Jul/2025:12:31:13 -0400] "GET /items/tnefd158/34085?key=opposite HTTP/1.1" 404 1251 "-" "Mozilla/5.0 (Macintosh; Intel Mac OS X 10_15_7) AppleWebKit/537.36 (KHTML, like Gecko) Chrome/131.0.0.0 Safari/537.36; compatible; OAI-SearchBot/1.0; +https://openai.com/searchbot"
47.82.60.53 - - [13/Jul/2025:12:31:20 -0400] "GET /items/lnrzp77/44174?key=politics HTTP/1.1" 404 1251 "https://first-gulf.com.sa/items/lnrzp77/44174?key=politics" "Mozilla/5.0 (Windows NT 10.0; Win64; x64) AppleWebKit/537.36 (KHTML, like Gecko) Chrome/114.0.0.0 Safari/537.36 Edg/114.0.1823.43"
66.249.68.131 - - [13/Jul/2025:12:31:23 -0400] "GET /items/snmuw71/2256?key=claim HTTP/1.1" 404 1251 "-" "Mozilla/5.0 (Linux; Android 6.0.1; Nexus 5X Build/MMB29P) AppleWebKit/537.36 (KHTML, like Gecko) Chrome/137.0.7151.103 Mobile Safari/537.36 (compatible; Googlebot/2.1; +http://www.google.com/bot.html)"
66.249.79.196 - - [13/Jul/2025:12:31:38 -0400] "GET /items/plueq51/1568?key=latter HTTP/1.1" 404 1251 "-" "Mozilla/5.0 (Linux; Android 6.0.1; Nexus 5X Build/MMB29P) AppleWebKit/537.36 (KHTML, like Gecko) Chrome/137.0.7151.103 Mobile Safari/537.36 (compatible; Googlebot/2.1; +http://www.google.com/bot.html)"
66.249.79.195 - - [13/Jul/2025:12:31:45 -0400] "GET /pcmypage?callback=product%2Fdetail%2Fcyberbay-ds-2311779 HTTP/1.1" 404 1251 "-" "Mozilla/5.0 (Linux; Android 6.0.1; Nexus 5X Build/MMB29P) AppleWebKit/537.36 (KHTML, like Gecko) Chrome/137.0.7151.103 Mobile Safari/537.36 (compatible; Googlebot/2.1; +http://www.google.com/bot.html)"
66.249.68.129 - - [13/Jul/2025:12:31:59 -0400] "GET /items/amfwh276/15161?key=wrong HTTP/1.1" 404 1251 "-" "Mozilla/5.0 (Linux; Android 6.0.1; Nexus 5X Build/MMB29P) AppleWebKit/537.36 (KHTML, like Gecko) Chrome/137.0.7151.103 Mobile Safari/537.36 (compatible; Googlebot/2.1; +http://www.google.com/bot.html)"
47.82.60.24 - - [13/Jul/2025:12:32:06 -0400] "GET /pcmypage?callback=product/detail/fujix-sizai-4525629341205-20 HTTP/1.1" 404 1251 "https://www.first-gulf.com.sa/pcmypage?callback=product%2Fdetail%2Ffujix-sizai-4525629341205-20" "Mozilla/5.0 (Windows NT 10.0; Win64; x64) AppleWebKit/537.36 (KHTML, like Gecko) Chrome/114.0.0.0 Safari/537.36 Edg/114.0.1823.43"
66.249.68.131 - - [13/Jul/2025:12:32:06 -0400] "GET /product/edit/honkeya-ds-2437495 HTTP/1.1" 404 1251 "-" "Mozilla/5.0 (Linux; Android 6.0.1; Nexus 5X Build/MMB29P) AppleWebKit/537.36 (KHTML, like Gecko) Chrome/137.0.7151.103 Mobile Safari/537.36 (compatible; Googlebot/2.1; +http://www.google.com/bot.html)"
20.171.207.142 - - [13/Jul/2025:12:32:11 -0400] "GET /?sitemap890.xml HTTP/1.1" 200 1436 "-" "Mozilla/5.0 AppleWebKit/537.36 (KHTML, like Gecko; compatible; GPTBot/1.2; +https://openai.com/gptbot)"
66.249.68.130 - - [13/Jul/2025:12:32:13 -0400] "GET /pcmypage?callback=product/review/ajimura4861-b06xplh33t HTTP/1.1" 404 1251 "-" "Mozilla/5.0 (Linux; Android 6.0.1; Nexus 5X Build/MMB29P) AppleWebKit/537.36 (KHTML, like Gecko) Chrome/137.0.7151.103 Mobile Safari/537.36 (compatible; Googlebot/2.1; +http://www.google.com/bot.html)"
66.249.79.195 - - [13/Jul/2025:12:32:14 -0400] "GET /pcmypage?callback=product%2Fdetail%2Fherbette-cr54t1-1 HTTP/1.1" 404 1251 "-" "Mozilla/5.0 (Linux; Android 6.0.1; Nexus 5X Build/MMB29P) AppleWebKit/537.36 (KHTML, like Gecko) Chrome/137.0.7151.103 Mobile Safari/537.36 (compatible; Googlebot/2.1; +http://www.google.com/bot.html)"
66.249.68.129 - - [13/Jul/2025:12:32:15 -0400] "GET /items/gdqrl81/44582?key=spy HTTP/1.1" 404 1251 "-" "Mozilla/5.0 (Linux; Android 6.0.1; Nexus 5X Build/MMB29P) AppleWebKit/537.36 (KHTML, like Gecko) Chrome/137.0.7151.103 Mobile Safari/537.36 (compatible; Googlebot/2.1; +http://www.google.com/bot.html)"
66.249.79.195 - - [13/Jul/2025:12:32:15 -0400] "GET /pcmypage?callback=product%2Fdetail%2Ffirst23-trusco-7319622 HTTP/1.1" 404 1251 "-" "Mozilla/5.0 (Linux; Android 6.0.1; Nexus 5X Build/MMB29P) AppleWebKit/537.36 (KHTML, like Gecko) Chrome/137.0.7151.103 Mobile Safari/537.36 (compatible; Googlebot/2.1; +http://www.google.com/bot.html)"
47.82.60.14 - - [13/Jul/2025:12:32:15 -0400] "GET /items/090007444.html HTTP/1.1" 404 1251 "https://first-gulf.com.sa/items/090007444.html" "Mozilla/5.0 (Windows NT 10.0; Win64; x64) AppleWebKit/537.36 (KHTML, like Gecko) Chrome/114.0.0.0 Safari/537.36 Edg/114.0.1823.43"
47.82.60.30 - - [13/Jul/2025:12:32:16 -0400] "GET /items/038000956.html HTTP/1.1" 404 1251 "https://first-gulf.com.sa/items/038000956.html" "Mozilla/5.0 (Windows NT 10.0; Win64; x64) AppleWebKit/537.36 (KHTML, like Gecko) Chrome/114.0.0.0 Safari/537.36 Edg/114.0.1823.43"
47.82.60.5 - - [13/Jul/2025:12:32:30 -0400] "GET /items/bmdrr28/26485?key=negotiation HTTP/1.1" 404 1251 "https://www.first-gulf.com.sa/items/bmdrr28/26485?key=negotiation" "Mozilla/5.0 (Windows NT 10.0; Win64; x64) AppleWebKit/537.36 (KHTML, like Gecko) Chrome/114.0.0.0 Safari/537.36 Edg/114.0.1823.43"
66.249.68.129 - - [13/Jul/2025:12:32:57 -0400] "GET /items/szevj207/22040?key=skin HTTP/1.1" 404 1251 "-" "Mozilla/5.0 (Linux; Android 6.0.1; Nexus 5X Build/MMB29P) AppleWebKit/537.36 (KHTML, like Gecko) Chrome/137.0.7151.103 Mobile Safari/537.36 (compatible; Googlebot/2.1; +http://www.google.com/bot.html)"
66.249.68.129 - - [13/Jul/2025:12:32:59 -0400] "GET /pcmypage?callback=product/review/office-doris-begonia-d HTTP/1.1" 404 1251 "-" "Mozilla/5.0 (compatible; Googlebot/2.1; +http://www.google.com/bot.html)"
47.82.60.40 - - [13/Jul/2025:12:32:59 -0400] "GET /items/rtdcm262/17045?key=reflect HTTP/1.1" 404 1251 "https://first-gulf.com.sa/items/rtdcm262/17045?key=reflect" "Mozilla/5.0 (Windows NT 10.0; Win64; x64) AppleWebKit/537.36 (KHTML, like Gecko) Chrome/114.0.0.0 Safari/537.36 Edg/114.0.1823.43"
66.249.68.131 - - [13/Jul/2025:12:33:04 -0400] "GET /items/036040428.html?srsltid=AfmBOopzabRlfXOSWtRrVH4DBbihCTEOrVSZPOb3ICktlsGCk9sJ HTTP/1.1" 404 1251 "-" "Mozilla/5.0 (compatible; Googlebot/2.1; +http://www.google.com/bot.html)"
66.249.79.195 - - [13/Jul/2025:12:33:07 -0400] "GET /pcmypage?callback=/product%2Fdetail.gaos-ckft0434 HTTP/1.1" 404 1251 "-" "Mozilla/5.0 (compatible; Googlebot/2.1; +http://www.google.com/bot.html)"
66.249.68.129 - - [13/Jul/2025:12:33:24 -0400] "GET /zhHant/product/surugaya/orangetool-yz-3526779?campaign_uid=f64d716db5e979ed2f947dbaf4296895b951ae7f HTTP/1.1" 404 1251 "-" "Mozilla/5.0 (Linux; Android 6.0.1; Nexus 5X Build/MMB29P) AppleWebKit/537.36 (KHTML, like Gecko) Chrome/137.0.7151.103 Mobile Safari/537.36 (compatible; Googlebot/2.1; +http://www.google.com/bot.html)"
66.249.68.130 - - [13/Jul/2025:12:33:25 -0400] "GET /items/123002683.html?srsltid=AfmBOofbgokfwMdPffjZawj1VLqiWXXgowgwLk0WFVUZGVglu3jo HTTP/1.1" 404 1251 "-" "Mozilla/5.0 (Linux; Android 6.0.1; Nexus 5X Build/MMB29P) AppleWebKit/537.36 (KHTML, like Gecko) Chrome/137.0.7151.103 Mobile Safari/537.36 (compatible; Googlebot/2.1; +http://www.google.com/bot.html)"
157.55.39.56 - - [13/Jul/2025:12:33:29 -0400] "GET /u3caerodynamically6m35/xxahebvf1879646.html HTTP/1.1" 404 1251 "-" "Mozilla/5.0 AppleWebKit/537.36 (KHTML, like Gecko; compatible; bingbot/2.0; +http://www.bing.com/bingbot.htm) Chrome/116.0.1938.76 Safari/537.36"
66.249.68.129 - - [13/Jul/2025:12:33:56 -0400] "GET /items/212014500.html?srsltid=AfmBOojaeoBilmUbgkwvFUaDZEhaNfrZMlkCYWFWyjINw9Yc3pH1 HTTP/1.1" 404 1251 "-" "Mozilla/5.0 (Linux; Android 6.0.1; Nexus 5X Build/MMB29P) AppleWebKit/537.36 (KHTML, like Gecko) Chrome/137.0.7151.103 Mobile Safari/537.36 (compatible; Googlebot/2.1; +http://www.google.com/bot.html)"
47.82.60.47 - - [13/Jul/2025:12:33:58 -0400] "GET /wp-includes/general-template.php HTTP/1.1" 403 1242 "https://first-gulf.com.sa/wp-includes/general-template.php" "Mozilla/5.0 (Windows NT 10.0; Win64; x64) AppleWebKit/537.36 (KHTML, like Gecko) Chrome/114.0.0.0 Safari/537.36 Edg/114.0.1823.43"
66.249.68.129 - - [13/Jul/2025:12:33:59 -0400] "GET /pcmypage?callback=product/review/tuzukiya-t11-5219 HTTP/1.1" 404 1251 "-" "Mozilla/5.0 (Linux; Android 6.0.1; Nexus 5X Build/MMB29P) AppleWebKit/537.36 (KHTML, like Gecko) Chrome/137.0.7151.103 Mobile Safari/537.36 (compatible; Googlebot/2.1; +http://www.google.com/bot.html)"
40.77.167.35 - - [13/Jul/2025:12:34:09 -0400] "GET /nkdpreparationscvx/rchsk84623.html HTTP/1.1" 404 1251 "-" "Mozilla/5.0 AppleWebKit/537.36 (KHTML, like Gecko; compatible; bingbot/2.0; +http://www.bing.com/bingbot.htm) Chrome/116.0.1938.76 Safari/537.36"
66.249.68.131 - - [13/Jul/2025:12:34:25 -0400] "GET /items/275007701.html?srsltid=AfmBOoqklPQSqpgumTrK9oMuTscgAhPJZwzsbTCpHOJxIxp8pNLt HTTP/1.1" 404 1251 "-" "Mozilla/5.0 (Linux; Android 6.0.1; Nexus 5X Build/MMB29P) AppleWebKit/537.36 (KHTML, like Gecko) Chrome/137.0.7151.103 Mobile Safari/537.36 (compatible; Googlebot/2.1; +http://www.google.com/bot.html)"
66.249.79.196 - - [13/Jul/2025:12:34:28 -0400] "GET /search.php?condition/sunny53/q960w-40625/ HTTP/1.1" 404 1251 "-" "Mozilla/5.0 (compatible; Googlebot/2.1; +http://www.google.com/bot.html)"
66.249.68.129 - - [13/Jul/2025:12:34:37 -0400] "GET /items/fhxkr41/192?key=software HTTP/1.1" 404 1251 "-" "Mozilla/5.0 (Linux; Android 6.0.1; Nexus 5X Build/MMB29P) AppleWebKit/537.36 (KHTML, like Gecko) Chrome/137.0.7151.103 Mobile Safari/537.36 (compatible; Googlebot/2.1; +http://www.google.com/bot.html)"
47.82.60.26 - - [13/Jul/2025:12:34:39 -0400] "GET /wp-includes/fonts.php HTTP/1.1" 403 1242 "https://first-gulf.com.sa/wp-includes/fonts.php" "Mozilla/5.0 (Windows NT 10.0; Win64; x64) AppleWebKit/537.36 (KHTML, like Gecko) Chrome/114.0.0.0 Safari/537.36 Edg/114.0.1823.43"
66.249.79.195 - - [13/Jul/2025:12:34:47 -0400] "GET /items/ztuti275/1684?key=render HTTP/1.1" 404 1251 "-" "Mozilla/5.0 (Linux; Android 6.0.1; Nexus 5X Build/MMB29P) AppleWebKit/537.36 (KHTML, like Gecko) Chrome/137.0.7151.119 Mobile Safari/537.36 (compatible; Googlebot/2.1; +http://www.google.com/bot.html)"
66.249.68.129 - - [13/Jul/2025:12:34:49 -0400] "GET /items/284041314.html?srsltid=AfmBOopykRGXMdqfZrOd6mkqOAhknRBTFDuVMEugS8XoPIHVbNyd HTTP/1.1" 404 1251 "-" "Mozilla/5.0 (Linux; Android 6.0.1; Nexus 5X Build/MMB29P) AppleWebKit/537.36 (KHTML, like Gecko) Chrome/137.0.7151.103 Mobile Safari/537.36 (compatible; Googlebot/2.1; +http://www.google.com/bot.html)"
66.249.68.129 - - [13/Jul/2025:12:35:13 -0400] "GET /pcmypage?callback=/product%2Fdetail%2Dreamsecond-akcf-laa-6 HTTP/1.1" 404 1251 "-" "Mozilla/5.0 (Linux; Android 6.0.1; Nexus 5X Build/MMB29P) AppleWebKit/537.36 (KHTML, like Gecko) Chrome/137.0.7151.103 Mobile Safari/537.36 (compatible; Googlebot/2.1; +http://www.google.com/bot.html)"
66.249.79.194 - - [13/Jul/2025:12:35:33 -0400] "GET /pcmypage?callback=product%2Fdetail%2Fains1-050426 HTTP/1.1" 404 1251 "-" "Mozilla/5.0 (Linux; Android 6.0.1; Nexus 5X Build/MMB29P) AppleWebKit/537.36 (KHTML, like Gecko) Chrome/137.0.7151.103 Mobile Safari/537.36 (compatible; Googlebot/2.1; +http://www.google.com/bot.html)"
66.249.79.195 - - [13/Jul/2025:12:35:38 -0400] "GET /items/196002024.html?srsltid=AfmBOozwgJCyOjzbAcWNXMJAFwAtVxfRkuerOB5hfO4piAxsNkBi HTTP/1.1" 404 1251 "-" "Mozilla/5.0 (compatible; Googlebot/2.1; +http://www.google.com/bot.html)"
66.249.79.195 - - [13/Jul/2025:12:36:11 -0400] "GET /pcmypage?callback=product/review/asty-shop-c2-1lvf15i33d-5py7 HTTP/1.1" 404 1251 "-" "Mozilla/5.0 (compatible; Googlebot/2.1; +http://www.google.com/bot.html)"
66.249.68.129 - - [13/Jul/2025:12:36:23 -0400] "GET /product/edit/jism-4957462115734-26-30946-n HTTP/1.1" 404 1251 "-" "Mozilla/5.0 (Linux; Android 6.0.1; Nexus 5X Build/MMB29P) AppleWebKit/537.36 (KHTML, like Gecko) Chrome/137.0.7151.103 Mobile Safari/537.36 (compatible; Googlebot/2.1; +http://www.google.com/bot.html)"
66.29.146.47 - - [13/Jul/2025:12:36:31 -0400] "POST /wp-cron.php?doing_wp_cron=1752424590.9718670845031738281250 HTTP/1.1" 403 1242 "-" "WordPress/6.8; https://first-gulf.com.sa"
196.251.84.106 - - [13/Jul/2025:12:36:22 -0400] "POST /wp-login.php HTTP/1.1" 200 2988 "-" "Mozilla/5.0"
66.249.68.130 - - [13/Jul/2025:12:36:37 -0400] "GET /items/jidbd1/280?key=cigarette HTTP/1.1" 404 1251 "-" "Mozilla/5.0 (compatible; Googlebot/2.1; +http://www.google.com/bot.html)"
66.249.79.194 - - [13/Jul/2025:12:36:41 -0400] "GET /pcmypage?callback=product/review/stok-9739872174373-1 HTTP/1.1" 404 1251 "-" "Mozilla/5.0 (Linux; Android 6.0.1; Nexus 5X Build/MMB29P) AppleWebKit/537.36 (KHTML, like Gecko) Chrome/137.0.7151.103 Mobile Safari/537.36 (compatible; Googlebot/2.1; +http://www.google.com/bot.html)"
66.249.79.194 - - [13/Jul/2025:12:36:57 -0400] "GET /search.php?pcmypage?callback=product/review/seikatu-souko-usdm-3414-1225 HTTP/1.1" 404 1251 "-" "Mozilla/5.0 (compatible; Googlebot/2.1; +http://www.google.com/bot.html)"
66.249.68.129 - - [13/Jul/2025:12:36:58 -0400] "GET /items/094042332.html?srsltid=AfmBOouehTKDyXHQwSpQgHXgNeIloGnXF7RrYjLTnorFvwKSPby7 HTTP/1.1" 404 1251 "-" "Mozilla/5.0 (Linux; Android 6.0.1; Nexus 5X Build/MMB29P) AppleWebKit/537.36 (KHTML, like Gecko) Chrome/137.0.7151.103 Mobile Safari/537.36 (compatible; Googlebot/2.1; +http://www.google.com/bot.html)"
66.249.68.129 - - [13/Jul/2025:12:36:58 -0400] "GET /?_gl=1*m4rbiq3*_ga*IPXxreNysHzRbgRmbvXJezazssTk*_ga_ZAAAXWNKU*95eYJaM9WNsOKR07nqeR4U40Ov24WdJ34NwfUZd1dklQn1Vm6rHKQNj.*_gcl_au=1.1.199710002.176413525*_gcl_aw=ZZU.178797374.M0w0XGb1zu0rHJVCTKPlE50jVS4ZzSvKy41C92hpEm00DvhEzVbPtmWhRwMe9l6pZ9VBGECDjrvwma5iZ21s8oeQPJ..&_gz=2.198253372.199952653.174843871-867087422.162862374&_bdsid=sjef0d.n~AEVDM.178939685.172701888&_bd_prev_page=https://first-gulf.com.sa/link.php?items/047025009.html?srsltid=AfmBOohswnBbuYVIYKoo1CkNYDiWXimNPRwIsrMjz0fUmWMZU7PZ HTTP/1.1" 200 1436 "-" "Mozilla/5.0 (Linux; Android 6.0.1; Nexus 5X Build/MMB29P) AppleWebKit/537.36 (KHTML, like Gecko) Chrome/137.0.7151.103 Mobile Safari/537.36 (compatible; Googlebot/2.1; +http://www.google.com/bot.html)"
66.249.79.196 - - [13/Jul/2025:12:37:01 -0400] "GET /items/280030870.html?srsltid=AfmBOohlhnVzAQMbYOYAcS41FDyRdxKx08TCP7gTaGNJZ1DMBrPb HTTP/1.1" 404 1251 "-" "Mozilla/5.0 (Linux; Android 6.0.1; Nexus 5X Build/MMB29P) AppleWebKit/537.36 (KHTML, like Gecko) Chrome/137.0.7151.103 Mobile Safari/537.36 (compatible; Googlebot/2.1; +http://www.google.com/bot.html)"
66.249.79.196 - - [13/Jul/2025:12:37:04 -0400] "GET /zhHant/product/surugaya/plantz-4543845003301?campaign_uid=f64d716db5e979ed2f947dbaf4296895b951ae7f HTTP/1.1" 404 1251 "-" "Mozilla/5.0 (Linux; Android 6.0.1; Nexus 5X Build/MMB29P) AppleWebKit/537.36 (KHTML, like Gecko) Chrome/137.0.7151.103 Mobile Safari/537.36 (compatible; Googlebot/2.1; +http://www.google.com/bot.html)"
66.249.68.130 - - [13/Jul/2025:12:37:18 -0400] "GET /items/zezes165/18454?key=light HTTP/1.1" 404 1251 "-" "Mozilla/5.0 (compatible; Googlebot/2.1; +http://www.google.com/bot.html)"
66.249.68.130 - - [13/Jul/2025:12:37:28 -0400] "GET /pcmypage?callback=/product%2Fdetail%2Bearhomes-2024-08-05-180 HTTP/1.1" 404 1251 "-" "Mozilla/5.0 (Linux; Android 6.0.1; Nexus 5X Build/MMB29P) AppleWebKit/537.36 (KHTML, like Gecko) Chrome/137.0.7151.103 Mobile Safari/537.36 (compatible; Googlebot/2.1; +http://www.google.com/bot.html)"
66.249.79.194 - - [13/Jul/2025:12:37:56 -0400] "GET /pcmypage?callback=product%2Fdetail%2Fhcvalor-eshop-trusco-4430658 HTTP/1.1" 404 1251 "-" "Mozilla/5.0 (compatible; Googlebot/2.1; +http://www.google.com/bot.html)"
66.249.79.206 - - [13/Jul/2025:12:38:31 -0400] "GET /items/haack87/738?key=undergraduate HTTP/1.1" 404 1251 "-" "Mozilla/5.0 (Linux; Android 6.0.1; Nexus 5X Build/MMB29P) AppleWebKit/537.36 (KHTML, like Gecko) Chrome/137.0.7151.103 Mobile Safari/537.36 (compatible; Googlebot/2.1; +http://www.google.com/bot.html)"
66.249.68.130 - - [13/Jul/2025:12:38:37 -0400] "GET /items/kifxn48/19409?key=medal HTTP/1.1" 404 1251 "-" "Mozilla/5.0 (Linux; Android 6.0.1; Nexus 5X Build/MMB29P) AppleWebKit/537.36 (KHTML, like Gecko) Chrome/137.0.7151.103 Mobile Safari/537.36 (compatible; Googlebot/2.1; +http://www.google.com/bot.html)"
66.249.68.129 - - [13/Jul/2025:12:38:39 -0400] "GET /items/060045594.html?srsltid=AfmBOoemvfmMxZrYdesBJgC3TZxranpfH7UrWd4do14FZSTvBRo6 HTTP/1.1" 404 1251 "-" "Mozilla/5.0 (Linux; Android 6.0.1; Nexus 5X Build/MMB29P) AppleWebKit/537.36 (KHTML, like Gecko) Chrome/137.0.7151.103 Mobile Safari/537.36 (compatible; Googlebot/2.1; +http://www.google.com/bot.html)"
66.249.79.206 - - [13/Jul/2025:12:38:57 -0400] "GET /pcmypage?callback=/product%2Fdetail%2Fanifani-jkjkkks0022x0 HTTP/1.1" 404 1251 "-" "Mozilla/5.0 (Linux; Android 6.0.1; Nexus 5X Build/MMB29P) AppleWebKit/537.36 (KHTML, like Gecko) Chrome/137.0.7151.103 Mobile Safari/537.36 (compatible; Googlebot/2.1; +http://www.google.com/bot.html)"
66.249.79.206 - - [13/Jul/2025:12:38:58 -0400] "GET /items/011000403.html?srsltid=AfmBOouxuDGVhvDxkOPzYWRcXSYEFfxMHc3ohxBJTX54RmnWvJSH HTTP/1.1" 404 1251 "-" "Mozilla/5.0 (Linux; Android 6.0.1; Nexus 5X Build/MMB29P) AppleWebKit/537.36 (KHTML, like Gecko) Chrome/137.0.7151.103 Mobile Safari/537.36 (compatible; Googlebot/2.1; +http://www.google.com/bot.html)"
66.249.68.130 - - [13/Jul/2025:12:38:59 -0400] "GET /items/mtzyg188/11973?key=lend HTTP/1.1" 404 1251 "-" "Mozilla/5.0 (compatible; Googlebot/2.1; +http://www.google.com/bot.html)"
66.249.68.131 - - [13/Jul/2025:12:39:09 -0400] "GET /items/nefvz70/19545?key=sea HTTP/1.1" 404 1251 "-" "Mozilla/5.0 (Linux; Android 6.0.1; Nexus 5X Build/MMB29P) AppleWebKit/537.36 (KHTML, like Gecko) Chrome/137.0.7151.103 Mobile Safari/537.36 (compatible; Googlebot/2.1; +http://www.google.com/bot.html)"
66.249.68.129 - - [13/Jul/2025:12:39:23 -0400] "GET /items/139010319.html?srsltid=AfmBOodimZLPfoHLiSyYH0kNCayPlDXI9NmLIZcD4lQ7ibt7cX12 HTTP/1.1" 404 1251 "-" "Mozilla/5.0 (compatible; Googlebot/2.1; +http://www.google.com/bot.html)"
66.249.79.206 - - [13/Jul/2025:12:39:32 -0400] "GET /search.php?product/edit/auc-ovdgolf-c-jbkz5-aura HTTP/1.1" 404 1251 "-" "Mozilla/5.0 (Linux; Android 6.0.1; Nexus 5X Build/MMB29P) AppleWebKit/537.36 (KHTML, like Gecko) Chrome/137.0.7151.103 Mobile Safari/537.36 (compatible; Googlebot/2.1; +http://www.google.com/bot.html)"
66.249.68.129 - - [13/Jul/2025:12:39:34 -0400] "GET /items/048037598.html?srsltid=AfmBOohntdXbptMNmdaAOGdhWskmEpSMNXBL6WokBLegjanNotyH HTTP/1.1" 404 1251 "-" "Mozilla/5.0 (Linux; Android 6.0.1; Nexus 5X Build/MMB29P) AppleWebKit/537.36 (KHTML, like Gecko) Chrome/137.0.7151.103 Mobile Safari/537.36 (compatible; Googlebot/2.1; +http://www.google.com/bot.html)"
66.249.68.129 - - [13/Jul/2025:12:39:35 -0400] "GET /items/jhgep239/48018?key=voting HTTP/1.1" 404 1251 "-" "Mozilla/5.0 (compatible; Googlebot/2.1; +http://www.google.com/bot.html)"
207.46.13.151 - - [13/Jul/2025:12:39:43 -0400] "GET /x9sbacktitratea3w/clmwkxy611751.html HTTP/1.1" 404 1251 "-" "Mozilla/5.0 AppleWebKit/537.36 (KHTML, like Gecko; compatible; bingbot/2.0; +http://www.bing.com/bingbot.htm) Chrome/116.0.1938.76 Safari/537.36"
66.249.79.192 - - [13/Jul/2025:12:39:45 -0400] "GET /pcmypage?callback=product/review/ex-gstyle-yk05-imtd-to5b-3-06 HTTP/1.1" 404 1251 "-" "Mozilla/5.0 (Linux; Android 6.0.1; Nexus 5X Build/MMB29P) AppleWebKit/537.36 (KHTML, like Gecko) Chrome/137.0.7151.103 Mobile Safari/537.36 (compatible; Googlebot/2.1; +http://www.google.com/bot.html)"
66.249.79.206 - - [13/Jul/2025:12:39:56 -0400] "GET /pcmypage?callback=product/review/mokukagu-snk-tm085ch-1 HTTP/1.1" 404 1251 "-" "Mozilla/5.0 (Linux; Android 6.0.1; Nexus 5X Build/MMB29P) AppleWebKit/537.36 (KHTML, like Gecko) Chrome/137.0.7151.103 Mobile Safari/537.36 (compatible; Googlebot/2.1; +http://www.google.com/bot.html)"
66.249.68.131 - - [13/Jul/2025:12:40:08 -0400] "GET /items/100027138.html?srsltid=AfmBOomekzlRstNKwjvbeSu4UKcObzCmFpTVwsbOmkYtoyzKGIXd HTTP/1.1" 404 1251 "-" "Mozilla/5.0 (compatible; Googlebot/2.1; +http://www.google.com/bot.html)"
66.249.68.130 - - [13/Jul/2025:12:40:11 -0400] "GET /items/qdycl98/18715?key=institution HTTP/1.1" 404 1251 "-" "Mozilla/5.0 (Linux; Android 6.0.1; Nexus 5X Build/MMB29P) AppleWebKit/537.36 (KHTML, like Gecko) Chrome/137.0.7151.103 Mobile Safari/537.36 (compatible; Googlebot/2.1; +http://www.google.com/bot.html)"
66.249.79.192 - - [13/Jul/2025:12:40:29 -0400] "GET /items/050020930.html?srsltid=AfmBOovyoSHGdJHYeZduumDyUIkdtqsIdY0nDldBYk7bHtFHadxj HTTP/1.1" 404 1251 "-" "Mozilla/5.0 (Linux; Android 6.0.1; Nexus 5X Build/MMB29P) AppleWebKit/537.36 (KHTML, like Gecko) Chrome/137.0.7151.103 Mobile Safari/537.36 (compatible; Googlebot/2.1; +http://www.google.com/bot.html)"
66.249.68.129 - - [13/Jul/2025:12:40:54 -0400] "GET /items/dfvto139/21054?key=consult HTTP/1.1" 404 1251 "-" "Mozilla/5.0 (Linux; Android 6.0.1; Nexus 5X Build/MMB29P) AppleWebKit/537.36 (KHTML, like Gecko) Chrome/137.0.7151.103 Mobile Safari/537.36 (compatible; Googlebot/2.1; +http://www.google.com/bot.html)"
66.249.68.129 - - [13/Jul/2025:12:40:55 -0400] "GET /items/dfvto139/21054?key=consult HTTP/1.1" 404 1251 "-" "Mozilla/5.0 (compatible; Googlebot/2.1; +http://www.google.com/bot.html)"
66.249.68.129 - - [13/Jul/2025:12:41:05 -0400] "GET /product/edit/ts-parts-22313322 HTTP/1.1" 404 1251 "-" "Mozilla/5.0 (Linux; Android 6.0.1; Nexus 5X Build/MMB29P) AppleWebKit/537.36 (KHTML, like Gecko) Chrome/137.0.7151.103 Mobile Safari/537.36 (compatible; Googlebot/2.1; +http://www.google.com/bot.html)"
47.82.60.44 - - [13/Jul/2025:12:41:16 -0400] "GET /items/sohqa244/36757?key=sorry HTTP/1.1" 404 1251 "https://first-gulf.com.sa/items/sohqa244/36757?key=sorry" "Mozilla/5.0 (Windows NT 10.0; Win64; x64) AppleWebKit/537.36 (KHTML, like Gecko) Chrome/114.0.0.0 Safari/537.36 Edg/114.0.1823.43"
66.249.68.130 - - [13/Jul/2025:12:41:19 -0400] "GET /items/cxgah251/31284?key=sign HTTP/1.1" 404 1251 "-" "Mozilla/5.0 (compatible; Googlebot/2.1; +http://www.google.com/bot.html)"
66.249.79.193 - - [13/Jul/2025:12:41:26 -0400] "GET /pcmypage?callback=product%2Fdetail%2Ftenpos2-kf1-2157744 HTTP/1.1" 404 1251 "-" "Mozilla/5.0 (Linux; Android 6.0.1; Nexus 5X Build/MMB29P) AppleWebKit/537.36 (KHTML, like Gecko) Chrome/137.0.7151.103 Mobile Safari/537.36 (compatible; Googlebot/2.1; +http://www.google.com/bot.html)"
66.249.68.137 - - [13/Jul/2025:12:41:47 -0400] "GET /product/edit/daishinshop-742-00170801 HTTP/1.1" 404 1251 "-" "Mozilla/5.0 (compatible; Googlebot/2.1; +http://www.google.com/bot.html)"
66.249.68.129 - - [13/Jul/2025:12:42:09 -0400] "GET /items/qyidy94/867?key=adviser HTTP/1.1" 404 1251 "-" "Mozilla/5.0 (Linux; Android 6.0.1; Nexus 5X Build/MMB29P) AppleWebKit/537.36 (KHTML, like Gecko) Chrome/137.0.7151.103 Mobile Safari/537.36 (compatible; Googlebot/2.1; +http://www.google.com/bot.html)"
66.249.79.192 - - [13/Jul/2025:12:42:14 -0400] "GET /items/099022449.html?srsltid=AfmBOosvewHWAnoKDVfDg8jUAgNhArPLkS5MQP520oYuHMzDdvmp HTTP/1.1" 404 1251 "-" "Mozilla/5.0 (Linux; Android 6.0.1; Nexus 5X Build/MMB29P) AppleWebKit/537.36 (KHTML, like Gecko) Chrome/137.0.7151.103 Mobile Safari/537.36 (compatible; Googlebot/2.1; +http://www.google.com/bot.html)"
66.249.68.128 - - [13/Jul/2025:12:42:15 -0400] "GET /pcmypage?callback=product%2Fdetail%2Fat-life-4971671194847-72 HTTP/1.1" 404 1251 "-" "Mozilla/5.0 (Linux; Android 6.0.1; Nexus 5X Build/MMB29P) AppleWebKit/537.36 (KHTML, like Gecko) Chrome/137.0.7151.103 Mobile Safari/537.36 (compatible; Googlebot/2.1; +http://www.google.com/bot.html)"
47.82.60.6 - - [13/Jul/2025:12:42:17 -0400] "GET /wp-includes/nav-menu.php HTTP/1.1" 403 1242 "https://first-gulf.com.sa/wp-includes/nav-menu.php" "Mozilla/5.0 (Windows NT 10.0; Win64; x64) AppleWebKit/537.36 (KHTML, like Gecko) Chrome/114.0.0.0 Safari/537.36 Edg/114.0.1823.43"
47.82.60.12 - - [13/Jul/2025:12:42:24 -0400] "GET /items/270049510.html HTTP/1.1" 404 1251 "https://first-gulf.com.sa/items/270049510.html" "Mozilla/5.0 (Windows NT 10.0; Win64; x64) AppleWebKit/537.36 (KHTML, like Gecko) Chrome/114.0.0.0 Safari/537.36 Edg/114.0.1823.43"
47.82.60.11 - - [13/Jul/2025:12:42:24 -0400] "GET /pcmypage?callback=product/detail/eagleeyeshopping-top1-ds-2214409 HTTP/1.1" 404 1251 "https://www.first-gulf.com.sa/pcmypage?callback=product%2Fdetail%2Feagleeyeshopping-top1-ds-2214409" "Mozilla/5.0 (Windows NT 10.0; Win64; x64) AppleWebKit/537.36 (KHTML, like Gecko) Chrome/114.0.0.0 Safari/537.36 Edg/114.0.1823.43"
66.249.79.192 - - [13/Jul/2025:12:42:25 -0400] "GET /items/083003517.html?srsltid=AfmBOopcfUeXNhdBDQSsYbcOTcafLpxMZGPz6p3SBs1wB2Bs36ho HTTP/1.1" 404 1251 "-" "Mozilla/5.0 (Linux; Android 6.0.1; Nexus 5X Build/MMB29P) AppleWebKit/537.36 (KHTML, like Gecko) Chrome/137.0.7151.103 Mobile Safari/537.36 (compatible; Googlebot/2.1; +http://www.google.com/bot.html)"
66.249.79.192 - - [13/Jul/2025:12:42:25 -0400] "GET /items/083003517.html?srsltid=AfmBOopcfUeXNhdBDQSsYbcOTcafLpxMZGPz6p3SBs1wB2Bs36ho HTTP/1.1" 404 1251 "-" "Mozilla/5.0 (compatible; Googlebot/2.1; +http://www.google.com/bot.html)"
66.249.65.169 - - [13/Jul/2025:12:42:39 -0400] "GET /pcmypage?callback=/product%2Fdetail*sty-shop-k0-10w8enrcss-dzsh HTTP/1.1" 404 1251 "-" "Mozilla/5.0 (compatible; Googlebot/2.1; +http://www.google.com/bot.html)"
66.249.79.206 - - [13/Jul/2025:12:42:45 -0400] "GET /items/103025761.html?srsltid=AfmBOoxokkvrKPAeAxlhCbT9CfyRvRMw0CtWpv9tSZT75qUPr09Y HTTP/1.1" 404 1251 "-" "Mozilla/5.0 (compatible; Googlebot/2.1; +http://www.google.com/bot.html)"
47.82.60.11 - - [13/Jul/2025:12:42:54 -0400] "GET /wp-includes/SimplePie HTTP/1.1" 301 795 "https://first-gulf.com.sa/wp-includes/SimplePie" "Mozilla/5.0 (Windows NT 10.0; Win64; x64) AppleWebKit/537.36 (KHTML, like Gecko) Chrome/114.0.0.0 Safari/537.36 Edg/114.0.1823.43"
47.82.60.11 - - [13/Jul/2025:12:42:55 -0400] "GET /wp-includes/SimplePie/ HTTP/1.1" 200 702 "https://first-gulf.com.sa/wp-includes/SimplePie" "Mozilla/5.0 (Windows NT 10.0; Win64; x64) AppleWebKit/537.36 (KHTML, like Gecko) Chrome/114.0.0.0 Safari/537.36 Edg/114.0.1823.43"
66.249.68.137 - - [13/Jul/2025:12:43:10 -0400] "GET /items/dptgg144/32167?key=vulnerable HTTP/1.1" 404 1251 "-" "Mozilla/5.0 (Linux; Android 6.0.1; Nexus 5X Build/MMB29P) AppleWebKit/537.36 (KHTML, like Gecko) Chrome/137.0.7151.103 Mobile Safari/537.36 (compatible; Googlebot/2.1; +http://www.google.com/bot.html)"
47.82.60.7 - - [13/Jul/2025:12:43:30 -0400] "GET /wp-includes/class-wp-user-meta-session-tokens.php HTTP/1.1" 403 1242 "https://first-gulf.com.sa/wp-includes/class-wp-user-meta-session-tokens.php" "Mozilla/5.0 (Windows NT 10.0; Win64; x64) AppleWebKit/537.36 (KHTML, like Gecko) Chrome/114.0.0.0 Safari/537.36 Edg/114.0.1823.43"
66.249.68.137 - - [13/Jul/2025:12:43:52 -0400] "GET /items/fepfv191/48030?key=gain HTTP/1.1" 404 1251 "-" "Mozilla/5.0 (compatible; Googlebot/2.1; +http://www.google.com/bot.html)"
47.82.60.26 - - [13/Jul/2025:12:44:11 -0400] "GET /pcmypage?callback=product/detail/us-online-7887884993204-1 HTTP/1.1" 404 1251 "https://first-gulf.com.sa/pcmypage?callback=product%2Fdetail%2Fus-online-7887884993204-1" "Mozilla/5.0 (Windows NT 10.0; Win64; x64) AppleWebKit/537.36 (KHTML, like Gecko) Chrome/114.0.0.0 Safari/537.36 Edg/114.0.1823.43"
66.249.68.129 - - [13/Jul/2025:12:44:16 -0400] "GET /items/276005410.html?srsltid=AfmBOomcaerDONlvyOVmj2KZZAmPIWAfyuBwfNDlQNTaAinZwKHl HTTP/1.1" 404 1251 "-" "Mozilla/5.0 (compatible; Googlebot/2.1; +http://www.google.com/bot.html)"
66.249.68.129 - - [13/Jul/2025:12:44:18 -0400] "GET /items/pblms25/1358?key=fact HTTP/1.1" 404 1251 "-" "Mozilla/5.0 (Linux; Android 6.0.1; Nexus 5X Build/MMB29P) AppleWebKit/537.36 (KHTML, like Gecko) Chrome/137.0.7151.119 Mobile Safari/537.36 (compatible; Googlebot/2.1; +http://www.google.com/bot.html)"
47.82.60.64 - - [13/Jul/2025:12:44:19 -0400] "GET /wp-includes/class-wp-text-diff-renderer-inline.php HTTP/1.1" 403 1242 "https://first-gulf.com.sa/wp-includes/class-wp-text-diff-renderer-inline.php" "Mozilla/5.0 (Windows NT 10.0; Win64; x64) AppleWebKit/537.36 (KHTML, like Gecko) Chrome/114.0.0.0 Safari/537.36 Edg/114.0.1823.43"
66.249.68.137 - - [13/Jul/2025:12:44:23 -0400] "GET /pcmypage?callback=product/review/iget-4974375492257 HTTP/1.1" 404 1251 "-" "Mozilla/5.0 (Linux; Android 6.0.1; Nexus 5X Build/MMB29P) AppleWebKit/537.36 (KHTML, like Gecko) Chrome/137.0.7151.103 Mobile Safari/537.36 (compatible; Googlebot/2.1; +http://www.google.com/bot.html)"
66.249.79.193 - - [13/Jul/2025:12:44:38 -0400] "GET /items/210017362.html?srsltid=AfmBOoguvsOtXVQuCNwcG9cnEzcPaywXFvDcDvHZ1oK7ecgKwqqB HTTP/1.1" 404 1251 "-" "Mozilla/5.0 (compatible; Googlebot/2.1; +http://www.google.com/bot.html)"
66.249.79.206 - - [13/Jul/2025:12:44:43 -0400] "GET /search.php?pcmypage?callback=product/review/akibaoo-r-hm000263458 HTTP/1.1" 404 1251 "-" "Mozilla/5.0 (Linux; Android 6.0.1; Nexus 5X Build/MMB29P) AppleWebKit/537.36 (KHTML, like Gecko) Chrome/137.0.7151.103 Mobile Safari/537.36 (compatible; Googlebot/2.1; +http://www.google.com/bot.html)"
208.110.64.178 - - [13/Jul/2025:12:44:50 -0400] "GET /wp-content/install.php HTTP/1.1" 404 1251 "https://first-gulf.com.sa/wp-content/install.php" "Mozilla/5.0 (Windows NT 10.0; Win64; x64) AppleWebKit/537.36 (KHTML, like Gecko) Chrome/58.0.3029.110 Safari/537.3"
66.249.68.137 - - [13/Jul/2025:12:45:16 -0400] "GET /items/292016044.html?srsltid=AfmBOodrmaUKnwUGYDiOVGd1YpVucYPZf6HpM8MKP2Awdd9ouXcR HTTP/1.1" 404 1251 "-" "Mozilla/5.0 (Linux; Android 6.0.1; Nexus 5X Build/MMB29P) AppleWebKit/537.36 (KHTML, like Gecko) Chrome/137.0.7151.103 Mobile Safari/537.36 (compatible; Googlebot/2.1; +http://www.google.com/bot.html)"
66.249.79.192 - - [13/Jul/2025:12:45:19 -0400] "GET /pcmypage?callback=product%2Fdetail%2Fyagiken-4989632320303 HTTP/1.1" 404 1251 "-" "Mozilla/5.0 (Linux; Android 6.0.1; Nexus 5X Build/MMB29P) AppleWebKit/537.36 (KHTML, like Gecko) Chrome/137.0.7151.119 Mobile Safari/537.36 (compatible; Googlebot/2.1; +http://www.google.com/bot.html)"
66.249.68.128 - - [13/Jul/2025:12:45:32 -0400] "GET /items/ficwl97/7628?key=contractor HTTP/1.1" 404 1251 "-" "Mozilla/5.0 (Linux; Android 6.0.1; Nexus 5X Build/MMB29P) AppleWebKit/537.36 (KHTML, like Gecko) Chrome/137.0.7151.103 Mobile Safari/537.36 (compatible; Googlebot/2.1; +http://www.google.com/bot.html)"
66.249.68.128 - - [13/Jul/2025:12:45:33 -0400] "GET /pcmypage?callback=product%2Fdetail%2Fupb-houseup-713-512 HTTP/1.1" 404 1251 "-" "Mozilla/5.0 (Linux; Android 6.0.1; Nexus 5X Build/MMB29P) AppleWebKit/537.36 (KHTML, like Gecko) Chrome/137.0.7151.103 Mobile Safari/537.36 (compatible; Googlebot/2.1; +http://www.google.com/bot.html)"
66.249.68.128 - - [13/Jul/2025:12:45:35 -0400] "GET /items/ndcwq65/11552?key=artificial HTTP/1.1" 404 1251 "-" "Mozilla/5.0 (Linux; Android 6.0.1; Nexus 5X Build/MMB29P) AppleWebKit/537.36 (KHTML, like Gecko) Chrome/137.0.7151.103 Mobile Safari/537.36 (compatible; Googlebot/2.1; +http://www.google.com/bot.html)"
66.249.68.137 - - [13/Jul/2025:12:45:36 -0400] "GET /items/ndcwq65/11552?key=artificial HTTP/1.1" 404 1251 "-" "Mozilla/5.0 (compatible; Googlebot/2.1; +http://www.google.com/bot.html)"
66.249.68.137 - - [13/Jul/2025:12:45:51 -0400] "GET /items/rhqgi236/44961?key=condemn HTTP/1.1" 404 1251 "-" "Mozilla/5.0 (Linux; Android 6.0.1; Nexus 5X Build/MMB29P) AppleWebKit/537.36 (KHTML, like Gecko) Chrome/137.0.7151.103 Mobile Safari/537.36 (compatible; Googlebot/2.1; +http://www.google.com/bot.html)"
66.249.68.137 - - [13/Jul/2025:12:46:04 -0400] "GET /items/242038514.html?srsltid=AfmBOofxdcMlVoblKObu6mlfGMSJXsEJMCqSKbWfFiAu6VaEpyVx HTTP/1.1" 404 1251 "-" "Mozilla/5.0 (compatible; Googlebot/2.1; +http://www.google.com/bot.html)"
66.249.68.137 - - [13/Jul/2025:12:46:27 -0400] "GET /items/mgyax82/463?key=stick HTTP/1.1" 404 1251 "-" "Mozilla/5.0 (Linux; Android 6.0.1; Nexus 5X Build/MMB29P) AppleWebKit/537.36 (KHTML, like Gecko) Chrome/137.0.7151.103 Mobile Safari/537.36 (compatible; Googlebot/2.1; +http://www.google.com/bot.html)"
66.249.79.206 - - [13/Jul/2025:12:46:39 -0400] "GET /pcmypage?callback=product/review/autobacs-ec-4560459225950 HTTP/1.1" 404 1251 "-" "Mozilla/5.0 (compatible; Googlebot/2.1; +http://www.google.com/bot.html)"
66.249.79.206 - - [13/Jul/2025:12:46:41 -0400] "GET /search.php?165jxpmp12170.html HTTP/1.1" 404 1251 "-" "Mozilla/5.0 (compatible; Googlebot/2.1; +http://www.google.com/bot.html)"
66.249.68.137 - - [13/Jul/2025:12:46:42 -0400] "GET /pcmypage?callback=product/review/sakan8man-trus-8664862 HTTP/1.1" 404 1251 "-" "Mozilla/5.0 (Linux; Android 6.0.1; Nexus 5X Build/MMB29P) AppleWebKit/537.36 (KHTML, like Gecko) Chrome/137.0.7151.103 Mobile Safari/537.36 (compatible; Googlebot/2.1; +http://www.google.com/bot.html)"
66.249.68.137 - - [13/Jul/2025:12:46:42 -0400] "GET /items/064011668.html?srsltid=AfmBOodboiQXvrJCHBDYoPpdWHfZxCceRZrrgdZnopwAVfAHcGLK HTTP/1.1" 404 1251 "-" "Mozilla/5.0 (Linux; Android 6.0.1; Nexus 5X Build/MMB29P) AppleWebKit/537.36 (KHTML, like Gecko) Chrome/137.0.7151.103 Mobile Safari/537.36 (compatible; Googlebot/2.1; +http://www.google.com/bot.html)"
66.249.68.137 - - [13/Jul/2025:12:46:43 -0400] "GET /items/xcfyj16/3063?key=session HTTP/1.1" 404 1251 "-" "Mozilla/5.0 (Linux; Android 6.0.1; Nexus 5X Build/MMB29P) AppleWebKit/537.36 (KHTML, like Gecko) Chrome/137.0.7151.103 Mobile Safari/537.36 (compatible; Googlebot/2.1; +http://www.google.com/bot.html)"
66.249.79.206 - - [13/Jul/2025:12:46:44 -0400] "GET /pcmypage?callback=product/review/abebuppan-ab0104kzee09bob-1 HTTP/1.1" 404 1251 "-" "Mozilla/5.0 (Linux; Android 6.0.1; Nexus 5X Build/MMB29P) AppleWebKit/537.36 (KHTML, like Gecko) Chrome/137.0.7151.119 Mobile Safari/537.36 (compatible; Googlebot/2.1; +http://www.google.com/bot.html)"
66.249.68.129 - - [13/Jul/2025:12:47:01 -0400] "GET /items/157009651.html?srsltid=AfmBOojbscGJEYRLGHaXRjdYSTdrukoRSY5S4Us5NzcXxNb94oiI HTTP/1.1" 404 1251 "-" "Mozilla/5.0 (compatible; Googlebot/2.1; +http://www.google.com/bot.html)"
66.249.79.192 - - [13/Jul/2025:12:47:50 -0400] "GET /items/213020349.html?srsltid=AfmBOoviwJcgtctUbsAkQk3rRScSsQfgTfArgKdpLDdHyZWSwAfC HTTP/1.1" 404 1251 "-" "Mozilla/5.0 (compatible; Googlebot/2.1; +http://www.google.com/bot.html)"
66.249.68.137 - - [13/Jul/2025:12:47:52 -0400] "GET /pcmypage?callback=product/review/re-vida-k0-6893189-seafoam HTTP/1.1" 404 1251 "-" "Mozilla/5.0 (Linux; Android 6.0.1; Nexus 5X Build/MMB29P) AppleWebKit/537.36 (KHTML, like Gecko) Chrome/137.0.7151.103 Mobile Safari/537.36 (compatible; Googlebot/2.1; +http://www.google.com/bot.html)"
66.249.79.193 - - [13/Jul/2025:12:48:06 -0400] "GET /items/079052801.html?srsltid=AfmBOokrwZUoLxgPXyNh4Zg9FKdHNbiOz7R3dhJrQTWwB0OlHbgj HTTP/1.1" 404 1251 "-" "Mozilla/5.0 (compatible; Googlebot/2.1; +http://www.google.com/bot.html)"
66.249.79.192 - - [13/Jul/2025:12:48:07 -0400] "GET /items/079052801.html?srsltid=AfmBOokrwZUoLxgPXyNh4Zg9FKdHNbiOz7R3dhJrQTWwB0OlHbgj HTTP/1.1" 404 1251 "-" "Mozilla/5.0 (Linux; Android 6.0.1; Nexus 5X Build/MMB29P) AppleWebKit/537.36 (KHTML, like Gecko) Chrome/137.0.7151.103 Mobile Safari/537.36 (compatible; Googlebot/2.1; +http://www.google.com/bot.html)"
66.249.68.129 - - [13/Jul/2025:12:48:14 -0400] "GET /items/uvaqh254/10101?key=consequently HTTP/1.1" 404 1251 "-" "Mozilla/5.0 (compatible; Googlebot/2.1; +http://www.google.com/bot.html)"
172.182.224.15 - - [13/Jul/2025:12:48:15 -0400] "GET /search.php?pcmypage%3Fcallback=product%2Freview%2Fiportshop-od-ktd4-80-100s HTTP/1.1" 404 1251 "-" "Mozilla/5.0 (Macintosh; Intel Mac OS X 10_15_7) AppleWebKit/537.36 (KHTML, like Gecko) Chrome/131.0.0.0 Safari/537.36; compatible; OAI-SearchBot/1.0; +https://openai.com/searchbot"
66.249.79.206 - - [13/Jul/2025:12:48:52 -0400] "GET /items/196043626.html?srsltid=AfmBOoiilzuDLyDXZYZmJ9u0ZmWJAeBenPi0U1AADOANCVRDhA3N HTTP/1.1" 404 1251 "-" "Mozilla/5.0 (Linux; Android 6.0.1; Nexus 5X Build/MMB29P) AppleWebKit/537.36 (KHTML, like Gecko) Chrome/137.0.7151.103 Mobile Safari/537.36 (compatible; Googlebot/2.1; +http://www.google.com/bot.html)"
66.249.79.206 - - [13/Jul/2025:12:49:00 -0400] "GET /pcmypage?callback=product/review/auc-mhfriend-1329447 HTTP/1.1" 404 1251 "-" "Mozilla/5.0 (Linux; Android 6.0.1; Nexus 5X Build/MMB29P) AppleWebKit/537.36 (KHTML, like Gecko) Chrome/137.0.7151.103 Mobile Safari/537.36 (compatible; Googlebot/2.1; +http://www.google.com/bot.html)"
66.249.68.129 - - [13/Jul/2025:12:49:03 -0400] "GET /items/054028966.html?srsltid=AfmBOopfdljuwidEtbMHaUXqZCXGSiNszjKPPnSPkYdAGN483Vh0 HTTP/1.1" 404 1251 "-" "Mozilla/5.0 (Linux; Android 6.0.1; Nexus 5X Build/MMB29P) AppleWebKit/537.36 (KHTML, like Gecko) Chrome/137.0.7151.103 Mobile Safari/537.36 (compatible; Googlebot/2.1; +http://www.google.com/bot.html)"
66.249.68.128 - - [13/Jul/2025:12:49:03 -0400] "GET /items/082045496.html?srsltid=AfmBOorthvxiSFHYNyqN087TFatkdUsYx0gL1bMX5FdQdClJbWDw HTTP/1.1" 404 1251 "-" "Mozilla/5.0 (Linux; Android 6.0.1; Nexus 5X Build/MMB29P) AppleWebKit/537.36 (KHTML, like Gecko) Chrome/137.0.7151.103 Mobile Safari/537.36 (compatible; Googlebot/2.1; +http://www.google.com/bot.html)"
66.249.68.137 - - [13/Jul/2025:12:49:09 -0400] "GET /pcmypage?callback=product/review/asty-shop-c2-cjw4h5gj0h-5qvj HTTP/1.1" 404 1251 "-" "Mozilla/5.0 (Linux; Android 6.0.1; Nexus 5X Build/MMB29P) AppleWebKit/537.36 (KHTML, like Gecko) Chrome/137.0.7151.103 Mobile Safari/537.36 (compatible; Googlebot/2.1; +http://www.google.com/bot.html)"
66.249.68.137 - - [13/Jul/2025:12:49:14 -0400] "GET /items/btute265/25744?key=thinking HTTP/1.1" 404 1251 "-" "Mozilla/5.0 (compatible; Googlebot/2.1; +http://www.google.com/bot.html)"
135.234.64.4 - - [13/Jul/2025:12:49:19 -0400] "GET /items/qvsgz7/890?key=charm HTTP/1.1" 404 1251 "-" "Mozilla/5.0 (Macintosh; Intel Mac OS X 10_15_7) AppleWebKit/537.36 (KHTML, like Gecko) Chrome/131.0.0.0 Safari/537.36; compatible; OAI-SearchBot/1.0; +https://openai.com/searchbot"
20.169.7.57 - - [13/Jul/2025:12:49:22 -0400] "GET /zhHant/product/surugaya/book-17202654?campaign_uid=f64d716db5e979ed2f947dbaf4296895b951ae7f HTTP/1.1" 404 1251 "-" "Mozilla/5.0 (Macintosh; Intel Mac OS X 10_15_7) AppleWebKit/537.36 (KHTML, like Gecko) Chrome/131.0.0.0 Safari/537.36; compatible; OAI-SearchBot/1.0; +https://openai.com/searchbot"
172.182.194.155 - - [13/Jul/2025:12:49:26 -0400] "GET /items/irvmy157/44902?key=distract HTTP/1.1" 404 1251 "-" "Mozilla/5.0 (Macintosh; Intel Mac OS X 10_15_7) AppleWebKit/537.36 (KHTML, like Gecko) Chrome/131.0.0.0 Safari/537.36; compatible; OAI-SearchBot/1.0; +https://openai.com/searchbot"
66.249.79.206 - - [13/Jul/2025:12:49:26 -0400] "GET /items/gsikh76/503?key=constitute HTTP/1.1" 404 1251 "-" "Mozilla/5.0 (compatible; Googlebot/2.1; +http://www.google.com/bot.html)"
66.249.79.194 - - [13/Jul/2025:12:49:38 -0400] "GET /search.php?93kungz4500.html HTTP/1.1" 404 1251 "-" "Mozilla/5.0 (Linux; Android 6.0.1; Nexus 5X Build/MMB29P) AppleWebKit/537.36 (KHTML, like Gecko) Chrome/137.0.7151.103 Mobile Safari/537.36 (compatible; Googlebot/2.1; +http://www.google.com/bot.html)"
40.77.167.241 - - [13/Jul/2025:12:49:44 -0400] "GET /ar/project/p7 HTTP/1.1" 404 1251 "-" "Mozilla/5.0 AppleWebKit/537.36 (KHTML, like Gecko; compatible; bingbot/2.0; +http://www.bing.com/bingbot.htm) Chrome/116.0.1938.76 Safari/537.36"
66.249.68.137 - - [13/Jul/2025:12:50:11 -0400] "GET /items/hxhrt148/45691?key=occupy HTTP/1.1" 404 1251 "-" "Mozilla/5.0 (Linux; Android 6.0.1; Nexus 5X Build/MMB29P) AppleWebKit/537.36 (KHTML, like Gecko) Chrome/137.0.7151.103 Mobile Safari/537.36 (compatible; Googlebot/2.1; +http://www.google.com/bot.html)"
66.249.68.137 - - [13/Jul/2025:12:50:15 -0400] "GET /items/221031833.html?srsltid=AfmBOoyfwLQBXPqyfIkux7R5AZKeywajkf5CCc3A9iN2Lox6MWB5 HTTP/1.1" 404 1251 "-" "Mozilla/5.0 (Linux; Android 6.0.1; Nexus 5X Build/MMB29P) AppleWebKit/537.36 (KHTML, like Gecko) Chrome/137.0.7151.103 Mobile Safari/537.36 (compatible; Googlebot/2.1; +http://www.google.com/bot.html)"
66.249.68.128 - - [13/Jul/2025:12:50:15 -0400] "GET /pcmypage?callback=/product%2Fdetail%2Bsecond-balaalpha2 HTTP/1.1" 404 1251 "-" "Mozilla/5.0 (Linux; Android 6.0.1; Nexus 5X Build/MMB29P) AppleWebKit/537.36 (KHTML, like Gecko) Chrome/137.0.7151.103 Mobile Safari/537.36 (compatible; Googlebot/2.1; +http://www.google.com/bot.html)"
66.249.79.196 - - [13/Jul/2025:12:50:16 -0400] "GET /pcmypage?callback=/product%2Fdetail%2Asty-shop-c2-bcw6tti127-5qvj HTTP/1.1" 404 1251 "-" "Mozilla/5.0 (Linux; Android 6.0.1; Nexus 5X Build/MMB29P) AppleWebKit/537.36 (KHTML, like Gecko) Chrome/137.0.7151.103 Mobile Safari/537.36 (compatible; Googlebot/2.1; +http://www.google.com/bot.html)"
66.249.79.196 - - [13/Jul/2025:12:50:18 -0400] "GET /pcmypage?callback=product%2Fdetail%2Fmaido-diy-my-fhs425333a-dahtn HTTP/1.1" 404 1251 "-" "Mozilla/5.0 (Linux; Android 6.0.1; Nexus 5X Build/MMB29P) AppleWebKit/537.36 (KHTML, like Gecko) Chrome/137.0.7151.103 Mobile Safari/537.36 (compatible; Googlebot/2.1; +http://www.google.com/bot.html)"
66.249.68.137 - - [13/Jul/2025:12:50:21 -0400] "GET /items/011045803.html?srsltid=AfmBOozgsQulyiMTrGRn0o7VPTsEMfWzpQFY4yLTNbRkSIbtfWvP HTTP/1.1" 404 1251 "-" "Mozilla/5.0 (compatible; Googlebot/2.1; +http://www.google.com/bot.html)"
66.249.68.137 - - [13/Jul/2025:12:50:43 -0400] "GET /items/ynziu60/297?key=proceed HTTP/1.1" 404 1251 "-" "Mozilla/5.0 (Linux; Android 6.0.1; Nexus 5X Build/MMB29P) AppleWebKit/537.36 (KHTML, like Gecko) Chrome/137.0.7151.119 Mobile Safari/537.36 (compatible; Googlebot/2.1; +http://www.google.com/bot.html)"
66.249.68.137 - - [13/Jul/2025:12:50:46 -0400] "GET /items/001000809.html?srsltid=AfmBOoasbillpOWoEdEbnA5SRvgFwuAu6FdXAVQFB4z8R3a0jdg0 HTTP/1.1" 404 1251 "-" "Mozilla/5.0 (compatible; Googlebot/2.1; +http://www.google.com/bot.html)"
66.249.68.137 - - [13/Jul/2025:12:50:53 -0400] "GET /search?category=303&search_word= HTTP/1.1" 404 1251 "-" "Mozilla/5.0 (Linux; Android 6.0.1; Nexus 5X Build/MMB29P) AppleWebKit/537.36 (KHTML, like Gecko) Chrome/137.0.7151.103 Mobile Safari/537.36 (compatible; Googlebot/2.1; +http://www.google.com/bot.html)"
66.249.79.194 - - [13/Jul/2025:12:50:53 -0400] "GET /items/035047213.html?srsltid=AfmBOohmelbeErVzWEeanNiLRMuBVkMJ9V1IRAwcPoGydxeWeNFs HTTP/1.1" 404 1251 "-" "Mozilla/5.0 (Linux; Android 6.0.1; Nexus 5X Build/MMB29P) AppleWebKit/537.36 (KHTML, like Gecko) Chrome/137.0.7151.103 Mobile Safari/537.36 (compatible; Googlebot/2.1; +http://www.google.com/bot.html)"
66.249.79.194 - - [13/Jul/2025:12:50:54 -0400] "GET /pcmypage?callback=/product%2Fdetail%2Biccamera-4580586460567 HTTP/1.1" 404 1251 "-" "Mozilla/5.0 (Linux; Android 6.0.1; Nexus 5X Build/MMB29P) AppleWebKit/537.36 (KHTML, like Gecko) Chrome/137.0.7151.103 Mobile Safari/537.36 (compatible; Googlebot/2.1; +http://www.google.com/bot.html)"
66.249.79.194 - - [13/Jul/2025:12:50:56 -0400] "GET /search.php?Israeli/seller49/7c1sk-48963/ HTTP/1.1" 404 1251 "-" "Mozilla/5.0 (compatible; Googlebot/2.1; +http://www.google.com/bot.html)"
66.249.68.137 - - [13/Jul/2025:12:51:03 -0400] "GET /items/yahgi298/19671?key=member HTTP/1.1" 404 1251 "-" "Mozilla/5.0 (Linux; Android 6.0.1; Nexus 5X Build/MMB29P) AppleWebKit/537.36 (KHTML, like Gecko) Chrome/137.0.7151.103 Mobile Safari/537.36 (compatible; Googlebot/2.1; +http://www.google.com/bot.html)"
66.249.79.195 - - [13/Jul/2025:12:51:12 -0400] "GET /pcmypage?callback=product%2Fdetail%2Fcoordiroom-ab55860 HTTP/1.1" 404 1251 "-" "Mozilla/5.0 (Linux; Android 6.0.1; Nexus 5X Build/MMB29P) AppleWebKit/537.36 (KHTML, like Gecko) Chrome/137.0.7151.103 Mobile Safari/537.36 (compatible; Googlebot/2.1; +http://www.google.com/bot.html)"
66.249.68.137 - - [13/Jul/2025:12:51:14 -0400] "GET /items/ixsls7/460?key=nearly HTTP/1.1" 404 1251 "-" "Mozilla/5.0 (Linux; Android 6.0.1; Nexus 5X Build/MMB29P) AppleWebKit/537.36 (KHTML, like Gecko) Chrome/137.0.7151.103 Mobile Safari/537.36 (compatible; Googlebot/2.1; +http://www.google.com/bot.html)"
66.249.68.137 - - [13/Jul/2025:12:51:30 -0400] "GET /items/bxmpp165/20856?key=previously HTTP/1.1" 404 1251 "-" "Mozilla/5.0 (Linux; Android 6.0.1; Nexus 5X Build/MMB29P) AppleWebKit/537.36 (KHTML, like Gecko) Chrome/137.0.7151.103 Mobile Safari/537.36 (compatible; Googlebot/2.1; +http://www.google.com/bot.html)"
66.249.68.137 - - [13/Jul/2025:12:51:30 -0400] "GET /items/ohpde100/45855?key=quietly HTTP/1.1" 404 1251 "-" "Mozilla/5.0 (Linux; Android 6.0.1; Nexus 5X Build/MMB29P) AppleWebKit/537.36 (KHTML, like Gecko) Chrome/137.0.7151.103 Mobile Safari/537.36 (compatible; Googlebot/2.1; +http://www.google.com/bot.html)"
47.82.60.41 - - [13/Jul/2025:12:51:31 -0400] "GET /items/013001335.html HTTP/1.1" 404 1251 "https://first-gulf.com.sa/items/013001335.html" "Mozilla/5.0 (Windows NT 10.0; Win64; x64) AppleWebKit/537.36 (KHTML, like Gecko) Chrome/114.0.0.0 Safari/537.36 Edg/114.0.1823.43"
66.249.79.195 - - [13/Jul/2025:12:51:33 -0400] "GET /pcmypage?callback=product/review/tenpos2-gf1-71158 HTTP/1.1" 404 1251 "-" "Mozilla/5.0 (compatible; Googlebot/2.1; +http://www.google.com/bot.html)"
66.249.68.137 - - [13/Jul/2025:12:51:35 -0400] "GET /items/eklfy117/32578?key=bush HTTP/1.1" 404 1251 "-" "Mozilla/5.0 (compatible; Googlebot/2.1; +http://www.google.com/bot.html)"
66.249.68.128 - - [13/Jul/2025:12:52:01 -0400] "GET /items/092049676.html?srsltid=AfmBOosyjdvBvATEaKDYZDZHVwsDEFcMEw0KdXX1TUIaexZW550K HTTP/1.1" 404 1251 "-" "Mozilla/5.0 (compatible; Googlebot/2.1; +http://www.google.com/bot.html)"
47.82.60.18 - - [13/Jul/2025:12:52:05 -0400] "GET /items/nnhvk145/12090?key=date HTTP/1.1" 404 1251 "https://first-gulf.com.sa/items/nnhvk145/12090?key=date" "Mozilla/5.0 (Windows NT 10.0; Win64; x64) AppleWebKit/537.36 (KHTML, like Gecko) Chrome/114.0.0.0 Safari/537.36 Edg/114.0.1823.43"
66.29.146.47 - - [13/Jul/2025:12:52:08 -0400] "POST /wp-cron.php?doing_wp_cron=1752425528.0345289707183837890625 HTTP/1.1" 403 1242 "-" "WordPress/6.8; https://first-gulf.com.sa"
196.251.84.106 - - [13/Jul/2025:12:52:01 -0400] "POST /wp-login.php HTTP/1.1" 200 3023 "-" "Mozilla/5.0"
