66.249.79.195 - - [13/Jul/2025:17:34:48 -0400] "GET /items/242005578.html?srsltid=AfmBOozbeIDsCHHuugavzsNEMkssYYEnDi5byWbYdagPbZaTfsjl HTTP/1.1" 404 1251 "-" "Mozilla/5.0 (Linux; Android 6.0.1; Nexus 5X Build/MMB29P) AppleWebKit/537.36 (KHTML, like Gecko) Chrome/137.0.7151.103 Mobile Safari/537.36 (compatible; Googlebot/2.1; +http://www.google.com/bot.html)"
54.36.61.94 - - [13/Jul/2025:17:34:48 -0400] "GET /sitemap-1.xml HTTP/1.1" 404 1251 "-" "Mozilla/5.0 (X11; Linux x86_64) AppleWebKit/537.36 (KHTML, like Gecko) Chrome/137.0.7151.69 Safari/537.36"
51.68.229.140 - - [13/Jul/2025:17:34:49 -0400] "GET /sitemap-1.xml HTTP/1.1" 404 1251 "-" "Mozilla/5.0 (X11; Linux x86_64) AppleWebKit/537.36 (KHTML, like Gecko) Chrome/137.0.7151.69 Safari/537.36"
157.245.0.99 - - [13/Jul/2025:17:34:50 -0400] "GET /sitemap-1.xml HTTP/1.1" 404 1251 "-" "Mozilla/5.0 (X11; Linux x86_64) AppleWebKit/537.36 (KHTML, like Gecko) Chrome/137.0.7151.69 Safari/537.36"
93.43.60.158 - - [13/Jul/2025:17:34:52 -0400] "GET /sitemap-1.xml HTTP/1.1" 404 1251 "-" "Mozilla/5.0 (X11; Linux x86_64) AppleWebKit/537.36 (KHTML, like Gecko) Chrome/137.0.7151.69 Safari/537.36"
40.81.243.134 - - [13/Jul/2025:17:34:54 -0400] "GET /wp-content/uploads/2025/07/ HTTP/1.1" 404 1251 "binance.com" "Mozilla/5.0 (Windows NT 10.0; Win64; x64) AppleWebKit/537.36 (KHTML, like Gecko) Chrome/90.0.4430.85 Safari/537.36"
5.161.85.228 - - [13/Jul/2025:17:34:54 -0400] "GET /sitemap-1.xml HTTP/1.1" 404 1251 "-" "Mozilla/5.0 (X11; Linux x86_64) AppleWebKit/537.36 (KHTML, like Gecko) Chrome/137.0.7151.69 Safari/537.36"
66.249.79.195 - - [13/Jul/2025:17:34:55 -0400] "GET /items/166033248.html?srsltid=AfmBOozjdmBZzhyhBYhGK6WtOBnAnGWnAbrwHQ1kqnmExjYjMhJA HTTP/1.1" 404 1251 "-" "Mozilla/5.0 (Linux; Android 6.0.1; Nexus 5X Build/MMB29P) AppleWebKit/537.36 (KHTML, like Gecko) Chrome/137.0.7151.103 Mobile Safari/537.36 (compatible; Googlebot/2.1; +http://www.google.com/bot.html)"
194.233.87.153 - - [13/Jul/2025:17:34:57 -0400] "GET /sitemap-1.xml HTTP/1.1" 404 1251 "-" "Mozilla/5.0 (X11; Linux x86_64) AppleWebKit/537.36 (KHTML, like Gecko) Chrome/137.0.7151.69 Safari/537.36"
52.167.144.158 - - [13/Jul/2025:17:34:58 -0400] "GET /qrlhypothenicte2/jqeuv885383.html HTTP/1.1" 404 1251 "-" "Mozilla/5.0 AppleWebKit/537.36 (KHTML, like Gecko; compatible; bingbot/2.0; +http://www.bing.com/bingbot.htm) Chrome/116.0.1938.76 Safari/537.36"
185.3.235.252 - - [13/Jul/2025:17:34:58 -0400] "GET /sitemap-1.xml HTTP/1.1" 404 1251 "-" "Mozilla/5.0 (X11; Linux x86_64) AppleWebKit/537.36 (KHTML, like Gecko) Chrome/137.0.7151.69 Safari/537.36"
61.171.113.15 - - [13/Jul/2025:17:35:01 -0400] "GET /sitemap-1.xml HTTP/1.1" 404 1251 "-" "Mozilla/5.0 (X11; Linux x86_64) AppleWebKit/537.36 (KHTML, like Gecko) Chrome/137.0.7151.69 Safari/537.36"
66.29.146.47 - - [13/Jul/2025:17:35:02 -0400] "POST /wp-cron.php?doing_wp_cron=1752442502.5330400466918945312500 HTTP/1.1" 403 1242 "-" "WordPress/6.8; https://first-gulf.com.sa"
196.251.84.106 - - [13/Jul/2025:17:34:52 -0400] "POST /wp-login.php HTTP/1.1" 200 2988 "-" "Mozilla/5.0"
66.249.79.195 - - [13/Jul/2025:17:35:04 -0400] "GET /items/274015516.html?srsltid=AfmBOotlyjxZWNsYjMgtld3OPudjJpRQoY8vs63mSTbNmE7sABwF HTTP/1.1" 404 1251 "-" "Mozilla/5.0 (Linux; Android 6.0.1; Nexus 5X Build/MMB29P) AppleWebKit/537.36 (KHTML, like Gecko) Chrome/137.0.7151.103 Mobile Safari/537.36 (compatible; Googlebot/2.1; +http://www.google.com/bot.html)"
91.236.136.218 - - [13/Jul/2025:17:35:04 -0400] "GET /sitemap-1.xml HTTP/1.1" 404 1251 "-" "Mozilla/5.0 (X11; Linux x86_64) AppleWebKit/537.36 (KHTML, like Gecko) Chrome/137.0.7151.69 Safari/537.36"
40.81.243.134 - - [13/Jul/2025:17:35:04 -0400] "GET /wp-content/uploads/2025/06/ HTTP/1.1" 404 1251 "binance.com" "Mozilla/5.0 (Windows NT 10.0; Win64; x64) AppleWebKit/537.36 (KHTML, like Gecko) Chrome/90.0.4430.85 Safari/537.36"
66.249.79.196 - - [13/Jul/2025:17:35:06 -0400] "GET /pcmypage?callback=product%2Fdetail%2Fdaishinshop-1445-0083853 HTTP/1.1" 404 1251 "-" "Mozilla/5.0 (Linux; Android 6.0.1; Nexus 5X Build/MMB29P) AppleWebKit/537.36 (KHTML, like Gecko) Chrome/137.0.7151.103 Mobile Safari/537.36 (compatible; Googlebot/2.1; +http://www.google.com/bot.html)"
66.249.79.194 - - [13/Jul/2025:17:35:07 -0400] "GET /search.php?pcmypage?callback=product%2Fdetail%2Ffirst34-trusco-1893496 HTTP/1.1" 404 1251 "-" "Mozilla/5.0 (Linux; Android 6.0.1; Nexus 5X Build/MMB29P) AppleWebKit/537.36 (KHTML, like Gecko) Chrome/137.0.7151.103 Mobile Safari/537.36 (compatible; Googlebot/2.1; +http://www.google.com/bot.html)"
66.249.68.129 - - [13/Jul/2025:17:35:12 -0400] "GET /events/ HTTP/1.1" 404 1251 "-" "Mozilla/5.0 (Linux; Android 6.0.1; Nexus 5X Build/MMB29P) AppleWebKit/537.36 (KHTML, like Gecko) Chrome/137.0.7151.103 Mobile Safari/537.36 (compatible; Googlebot/2.1; +http://www.google.com/bot.html)"
66.249.68.129 - - [13/Jul/2025:17:35:13 -0400] "GET /items/034032504.html?srsltid=AfmBOozrdZALNbDssNtJ5eVAHuvcDDumdNm2MJgD41DgFAj5YzMI HTTP/1.1" 404 1251 "-" "Mozilla/5.0 (Linux; Android 6.0.1; Nexus 5X Build/MMB29P) AppleWebKit/537.36 (KHTML, like Gecko) Chrome/137.0.7151.103 Mobile Safari/537.36 (compatible; Googlebot/2.1; +http://www.google.com/bot.html)"
40.81.243.134 - - [13/Jul/2025:17:35:13 -0400] "GET /wp-content/uploads/ HTTP/1.1" 200 968 "binance.com" "Mozilla/5.0 (Windows NT 10.0; Win64; x64) AppleWebKit/537.36 (KHTML, like Gecko) Chrome/90.0.4430.85 Safari/537.36"
66.249.68.128 - - [13/Jul/2025:17:35:25 -0400] "GET /pcmypage?callback=product/review/world-depo-mts-2228626 HTTP/1.1" 404 1251 "-" "Mozilla/5.0 (Linux; Android 6.0.1; Nexus 5X Build/MMB29P) AppleWebKit/537.36 (KHTML, like Gecko) Chrome/137.0.7151.103 Mobile Safari/537.36 (compatible; Googlebot/2.1; +http://www.google.com/bot.html)"
40.81.243.134 - - [13/Jul/2025:17:35:28 -0400] "GET /wp-content/upgrade/ HTTP/1.1" 200 548 "binance.com" "Mozilla/5.0 (Windows NT 10.0; Win64; x64) AppleWebKit/537.36 (KHTML, like Gecko) Chrome/90.0.4430.85 Safari/537.36"
66.249.68.137 - - [13/Jul/2025:17:35:30 -0400] "GET /items/032022744.html?srsltid=AfmBOoznlhqhINlydklwDPjBQVrYLgcYHh0SfYjxKLwembjbyQ3e HTTP/1.1" 404 1251 "-" "Mozilla/5.0 (compatible; Googlebot/2.1; +http://www.google.com/bot.html)"
47.82.60.42 - - [13/Jul/2025:17:35:35 -0400] "GET /items/zyadr6/371?key=valuable HTTP/1.1" 404 1251 "https://first-gulf.com.sa/items/zyadr6/371?key=valuable" "Mozilla/5.0 (Windows NT 10.0; Win64; x64) AppleWebKit/537.36 (KHTML, like Gecko) Chrome/114.0.0.0 Safari/537.36 Edg/114.0.1823.43"
66.249.68.137 - - [13/Jul/2025:17:35:35 -0400] "GET /items/zqpri63/38?key=rely HTTP/1.1" 404 1251 "-" "Mozilla/5.0 (Linux; Android 6.0.1; Nexus 5X Build/MMB29P) AppleWebKit/537.36 (KHTML, like Gecko) Chrome/137.0.7151.103 Mobile Safari/537.36 (compatible; Googlebot/2.1; +http://www.google.com/bot.html)"
66.249.79.195 - - [13/Jul/2025:17:35:37 -0400] "GET /items/081006553.html?srsltid=AfmBOohsiwHwecdMwCbVn5hAEvgHnCfAWcC1IJCoUCj1BqyN10Rn HTTP/1.1" 404 1251 "-" "Mozilla/5.0 (Linux; Android 6.0.1; Nexus 5X Build/MMB29P) AppleWebKit/537.36 (KHTML, like Gecko) Chrome/137.0.7151.103 Mobile Safari/537.36 (compatible; Googlebot/2.1; +http://www.google.com/bot.html)"
40.81.243.134 - - [13/Jul/2025:17:35:40 -0400] "GET /wp-content/languages/ HTTP/1.1" 200 3229 "binance.com" "Mozilla/5.0 (Windows NT 10.0; Win64; x64) AppleWebKit/537.36 (KHTML, like Gecko) Chrome/90.0.4430.85 Safari/537.36"
40.81.243.134 - - [13/Jul/2025:17:35:45 -0400] "GET /wp-content/languages/ HTTP/1.1" 200 3229 "binance.com" "Mozilla/5.0 (Windows NT 10.0; Win64; x64) AppleWebKit/537.36 (KHTML, like Gecko) Chrome/90.0.4430.85 Safari/537.36"
66.249.68.137 - - [13/Jul/2025:17:35:46 -0400] "GET /items/024000160.html?srsltid=AfmBOorcfnQWlUlPAwaCkt5XPWAWvBIxv4X4rl3MzYwDsAC6un48 HTTP/1.1" 404 1251 "-" "Mozilla/5.0 (compatible; Googlebot/2.1; +http://www.google.com/bot.html)"
40.81.243.134 - - [13/Jul/2025:17:35:53 -0400] "GET /wp-content/languages/admin-ar.l10n.php HTTP/1.1" 403 1242 "binance.com" "Mozilla/5.0 (Windows NT 10.0; Win64; x64) AppleWebKit/537.36 (KHTML, like Gecko) Chrome/90.0.4430.85 Safari/537.36"
66.249.68.137 - - [13/Jul/2025:17:35:57 -0400] "GET /pcmypage?callback=product/review/mituboshicamera-4545350056452 HTTP/1.1" 404 1251 "-" "Mozilla/5.0 (Linux; Android 6.0.1; Nexus 5X Build/MMB29P) AppleWebKit/537.36 (KHTML, like Gecko) Chrome/137.0.7151.103 Mobile Safari/537.36 (compatible; Googlebot/2.1; +http://www.google.com/bot.html)"
66.249.79.194 - - [13/Jul/2025:17:35:59 -0400] "GET /items/179012125.html?srsltid=AfmBOoytfotatCmxUmDePIxBJlREStEoCDWk0f1leOROzTzyU0sd HTTP/1.1" 404 1251 "-" "Mozilla/5.0 (Linux; Android 6.0.1; Nexus 5X Build/MMB29P) AppleWebKit/537.36 (KHTML, like Gecko) Chrome/137.0.7151.103 Mobile Safari/537.36 (compatible; Googlebot/2.1; +http://www.google.com/bot.html)"
40.81.243.134 - - [13/Jul/2025:17:36:00 -0400] "GET /wp-content/languages/admin-network-ar.l10n.php HTTP/1.1" 403 1242 "binance.com" "Mozilla/5.0 (Windows NT 10.0; Win64; x64) AppleWebKit/537.36 (KHTML, like Gecko) Chrome/90.0.4430.85 Safari/537.36"
66.249.79.194 - - [13/Jul/2025:17:36:08 -0400] "GET /pcmypage?callback=product%2Fdetail%2Ffirst23-trusco-2584524 HTTP/1.1" 404 1251 "-" "Mozilla/5.0 (compatible; Googlebot/2.1; +http://www.google.com/bot.html)"
66.249.68.129 - - [13/Jul/2025:17:36:09 -0400] "GET /items/qehhe242/19039?key=goal HTTP/1.1" 404 1251 "-" "Mozilla/5.0 (Linux; Android 6.0.1; Nexus 5X Build/MMB29P) AppleWebKit/537.36 (KHTML, like Gecko) Chrome/137.0.7151.119 Mobile Safari/537.36 (compatible; Googlebot/2.1; +http://www.google.com/bot.html)"
40.81.243.134 - - [13/Jul/2025:17:36:14 -0400] "GET /wp-content/languages/ar.l10n.php HTTP/1.1" 403 1242 "binance.com" "Mozilla/5.0 (Windows NT 10.0; Win64; x64) AppleWebKit/537.36 (KHTML, like Gecko) Chrome/90.0.4430.85 Safari/537.36"
40.81.243.134 - - [13/Jul/2025:17:36:23 -0400] "GET /wp-content/languages/continents-cities-ar.l10n.php HTTP/1.1" 403 1242 "binance.com" "Mozilla/5.0 (Windows NT 10.0; Win64; x64) AppleWebKit/537.36 (KHTML, like Gecko) Chrome/90.0.4430.85 Safari/537.36"
66.249.68.128 - - [13/Jul/2025:17:36:24 -0400] "GET /search?category=306&search_word= HTTP/1.1" 404 1251 "-" "Mozilla/5.0 (compatible; Googlebot/2.1; +http://www.google.com/bot.html)"
66.249.68.137 - - [13/Jul/2025:17:36:28 -0400] "GET /pcmypage?callback=product%2Fdetail%2Fseven2seven-ssw-mid-1 HTTP/1.1" 404 1251 "-" "Mozilla/5.0 (Linux; Android 6.0.1; Nexus 5X Build/MMB29P) AppleWebKit/537.36 (KHTML, like Gecko) Chrome/137.0.7151.103 Mobile Safari/537.36 (compatible; Googlebot/2.1; +http://www.google.com/bot.html)"
66.249.68.137 - - [13/Jul/2025:17:36:29 -0400] "GET /items/laome57/1704?key=notice HTTP/1.1" 404 1251 "-" "Mozilla/5.0 (Linux; Android 6.0.1; Nexus 5X Build/MMB29P) AppleWebKit/537.36 (KHTML, like Gecko) Chrome/137.0.7151.103 Mobile Safari/537.36 (compatible; Googlebot/2.1; +http://www.google.com/bot.html)"
66.249.68.137 - - [13/Jul/2025:17:36:33 -0400] "GET /items/vdvwr25/550?key=symbol HTTP/1.1" 404 1251 "-" "Mozilla/5.0 (Linux; Android 6.0.1; Nexus 5X Build/MMB29P) AppleWebKit/537.36 (KHTML, like Gecko) Chrome/137.0.7151.103 Mobile Safari/537.36 (compatible; Googlebot/2.1; +http://www.google.com/bot.html)"
40.81.243.134 - - [13/Jul/2025:17:36:33 -0400] "GET /wp-admin/includes/ HTTP/1.1" 200 3334 "binance.com" "Mozilla/5.0 (Windows NT 10.0; Win64; x64) AppleWebKit/537.36 (KHTML, like Gecko) Chrome/90.0.4430.85 Safari/537.36"
66.249.79.194 - - [13/Jul/2025:17:36:42 -0400] "GET /pcmypage?callback=product/review/usa-tire-set0034674 HTTP/1.1" 404 1251 "-" "Mozilla/5.0 (Linux; Android 6.0.1; Nexus 5X Build/MMB29P) AppleWebKit/537.36 (KHTML, like Gecko) Chrome/137.0.7151.103 Mobile Safari/537.36 (compatible; Googlebot/2.1; +http://www.google.com/bot.html)"
66.249.79.195 - - [13/Jul/2025:17:36:43 -0400] "GET /items/zjpta248/30783?key=alive HTTP/1.1" 404 1251 "-" "Mozilla/5.0 (Linux; Android 6.0.1; Nexus 5X Build/MMB29P) AppleWebKit/537.36 (KHTML, like Gecko) Chrome/137.0.7151.103 Mobile Safari/537.36 (compatible; Googlebot/2.1; +http://www.google.com/bot.html)"
40.81.243.134 - - [13/Jul/2025:17:36:43 -0400] "GET /wp-admin/includes/ HTTP/1.1" 200 3334 "binance.com" "Mozilla/5.0 (Windows NT 10.0; Win64; x64) AppleWebKit/537.36 (KHTML, like Gecko) Chrome/90.0.4430.85 Safari/537.36"
66.249.68.137 - - [13/Jul/2025:17:36:48 -0400] "GET /items/274032466.html?srsltid=AfmBOojltkFWlHHerkmKO3eaGuUUktrvm7Q1JrLracVqmaBjAsN1 HTTP/1.1" 404 1251 "-" "Mozilla/5.0 (compatible; Googlebot/2.1; +http://www.google.com/bot.html)"
40.81.243.134 - - [13/Jul/2025:17:36:53 -0400] "GET /wp-admin/maint/ HTTP/1.1" 200 626 "binance.com" "Mozilla/5.0 (Windows NT 10.0; Win64; x64) AppleWebKit/537.36 (KHTML, like Gecko) Chrome/90.0.4430.85 Safari/537.36"
66.249.79.194 - - [13/Jul/2025:17:36:54 -0400] "GET /items/nfqbh18/35953?key=whole HTTP/1.1" 404 1251 "-" "Mozilla/5.0 (Linux; Android 6.0.1; Nexus 5X Build/MMB29P) AppleWebKit/537.36 (KHTML, like Gecko) Chrome/137.0.7151.103 Mobile Safari/537.36 (compatible; Googlebot/2.1; +http://www.google.com/bot.html)"
66.249.68.137 - - [13/Jul/2025:17:36:55 -0400] "GET /items/axcre98/25255?key=average HTTP/1.1" 404 1251 "-" "Mozilla/5.0 (compatible; Googlebot/2.1; +http://www.google.com/bot.html)"
66.249.68.137 - - [13/Jul/2025:17:36:55 -0400] "GET /items/axcre98/25255?key=average HTTP/1.1" 404 1251 "-" "Mozilla/5.0 (Linux; Android 6.0.1; Nexus 5X Build/MMB29P) AppleWebKit/537.36 (KHTML, like Gecko) Chrome/137.0.7151.103 Mobile Safari/537.36 (compatible; Googlebot/2.1; +http://www.google.com/bot.html)"
66.249.68.137 - - [13/Jul/2025:17:36:56 -0400] "GET /product/edit/jyuutakusetsubinopuro-20043956 HTTP/1.1" 404 1251 "-" "Mozilla/5.0 (Linux; Android 6.0.1; Nexus 5X Build/MMB29P) AppleWebKit/537.36 (KHTML, like Gecko) Chrome/137.0.7151.103 Mobile Safari/537.36 (compatible; Googlebot/2.1; +http://www.google.com/bot.html)"
66.249.79.194 - - [13/Jul/2025:17:36:57 -0400] "GET /search.php?pcmypage?callback=product%2Fdetail%2Ffirst34-trusco-5653267 HTTP/1.1" 404 1251 "-" "Mozilla/5.0 (Linux; Android 6.0.1; Nexus 5X Build/MMB29P) AppleWebKit/537.36 (KHTML, like Gecko) Chrome/137.0.7151.103 Mobile Safari/537.36 (compatible; Googlebot/2.1; +http://www.google.com/bot.html)"
66.249.79.194 - - [13/Jul/2025:17:36:59 -0400] "GET /pcmypage?callback=product%2Fdetail%2Fauc-ginzaparis-222-98471 HTTP/1.1" 404 1251 "-" "Mozilla/5.0 (compatible; Googlebot/2.1; +http://www.google.com/bot.html)"
40.81.243.134 - - [13/Jul/2025:17:37:02 -0400] "GET /wp-admin/maint/ HTTP/1.1" 200 626 "binance.com" "Mozilla/5.0 (Windows NT 10.0; Win64; x64) AppleWebKit/537.36 (KHTML, like Gecko) Chrome/90.0.4430.85 Safari/537.36"
66.249.79.195 - - [13/Jul/2025:17:37:03 -0400] "GET /pcmypage?callback=product%2Fdetail%2Fgrams-shop-zek67o55c4qliejjtbzyoloqlm-gra-1 HTTP/1.1" 404 1251 "-" "Mozilla/5.0 (compatible; Googlebot/2.1; +http://www.google.com/bot.html)"
66.249.68.137 - - [13/Jul/2025:17:37:05 -0400] "GET /items/214027592.html?srsltid=AfmBOorozXLDdSIqfRcypo7wZexHERBS5ASQHTV5Oecrc3Cpbg3P HTTP/1.1" 404 1251 "-" "Mozilla/5.0 (Linux; Android 6.0.1; Nexus 5X Build/MMB29P) AppleWebKit/537.36 (KHTML, like Gecko) Chrome/137.0.7151.103 Mobile Safari/537.36 (compatible; Googlebot/2.1; +http://www.google.com/bot.html)"
66.249.68.137 - - [13/Jul/2025:17:37:05 -0400] "GET /items/214027592.html?srsltid=AfmBOorozXLDdSIqfRcypo7wZexHERBS5ASQHTV5Oecrc3Cpbg3P HTTP/1.1" 404 1251 "-" "Mozilla/5.0 (compatible; Googlebot/2.1; +http://www.google.com/bot.html)"
66.249.68.137 - - [13/Jul/2025:17:37:18 -0400] "GET /items/ramql97/17150?key=explore HTTP/1.1" 404 1251 "-" "Mozilla/5.0 (compatible; Googlebot/2.1; +http://www.google.com/bot.html)"
66.29.146.47 - - [13/Jul/2025:17:37:22 -0400] "POST /wp-cron.php?doing_wp_cron=1752442642.4324619770050048828125 HTTP/1.1" 403 1242 "-" "WordPress/6.8; https://first-gulf.com.sa"
40.81.243.134 - - [13/Jul/2025:17:37:11 -0400] "GET /wp-admin/network/ HTTP/1.1" 302 0 "binance.com" "Mozilla/5.0 (Windows NT 10.0; Win64; x64) AppleWebKit/537.36 (KHTML, like Gecko) Chrome/90.0.4430.85 Safari/537.36"
40.81.243.134 - - [13/Jul/2025:17:37:24 -0400] "GET /wp-login.php?redirect_to=https%3A%2F%2Ffirst-gulf.com.sa%2Fwp-admin%2Fnetwork%2F&reauth=1 HTTP/1.1" 200 2853 "binance.com" "Mozilla/5.0 (Windows NT 10.0; Win64; x64) AppleWebKit/537.36 (KHTML, like Gecko) Chrome/90.0.4430.85 Safari/537.36"
66.249.79.195 - - [13/Jul/2025:17:37:27 -0400] "GET /pcmypage?callback=product%2Fdetail%2Ffirst34-trusco-4206094 HTTP/1.1" 404 1251 "-" "Mozilla/5.0 (compatible; Googlebot/2.1; +http://www.google.com/bot.html)"
40.81.243.134 - - [13/Jul/2025:17:37:37 -0400] "GET /wp-admin/user/ HTTP/1.1" 302 0 "binance.com" "Mozilla/5.0 (Windows NT 10.0; Win64; x64) AppleWebKit/537.36 (KHTML, like Gecko) Chrome/90.0.4430.85 Safari/537.36"
40.81.243.134 - - [13/Jul/2025:17:37:38 -0400] "GET /wp-login.php?redirect_to=https%3A%2F%2Ffirst-gulf.com.sa%2Fwp-admin%2Fuser%2F&reauth=1 HTTP/1.1" 200 2857 "binance.com" "Mozilla/5.0 (Windows NT 10.0; Win64; x64) AppleWebKit/537.36 (KHTML, like Gecko) Chrome/90.0.4430.85 Safari/537.36"

Youez - 2016 - github.com/yon3zu
LinuXploit