66.249.64.73 - - [13/Jul/2025:08:34:09 -0400] "GET /pcmypage?callback=product%2Fdetail%2Fhirochishop-ea725ej-21 HTTP/1.1" 404 1251 "-" "Mozilla/5.0 (Linux; Android 6.0.1; Nexus 5X Build/MMB29P) AppleWebKit/537.36 (KHTML, like Gecko) Chrome/137.0.7151.103 Mobile Safari/537.36 (compatible; Googlebot/2.1; +http://www.google.com/bot.html)"
66.249.68.137 - - [13/Jul/2025:08:34:26 -0400] "GET /items/zhnpq282/36953?key=shelter HTTP/1.1" 404 1251 "-" "Mozilla/5.0 (compatible; Googlebot/2.1; +http://www.google.com/bot.html)"
66.249.79.195 - - [13/Jul/2025:08:34:27 -0400] "GET /items/177017009.html?srsltid=AfmBOofpgdXcTnfVkLXACq5iOfybBDOJC5Lc0oLrbJ7azEBPmlCr HTTP/1.1" 404 1251 "-" "Mozilla/5.0 (Linux; Android 6.0.1; Nexus 5X Build/MMB29P) AppleWebKit/537.36 (KHTML, like Gecko) Chrome/137.0.7151.103 Mobile Safari/537.36 (compatible; Googlebot/2.1; +http://www.google.com/bot.html)"
66.249.68.129 - - [13/Jul/2025:08:34:28 -0400] "GET /items/zjbrc242/3139?key=timing HTTP/1.1" 404 1251 "-" "Mozilla/5.0 (compatible; Googlebot/2.1; +http://www.google.com/bot.html)"
66.249.68.129 - - [13/Jul/2025:08:34:28 -0400] "GET /items/zjbrc242/3139?key=timing HTTP/1.1" 404 1251 "-" "Mozilla/5.0 (Linux; Android 6.0.1; Nexus 5X Build/MMB29P) AppleWebKit/537.36 (KHTML, like Gecko) Chrome/137.0.7151.103 Mobile Safari/537.36 (compatible; Googlebot/2.1; +http://www.google.com/bot.html)"
66.249.79.194 - - [13/Jul/2025:08:34:53 -0400] "GET /items/znvgq54/355?key=historical HTTP/1.1" 404 1251 "-" "Mozilla/5.0 (Linux; Android 6.0.1; Nexus 5X Build/MMB29P) AppleWebKit/537.36 (KHTML, like Gecko) Chrome/137.0.7151.103 Mobile Safari/537.36 (compatible; Googlebot/2.1; +http://www.google.com/bot.html)"
66.249.79.194 - - [13/Jul/2025:08:35:07 -0400] "GET /zhHant/product/surugaya/branding-coffee-emh215bk?campaign_uid=f64d716db5e979ed2f947dbaf4296895b951ae7f HTTP/1.1" 404 1251 "-" "Mozilla/5.0 (Linux; Android 6.0.1; Nexus 5X Build/MMB29P) AppleWebKit/537.36 (KHTML, like Gecko) Chrome/137.0.7151.103 Mobile Safari/537.36 (compatible; Googlebot/2.1; +http://www.google.com/bot.html)"
66.249.68.137 - - [13/Jul/2025:08:35:22 -0400] "GET /pcmypage?callback=product%2Fdetail%2Fauc-mhfriend-1322833 HTTP/1.1" 404 1251 "-" "Mozilla/5.0 (compatible; Googlebot/2.1; +http://www.google.com/bot.html)"
66.249.68.137 - - [13/Jul/2025:08:35:41 -0400] "GET /items/262003838.html?srsltid=AfmBOogdeguYxkHHsAlDk72ALJcBBufrm6D7agtxFC47N6lVfLDo HTTP/1.1" 404 1251 "-" "Mozilla/5.0 (Linux; Android 6.0.1; Nexus 5X Build/MMB29P) AppleWebKit/537.36 (KHTML, like Gecko) Chrome/137.0.7151.103 Mobile Safari/537.36 (compatible; Googlebot/2.1; +http://www.google.com/bot.html)"
66.249.68.137 - - [13/Jul/2025:08:35:53 -0400] "GET /pcmypage?callback=product%2Fdetail%2Fkougushop-teimo-508 HTTP/1.1" 404 1251 "-" "Mozilla/5.0 (compatible; Googlebot/2.1; +http://www.google.com/bot.html)"
66.249.68.137 - - [13/Jul/2025:08:35:55 -0400] "GET /items/qxiai55/23182?key=expertise HTTP/1.1" 404 1251 "-" "Mozilla/5.0 (Linux; Android 6.0.1; Nexus 5X Build/MMB29P) AppleWebKit/537.36 (KHTML, like Gecko) Chrome/137.0.7151.103 Mobile Safari/537.36 (compatible; Googlebot/2.1; +http://www.google.com/bot.html)"
66.249.79.194 - - [13/Jul/2025:08:35:57 -0400] "GET /search.php?287ilvx45566.html HTTP/1.1" 404 1251 "-" "Mozilla/5.0 (compatible; Googlebot/2.1; +http://www.google.com/bot.html)"
66.249.79.195 - - [13/Jul/2025:08:36:03 -0400] "GET /pcmypage?callback=product%2Fdetail%2Fhcvalor-eshop-trusco-1533440 HTTP/1.1" 404 1251 "-" "Mozilla/5.0 (compatible; Googlebot/2.1; +http://www.google.com/bot.html)"
66.249.68.137 - - [13/Jul/2025:08:36:03 -0400] "GET /product/edit/point-4969363044617 HTTP/1.1" 404 1251 "-" "Mozilla/5.0 (Linux; Android 6.0.1; Nexus 5X Build/MMB29P) AppleWebKit/537.36 (KHTML, like Gecko) Chrome/137.0.7151.103 Mobile Safari/537.36 (compatible; Googlebot/2.1; +http://www.google.com/bot.html)"
66.249.68.128 - - [13/Jul/2025:08:36:33 -0400] "GET /items/vvspp48/24185?key=dry HTTP/1.1" 404 1251 "-" "Mozilla/5.0 (compatible; Googlebot/2.1; +http://www.google.com/bot.html)"
66.249.68.128 - - [13/Jul/2025:08:36:33 -0400] "GET /items/beein27/13026?key=contact HTTP/1.1" 404 1251 "-" "Mozilla/5.0 (Linux; Android 6.0.1; Nexus 5X Build/MMB29P) AppleWebKit/537.36 (KHTML, like Gecko) Chrome/137.0.7151.103 Mobile Safari/537.36 (compatible; Googlebot/2.1; +http://www.google.com/bot.html)"
66.249.68.137 - - [13/Jul/2025:08:36:34 -0400] "GET /items/beein27/13026?key=contact HTTP/1.1" 404 1251 "-" "Mozilla/5.0 (compatible; Googlebot/2.1; +http://www.google.com/bot.html)"
66.249.79.194 - - [13/Jul/2025:08:36:40 -0400] "GET /items/228039530.html?srsltid=AfmBOokfgxGUmelVbYaCvG3wOJaPTnVNkkBhwv0ccoeZSWstpu6d HTTP/1.1" 404 1251 "-" "Mozilla/5.0 (Linux; Android 6.0.1; Nexus 5X Build/MMB29P) AppleWebKit/537.36 (KHTML, like Gecko) Chrome/137.0.7151.103 Mobile Safari/537.36 (compatible; Googlebot/2.1; +http://www.google.com/bot.html)"
66.249.68.137 - - [13/Jul/2025:08:36:48 -0400] "GET /items/gkjrv51/13478?key=monkey HTTP/1.1" 404 1251 "-" "Mozilla/5.0 (compatible; Googlebot/2.1; +http://www.google.com/bot.html)"
66.249.68.137 - - [13/Jul/2025:08:37:00 -0400] "GET /items/010001048.html?srsltid=AfmBOoiezcRuaMzXSjTpyFGiDxNDjRacBa8FU3aRjiGV5hxQfHKU HTTP/1.1" 404 1251 "-" "Mozilla/5.0 (compatible; Googlebot/2.1; +http://www.google.com/bot.html)"
66.249.68.137 - - [13/Jul/2025:08:37:02 -0400] "GET /items/052004716.html?srsltid=AfmBOotcrscjiMXpqkUDzEROWFMgtmTw7GpAq1IX5Z3OjngvyzpP HTTP/1.1" 404 1251 "-" "Mozilla/5.0 (Linux; Android 6.0.1; Nexus 5X Build/MMB29P) AppleWebKit/537.36 (KHTML, like Gecko) Chrome/137.0.7151.103 Mobile Safari/537.36 (compatible; Googlebot/2.1; +http://www.google.com/bot.html)"
66.249.68.137 - - [13/Jul/2025:08:37:02 -0400] "GET /items/210009186.html?srsltid=AfmBOomsgKLNZFYOgDXV9k3ZThculfZTSbpwma7Q3MjuUuRe65z3 HTTP/1.1" 404 1251 "-" "Mozilla/5.0 (compatible; Googlebot/2.1; +http://www.google.com/bot.html)"
66.249.68.137 - - [13/Jul/2025:08:37:24 -0400] "GET /items/joxqu167/24918?key=former HTTP/1.1" 404 1251 "-" "Mozilla/5.0 (Linux; Android 6.0.1; Nexus 5X Build/MMB29P) AppleWebKit/537.36 (KHTML, like Gecko) Chrome/137.0.7151.103 Mobile Safari/537.36 (compatible; Googlebot/2.1; +http://www.google.com/bot.html)"
66.249.79.194 - - [13/Jul/2025:08:37:34 -0400] "GET /items/086000570.html?srsltid=AfmBOoeusHcXNpawNdMQSmnDTcBwvcmkF47sS2aQS3j946632wDe HTTP/1.1" 404 1251 "-" "Mozilla/5.0 (compatible; Googlebot/2.1; +http://www.google.com/bot.html)"
66.249.79.195 - - [13/Jul/2025:08:37:47 -0400] "GET /pcmypage?callback=product%2Fdetail%2Fsakan8man-trus-8536451 HTTP/1.1" 404 1251 "-" "Mozilla/5.0 (Linux; Android 6.0.1; Nexus 5X Build/MMB29P) AppleWebKit/537.36 (KHTML, like Gecko) Chrome/137.0.7151.103 Mobile Safari/537.36 (compatible; Googlebot/2.1; +http://www.google.com/bot.html)"
66.249.68.137 - - [13/Jul/2025:08:37:55 -0400] "GET /items/071000567.html?srsltid=AfmBOojgnsDvXeVDgjuT2B27ZcXCyhKIXsqa5NUWp5c2SzAo6JrO HTTP/1.1" 404 1251 "-" "Mozilla/5.0 (Linux; Android 6.0.1; Nexus 5X Build/MMB29P) AppleWebKit/537.36 (KHTML, like Gecko) Chrome/137.0.7151.103 Mobile Safari/537.36 (compatible; Googlebot/2.1; +http://www.google.com/bot.html)"
66.29.146.47 - - [13/Jul/2025:08:38:35 -0400] "POST /wp-cron.php?doing_wp_cron=1752410315.5467040538787841796875 HTTP/1.1" 403 1242 "-" "WordPress/6.8; https://first-gulf.com.sa"
196.251.84.106 - - [13/Jul/2025:08:38:30 -0400] "POST /wp-login.php HTTP/1.1" 200 2988 "-" "Mozilla/5.0"
66.249.79.195 - - [13/Jul/2025:08:38:37 -0400] "GET /items/058000148.html?srsltid=AfmBOoqiwfJdkKRSFKRQ28rEYmCoGeCo55cVfw51oLqxs9B5wV6h HTTP/1.1" 404 1251 "-" "Mozilla/5.0 (compatible; Googlebot/2.1; +http://www.google.com/bot.html)"
66.249.79.194 - - [13/Jul/2025:08:38:54 -0400] "GET /pcmypage?callback=product/review/gdoshop-5002602370-001 HTTP/1.1" 404 1251 "-" "Mozilla/5.0 (Linux; Android 6.0.1; Nexus 5X Build/MMB29P) AppleWebKit/537.36 (KHTML, like Gecko) Chrome/137.0.7151.103 Mobile Safari/537.36 (compatible; Googlebot/2.1; +http://www.google.com/bot.html)"
66.249.79.194 - - [13/Jul/2025:08:39:01 -0400] "GET /items/eujjq47/3340?key=honey HTTP/1.1" 404 1251 "-" "Mozilla/5.0 (compatible; Googlebot/2.1; +http://www.google.com/bot.html)"
66.249.68.129 - - [13/Jul/2025:08:39:18 -0400] "GET /pcmypage?callback=product/review/skymarketplus-b01hkpbmx6 HTTP/1.1" 404 1251 "-" "Mozilla/5.0 (Linux; Android 6.0.1; Nexus 5X Build/MMB29P) AppleWebKit/537.36 (KHTML, like Gecko) Chrome/137.0.7151.103 Mobile Safari/537.36 (compatible; Googlebot/2.1; +http://www.google.com/bot.html)"
66.249.68.137 - - [13/Jul/2025:08:39:40 -0400] "GET /items/lamjx156/33253?key=soon HTTP/1.1" 404 1251 "-" "Mozilla/5.0 (Linux; Android 6.0.1; Nexus 5X Build/MMB29P) AppleWebKit/537.36 (KHTML, like Gecko) Chrome/137.0.7151.103 Mobile Safari/537.36 (compatible; Googlebot/2.1; +http://www.google.com/bot.html)"
66.249.79.194 - - [13/Jul/2025:08:39:47 -0400] "GET /search.php?automobile/economically197/lfu7x-11703/ HTTP/1.1" 404 1251 "-" "Mozilla/5.0 (Linux; Android 6.0.1; Nexus 5X Build/MMB29P) AppleWebKit/537.36 (KHTML, like Gecko) Chrome/137.0.7151.103 Mobile Safari/537.36 (compatible; Googlebot/2.1; +http://www.google.com/bot.html)"
66.249.68.137 - - [13/Jul/2025:08:39:54 -0400] "GET /items/yxzch16/1831?key=conservative HTTP/1.1" 404 1251 "-" "Mozilla/5.0 (compatible; Googlebot/2.1; +http://www.google.com/bot.html)"
66.249.68.137 - - [13/Jul/2025:08:39:55 -0400] "GET /items/yxzch16/1831?key=conservative HTTP/1.1" 404 1251 "-" "Mozilla/5.0 (Linux; Android 6.0.1; Nexus 5X Build/MMB29P) AppleWebKit/537.36 (KHTML, like Gecko) Chrome/137.0.7151.103 Mobile Safari/537.36 (compatible; Googlebot/2.1; +http://www.google.com/bot.html)"
66.249.68.137 - - [13/Jul/2025:08:39:57 -0400] "GET /items/vzzrk260/30805?key=summit HTTP/1.1" 404 1251 "-" "Mozilla/5.0 (compatible; Googlebot/2.1; +http://www.google.com/bot.html)"
66.249.68.137 - - [13/Jul/2025:08:40:01 -0400] "GET /search?category=501&search_word= HTTP/1.1" 404 1251 "-" "Mozilla/5.0 (compatible; Googlebot/2.1; +http://www.google.com/bot.html)"
66.249.68.137 - - [13/Jul/2025:08:40:11 -0400] "GET /items/066000130.html?srsltid=AfmBOontacWEpaPtQoJOigTHHFXptLbAyOLkQ1MFX366hGdC6wno HTTP/1.1" 404 1251 "-" "Mozilla/5.0 (Linux; Android 6.0.1; Nexus 5X Build/MMB29P) AppleWebKit/537.36 (KHTML, like Gecko) Chrome/137.0.7151.103 Mobile Safari/537.36 (compatible; Googlebot/2.1; +http://www.google.com/bot.html)"
66.249.68.137 - - [13/Jul/2025:08:40:16 -0400] "GET /items/161012839.html?srsltid=AfmBOooqbpWJayagmgSC9cW4BRvRHnHBEvrd0DLtCq9JYrLhF5rq HTTP/1.1" 404 1251 "-" "Mozilla/5.0 (compatible; Googlebot/2.1; +http://www.google.com/bot.html)"
66.249.79.196 - - [13/Jul/2025:08:40:25 -0400] "GET /pcmypage?callback=product/review/hcvalor-eshop-trusco-8368858 HTTP/1.1" 404 1251 "-" "Mozilla/5.0 (Linux; Android 6.0.1; Nexus 5X Build/MMB29P) AppleWebKit/537.36 (KHTML, like Gecko) Chrome/137.0.7151.103 Mobile Safari/537.36 (compatible; Googlebot/2.1; +http://www.google.com/bot.html)"
66.249.79.194 - - [13/Jul/2025:08:40:30 -0400] "GET /pcmypage?callback=product/review/mapcamera-3717020081748 HTTP/1.1" 404 1251 "-" "Mozilla/5.0 (compatible; Googlebot/2.1; +http://www.google.com/bot.html)"
66.249.68.137 - - [13/Jul/2025:08:40:30 -0400] "GET /items/bofik40/431?key=partner HTTP/1.1" 404 1251 "-" "Mozilla/5.0 (compatible; Googlebot/2.1; +http://www.google.com/bot.html)"
66.249.68.137 - - [13/Jul/2025:08:40:31 -0400] "GET /items/bofik40/431?key=partner HTTP/1.1" 404 1251 "-" "Mozilla/5.0 (Linux; Android 6.0.1; Nexus 5X Build/MMB29P) AppleWebKit/537.36 (KHTML, like Gecko) Chrome/137.0.7151.103 Mobile Safari/537.36 (compatible; Googlebot/2.1; +http://www.google.com/bot.html)"
66.249.68.137 - - [13/Jul/2025:08:40:35 -0400] "GET /items/071014203.html?srsltid=AfmBOoubnRzIdVdCzvxRETFcJKoKOMUZJxoI2exAIQcbE4SIHZOJ HTTP/1.1" 404 1251 "-" "Mozilla/5.0 (compatible; Googlebot/2.1; +http://www.google.com/bot.html)"
66.249.68.137 - - [13/Jul/2025:08:40:40 -0400] "GET /items/196019326.html?srsltid=AfmBOoguzVZzkhMMTUlt8nVZZgTuuqXWN88icFVP2wx5sNKTFL3W HTTP/1.1" 404 1251 "-" "Mozilla/5.0 (Linux; Android 6.0.1; Nexus 5X Build/MMB29P) AppleWebKit/537.36 (KHTML, like Gecko) Chrome/137.0.7151.103 Mobile Safari/537.36 (compatible; Googlebot/2.1; +http://www.google.com/bot.html)"
66.249.68.129 - - [13/Jul/2025:08:41:23 -0400] "GET /items/204045654.html?srsltid=AfmBOozhnXPtnGJVcTpm1Uw1YHZplicIrUUSLOLFgYVBCC8T8m3Z HTTP/1.1" 404 1251 "-" "Mozilla/5.0 (Linux; Android 6.0.1; Nexus 5X Build/MMB29P) AppleWebKit/537.36 (KHTML, like Gecko) Chrome/137.0.7151.103 Mobile Safari/537.36 (compatible; Googlebot/2.1; +http://www.google.com/bot.html)"
66.249.79.194 - - [13/Jul/2025:08:41:24 -0400] "GET /pcmypage?callback=product%2Fdetail%2Fjordan23-111_77071563-1 HTTP/1.1" 404 1251 "-" "Mozilla/5.0 (Linux; Android 6.0.1; Nexus 5X Build/MMB29P) AppleWebKit/537.36 (KHTML, like Gecko) Chrome/137.0.7151.103 Mobile Safari/537.36 (compatible; Googlebot/2.1; +http://www.google.com/bot.html)"
47.82.60.29 - - [13/Jul/2025:08:41:35 -0400] "GET /pcmypage?callback=product/review/koreda-mj00031-1 HTTP/1.1" 404 1251 "https://www.first-gulf.com.sa/pcmypage?callback=product/review/koreda-mj00031-1" "Mozilla/5.0 (Windows NT 10.0; Win64; x64) AppleWebKit/537.36 (KHTML, like Gecko) Chrome/114.0.0.0 Safari/537.36 Edg/114.0.1823.43"
66.249.79.194 - - [13/Jul/2025:08:41:40 -0400] "GET /items/224030960.html?srsltid=AfmBOokvwmrFIjJujYkC3lXNXLKpjKgtQoZMqgAGvLrmbAX2aCP1 HTTP/1.1" 404 1251 "-" "Mozilla/5.0 (compatible; Googlebot/2.1; +http://www.google.com/bot.html)"
66.249.79.195 - - [13/Jul/2025:08:41:43 -0400] "GET /pcmypage?callback=product/review/kiro-2-p61062201 HTTP/1.1" 404 1251 "-" "Mozilla/5.0 (compatible; Googlebot/2.1; +http://www.google.com/bot.html)"
66.249.79.195 - - [13/Jul/2025:08:41:43 -0400] "GET /pcmypage?callback=product/review/kiro-2-p61062201 HTTP/1.1" 404 1251 "-" "Mozilla/5.0 (Linux; Android 6.0.1; Nexus 5X Build/MMB29P) AppleWebKit/537.36 (KHTML, like Gecko) Chrome/137.0.7151.103 Mobile Safari/537.36 (compatible; Googlebot/2.1; +http://www.google.com/bot.html)"
66.249.68.128 - - [13/Jul/2025:08:41:51 -0400] "GET /items/008005340.html?srsltid=AfmBOovpeBRjLmgjtINappphGWrUihSx160TC2d4w9oHdsTfPgU3 HTTP/1.1" 404 1251 "-" "Mozilla/5.0 (compatible; Googlebot/2.1; +http://www.google.com/bot.html)"
66.249.68.129 - - [13/Jul/2025:08:42:11 -0400] "GET /items/230019532.html?srsltid=AfmBOosjiJQryVWLgLbObVELIvidDuDF9wxSLcqdz5u8lYmqCOU5 HTTP/1.1" 404 1251 "-" "Mozilla/5.0 (compatible; Googlebot/2.1; +http://www.google.com/bot.html)"
66.249.79.194 - - [13/Jul/2025:08:42:13 -0400] "GET /items/006000828.html?srsltid=AfmBOoufkAnsqMAshHBUiWiIAvOVnTrHeSAzjTDHoUc6vr6LwjlW HTTP/1.1" 404 1251 "-" "Mozilla/5.0 (Linux; Android 6.0.1; Nexus 5X Build/MMB29P) AppleWebKit/537.36 (KHTML, like Gecko) Chrome/137.0.7151.103 Mobile Safari/537.36 (compatible; Googlebot/2.1; +http://www.google.com/bot.html)"
66.249.68.128 - - [13/Jul/2025:08:42:16 -0400] "GET /items/qkpuv57/48516?key=organizational HTTP/1.1" 404 1251 "-" "Mozilla/5.0 (compatible; Googlebot/2.1; +http://www.google.com/bot.html)"
66.249.68.137 - - [13/Jul/2025:08:42:17 -0400] "GET /items/016001890.html?srsltid=AfmBOocgnestHSmrJAVT5UUBOCvdDLcu5fb9euL1saxqbylR3nnL HTTP/1.1" 404 1251 "-" "Mozilla/5.0 (Linux; Android 6.0.1; Nexus 5X Build/MMB29P) AppleWebKit/537.36 (KHTML, like Gecko) Chrome/137.0.7151.103 Mobile Safari/537.36 (compatible; Googlebot/2.1; +http://www.google.com/bot.html)"
66.249.68.137 - - [13/Jul/2025:08:42:21 -0400] "GET /items/072000648.html?srsltid=AfmBOobghavfsOcFLNvLVZjeLbPDwntZ2tKuoIghMXf9HYOA0RkJ HTTP/1.1" 404 1251 "-" "Mozilla/5.0 (compatible; Googlebot/2.1; +http://www.google.com/bot.html)"
66.249.68.137 - - [13/Jul/2025:08:42:30 -0400] "GET /items/011021039.html?srsltid=AfmBOogkgMjKlAeTFewj4f61GBcjKQjXLQZ0d9yxzCUOrt7d5Lj0 HTTP/1.1" 404 1251 "-" "Mozilla/5.0 (Linux; Android 6.0.1; Nexus 5X Build/MMB29P) AppleWebKit/537.36 (KHTML, like Gecko) Chrome/137.0.7151.103 Mobile Safari/537.36 (compatible; Googlebot/2.1; +http://www.google.com/bot.html)"
47.82.60.15 - - [13/Jul/2025:08:43:01 -0400] "GET /items/116004320.html HTTP/1.1" 404 1251 "https://first-gulf.com.sa/items/116004320.html" "Mozilla/5.0 (Windows NT 10.0; Win64; x64) AppleWebKit/537.36 (KHTML, like Gecko) Chrome/114.0.0.0 Safari/537.36 Edg/114.0.1823.43"
66.249.79.192 - - [13/Jul/2025:08:43:20 -0400] "GET /pcmypage?callback=product/review/a-gallery-ds-2460960 HTTP/1.1" 404 1251 "-" "Mozilla/5.0 (Linux; Android 6.0.1; Nexus 5X Build/MMB29P) AppleWebKit/537.36 (KHTML, like Gecko) Chrome/137.0.7151.103 Mobile Safari/537.36 (compatible; Googlebot/2.1; +http://www.google.com/bot.html)"
66.249.79.192 - - [13/Jul/2025:08:43:24 -0400] "GET /items/023000743.html?srsltid=AfmBOocwbYmuZxGXGgtcBLLwViEOUOzcRjwgXFzEUKj1hGfyPMZN HTTP/1.1" 404 1251 "-" "Mozilla/5.0 (Linux; Android 6.0.1; Nexus 5X Build/MMB29P) AppleWebKit/537.36 (KHTML, like Gecko) Chrome/137.0.7151.103 Mobile Safari/537.36 (compatible; Googlebot/2.1; +http://www.google.com/bot.html)"
66.249.79.206 - - [13/Jul/2025:08:43:26 -0400] "GET /pcmypage?callback=product%2Fdetail%2Fshop-polite-ds-1315470 HTTP/1.1" 404 1251 "-" "Mozilla/5.0 (compatible; Googlebot/2.1; +http://www.google.com/bot.html)"
66.249.79.192 - - [13/Jul/2025:08:44:06 -0400] "GET /pcmypage?callback=product%2Fdetail%2F19box-new-sonota-mic-sponji-100 HTTP/1.1" 404 1251 "-" "Mozilla/5.0 (Linux; Android 6.0.1; Nexus 5X Build/MMB29P) AppleWebKit/537.36 (KHTML, like Gecko) Chrome/137.0.7151.103 Mobile Safari/537.36 (compatible; Googlebot/2.1; +http://www.google.com/bot.html)"
66.249.68.128 - - [13/Jul/2025:08:44:07 -0400] "GET /items/066049566.html?srsltid=AfmBOotkjkHWNlRaIVJDwaoWLfuiXKDrhzTTEhvoeGXCbyB1190E HTTP/1.1" 404 1251 "-" "Mozilla/5.0 (Linux; Android 6.0.1; Nexus 5X Build/MMB29P) AppleWebKit/537.36 (KHTML, like Gecko) Chrome/137.0.7151.103 Mobile Safari/537.36 (compatible; Googlebot/2.1; +http://www.google.com/bot.html)"
66.249.68.129 - - [13/Jul/2025:08:44:10 -0400] "GET /items/128004012.html?srsltid=AfmBOoxtyQHlpdtVFmkq0kl9QBNpPFzmYqyuw6nGzsHhgX3EbN97 HTTP/1.1" 404 1251 "-" "Mozilla/5.0 (Linux; Android 6.0.1; Nexus 5X Build/MMB29P) AppleWebKit/537.36 (KHTML, like Gecko) Chrome/137.0.7151.103 Mobile Safari/537.36 (compatible; Googlebot/2.1; +http://www.google.com/bot.html)"
66.249.68.137 - - [13/Jul/2025:08:44:11 -0400] "GET /items/128004012.html?srsltid=AfmBOoxtyQHlpdtVFmkq0kl9QBNpPFzmYqyuw6nGzsHhgX3EbN97 HTTP/1.1" 404 1251 "-" "Mozilla/5.0 (compatible; Googlebot/2.1; +http://www.google.com/bot.html)"
66.249.68.129 - - [13/Jul/2025:08:44:20 -0400] "GET /items/djozg147/36384?key=bear HTTP/1.1" 404 1251 "-" "Mozilla/5.0 (Linux; Android 6.0.1; Nexus 5X Build/MMB29P) AppleWebKit/537.36 (KHTML, like Gecko) Chrome/137.0.7151.103 Mobile Safari/537.36 (compatible; Googlebot/2.1; +http://www.google.com/bot.html)"
47.82.60.53 - - [13/Jul/2025:08:44:20 -0400] "GET /wp-includes/widgets HTTP/1.1" 301 795 "https://first-gulf.com.sa/wp-includes/widgets" "Mozilla/5.0 (Windows NT 10.0; Win64; x64) AppleWebKit/537.36 (KHTML, like Gecko) Chrome/114.0.0.0 Safari/537.36 Edg/114.0.1823.43"
47.82.60.53 - - [13/Jul/2025:08:44:21 -0400] "GET /wp-includes/widgets/ HTTP/1.1" 200 1338 "https://first-gulf.com.sa/wp-includes/widgets" "Mozilla/5.0 (Windows NT 10.0; Win64; x64) AppleWebKit/537.36 (KHTML, like Gecko) Chrome/114.0.0.0 Safari/537.36 Edg/114.0.1823.43"
66.249.68.129 - - [13/Jul/2025:08:44:26 -0400] "GET /items/251027591.html?srsltid=AfmBOoxnmeaZjRfFJSFJ9rMIHEuTCNwC2086sLoq51tGQtj3pNVf HTTP/1.1" 404 1251 "-" "Mozilla/5.0 (Linux; Android 6.0.1; Nexus 5X Build/MMB29P) AppleWebKit/537.36 (KHTML, like Gecko) Chrome/137.0.7151.103 Mobile Safari/537.36 (compatible; Googlebot/2.1; +http://www.google.com/bot.html)"
66.249.68.129 - - [13/Jul/2025:08:44:37 -0400] "GET /items/098000286.html?srsltid=AfmBOoufrEeHXEsXFxlFhIMtFZnMZxeu5Qe8ox00BihimnukUE6v HTTP/1.1" 404 1251 "-" "Mozilla/5.0 (Linux; Android 6.0.1; Nexus 5X Build/MMB29P) AppleWebKit/537.36 (KHTML, like Gecko) Chrome/137.0.7151.103 Mobile Safari/537.36 (compatible; Googlebot/2.1; +http://www.google.com/bot.html)"
66.249.79.206 - - [13/Jul/2025:08:44:37 -0400] "GET /search.php?179cfu49874.html HTTP/1.1" 404 1251 "-" "Mozilla/5.0 (Linux; Android 6.0.1; Nexus 5X Build/MMB29P) AppleWebKit/537.36 (KHTML, like Gecko) Chrome/137.0.7151.103 Mobile Safari/537.36 (compatible; Googlebot/2.1; +http://www.google.com/bot.html)"
66.249.79.206 - - [13/Jul/2025:08:44:50 -0400] "GET /items/039013185.html?srsltid=AfmBOoeaoMHpMtypcuaMVG68OBOuwTgILrEK1tTmZYQt734QObn2 HTTP/1.1" 404 1251 "-" "Mozilla/5.0 (compatible; Googlebot/2.1; +http://www.google.com/bot.html)"
66.249.68.129 - - [13/Jul/2025:08:44:54 -0400] "GET /items/039022217.html?srsltid=AfmBOotaqBiDDKYgytnIpUZfKdzrslIMUiDogZkbWgKX3LVdo3zD HTTP/1.1" 404 1251 "-" "Mozilla/5.0 (Linux; Android 6.0.1; Nexus 5X Build/MMB29P) AppleWebKit/537.36 (KHTML, like Gecko) Chrome/137.0.7151.103 Mobile Safari/537.36 (compatible; Googlebot/2.1; +http://www.google.com/bot.html)"
66.249.79.192 - - [13/Jul/2025:08:45:04 -0400] "GET /zhHant/product/surugaya/bungoot-ed2917506?campaign_uid=f64d716db5e979ed2f947dbaf4296895b951ae7f HTTP/1.1" 404 1251 "-" "Mozilla/5.0 (Linux; Android 6.0.1; Nexus 5X Build/MMB29P) AppleWebKit/537.36 (KHTML, like Gecko) Chrome/137.0.7151.103 Mobile Safari/537.36 (compatible; Googlebot/2.1; +http://www.google.com/bot.html)"
66.249.68.131 - - [13/Jul/2025:08:45:22 -0400] "GET /items/xpsru273/7226?key=tooth HTTP/1.1" 404 1251 "-" "Mozilla/5.0 (compatible; Googlebot/2.1; +http://www.google.com/bot.html)"
66.249.68.129 - - [13/Jul/2025:08:45:22 -0400] "GET /items/xpsru273/7226?key=tooth HTTP/1.1" 404 1251 "-" "Mozilla/5.0 (Linux; Android 6.0.1; Nexus 5X Build/MMB29P) AppleWebKit/537.36 (KHTML, like Gecko) Chrome/137.0.7151.103 Mobile Safari/537.36 (compatible; Googlebot/2.1; +http://www.google.com/bot.html)"
66.249.79.206 - - [13/Jul/2025:08:45:39 -0400] "GET /pcmypage?callback=product%2Fdetail%2Fmurauchi-denki-4548170264281 HTTP/1.1" 404 1251 "-" "Mozilla/5.0 (Linux; Android 6.0.1; Nexus 5X Build/MMB29P) AppleWebKit/537.36 (KHTML, like Gecko) Chrome/137.0.7151.103 Mobile Safari/537.36 (compatible; Googlebot/2.1; +http://www.google.com/bot.html)"
66.249.79.193 - - [13/Jul/2025:08:46:39 -0400] "GET /search.php?147ynyj15930.html HTTP/1.1" 404 1251 "-" "Mozilla/5.0 (compatible; Googlebot/2.1; +http://www.google.com/bot.html)"
66.249.68.131 - - [13/Jul/2025:08:46:54 -0400] "GET /items/csqgy12/12869?key=restaurant HTTP/1.1" 404 1251 "-" "Mozilla/5.0 (compatible; Googlebot/2.1; +http://www.google.com/bot.html)"
66.249.79.192 - - [13/Jul/2025:08:47:01 -0400] "GET /pcmypage?callback=product/review/first23-trusco-2348489 HTTP/1.1" 404 1251 "-" "Mozilla/5.0 (Linux; Android 6.0.1; Nexus 5X Build/MMB29P) AppleWebKit/537.36 (KHTML, like Gecko) Chrome/137.0.7151.103 Mobile Safari/537.36 (compatible; Googlebot/2.1; +http://www.google.com/bot.html)"
66.249.68.129 - - [13/Jul/2025:08:47:01 -0400] "GET /items/ekqjw28/33161?key=far HTTP/1.1" 404 1251 "-" "Mozilla/5.0 (Linux; Android 6.0.1; Nexus 5X Build/MMB29P) AppleWebKit/537.36 (KHTML, like Gecko) Chrome/137.0.7151.103 Mobile Safari/537.36 (compatible; Googlebot/2.1; +http://www.google.com/bot.html)"
66.249.68.129 - - [13/Jul/2025:08:47:06 -0400] "GET /pcmypage?callback=product%2Fdetail%2Fotokuya-fkc-0010-jk-1 HTTP/1.1" 404 1251 "-" "Mozilla/5.0 (compatible; Googlebot/2.1; +http://www.google.com/bot.html)"
66.249.68.129 - - [13/Jul/2025:08:47:16 -0400] "GET /items/284009646.html?srsltid=AfmBOozchMFIWlmJJWvV6ZzdWUJXPPUY4n3J0C6Ym1bmcFzCalOp HTTP/1.1" 404 1251 "-" "Mozilla/5.0 (compatible; Googlebot/2.1; +http://www.google.com/bot.html)"
66.249.79.206 - - [13/Jul/2025:08:47:21 -0400] "GET /pcmypage?callback=product/review/momoda-ds-2125055 HTTP/1.1" 404 1251 "-" "Mozilla/5.0 (Linux; Android 6.0.1; Nexus 5X Build/MMB29P) AppleWebKit/537.36 (KHTML, like Gecko) Chrome/137.0.7151.103 Mobile Safari/537.36 (compatible; Googlebot/2.1; +http://www.google.com/bot.html)"
216.73.216.207 - - [13/Jul/2025:08:47:24 -0400] "GET /robots.txt HTTP/1.1" 304 0 "-" "Mozilla/5.0 AppleWebKit/537.36 (KHTML, like Gecko; compatible; ClaudeBot/1.0; +claudebot@anthropic.com)"
216.73.216.207 - - [13/Jul/2025:08:47:24 -0400] "GET / HTTP/1.1" 200 1436 "-" "Mozilla/5.0 AppleWebKit/537.36 (KHTML, like Gecko; compatible; ClaudeBot/1.0; +claudebot@anthropic.com)"
66.249.68.129 - - [13/Jul/2025:08:47:29 -0400] "GET /items/292012686.html?srsltid=AfmBOozsosrCupvhdlaYcQSFOCWavyQE9lyiK4HZRvJtHFwyDDgI HTTP/1.1" 404 1251 "-" "Mozilla/5.0 (compatible; Googlebot/2.1; +http://www.google.com/bot.html)"
66.249.79.206 - - [13/Jul/2025:08:47:43 -0400] "GET /pcmypage?callback=/product%2Fdetail%2First34-trusco-3263443 HTTP/1.1" 404 1251 "-" "Mozilla/5.0 (Linux; Android 6.0.1; Nexus 5X Build/MMB29P) AppleWebKit/537.36 (KHTML, like Gecko) Chrome/137.0.7151.103 Mobile Safari/537.36 (compatible; Googlebot/2.1; +http://www.google.com/bot.html)"
66.249.68.131 - - [13/Jul/2025:08:48:01 -0400] "GET /search?category=65002&search_word= HTTP/1.1" 404 1251 "-" "Mozilla/5.0 (compatible; Googlebot/2.1; +http://www.google.com/bot.html)"
66.249.68.129 - - [13/Jul/2025:08:48:27 -0400] "GET /pcmypage?callback=product/review/auc-ainetshop-38940 HTTP/1.1" 404 1251 "-" "Mozilla/5.0 (Linux; Android 6.0.1; Nexus 5X Build/MMB29P) AppleWebKit/537.36 (KHTML, like Gecko) Chrome/137.0.7151.103 Mobile Safari/537.36 (compatible; Googlebot/2.1; +http://www.google.com/bot.html)"
66.249.68.129 - - [13/Jul/2025:08:48:27 -0400] "GET /items/030028110.html?srsltid=AfmBOohriBvxmxhKTLdpaaTtJwRjdkiOdBl74Uc4GcDCgydKxOz9 HTTP/1.1" 404 1251 "-" "Mozilla/5.0 (Linux; Android 6.0.1; Nexus 5X Build/MMB29P) AppleWebKit/537.36 (KHTML, like Gecko) Chrome/137.0.7151.103 Mobile Safari/537.36 (compatible; Googlebot/2.1; +http://www.google.com/bot.html)"
66.249.79.193 - - [13/Jul/2025:08:48:53 -0400] "GET /pcmypage?callback=product/review/e-wellness-264023012 HTTP/1.1" 404 1251 "-" "Mozilla/5.0 (compatible; Googlebot/2.1; +http://www.google.com/bot.html)"
66.249.79.206 - - [13/Jul/2025:08:48:54 -0400] "GET /items/056045238.html?srsltid=AfmBOobceXfwPrpRsEgyaEUsJbSfvAJw01LnMxU3VbHjL5rkVaZh HTTP/1.1" 404 1251 "-" "Mozilla/5.0 (Linux; Android 6.0.1; Nexus 5X Build/MMB29P) AppleWebKit/537.36 (KHTML, like Gecko) Chrome/137.0.7151.103 Mobile Safari/537.36 (compatible; Googlebot/2.1; +http://www.google.com/bot.html)"
66.249.68.129 - - [13/Jul/2025:08:48:55 -0400] "GET /items/zzxri237/48550?key=flash HTTP/1.1" 404 1251 "-" "Mozilla/5.0 (Linux; Android 6.0.1; Nexus 5X Build/MMB29P) AppleWebKit/537.36 (KHTML, like Gecko) Chrome/137.0.7151.103 Mobile Safari/537.36 (compatible; Googlebot/2.1; +http://www.google.com/bot.html)"
66.249.79.193 - - [13/Jul/2025:08:49:01 -0400] "GET /pcmypage?callback=/product%2Fdetail%20250ya-h305-ys-536203 HTTP/1.1" 404 1251 "-" "Mozilla/5.0 (compatible; Googlebot/2.1; +http://www.google.com/bot.html)"
66.249.68.130 - - [13/Jul/2025:08:49:02 -0400] "GET /items/iediu24/25479?key=rhythm HTTP/1.1" 404 1251 "-" "Mozilla/5.0 (compatible; Googlebot/2.1; +http://www.google.com/bot.html)"
66.249.68.129 - - [13/Jul/2025:08:49:12 -0400] "GET /items/btrgl65/11118?key=winner HTTP/1.1" 404 1251 "-" "Mozilla/5.0 (Linux; Android 6.0.1; Nexus 5X Build/MMB29P) AppleWebKit/537.36 (KHTML, like Gecko) Chrome/137.0.7151.103 Mobile Safari/537.36 (compatible; Googlebot/2.1; +http://www.google.com/bot.html)"
66.249.68.137 - - [13/Jul/2025:08:49:40 -0400] "GET /items/uzzmh268/33271?key=integrated HTTP/1.1" 404 1251 "-" "Mozilla/5.0 (Linux; Android 6.0.1; Nexus 5X Build/MMB29P) AppleWebKit/537.36 (KHTML, like Gecko) Chrome/137.0.7151.103 Mobile Safari/537.36 (compatible; Googlebot/2.1; +http://www.google.com/bot.html)"
66.249.68.137 - - [13/Jul/2025:08:49:53 -0400] "GET /items/066049566.html?srsltid=AfmBOotkjkHWNlRaIVJDwaoWLfuiXKDrhzTTEhvoeGXCbyB1190E HTTP/1.1" 404 1251 "-" "Mozilla/5.0 (Linux; Android 6.0.1; Nexus 5X Build/MMB29P) AppleWebKit/537.36 (KHTML, like Gecko) Chrome/137.0.7151.103 Mobile Safari/537.36 (compatible; Googlebot/2.1; +http://www.google.com/bot.html)"
66.249.79.193 - - [13/Jul/2025:08:50:16 -0400] "GET /pcmypage?callback=/product%2Fdetail%2First34-asone-63-5529-26 HTTP/1.1" 404 1251 "-" "Mozilla/5.0 (compatible; Googlebot/2.1; +http://www.google.com/bot.html)"
66.249.68.137 - - [13/Jul/2025:08:50:36 -0400] "GET /items/215035021.html?srsltid=AfmBOofuhMprQtxKeIjnbTQPWfPBNiHKHzVdmScp5x9XsxVXWBHl HTTP/1.1" 404 1251 "-" "Mozilla/5.0 (Linux; Android 6.0.1; Nexus 5X Build/MMB29P) AppleWebKit/537.36 (KHTML, like Gecko) Chrome/137.0.7151.103 Mobile Safari/537.36 (compatible; Googlebot/2.1; +http://www.google.com/bot.html)"
66.249.68.128 - - [13/Jul/2025:08:50:45 -0400] "GET /items/106041892.html?srsltid=AfmBOoteomrBFUoUCddpjfz7XLRTRFttip5kCD4xAxdEbSfo9nzl HTTP/1.1" 404 1251 "-" "Mozilla/5.0 (compatible; Googlebot/2.1; +http://www.google.com/bot.html)"
66.249.79.193 - - [13/Jul/2025:08:51:08 -0400] "GET /pcmypage?callback=product/review/hokushinco-10808894 HTTP/1.1" 404 1251 "-" "Mozilla/5.0 (compatible; Googlebot/2.1; +http://www.google.com/bot.html)"
66.249.68.137 - - [13/Jul/2025:08:51:19 -0400] "GET /items/093044917.html?srsltid=AfmBOovcqEkBgWuqXRRwOcp3UOsZCqFFI9G1QMixljJ9YuI04Gg0 HTTP/1.1" 404 1251 "-" "Mozilla/5.0 (Linux; Android 6.0.1; Nexus 5X Build/MMB29P) AppleWebKit/537.36 (KHTML, like Gecko) Chrome/137.0.7151.103 Mobile Safari/537.36 (compatible; Googlebot/2.1; +http://www.google.com/bot.html)"
66.249.68.128 - - [13/Jul/2025:08:51:36 -0400] "GET /pcmypage?callback=product/review/daishinshop-742-00046723 HTTP/1.1" 404 1251 "-" "Mozilla/5.0 (Linux; Android 6.0.1; Nexus 5X Build/MMB29P) AppleWebKit/537.36 (KHTML, like Gecko) Chrome/137.0.7151.103 Mobile Safari/537.36 (compatible; Googlebot/2.1; +http://www.google.com/bot.html)"
66.249.79.206 - - [13/Jul/2025:08:51:47 -0400] "GET /pcmypage?callback=product%2Fdetail%2Fbrilliantcosme-monn4589533550108x3 HTTP/1.1" 404 1251 "-" "Mozilla/5.0 (compatible; Googlebot/2.1; +http://www.google.com/bot.html)"
66.249.68.128 - - [13/Jul/2025:08:52:01 -0400] "GET /product/edit/0101marui-cf018488730101-1 HTTP/1.1" 404 1251 "-" "Mozilla/5.0 (compatible; Googlebot/2.1; +http://www.google.com/bot.html)"
66.249.79.192 - - [13/Jul/2025:08:52:02 -0400] "GET /search.php?52pnhc809.html HTTP/1.1" 404 1251 "-" "Mozilla/5.0 (Linux; Android 6.0.1; Nexus 5X Build/MMB29P) AppleWebKit/537.36 (KHTML, like Gecko) Chrome/137.0.7151.103 Mobile Safari/537.36 (compatible; Googlebot/2.1; +http://www.google.com/bot.html)"
66.249.68.128 - - [13/Jul/2025:08:52:08 -0400] "GET /items/pzxea105/18076?key=pursuit HTTP/1.1" 404 1251 "-" "Mozilla/5.0 (compatible; Googlebot/2.1; +http://www.google.com/bot.html)"
66.249.68.137 - - [13/Jul/2025:08:52:17 -0400] "GET /items/268024856.html?srsltid=AfmBOovatJvkniaIlBiTT3ZCEsDiWnGD2ZU2oiwgnl3wzY9nXj0l HTTP/1.1" 404 1251 "-" "Mozilla/5.0 (compatible; Googlebot/2.1; +http://www.google.com/bot.html)"
66.249.68.137 - - [13/Jul/2025:08:52:24 -0400] "GET /pcmypage?callback=product/review/perk-up-419273-1660359 HTTP/1.1" 404 1251 "-" "Mozilla/5.0 (Linux; Android 6.0.1; Nexus 5X Build/MMB29P) AppleWebKit/537.36 (KHTML, like Gecko) Chrome/137.0.7151.103 Mobile Safari/537.36 (compatible; Googlebot/2.1; +http://www.google.com/bot.html)"
66.249.68.137 - - [13/Jul/2025:08:52:35 -0400] "GET /items/wgyml21/16508?key=forehead HTTP/1.1" 404 1251 "-" "Mozilla/5.0 (compatible; Googlebot/2.1; +http://www.google.com/bot.html)"
66.249.79.206 - - [13/Jul/2025:08:52:38 -0400] "GET /pcmypage?callback=product/review/water-space-toto-ewcs720br HTTP/1.1" 404 1251 "-" "Mozilla/5.0 (compatible; Googlebot/2.1; +http://www.google.com/bot.html)"
66.249.79.206 - - [13/Jul/2025:08:52:39 -0400] "GET /pcmypage?callback=product/review/water-space-toto-ewcs720br HTTP/1.1" 404 1251 "-" "Mozilla/5.0 (Linux; Android 6.0.1; Nexus 5X Build/MMB29P) AppleWebKit/537.36 (KHTML, like Gecko) Chrome/137.0.7151.103 Mobile Safari/537.36 (compatible; Googlebot/2.1; +http://www.google.com/bot.html)"
47.82.60.1 - - [13/Jul/2025:08:53:10 -0400] "GET /wp-includes/class-walker-page.php HTTP/1.1" 403 1242 "https://first-gulf.com.sa/wp-includes/class-walker-page.php" "Mozilla/5.0 (Windows NT 10.0; Win64; x64) AppleWebKit/537.36 (KHTML, like Gecko) Chrome/114.0.0.0 Safari/537.36 Edg/114.0.1823.43"
66.249.68.128 - - [13/Jul/2025:08:53:24 -0400] "GET /items/mryzu216/27439?key=web HTTP/1.1" 404 1251 "-" "Mozilla/5.0 (Linux; Android 6.0.1; Nexus 5X Build/MMB29P) AppleWebKit/537.36 (KHTML, like Gecko) Chrome/137.0.7151.103 Mobile Safari/537.36 (compatible; Googlebot/2.1; +http://www.google.com/bot.html)"
66.249.68.128 - - [13/Jul/2025:08:53:24 -0400] "GET /items/mryzu216/27439?key=web HTTP/1.1" 404 1251 "-" "Mozilla/5.0 (compatible; Googlebot/2.1; +http://www.google.com/bot.html)"
47.82.60.48 - - [13/Jul/2025:08:53:31 -0400] "GET /wp-includes/blocks HTTP/1.1" 301 795 "https://first-gulf.com.sa/wp-includes/blocks" "Mozilla/5.0 (Windows NT 10.0; Win64; x64) AppleWebKit/537.36 (KHTML, like Gecko) Chrome/114.0.0.0 Safari/537.36 Edg/114.0.1823.43"
66.249.68.137 - - [13/Jul/2025:08:53:32 -0400] "GET /items/011041097.html?srsltid=AfmBOokijcEYWMMZpewmH05CCRBBbCFvjvKkknkBEi5DEhdxxrJ2 HTTP/1.1" 404 1251 "-" "Mozilla/5.0 (Linux; Android 6.0.1; Nexus 5X Build/MMB29P) AppleWebKit/537.36 (KHTML, like Gecko) Chrome/137.0.7151.103 Mobile Safari/537.36 (compatible; Googlebot/2.1; +http://www.google.com/bot.html)"
47.82.60.48 - - [13/Jul/2025:08:53:31 -0400] "GET /wp-includes/blocks/ HTTP/1.1" 200 6 "https://first-gulf.com.sa/wp-includes/blocks" "Mozilla/5.0 (Windows NT 10.0; Win64; x64) AppleWebKit/537.36 (KHTML, like Gecko) Chrome/114.0.0.0 Safari/537.36 Edg/114.0.1823.43"
66.249.68.137 - - [13/Jul/2025:08:53:39 -0400] "GET /items/tdnfs221/35534?key=trauma HTTP/1.1" 404 1251 "-" "Mozilla/5.0 (compatible; Googlebot/2.1; +http://www.google.com/bot.html)"
66.249.79.193 - - [13/Jul/2025:08:53:49 -0400] "GET /search.php?281hgqef47316.html HTTP/1.1" 404 1251 "-" "Mozilla/5.0 (compatible; Googlebot/2.1; +http://www.google.com/bot.html)"
66.249.68.137 - - [13/Jul/2025:08:53:55 -0400] "GET /pcmypage?callback=product%2Fdetail%2Fplusyu-4974906118601 HTTP/1.1" 404 1251 "-" "Mozilla/5.0 (compatible; Googlebot/2.1; +http://www.google.com/bot.html)"
47.82.60.20 - - [13/Jul/2025:08:53:59 -0400] "GET /wp-includes/block-editor.php HTTP/1.1" 403 1242 "https://first-gulf.com.sa/wp-includes/block-editor.php" "Mozilla/5.0 (Windows NT 10.0; Win64; x64) AppleWebKit/537.36 (KHTML, like Gecko) Chrome/114.0.0.0 Safari/537.36 Edg/114.0.1823.43"
47.82.60.1 - - [13/Jul/2025:08:54:21 -0400] "GET /items/ybedd54/237?key=immediately HTTP/1.1" 404 1251 "https://first-gulf.com.sa/items/ybedd54/237?key=immediately" "Mozilla/5.0 (Windows NT 10.0; Win64; x64) AppleWebKit/537.36 (KHTML, like Gecko) Chrome/114.0.0.0 Safari/537.36 Edg/114.0.1823.43"
66.29.146.47 - - [13/Jul/2025:08:54:26 -0400] "POST /wp-cron.php?doing_wp_cron=1752411266.5493218898773193359375 HTTP/1.1" 403 1242 "-" "WordPress/6.8; https://first-gulf.com.sa"
196.251.84.106 - - [13/Jul/2025:08:54:23 -0400] "POST /wp-login.php HTTP/1.1" 200 2988 "-" "Mozilla/5.0"
66.249.68.129 - - [13/Jul/2025:08:54:43 -0400] "GET /items/135047613.html?srsltid=AfmBOotztFsIykLfubdg0CRBLeAxSUqPoOA58ukrPKKDg4nntgrR HTTP/1.1" 404 1251 "-" "Mozilla/5.0 (Linux; Android 6.0.1; Nexus 5X Build/MMB29P) AppleWebKit/537.36 (KHTML, like Gecko) Chrome/137.0.7151.103 Mobile Safari/537.36 (compatible; Googlebot/2.1; +http://www.google.com/bot.html)"
66.249.68.137 - - [13/Jul/2025:08:54:43 -0400] "GET /items/135047613.html?srsltid=AfmBOotztFsIykLfubdg0CRBLeAxSUqPoOA58ukrPKKDg4nntgrR HTTP/1.1" 404 1251 "-" "Mozilla/5.0 (compatible; Googlebot/2.1; +http://www.google.com/bot.html)"
66.249.79.194 - - [13/Jul/2025:08:54:45 -0400] "GET /pcmypage?callback=product%2Fdetail%2Ffirst23-trusco-1534342 HTTP/1.1" 404 1251 "-" "Mozilla/5.0 (Linux; Android 6.0.1; Nexus 5X Build/MMB29P) AppleWebKit/537.36 (KHTML, like Gecko) Chrome/137.0.7151.103 Mobile Safari/537.36 (compatible; Googlebot/2.1; +http://www.google.com/bot.html)"
66.249.68.137 - - [13/Jul/2025:08:54:53 -0400] "GET /pcmypage?callback=product%2Fdetail%2Fg-bike-1302202-2571354 HTTP/1.1" 404 1251 "-" "Mozilla/5.0 (Linux; Android 6.0.1; Nexus 5X Build/MMB29P) AppleWebKit/537.36 (KHTML, like Gecko) Chrome/137.0.7151.103 Mobile Safari/537.36 (compatible; Googlebot/2.1; +http://www.google.com/bot.html)"
66.249.68.137 - - [13/Jul/2025:08:54:54 -0400] "GET /items/022000022.html?srsltid=AfmBOojpqbjcRpOetYaij6fqEZdsiPAR3YLlWtNIWdIDeBwj0XnI HTTP/1.1" 404 1251 "-" "Mozilla/5.0 (Linux; Android 6.0.1; Nexus 5X Build/MMB29P) AppleWebKit/537.36 (KHTML, like Gecko) Chrome/137.0.7151.103 Mobile Safari/537.36 (compatible; Googlebot/2.1; +http://www.google.com/bot.html)"
47.82.60.35 - - [13/Jul/2025:08:55:02 -0400] "GET /items/zbuxs290/41037?key=despite HTTP/1.1" 404 1251 "https://www.first-gulf.com.sa/items/zbuxs290/41037?key=despite" "Mozilla/5.0 (Windows NT 10.0; Win64; x64) AppleWebKit/537.36 (KHTML, like Gecko) Chrome/114.0.0.0 Safari/537.36 Edg/114.0.1823.43"
66.249.68.137 - - [13/Jul/2025:08:55:07 -0400] "GET /items/079012655.html?srsltid=AfmBOovajQYGoiXkkvPpyKEMIDCWRRtPeIFDOczA4htBHXSd8aaA HTTP/1.1" 404 1251 "-" "Mozilla/5.0 (compatible; Googlebot/2.1; +http://www.google.com/bot.html)"
66.249.68.128 - - [13/Jul/2025:08:55:10 -0400] "GET /items/066001040.html?srsltid=AfmBOojwnNHImyEKQEMSV8aBTHOihliIW53XpgJyz74qQGraZk3m HTTP/1.1" 404 1251 "-" "Mozilla/5.0 (compatible; Googlebot/2.1; +http://www.google.com/bot.html)"
66.249.79.196 - - [13/Jul/2025:08:55:13 -0400] "GET /items/084001344.html?srsltid=AfmBOomawURQzVaJfJBx600fDcJswTwPDMJJzm0Wmi64CmCQyBXY HTTP/1.1" 404 1251 "-" "Mozilla/5.0 (compatible; Googlebot/2.1; +http://www.google.com/bot.html)"
66.249.79.195 - - [13/Jul/2025:08:55:13 -0400] "GET /robots.txt HTTP/1.1" 304 0 "-" "Mozilla/5.0 (compatible; Googlebot/2.1; +http://www.google.com/bot.html)"
66.249.68.128 - - [13/Jul/2025:08:55:20 -0400] "GET /pcmypage?callback=product%2Fdetail%2Fonzemarinet-q8thtc022001 HTTP/1.1" 404 1251 "-" "Mozilla/5.0 (compatible; Googlebot/2.1; +http://www.google.com/bot.html)"
66.249.79.194 - - [13/Jul/2025:08:55:24 -0400] "GET /pcmypage?callback=product/review/kaiminjapan-hwd90-03kg-sl2-1 HTTP/1.1" 404 1251 "-" "Mozilla/5.0 (compatible; Googlebot/2.1; +http://www.google.com/bot.html)"
66.249.79.194 - - [13/Jul/2025:08:55:36 -0400] "GET /items/webyk79/748?key=cheese HTTP/1.1" 404 1251 "-" "Mozilla/5.0 (Linux; Android 6.0.1; Nexus 5X Build/MMB29P) AppleWebKit/537.36 (KHTML, like Gecko) Chrome/137.0.7151.103 Mobile Safari/537.36 (compatible; Googlebot/2.1; +http://www.google.com/bot.html)"
66.249.79.194 - - [13/Jul/2025:08:55:43 -0400] "GET /search.php?7nrjb834.html HTTP/1.1" 404 1251 "-" "Mozilla/5.0 (Linux; Android 6.0.1; Nexus 5X Build/MMB29P) AppleWebKit/537.36 (KHTML, like Gecko) Chrome/137.0.7151.103 Mobile Safari/537.36 (compatible; Googlebot/2.1; +http://www.google.com/bot.html)"
66.249.68.137 - - [13/Jul/2025:08:55:44 -0400] "GET /items/077031133.html?srsltid=AfmBOojxkVxVmRyNStuMDSItNoBfzAvq79Agcm3Di99lKV3tCWFz HTTP/1.1" 404 1251 "-" "Mozilla/5.0 (Linux; Android 6.0.1; Nexus 5X Build/MMB29P) AppleWebKit/537.36 (KHTML, like Gecko) Chrome/137.0.7151.103 Mobile Safari/537.36 (compatible; Googlebot/2.1; +http://www.google.com/bot.html)"
69.197.182.50 - - [13/Jul/2025:08:55:44 -0400] "GET /wp-content/install.php HTTP/1.1" 404 1251 "https://first-gulf.com.sa/wp-content/install.php" "Mozilla/5.0 (Windows NT 10.0; Win64; x64) AppleWebKit/537.36 (KHTML, like Gecko) Chrome/58.0.3029.110 Safari/537.3"
66.249.68.137 - - [13/Jul/2025:08:55:51 -0400] "GET /pcmypage?callback=product%2Fdetail%2Ffinejewelrys-16002252 HTTP/1.1" 404 1251 "-" "Mozilla/5.0 (compatible; Googlebot/2.1; +http://www.google.com/bot.html)"
66.249.68.137 - - [13/Jul/2025:08:55:52 -0400] "GET /pcmypage?callback=product%2Fdetail%2Ffinejewelrys-16002252 HTTP/1.1" 404 1251 "-" "Mozilla/5.0 (Linux; Android 6.0.1; Nexus 5X Build/MMB29P) AppleWebKit/537.36 (KHTML, like Gecko) Chrome/137.0.7151.103 Mobile Safari/537.36 (compatible; Googlebot/2.1; +http://www.google.com/bot.html)"
66.249.68.128 - - [13/Jul/2025:08:56:14 -0400] "GET /zhHant/product/surugaya/haikanshop-5885047?campaign_uid=f64d716db5e979ed2f947dbaf4296895b951ae7f HTTP/1.1" 404 1251 "-" "Mozilla/5.0 (Linux; Android 6.0.1; Nexus 5X Build/MMB29P) AppleWebKit/537.36 (KHTML, like Gecko) Chrome/137.0.7151.103 Mobile Safari/537.36 (compatible; Googlebot/2.1; +http://www.google.com/bot.html)"
66.249.68.137 - - [13/Jul/2025:08:56:19 -0400] "GET /pcmypage?callback=product%2Fdetail%2Fsinceremall-aagh4651aeat HTTP/1.1" 404 1251 "-" "Mozilla/5.0 (Linux; Android 6.0.1; Nexus 5X Build/MMB29P) AppleWebKit/537.36 (KHTML, like Gecko) Chrome/137.0.7151.103 Mobile Safari/537.36 (compatible; Googlebot/2.1; +http://www.google.com/bot.html)"
66.249.68.137 - - [13/Jul/2025:08:56:20 -0400] "GET /items/242034272.html?srsltid=AfmBOohdmCTKKOuBrcmSWi7pVaXhcsUZfICdTYmO3U8ivVkKTpYt HTTP/1.1" 404 1251 "-" "Mozilla/5.0 (Linux; Android 6.0.1; Nexus 5X Build/MMB29P) AppleWebKit/537.36 (KHTML, like Gecko) Chrome/137.0.7151.103 Mobile Safari/537.36 (compatible; Googlebot/2.1; +http://www.google.com/bot.html)"
66.249.68.129 - - [13/Jul/2025:08:57:29 -0400] "GET /product/edit/41military-4712972939184 HTTP/1.1" 404 1251 "-" "Mozilla/5.0 (compatible; Googlebot/2.1; +http://www.google.com/bot.html)"
66.249.68.128 - - [13/Jul/2025:08:57:33 -0400] "GET /items/vrddf112/24205?key=feedback HTTP/1.1" 404 1251 "-" "Mozilla/5.0 (Linux; Android 6.0.1; Nexus 5X Build/MMB29P) AppleWebKit/537.36 (KHTML, like Gecko) Chrome/137.0.7151.103 Mobile Safari/537.36 (compatible; Googlebot/2.1; +http://www.google.com/bot.html)"
198.235.24.36 - - [13/Jul/2025:08:58:12 -0400] "GET / HTTP/1.1" 200 1436 "http://104.21.56.102:80/" "-"
66.249.68.137 - - [13/Jul/2025:08:58:16 -0400] "GET /zhHant/product/surugaya/turuya783-226546?campaign_uid=f64d716db5e979ed2f947dbaf4296895b951ae7f HTTP/1.1" 404 1251 "-" "Mozilla/5.0 (Linux; Android 6.0.1; Nexus 5X Build/MMB29P) AppleWebKit/537.36 (KHTML, like Gecko) Chrome/137.0.7151.103 Mobile Safari/537.36 (compatible; Googlebot/2.1; +http://www.google.com/bot.html)"
66.249.79.194 - - [13/Jul/2025:08:58:16 -0400] "GET /robots.txt HTTP/1.1" 304 0 "-" "Mozilla/5.0 (compatible; Googlebot/2.1; +http://www.google.com/bot.html)"
66.249.68.128 - - [13/Jul/2025:08:58:35 -0400] "GET /items/174036278.html?srsltid=AfmBOoabtoIaSEpcJFBOJiiYZsOwHdEoFtgjmFWN9DikbRm64dWE HTTP/1.1" 404 1251 "-" "Mozilla/5.0 (compatible; Googlebot/2.1; +http://www.google.com/bot.html)"
66.249.68.128 - - [13/Jul/2025:08:58:36 -0400] "GET /items/hmyum81/7626?key=harsh HTTP/1.1" 404 1251 "-" "Mozilla/5.0 (Linux; Android 6.0.1; Nexus 5X Build/MMB29P) AppleWebKit/537.36 (KHTML, like Gecko) Chrome/137.0.7151.103 Mobile Safari/537.36 (compatible; Googlebot/2.1; +http://www.google.com/bot.html)"
66.249.68.137 - - [13/Jul/2025:08:58:40 -0400] "GET /items/ucobp22/1923?key=full-time HTTP/1.1" 404 1251 "-" "Mozilla/5.0 (Linux; Android 6.0.1; Nexus 5X Build/MMB29P) AppleWebKit/537.36 (KHTML, like Gecko) Chrome/137.0.7151.103 Mobile Safari/537.36 (compatible; Googlebot/2.1; +http://www.google.com/bot.html)"
66.249.68.137 - - [13/Jul/2025:08:58:45 -0400] "GET /items/139020161.html?srsltid=AfmBOoaebZaFAjsSupjUo8FXRLXZsedX6vYiYDhYQLhh5O0r27Om HTTP/1.1" 404 1251 "-" "Mozilla/5.0 (compatible; Googlebot/2.1; +http://www.google.com/bot.html)"
66.249.68.137 - - [13/Jul/2025:08:58:47 -0400] "GET /items/opggq159/36276?key=figure HTTP/1.1" 404 1251 "-" "Mozilla/5.0 (compatible; Googlebot/2.1; +http://www.google.com/bot.html)"
66.249.79.195 - - [13/Jul/2025:08:59:12 -0400] "GET /pcmypage?callback=product%2Fdetail%2Falljewelry-ajsi00704-1 HTTP/1.1" 404 1251 "-" "Mozilla/5.0 (Linux; Android 6.0.1; Nexus 5X Build/MMB29P) AppleWebKit/537.36 (KHTML, like Gecko) Chrome/137.0.7151.103 Mobile Safari/537.36 (compatible; Googlebot/2.1; +http://www.google.com/bot.html)"
66.249.79.195 - - [13/Jul/2025:08:59:37 -0400] "GET /robots.txt HTTP/1.1" 304 0 "-" "Mozilla/5.0 (compatible; Googlebot/2.1; +http://www.google.com/bot.html)"
66.249.79.195 - - [13/Jul/2025:08:59:37 -0400] "GET /items/027000889.html?srsltid=AfmBOoqvnHoTXpyvmkPFiOX6MXyWRABJ5wwW6NjXoRXV4zDueTiO HTTP/1.1" 404 1251 "-" "Mozilla/5.0 (compatible; Googlebot/2.1; +http://www.google.com/bot.html)"
66.249.68.129 - - [13/Jul/2025:08:59:42 -0400] "GET /items/dfbss266/27155?key=quickly HTTP/1.1" 404 1251 "-" "Mozilla/5.0 (Linux; Android 6.0.1; Nexus 5X Build/MMB29P) AppleWebKit/537.36 (KHTML, like Gecko) Chrome/137.0.7151.103 Mobile Safari/537.36 (compatible; Googlebot/2.1; +http://www.google.com/bot.html)"
66.249.68.128 - - [13/Jul/2025:08:59:43 -0400] "GET /items/ojfbv180/44191?key=fool HTTP/1.1" 404 1251 "-" "Mozilla/5.0 (Linux; Android 6.0.1; Nexus 5X Build/MMB29P) AppleWebKit/537.36 (KHTML, like Gecko) Chrome/137.0.7151.103 Mobile Safari/537.36 (compatible; Googlebot/2.1; +http://www.google.com/bot.html)"
66.249.68.137 - - [13/Jul/2025:08:59:45 -0400] "GET /pcmypage?callback=/product%2Fdetail.denki-ed3440287 HTTP/1.1" 404 1251 "-" "Mozilla/5.0 (Linux; Android 6.0.1; Nexus 5X Build/MMB29P) AppleWebKit/537.36 (KHTML, like Gecko) Chrome/137.0.7151.103 Mobile Safari/537.36 (compatible; Googlebot/2.1; +http://www.google.com/bot.html)"
66.249.68.137 - - [13/Jul/2025:09:00:33 -0400] "GET /items/vxlgw212/29557?key=divorce HTTP/1.1" 404 1251 "-" "Mozilla/5.0 (Linux; Android 6.0.1; Nexus 5X Build/MMB29P) AppleWebKit/537.36 (KHTML, like Gecko) Chrome/137.0.7151.103 Mobile Safari/537.36 (compatible; Googlebot/2.1; +http://www.google.com/bot.html)"
66.249.68.137 - - [13/Jul/2025:09:00:47 -0400] "GET /items/brjah84/16633?key=bullet HTTP/1.1" 404 1251 "-" "Mozilla/5.0 (Linux; Android 6.0.1; Nexus 5X Build/MMB29P) AppleWebKit/537.36 (KHTML, like Gecko) Chrome/137.0.7151.103 Mobile Safari/537.36 (compatible; Googlebot/2.1; +http://www.google.com/bot.html)"
66.249.79.194 - - [13/Jul/2025:09:00:48 -0400] "GET /items/066000178.html?srsltid=AfmBOoraxdsUTbZutyvl7PlqKZbjMuIcyGX5DqAssEO1oxXHW0DU HTTP/1.1" 404 1251 "-" "Mozilla/5.0 (Linux; Android 6.0.1; Nexus 5X Build/MMB29P) AppleWebKit/537.36 (KHTML, like Gecko) Chrome/137.0.7151.103 Mobile Safari/537.36 (compatible; Googlebot/2.1; +http://www.google.com/bot.html)"
66.249.68.137 - - [13/Jul/2025:09:00:59 -0400] "GET /items/zctzq41/798?key=number HTTP/1.1" 404 1251 "-" "Mozilla/5.0 (compatible; Googlebot/2.1; +http://www.google.com/bot.html)"
66.249.68.137 - - [13/Jul/2025:09:01:04 -0400] "GET /pcmypage?callback=product%2Fdetail%2Farde-6216-pvp-402525b HTTP/1.1" 404 1251 "-" "Mozilla/5.0 (compatible; Googlebot/2.1; +http://www.google.com/bot.html)"
66.249.68.137 - - [13/Jul/2025:09:01:05 -0400] "GET /pcmypage?callback=product%2Fdetail%2Fhauteproduit-2024-09-11-2891 HTTP/1.1" 404 1251 "-" "Mozilla/5.0 (compatible; Googlebot/2.1; +http://www.google.com/bot.html)"
66.249.68.137 - - [13/Jul/2025:09:01:06 -0400] "GET /pcmypage?callback=product%2Fdetail%2Fhauteproduit-2024-09-11-2891 HTTP/1.1" 404 1251 "-" "Mozilla/5.0 (Linux; Android 6.0.1; Nexus 5X Build/MMB29P) AppleWebKit/537.36 (KHTML, like Gecko) Chrome/137.0.7151.103 Mobile Safari/537.36 (compatible; Googlebot/2.1; +http://www.google.com/bot.html)"
66.249.68.137 - - [13/Jul/2025:09:01:17 -0400] "GET /items/104003088.html?srsltid=AfmBOozzuVrRgRdGCxfGNg5gOsRJcdIlFR9nIsxEkwpUiaZJYUWy HTTP/1.1" 404 1251 "-" "Mozilla/5.0 (compatible; Googlebot/2.1; +http://www.google.com/bot.html)"
66.249.68.137 - - [13/Jul/2025:09:01:24 -0400] "GET /items/053023877.html?srsltid=AfmBOoxvsHuTEMEXGRXxqy4WXrxrHfGHdjy9MrQ6JY2l78nHuUth HTTP/1.1" 404 1251 "-" "Mozilla/5.0 (Linux; Android 6.0.1; Nexus 5X Build/MMB29P) AppleWebKit/537.36 (KHTML, like Gecko) Chrome/137.0.7151.103 Mobile Safari/537.36 (compatible; Googlebot/2.1; +http://www.google.com/bot.html)"
47.82.60.46 - - [13/Jul/2025:09:01:33 -0400] "GET /items/sqfhw246/18121?key=commit HTTP/1.1" 404 1251 "https://www.first-gulf.com.sa/items/sqfhw246/18121?key=commit" "Mozilla/5.0 (Windows NT 10.0; Win64; x64) AppleWebKit/537.36 (KHTML, like Gecko) Chrome/114.0.0.0 Safari/537.36 Edg/114.0.1823.43"
66.249.79.196 - - [13/Jul/2025:09:01:34 -0400] "GET /pcmypage?callback=product/review/loupe-studio-trs-5s54 HTTP/1.1" 404 1251 "-" "Mozilla/5.0 (Linux; Android 6.0.1; Nexus 5X Build/MMB29P) AppleWebKit/537.36 (KHTML, like Gecko) Chrome/137.0.7151.103 Mobile Safari/537.36 (compatible; Googlebot/2.1; +http://www.google.com/bot.html)"
66.249.79.194 - - [13/Jul/2025:09:01:59 -0400] "GET /items/003021679.html?srsltid=AfmBOonjjFjNtkrJDyNSGd0TJTGYjSeHySkNtnsgCKAEKBk9Yddp HTTP/1.1" 404 1251 "-" "Mozilla/5.0 (compatible; Googlebot/2.1; +http://www.google.com/bot.html)"
66.249.79.194 - - [13/Jul/2025:09:01:59 -0400] "GET /items/003021679.html?srsltid=AfmBOonjjFjNtkrJDyNSGd0TJTGYjSeHySkNtnsgCKAEKBk9Yddp HTTP/1.1" 404 1251 "-" "Mozilla/5.0 (Linux; Android 6.0.1; Nexus 5X Build/MMB29P) AppleWebKit/537.36 (KHTML, like Gecko) Chrome/137.0.7151.103 Mobile Safari/537.36 (compatible; Googlebot/2.1; +http://www.google.com/bot.html)"
66.249.68.129 - - [13/Jul/2025:09:02:04 -0400] "GET /items/ghpts143/13172?key=wife HTTP/1.1" 404 1251 "-" "Mozilla/5.0 (compatible; Googlebot/2.1; +http://www.google.com/bot.html)"
47.82.60.47 - - [13/Jul/2025:09:02:07 -0400] "GET /wp-includes/ms-network.php HTTP/1.1" 403 1242 "https://first-gulf.com.sa/wp-includes/ms-network.php" "Mozilla/5.0 (Windows NT 10.0; Win64; x64) AppleWebKit/537.36 (KHTML, like Gecko) Chrome/114.0.0.0 Safari/537.36 Edg/114.0.1823.43"
47.82.60.12 - - [13/Jul/2025:09:02:13 -0400] "GET /items/099032407.html HTTP/1.1" 404 1251 "https://first-gulf.com.sa/items/099032407.html" "Mozilla/5.0 (Windows NT 10.0; Win64; x64) AppleWebKit/537.36 (KHTML, like Gecko) Chrome/114.0.0.0 Safari/537.36 Edg/114.0.1823.43"
