66.249.79.193 - - [13/Jul/2025:10:37:31 -0400] "GET /pcmypage?callback=product/review/amebeaute-alcr09 HTTP/1.1" 404 1251 "-" "Mozilla/5.0 (Linux; Android 6.0.1; Nexus 5X Build/MMB29P) AppleWebKit/537.36 (KHTML, like Gecko) Chrome/137.0.7151.103 Mobile Safari/537.36 (compatible; Googlebot/2.1; +http://www.google.com/bot.html)"
66.249.79.193 - - [13/Jul/2025:10:37:31 -0400] "GET /pcmypage?callback=product/review/amebeaute-alcr09 HTTP/1.1" 404 1251 "-" "Mozilla/5.0 (compatible; Googlebot/2.1; +http://www.google.com/bot.html)"
66.249.79.192 - - [13/Jul/2025:10:37:38 -0400] "GET /pcmypage?callback=/product%2Fdetail%2Feel-so-nice-230-g-483 HTTP/1.1" 404 1251 "-" "Mozilla/5.0 (Linux; Android 6.0.1; Nexus 5X Build/MMB29P) AppleWebKit/537.36 (KHTML, like Gecko) Chrome/137.0.7151.103 Mobile Safari/537.36 (compatible; Googlebot/2.1; +http://www.google.com/bot.html)"
66.249.68.137 - - [13/Jul/2025:10:38:01 -0400] "GET /items/006042440.html?srsltid=AfmBOomquQGzOkoXhJzdLOCgJShyCeaPWHy4eQ9pu9flrKi2iMVi HTTP/1.1" 404 1251 "-" "Mozilla/5.0 (Linux; Android 6.0.1; Nexus 5X Build/MMB29P) AppleWebKit/537.36 (KHTML, like Gecko) Chrome/137.0.7151.119 Mobile Safari/537.36 (compatible; Googlebot/2.1; +http://www.google.com/bot.html)"
66.249.79.192 - - [13/Jul/2025:10:38:41 -0400] "GET /items/177028021.html?srsltid=AfmBOorccIqenSnXPcjgcbLARcZcwDAIj1aEF1Eiipgk5ThGb1iK HTTP/1.1" 404 1251 "-" "Mozilla/5.0 (compatible; Googlebot/2.1; +http://www.google.com/bot.html)"
4.227.36.82 - - [13/Jul/2025:10:38:42 -0400] "GET /robots.txt HTTP/1.1" 304 0 "-" "Mozilla/5.0 AppleWebKit/537.36 (KHTML, like Gecko; compatible; GPTBot/1.2; +https://openai.com/gptbot)"
172.182.193.83 - - [13/Jul/2025:10:38:42 -0400] "GET /items/bmhqg168/46235?key=relax HTTP/1.1" 404 1251 "-" "Mozilla/5.0 (Macintosh; Intel Mac OS X 10_15_7) AppleWebKit/537.36 (KHTML, like Gecko) Chrome/131.0.0.0 Safari/537.36; compatible; OAI-SearchBot/1.0; +https://openai.com/searchbot"
172.182.224.6 - - [13/Jul/2025:10:38:45 -0400] "GET /items/ftcfj24/1985?key=fish HTTP/1.1" 404 1251 "-" "Mozilla/5.0 (Macintosh; Intel Mac OS X 10_15_7) AppleWebKit/537.36 (KHTML, like Gecko) Chrome/131.0.0.0 Safari/537.36; compatible; OAI-SearchBot/1.0; +https://openai.com/searchbot"
172.182.193.83 - - [13/Jul/2025:10:38:48 -0400] "GET /zhHant/product/surugaya/moonlabel-nb00013r12rb0d02p3-1?campaign_uid=f64d716db5e979ed2f947dbaf4296895b951ae7f HTTP/1.1" 404 1251 "-" "Mozilla/5.0 (Macintosh; Intel Mac OS X 10_15_7) AppleWebKit/537.36 (KHTML, like Gecko) Chrome/131.0.0.0 Safari/537.36; compatible; OAI-SearchBot/1.0; +https://openai.com/searchbot"
66.249.68.137 - - [13/Jul/2025:10:38:49 -0400] "GET /items/stmjw22/5321?key=third HTTP/1.1" 404 1251 "-" "Mozilla/5.0 (Linux; Android 6.0.1; Nexus 5X Build/MMB29P) AppleWebKit/537.36 (KHTML, like Gecko) Chrome/137.0.7151.103 Mobile Safari/537.36 (compatible; Googlebot/2.1; +http://www.google.com/bot.html)"
172.182.193.83 - - [13/Jul/2025:10:38:51 -0400] "GET /items/kzlea76/589?key=doorway HTTP/1.1" 404 1251 "-" "Mozilla/5.0 (Macintosh; Intel Mac OS X 10_15_7) AppleWebKit/537.36 (KHTML, like Gecko) Chrome/131.0.0.0 Safari/537.36; compatible; OAI-SearchBot/1.0; +https://openai.com/searchbot"
172.182.224.6 - - [13/Jul/2025:10:38:54 -0400] "GET /search.php?pcmypage%3Fcallback=product%2Freview%2Fkaientai-tnob-3280683 HTTP/1.1" 404 1251 "-" "Mozilla/5.0 (Macintosh; Intel Mac OS X 10_15_7) AppleWebKit/537.36 (KHTML, like Gecko) Chrome/131.0.0.0 Safari/537.36; compatible; OAI-SearchBot/1.0; +https://openai.com/searchbot"
172.182.224.6 - - [13/Jul/2025:10:38:58 -0400] "GET /items/qabmr294/22575?key=inside HTTP/1.1" 404 1251 "-" "Mozilla/5.0 (Macintosh; Intel Mac OS X 10_15_7) AppleWebKit/537.36 (KHTML, like Gecko) Chrome/131.0.0.0 Safari/537.36; compatible; OAI-SearchBot/1.0; +https://openai.com/searchbot"
66.249.68.137 - - [13/Jul/2025:10:39:00 -0400] "GET /items/073012325.html?srsltid=AfmBOooogfFsQgDqnRZGN9AyStzjThgRkR8Jcr4JRpNAvUiudsDM HTTP/1.1" 404 1251 "-" "Mozilla/5.0 (compatible; Googlebot/2.1; +http://www.google.com/bot.html)"
20.169.7.57 - - [13/Jul/2025:10:39:01 -0400] "GET /items/eltca208/29677?key=famous HTTP/1.1" 404 1251 "-" "Mozilla/5.0 (Macintosh; Intel Mac OS X 10_15_7) AppleWebKit/537.36 (KHTML, like Gecko) Chrome/131.0.0.0 Safari/537.36; compatible; OAI-SearchBot/1.0; +https://openai.com/searchbot"
66.249.68.137 - - [13/Jul/2025:10:39:01 -0400] "GET /pcmypage?callback=product%2Fdetail%2Fhokushinco-11696693 HTTP/1.1" 404 1251 "-" "Mozilla/5.0 (Linux; Android 6.0.1; Nexus 5X Build/MMB29P) AppleWebKit/537.36 (KHTML, like Gecko) Chrome/137.0.7151.103 Mobile Safari/537.36 (compatible; Googlebot/2.1; +http://www.google.com/bot.html)"
66.249.79.206 - - [13/Jul/2025:10:39:21 -0400] "GET /pcmypage?callback=product%2Fdetail%2Fsakan8man-trus-8536451 HTTP/1.1" 404 1251 "-" "Mozilla/5.0 (compatible; Googlebot/2.1; +http://www.google.com/bot.html)"
66.249.79.192 - - [13/Jul/2025:10:39:22 -0400] "GET /pcmypage?callback=product%2Fdetail%2Fsakan8man-trus-8536451 HTTP/1.1" 404 1251 "-" "Mozilla/5.0 (Linux; Android 6.0.1; Nexus 5X Build/MMB29P) AppleWebKit/537.36 (KHTML, like Gecko) Chrome/137.0.7151.103 Mobile Safari/537.36 (compatible; Googlebot/2.1; +http://www.google.com/bot.html)"
66.249.79.206 - - [13/Jul/2025:10:39:22 -0400] "GET /items/039015897.html?srsltid=AfmBOowbphLFpgnTvuIqq8DzMETpQotAtHffcJtdfLg7v2nH1Mbt HTTP/1.1" 404 1251 "-" "Mozilla/5.0 (Linux; Android 6.0.1; Nexus 5X Build/MMB29P) AppleWebKit/537.36 (KHTML, like Gecko) Chrome/137.0.7151.103 Mobile Safari/537.36 (compatible; Googlebot/2.1; +http://www.google.com/bot.html)"
66.249.68.137 - - [13/Jul/2025:10:39:45 -0400] "GET /pcmypage?callback=product/review/casecamp-f0800451 HTTP/1.1" 404 1251 "-" "Mozilla/5.0 (Linux; Android 6.0.1; Nexus 5X Build/MMB29P) AppleWebKit/537.36 (KHTML, like Gecko) Chrome/137.0.7151.103 Mobile Safari/537.36 (compatible; Googlebot/2.1; +http://www.google.com/bot.html)"
66.249.68.137 - - [13/Jul/2025:10:39:50 -0400] "GET /pcmypage?callback=product%2Fdetail%2Fre-vida-y1-15416715hx HTTP/1.1" 404 1251 "-" "Mozilla/5.0 (compatible; Googlebot/2.1; +http://www.google.com/bot.html)"
66.249.79.206 - - [13/Jul/2025:10:40:02 -0400] "GET /items/056045238.html?srsltid=AfmBOobceXfwPrpRsEgyaEUsJbSfvAJw01LnMxU3VbHjL5rkVaZh HTTP/1.1" 404 1251 "-" "Mozilla/5.0 (Linux; Android 6.0.1; Nexus 5X Build/MMB29P) AppleWebKit/537.36 (KHTML, like Gecko) Chrome/137.0.7151.103 Mobile Safari/537.36 (compatible; Googlebot/2.1; +http://www.google.com/bot.html)"
66.249.79.206 - - [13/Jul/2025:10:40:38 -0400] "GET /items/rtbhx203/41654?key=repeatedly HTTP/1.1" 404 1251 "-" "Mozilla/5.0 (Linux; Android 6.0.1; Nexus 5X Build/MMB29P) AppleWebKit/537.36 (KHTML, like Gecko) Chrome/137.0.7151.103 Mobile Safari/537.36 (compatible; Googlebot/2.1; +http://www.google.com/bot.html)"
66.249.79.206 - - [13/Jul/2025:10:40:46 -0400] "GET /search.php?65wjl35492.html HTTP/1.1" 404 1251 "-" "Mozilla/5.0 (Linux; Android 6.0.1; Nexus 5X Build/MMB29P) AppleWebKit/537.36 (KHTML, like Gecko) Chrome/137.0.7151.103 Mobile Safari/537.36 (compatible; Googlebot/2.1; +http://www.google.com/bot.html)"
66.249.68.137 - - [13/Jul/2025:10:40:48 -0400] "GET /items/udfqr93/24170?key=ridge HTTP/1.1" 404 1251 "-" "Mozilla/5.0 (compatible; Googlebot/2.1; +http://www.google.com/bot.html)"
66.249.68.137 - - [13/Jul/2025:10:40:55 -0400] "GET /items/nqekv47/1450?key=amount HTTP/1.1" 404 1251 "-" "Mozilla/5.0 (compatible; Googlebot/2.1; +http://www.google.com/bot.html)"
69.197.135.226 - - [13/Jul/2025:10:40:58 -0400] "GET /wp-content/install.php HTTP/1.1" 404 1251 "https://first-gulf.com.sa/wp-content/install.php" "Mozilla/5.0 (Windows NT 10.0; Win64; x64) AppleWebKit/537.36 (KHTML, like Gecko) Chrome/58.0.3029.110 Safari/537.3"
66.249.68.129 - - [13/Jul/2025:10:41:34 -0400] "GET /pcmypage?callback=product/review/rcmdse-3r-4906648116997 HTTP/1.1" 404 1251 "-" "Mozilla/5.0 (Linux; Android 6.0.1; Nexus 5X Build/MMB29P) AppleWebKit/537.36 (KHTML, like Gecko) Chrome/137.0.7151.103 Mobile Safari/537.36 (compatible; Googlebot/2.1; +http://www.google.com/bot.html)"
66.249.79.192 - - [13/Jul/2025:10:41:39 -0400] "GET /search.php?257ekoc46542.html HTTP/1.1" 404 1251 "-" "Mozilla/5.0 (Linux; Android 6.0.1; Nexus 5X Build/MMB29P) AppleWebKit/537.36 (KHTML, like Gecko) Chrome/137.0.7151.103 Mobile Safari/537.36 (compatible; Googlebot/2.1; +http://www.google.com/bot.html)"
66.249.68.137 - - [13/Jul/2025:10:41:41 -0400] "GET /items/zrjll277/37668?key=selected HTTP/1.1" 404 1251 "-" "Mozilla/5.0 (compatible; Googlebot/2.1; +http://www.google.com/bot.html)"
66.249.68.137 - - [13/Jul/2025:10:41:42 -0400] "GET /pcmypage?callback=product/review/marguerite-momoco-4cc518761 HTTP/1.1" 404 1251 "-" "Mozilla/5.0 (Linux; Android 6.0.1; Nexus 5X Build/MMB29P) AppleWebKit/537.36 (KHTML, like Gecko) Chrome/137.0.7151.103 Mobile Safari/537.36 (compatible; Googlebot/2.1; +http://www.google.com/bot.html)"
47.82.60.88 - - [13/Jul/2025:10:41:43 -0400] "GET /items/irecm131/21390?key=sum HTTP/1.1" 404 1251 "https://first-gulf.com.sa/items/irecm131/21390?key=sum" "Mozilla/5.0 (Windows NT 10.0; Win64; x64) AppleWebKit/537.36 (KHTML, like Gecko) Chrome/114.0.0.0 Safari/537.36 Edg/114.0.1823.43"
47.82.60.41 - - [13/Jul/2025:10:41:46 -0400] "GET /items/105010857.html HTTP/1.1" 404 1251 "https://first-gulf.com.sa/items/105010857.html" "Mozilla/5.0 (Windows NT 10.0; Win64; x64) AppleWebKit/537.36 (KHTML, like Gecko) Chrome/114.0.0.0 Safari/537.36 Edg/114.0.1823.43"
66.249.68.137 - - [13/Jul/2025:10:41:51 -0400] "GET /items/064000168.html?srsltid=AfmBOoosyDzeBppARzlRQSeNDQFFWfon7sghKyQtIaCL0BN7Cf3V HTTP/1.1" 404 1251 "-" "Mozilla/5.0 (Linux; Android 6.0.1; Nexus 5X Build/MMB29P) AppleWebKit/537.36 (KHTML, like Gecko) Chrome/137.0.7151.103 Mobile Safari/537.36 (compatible; Googlebot/2.1; +http://www.google.com/bot.html)"
66.249.79.192 - - [13/Jul/2025:10:41:51 -0400] "GET /items/166020256.html?srsltid=AfmBOokzvcwElReBOgVLygFfKdQUHPDvZ8S500bcZPtNp68O26YS HTTP/1.1" 404 1251 "-" "Mozilla/5.0 (Linux; Android 6.0.1; Nexus 5X Build/MMB29P) AppleWebKit/537.36 (KHTML, like Gecko) Chrome/137.0.7151.103 Mobile Safari/537.36 (compatible; Googlebot/2.1; +http://www.google.com/bot.html)"
66.249.79.206 - - [13/Jul/2025:10:41:52 -0400] "GET /items/166020256.html?srsltid=AfmBOokzvcwElReBOgVLygFfKdQUHPDvZ8S500bcZPtNp68O26YS HTTP/1.1" 404 1251 "-" "Mozilla/5.0 (compatible; Googlebot/2.1; +http://www.google.com/bot.html)"
47.82.60.59 - - [13/Jul/2025:10:42:00 -0400] "GET /items/262048252.html HTTP/1.1" 404 1251 "https://first-gulf.com.sa/items/262048252.html" "Mozilla/5.0 (Windows NT 10.0; Win64; x64) AppleWebKit/537.36 (KHTML, like Gecko) Chrome/114.0.0.0 Safari/537.36 Edg/114.0.1823.43"
66.249.79.192 - - [13/Jul/2025:10:42:03 -0400] "GET /pcmypage?callback=product/review/rubure-12412gy HTTP/1.1" 404 1251 "-" "Mozilla/5.0 (compatible; Googlebot/2.1; +http://www.google.com/bot.html)"
66.249.68.137 - - [13/Jul/2025:10:42:11 -0400] "GET /items/196030398.html?srsltid=AfmBOogxgkuUQxMPKQejBjh2ADkRiNDEgK8pzwaPPmoMqOFBpeJV HTTP/1.1" 404 1251 "-" "Mozilla/5.0 (Linux; Android 6.0.1; Nexus 5X Build/MMB29P) AppleWebKit/537.36 (KHTML, like Gecko) Chrome/137.0.7151.119 Mobile Safari/537.36 (compatible; Googlebot/2.1; +http://www.google.com/bot.html)"
66.249.79.206 - - [13/Jul/2025:10:42:35 -0400] "GET /pcmypage?callback=product/review/mitas-shop-a105069040102951-1 HTTP/1.1" 404 1251 "-" "Mozilla/5.0 (Linux; Android 6.0.1; Nexus 5X Build/MMB29P) AppleWebKit/537.36 (KHTML, like Gecko) Chrome/137.0.7151.103 Mobile Safari/537.36 (compatible; Googlebot/2.1; +http://www.google.com/bot.html)"
47.82.60.96 - - [13/Jul/2025:10:42:38 -0400] "GET /items/pyogp72/907?key=phase HTTP/1.1" 404 1251 "https://first-gulf.com.sa/items/pyogp72/907?key=phase" "Mozilla/5.0 (Windows NT 10.0; Win64; x64) AppleWebKit/537.36 (KHTML, like Gecko) Chrome/114.0.0.0 Safari/537.36 Edg/114.0.1823.43"
47.82.60.72 - - [13/Jul/2025:10:42:56 -0400] "GET /wp-includes/author-template.php HTTP/1.1" 403 1242 "https://first-gulf.com.sa/wp-includes/author-template.php" "Mozilla/5.0 (Windows NT 10.0; Win64; x64) AppleWebKit/537.36 (KHTML, like Gecko) Chrome/114.0.0.0 Safari/537.36 Edg/114.0.1823.43"
51.222.253.20 - - [13/Jul/2025:10:43:01 -0400] "GET /?sitemap598.xml HTTP/1.1" 200 1436 "-" "Mozilla/5.0 (compatible; AhrefsBot/7.0; +http://ahrefs.com/robot/)"
47.82.60.81 - - [13/Jul/2025:10:43:02 -0400] "GET /items/142057936.html HTTP/1.1" 404 1251 "https://first-gulf.com.sa/items/142057936.html" "Mozilla/5.0 (Windows NT 10.0; Win64; x64) AppleWebKit/537.36 (KHTML, like Gecko) Chrome/114.0.0.0 Safari/537.36 Edg/114.0.1823.43"
66.249.79.192 - - [13/Jul/2025:10:43:03 -0400] "GET /items/iwoqa227/41918?key=order HTTP/1.1" 404 1251 "-" "Mozilla/5.0 (Linux; Android 6.0.1; Nexus 5X Build/MMB29P) AppleWebKit/537.36 (KHTML, like Gecko) Chrome/137.0.7151.103 Mobile Safari/537.36 (compatible; Googlebot/2.1; +http://www.google.com/bot.html)"
66.249.79.206 - - [13/Jul/2025:10:43:25 -0400] "GET /pcmypage?callback=product/review/perk-up-300348-1282239 HTTP/1.1" 404 1251 "-" "Mozilla/5.0 (compatible; Googlebot/2.1; +http://www.google.com/bot.html)"
66.249.68.128 - - [13/Jul/2025:10:43:34 -0400] "GET /pcmypage?callback=product%2Fdetail%2Fneotec-bafa-ts-500024311 HTTP/1.1" 404 1251 "-" "Mozilla/5.0 (Linux; Android 6.0.1; Nexus 5X Build/MMB29P) AppleWebKit/537.36 (KHTML, like Gecko) Chrome/137.0.7151.103 Mobile Safari/537.36 (compatible; Googlebot/2.1; +http://www.google.com/bot.html)"
66.249.68.128 - - [13/Jul/2025:10:43:36 -0400] "GET /pcmypage?callback=product/review/geo-mobile-2308510099964 HTTP/1.1" 404 1251 "-" "Mozilla/5.0 (compatible; Googlebot/2.1; +http://www.google.com/bot.html)"
66.249.68.128 - - [13/Jul/2025:10:43:39 -0400] "GET /items/119019011.html?srsltid=AfmBOouhlqEnnMXccBmI4ATYGHzOggYImVuv5Z9pxgjcQ4O9QZpj HTTP/1.1" 404 1251 "-" "Mozilla/5.0 (Linux; Android 6.0.1; Nexus 5X Build/MMB29P) AppleWebKit/537.36 (KHTML, like Gecko) Chrome/137.0.7151.103 Mobile Safari/537.36 (compatible; Googlebot/2.1; +http://www.google.com/bot.html)"
40.77.167.20 - - [13/Jul/2025:10:43:41 -0400] "GET /7lopenuchis3e0/odlybae527512.html HTTP/1.1" 404 1251 "-" "Mozilla/5.0 AppleWebKit/537.36 (KHTML, like Gecko; compatible; bingbot/2.0; +http://www.bing.com/bingbot.htm) Chrome/116.0.1938.76 Safari/537.36"
66.249.79.206 - - [13/Jul/2025:10:43:54 -0400] "GET /search.php?pcmypage?callback=product%2Fdetail%2Fcaliforniacustom-s01344 HTTP/1.1" 404 1251 "-" "Mozilla/5.0 (Linux; Android 6.0.1; Nexus 5X Build/MMB29P) AppleWebKit/537.36 (KHTML, like Gecko) Chrome/137.0.7151.103 Mobile Safari/537.36 (compatible; Googlebot/2.1; +http://www.google.com/bot.html)"
66.249.79.206 - - [13/Jul/2025:10:43:55 -0400] "GET /pcmypage?callback=product/review/hirochishop-2-07318b HTTP/1.1" 404 1251 "-" "Mozilla/5.0 (compatible; Googlebot/2.1; +http://www.google.com/bot.html)"
66.249.68.137 - - [13/Jul/2025:10:44:12 -0400] "GET /items/grluc217/46986?key=fiber HTTP/1.1" 404 1251 "-" "Mozilla/5.0 (compatible; Googlebot/2.1; +http://www.google.com/bot.html)"
66.249.68.137 - - [13/Jul/2025:10:44:15 -0400] "GET /pcmypage?callback=product%2Fdetail%2Fkoyama88-10000382 HTTP/1.1" 404 1251 "-" "Mozilla/5.0 (Linux; Android 6.0.1; Nexus 5X Build/MMB29P) AppleWebKit/537.36 (KHTML, like Gecko) Chrome/137.0.7151.103 Mobile Safari/537.36 (compatible; Googlebot/2.1; +http://www.google.com/bot.html)"
47.82.60.81 - - [13/Jul/2025:10:44:27 -0400] "GET /items/lfdfm46/39991?key=dough HTTP/1.1" 404 1251 "https://first-gulf.com.sa/items/lfdfm46/39991?key=dough" "Mozilla/5.0 (Windows NT 10.0; Win64; x64) AppleWebKit/537.36 (KHTML, like Gecko) Chrome/114.0.0.0 Safari/537.36 Edg/114.0.1823.43"
66.249.79.206 - - [13/Jul/2025:10:44:28 -0400] "GET /items/088040792.html?srsltid=AfmBOokhzXWlUtqsnEhFO7aQOeynJSKuVK3f46ajQF7LdWaEfOHe HTTP/1.1" 404 1251 "-" "Mozilla/5.0 (Linux; Android 6.0.1; Nexus 5X Build/MMB29P) AppleWebKit/537.36 (KHTML, like Gecko) Chrome/137.0.7151.103 Mobile Safari/537.36 (compatible; Googlebot/2.1; +http://www.google.com/bot.html)"
66.249.68.128 - - [13/Jul/2025:10:44:37 -0400] "GET /items/bjtpw249/43602?key=boot HTTP/1.1" 404 1251 "-" "Mozilla/5.0 (compatible; Googlebot/2.1; +http://www.google.com/bot.html)"
66.249.68.137 - - [13/Jul/2025:10:44:46 -0400] "GET /items/151022231.html?srsltid=AfmBOoldhxDdkyOsAXAyflKvSvxRFajaK4TsWuHutGiCSuDVCLp9 HTTP/1.1" 404 1251 "-" "Mozilla/5.0 (Linux; Android 6.0.1; Nexus 5X Build/MMB29P) AppleWebKit/537.36 (KHTML, like Gecko) Chrome/137.0.7151.119 Mobile Safari/537.36 (compatible; Googlebot/2.1; +http://www.google.com/bot.html)"
66.249.68.137 - - [13/Jul/2025:10:44:49 -0400] "GET /items/loelt97/1776?key=tent HTTP/1.1" 404 1251 "-" "Mozilla/5.0 (compatible; Googlebot/2.1; +http://www.google.com/bot.html)"
66.249.79.192 - - [13/Jul/2025:10:44:54 -0400] "GET /pcmypage?callback=product/review/doriem-sb002hr2be2 HTTP/1.1" 404 1251 "-" "Mozilla/5.0 (Linux; Android 6.0.1; Nexus 5X Build/MMB29P) AppleWebKit/537.36 (KHTML, like Gecko) Chrome/137.0.7151.103 Mobile Safari/537.36 (compatible; Googlebot/2.1; +http://www.google.com/bot.html)"
66.249.79.192 - - [13/Jul/2025:10:44:54 -0400] "GET /pcmypage?callback=product/review/doriem-sb002hr2be2 HTTP/1.1" 404 1251 "-" "Mozilla/5.0 (compatible; Googlebot/2.1; +http://www.google.com/bot.html)"
66.249.68.129 - - [13/Jul/2025:10:45:02 -0400] "GET /items/xansl298/42145?key=ball HTTP/1.1" 404 1251 "-" "Mozilla/5.0 (Linux; Android 6.0.1; Nexus 5X Build/MMB29P) AppleWebKit/537.36 (KHTML, like Gecko) Chrome/137.0.7151.103 Mobile Safari/537.36 (compatible; Googlebot/2.1; +http://www.google.com/bot.html)"
66.249.79.206 - - [13/Jul/2025:10:45:27 -0400] "GET /items/hiuvq6/147?key=harm HTTP/1.1" 404 1251 "-" "Mozilla/5.0 (Linux; Android 6.0.1; Nexus 5X Build/MMB29P) AppleWebKit/537.36 (KHTML, like Gecko) Chrome/137.0.7151.103 Mobile Safari/537.36 (compatible; Googlebot/2.1; +http://www.google.com/bot.html)"
66.29.146.47 - - [13/Jul/2025:10:45:31 -0400] "POST /wp-cron.php?doing_wp_cron=1752417931.5634748935699462890625 HTTP/1.1" 403 1242 "-" "WordPress/6.8; https://first-gulf.com.sa"
196.251.84.106 - - [13/Jul/2025:10:45:25 -0400] "POST /wp-login.php HTTP/1.1" 200 3023 "-" "Mozilla/5.0"
66.249.68.137 - - [13/Jul/2025:10:45:38 -0400] "GET /pcmypage?callback=/product%2Fdetail%2First23-trusco-3073789 HTTP/1.1" 404 1251 "-" "Mozilla/5.0 (Linux; Android 6.0.1; Nexus 5X Build/MMB29P) AppleWebKit/537.36 (KHTML, like Gecko) Chrome/137.0.7151.103 Mobile Safari/537.36 (compatible; Googlebot/2.1; +http://www.google.com/bot.html)"
66.249.79.192 - - [13/Jul/2025:10:46:01 -0400] "GET /pcmypage?callback=product/review/shop-easu-ds-2463582 HTTP/1.1" 404 1251 "-" "Mozilla/5.0 (Linux; Android 6.0.1; Nexus 5X Build/MMB29P) AppleWebKit/537.36 (KHTML, like Gecko) Chrome/137.0.7151.103 Mobile Safari/537.36 (compatible; Googlebot/2.1; +http://www.google.com/bot.html)"
66.249.68.128 - - [13/Jul/2025:10:46:03 -0400] "GET /items/110012866.html?srsltid=AfmBOoitgbatgxbPcjZAIb2MKBzcRjSpzQ4hUCFH2SNBvI2XKUQQ HTTP/1.1" 404 1251 "-" "Mozilla/5.0 (Linux; Android 6.0.1; Nexus 5X Build/MMB29P) AppleWebKit/537.36 (KHTML, like Gecko) Chrome/137.0.7151.103 Mobile Safari/537.36 (compatible; Googlebot/2.1; +http://www.google.com/bot.html)"
66.249.79.206 - - [13/Jul/2025:10:46:11 -0400] "GET /items/zeixh41/48780?key=legitimate HTTP/1.1" 404 1251 "-" "Mozilla/5.0 (Linux; Android 6.0.1; Nexus 5X Build/MMB29P) AppleWebKit/537.36 (KHTML, like Gecko) Chrome/137.0.7151.103 Mobile Safari/537.36 (compatible; Googlebot/2.1; +http://www.google.com/bot.html)"
66.249.68.137 - - [13/Jul/2025:10:46:13 -0400] "GET /pcmypage?callback=/product%2Fdetail%2Cfeonlineshop-rdl-ez-vda2b HTTP/1.1" 404 1251 "-" "Mozilla/5.0 (Linux; Android 6.0.1; Nexus 5X Build/MMB29P) AppleWebKit/537.36 (KHTML, like Gecko) Chrome/137.0.7151.103 Mobile Safari/537.36 (compatible; Googlebot/2.1; +http://www.google.com/bot.html)"
66.249.68.137 - - [13/Jul/2025:10:46:21 -0400] "GET /items/218049188.html?srsltid=AfmBOonyfAwGjCVxQoTKFl9zYiksUTxRsRKsQSVCH5QdMJpNLldV HTTP/1.1" 404 1251 "-" "Mozilla/5.0 (Linux; Android 6.0.1; Nexus 5X Build/MMB29P) AppleWebKit/537.36 (KHTML, like Gecko) Chrome/137.0.7151.119 Mobile Safari/537.36 (compatible; Googlebot/2.1; +http://www.google.com/bot.html)"
66.249.79.206 - - [13/Jul/2025:10:47:03 -0400] "GET /pcmypage?callback=product%2Fdetail%2Fbuckteeth-jan-4936091011471 HTTP/1.1" 404 1251 "-" "Mozilla/5.0 (Linux; Android 6.0.1; Nexus 5X Build/MMB29P) AppleWebKit/537.36 (KHTML, like Gecko) Chrome/137.0.7151.103 Mobile Safari/537.36 (compatible; Googlebot/2.1; +http://www.google.com/bot.html)"
66.249.79.206 - - [13/Jul/2025:10:47:14 -0400] "GET /items/dhgtd94/1025?key=weapon HTTP/1.1" 404 1251 "-" "Mozilla/5.0 (compatible; Googlebot/2.1; +http://www.google.com/bot.html)"
66.249.68.128 - - [13/Jul/2025:10:47:15 -0400] "GET /items/qkfkv44/1867?key=hi HTTP/1.1" 404 1251 "-" "Mozilla/5.0 (Linux; Android 6.0.1; Nexus 5X Build/MMB29P) AppleWebKit/537.36 (KHTML, like Gecko) Chrome/137.0.7151.103 Mobile Safari/537.36 (compatible; Googlebot/2.1; +http://www.google.com/bot.html)"
66.249.79.206 - - [13/Jul/2025:10:47:15 -0400] "GET /items/uecob44/579?key=prominent HTTP/1.1" 404 1251 "-" "Mozilla/5.0 (Linux; Android 6.0.1; Nexus 5X Build/MMB29P) AppleWebKit/537.36 (KHTML, like Gecko) Chrome/137.0.7151.103 Mobile Safari/537.36 (compatible; Googlebot/2.1; +http://www.google.com/bot.html)"
66.249.68.137 - - [13/Jul/2025:10:47:20 -0400] "GET /product/edit/hirochishop-2050-0374 HTTP/1.1" 404 1251 "-" "Mozilla/5.0 (Linux; Android 6.0.1; Nexus 5X Build/MMB29P) AppleWebKit/537.36 (KHTML, like Gecko) Chrome/137.0.7151.103 Mobile Safari/537.36 (compatible; Googlebot/2.1; +http://www.google.com/bot.html)"
66.249.79.206 - - [13/Jul/2025:10:47:29 -0400] "GET /pcmypage?callback=product/review/haikanshop-4039678 HTTP/1.1" 404 1251 "-" "Mozilla/5.0 (Linux; Android 6.0.1; Nexus 5X Build/MMB29P) AppleWebKit/537.36 (KHTML, like Gecko) Chrome/137.0.7151.103 Mobile Safari/537.36 (compatible; Googlebot/2.1; +http://www.google.com/bot.html)"
66.249.79.206 - - [13/Jul/2025:10:47:37 -0400] "GET /items/071000395.html?srsltid=AfmBOojzrCkPXPQWvGiNPkIAWsMfvaSxihxURg4TqdyxEgLrXAPU HTTP/1.1" 404 1251 "-" "Mozilla/5.0 (Linux; Android 6.0.1; Nexus 5X Build/MMB29P) AppleWebKit/537.36 (KHTML, like Gecko) Chrome/137.0.7151.103 Mobile Safari/537.36 (compatible; Googlebot/2.1; +http://www.google.com/bot.html)"
66.249.68.137 - - [13/Jul/2025:10:47:40 -0400] "GET /items/ilmrg18/1293?key=realize HTTP/1.1" 404 1251 "-" "Mozilla/5.0 (compatible; Googlebot/2.1; +http://www.google.com/bot.html)"
66.249.79.206 - - [13/Jul/2025:10:47:48 -0400] "GET /pcmypage?callback=product/review/vectorpremium-227-902412110004 HTTP/1.1" 404 1251 "-" "Mozilla/5.0 (compatible; Googlebot/2.1; +http://www.google.com/bot.html)"
66.249.68.137 - - [13/Jul/2025:10:47:52 -0400] "GET /items/047000585.html?srsltid=AfmBOosylyVynasUcfuYB24iTjXDgUCp2tgEMEIxkFOcACnOqlau HTTP/1.1" 404 1251 "-" "Mozilla/5.0 (Linux; Android 6.0.1; Nexus 5X Build/MMB29P) AppleWebKit/537.36 (KHTML, like Gecko) Chrome/137.0.7151.103 Mobile Safari/537.36 (compatible; Googlebot/2.1; +http://www.google.com/bot.html)"
66.249.68.137 - - [13/Jul/2025:10:48:02 -0400] "GET /items/udmjd171/42068?key=income HTTP/1.1" 404 1251 "-" "Mozilla/5.0 (compatible; Googlebot/2.1; +http://www.google.com/bot.html)"
66.249.68.128 - - [13/Jul/2025:10:48:05 -0400] "GET /items/184033626.html?srsltid=AfmBOooxzaQhtPGwoGSmnpvpOKLxpIxeoM1OYKUx6EYuteIBvepY HTTP/1.1" 404 1251 "-" "Mozilla/5.0 (compatible; Googlebot/2.1; +http://www.google.com/bot.html)"
66.249.68.137 - - [13/Jul/2025:10:48:19 -0400] "GET /items/qaaup63/48238?key=color HTTP/1.1" 404 1251 "-" "Mozilla/5.0 (compatible; Googlebot/2.1; +http://www.google.com/bot.html)"
66.249.68.137 - - [13/Jul/2025:10:48:28 -0400] "GET /pcmypage?callback=product%2Fdetail%2Fohisamaluxs-4976084013570 HTTP/1.1" 404 1251 "-" "Mozilla/5.0 (Linux; Android 6.0.1; Nexus 5X Build/MMB29P) AppleWebKit/537.36 (KHTML, like Gecko) Chrome/137.0.7151.103 Mobile Safari/537.36 (compatible; Googlebot/2.1; +http://www.google.com/bot.html)"
66.249.68.137 - - [13/Jul/2025:10:48:49 -0400] "GET /items/199000931.html?srsltid=AfmBOoiqccKIqbnQejRAf1XzQKgQNjZAk2zi2yfQCzCnnm6KsKyV HTTP/1.1" 404 1251 "-" "Mozilla/5.0 (compatible; Googlebot/2.1; +http://www.google.com/bot.html)"
66.249.68.128 - - [13/Jul/2025:10:49:04 -0400] "GET /items/273019183.html?srsltid=AfmBOozurnWAfyWzVCrzcxaXFfrKTGweGGuD57y1Kuqz3BiTxw5l HTTP/1.1" 404 1251 "-" "Mozilla/5.0 (Linux; Android 6.0.1; Nexus 5X Build/MMB29P) AppleWebKit/537.36 (KHTML, like Gecko) Chrome/137.0.7151.103 Mobile Safari/537.36 (compatible; Googlebot/2.1; +http://www.google.com/bot.html)"
66.249.68.137 - - [13/Jul/2025:10:49:08 -0400] "GET /pcmypage?callback=product%2Fdetail%2Fmro-tonton-sa049197541 HTTP/1.1" 404 1251 "-" "Mozilla/5.0 (Linux; Android 6.0.1; Nexus 5X Build/MMB29P) AppleWebKit/537.36 (KHTML, like Gecko) Chrome/137.0.7151.103 Mobile Safari/537.36 (compatible; Googlebot/2.1; +http://www.google.com/bot.html)"
208.110.64.178 - - [13/Jul/2025:10:49:11 -0400] "GET /wp-content/install.php HTTP/1.1" 404 1251 "https://first-gulf.com.sa/wp-content/install.php" "Mozilla/5.0 (Windows NT 10.0; Win64; x64) AppleWebKit/537.36 (KHTML, like Gecko) Chrome/58.0.3029.110 Safari/537.3"
66.249.79.192 - - [13/Jul/2025:10:49:26 -0400] "GET /pcmypage?callback=product%2Fdetail%2Ftss-shop-au55962 HTTP/1.1" 404 1251 "-" "Mozilla/5.0 (compatible; Googlebot/2.1; +http://www.google.com/bot.html)"
66.249.68.137 - - [13/Jul/2025:10:49:27 -0400] "GET /items/265026895.html?srsltid=AfmBOofjlcEeisrdioMeLAMnEeSViejDvnEu0mMssy8qOXH3iBKT HTTP/1.1" 404 1251 "-" "Mozilla/5.0 (compatible; Googlebot/2.1; +http://www.google.com/bot.html)"
66.249.79.192 - - [13/Jul/2025:10:49:44 -0400] "GET /items/117046719.html?srsltid=AfmBOoowcCspwinMapmOf91aPyeISPTKCRE8SyYTgd4uwcj3qtie HTTP/1.1" 404 1251 "-" "Mozilla/5.0 (Linux; Android 6.0.1; Nexus 5X Build/MMB29P) AppleWebKit/537.36 (KHTML, like Gecko) Chrome/137.0.7151.103 Mobile Safari/537.36 (compatible; Googlebot/2.1; +http://www.google.com/bot.html)"
66.249.68.137 - - [13/Jul/2025:10:49:57 -0400] "GET /items/209018217.html?srsltid=AfmBOoxgrYqjBSjcyohMZY5JYfricOeLJeWiaJBHjDHlEmDEgU50 HTTP/1.1" 404 1251 "-" "Mozilla/5.0 (Linux; Android 6.0.1; Nexus 5X Build/MMB29P) AppleWebKit/537.36 (KHTML, like Gecko) Chrome/137.0.7151.103 Mobile Safari/537.36 (compatible; Googlebot/2.1; +http://www.google.com/bot.html)"
66.249.68.137 - - [13/Jul/2025:10:50:31 -0400] "GET /pcmypage?callback=/product%2Fdetail%2Denzaido-4955620840665 HTTP/1.1" 404 1251 "-" "Mozilla/5.0 (Linux; Android 6.0.1; Nexus 5X Build/MMB29P) AppleWebKit/537.36 (KHTML, like Gecko) Chrome/137.0.7151.103 Mobile Safari/537.36 (compatible; Googlebot/2.1; +http://www.google.com/bot.html)"
66.249.68.137 - - [13/Jul/2025:10:50:38 -0400] "GET /items/vqiny198/34579?key=comfortable HTTP/1.1" 404 1251 "-" "Mozilla/5.0 (compatible; Googlebot/2.1; +http://www.google.com/bot.html)"
47.82.60.5 - - [13/Jul/2025:10:51:38 -0400] "GET /items/ciaab243/14012?key=rain HTTP/1.1" 404 1251 "https://first-gulf.com.sa/items/ciaab243/14012?key=rain" "Mozilla/5.0 (Windows NT 10.0; Win64; x64) AppleWebKit/537.36 (KHTML, like Gecko) Chrome/114.0.0.0 Safari/537.36 Edg/114.0.1823.43"
47.82.60.84 - - [13/Jul/2025:10:51:40 -0400] "GET /items/tafiw36/17537?key=employee HTTP/1.1" 404 1251 "https://first-gulf.com.sa/items/tafiw36/17537?key=employee" "Mozilla/5.0 (Windows NT 10.0; Win64; x64) AppleWebKit/537.36 (KHTML, like Gecko) Chrome/114.0.0.0 Safari/537.36 Edg/114.0.1823.43"
66.249.68.128 - - [13/Jul/2025:10:51:42 -0400] "GET /items/vywuk33/43468?key=basketball HTTP/1.1" 404 1251 "-" "Mozilla/5.0 (compatible; Googlebot/2.1; +http://www.google.com/bot.html)"
66.249.79.206 - - [13/Jul/2025:10:51:43 -0400] "GET /items/036018174.html?srsltid=AfmBOoguhxmSGpDzsZQjrAUTEVpwNfnvHXW065ifjP1FaQwXkdLX HTTP/1.1" 404 1251 "-" "Mozilla/5.0 (Linux; Android 6.0.1; Nexus 5X Build/MMB29P) AppleWebKit/537.36 (KHTML, like Gecko) Chrome/137.0.7151.103 Mobile Safari/537.36 (compatible; Googlebot/2.1; +http://www.google.com/bot.html)"
66.249.68.129 - - [13/Jul/2025:10:51:44 -0400] "GET /items/139014903.html?srsltid=AfmBOoxblXgrhIDfqUMmerC9UOHLrnubEAXUInPbHBtxqaMFe7Mq HTTP/1.1" 404 1251 "-" "Mozilla/5.0 (Linux; Android 6.0.1; Nexus 5X Build/MMB29P) AppleWebKit/537.36 (KHTML, like Gecko) Chrome/137.0.7151.103 Mobile Safari/537.36 (compatible; Googlebot/2.1; +http://www.google.com/bot.html)"
66.249.68.128 - - [13/Jul/2025:10:51:52 -0400] "GET /items/watva242/33853?key=independent HTTP/1.1" 404 1251 "-" "Mozilla/5.0 (Linux; Android 6.0.1; Nexus 5X Build/MMB29P) AppleWebKit/537.36 (KHTML, like Gecko) Chrome/137.0.7151.103 Mobile Safari/537.36 (compatible; Googlebot/2.1; +http://www.google.com/bot.html)"
66.249.68.137 - - [13/Jul/2025:10:51:57 -0400] "GET /items/035048187.html?srsltid=AfmBOoijpugzHXgPSLHImV8ZZZKeEoSZQWB0IXEyR0z1ztK7RPes HTTP/1.1" 404 1251 "-" "Mozilla/5.0 (Linux; Android 6.0.1; Nexus 5X Build/MMB29P) AppleWebKit/537.36 (KHTML, like Gecko) Chrome/137.0.7151.103 Mobile Safari/537.36 (compatible; Googlebot/2.1; +http://www.google.com/bot.html)"
66.249.68.137 - - [13/Jul/2025:10:51:58 -0400] "GET /product/edit/tuzukiya-s243-23549 HTTP/1.1" 404 1251 "-" "Mozilla/5.0 (compatible; Googlebot/2.1; +http://www.google.com/bot.html)"
47.82.60.69 - - [13/Jul/2025:10:52:11 -0400] "GET /items/002012044.html HTTP/1.1" 404 1251 "https://first-gulf.com.sa/items/002012044.html" "Mozilla/5.0 (Windows NT 10.0; Win64; x64) AppleWebKit/537.36 (KHTML, like Gecko) Chrome/114.0.0.0 Safari/537.36 Edg/114.0.1823.43"
66.249.68.137 - - [13/Jul/2025:10:52:32 -0400] "GET /items/kegdm79/51872?key=confrontation HTTP/1.1" 404 1251 "-" "Mozilla/5.0 (Linux; Android 6.0.1; Nexus 5X Build/MMB29P) AppleWebKit/537.36 (KHTML, like Gecko) Chrome/137.0.7151.103 Mobile Safari/537.36 (compatible; Googlebot/2.1; +http://www.google.com/bot.html)"
66.249.79.193 - - [13/Jul/2025:10:52:36 -0400] "GET /items/017000385.html?srsltid=AfmBOonkckCqDZysjqzMkoqIBUNtBoFY6MCWNXG4yg0o71ObUm9Y HTTP/1.1" 404 1251 "-" "Mozilla/5.0 (Linux; Android 6.0.1; Nexus 5X Build/MMB29P) AppleWebKit/537.36 (KHTML, like Gecko) Chrome/137.0.7151.103 Mobile Safari/537.36 (compatible; Googlebot/2.1; +http://www.google.com/bot.html)"
66.249.79.206 - - [13/Jul/2025:10:52:41 -0400] "GET /category/9533_9534_9535/1 HTTP/1.1" 404 1251 "-" "Mozilla/5.0 (Linux; Android 6.0.1; Nexus 5X Build/MMB29P) AppleWebKit/537.36 (KHTML, like Gecko) Chrome/137.0.7151.103 Mobile Safari/537.36 (compatible; Googlebot/2.1; +http://www.google.com/bot.html)"
66.249.68.128 - - [13/Jul/2025:10:52:56 -0400] "GET /items/yjbrt140/16409?key=breath HTTP/1.1" 404 1251 "-" "Mozilla/5.0 (Linux; Android 6.0.1; Nexus 5X Build/MMB29P) AppleWebKit/537.36 (KHTML, like Gecko) Chrome/137.0.7151.103 Mobile Safari/537.36 (compatible; Googlebot/2.1; +http://www.google.com/bot.html)"
66.249.68.128 - - [13/Jul/2025:10:52:59 -0400] "GET /items/mohnn55/13454?key=cliff HTTP/1.1" 404 1251 "-" "Mozilla/5.0 (Linux; Android 6.0.1; Nexus 5X Build/MMB29P) AppleWebKit/537.36 (KHTML, like Gecko) Chrome/137.0.7151.103 Mobile Safari/537.36 (compatible; Googlebot/2.1; +http://www.google.com/bot.html)"
66.249.68.128 - - [13/Jul/2025:10:53:05 -0400] "GET /items/055046707.html?srsltid=AfmBOobgqenEyKzPXcdDgXpLJGtLZHfdiDLWj2bjYZRIzbFKpFXc HTTP/1.1" 404 1251 "-" "Mozilla/5.0 (Linux; Android 6.0.1; Nexus 5X Build/MMB29P) AppleWebKit/537.36 (KHTML, like Gecko) Chrome/137.0.7151.103 Mobile Safari/537.36 (compatible; Googlebot/2.1; +http://www.google.com/bot.html)"
47.82.60.6 - - [13/Jul/2025:10:53:14 -0400] "GET /items/ywrcn53/22970?key=dictate HTTP/1.1" 404 1251 "https://www.first-gulf.com.sa/items/ywrcn53/22970?key=dictate" "Mozilla/5.0 (Windows NT 10.0; Win64; x64) AppleWebKit/537.36 (KHTML, like Gecko) Chrome/114.0.0.0 Safari/537.36 Edg/114.0.1823.43"
66.249.68.128 - - [13/Jul/2025:10:53:19 -0400] "GET /zhHant/product/surugaya/hcvalor-eshop-trusco-4440118?campaign_uid=f64d716db5e979ed2f947dbaf4296895b951ae7f HTTP/1.1" 404 1251 "-" "Mozilla/5.0 (Linux; Android 6.0.1; Nexus 5X Build/MMB29P) AppleWebKit/537.36 (KHTML, like Gecko) Chrome/137.0.7151.119 Mobile Safari/537.36 (compatible; Googlebot/2.1; +http://www.google.com/bot.html)"
66.249.68.137 - - [13/Jul/2025:10:53:28 -0400] "GET /items/cnqlu262/21843?key=home HTTP/1.1" 404 1251 "-" "Mozilla/5.0 (compatible; Googlebot/2.1; +http://www.google.com/bot.html)"
66.249.79.206 - - [13/Jul/2025:10:53:32 -0400] "GET /items/038000048.html?srsltid=AfmBOoxaapsmlDGxYpoDVAqEAdfamLphqx160EqN9okKJsXuQeNF HTTP/1.1" 404 1251 "-" "Mozilla/5.0 (Linux; Android 6.0.1; Nexus 5X Build/MMB29P) AppleWebKit/537.36 (KHTML, like Gecko) Chrome/137.0.7151.103 Mobile Safari/537.36 (compatible; Googlebot/2.1; +http://www.google.com/bot.html)"
66.249.68.137 - - [13/Jul/2025:10:53:45 -0400] "GET /items/042028624.html?srsltid=AfmBOorgrwIeaSoNpDQaMIsuBosxHMGvkEwDueIAzCtg3PROwIA1 HTTP/1.1" 404 1251 "-" "Mozilla/5.0 (Linux; Android 6.0.1; Nexus 5X Build/MMB29P) AppleWebKit/537.36 (KHTML, like Gecko) Chrome/137.0.7151.103 Mobile Safari/537.36 (compatible; Googlebot/2.1; +http://www.google.com/bot.html)"
66.249.68.137 - - [13/Jul/2025:10:53:50 -0400] "GET /pcmypage?callback=/product%2Fdetail%2Climbs-reeb-140898923-wsd-1 HTTP/1.1" 404 1251 "-" "Mozilla/5.0 (Linux; Android 6.0.1; Nexus 5X Build/MMB29P) AppleWebKit/537.36 (KHTML, like Gecko) Chrome/137.0.7151.103 Mobile Safari/537.36 (compatible; Googlebot/2.1; +http://www.google.com/bot.html)"
66.249.68.128 - - [13/Jul/2025:10:54:08 -0400] "GET /category/9929_14892/1/listing HTTP/1.1" 404 1251 "-" "Mozilla/5.0 (Linux; Android 6.0.1; Nexus 5X Build/MMB29P) AppleWebKit/537.36 (KHTML, like Gecko) Chrome/137.0.7151.103 Mobile Safari/537.36 (compatible; Googlebot/2.1; +http://www.google.com/bot.html)"
47.82.60.2 - - [13/Jul/2025:10:54:15 -0400] "GET /wp-includes/error-protection.php HTTP/1.1" 403 1242 "https://first-gulf.com.sa/wp-includes/error-protection.php" "Mozilla/5.0 (Windows NT 10.0; Win64; x64) AppleWebKit/537.36 (KHTML, like Gecko) Chrome/114.0.0.0 Safari/537.36 Edg/114.0.1823.43"
69.197.135.226 - - [13/Jul/2025:10:54:20 -0400] "GET /wp-content/install.php HTTP/1.1" 404 1251 "https://first-gulf.com.sa/wp-content/install.php" "Mozilla/5.0 (Windows NT 10.0; Win64; x64) AppleWebKit/537.36 (KHTML, like Gecko) Chrome/58.0.3029.110 Safari/537.3"
47.82.60.13 - - [13/Jul/2025:10:54:21 -0400] "GET /items/071006841.html HTTP/1.1" 404 1251 "https://first-gulf.com.sa/items/071006841.html" "Mozilla/5.0 (Windows NT 10.0; Win64; x64) AppleWebKit/537.36 (KHTML, like Gecko) Chrome/114.0.0.0 Safari/537.36 Edg/114.0.1823.43"
47.82.60.71 - - [13/Jul/2025:10:54:24 -0400] "GET /wp-includes/class-wp-navigation-fallback.php HTTP/1.1" 403 1242 "https://first-gulf.com.sa/wp-includes/class-wp-navigation-fallback.php" "Mozilla/5.0 (Windows NT 10.0; Win64; x64) AppleWebKit/537.36 (KHTML, like Gecko) Chrome/114.0.0.0 Safari/537.36 Edg/114.0.1823.43"
66.249.79.206 - - [13/Jul/2025:10:54:44 -0400] "GET /product/edit/rcmdse-1k-4991644438211 HTTP/1.1" 404 1251 "-" "Mozilla/5.0 (Linux; Android 6.0.1; Nexus 5X Build/MMB29P) AppleWebKit/537.36 (KHTML, like Gecko) Chrome/137.0.7151.103 Mobile Safari/537.36 (compatible; Googlebot/2.1; +http://www.google.com/bot.html)"
66.249.79.206 - - [13/Jul/2025:10:54:45 -0400] "GET /pcmypage?callback=product%2Fdetail%2Fhcvalor-eshop-trusco-3677882 HTTP/1.1" 404 1251 "-" "Mozilla/5.0 (compatible; Googlebot/2.1; +http://www.google.com/bot.html)"
66.249.79.206 - - [13/Jul/2025:10:54:46 -0400] "GET /pcmypage?callback=product%2Fdetail%2Fhcvalor-eshop-trusco-3677882 HTTP/1.1" 404 1251 "-" "Mozilla/5.0 (Linux; Android 6.0.1; Nexus 5X Build/MMB29P) AppleWebKit/537.36 (KHTML, like Gecko) Chrome/137.0.7151.103 Mobile Safari/537.36 (compatible; Googlebot/2.1; +http://www.google.com/bot.html)"
66.249.68.137 - - [13/Jul/2025:10:54:57 -0400] "GET /pcmypage?callback=product/review/jbworksinc-251251 HTTP/1.1" 404 1251 "-" "Mozilla/5.0 (compatible; Googlebot/2.1; +http://www.google.com/bot.html)"
66.249.68.129 - - [13/Jul/2025:10:55:03 -0400] "GET /items/107034027.html?srsltid=AfmBOoaqwYyAspkApPAHlkakJfyznyEngX2z406bUo5cLQGExbEt HTTP/1.1" 404 1251 "-" "Mozilla/5.0 (compatible; Googlebot/2.1; +http://www.google.com/bot.html)"
66.249.68.137 - - [13/Jul/2025:10:55:03 -0400] "GET /items/107034027.html?srsltid=AfmBOoaqwYyAspkApPAHlkakJfyznyEngX2z406bUo5cLQGExbEt HTTP/1.1" 404 1251 "-" "Mozilla/5.0 (Linux; Android 6.0.1; Nexus 5X Build/MMB29P) AppleWebKit/537.36 (KHTML, like Gecko) Chrome/137.0.7151.103 Mobile Safari/537.36 (compatible; Googlebot/2.1; +http://www.google.com/bot.html)"
66.249.68.128 - - [13/Jul/2025:10:55:18 -0400] "GET /items/246022904.html?srsltid=AfmBOovgtPpKNWOupSBrKEmNZCEhRmDoiPgpqkQ86UuQxMUhJgrE HTTP/1.1" 404 1251 "-" "Mozilla/5.0 (Linux; Android 6.0.1; Nexus 5X Build/MMB29P) AppleWebKit/537.36 (KHTML, like Gecko) Chrome/137.0.7151.119 Mobile Safari/537.36 (compatible; Googlebot/2.1; +http://www.google.com/bot.html)"
66.249.79.192 - - [13/Jul/2025:10:55:21 -0400] "GET /search.php?product/edit/shop-easu-ds-2363791 HTTP/1.1" 404 1251 "-" "Mozilla/5.0 (compatible; Googlebot/2.1; +http://www.google.com/bot.html)"
66.249.79.206 - - [13/Jul/2025:10:55:27 -0400] "GET /pcmypage?callback=product/review/casecamp-kb-cam-02n HTTP/1.1" 404 1251 "-" "Mozilla/5.0 (compatible; Googlebot/2.1; +http://www.google.com/bot.html)"
66.249.68.137 - - [13/Jul/2025:10:55:39 -0400] "GET /items/ryzln20/22379?key=sexuality HTTP/1.1" 404 1251 "-" "Mozilla/5.0 (Linux; Android 6.0.1; Nexus 5X Build/MMB29P) AppleWebKit/537.36 (KHTML, like Gecko) Chrome/137.0.7151.103 Mobile Safari/537.36 (compatible; Googlebot/2.1; +http://www.google.com/bot.html)"
66.249.68.137 - - [13/Jul/2025:10:55:40 -0400] "GET /items/uyrzm79/41518?key=party HTTP/1.1" 404 1251 "-" "Mozilla/5.0 (compatible; Googlebot/2.1; +http://www.google.com/bot.html)"
66.249.68.137 - - [13/Jul/2025:10:55:52 -0400] "GET /items/ywiap25/24016?key=say HTTP/1.1" 404 1251 "-" "Mozilla/5.0 (compatible; Googlebot/2.1; +http://www.google.com/bot.html)"
66.249.79.206 - - [13/Jul/2025:10:55:56 -0400] "GET /pcmypage?callback=product/review/americanpie-4217110777 HTTP/1.1" 404 1251 "-" "Mozilla/5.0 (Linux; Android 6.0.1; Nexus 5X Build/MMB29P) AppleWebKit/537.36 (KHTML, like Gecko) Chrome/137.0.7151.103 Mobile Safari/537.36 (compatible; Googlebot/2.1; +http://www.google.com/bot.html)"
66.249.68.137 - - [13/Jul/2025:10:55:56 -0400] "GET /pcmypage?callback=product/review/tuzukiya-k04-44806 HTTP/1.1" 404 1251 "-" "Mozilla/5.0 (Linux; Android 6.0.1; Nexus 5X Build/MMB29P) AppleWebKit/537.36 (KHTML, like Gecko) Chrome/137.0.7151.103 Mobile Safari/537.36 (compatible; Googlebot/2.1; +http://www.google.com/bot.html)"
66.249.68.137 - - [13/Jul/2025:10:55:57 -0400] "GET /items/086002224.html?srsltid=AfmBOopcnAZqKItinRLhV5U3QmbnLcGO7liYhld5ho7hHj0ZhM8z HTTP/1.1" 404 1251 "-" "Mozilla/5.0 (Linux; Android 6.0.1; Nexus 5X Build/MMB29P) AppleWebKit/537.36 (KHTML, like Gecko) Chrome/137.0.7151.103 Mobile Safari/537.36 (compatible; Googlebot/2.1; +http://www.google.com/bot.html)"
40.77.167.27 - - [13/Jul/2025:10:56:03 -0400] "GET /mishapsx72/kufug1552906.htm HTTP/1.1" 404 1251 "-" "Mozilla/5.0 AppleWebKit/537.36 (KHTML, like Gecko; compatible; bingbot/2.0; +http://www.bing.com/bingbot.htm) Chrome/116.0.1938.76 Safari/537.36"
66.249.68.137 - - [13/Jul/2025:10:56:15 -0400] "GET /items/133045331.html?srsltid=AfmBOoqwaHkocVeZlDkBCpPkUbesJiOTN1CRHrPprrI8pLkuRDzR HTTP/1.1" 404 1251 "-" "Mozilla/5.0 (Linux; Android 6.0.1; Nexus 5X Build/MMB29P) AppleWebKit/537.36 (KHTML, like Gecko) Chrome/137.0.7151.103 Mobile Safari/537.36 (compatible; Googlebot/2.1; +http://www.google.com/bot.html)"
66.249.68.137 - - [13/Jul/2025:10:56:28 -0400] "GET /items/026038866.html?srsltid=AfmBOopsdkbJByrnbvDuIUxFJkwRONvFzsvLWKSgkeMQHrmsoFfh HTTP/1.1" 404 1251 "-" "Mozilla/5.0 (compatible; Googlebot/2.1; +http://www.google.com/bot.html)"
66.249.68.137 - - [13/Jul/2025:10:56:32 -0400] "GET /items/056000796.html?srsltid=AfmBOobrapWtbsFUiHJsmvLYFtIQyYqTHCWaY2Pgwhhlu9Pl3G1M HTTP/1.1" 404 1251 "-" "Mozilla/5.0 (Linux; Android 6.0.1; Nexus 5X Build/MMB29P) AppleWebKit/537.36 (KHTML, like Gecko) Chrome/137.0.7151.103 Mobile Safari/537.36 (compatible; Googlebot/2.1; +http://www.google.com/bot.html)"
66.249.79.192 - - [13/Jul/2025:10:56:33 -0400] "GET /pcmypage?callback=/product%2Fdetail%2Fujico-fuji-9501-118962-30488-30488 HTTP/1.1" 404 1251 "-" "Mozilla/5.0 (compatible; Googlebot/2.1; +http://www.google.com/bot.html)"
66.249.79.206 - - [13/Jul/2025:10:57:09 -0400] "GET /pcmypage?callback=product%2Fdetail%2Fgekiyasu-shop-nankai-kta6d3-s-lw-a HTTP/1.1" 404 1251 "-" "Mozilla/5.0 (Linux; Android 6.0.1; Nexus 5X Build/MMB29P) AppleWebKit/537.36 (KHTML, like Gecko) Chrome/137.0.7151.103 Mobile Safari/537.36 (compatible; Googlebot/2.1; +http://www.google.com/bot.html)"
66.249.68.128 - - [13/Jul/2025:10:57:13 -0400] "GET /items/okyqo1/27610?key=administrative HTTP/1.1" 404 1251 "-" "Mozilla/5.0 (Linux; Android 6.0.1; Nexus 5X Build/MMB29P) AppleWebKit/537.36 (KHTML, like Gecko) Chrome/137.0.7151.103 Mobile Safari/537.36 (compatible; Googlebot/2.1; +http://www.google.com/bot.html)"
66.249.68.137 - - [13/Jul/2025:10:57:41 -0400] "GET /zhHant/product/surugaya/asty-shop-c2-27mp6yhi3r-6268?campaign_uid=f64d716db5e979ed2f947dbaf4296895b951ae7f HTTP/1.1" 404 1251 "-" "Mozilla/5.0 (Linux; Android 6.0.1; Nexus 5X Build/MMB29P) AppleWebKit/537.36 (KHTML, like Gecko) Chrome/137.0.7151.103 Mobile Safari/537.36 (compatible; Googlebot/2.1; +http://www.google.com/bot.html)"
66.249.79.206 - - [13/Jul/2025:10:57:45 -0400] "GET /items/096026174.html?srsltid=AfmBOodujFXALvfKYbYzHNL6XPXnvQiQpPyenbOtRdgJgXYTgmUN HTTP/1.1" 404 1251 "-" "Mozilla/5.0 (Linux; Android 6.0.1; Nexus 5X Build/MMB29P) AppleWebKit/537.36 (KHTML, like Gecko) Chrome/137.0.7151.103 Mobile Safari/537.36 (compatible; Googlebot/2.1; +http://www.google.com/bot.html)"
66.249.68.137 - - [13/Jul/2025:10:57:45 -0400] "GET /items/042000884.html?srsltid=AfmBOoxfdBVEFrtmhDELpSQpAsOyaFXGD1hEYqtRCrvCLJSBEU4u HTTP/1.1" 404 1251 "-" "Mozilla/5.0 (Linux; Android 6.0.1; Nexus 5X Build/MMB29P) AppleWebKit/537.36 (KHTML, like Gecko) Chrome/137.0.7151.103 Mobile Safari/537.36 (compatible; Googlebot/2.1; +http://www.google.com/bot.html)"
66.249.79.206 - - [13/Jul/2025:10:57:49 -0400] "GET /pcmypage?callback=product%2Fdetail%2Fmurauchi-dvd-4994196738211 HTTP/1.1" 404 1251 "-" "Mozilla/5.0 (Linux; Android 6.0.1; Nexus 5X Build/MMB29P) AppleWebKit/537.36 (KHTML, like Gecko) Chrome/137.0.7151.103 Mobile Safari/537.36 (compatible; Googlebot/2.1; +http://www.google.com/bot.html)"
66.249.79.206 - - [13/Jul/2025:10:57:57 -0400] "GET /search.php?pcmypage?callback=product/review/tkonline-5430321 HTTP/1.1" 404 1251 "-" "Mozilla/5.0 (compatible; Googlebot/2.1; +http://www.google.com/bot.html)"
66.249.79.193 - - [13/Jul/2025:10:58:23 -0400] "GET /search.php?285qlux7668.html HTTP/1.1" 404 1251 "-" "Mozilla/5.0 (Linux; Android 6.0.1; Nexus 5X Build/MMB29P) AppleWebKit/537.36 (KHTML, like Gecko) Chrome/137.0.7151.103 Mobile Safari/537.36 (compatible; Googlebot/2.1; +http://www.google.com/bot.html)"
66.249.79.192 - - [13/Jul/2025:10:58:44 -0400] "GET /items/266018490.html?srsltid=AfmBOodbrIBSwGaVjCuLS6WjNbHyAhVdgnhOGE6RiBhzb6QyGVzH HTTP/1.1" 404 1251 "-" "Mozilla/5.0 (compatible; Googlebot/2.1; +http://www.google.com/bot.html)"
66.249.79.206 - - [13/Jul/2025:10:58:52 -0400] "GET /items/xzlgi72/355?key=grocery HTTP/1.1" 404 1251 "-" "Mozilla/5.0 (Linux; Android 6.0.1; Nexus 5X Build/MMB29P) AppleWebKit/537.36 (KHTML, like Gecko) Chrome/137.0.7151.103 Mobile Safari/537.36 (compatible; Googlebot/2.1; +http://www.google.com/bot.html)"
66.249.68.137 - - [13/Jul/2025:10:58:57 -0400] "GET /items/yoxyq14/12423?key=historically HTTP/1.1" 404 1251 "-" "Mozilla/5.0 (Linux; Android 6.0.1; Nexus 5X Build/MMB29P) AppleWebKit/537.36 (KHTML, like Gecko) Chrome/137.0.7151.103 Mobile Safari/537.36 (compatible; Googlebot/2.1; +http://www.google.com/bot.html)"
66.249.68.129 - - [13/Jul/2025:10:58:57 -0400] "GET /items/zxmez23/44?key=oral HTTP/1.1" 404 1251 "-" "Mozilla/5.0 (Linux; Android 6.0.1; Nexus 5X Build/MMB29P) AppleWebKit/537.36 (KHTML, like Gecko) Chrome/137.0.7151.103 Mobile Safari/537.36 (compatible; Googlebot/2.1; +http://www.google.com/bot.html)"
66.249.79.193 - - [13/Jul/2025:10:59:09 -0400] "GET /items/124005646.html?srsltid=AfmBOobywZhvQyJPPdYgZxQfAbxgZZBYnuPfEn3V8B2CmMWdEH7U HTTP/1.1" 404 1251 "-" "Mozilla/5.0 (compatible; Googlebot/2.1; +http://www.google.com/bot.html)"
66.249.68.137 - - [13/Jul/2025:10:59:09 -0400] "GET /items/284006894.html?srsltid=AfmBOockmsEkIbVmfGWb5jkXZqiTNYEyNohCW0NeCfASJzliydUg HTTP/1.1" 404 1251 "-" "Mozilla/5.0 (compatible; Googlebot/2.1; +http://www.google.com/bot.html)"
66.249.68.128 - - [13/Jul/2025:10:59:18 -0400] "GET /product/edit/auc-orangetokei-fr-c412fg HTTP/1.1" 404 1251 "-" "Mozilla/5.0 (Linux; Android 6.0.1; Nexus 5X Build/MMB29P) AppleWebKit/537.36 (KHTML, like Gecko) Chrome/137.0.7151.103 Mobile Safari/537.36 (compatible; Googlebot/2.1; +http://www.google.com/bot.html)"
66.249.68.137 - - [13/Jul/2025:10:59:41 -0400] "GET /items/057000917.html?srsltid=AfmBOotypCnbFBYuwBTUuKghLcvkwFvV8ijU4qmnCDPxMtsyRpzE HTTP/1.1" 404 1251 "-" "Mozilla/5.0 (compatible; Googlebot/2.1; +http://www.google.com/bot.html)"
66.249.68.137 - - [13/Jul/2025:10:59:42 -0400] "GET /items/106046464.html?srsltid=AfmBOoafsqTpchiBuxgSI7CCJcxgyXFdUp5HJOGXyVkKEyDhUwvJ HTTP/1.1" 404 1251 "-" "Mozilla/5.0 (compatible; Googlebot/2.1; +http://www.google.com/bot.html)"
66.249.68.129 - - [13/Jul/2025:11:00:09 -0400] "GET /items/wrowx178/43601?key=trail HTTP/1.1" 404 1251 "-" "Mozilla/5.0 (Linux; Android 6.0.1; Nexus 5X Build/MMB29P) AppleWebKit/537.36 (KHTML, like Gecko) Chrome/137.0.7151.103 Mobile Safari/537.36 (compatible; Googlebot/2.1; +http://www.google.com/bot.html)"
66.249.68.128 - - [13/Jul/2025:11:00:31 -0400] "GET /pcmypage?callback=product%2Fdetail%2Fjyusetu-uwd5aa2rz HTTP/1.1" 404 1251 "-" "Mozilla/5.0 (Linux; Android 6.0.1; Nexus 5X Build/MMB29P) AppleWebKit/537.36 (KHTML, like Gecko) Chrome/137.0.7151.103 Mobile Safari/537.36 (compatible; Googlebot/2.1; +http://www.google.com/bot.html)"
66.249.68.128 - - [13/Jul/2025:11:00:31 -0400] "GET /items/rpoqh164/10697?key=tell HTTP/1.1" 404 1251 "-" "Mozilla/5.0 (compatible; Googlebot/2.1; +http://www.google.com/bot.html)"
66.249.68.137 - - [13/Jul/2025:11:00:41 -0400] "GET /product/edit/endeavor-s-cahy-gb_iron-1 HTTP/1.1" 404 1251 "-" "Mozilla/5.0 (Linux; Android 6.0.1; Nexus 5X Build/MMB29P) AppleWebKit/537.36 (KHTML, like Gecko) Chrome/137.0.7151.103 Mobile Safari/537.36 (compatible; Googlebot/2.1; +http://www.google.com/bot.html)"
66.249.68.137 - - [13/Jul/2025:11:00:41 -0400] "GET /product/edit/endeavor-s-cahy-gb_iron-1 HTTP/1.1" 404 1251 "-" "Mozilla/5.0 (compatible; Googlebot/2.1; +http://www.google.com/bot.html)"
208.110.64.178 - - [13/Jul/2025:11:01:00 -0400] "GET /wp-content/install.php HTTP/1.1" 404 1251 "https://first-gulf.com.sa/wp-content/install.php" "Mozilla/5.0 (Windows NT 10.0; Win64; x64) AppleWebKit/537.36 (KHTML, like Gecko) Chrome/58.0.3029.110 Safari/537.3"
66.249.68.137 - - [13/Jul/2025:11:01:02 -0400] "GET /items/016025548.html?srsltid=AfmBOovjqwPVagvUryjktNveDqESjdHFvt26wJBSUC0L5ZZDJrWi HTTP/1.1" 404 1251 "-" "Mozilla/5.0 (compatible; Googlebot/2.1; +http://www.google.com/bot.html)"
66.249.79.195 - - [13/Jul/2025:11:01:07 -0400] "GET /items/zfdms38/949?key=mobile HTTP/1.1" 404 1251 "-" "Mozilla/5.0 (compatible; Googlebot/2.1; +http://www.google.com/bot.html)"
66.249.68.137 - - [13/Jul/2025:11:01:17 -0400] "GET /items/gvocc15/884?key=payment HTTP/1.1" 404 1251 "-" "Mozilla/5.0 (Linux; Android 6.0.1; Nexus 5X Build/MMB29P) AppleWebKit/537.36 (KHTML, like Gecko) Chrome/137.0.7151.103 Mobile Safari/537.36 (compatible; Googlebot/2.1; +http://www.google.com/bot.html)"
66.249.68.128 - - [13/Jul/2025:11:01:17 -0400] "GET /items/gvocc15/884?key=payment HTTP/1.1" 404 1251 "-" "Mozilla/5.0 (compatible; Googlebot/2.1; +http://www.google.com/bot.html)"
66.29.146.47 - - [13/Jul/2025:11:01:19 -0400] "POST /wp-cron.php?doing_wp_cron=1752418879.1570439338684082031250 HTTP/1.1" 403 1242 "-" "WordPress/6.8; https://first-gulf.com.sa"
196.251.84.106 - - [13/Jul/2025:11:01:11 -0400] "POST /wp-login.php HTTP/1.1" 200 3023 "-" "Mozilla/5.0"
66.249.68.137 - - [13/Jul/2025:11:01:21 -0400] "GET /items/zgxgr177/10116?key=ghost HTTP/1.1" 404 1251 "-" "Mozilla/5.0 (Linux; Android 6.0.1; Nexus 5X Build/MMB29P) AppleWebKit/537.36 (KHTML, like Gecko) Chrome/137.0.7151.103 Mobile Safari/537.36 (compatible; Googlebot/2.1; +http://www.google.com/bot.html)"
66.249.79.194 - - [13/Jul/2025:11:01:22 -0400] "GET /items/026000604.html?srsltid=AfmBOozjoxJvhvKywFNQ6VRBAGbjBFDCFPtIuvAvVU75aRi3Maly HTTP/1.1" 404 1251 "-" "Mozilla/5.0 (Linux; Android 6.0.1; Nexus 5X Build/MMB29P) AppleWebKit/537.36 (KHTML, like Gecko) Chrome/137.0.7151.103 Mobile Safari/537.36 (compatible; Googlebot/2.1; +http://www.google.com/bot.html)"
216.73.216.207 - - [13/Jul/2025:11:01:31 -0400] "GET /robots.txt HTTP/1.1" 304 0 "-" "Mozilla/5.0 AppleWebKit/537.36 (KHTML, like Gecko; compatible; ClaudeBot/1.0; +claudebot@anthropic.com)"
216.73.216.207 - - [13/Jul/2025:11:01:31 -0400] "GET /search.php HTTP/1.1" 404 1251 "-" "Mozilla/5.0 AppleWebKit/537.36 (KHTML, like Gecko; compatible; ClaudeBot/1.0; +claudebot@anthropic.com)"
66.249.68.137 - - [13/Jul/2025:11:01:34 -0400] "GET /pcmypage?callback=product%2Fdetail%2Fasty-shop-x0-117bnaarnn-0236 HTTP/1.1" 404 1251 "-" "Mozilla/5.0 (compatible; Googlebot/2.1; +http://www.google.com/bot.html)"
66.249.68.137 - - [13/Jul/2025:11:01:35 -0400] "GET /items/187002205.html?srsltid=AfmBOoukdYNxhaAxGCiLTjYHIyDXweshPHao290zpv8yK2yK7b41 HTTP/1.1" 404 1251 "-" "Mozilla/5.0 (compatible; Googlebot/2.1; +http://www.google.com/bot.html)"
