66.249.68.130 - - [13/Jul/2025:13:39:10 -0400] "GET /items/007039023.html?srsltid=AfmBOouksZJdHjqVNRMsUGXMFHGCOUTFLsNotO1gfk3yRaqoV8Pz HTTP/1.1" 404 1251 "-" "Mozilla/5.0 (Linux; Android 6.0.1; Nexus 5X Build/MMB29P) AppleWebKit/537.36 (KHTML, like Gecko) Chrome/137.0.7151.103 Mobile Safari/537.36 (compatible; Googlebot/2.1; +http://www.google.com/bot.html)"
66.249.68.129 - - [13/Jul/2025:13:39:19 -0400] "GET /product/edit/shop-polite-ds-2571509 HTTP/1.1" 404 1251 "-" "Mozilla/5.0 (compatible; Googlebot/2.1; +http://www.google.com/bot.html)"
66.249.68.129 - - [13/Jul/2025:13:39:20 -0400] "GET /pcmypage?callback=product%2Fdetail%2Fchuboya01-120625-b003 HTTP/1.1" 404 1251 "-" "Mozilla/5.0 (Linux; Android 6.0.1; Nexus 5X Build/MMB29P) AppleWebKit/537.36 (KHTML, like Gecko) Chrome/137.0.7151.103 Mobile Safari/537.36 (compatible; Googlebot/2.1; +http://www.google.com/bot.html)"
196.251.84.106 - - [13/Jul/2025:13:39:04 -0400] "POST /wp-login.php HTTP/1.1" 200 0 "-" "Mozilla/5.0"
66.29.146.47 - - [13/Jul/2025:13:39:28 -0400] "POST /wp-cron.php?doing_wp_cron=1752428366.8336460590362548828125 HTTP/1.1" 403 1242 "-" "WordPress/6.8; https://first-gulf.com.sa"
66.249.68.129 - - [13/Jul/2025:13:39:51 -0400] "GET /items/ekmwq51/2394?key=board HTTP/1.1" 404 1251 "-" "Mozilla/5.0 (Linux; Android 6.0.1; Nexus 5X Build/MMB29P) AppleWebKit/537.36 (KHTML, like Gecko) Chrome/137.0.7151.103 Mobile Safari/537.36 (compatible; Googlebot/2.1; +http://www.google.com/bot.html)"
66.249.79.196 - - [13/Jul/2025:13:40:13 -0400] "GET /pcmypage?callback=product/review/suzukimotors-coah074 HTTP/1.1" 404 1251 "-" "Mozilla/5.0 (Linux; Android 6.0.1; Nexus 5X Build/MMB29P) AppleWebKit/537.36 (KHTML, like Gecko) Chrome/137.0.7151.103 Mobile Safari/537.36 (compatible; Googlebot/2.1; +http://www.google.com/bot.html)"
66.249.68.131 - - [13/Jul/2025:13:40:18 -0400] "GET /items/zytde197/46450?key=engagement HTTP/1.1" 404 1251 "-" "Mozilla/5.0 (compatible; Googlebot/2.1; +http://www.google.com/bot.html)"
66.249.68.130 - - [13/Jul/2025:13:40:19 -0400] "GET /pcmypage?callback=product/review/hattori-work-seven-rt6912 HTTP/1.1" 404 1251 "-" "Mozilla/5.0 (compatible; Googlebot/2.1; +http://www.google.com/bot.html)"
66.249.68.131 - - [13/Jul/2025:13:40:19 -0400] "GET /items/izyff191/11840?key=remove HTTP/1.1" 404 1251 "-" "Mozilla/5.0 (Linux; Android 6.0.1; Nexus 5X Build/MMB29P) AppleWebKit/537.36 (KHTML, like Gecko) Chrome/137.0.7151.103 Mobile Safari/537.36 (compatible; Googlebot/2.1; +http://www.google.com/bot.html)"
66.249.68.129 - - [13/Jul/2025:13:40:25 -0400] "GET /items/iaccz43/39198?key=bridge HTTP/1.1" 404 1251 "-" "Mozilla/5.0 (Linux; Android 6.0.1; Nexus 5X Build/MMB29P) AppleWebKit/537.36 (KHTML, like Gecko) Chrome/137.0.7151.103 Mobile Safari/537.36 (compatible; Googlebot/2.1; +http://www.google.com/bot.html)"
66.249.68.129 - - [13/Jul/2025:13:40:29 -0400] "GET /items/130032358.html?srsltid=AfmBOopwjzJdgrnfLGSf7IvGILXlAKHJhojac2j4FJLYp9WuOVsF HTTP/1.1" 404 1251 "-" "Mozilla/5.0 (Linux; Android 6.0.1; Nexus 5X Build/MMB29P) AppleWebKit/537.36 (KHTML, like Gecko) Chrome/137.0.7151.103 Mobile Safari/537.36 (compatible; Googlebot/2.1; +http://www.google.com/bot.html)"
66.249.68.129 - - [13/Jul/2025:13:40:29 -0400] "GET /items/278016418.html?srsltid=AfmBOocrwmylBdQaAwzxLQdNYVibKmQJ3bMyU36m8W3L5WbeFp1V HTTP/1.1" 404 1251 "-" "Mozilla/5.0 (Linux; Android 6.0.1; Nexus 5X Build/MMB29P) AppleWebKit/537.36 (KHTML, like Gecko) Chrome/137.0.7151.103 Mobile Safari/537.36 (compatible; Googlebot/2.1; +http://www.google.com/bot.html)"
66.249.79.194 - - [13/Jul/2025:13:40:30 -0400] "GET /search.php?pcmypage?callback=product%2Fdetail%2Fmeicho2-029-0425942-001 HTTP/1.1" 404 1251 "-" "Mozilla/5.0 (Linux; Android 6.0.1; Nexus 5X Build/MMB29P) AppleWebKit/537.36 (KHTML, like Gecko) Chrome/137.0.7151.103 Mobile Safari/537.36 (compatible; Googlebot/2.1; +http://www.google.com/bot.html)"
66.249.79.194 - - [13/Jul/2025:13:40:30 -0400] "GET /items/005000839.html?srsltid=AfmBOotzxDayKOVYvJcderCzYPBblWNKHKcPKuZ7oEigqw8O9QQh HTTP/1.1" 404 1251 "-" "Mozilla/5.0 (Linux; Android 6.0.1; Nexus 5X Build/MMB29P) AppleWebKit/537.36 (KHTML, like Gecko) Chrome/137.0.7151.103 Mobile Safari/537.36 (compatible; Googlebot/2.1; +http://www.google.com/bot.html)"
66.249.68.130 - - [13/Jul/2025:13:41:03 -0400] "GET /items/pgagp281/2550?key=clearly HTTP/1.1" 404 1251 "-" "Mozilla/5.0 (compatible; Googlebot/2.1; +http://www.google.com/bot.html)"
66.249.68.130 - - [13/Jul/2025:13:41:27 -0400] "GET /items/029000915.html?srsltid=AfmBOofraeDngoSqqeuiZjMzEvHLuunIgcvtXEW8E9HWXfqvj0M5 HTTP/1.1" 404 1251 "-" "Mozilla/5.0 (compatible; Googlebot/2.1; +http://www.google.com/bot.html)"
66.249.79.194 - - [13/Jul/2025:13:41:40 -0400] "GET /items/104019984.html?srsltid=AfmBOovugpbxJSPQjbHgB4tsGQbLpYfh3K7j2B6sK6oTLQ6BcBSJ HTTP/1.1" 404 1251 "-" "Mozilla/5.0 (Linux; Android 6.0.1; Nexus 5X Build/MMB29P) AppleWebKit/537.36 (KHTML, like Gecko) Chrome/137.0.7151.103 Mobile Safari/537.36 (compatible; Googlebot/2.1; +http://www.google.com/bot.html)"
66.249.79.194 - - [13/Jul/2025:13:41:40 -0400] "GET /search.php?123nyf32702.html HTTP/1.1" 404 1251 "-" "Mozilla/5.0 (Linux; Android 6.0.1; Nexus 5X Build/MMB29P) AppleWebKit/537.36 (KHTML, like Gecko) Chrome/137.0.7151.103 Mobile Safari/537.36 (compatible; Googlebot/2.1; +http://www.google.com/bot.html)"
47.82.60.70 - - [13/Jul/2025:13:41:47 -0400] "GET /items/dqpyz17/42064?key=structural HTTP/1.1" 404 1251 "https://first-gulf.com.sa/items/dqpyz17/42064?key=structural" "Mozilla/5.0 (Windows NT 10.0; Win64; x64) AppleWebKit/537.36 (KHTML, like Gecko) Chrome/114.0.0.0 Safari/537.36 Edg/114.0.1823.43"
66.249.79.194 - - [13/Jul/2025:13:42:08 -0400] "GET /pcmypage?callback=/product%2Fdetail%2First34-trusco-4605034 HTTP/1.1" 404 1251 "-" "Mozilla/5.0 (compatible; Googlebot/2.1; +http://www.google.com/bot.html)"
66.249.79.194 - - [13/Jul/2025:13:42:49 -0400] "GET /items/012041730.html?srsltid=AfmBOoclpusHeZQOrIkrGBibQtOmjWYxYKnd7f7EEb1lF24E7ras HTTP/1.1" 404 1251 "-" "Mozilla/5.0 (Linux; Android 6.0.1; Nexus 5X Build/MMB29P) AppleWebKit/537.36 (KHTML, like Gecko) Chrome/137.0.7151.103 Mobile Safari/537.36 (compatible; Googlebot/2.1; +http://www.google.com/bot.html)"
66.249.68.130 - - [13/Jul/2025:13:42:50 -0400] "GET /pcmypage?callback=/product%2Fdetail%2Bearhomes-2024-12-03-1560 HTTP/1.1" 404 1251 "-" "Mozilla/5.0 (Linux; Android 6.0.1; Nexus 5X Build/MMB29P) AppleWebKit/537.36 (KHTML, like Gecko) Chrome/137.0.7151.103 Mobile Safari/537.36 (compatible; Googlebot/2.1; +http://www.google.com/bot.html)"
66.249.68.129 - - [13/Jul/2025:13:43:06 -0400] "GET /items/078045608.html?srsltid=AfmBOocqtAdNPyymkahaL2U0GgooVOeTzJJEfPndFSETQoCNg8YB HTTP/1.1" 404 1251 "-" "Mozilla/5.0 (Linux; Android 6.0.1; Nexus 5X Build/MMB29P) AppleWebKit/537.36 (KHTML, like Gecko) Chrome/137.0.7151.103 Mobile Safari/537.36 (compatible; Googlebot/2.1; +http://www.google.com/bot.html)"
66.249.68.130 - - [13/Jul/2025:13:43:13 -0400] "GET /items/145024461.html?srsltid=AfmBOoenzLingJRqPEKhUacHXhoUbCRXLACADkk5KzlKxVMJIW96 HTTP/1.1" 404 1251 "-" "Mozilla/5.0 (Linux; Android 6.0.1; Nexus 5X Build/MMB29P) AppleWebKit/537.36 (KHTML, like Gecko) Chrome/137.0.7151.103 Mobile Safari/537.36 (compatible; Googlebot/2.1; +http://www.google.com/bot.html)"
66.249.68.129 - - [13/Jul/2025:13:43:30 -0400] "GET /items/030025518.html?srsltid=AfmBOoslwsfpaNEYFGBFgKEKLbHsmXVildK63FZpdIGGoNIcax2I HTTP/1.1" 404 1251 "-" "Mozilla/5.0 (Linux; Android 6.0.1; Nexus 5X Build/MMB29P) AppleWebKit/537.36 (KHTML, like Gecko) Chrome/137.0.7151.103 Mobile Safari/537.36 (compatible; Googlebot/2.1; +http://www.google.com/bot.html)"
66.249.68.129 - - [13/Jul/2025:13:43:59 -0400] "GET /pcmypage?callback=product/review/tkonline-2080408 HTTP/1.1" 404 1251 "-" "Mozilla/5.0 (Linux; Android 6.0.1; Nexus 5X Build/MMB29P) AppleWebKit/537.36 (KHTML, like Gecko) Chrome/137.0.7151.103 Mobile Safari/537.36 (compatible; Googlebot/2.1; +http://www.google.com/bot.html)"
47.82.60.95 - - [13/Jul/2025:13:44:01 -0400] "GET /items/czjnf114/17049?key=fiction HTTP/1.1" 404 1251 "https://first-gulf.com.sa/items/czjnf114/17049?key=fiction" "Mozilla/5.0 (Windows NT 10.0; Win64; x64) AppleWebKit/537.36 (KHTML, like Gecko) Chrome/114.0.0.0 Safari/537.36 Edg/114.0.1823.43"
66.249.79.192 - - [13/Jul/2025:13:44:02 -0400] "GET /pcmypage?callback=product/review/autopartsdirect-11738276996491102 HTTP/1.1" 404 1251 "-" "Mozilla/5.0 (compatible; Googlebot/2.1; +http://www.google.com/bot.html)"
66.249.79.193 - - [13/Jul/2025:13:44:03 -0400] "GET /pcmypage?callback=product/review/wondergoo-651220240922110 HTTP/1.1" 404 1251 "-" "Mozilla/5.0 (compatible; Googlebot/2.1; +http://www.google.com/bot.html)"
66.249.79.206 - - [13/Jul/2025:13:44:05 -0400] "GET /pcmypage?callback=product/review/hirochishop-2-46637709321 HTTP/1.1" 404 1251 "-" "Mozilla/5.0 (Linux; Android 6.0.1; Nexus 5X Build/MMB29P) AppleWebKit/537.36 (KHTML, like Gecko) Chrome/137.0.7151.103 Mobile Safari/537.36 (compatible; Googlebot/2.1; +http://www.google.com/bot.html)"
47.82.60.2 - - [13/Jul/2025:13:44:19 -0400] "GET /wp-includes/class-wp-user-query.php HTTP/1.1" 403 1242 "https://first-gulf.com.sa/wp-includes/class-wp-user-query.php" "Mozilla/5.0 (Windows NT 10.0; Win64; x64) AppleWebKit/537.36 (KHTML, like Gecko) Chrome/114.0.0.0 Safari/537.36 Edg/114.0.1823.43"
66.249.79.206 - - [13/Jul/2025:13:44:40 -0400] "GET /search.php?104eyr15213.html HTTP/1.1" 404 1251 "-" "Mozilla/5.0 (Linux; Android 6.0.1; Nexus 5X Build/MMB29P) AppleWebKit/537.36 (KHTML, like Gecko) Chrome/137.0.7151.103 Mobile Safari/537.36 (compatible; Googlebot/2.1; +http://www.google.com/bot.html)"
66.249.68.130 - - [13/Jul/2025:13:44:48 -0400] "GET /items/qbieh51/138?key=teacher HTTP/1.1" 404 1251 "-" "Mozilla/5.0 (Linux; Android 6.0.1; Nexus 5X Build/MMB29P) AppleWebKit/537.36 (KHTML, like Gecko) Chrome/137.0.7151.103 Mobile Safari/537.36 (compatible; Googlebot/2.1; +http://www.google.com/bot.html)"
47.82.60.95 - - [13/Jul/2025:13:44:52 -0400] "GET /items/uecob27/596?key=eventually HTTP/1.1" 404 1251 "https://first-gulf.com.sa/items/uecob27/596?key=eventually" "Mozilla/5.0 (Windows NT 10.0; Win64; x64) AppleWebKit/537.36 (KHTML, like Gecko) Chrome/114.0.0.0 Safari/537.36 Edg/114.0.1823.43"
66.249.68.130 - - [13/Jul/2025:13:44:56 -0400] "GET /pcmypage?callback=product/review/re-vida-k0-7577196-honeybr HTTP/1.1" 404 1251 "-" "Mozilla/5.0 (compatible; Googlebot/2.1; +http://www.google.com/bot.html)"
66.249.79.193 - - [13/Jul/2025:13:45:08 -0400] "GET /pcmypage?callback=/product%2Fdetail*ctiveboardselect-bbpsbpofge HTTP/1.1" 404 1251 "-" "Mozilla/5.0 (Linux; Android 6.0.1; Nexus 5X Build/MMB29P) AppleWebKit/537.36 (KHTML, like Gecko) Chrome/137.0.7151.103 Mobile Safari/537.36 (compatible; Googlebot/2.1; +http://www.google.com/bot.html)"
66.249.68.129 - - [13/Jul/2025:13:45:11 -0400] "GET /items/043016059.html?srsltid=AfmBOongfWBwWpdKvLsvXhd0UjWSXqsL8tHdWEwq8SjAwTBOxE3B HTTP/1.1" 404 1251 "-" "Mozilla/5.0 (Linux; Android 6.0.1; Nexus 5X Build/MMB29P) AppleWebKit/537.36 (KHTML, like Gecko) Chrome/137.0.7151.103 Mobile Safari/537.36 (compatible; Googlebot/2.1; +http://www.google.com/bot.html)"
66.249.68.130 - - [13/Jul/2025:13:45:13 -0400] "GET /items/064010916.html?srsltid=AfmBOoeaufqnnAChUIliUa2rZIWSqAiR2oeXuSDZlE3uojsKHsNl HTTP/1.1" 404 1251 "-" "Mozilla/5.0 (Linux; Android 6.0.1; Nexus 5X Build/MMB29P) AppleWebKit/537.36 (KHTML, like Gecko) Chrome/137.0.7151.119 Mobile Safari/537.36 (compatible; Googlebot/2.1; +http://www.google.com/bot.html)"
66.249.79.192 - - [13/Jul/2025:13:45:39 -0400] "GET /pcmypage?callback=product%2Fdetail%2Fdoriem-sb002hr2be2 HTTP/1.1" 404 1251 "-" "Mozilla/5.0 (compatible; Googlebot/2.1; +http://www.google.com/bot.html)"
66.249.68.130 - - [13/Jul/2025:13:45:46 -0400] "GET /items/143032455.html?srsltid=AfmBOoomemnydYqFVDOw4fiUCeEqHKAUajFQIY0K6f5ZlekelONe HTTP/1.1" 404 1251 "-" "Mozilla/5.0 (Linux; Android 6.0.1; Nexus 5X Build/MMB29P) AppleWebKit/537.36 (KHTML, like Gecko) Chrome/137.0.7151.103 Mobile Safari/537.36 (compatible; Googlebot/2.1; +http://www.google.com/bot.html)"
66.249.79.206 - - [13/Jul/2025:13:45:47 -0400] "GET /search.php?5bcnno18680.html HTTP/1.1" 404 1251 "-" "Mozilla/5.0 (Linux; Android 6.0.1; Nexus 5X Build/MMB29P) AppleWebKit/537.36 (KHTML, like Gecko) Chrome/137.0.7151.103 Mobile Safari/537.36 (compatible; Googlebot/2.1; +http://www.google.com/bot.html)"
66.249.68.130 - - [13/Jul/2025:13:45:48 -0400] "GET /items/jxysn117/25070?key=resign HTTP/1.1" 404 1251 "-" "Mozilla/5.0 (Linux; Android 6.0.1; Nexus 5X Build/MMB29P) AppleWebKit/537.36 (KHTML, like Gecko) Chrome/137.0.7151.103 Mobile Safari/537.36 (compatible; Googlebot/2.1; +http://www.google.com/bot.html)"
66.249.68.129 - - [13/Jul/2025:13:45:50 -0400] "GET /items/tkhos255/8542?key=southwest HTTP/1.1" 404 1251 "-" "Mozilla/5.0 (Linux; Android 6.0.1; Nexus 5X Build/MMB29P) AppleWebKit/537.36 (KHTML, like Gecko) Chrome/137.0.7151.103 Mobile Safari/537.36 (compatible; Googlebot/2.1; +http://www.google.com/bot.html)"
66.249.68.130 - - [13/Jul/2025:13:46:01 -0400] "GET /items/026003892.html?srsltid=AfmBOofwxJZxCyqoSIeYY08iJSZYxwCnHjNbrSj8xFz4F6uuADfC HTTP/1.1" 404 1251 "-" "Mozilla/5.0 (Linux; Android 6.0.1; Nexus 5X Build/MMB29P) AppleWebKit/537.36 (KHTML, like Gecko) Chrome/137.0.7151.103 Mobile Safari/537.36 (compatible; Googlebot/2.1; +http://www.google.com/bot.html)"
47.82.60.104 - - [13/Jul/2025:13:46:08 -0400] "GET /pcmypage?callback=product/detail/clover8888-totonr2015-108-q HTTP/1.1" 404 1251 "https://www.first-gulf.com.sa/pcmypage?callback=product%2Fdetail%2Fclover8888-totonr2015-108-q" "Mozilla/5.0 (Windows NT 10.0; Win64; x64) AppleWebKit/537.36 (KHTML, like Gecko) Chrome/114.0.0.0 Safari/537.36 Edg/114.0.1823.43"
66.249.68.130 - - [13/Jul/2025:13:46:10 -0400] "GET /pcmypage?callback=product%2Fdetail%2Fdenchiya-bekkan-ez7442x-h HTTP/1.1" 404 1251 "-" "Mozilla/5.0 (compatible; Googlebot/2.1; +http://www.google.com/bot.html)"
47.82.60.4 - - [13/Jul/2025:13:46:14 -0400] "GET /wp-includes/class-wp-recovery-mode.php HTTP/1.1" 403 1242 "https://first-gulf.com.sa/wp-includes/class-wp-recovery-mode.php" "Mozilla/5.0 (Windows NT 10.0; Win64; x64) AppleWebKit/537.36 (KHTML, like Gecko) Chrome/114.0.0.0 Safari/537.36 Edg/114.0.1823.43"
47.82.60.105 - - [13/Jul/2025:13:46:15 -0400] "GET /wp-includes/user.php HTTP/1.1" 403 1242 "https://first-gulf.com.sa/wp-includes/user.php" "Mozilla/5.0 (Windows NT 10.0; Win64; x64) AppleWebKit/537.36 (KHTML, like Gecko) Chrome/114.0.0.0 Safari/537.36 Edg/114.0.1823.43"
66.249.79.192 - - [13/Jul/2025:13:46:22 -0400] "GET /items/091001185.html?srsltid=AfmBOovuxNBseVfPmCtYcGhrVdshLSpJmedpcwgu4zcOCdI47jEr HTTP/1.1" 404 1251 "-" "Mozilla/5.0 (Linux; Android 6.0.1; Nexus 5X Build/MMB29P) AppleWebKit/537.36 (KHTML, like Gecko) Chrome/137.0.7151.103 Mobile Safari/537.36 (compatible; Googlebot/2.1; +http://www.google.com/bot.html)"
66.249.79.206 - - [13/Jul/2025:13:46:24 -0400] "GET /pcmypage?callback=product/review/ete-store-kv6165 HTTP/1.1" 404 1251 "-" "Mozilla/5.0 (Linux; Android 6.0.1; Nexus 5X Build/MMB29P) AppleWebKit/537.36 (KHTML, like Gecko) Chrome/137.0.7151.103 Mobile Safari/537.36 (compatible; Googlebot/2.1; +http://www.google.com/bot.html)"
66.249.79.193 - - [13/Jul/2025:13:46:24 -0400] "GET /pcmypage?callback=product/review/ete-store-kv6165 HTTP/1.1" 404 1251 "-" "Mozilla/5.0 (compatible; Googlebot/2.1; +http://www.google.com/bot.html)"
66.249.68.129 - - [13/Jul/2025:13:46:25 -0400] "GET /items/245033115.html?srsltid=AfmBOoocihNRKkFxGfJtZRKQRImjYyCDPP6i5Md6gurdxPniUrz9 HTTP/1.1" 404 1251 "-" "Mozilla/5.0 (Linux; Android 6.0.1; Nexus 5X Build/MMB29P) AppleWebKit/537.36 (KHTML, like Gecko) Chrome/137.0.7151.119 Mobile Safari/537.36 (compatible; Googlebot/2.1; +http://www.google.com/bot.html)"
66.249.68.129 - - [13/Jul/2025:13:46:50 -0400] "GET /items/023014079.html?srsltid=AfmBOoxoqybSxQnrGIutfxBwWFZjyleqeqINll4FmuiQCzW5B4Ui HTTP/1.1" 404 1251 "-" "Mozilla/5.0 (Linux; Android 6.0.1; Nexus 5X Build/MMB29P) AppleWebKit/537.36 (KHTML, like Gecko) Chrome/137.0.7151.119 Mobile Safari/537.36 (compatible; Googlebot/2.1; +http://www.google.com/bot.html)"
66.249.79.192 - - [13/Jul/2025:13:46:54 -0400] "GET /search.php?6mdhu13585.html HTTP/1.1" 404 1251 "-" "Mozilla/5.0 (compatible; Googlebot/2.1; +http://www.google.com/bot.html)"
66.249.68.131 - - [13/Jul/2025:13:47:02 -0400] "GET /product/edit/first34-asone-65-2251-36 HTTP/1.1" 404 1251 "-" "Mozilla/5.0 (Linux; Android 6.0.1; Nexus 5X Build/MMB29P) AppleWebKit/537.36 (KHTML, like Gecko) Chrome/137.0.7151.119 Mobile Safari/537.36 (compatible; Googlebot/2.1; +http://www.google.com/bot.html)"
66.249.68.129 - - [13/Jul/2025:13:47:32 -0400] "GET /items/rjvim28/24357?key=peak HTTP/1.1" 404 1251 "-" "Mozilla/5.0 (Linux; Android 6.0.1; Nexus 5X Build/MMB29P) AppleWebKit/537.36 (KHTML, like Gecko) Chrome/137.0.7151.103 Mobile Safari/537.36 (compatible; Googlebot/2.1; +http://www.google.com/bot.html)"
66.249.68.129 - - [13/Jul/2025:13:47:32 -0400] "GET /items/zovle15/8746?key=mystery HTTP/1.1" 404 1251 "-" "Mozilla/5.0 (Linux; Android 6.0.1; Nexus 5X Build/MMB29P) AppleWebKit/537.36 (KHTML, like Gecko) Chrome/137.0.7151.103 Mobile Safari/537.36 (compatible; Googlebot/2.1; +http://www.google.com/bot.html)"
47.82.60.11 - - [13/Jul/2025:13:47:55 -0400] "GET /items/hqpng73/522?key=ice HTTP/1.1" 404 1251 "https://first-gulf.com.sa/items/hqpng73/522?key=ice" "Mozilla/5.0 (Windows NT 10.0; Win64; x64) AppleWebKit/537.36 (KHTML, like Gecko) Chrome/114.0.0.0 Safari/537.36 Edg/114.0.1823.43"
66.249.79.193 - - [13/Jul/2025:13:48:02 -0400] "GET /search.php?rice/brown222/v58xw-45832/ HTTP/1.1" 404 1251 "-" "Mozilla/5.0 (Linux; Android 6.0.1; Nexus 5X Build/MMB29P) AppleWebKit/537.36 (KHTML, like Gecko) Chrome/137.0.7151.119 Mobile Safari/537.36 (compatible; Googlebot/2.1; +http://www.google.com/bot.html)"
66.249.79.192 - - [13/Jul/2025:13:48:12 -0400] "GET /pcmypage?callback=product/review/sportsmario2-h01szbjcb70412n-1 HTTP/1.1" 404 1251 "-" "Mozilla/5.0 (compatible; Googlebot/2.1; +http://www.google.com/bot.html)"
66.249.68.130 - - [13/Jul/2025:13:48:13 -0400] "GET /items/rmmwk94/43727?key=invent HTTP/1.1" 404 1251 "-" "Mozilla/5.0 (Linux; Android 6.0.1; Nexus 5X Build/MMB29P) AppleWebKit/537.36 (KHTML, like Gecko) Chrome/137.0.7151.103 Mobile Safari/537.36 (compatible; Googlebot/2.1; +http://www.google.com/bot.html)"
66.249.68.129 - - [13/Jul/2025:13:48:34 -0400] "GET /items/269042509.html?srsltid=AfmBOosttssJStaTRZqMFqmEKSQbCyihLND4GOcuNkFVushepDg2 HTTP/1.1" 404 1251 "-" "Mozilla/5.0 (compatible; Googlebot/2.1; +http://www.google.com/bot.html)"
66.249.79.206 - - [13/Jul/2025:13:48:35 -0400] "GET /items/013017489.html?srsltid=AfmBOovgyirlxkkOyXhdyEdBETuubMejQN8emnTVWYrWA4P3HO6a HTTP/1.1" 404 1251 "-" "Mozilla/5.0 (compatible; Googlebot/2.1; +http://www.google.com/bot.html)"
66.249.68.129 - - [13/Jul/2025:13:48:37 -0400] "GET /items/290005048.html?srsltid=AfmBOodgaJWXaDkySrYuXe3rCPuNinyTNtGg7qSPPPN29IhMqbOo HTTP/1.1" 404 1251 "-" "Mozilla/5.0 (Linux; Android 6.0.1; Nexus 5X Build/MMB29P) AppleWebKit/537.36 (KHTML, like Gecko) Chrome/137.0.7151.103 Mobile Safari/537.36 (compatible; Googlebot/2.1; +http://www.google.com/bot.html)"
66.249.68.129 - - [13/Jul/2025:13:48:41 -0400] "GET /items/jcfje126/40533?key=personality HTTP/1.1" 404 1251 "-" "Mozilla/5.0 (Linux; Android 6.0.1; Nexus 5X Build/MMB29P) AppleWebKit/537.36 (KHTML, like Gecko) Chrome/137.0.7151.103 Mobile Safari/537.36 (compatible; GoogleOther)"
66.249.79.206 - - [13/Jul/2025:13:48:41 -0400] "GET /items/192032804.html?srsltid=AfmBOoeyvapIYvglWxsNiTkhAYSlOyczliDyEkY1O7ZrKxlxdTcz HTTP/1.1" 404 1251 "-" "Mozilla/5.0 (Linux; Android 6.0.1; Nexus 5X Build/MMB29P) AppleWebKit/537.36 (KHTML, like Gecko) Chrome/137.0.7151.103 Mobile Safari/537.36 (compatible; Googlebot/2.1; +http://www.google.com/bot.html)"
66.249.68.129 - - [13/Jul/2025:13:48:43 -0400] "GET /items/216001288.html?srsltid=AfmBOojihinMbkHhblExSHPEJhZRUhLzjx0qUZgSV7XLGPgKoesz HTTP/1.1" 404 1251 "-" "Mozilla/5.0 (Linux; Android 6.0.1; Nexus 5X Build/MMB29P) AppleWebKit/537.36 (KHTML, like Gecko) Chrome/137.0.7151.103 Mobile Safari/537.36 (compatible; GoogleOther)"
66.249.68.131 - - [13/Jul/2025:13:49:47 -0400] "GET /items/nlwze36/157?key=equivalent HTTP/1.1" 404 1251 "-" "Mozilla/5.0 (compatible; Googlebot/2.1; +http://www.google.com/bot.html)"
66.249.68.130 - - [13/Jul/2025:13:49:56 -0400] "GET /items/pugcv245/35212?key=bishop HTTP/1.1" 404 1251 "-" "Mozilla/5.0 (Linux; Android 6.0.1; Nexus 5X Build/MMB29P) AppleWebKit/537.36 (KHTML, like Gecko) Chrome/137.0.7151.103 Mobile Safari/537.36 (compatible; Googlebot/2.1; +http://www.google.com/bot.html)"
66.249.68.129 - - [13/Jul/2025:13:49:56 -0400] "GET /items/latlh82/1177?key=yours HTTP/1.1" 404 1251 "-" "Mozilla/5.0 (Linux; Android 6.0.1; Nexus 5X Build/MMB29P) AppleWebKit/537.36 (KHTML, like Gecko) Chrome/137.0.7151.103 Mobile Safari/537.36 (compatible; Googlebot/2.1; +http://www.google.com/bot.html)"
66.249.68.129 - - [13/Jul/2025:13:49:57 -0400] "GET /items/258006728.html?srsltid=AfmBOofpfEqSXjvghHoMQQpsHiyqduLX8hEZ8X4MjEWh86gIVbUh HTTP/1.1" 404 1251 "-" "Mozilla/5.0 (Linux; Android 6.0.1; Nexus 5X Build/MMB29P) AppleWebKit/537.36 (KHTML, like Gecko) Chrome/137.0.7151.103 Mobile Safari/537.36 (compatible; Googlebot/2.1; +http://www.google.com/bot.html)"
66.249.79.194 - - [13/Jul/2025:13:49:57 -0400] "GET /search.php?75wgfk590.html HTTP/1.1" 404 1251 "-" "Mozilla/5.0 (Linux; Android 6.0.1; Nexus 5X Build/MMB29P) AppleWebKit/537.36 (KHTML, like Gecko) Chrome/137.0.7151.103 Mobile Safari/537.36 (compatible; Googlebot/2.1; +http://www.google.com/bot.html)"
66.249.79.196 - - [13/Jul/2025:13:50:03 -0400] "GET /search.php?89uwks29588.html HTTP/1.1" 404 1251 "-" "Mozilla/5.0 (Linux; Android 6.0.1; Nexus 5X Build/MMB29P) AppleWebKit/537.36 (KHTML, like Gecko) Chrome/137.0.7151.119 Mobile Safari/537.36 (compatible; Googlebot/2.1; +http://www.google.com/bot.html)"
66.249.79.195 - - [13/Jul/2025:13:50:08 -0400] "GET /pcmypage?callback=product%2Fdetail%2Feterille-er270271ptb HTTP/1.1" 404 1251 "-" "Mozilla/5.0 (Linux; Android 6.0.1; Nexus 5X Build/MMB29P) AppleWebKit/537.36 (KHTML, like Gecko) Chrome/137.0.7151.103 Mobile Safari/537.36 (compatible; Googlebot/2.1; +http://www.google.com/bot.html)"
66.249.79.194 - - [13/Jul/2025:13:50:17 -0400] "GET /pcmypage?callback=product%2Fdetail%2Fglobal-z-market-189-1721b HTTP/1.1" 404 1251 "-" "Mozilla/5.0 (Linux; Android 6.0.1; Nexus 5X Build/MMB29P) AppleWebKit/537.36 (KHTML, like Gecko) Chrome/137.0.7151.103 Mobile Safari/537.36 (compatible; Googlebot/2.1; +http://www.google.com/bot.html)"
66.249.79.194 - - [13/Jul/2025:13:50:31 -0400] "GET /items/150008096.html?srsltid=AfmBOonbcZKgQlPAJMQVxI1kVjkqSPfj1cW3NSzX4pTwRMoDY3mn HTTP/1.1" 404 1251 "-" "Mozilla/5.0 (Linux; Android 6.0.1; Nexus 5X Build/MMB29P) AppleWebKit/537.36 (KHTML, like Gecko) Chrome/137.0.7151.103 Mobile Safari/537.36 (compatible; Googlebot/2.1; +http://www.google.com/bot.html)"
66.249.68.130 - - [13/Jul/2025:13:50:38 -0400] "GET /items/zpike10/9685?key=by HTTP/1.1" 404 1251 "-" "Mozilla/5.0 (Linux; Android 6.0.1; Nexus 5X Build/MMB29P) AppleWebKit/537.36 (KHTML, like Gecko) Chrome/137.0.7151.103 Mobile Safari/537.36 (compatible; Googlebot/2.1; +http://www.google.com/bot.html)"
66.249.68.130 - - [13/Jul/2025:13:50:47 -0400] "GET /items/uhxhi24/8299?key=recommendation HTTP/1.1" 404 1251 "-" "Mozilla/5.0 (Linux; Android 6.0.1; Nexus 5X Build/MMB29P) AppleWebKit/537.36 (KHTML, like Gecko) Chrome/137.0.7151.103 Mobile Safari/537.36 (compatible; Googlebot/2.1; +http://www.google.com/bot.html)"
66.249.79.194 - - [13/Jul/2025:13:51:24 -0400] "GET /items/040024222.html?srsltid=AfmBOosnbuMOmNYXYqVXvQizHwlfIfHnjJmGkUXi0J7CnRjd4wOa HTTP/1.1" 404 1251 "-" "Mozilla/5.0 (Linux; Android 6.0.1; Nexus 5X Build/MMB29P) AppleWebKit/537.36 (KHTML, like Gecko) Chrome/137.0.7151.103 Mobile Safari/537.36 (compatible; Googlebot/2.1; +http://www.google.com/bot.html)"
66.249.68.129 - - [13/Jul/2025:13:51:25 -0400] "GET /product/edit/biccamera-4580115081393 HTTP/1.1" 404 1251 "-" "Mozilla/5.0 (compatible; Googlebot/2.1; +http://www.google.com/bot.html)"
66.249.68.131 - - [13/Jul/2025:13:51:27 -0400] "GET /items/122067396.html?srsltid=AfmBOofhzAXukCTqARxsY7bPSdyJrOZo4pK80TRrcrnPBJb11g6l HTTP/1.1" 404 1251 "-" "Mozilla/5.0 (compatible; Googlebot/2.1; +http://www.google.com/bot.html)"
66.249.68.129 - - [13/Jul/2025:13:52:15 -0400] "GET /items/kzlea47/618?key=nerve HTTP/1.1" 404 1251 "-" "Mozilla/5.0 (Linux; Android 6.0.1; Nexus 5X Build/MMB29P) AppleWebKit/537.36 (KHTML, like Gecko) Chrome/137.0.7151.103 Mobile Safari/537.36 (compatible; Googlebot/2.1; +http://www.google.com/bot.html)"
66.249.68.131 - - [13/Jul/2025:13:52:17 -0400] "GET /items/144046210.html?srsltid=AfmBOoehgsAOPJPKedBr7myqEvGvIVdCnyb6kOsuu7Of7lhbnw7y HTTP/1.1" 404 1251 "-" "Mozilla/5.0 (Linux; Android 6.0.1; Nexus 5X Build/MMB29P) AppleWebKit/537.36 (KHTML, like Gecko) Chrome/137.0.7151.103 Mobile Safari/537.36 (compatible; Googlebot/2.1; +http://www.google.com/bot.html)"
66.249.68.130 - - [13/Jul/2025:13:52:22 -0400] "GET /items/234008594.html?srsltid=AfmBOojqudugYsGGuUiOrH2hYZyrrsEfH2aXMv0B5oI0Z1HZotxs HTTP/1.1" 404 1251 "-" "Mozilla/5.0 (Linux; Android 6.0.1; Nexus 5X Build/MMB29P) AppleWebKit/537.36 (KHTML, like Gecko) Chrome/137.0.7151.103 Mobile Safari/537.36 (compatible; Googlebot/2.1; +http://www.google.com/bot.html)"
47.82.60.2 - - [13/Jul/2025:13:52:35 -0400] "GET /items/079060129.html HTTP/1.1" 404 1251 "https://www.first-gulf.com.sa/items/079060129.html" "Mozilla/5.0 (Windows NT 10.0; Win64; x64) AppleWebKit/537.36 (KHTML, like Gecko) Chrome/114.0.0.0 Safari/537.36 Edg/114.0.1823.43"
66.249.79.196 - - [13/Jul/2025:13:52:41 -0400] "GET /items/kvfel32/109?key=proceed HTTP/1.1" 404 1251 "-" "Mozilla/5.0 (Linux; Android 6.0.1; Nexus 5X Build/MMB29P) AppleWebKit/537.36 (KHTML, like Gecko) Chrome/137.0.7151.103 Mobile Safari/537.36 (compatible; Googlebot/2.1; +http://www.google.com/bot.html)"
66.249.79.194 - - [13/Jul/2025:13:52:44 -0400] "GET /pcmypage?callback=/product%2Fdetail.ffectermania-10000574 HTTP/1.1" 404 1251 "-" "Mozilla/5.0 (compatible; Googlebot/2.1; +http://www.google.com/bot.html)"
66.249.68.129 - - [13/Jul/2025:13:52:46 -0400] "GET /items/246044032.html?srsltid=AfmBOojrxHLfTOrHtfyerTcQWLVDGcKqNUBaoePtH8hGyLABSwmR HTTP/1.1" 404 1251 "-" "Mozilla/5.0 (compatible; Googlebot/2.1; +http://www.google.com/bot.html)"
47.82.60.1 - - [13/Jul/2025:13:52:55 -0400] "GET /wp-includes/class-wp-embed.php HTTP/1.1" 403 1242 "https://first-gulf.com.sa/wp-includes/class-wp-embed.php" "Mozilla/5.0 (Windows NT 10.0; Win64; x64) AppleWebKit/537.36 (KHTML, like Gecko) Chrome/114.0.0.0 Safari/537.36 Edg/114.0.1823.43"
66.249.68.129 - - [13/Jul/2025:13:53:01 -0400] "GET /items/197020393.html?srsltid=AfmBOoitakpcEwLdFGmVj7FPDuRizdbQSCGijjOUhyxTyZFyaZrb HTTP/1.1" 404 1251 "-" "Mozilla/5.0 (compatible; Googlebot/2.1; +http://www.google.com/bot.html)"
66.249.79.196 - - [13/Jul/2025:13:53:36 -0400] "GET /items/014005438.html?srsltid=AfmBOowpzCsbgOVEnwOqWwpzBjRfvQaRfQaznYd1XMefudLVB9lD HTTP/1.1" 404 1251 "-" "Mozilla/5.0 (Linux; Android 6.0.1; Nexus 5X Build/MMB29P) AppleWebKit/537.36 (KHTML, like Gecko) Chrome/137.0.7151.103 Mobile Safari/537.36 (compatible; Googlebot/2.1; +http://www.google.com/bot.html)"
47.82.60.31 - - [13/Jul/2025:13:53:44 -0400] "GET /items/mjywn282/11785?key=financial HTTP/1.1" 404 1251 "https://first-gulf.com.sa/items/mjywn282/11785?key=financial" "Mozilla/5.0 (Windows NT 10.0; Win64; x64) AppleWebKit/537.36 (KHTML, like Gecko) Chrome/114.0.0.0 Safari/537.36 Edg/114.0.1823.43"
47.82.60.46 - - [13/Jul/2025:13:53:49 -0400] "GET /wp-includes/class-wp-matchesmapregex.php HTTP/1.1" 403 1242 "https://first-gulf.com.sa/wp-includes/class-wp-matchesmapregex.php" "Mozilla/5.0 (Windows NT 10.0; Win64; x64) AppleWebKit/537.36 (KHTML, like Gecko) Chrome/114.0.0.0 Safari/537.36 Edg/114.0.1823.43"
47.82.60.15 - - [13/Jul/2025:13:54:00 -0400] "GET /wp-includes/class-wp-image-editor-gd.php HTTP/1.1" 403 1242 "https://first-gulf.com.sa/wp-includes/class-wp-image-editor-gd.php" "Mozilla/5.0 (Windows NT 10.0; Win64; x64) AppleWebKit/537.36 (KHTML, like Gecko) Chrome/114.0.0.0 Safari/537.36 Edg/114.0.1823.43"
47.82.60.96 - - [13/Jul/2025:13:54:07 -0400] "GET /wp-includes/class-wp-site-query.php HTTP/1.1" 403 1242 "https://first-gulf.com.sa/wp-includes/class-wp-site-query.php" "Mozilla/5.0 (Windows NT 10.0; Win64; x64) AppleWebKit/537.36 (KHTML, like Gecko) Chrome/114.0.0.0 Safari/537.36 Edg/114.0.1823.43"
66.249.79.196 - - [13/Jul/2025:13:54:24 -0400] "GET /search.php?growing/expected8/yu8hy-24574/ HTTP/1.1" 404 1251 "-" "Mozilla/5.0 (Linux; Android 6.0.1; Nexus 5X Build/MMB29P) AppleWebKit/537.36 (KHTML, like Gecko) Chrome/137.0.7151.119 Mobile Safari/537.36 (compatible; Googlebot/2.1; +http://www.google.com/bot.html)"
66.249.68.131 - - [13/Jul/2025:13:54:31 -0400] "GET /items/gzxil219/24698?key=carrier HTTP/1.1" 404 1251 "-" "Mozilla/5.0 (compatible; Googlebot/2.1; +http://www.google.com/bot.html)"
66.249.68.131 - - [13/Jul/2025:13:54:32 -0400] "GET /robots.txt HTTP/1.1" 304 0 "-" "Mozilla/5.0 (compatible; Googlebot/2.1; +http://www.google.com/bot.html)"
66.249.68.130 - - [13/Jul/2025:13:54:37 -0400] "GET /items/183024259.html?srsltid=AfmBOoqcpmEnXderJGtWq32NXryADSXxc8duX7UH9rt3eTRSp0QQ HTTP/1.1" 404 1251 "-" "Mozilla/5.0 (Linux; Android 6.0.1; Nexus 5X Build/MMB29P) AppleWebKit/537.36 (KHTML, like Gecko) Chrome/137.0.7151.103 Mobile Safari/537.36 (compatible; Googlebot/2.1; +http://www.google.com/bot.html)"
66.249.79.195 - - [13/Jul/2025:13:54:54 -0400] "GET /pcmypage?callback=product/review/yumenokoya-c02-ds-967706 HTTP/1.1" 404 1251 "-" "Mozilla/5.0 (Linux; Android 6.0.1; Nexus 5X Build/MMB29P) AppleWebKit/537.36 (KHTML, like Gecko) Chrome/137.0.7151.103 Mobile Safari/537.36 (compatible; Googlebot/2.1; +http://www.google.com/bot.html)"
66.249.68.129 - - [13/Jul/2025:13:54:54 -0400] "GET /items/yoexx82/795?key=sexuality HTTP/1.1" 404 1251 "-" "Mozilla/5.0 (Linux; Android 6.0.1; Nexus 5X Build/MMB29P) AppleWebKit/537.36 (KHTML, like Gecko) Chrome/137.0.7151.103 Mobile Safari/537.36 (compatible; Googlebot/2.1; +http://www.google.com/bot.html)"
66.249.68.129 - - [13/Jul/2025:13:54:55 -0400] "GET /pcmypage?callback=product%2Fdetail%2Fre-vida-y0-30414658ec HTTP/1.1" 404 1251 "-" "Mozilla/5.0 (Linux; Android 6.0.1; Nexus 5X Build/MMB29P) AppleWebKit/537.36 (KHTML, like Gecko) Chrome/137.0.7151.103 Mobile Safari/537.36 (compatible; Googlebot/2.1; +http://www.google.com/bot.html)"
66.249.68.129 - - [13/Jul/2025:13:54:56 -0400] "GET /items/067000143.html?srsltid=AfmBOowmmoDZtoDytAEJGHeiKongKoTLEMGXHsm3nygGMSb6XF8r HTTP/1.1" 404 1251 "-" "Mozilla/5.0 (Linux; Android 6.0.1; Nexus 5X Build/MMB29P) AppleWebKit/537.36 (KHTML, like Gecko) Chrome/137.0.7151.103 Mobile Safari/537.36 (compatible; Googlebot/2.1; +http://www.google.com/bot.html)"
66.249.68.130 - - [13/Jul/2025:13:55:05 -0400] "GET /items/142047404.html?srsltid=AfmBOoaduDpXtbTfyUKGFeRZYsqLvotE5Pfvh3bwPrJYNwEPBJGE HTTP/1.1" 404 1251 "-" "Mozilla/5.0 (Linux; Android 6.0.1; Nexus 5X Build/MMB29P) AppleWebKit/537.36 (KHTML, like Gecko) Chrome/137.0.7151.103 Mobile Safari/537.36 (compatible; Googlebot/2.1; +http://www.google.com/bot.html)"
196.251.84.106 - - [13/Jul/2025:13:54:47 -0400] "POST /wp-login.php HTTP/1.1" 200 0 "-" "Mozilla/5.0"
66.29.146.47 - - [13/Jul/2025:13:55:10 -0400] "POST /wp-cron.php?doing_wp_cron=1752429309.6005599498748779296875 HTTP/1.1" 403 0 "-" "WordPress/6.8; https://first-gulf.com.sa"
66.249.68.130 - - [13/Jul/2025:13:55:39 -0400] "GET /robots.txt HTTP/1.1" 304 0 "-" "Mozilla/5.0 (compatible; Googlebot/2.1; +http://www.google.com/bot.html)"
66.249.68.130 - - [13/Jul/2025:13:55:39 -0400] "GET /items/030046172.html?srsltid=AfmBOonolkdHTcbKzxecHwRcSPViNsqZNqUTJJ5uklEkCSPkcxev HTTP/1.1" 404 1251 "-" "Mozilla/5.0 (compatible; Googlebot/2.1; +http://www.google.com/bot.html)"
66.249.68.129 - - [13/Jul/2025:13:55:40 -0400] "GET /items/030046172.html?srsltid=AfmBOonolkdHTcbKzxecHwRcSPViNsqZNqUTJJ5uklEkCSPkcxev HTTP/1.1" 404 1251 "-" "Mozilla/5.0 (Linux; Android 6.0.1; Nexus 5X Build/MMB29P) AppleWebKit/537.36 (KHTML, like Gecko) Chrome/137.0.7151.103 Mobile Safari/537.36 (compatible; Googlebot/2.1; +http://www.google.com/bot.html)"
66.249.68.129 - - [13/Jul/2025:13:55:40 -0400] "GET /items/pawbx66/25?key=supposed HTTP/1.1" 404 1251 "-" "Mozilla/5.0 (Linux; Android 6.0.1; Nexus 5X Build/MMB29P) AppleWebKit/537.36 (KHTML, like Gecko) Chrome/137.0.7151.103 Mobile Safari/537.36 (compatible; Googlebot/2.1; +http://www.google.com/bot.html)"
66.249.79.192 - - [13/Jul/2025:13:55:48 -0400] "GET /category/28/1/listing HTTP/1.1" 404 1251 "-" "Mozilla/5.0 (Linux; Android 6.0.1; Nexus 5X Build/MMB29P) AppleWebKit/537.36 (KHTML, like Gecko) Chrome/137.0.7151.119 Mobile Safari/537.36 (compatible; Googlebot/2.1; +http://www.google.com/bot.html)"
66.249.68.131 - - [13/Jul/2025:13:56:15 -0400] "GET /items/005029411.html?srsltid=AfmBOozfeqWIgYbcBqfM7eKtThdtOvoNGbOuXI9oWppbKVM3x2wj HTTP/1.1" 404 1251 "-" "Mozilla/5.0 (Linux; Android 6.0.1; Nexus 5X Build/MMB29P) AppleWebKit/537.36 (KHTML, like Gecko) Chrome/137.0.7151.103 Mobile Safari/537.36 (compatible; Googlebot/2.1; +http://www.google.com/bot.html)"
66.249.68.130 - - [13/Jul/2025:13:56:15 -0400] "GET /pcmypage?callback=product%2Fdetail%2Fii-sakura-takubo20210218-224-z HTTP/1.1" 404 1251 "-" "Mozilla/5.0 (Linux; Android 6.0.1; Nexus 5X Build/MMB29P) AppleWebKit/537.36 (KHTML, like Gecko) Chrome/137.0.7151.103 Mobile Safari/537.36 (compatible; Googlebot/2.1; +http://www.google.com/bot.html)"
66.249.68.130 - - [13/Jul/2025:13:56:20 -0400] "GET /items/196034620.html?srsltid=AfmBOozhsDiIKWadeiiUGfn5EFxEWSppJ1Yei0sP36DOEQ7soBx2 HTTP/1.1" 404 1251 "-" "Mozilla/5.0 (compatible; Googlebot/2.1; +http://www.google.com/bot.html)"
66.249.79.206 - - [13/Jul/2025:13:56:21 -0400] "GET /pcmypage?callback=product/review/rcmdse-tm-1291958 HTTP/1.1" 404 1251 "-" "Mozilla/5.0 (Linux; Android 6.0.1; Nexus 5X Build/MMB29P) AppleWebKit/537.36 (KHTML, like Gecko) Chrome/137.0.7151.103 Mobile Safari/537.36 (compatible; Googlebot/2.1; +http://www.google.com/bot.html)"
34.221.61.149 - - [13/Jul/2025:13:56:33 -0400] "GET / HTTP/1.1" 200 1436 "-" "Mozilla/5.0 (Macintosh; Intel Mac OS X 10_15_7) AppleWebKit/537.36 (KHTML, like Gecko) Chrome/113.0.0.0 Safari/537.36"
66.249.68.129 - - [13/Jul/2025:13:56:37 -0400] "GET /items/fdwrf127/10274?key=tent HTTP/1.1" 404 1251 "-" "Mozilla/5.0 (Linux; Android 6.0.1; Nexus 5X Build/MMB29P) AppleWebKit/537.36 (KHTML, like Gecko) Chrome/137.0.7151.103 Mobile Safari/537.36 (compatible; Googlebot/2.1; +http://www.google.com/bot.html)"
66.249.79.193 - - [13/Jul/2025:13:57:35 -0400] "GET /items/jkpfu68/20493?key=therapy HTTP/1.1" 404 1251 "-" "Mozilla/5.0 (Linux; Android 6.0.1; Nexus 5X Build/MMB29P) AppleWebKit/537.36 (KHTML, like Gecko) Chrome/137.0.7151.103 Mobile Safari/537.36 (compatible; Googlebot/2.1; +http://www.google.com/bot.html)"
66.249.68.131 - - [13/Jul/2025:13:57:40 -0400] "GET /items/hztkb34/23315?key=biology HTTP/1.1" 404 1251 "-" "Mozilla/5.0 (Linux; Android 6.0.1; Nexus 5X Build/MMB29P) AppleWebKit/537.36 (KHTML, like Gecko) Chrome/137.0.7151.103 Mobile Safari/537.36 (compatible; Googlebot/2.1; +http://www.google.com/bot.html)"
52.185.158.77 - - [13/Jul/2025:13:58:04 -0400] "GET /wp-content/plugins/hellopress/wp_filemanager.php HTTP/1.1" 404 1251 "-" "-"
52.185.158.77 - - [13/Jul/2025:13:58:04 -0400] "GET /alfanew.php HTTP/1.1" 404 1251 "-" "-"
52.185.158.77 - - [13/Jul/2025:13:58:05 -0400] "GET /htaccess.php HTTP/1.1" 404 1251 "-" "-"
52.185.158.77 - - [13/Jul/2025:13:58:05 -0400] "GET /readme.php HTTP/1.1" 404 1251 "-" "-"
52.185.158.77 - - [13/Jul/2025:13:58:05 -0400] "GET /as.php HTTP/1.1" 404 1251 "-" "-"
52.185.158.77 - - [13/Jul/2025:13:58:05 -0400] "GET /403.php HTTP/1.1" 404 1251 "-" "-"
52.185.158.77 - - [13/Jul/2025:13:58:05 -0400] "GET /max.php HTTP/1.1" 404 1251 "-" "-"
52.185.158.77 - - [13/Jul/2025:13:58:06 -0400] "GET /m.php HTTP/1.1" 404 1251 "-" "-"
52.185.158.77 - - [13/Jul/2025:13:58:06 -0400] "GET /post.php HTTP/1.1" 404 1251 "-" "-"
52.185.158.77 - - [13/Jul/2025:13:58:06 -0400] "GET /themes.php HTTP/1.1" 404 1251 "-" "-"
52.185.158.77 - - [13/Jul/2025:13:58:06 -0400] "GET /wp-content/themes/astra/inc/ki1k.php HTTP/1.1" 404 1251 "-" "-"
52.185.158.77 - - [13/Jul/2025:13:58:06 -0400] "GET /ALFA_DATA/index.php HTTP/1.1" 404 1251 "-" "-"
52.185.158.77 - - [13/Jul/2025:13:58:07 -0400] "GET /wp-admin/maint/about.php HTTP/1.1" 404 1251 "-" "-"
52.185.158.77 - - [13/Jul/2025:13:58:07 -0400] "GET /wp-admin/network/wp-conflg.php?p= HTTP/1.1" 404 1251 "-" "-"
52.185.158.77 - - [13/Jul/2025:13:58:07 -0400] "GET /click.php HTTP/1.1" 404 1251 "-" "-"
52.185.158.77 - - [13/Jul/2025:13:58:07 -0400] "GET /install.php HTTP/1.1" 404 1251 "-" "-"
52.185.158.77 - - [13/Jul/2025:13:58:07 -0400] "GET /lv.php HTTP/1.1" 404 1251 "-" "-"
52.185.158.77 - - [13/Jul/2025:13:58:08 -0400] "GET /simple.php HTTP/1.1" 404 1251 "-" "-"
52.185.158.77 - - [13/Jul/2025:13:58:08 -0400] "GET /13k.php HTTP/1.1" 404 1251 "-" "-"
52.185.158.77 - - [13/Jul/2025:13:58:08 -0400] "GET /css.php HTTP/1.1" 404 1251 "-" "-"
52.185.158.77 - - [13/Jul/2025:13:58:08 -0400] "GET /0x1949.php HTTP/1.1" 404 1251 "-" "-"
52.185.158.77 - - [13/Jul/2025:13:58:08 -0400] "GET /cong.php HTTP/1.1" 404 1251 "-" "-"
52.185.158.77 - - [13/Jul/2025:13:58:09 -0400] "GET /fw.php HTTP/1.1" 404 1251 "-" "-"
52.185.158.77 - - [13/Jul/2025:13:58:09 -0400] "GET /bs1.php HTTP/1.1" 404 1251 "-" "-"
52.185.158.77 - - [13/Jul/2025:13:58:09 -0400] "GET /wp-includes/images/wp-login.php HTTP/1.1" 404 1251 "-" "-"
52.185.158.77 - - [13/Jul/2025:13:58:09 -0400] "GET /termps.php HTTP/1.1" 404 1251 "-" "-"
52.185.158.77 - - [13/Jul/2025:13:58:10 -0400] "GET /brand.php HTTP/1.1" 404 1251 "-" "-"
52.185.158.77 - - [13/Jul/2025:13:58:10 -0400] "GET /goods.php HTTP/1.1" 404 1251 "-" "-"
52.185.158.77 - - [13/Jul/2025:13:58:10 -0400] "GET /cong.php HTTP/1.1" 404 1251 "-" "-"
52.185.158.77 - - [13/Jul/2025:13:58:10 -0400] "GET /atomlib.php HTTP/1.1" 404 1251 "-" "-"
52.185.158.77 - - [13/Jul/2025:13:58:10 -0400] "GET /w.php HTTP/1.1" 404 1251 "-" "-"
52.185.158.77 - - [13/Jul/2025:13:58:11 -0400] "GET /404.php?fm=true HTTP/1.1" 404 1251 "-" "-"
52.185.158.77 - - [13/Jul/2025:13:58:11 -0400] "GET /404.php HTTP/1.1" 404 1251 "-" "-"
52.185.158.77 - - [13/Jul/2025:13:58:11 -0400] "GET /article.php HTTP/1.1" 404 1251 "-" "-"
52.185.158.77 - - [13/Jul/2025:13:58:11 -0400] "GET /wp-content/product.php HTTP/1.1" 404 1251 "-" "-"
52.185.158.77 - - [13/Jul/2025:13:58:11 -0400] "GET /wp-content/function.php HTTP/1.1" 404 1251 "-" "-"
52.185.158.77 - - [13/Jul/2025:13:58:12 -0400] "GET /0x.php HTTP/1.1" 404 1251 "-" "-"
52.185.158.77 - - [13/Jul/2025:13:58:12 -0400] "GET /css.php HTTP/1.1" 404 1251 "-" "-"
52.185.158.77 - - [13/Jul/2025:13:58:12 -0400] "GET /modules/mod_simplefileuploadv1.3/elements/filemanager.php?p= HTTP/1.1" 404 1251 "-" "-"
52.185.158.77 - - [13/Jul/2025:13:58:12 -0400] "GET /wp-content/index.php HTTP/1.1" 200 0 "-" "-"
52.185.158.77 - - [13/Jul/2025:13:58:13 -0400] "GET /1.php HTTP/1.1" 404 1251 "-" "-"
52.185.158.77 - - [13/Jul/2025:13:58:13 -0400] "GET /admin.php HTTP/1.1" 404 1251 "-" "-"
52.185.158.77 - - [13/Jul/2025:13:58:14 -0400] "GET /wp-admin/maint/maint.php HTTP/1.1" 404 1251 "-" "-"
52.185.158.77 - - [13/Jul/2025:13:58:14 -0400] "GET /classwithtostring.php HTTP/1.1" 404 1251 "-" "-"
52.185.158.77 - - [13/Jul/2025:13:58:14 -0400] "GET /dropdown.php HTTP/1.1" 404 1251 "-" "-"
52.185.158.77 - - [13/Jul/2025:13:58:14 -0400] "GET /moon.php HTTP/1.1" 404 1251 "-" "-"
52.185.158.77 - - [13/Jul/2025:13:58:14 -0400] "GET /0x.php HTTP/1.1" 404 1251 "-" "-"
52.185.158.77 - - [13/Jul/2025:13:58:15 -0400] "GET /moon.php?p= HTTP/1.1" 404 1251 "-" "-"
52.185.158.77 - - [13/Jul/2025:13:58:15 -0400] "GET /autoload_classmap.php?p= HTTP/1.1" 404 1251 "-" "-"
52.185.158.77 - - [13/Jul/2025:13:58:15 -0400] "GET /inputs.php HTTP/1.1" 404 1251 "-" "-"
52.185.158.77 - - [13/Jul/2025:13:58:15 -0400] "GET /default.php HTTP/1.1" 404 1251 "-" "-"
52.185.158.77 - - [13/Jul/2025:13:58:15 -0400] "GET /fm.php?p= HTTP/1.1" 404 1251 "-" "-"
52.185.158.77 - - [13/Jul/2025:13:58:16 -0400] "GET /fm.php?fm=true HTTP/1.1" 404 1251 "-" "-"
52.185.158.77 - - [13/Jul/2025:13:58:16 -0400] "GET /about.php HTTP/1.1" 404 1251 "-" "-"
52.185.158.77 - - [13/Jul/2025:13:58:16 -0400] "GET /file.php? HTTP/1.1" 404 1251 "-" "-"
52.185.158.77 - - [13/Jul/2025:13:58:16 -0400] "GET /alfa.php HTTP/1.1" 404 1251 "-" "-"
52.185.158.77 - - [13/Jul/2025:13:58:17 -0400] "GET /buy.php HTTP/1.1" 404 1251 "-" "-"
52.185.158.77 - - [13/Jul/2025:13:58:17 -0400] "GET /themes/twentytwentytwo/index.php HTTP/1.1" 404 1251 "-" "-"
52.185.158.77 - - [13/Jul/2025:13:58:17 -0400] "GET /wp-admin/js/wp-conflg.php?p= HTTP/1.1" 404 1251 "-" "-"
52.185.158.77 - - [13/Jul/2025:13:58:17 -0400] "GET /wp-admin/wp-conflg.php?p= HTTP/1.1" 404 1251 "-" "-"
52.185.158.77 - - [13/Jul/2025:13:58:17 -0400] "GET /wp-admin/css/wp-conflg.php?p= HTTP/1.1" 404 1251 "-" "-"
52.185.158.77 - - [13/Jul/2025:13:58:18 -0400] "GET /manager.php?p= HTTP/1.1" 404 1251 "-" "-"
52.185.158.77 - - [13/Jul/2025:13:58:18 -0400] "GET /js/fm.php HTTP/1.1" 404 1251 "-" "-"
52.185.158.77 - - [13/Jul/2025:13:58:18 -0400] "GET /item.php HTTP/1.1" 404 1251 "-" "-"
52.185.158.77 - - [13/Jul/2025:13:58:18 -0400] "GET /plugins/Cache/footer.php HTTP/1.1" 404 1251 "-" "-"
52.185.158.77 - - [13/Jul/2025:13:58:19 -0400] "GET /404.php HTTP/1.1" 404 1251 "-" "-"
52.185.158.77 - - [13/Jul/2025:13:58:19 -0400] "GET /mail.php HTTP/1.1" 404 1251 "-" "-"
52.185.158.77 - - [13/Jul/2025:13:58:19 -0400] "GET /wp-content/plugins/index.php HTTP/1.1" 200 0 "-" "-"
52.185.158.77 - - [13/Jul/2025:13:58:19 -0400] "GET /sx.php HTTP/1.1" 404 1251 "-" "-"
52.185.158.77 - - [13/Jul/2025:13:58:20 -0400] "GET /wp-admin/maint/admin.php HTTP/1.1" 404 1251 "-" "-"
52.185.158.77 - - [13/Jul/2025:13:58:20 -0400] "GET /article.php HTTP/1.1" 404 1251 "-" "-"
52.185.158.77 - - [13/Jul/2025:13:58:20 -0400] "GET /alfa.php HTTP/1.1" 404 1251 "-" "-"
52.185.158.77 - - [13/Jul/2025:13:58:20 -0400] "GET /1.php HTTP/1.1" 404 1251 "-" "-"
52.185.158.77 - - [13/Jul/2025:13:58:20 -0400] "GET /403.php HTTP/1.1" 404 1251 "-" "-"
52.185.158.77 - - [13/Jul/2025:13:58:21 -0400] "GET /link.php HTTP/1.1" 404 1251 "-" "-"
52.185.158.77 - - [13/Jul/2025:13:58:21 -0400] "GET /byp.php HTTP/1.1" 404 1251 "-" "-"
52.185.158.77 - - [13/Jul/2025:13:58:21 -0400] "GET /bak.php HTTP/1.1" 404 1251 "-" "-"
52.185.158.77 - - [13/Jul/2025:13:58:21 -0400] "GET /ini.php HTTP/1.1" 404 1251 "-" "-"
52.185.158.77 - - [13/Jul/2025:13:58:22 -0400] "GET /ws.php HTTP/1.1" 404 1251 "-" "-"
52.185.158.77 - - [13/Jul/2025:13:58:22 -0400] "GET /2.php HTTP/1.1" 404 1251 "-" "-"
52.185.158.77 - - [13/Jul/2025:13:58:22 -0400] "GET /wp-trackback.php HTTP/1.1" 403 1242 "-" "-"
66.249.68.131 - - [13/Jul/2025:13:58:23 -0400] "GET /items/132043268.html?srsltid=AfmBOozhfJjiGZKyHFEIbgC3OJguVbQWgH1IY85qUzmqmvpKSTZD HTTP/1.1" 404 1251 "-" "Mozilla/5.0 (Linux; Android 6.0.1; Nexus 5X Build/MMB29P) AppleWebKit/537.36 (KHTML, like Gecko) Chrome/137.0.7151.103 Mobile Safari/537.36 (compatible; Googlebot/2.1; +http://www.google.com/bot.html)"
52.185.158.77 - - [13/Jul/2025:13:58:23 -0400] "GET /.well-known/index.php HTTP/1.1" 404 1251 "-" "-"
52.185.158.77 - - [13/Jul/2025:13:58:23 -0400] "GET /wp-includes/certificates/plugins.php HTTP/1.1" 404 1251 "-" "-"
52.185.158.77 - - [13/Jul/2025:13:58:23 -0400] "GET /wp-content/themes/seotheme/mar.php HTTP/1.1" 404 1251 "-" "-"
66.249.68.131 - - [13/Jul/2025:13:58:25 -0400] "GET /pcmypage?callback=product/review/auc-orangetokei-ds-1572000 HTTP/1.1" 404 1251 "-" "Mozilla/5.0 (compatible; Googlebot/2.1; +http://www.google.com/bot.html)"
208.110.64.178 - - [13/Jul/2025:13:58:26 -0400] "GET /wp-content/install.php HTTP/1.1" 404 1251 "https://first-gulf.com.sa/wp-content/install.php" "Mozilla/5.0 (Windows NT 10.0; Win64; x64) AppleWebKit/537.36 (KHTML, like Gecko) Chrome/58.0.3029.110 Safari/537.3"
66.29.146.47 - - [13/Jul/2025:13:58:35 -0400] "POST /wp-cron.php?doing_wp_cron=1752429514.9724369049072265625000 HTTP/1.1" 403 1242 "-" "WordPress/6.8; https://first-gulf.com.sa"
66.249.79.193 - - [13/Jul/2025:13:58:37 -0400] "GET /items/027000205.html?srsltid=AfmBOoosyDzeBppARzlRQSeNDQFFWfon7sghKyQtIaCL0BN7Cf3V HTTP/1.1" 404 1251 "-" "Mozilla/5.0 (Linux; Android 6.0.1; Nexus 5X Build/MMB29P) AppleWebKit/537.36 (KHTML, like Gecko) Chrome/137.0.7151.103 Mobile Safari/537.36 (compatible; Googlebot/2.1; +http://www.google.com/bot.html)"
52.185.158.77 - - [13/Jul/2025:13:58:23 -0400] "GET /wp-admin/network/plugins.php HTTP/1.1" 302 0 "-" "-"
52.185.158.77 - - [13/Jul/2025:13:58:38 -0400] "GET /wp-login.php?redirect_to=https%3A%2F%2Ffirst-gulf.com.sa%2Fwp-admin%2Fnetwork%2Fplugins.php&reauth=1 HTTP/1.1" 200 0 "-" "-"
52.185.158.77 - - [13/Jul/2025:13:58:39 -0400] "GET /wp-admin/about.php HTTP/1.1" 302 0 "-" "-"
66.249.68.129 - - [13/Jul/2025:13:58:41 -0400] "GET /robots.txt HTTP/1.1" 304 0 "-" "Mozilla/5.0 (compatible; Googlebot/2.1; +http://www.google.com/bot.html)"
66.249.68.130 - - [13/Jul/2025:13:58:41 -0400] "GET /items/spaec14/40617?key=easy HTTP/1.1" 404 1251 "-" "Mozilla/5.0 (compatible; Googlebot/2.1; +http://www.google.com/bot.html)"
52.185.158.77 - - [13/Jul/2025:13:58:41 -0400] "GET /wp-login.php?redirect_to=https%3A%2F%2Ffirst-gulf.com.sa%2Fwp-admin%2Fabout.php&reauth=1 HTTP/1.1" 200 2861 "-" "-"
52.185.158.77 - - [13/Jul/2025:13:58:42 -0400] "GET /chosen.php HTTP/1.1" 404 1251 "-" "-"
52.185.158.77 - - [13/Jul/2025:13:58:43 -0400] "GET /wp-includes/ID3/about.php HTTP/1.1" 404 1251 "-" "-"
52.185.158.77 - - [13/Jul/2025:13:58:44 -0400] "GET /css/index.php HTTP/1.1" 404 1251 "-" "-"
52.185.158.77 - - [13/Jul/2025:13:58:44 -0400] "GET /wp-admin/includes/xmrlpc.php?p= HTTP/1.1" 404 1251 "-" "-"
52.185.158.77 - - [13/Jul/2025:13:58:44 -0400] "GET /wp-includes/SimplePie/wp-login.php HTTP/1.1" 404 1251 "-" "-"
52.185.158.77 - - [13/Jul/2025:13:58:44 -0400] "GET /wp-content/themes/about.php HTTP/1.1" 404 1251 "-" "-"
52.185.158.77 - - [13/Jul/2025:13:58:45 -0400] "GET /filemanager/dialog.php HTTP/1.1" 404 1251 "-" "-"
52.185.158.77 - - [13/Jul/2025:13:58:45 -0400] "GET /wp-admin/maint/index.php HTTP/1.1" 404 1251 "-" "-"
52.185.158.77 - - [13/Jul/2025:13:58:45 -0400] "GET /wp-includes/Requests/Text/admin.php HTTP/1.1" 404 1251 "-" "-"
52.185.158.77 - - [13/Jul/2025:13:58:46 -0400] "GET /wp-includes/customize/about.php HTTP/1.1" 404 1251 "-" "-"
52.185.158.77 - - [13/Jul/2025:13:58:46 -0400] "GET /index/function.php HTTP/1.1" 404 1251 "-" "-"
52.185.158.77 - - [13/Jul/2025:13:58:46 -0400] "GET /uploads/autoload_classmap.php HTTP/1.1" 404 1251 "-" "-"
52.185.158.77 - - [13/Jul/2025:13:58:47 -0400] "GET /wp-includes/css/dist/preferences/wp-login.php HTTP/1.1" 404 1251 "-" "-"
66.249.79.192 - - [13/Jul/2025:13:58:47 -0400] "GET /search.php?pcmypage?callback=product/review/honkeya-ds-2311157 HTTP/1.1" 404 1251 "-" "Mozilla/5.0 (Linux; Android 6.0.1; Nexus 5X Build/MMB29P) AppleWebKit/537.36 (KHTML, like Gecko) Chrome/137.0.7151.119 Mobile Safari/537.36 (compatible; Googlebot/2.1; +http://www.google.com/bot.html)"
52.185.158.77 - - [13/Jul/2025:13:58:47 -0400] "GET /wp-includes/style-engine/about.php HTTP/1.1" 404 1251 "-" "-"
52.185.158.77 - - [13/Jul/2025:13:58:48 -0400] "GET /about/function.php HTTP/1.1" 404 1251 "-" "-"
52.185.158.77 - - [13/Jul/2025:13:58:48 -0400] "GET /wp-includes/theme-compat/chosen.php HTTP/1.1" 404 1251 "-" "-"
52.185.158.77 - - [13/Jul/2025:13:58:48 -0400] "GET /admin/function.php HTTP/1.1" 404 1251 "-" "-"
52.185.158.77 - - [13/Jul/2025:13:58:48 -0400] "GET /css/colors/blue/index.php HTTP/1.1" 404 1251 "-" "-"
52.185.158.77 - - [13/Jul/2025:13:58:49 -0400] "GET /wp-content/plugins/pwnd/as.php HTTP/1.1" 404 1251 "-" "-"
52.185.158.77 - - [13/Jul/2025:13:58:49 -0400] "GET /wp-admin/setup-config.php HTTP/1.1" 403 1242 "-" "-"
52.185.158.77 - - [13/Jul/2025:13:58:49 -0400] "GET /wp-admin/user/about.php HTTP/1.1" 302 0 "-" "-"
52.185.158.77 - - [13/Jul/2025:13:58:50 -0400] "GET /wp-login.php?redirect_to=https%3A%2F%2Ffirst-gulf.com.sa%2Fwp-admin%2Fuser%2Fabout.php&reauth=1 HTTP/1.1" 200 2873 "-" "-"
52.185.158.77 - - [13/Jul/2025:13:58:52 -0400] "GET /wp-admin/js/index.php HTTP/1.1" 404 1251 "-" "-"
52.185.158.77 - - [13/Jul/2025:13:58:52 -0400] "GET /wp-content/upgrade/about.php HTTP/1.1" 404 1251 "-" "-"
52.185.158.77 - - [13/Jul/2025:13:58:53 -0400] "GET /wp-includes/assets/index.php HTTP/1.1" 404 1251 "-" "-"
52.185.158.77 - - [13/Jul/2025:13:58:53 -0400] "GET /wp-content/radio.php HTTP/1.1" 404 1251 "-" "-"
52.185.158.77 - - [13/Jul/2025:13:58:53 -0400] "GET /wp-includes/fonts/index.php?p= HTTP/1.1" 404 1251 "-" "-"
52.185.158.77 - - [13/Jul/2025:13:58:53 -0400] "GET /.well-known/gecko-litespeed.php HTTP/1.1" 404 1251 "-" "-"
52.185.158.77 - - [13/Jul/2025:13:58:54 -0400] "GET /.well-known/admin.php HTTP/1.1" 404 1251 "-" "-"
52.185.158.77 - - [13/Jul/2025:13:58:54 -0400] "GET /wp-content/admin.php HTTP/1.1" 404 1251 "-" "-"
52.185.158.77 - - [13/Jul/2025:13:58:54 -0400] "GET /wp-content/plugins/admin.php HTTP/1.1" 404 1251 "-" "-"
52.185.158.77 - - [13/Jul/2025:13:58:54 -0400] "GET /wp-content/themes/twentytwentytwo/index.php?p= HTTP/1.1" 404 1251 "-" "-"
52.185.158.77 - - [13/Jul/2025:13:58:54 -0400] "GET /.well-known/log.php HTTP/1.1" 404 1251 "-" "-"
66.249.79.206 - - [13/Jul/2025:13:58:55 -0400] "GET /items/liclw28/39129?key=perfectly HTTP/1.1" 404 1251 "-" "Mozilla/5.0 (Linux; Android 6.0.1; Nexus 5X Build/MMB29P) AppleWebKit/537.36 (KHTML, like Gecko) Chrome/137.0.7151.103 Mobile Safari/537.36 (compatible; Googlebot/2.1; +http://www.google.com/bot.html)"
52.185.158.77 - - [13/Jul/2025:13:58:55 -0400] "GET /class.php HTTP/1.1" 404 1251 "-" "-"
