66.249.79.195 - - [13/Jul/2025:09:49:32 -0400] "GET /items/076045572.html?srsltid=AfmBOoriqMeceZdykqVAn7rRAeBmfLGVx0gI9myu3Rf4U40xUNpr HTTP/1.1" 404 1251 "-" "Mozilla/5.0 (Linux; Android 6.0.1; Nexus 5X Build/MMB29P) AppleWebKit/537.36 (KHTML, like Gecko) Chrome/137.0.7151.103 Mobile Safari/537.36 (compatible; Googlebot/2.1; +http://www.google.com/bot.html)"
66.249.68.129 - - [13/Jul/2025:09:49:43 -0400] "GET /items/qotmm227/12088?key=different HTTP/1.1" 404 1251 "-" "Mozilla/5.0 (Linux; Android 6.0.1; Nexus 5X Build/MMB29P) AppleWebKit/537.36 (KHTML, like Gecko) Chrome/137.0.7151.103 Mobile Safari/537.36 (compatible; Googlebot/2.1; +http://www.google.com/bot.html)"
66.249.68.129 - - [13/Jul/2025:09:49:44 -0400] "GET /items/085038987.html?srsltid=AfmBOoiwouZNvUoeLRXLDXZREwHegOdqNgGWyfvA9Ay3dkhEEpTL HTTP/1.1" 404 1251 "-" "Mozilla/5.0 (compatible; Googlebot/2.1; +http://www.google.com/bot.html)"
66.249.68.129 - - [13/Jul/2025:09:49:57 -0400] "GET /pcmypage?callback=product/review/sakan8man-trus-1961040 HTTP/1.1" 404 1251 "-" "Mozilla/5.0 (compatible; Googlebot/2.1; +http://www.google.com/bot.html)"
66.249.79.195 - - [13/Jul/2025:09:50:09 -0400] "GET /items/174032516.html?srsltid=AfmBOoxsaKYhsmaiPeWtcXpCNJsnGaTBTrc4F94oDdYu4avIhnzk HTTP/1.1" 404 1251 "-" "Mozilla/5.0 (Linux; Android 6.0.1; Nexus 5X Build/MMB29P) AppleWebKit/537.36 (KHTML, like Gecko) Chrome/137.0.7151.103 Mobile Safari/537.36 (compatible; Googlebot/2.1; +http://www.google.com/bot.html)"
47.82.60.12 - - [13/Jul/2025:09:50:15 -0400] "GET /wp-includes/comment-template.php HTTP/1.1" 403 1242 "https://first-gulf.com.sa/wp-includes/comment-template.php" "Mozilla/5.0 (Windows NT 10.0; Win64; x64) AppleWebKit/537.36 (KHTML, like Gecko) Chrome/114.0.0.0 Safari/537.36 Edg/114.0.1823.43"
66.249.68.129 - - [13/Jul/2025:09:50:23 -0400] "GET /items/005046417.html?srsltid=AfmBOowhmydpGXYixIbQ4SAhPSVYiJrz0QPrSPUeIdif057yZGMu HTTP/1.1" 404 1251 "-" "Mozilla/5.0 (Linux; Android 6.0.1; Nexus 5X Build/MMB29P) AppleWebKit/537.36 (KHTML, like Gecko) Chrome/137.0.7151.103 Mobile Safari/537.36 (compatible; Googlebot/2.1; +http://www.google.com/bot.html)"
66.249.68.129 - - [13/Jul/2025:09:50:40 -0400] "GET /items/235039619.html?srsltid=AfmBOojjquXbfKDuysjSxRyjNdwVBspJWjUs5eLD7HJazoVsJzNA HTTP/1.1" 404 1251 "-" "Mozilla/5.0 (compatible; Googlebot/2.1; +http://www.google.com/bot.html)"
172.182.211.200 - - [13/Jul/2025:09:50:41 -0400] "GET /items/qdqfl96/705?key=pursue HTTP/1.1" 404 1251 "-" "Mozilla/5.0 (Macintosh; Intel Mac OS X 10_15_7) AppleWebKit/537.36 (KHTML, like Gecko) Chrome/131.0.0.0 Safari/537.36; compatible; OAI-SearchBot/1.0; +https://openai.com/searchbot"
66.249.79.194 - - [13/Jul/2025:09:50:43 -0400] "GET /items/036009978.html?srsltid=AfmBOorvzysoLvqvfGtxYQB7LRfbfqeaDzmMs4byTtOH81qSDZcH HTTP/1.1" 404 1251 "-" "Mozilla/5.0 (Linux; Android 6.0.1; Nexus 5X Build/MMB29P) AppleWebKit/537.36 (KHTML, like Gecko) Chrome/137.0.7151.103 Mobile Safari/537.36 (compatible; Googlebot/2.1; +http://www.google.com/bot.html)"
66.249.68.129 - - [13/Jul/2025:09:50:51 -0400] "GET /product/edit/auc-kobefm-543286 HTTP/1.1" 404 1251 "-" "Mozilla/5.0 (Linux; Android 6.0.1; Nexus 5X Build/MMB29P) AppleWebKit/537.36 (KHTML, like Gecko) Chrome/137.0.7151.103 Mobile Safari/537.36 (compatible; Googlebot/2.1; +http://www.google.com/bot.html)"
66.249.79.195 - - [13/Jul/2025:09:51:19 -0400] "GET /pcmypage?callback=product%2Fdetail%2Fwassup-puma-402109-02-1 HTTP/1.1" 404 1251 "-" "Mozilla/5.0 (Linux; Android 6.0.1; Nexus 5X Build/MMB29P) AppleWebKit/537.36 (KHTML, like Gecko) Chrome/137.0.7151.103 Mobile Safari/537.36 (compatible; Googlebot/2.1; +http://www.google.com/bot.html)"
66.249.79.196 - - [13/Jul/2025:09:51:20 -0400] "GET /items/081009477.html?srsltid=AfmBOorbmkTCzfmEgEggOG6aQBEzmhmhuYSbOFJ63NQkg9qsUtYh HTTP/1.1" 404 1251 "-" "Mozilla/5.0 (Linux; Android 6.0.1; Nexus 5X Build/MMB29P) AppleWebKit/537.36 (KHTML, like Gecko) Chrome/137.0.7151.103 Mobile Safari/537.36 (compatible; Googlebot/2.1; +http://www.google.com/bot.html)"
66.249.68.130 - - [13/Jul/2025:09:51:21 -0400] "GET /items/205024927.html?srsltid=AfmBOohfuuoYXNWZaDnmoOD9EPqiKmAeI6t53rLIueW63PU8pXhT HTTP/1.1" 404 1251 "-" "Mozilla/5.0 (Linux; Android 6.0.1; Nexus 5X Build/MMB29P) AppleWebKit/537.36 (KHTML, like Gecko) Chrome/137.0.7151.103 Mobile Safari/537.36 (compatible; Googlebot/2.1; +http://www.google.com/bot.html)"
66.249.79.196 - - [13/Jul/2025:09:51:21 -0400] "GET /search.php?pcmypage?callback=product/review/petech-009043 HTTP/1.1" 404 1251 "-" "Mozilla/5.0 (Linux; Android 6.0.1; Nexus 5X Build/MMB29P) AppleWebKit/537.36 (KHTML, like Gecko) Chrome/137.0.7151.103 Mobile Safari/537.36 (compatible; Googlebot/2.1; +http://www.google.com/bot.html)"
66.249.79.195 - - [13/Jul/2025:09:51:22 -0400] "GET /items/dcrib97/34288?key=candy HTTP/1.1" 404 1251 "-" "Mozilla/5.0 (Linux; Android 6.0.1; Nexus 5X Build/MMB29P) AppleWebKit/537.36 (KHTML, like Gecko) Chrome/137.0.7151.103 Mobile Safari/537.36 (compatible; Googlebot/2.1; +http://www.google.com/bot.html)"
66.249.68.130 - - [13/Jul/2025:09:51:23 -0400] "GET /items/179003771.html?srsltid=AfmBOogdgUSQBmCXPHVlv7byZxUEuYPlCXPf2ZtjBq8lo2SMGWAU HTTP/1.1" 404 1251 "-" "Mozilla/5.0 (Linux; Android 6.0.1; Nexus 5X Build/MMB29P) AppleWebKit/537.36 (KHTML, like Gecko) Chrome/137.0.7151.103 Mobile Safari/537.36 (compatible; Googlebot/2.1; +http://www.google.com/bot.html)"
66.249.68.131 - - [13/Jul/2025:09:51:23 -0400] "GET /items/pntqd98/25057?key=patch HTTP/1.1" 404 1251 "-" "Mozilla/5.0 (Linux; Android 6.0.1; Nexus 5X Build/MMB29P) AppleWebKit/537.36 (KHTML, like Gecko) Chrome/137.0.7151.103 Mobile Safari/537.36 (compatible; Googlebot/2.1; +http://www.google.com/bot.html)"
66.249.79.195 - - [13/Jul/2025:09:51:24 -0400] "GET /search.php?66ejpqm789.html HTTP/1.1" 404 1251 "-" "Mozilla/5.0 (Linux; Android 6.0.1; Nexus 5X Build/MMB29P) AppleWebKit/537.36 (KHTML, like Gecko) Chrome/137.0.7151.103 Mobile Safari/537.36 (compatible; Googlebot/2.1; +http://www.google.com/bot.html)"
66.249.68.129 - - [13/Jul/2025:09:51:27 -0400] "GET /items/otvcm213/9092?key=garbage HTTP/1.1" 404 1251 "-" "Mozilla/5.0 (compatible; Googlebot/2.1; +http://www.google.com/bot.html)"
43.133.69.37 - - [13/Jul/2025:09:51:48 -0400] "GET / HTTP/1.1" 200 1436 "http://first-gulf.com.sa" "Mozilla/5.0 (iPhone; CPU iPhone OS 13_2_3 like Mac OS X) AppleWebKit/605.1.15 (KHTML, like Gecko) Version/13.0.3 Mobile/15E148 Safari/604.1"
66.249.68.129 - - [13/Jul/2025:09:51:58 -0400] "GET /items/111009189.html?srsltid=AfmBOonyrBcBNFClgiaHrKm5OoGMexuOlY2Lcg04Xin8mAht0jBf HTTP/1.1" 404 1251 "-" "Mozilla/5.0 (Linux; Android 6.0.1; Nexus 5X Build/MMB29P) AppleWebKit/537.36 (KHTML, like Gecko) Chrome/137.0.7151.103 Mobile Safari/537.36 (compatible; Googlebot/2.1; +http://www.google.com/bot.html)"
66.249.68.137 - - [13/Jul/2025:09:52:13 -0400] "GET /items/jidbd5/276?key=reject HTTP/1.1" 404 1251 "-" "Mozilla/5.0 (Linux; Android 6.0.1; Nexus 5X Build/MMB29P) AppleWebKit/537.36 (KHTML, like Gecko) Chrome/137.0.7151.103 Mobile Safari/537.36 (compatible; Googlebot/2.1; +http://www.google.com/bot.html)"
66.249.68.128 - - [13/Jul/2025:09:52:18 -0400] "GET /items/017044945.html?srsltid=AfmBOovzvdcGNDVsqSKmEHn5GwERqgPuDgn49GArgdHvwzMIErUA HTTP/1.1" 404 1251 "-" "Mozilla/5.0 (Linux; Android 6.0.1; Nexus 5X Build/MMB29P) AppleWebKit/537.36 (KHTML, like Gecko) Chrome/137.0.7151.103 Mobile Safari/537.36 (compatible; Googlebot/2.1; +http://www.google.com/bot.html)"
47.82.60.51 - - [13/Jul/2025:09:52:19 -0400] "GET /items/poljj98/1131?key=user HTTP/1.1" 404 1251 "https://first-gulf.com.sa/items/poljj98/1131?key=user" "Mozilla/5.0 (Windows NT 10.0; Win64; x64) AppleWebKit/537.36 (KHTML, like Gecko) Chrome/114.0.0.0 Safari/537.36 Edg/114.0.1823.43"
66.249.68.137 - - [13/Jul/2025:09:52:36 -0400] "GET /items/217020565.html?srsltid=AfmBOoxjcLNWqQFpWxAJiOZVYpXWljBQcIUROFeeRv37VVLuILes HTTP/1.1" 404 1251 "-" "Mozilla/5.0 (Linux; Android 6.0.1; Nexus 5X Build/MMB29P) AppleWebKit/537.36 (KHTML, like Gecko) Chrome/137.0.7151.103 Mobile Safari/537.36 (compatible; Googlebot/2.1; +http://www.google.com/bot.html)"
66.249.79.196 - - [13/Jul/2025:09:52:36 -0400] "GET /items/022000084.html?srsltid=AfmBOoztvkoCpzhLinqOIFMjNIabFPZo70iUdwRVXA5KLp1HkXi8 HTTP/1.1" 404 1251 "-" "Mozilla/5.0 (Linux; Android 6.0.1; Nexus 5X Build/MMB29P) AppleWebKit/537.36 (KHTML, like Gecko) Chrome/137.0.7151.103 Mobile Safari/537.36 (compatible; Googlebot/2.1; +http://www.google.com/bot.html)"
66.249.68.137 - - [13/Jul/2025:09:52:40 -0400] "GET /items/khqje64/27517?key=exchange HTTP/1.1" 404 1251 "-" "Mozilla/5.0 (Linux; Android 6.0.1; Nexus 5X Build/MMB29P) AppleWebKit/537.36 (KHTML, like Gecko) Chrome/137.0.7151.103 Mobile Safari/537.36 (compatible; Googlebot/2.1; +http://www.google.com/bot.html)"
66.249.68.137 - - [13/Jul/2025:09:52:44 -0400] "GET /items/258001348.html?srsltid=AfmBOollvvJritPRCvBIUEnoNYxjuHhQBq8W8I0zRumNtEAQBq2s HTTP/1.1" 404 1251 "-" "Mozilla/5.0 (compatible; Googlebot/2.1; +http://www.google.com/bot.html)"
66.249.79.195 - - [13/Jul/2025:09:52:55 -0400] "GET /search.php?product/edit/autostyle-uivz000121-003-00 HTTP/1.1" 404 1251 "-" "Mozilla/5.0 (compatible; Googlebot/2.1; +http://www.google.com/bot.html)"
66.249.68.137 - - [13/Jul/2025:09:52:56 -0400] "GET /items/213035707.html?srsltid=AfmBOourqwMMMFcmQVjpy3KBPGwgEzXaVB1ukWntU44HKwXGjzVV HTTP/1.1" 404 1251 "-" "Mozilla/5.0 (compatible; Googlebot/2.1; +http://www.google.com/bot.html)"
66.249.79.195 - - [13/Jul/2025:09:52:58 -0400] "GET /items/hbikp41/226?key=butt HTTP/1.1" 404 1251 "-" "Mozilla/5.0 (compatible; Googlebot/2.1; +http://www.google.com/bot.html)"
47.82.60.6 - - [13/Jul/2025:09:53:10 -0400] "GET /items/026045132.html HTTP/1.1" 404 1251 "https://first-gulf.com.sa/items/026045132.html" "Mozilla/5.0 (Windows NT 10.0; Win64; x64) AppleWebKit/537.36 (KHTML, like Gecko) Chrome/114.0.0.0 Safari/537.36 Edg/114.0.1823.43"
66.249.68.128 - - [13/Jul/2025:09:53:12 -0400] "GET /ar/project HTTP/1.1" 404 1251 "-" "Mozilla/5.0 (Linux; Android 6.0.1; Nexus 5X Build/MMB29P) AppleWebKit/537.36 (KHTML, like Gecko) Chrome/137.0.7151.103 Mobile Safari/537.36 (compatible; Googlebot/2.1; +http://www.google.com/bot.html)"
66.249.68.128 - - [13/Jul/2025:09:53:12 -0400] "GET /robots.txt HTTP/1.1" 304 0 "-" "Mozilla/5.0 (compatible; Googlebot/2.1; +http://www.google.com/bot.html)"
66.249.68.128 - - [13/Jul/2025:09:53:24 -0400] "GET /product/edit/ra-kudenmart-nnu240115kle9 HTTP/1.1" 404 1251 "-" "Mozilla/5.0 (Linux; Android 6.0.1; Nexus 5X Build/MMB29P) AppleWebKit/537.36 (KHTML, like Gecko) Chrome/137.0.7151.103 Mobile Safari/537.36 (compatible; Googlebot/2.1; +http://www.google.com/bot.html)"
66.249.68.137 - - [13/Jul/2025:09:53:38 -0400] "GET /pcmypage?callback=product/review/perk-up-382329-1499644 HTTP/1.1" 404 1251 "-" "Mozilla/5.0 (compatible; Googlebot/2.1; +http://www.google.com/bot.html)"
66.249.68.137 - - [13/Jul/2025:09:53:38 -0400] "GET /pcmypage?callback=product/review/perk-up-382329-1499644 HTTP/1.1" 404 1251 "-" "Mozilla/5.0 (Linux; Android 6.0.1; Nexus 5X Build/MMB29P) AppleWebKit/537.36 (KHTML, like Gecko) Chrome/137.0.7151.103 Mobile Safari/537.36 (compatible; Googlebot/2.1; +http://www.google.com/bot.html)"
47.82.60.1 - - [13/Jul/2025:09:53:41 -0400] "GET /items/lfgjx294/13787?key=estimate HTTP/1.1" 404 1251 "https://first-gulf.com.sa/items/lfgjx294/13787?key=estimate" "Mozilla/5.0 (Windows NT 10.0; Win64; x64) AppleWebKit/537.36 (KHTML, like Gecko) Chrome/114.0.0.0 Safari/537.36 Edg/114.0.1823.43"
66.249.68.137 - - [13/Jul/2025:09:53:49 -0400] "GET /pcmypage?callback=product/review/skymarketplus-b01hkpbmx6 HTTP/1.1" 404 1251 "-" "Mozilla/5.0 (Linux; Android 6.0.1; Nexus 5X Build/MMB29P) AppleWebKit/537.36 (KHTML, like Gecko) Chrome/137.0.7151.103 Mobile Safari/537.36 (compatible; Googlebot/2.1; +http://www.google.com/bot.html)"
66.249.79.195 - - [13/Jul/2025:09:53:49 -0400] "GET /pcmypage?callback=product/review/ecjungle-ent-128034780 HTTP/1.1" 404 1251 "-" "Mozilla/5.0 (Linux; Android 6.0.1; Nexus 5X Build/MMB29P) AppleWebKit/537.36 (KHTML, like Gecko) Chrome/137.0.7151.103 Mobile Safari/537.36 (compatible; Googlebot/2.1; +http://www.google.com/bot.html)"
66.249.68.137 - - [13/Jul/2025:09:53:50 -0400] "GET /items/243006519.html?srsltid=AfmBOopyyjXfQvHfJpCXdRVgZnlyShOuFwPqjZuT56PifPV07rrt HTTP/1.1" 404 1251 "-" "Mozilla/5.0 (Linux; Android 6.0.1; Nexus 5X Build/MMB29P) AppleWebKit/537.36 (KHTML, like Gecko) Chrome/137.0.7151.103 Mobile Safari/537.36 (compatible; Googlebot/2.1; +http://www.google.com/bot.html)"
66.249.68.137 - - [13/Jul/2025:09:53:51 -0400] "GET /items/kjidm68/35879?key=tendency HTTP/1.1" 404 1251 "-" "Mozilla/5.0 (Linux; Android 6.0.1; Nexus 5X Build/MMB29P) AppleWebKit/537.36 (KHTML, like Gecko) Chrome/137.0.7151.103 Mobile Safari/537.36 (compatible; Googlebot/2.1; +http://www.google.com/bot.html)"
47.82.60.56 - - [13/Jul/2025:09:53:55 -0400] "GET /items/013044157.html HTTP/1.1" 404 1251 "https://first-gulf.com.sa/items/013044157.html" "Mozilla/5.0 (Windows NT 10.0; Win64; x64) AppleWebKit/537.36 (KHTML, like Gecko) Chrome/114.0.0.0 Safari/537.36 Edg/114.0.1823.43"
66.249.79.192 - - [13/Jul/2025:09:54:18 -0400] "GET /items/078001010.html?srsltid=AfmBOozwqtSGCZErjrMEw5PwJcZkItIiBUSGndalbuXucHlkHPwa HTTP/1.1" 404 1251 "-" "Mozilla/5.0 (compatible; Googlebot/2.1; +http://www.google.com/bot.html)"
47.82.60.48 - - [13/Jul/2025:09:54:24 -0400] "GET /wp-includes/class-wp-classic-to-block-menu-converter.php HTTP/1.1" 403 1242 "https://first-gulf.com.sa/wp-includes/class-wp-classic-to-block-menu-converter.php" "Mozilla/5.0 (Windows NT 10.0; Win64; x64) AppleWebKit/537.36 (KHTML, like Gecko) Chrome/114.0.0.0 Safari/537.36 Edg/114.0.1823.43"
66.249.79.192 - - [13/Jul/2025:09:54:29 -0400] "GET /items/218046504.html?srsltid=AfmBOotwrASbRmkfmnSUM1vcAsExWEPQprN4LJP6wIFjmbuAx2yV HTTP/1.1" 404 1251 "-" "Mozilla/5.0 (Linux; Android 6.0.1; Nexus 5X Build/MMB29P) AppleWebKit/537.36 (KHTML, like Gecko) Chrome/137.0.7151.103 Mobile Safari/537.36 (compatible; Googlebot/2.1; +http://www.google.com/bot.html)"
66.249.79.192 - - [13/Jul/2025:09:55:02 -0400] "GET /items/014000198.html?srsltid=AfmBOolbhjbQpxbVtieZBkZaKDHPTeMJgMysY0CGXgvfEmMLxRUP HTTP/1.1" 404 1251 "-" "Mozilla/5.0 (Linux; Android 6.0.1; Nexus 5X Build/MMB29P) AppleWebKit/537.36 (KHTML, like Gecko) Chrome/137.0.7151.103 Mobile Safari/537.36 (compatible; Googlebot/2.1; +http://www.google.com/bot.html)"
20.169.7.49 - - [13/Jul/2025:09:55:03 -0400] "GET /search.php?210mxr10981.html HTTP/1.1" 404 1251 "-" "Mozilla/5.0 (Macintosh; Intel Mac OS X 10_15_7) AppleWebKit/537.36 (KHTML, like Gecko) Chrome/131.0.0.0 Safari/537.36; compatible; OAI-SearchBot/1.0; +https://openai.com/searchbot"
66.249.68.128 - - [13/Jul/2025:09:55:03 -0400] "GET /product/edit/a-ru001-kkha-tfx-93orb61e-1 HTTP/1.1" 404 1251 "-" "Mozilla/5.0 (compatible; Googlebot/2.1; +http://www.google.com/bot.html)"
66.249.68.128 - - [13/Jul/2025:09:55:13 -0400] "GET /items/147047605.html?srsltid=AfmBOoduvLYmwtyEbEzNCH2xZtyBwhwVCYWDUOOpPGwwFPD4Km6T HTTP/1.1" 404 1251 "-" "Mozilla/5.0 (Linux; Android 6.0.1; Nexus 5X Build/MMB29P) AppleWebKit/537.36 (KHTML, like Gecko) Chrome/137.0.7151.103 Mobile Safari/537.36 (compatible; Googlebot/2.1; +http://www.google.com/bot.html)"
66.249.68.137 - - [13/Jul/2025:09:55:13 -0400] "GET /items/147047605.html?srsltid=AfmBOoduvLYmwtyEbEzNCH2xZtyBwhwVCYWDUOOpPGwwFPD4Km6T HTTP/1.1" 404 1251 "-" "Mozilla/5.0 (compatible; Googlebot/2.1; +http://www.google.com/bot.html)"
66.249.68.137 - - [13/Jul/2025:09:55:35 -0400] "GET /pcmypage?callback=product%2Fdetail%2Fasty-shop-c1-1d4jk73tib-7w97 HTTP/1.1" 404 1251 "-" "Mozilla/5.0 (Linux; Android 6.0.1; Nexus 5X Build/MMB29P) AppleWebKit/537.36 (KHTML, like Gecko) Chrome/137.0.7151.103 Mobile Safari/537.36 (compatible; Googlebot/2.1; +http://www.google.com/bot.html)"
66.249.68.137 - - [13/Jul/2025:09:55:36 -0400] "GET /items/108024720.html?srsltid=AfmBOoyamviyvSGZDIdjtEw7YOvqjShFEPOc29h35O9eOi6yZ7Xj HTTP/1.1" 404 1251 "-" "Mozilla/5.0 (compatible; Googlebot/2.1; +http://www.google.com/bot.html)"
66.249.68.137 - - [13/Jul/2025:09:55:41 -0400] "GET /items/232014534.html?srsltid=AfmBOoerqRZGixAhZHIGHyP4RoPGeabpRRAywLfy5n2BQ7oYqx35 HTTP/1.1" 404 1251 "-" "Mozilla/5.0 (Linux; Android 6.0.1; Nexus 5X Build/MMB29P) AppleWebKit/537.36 (KHTML, like Gecko) Chrome/137.0.7151.103 Mobile Safari/537.36 (compatible; Googlebot/2.1; +http://www.google.com/bot.html)"
66.249.68.129 - - [13/Jul/2025:09:56:02 -0400] "GET /items/nulda32/38993?key=journalism HTTP/1.1" 404 1251 "-" "Mozilla/5.0 (compatible; Googlebot/2.1; +http://www.google.com/bot.html)"
66.249.68.137 - - [13/Jul/2025:09:56:28 -0400] "GET /items/kisvp244/47119?key=manual HTTP/1.1" 404 1251 "-" "Mozilla/5.0 (Linux; Android 6.0.1; Nexus 5X Build/MMB29P) AppleWebKit/537.36 (KHTML, like Gecko) Chrome/137.0.7151.103 Mobile Safari/537.36 (compatible; Googlebot/2.1; +http://www.google.com/bot.html)"
204.12.252.98 - - [13/Jul/2025:09:56:36 -0400] "GET /wp-content/install.php HTTP/1.1" 404 1251 "https://first-gulf.com.sa/wp-content/install.php" "Mozilla/5.0 (Windows NT 10.0; Win64; x64) AppleWebKit/537.36 (KHTML, like Gecko) Chrome/58.0.3029.110 Safari/537.3"
66.249.68.137 - - [13/Jul/2025:09:56:38 -0400] "GET /items/mbcfc60/18007?key=rate HTTP/1.1" 404 1251 "-" "Mozilla/5.0 (compatible; Googlebot/2.1; +http://www.google.com/bot.html)"
66.249.68.137 - - [13/Jul/2025:09:56:42 -0400] "GET /items/190047662.html?srsltid=AfmBOovglmHBuYKlhuKhLGNYSTQEmWTEqE4ikPw2pJH9VtOLldBl HTTP/1.1" 404 1251 "-" "Mozilla/5.0 (Linux; Android 6.0.1; Nexus 5X Build/MMB29P) AppleWebKit/537.36 (KHTML, like Gecko) Chrome/137.0.7151.103 Mobile Safari/537.36 (compatible; Googlebot/2.1; +http://www.google.com/bot.html)"
66.249.68.137 - - [13/Jul/2025:09:56:47 -0400] "GET /items/235033075.html?srsltid=AfmBOovrhIkqfEAFsROfiQfoDGugZmXoq0WCNU52OIkPsMd8ZI9R HTTP/1.1" 404 1251 "-" "Mozilla/5.0 (Linux; Android 6.0.1; Nexus 5X Build/MMB29P) AppleWebKit/537.36 (KHTML, like Gecko) Chrome/137.0.7151.103 Mobile Safari/537.36 (compatible; Googlebot/2.1; +http://www.google.com/bot.html)"
66.249.79.192 - - [13/Jul/2025:09:56:52 -0400] "GET /pcmypage?callback=/product%2Fdetail%2First34-trusco-3263443 HTTP/1.1" 404 1251 "-" "Mozilla/5.0 (Linux; Android 6.0.1; Nexus 5X Build/MMB29P) AppleWebKit/537.36 (KHTML, like Gecko) Chrome/137.0.7151.103 Mobile Safari/537.36 (compatible; Googlebot/2.1; +http://www.google.com/bot.html)"
66.249.68.137 - - [13/Jul/2025:09:57:07 -0400] "GET /pcmypage?callback=product/review/tkonline-5415330 HTTP/1.1" 404 1251 "-" "Mozilla/5.0 (Linux; Android 6.0.1; Nexus 5X Build/MMB29P) AppleWebKit/537.36 (KHTML, like Gecko) Chrome/137.0.7151.103 Mobile Safari/537.36 (compatible; Googlebot/2.1; +http://www.google.com/bot.html)"
66.249.68.128 - - [13/Jul/2025:09:57:16 -0400] "GET /pcmypage?callback=product%2Fdetail%2Ftuzukiya-s243-23557 HTTP/1.1" 404 1251 "-" "Mozilla/5.0 (Linux; Android 6.0.1; Nexus 5X Build/MMB29P) AppleWebKit/537.36 (KHTML, like Gecko) Chrome/137.0.7151.103 Mobile Safari/537.36 (compatible; Googlebot/2.1; +http://www.google.com/bot.html)"
66.249.68.137 - - [13/Jul/2025:09:57:16 -0400] "GET /pcmypage?callback=product%2Fdetail%2Ftuzukiya-s243-23557 HTTP/1.1" 404 1251 "-" "Mozilla/5.0 (compatible; Googlebot/2.1; +http://www.google.com/bot.html)"
66.249.68.128 - - [13/Jul/2025:09:57:17 -0400] "GET /pcmypage?callback=product%2Fdetail%2Ftuzukiya-s243-23557 HTTP/1.1" 404 1251 "-" "Mozilla/5.0 (Linux; Android 6.0.1; Nexus 5X Build/MMB29P) AppleWebKit/537.36 (KHTML, like Gecko) Chrome/137.0.7151.103 Mobile Safari/537.36 (compatible; Googlebot/2.1; +http://www.google.com/bot.html)"
66.249.68.137 - - [13/Jul/2025:09:57:24 -0400] "GET /items/mruwr114/26203?key=biography HTTP/1.1" 404 1251 "-" "Mozilla/5.0 (compatible; Googlebot/2.1; +http://www.google.com/bot.html)"
66.249.79.206 - - [13/Jul/2025:09:57:29 -0400] "GET /items/090000518.html?srsltid=AfmBOodlypKLeVRLsLwSgW2dVPIfHpHDAld1nJkSCl77jjBNEvQM HTTP/1.1" 404 1251 "-" "Mozilla/5.0 (compatible; Googlebot/2.1; +http://www.google.com/bot.html)"
66.249.79.206 - - [13/Jul/2025:09:57:30 -0400] "GET /items/eaeiq237/22390?key=Senate HTTP/1.1" 404 1251 "-" "Mozilla/5.0 (Linux; Android 6.0.1; Nexus 5X Build/MMB29P) AppleWebKit/537.36 (KHTML, like Gecko) Chrome/137.0.7151.103 Mobile Safari/537.36 (compatible; Googlebot/2.1; +http://www.google.com/bot.html)"
66.249.68.137 - - [13/Jul/2025:09:57:30 -0400] "GET /items/044004280.html?srsltid=AfmBOosfeptJSIEKGzwrPhkRCZveNclHtrsZmJ9deuNXuwdVHXK6 HTTP/1.1" 404 1251 "-" "Mozilla/5.0 (Linux; Android 6.0.1; Nexus 5X Build/MMB29P) AppleWebKit/537.36 (KHTML, like Gecko) Chrome/137.0.7151.103 Mobile Safari/537.36 (compatible; Googlebot/2.1; +http://www.google.com/bot.html)"
66.249.79.206 - - [13/Jul/2025:09:57:42 -0400] "GET /pcmypage?callback=product/review/first23-trusco-6950799 HTTP/1.1" 404 1251 "-" "Mozilla/5.0 (compatible; Googlebot/2.1; +http://www.google.com/bot.html)"
69.197.182.50 - - [13/Jul/2025:09:57:44 -0400] "GET /wp-content/install.php HTTP/1.1" 404 1251 "https://first-gulf.com.sa/wp-content/install.php" "Mozilla/5.0 (Windows NT 10.0; Win64; x64) AppleWebKit/537.36 (KHTML, like Gecko) Chrome/58.0.3029.110 Safari/537.3"
66.29.146.47 - - [13/Jul/2025:09:57:58 -0400] "POST /wp-cron.php?doing_wp_cron=1752415077.5348269939422607421875 HTTP/1.1" 403 1242 "-" "WordPress/6.8; https://first-gulf.com.sa"
196.251.84.106 - - [13/Jul/2025:09:57:42 -0400] "POST /wp-login.php HTTP/1.1" 200 3023 "-" "Mozilla/5.0"
66.249.68.137 - - [13/Jul/2025:09:58:07 -0400] "GET /items/042002326.html?srsltid=AfmBOocbrxSQpgZdGmKabP5hTRyeTxcSE5ZEal0sbVubW67LOSSG HTTP/1.1" 404 1251 "-" "Mozilla/5.0 (Linux; Android 6.0.1; Nexus 5X Build/MMB29P) AppleWebKit/537.36 (KHTML, like Gecko) Chrome/137.0.7151.103 Mobile Safari/537.36 (compatible; Googlebot/2.1; +http://www.google.com/bot.html)"
66.249.68.128 - - [13/Jul/2025:09:58:15 -0400] "GET /items/dpruz285/8966?key=bounce HTTP/1.1" 404 1251 "-" "Mozilla/5.0 (Linux; Android 6.0.1; Nexus 5X Build/MMB29P) AppleWebKit/537.36 (KHTML, like Gecko) Chrome/137.0.7151.103 Mobile Safari/537.36 (compatible; Googlebot/2.1; +http://www.google.com/bot.html)"
66.249.68.137 - - [13/Jul/2025:09:58:16 -0400] "GET /items/dpruz285/8966?key=bounce HTTP/1.1" 404 1251 "-" "Mozilla/5.0 (compatible; Googlebot/2.1; +http://www.google.com/bot.html)"
216.73.216.207 - - [13/Jul/2025:09:58:25 -0400] "GET / HTTP/1.1" 200 1436 "-" "Mozilla/5.0 AppleWebKit/537.36 (KHTML, like Gecko; compatible; ClaudeBot/1.0; +claudebot@anthropic.com)"
66.249.68.137 - - [13/Jul/2025:09:58:32 -0400] "GET /items/ibbfk96/3475?key=depth HTTP/1.1" 404 1251 "-" "Mozilla/5.0 (compatible; Googlebot/2.1; +http://www.google.com/bot.html)"
66.249.68.137 - - [13/Jul/2025:09:58:35 -0400] "GET /items/djeyj226/11043?key=necessity HTTP/1.1" 404 1251 "-" "Mozilla/5.0 (Linux; Android 6.0.1; Nexus 5X Build/MMB29P) AppleWebKit/537.36 (KHTML, like Gecko) Chrome/137.0.7151.103 Mobile Safari/537.36 (compatible; Googlebot/2.1; +http://www.google.com/bot.html)"
66.249.68.137 - - [13/Jul/2025:09:58:41 -0400] "GET /items/mejct61/36118?key=down HTTP/1.1" 404 1251 "-" "Mozilla/5.0 (compatible; Googlebot/2.1; +http://www.google.com/bot.html)"
66.249.68.137 - - [13/Jul/2025:09:58:50 -0400] "GET /items/280008466.html?srsltid=AfmBOozgtnhuOgrXZNYENE8bHAhEeQWNKeAyGxHR5rEzVYhZ5kj9 HTTP/1.1" 404 1251 "-" "Mozilla/5.0 (Linux; Android 6.0.1; Nexus 5X Build/MMB29P) AppleWebKit/537.36 (KHTML, like Gecko) Chrome/137.0.7151.103 Mobile Safari/537.36 (compatible; Googlebot/2.1; +http://www.google.com/bot.html)"
66.249.68.137 - - [13/Jul/2025:09:59:01 -0400] "GET /pcmypage?callback=product%2Fdetail%2Fhcvalor-eshop-trusco-4440118 HTTP/1.1" 404 1251 "-" "Mozilla/5.0 (compatible; Googlebot/2.1; +http://www.google.com/bot.html)"
144.126.237.53 - - [13/Jul/2025:09:59:01 -0400] "GET / HTTP/1.1" 200 1436 "-" "Mozilla/5.0 (X11; Linux x86_64; rv:137.0) Gecko/20100101 Firefox/137.0"
144.126.237.53 - - [13/Jul/2025:09:59:02 -0400] "GET /favicon.ico HTTP/1.1" 200 34494 "https://first-gulf.com.sa/" "Mozilla/5.0 (X11; Linux x86_64; rv:137.0) Gecko/20100101 Firefox/137.0"
66.249.79.193 - - [13/Jul/2025:09:59:16 -0400] "GET /search.php?pcmypage?callback=product/review/emuemushop-qt1049069791 HTTP/1.1" 404 1251 "-" "Mozilla/5.0 (compatible; Googlebot/2.1; +http://www.google.com/bot.html)"
66.249.68.128 - - [13/Jul/2025:09:59:19 -0400] "GET /items/106041892.html?srsltid=AfmBOoteomrBFUoUCddpjfz7XLRTRFttip5kCD4xAxdEbSfo9nzl HTTP/1.1" 404 1251 "-" "Mozilla/5.0 (Linux; Android 6.0.1; Nexus 5X Build/MMB29P) AppleWebKit/537.36 (KHTML, like Gecko) Chrome/137.0.7151.103 Mobile Safari/537.36 (compatible; Googlebot/2.1; +http://www.google.com/bot.html)"
66.249.68.137 - - [13/Jul/2025:09:59:39 -0400] "GET /items/tuzgq78/573?key=insist HTTP/1.1" 404 1251 "-" "Mozilla/5.0 (compatible; Googlebot/2.1; +http://www.google.com/bot.html)"
66.249.68.137 - - [13/Jul/2025:09:59:55 -0400] "GET /items/108029778.html?srsltid=AfmBOozjlyjCDJHPoKeIKAODKpDYcCnHfye3VvoxGQ4ZyqvrrWlY HTTP/1.1" 404 1251 "-" "Mozilla/5.0 (Linux; Android 6.0.1; Nexus 5X Build/MMB29P) AppleWebKit/537.36 (KHTML, like Gecko) Chrome/137.0.7151.103 Mobile Safari/537.36 (compatible; Googlebot/2.1; +http://www.google.com/bot.html)"
66.249.68.137 - - [13/Jul/2025:09:59:55 -0400] "GET /items/019030931.html?srsltid=AfmBOozdiothhJoAlTcTiUanMqLcksFDJfVr4hktiOh49mIV9XlJ HTTP/1.1" 404 1251 "-" "Mozilla/5.0 (compatible; Googlebot/2.1; +http://www.google.com/bot.html)"
66.249.68.128 - - [13/Jul/2025:10:00:32 -0400] "GET /items/haack57/768?key=Christmas HTTP/1.1" 404 1251 "-" "Mozilla/5.0 (Linux; Android 6.0.1; Nexus 5X Build/MMB29P) AppleWebKit/537.36 (KHTML, like Gecko) Chrome/137.0.7151.103 Mobile Safari/537.36 (compatible; Googlebot/2.1; +http://www.google.com/bot.html)"
66.249.79.194 - - [13/Jul/2025:10:00:51 -0400] "GET /pcmypage?callback=product/review/aclo-tnf-np6nr04-1 HTTP/1.1" 404 1251 "-" "Mozilla/5.0 (compatible; Googlebot/2.1; +http://www.google.com/bot.html)"
66.249.68.137 - - [13/Jul/2025:10:01:08 -0400] "GET /items/fpson216/12001?key=scenario HTTP/1.1" 404 1251 "-" "Mozilla/5.0 (Linux; Android 6.0.1; Nexus 5X Build/MMB29P) AppleWebKit/537.36 (KHTML, like Gecko) Chrome/137.0.7151.103 Mobile Safari/537.36 (compatible; Googlebot/2.1; +http://www.google.com/bot.html)"
66.249.68.137 - - [13/Jul/2025:10:01:13 -0400] "GET /items/011033491.html?srsltid=AfmBOouraMvDQrClGULGlYBJMGwFnEasau7Dq3ZEWLCeWf8FJ4yS HTTP/1.1" 404 1251 "-" "Mozilla/5.0 (compatible; Googlebot/2.1; +http://www.google.com/bot.html)"
66.249.79.196 - - [13/Jul/2025:10:01:29 -0400] "GET /pcmypage?callback=product%2Fdetail%2Ffirst34-trusco-1600304 HTTP/1.1" 404 1251 "-" "Mozilla/5.0 (Linux; Android 6.0.1; Nexus 5X Build/MMB29P) AppleWebKit/537.36 (KHTML, like Gecko) Chrome/137.0.7151.103 Mobile Safari/537.36 (compatible; Googlebot/2.1; +http://www.google.com/bot.html)"
66.249.68.137 - - [13/Jul/2025:10:01:38 -0400] "GET /items/149000929.html?srsltid=AfmBOocyknhLObtChjSyxbCCTFZmJuhdEUMOiFCbTZbG0MBSeY6r HTTP/1.1" 404 1251 "-" "Mozilla/5.0 (Linux; Android 6.0.1; Nexus 5X Build/MMB29P) AppleWebKit/537.36 (KHTML, like Gecko) Chrome/137.0.7151.103 Mobile Safari/537.36 (compatible; GoogleOther)"
66.249.68.137 - - [13/Jul/2025:10:01:39 -0400] "GET /items/mugsd57/848?key=adequate HTTP/1.1" 404 1251 "-" "Mozilla/5.0 (Linux; Android 6.0.1; Nexus 5X Build/MMB29P) AppleWebKit/537.36 (KHTML, like Gecko) Chrome/137.0.7151.103 Mobile Safari/537.36 (compatible; Googlebot/2.1; +http://www.google.com/bot.html)"
66.249.79.195 - - [13/Jul/2025:10:01:39 -0400] "GET /search.php?196vimz14807.html HTTP/1.1" 404 1251 "-" "Mozilla/5.0 (Linux; Android 6.0.1; Nexus 5X Build/MMB29P) AppleWebKit/537.36 (KHTML, like Gecko) Chrome/137.0.7151.103 Mobile Safari/537.36 (compatible; Googlebot/2.1; +http://www.google.com/bot.html)"
66.249.68.137 - - [13/Jul/2025:10:01:56 -0400] "GET /items/gdujz263/31762?key=ranch HTTP/1.1" 404 1251 "-" "Mozilla/5.0 (Linux; Android 6.0.1; Nexus 5X Build/MMB29P) AppleWebKit/537.36 (KHTML, like Gecko) Chrome/137.0.7151.103 Mobile Safari/537.36 (compatible; Googlebot/2.1; +http://www.google.com/bot.html)"
66.249.68.137 - - [13/Jul/2025:10:01:58 -0400] "GET /items/147036781.html?srsltid=AfmBOomxclLacPwSxqjIBUz5TljnOBaAsnnNrpZiLmDgoJASB8lm HTTP/1.1" 404 1251 "-" "Mozilla/5.0 (compatible; Googlebot/2.1; +http://www.google.com/bot.html)"
66.249.79.194 - - [13/Jul/2025:10:02:16 -0400] "GET /pcmypage?callback=product/review/wagyugift-1519001 HTTP/1.1" 404 1251 "-" "Mozilla/5.0 (Linux; Android 6.0.1; Nexus 5X Build/MMB29P) AppleWebKit/537.36 (KHTML, like Gecko) Chrome/137.0.7151.103 Mobile Safari/537.36 (compatible; Googlebot/2.1; +http://www.google.com/bot.html)"
47.82.60.36 - - [13/Jul/2025:10:02:16 -0400] "GET /items/oykaa178/13869?key=sweat HTTP/1.1" 404 1251 "https://www.first-gulf.com.sa/items/oykaa178/13869?key=sweat" "Mozilla/5.0 (Windows NT 10.0; Win64; x64) AppleWebKit/537.36 (KHTML, like Gecko) Chrome/114.0.0.0 Safari/537.36 Edg/114.0.1823.43"
66.249.79.195 - - [13/Jul/2025:10:02:18 -0400] "GET /items/254020196.html?srsltid=AfmBOoydgxLWoDAJnKsb7DLZHEqHTgoYg3QQpWwoAG9SF02Fs2d5 HTTP/1.1" 404 1251 "-" "Mozilla/5.0 (Linux; Android 6.0.1; Nexus 5X Build/MMB29P) AppleWebKit/537.36 (KHTML, like Gecko) Chrome/137.0.7151.103 Mobile Safari/537.36 (compatible; Googlebot/2.1; +http://www.google.com/bot.html)"
47.82.60.19 - - [13/Jul/2025:10:02:44 -0400] "GET /items/ypngy222/7877?key=regular HTTP/1.1" 404 1251 "https://first-gulf.com.sa/items/ypngy222/7877?key=regular" "Mozilla/5.0 (Windows NT 10.0; Win64; x64) AppleWebKit/537.36 (KHTML, like Gecko) Chrome/114.0.0.0 Safari/537.36 Edg/114.0.1823.43"
47.82.60.27 - - [13/Jul/2025:10:02:54 -0400] "GET /items/ckdyp194/49071?key=vaccine HTTP/1.1" 404 1251 "https://first-gulf.com.sa/items/ckdyp194/49071?key=vaccine" "Mozilla/5.0 (Windows NT 10.0; Win64; x64) AppleWebKit/537.36 (KHTML, like Gecko) Chrome/114.0.0.0 Safari/537.36 Edg/114.0.1823.43"
47.82.60.27 - - [13/Jul/2025:10:02:57 -0400] "GET /items/krgtr47/1088?key=demonstration HTTP/1.1" 404 1251 "https://first-gulf.com.sa/items/krgtr47/1088?key=demonstration" "Mozilla/5.0 (Windows NT 10.0; Win64; x64) AppleWebKit/537.36 (KHTML, like Gecko) Chrome/114.0.0.0 Safari/537.36 Edg/114.0.1823.43"
66.249.68.130 - - [13/Jul/2025:10:03:10 -0400] "GET /items/bqbps44/1317?key=cabinet HTTP/1.1" 404 1251 "-" "Mozilla/5.0 (Linux; Android 6.0.1; Nexus 5X Build/MMB29P) AppleWebKit/537.36 (KHTML, like Gecko) Chrome/137.0.7151.103 Mobile Safari/537.36 (compatible; Googlebot/2.1; +http://www.google.com/bot.html)"
66.249.68.129 - - [13/Jul/2025:10:03:28 -0400] "GET /items/027006119.html?srsltid=AfmBOovjtwpZaCqiCQJxB7hABksgVsiYM1H3agFlA714hB2i7j1M HTTP/1.1" 404 1251 "-" "Mozilla/5.0 (Linux; Android 6.0.1; Nexus 5X Build/MMB29P) AppleWebKit/537.36 (KHTML, like Gecko) Chrome/137.0.7151.103 Mobile Safari/537.36 (compatible; Googlebot/2.1; +http://www.google.com/bot.html)"
66.249.68.129 - - [13/Jul/2025:10:03:28 -0400] "GET /items/267006743.html?srsltid=AfmBOotfyZjQTIrKyUnEoLj6LnZJmaGCMVUSJG8k04Fc6OiVUb7B HTTP/1.1" 404 1251 "-" "Mozilla/5.0 (Linux; Android 6.0.1; Nexus 5X Build/MMB29P) AppleWebKit/537.36 (KHTML, like Gecko) Chrome/137.0.7151.103 Mobile Safari/537.36 (compatible; Googlebot/2.1; +http://www.google.com/bot.html)"
66.249.79.194 - - [13/Jul/2025:10:03:52 -0400] "GET /pcmypage?callback=product%2Fdetail%2Fre-vida-71-614270-black HTTP/1.1" 404 1251 "-" "Mozilla/5.0 (Linux; Android 6.0.1; Nexus 5X Build/MMB29P) AppleWebKit/537.36 (KHTML, like Gecko) Chrome/137.0.7151.103 Mobile Safari/537.36 (compatible; Googlebot/2.1; +http://www.google.com/bot.html)"
66.249.68.131 - - [13/Jul/2025:10:04:01 -0400] "GET /items/xcjen28/157?key=curtain HTTP/1.1" 404 1251 "-" "Mozilla/5.0 (Linux; Android 6.0.1; Nexus 5X Build/MMB29P) AppleWebKit/537.36 (KHTML, like Gecko) Chrome/137.0.7151.103 Mobile Safari/537.36 (compatible; Googlebot/2.1; +http://www.google.com/bot.html)"
66.249.79.195 - - [13/Jul/2025:10:04:05 -0400] "GET /pcmypage?callback=/product%2Fdetail*rknets-10067877-1 HTTP/1.1" 404 1251 "-" "Mozilla/5.0 (compatible; Googlebot/2.1; +http://www.google.com/bot.html)"
66.249.68.129 - - [13/Jul/2025:10:04:10 -0400] "GET /items/126048064.html?srsltid=AfmBOoscmFRPVwpyKCzEM48VYMZLAGkpygj6vb1lpNOnETeL45fb HTTP/1.1" 404 1251 "-" "Mozilla/5.0 (compatible; Googlebot/2.1; +http://www.google.com/bot.html)"
66.249.68.130 - - [13/Jul/2025:10:04:10 -0400] "GET /items/126048064.html?srsltid=AfmBOoscmFRPVwpyKCzEM48VYMZLAGkpygj6vb1lpNOnETeL45fb HTTP/1.1" 404 1251 "-" "Mozilla/5.0 (Linux; Android 6.0.1; Nexus 5X Build/MMB29P) AppleWebKit/537.36 (KHTML, like Gecko) Chrome/137.0.7151.103 Mobile Safari/537.36 (compatible; Googlebot/2.1; +http://www.google.com/bot.html)"
66.249.68.129 - - [13/Jul/2025:10:04:16 -0400] "GET /items/052011238.html?srsltid=AfmBOoofxupUfovAXwiOWFXSHTwZWXILZHmJRnPmX4DbVZerrCOb HTTP/1.1" 404 1251 "-" "Mozilla/5.0 (compatible; Googlebot/2.1; +http://www.google.com/bot.html)"
66.249.68.129 - - [13/Jul/2025:10:04:40 -0400] "GET /items/ooljs292/42791?key=belong HTTP/1.1" 404 1251 "-" "Mozilla/5.0 (Linux; Android 6.0.1; Nexus 5X Build/MMB29P) AppleWebKit/537.36 (KHTML, like Gecko) Chrome/137.0.7151.103 Mobile Safari/537.36 (compatible; Googlebot/2.1; +http://www.google.com/bot.html)"
66.249.68.129 - - [13/Jul/2025:10:04:40 -0400] "GET /items/033000085.html?srsltid=AfmBOorrsEBEdDuzFLOjaYlMPUyLOfPllndtHx5EkE0qYkorsPp4 HTTP/1.1" 404 1251 "-" "Mozilla/5.0 (Linux; Android 6.0.1; Nexus 5X Build/MMB29P) AppleWebKit/537.36 (KHTML, like Gecko) Chrome/137.0.7151.103 Mobile Safari/537.36 (compatible; Googlebot/2.1; +http://www.google.com/bot.html)"
69.197.182.50 - - [13/Jul/2025:10:04:57 -0400] "GET /wp-content/install.php HTTP/1.1" 404 1251 "https://first-gulf.com.sa/wp-content/install.php" "Mozilla/5.0 (Windows NT 10.0; Win64; x64) AppleWebKit/537.36 (KHTML, like Gecko) Chrome/58.0.3029.110 Safari/537.3"
47.82.60.15 - - [13/Jul/2025:10:05:00 -0400] "GET /wp-includes/class-wp-session-tokens.php HTTP/1.1" 403 1242 "https://first-gulf.com.sa/wp-includes/class-wp-session-tokens.php" "Mozilla/5.0 (Windows NT 10.0; Win64; x64) AppleWebKit/537.36 (KHTML, like Gecko) Chrome/114.0.0.0 Safari/537.36 Edg/114.0.1823.43"
66.249.68.129 - - [13/Jul/2025:10:05:16 -0400] "GET /items/rpsfl78/2241?key=laboratory HTTP/1.1" 404 1251 "-" "Mozilla/5.0 (Linux; Android 6.0.1; Nexus 5X Build/MMB29P) AppleWebKit/537.36 (KHTML, like Gecko) Chrome/137.0.7151.103 Mobile Safari/537.36 (compatible; Googlebot/2.1; +http://www.google.com/bot.html)"
66.249.68.129 - - [13/Jul/2025:10:05:54 -0400] "GET /items/190044800.html?srsltid=AfmBOocfkDtAiSNaoSybWuJqMcrwTMrVmpx2rRvq56EfuX802cd8 HTTP/1.1" 404 1251 "-" "Mozilla/5.0 (Linux; Android 6.0.1; Nexus 5X Build/MMB29P) AppleWebKit/537.36 (KHTML, like Gecko) Chrome/137.0.7151.103 Mobile Safari/537.36 (compatible; Googlebot/2.1; +http://www.google.com/bot.html)"
66.249.68.131 - - [13/Jul/2025:10:06:08 -0400] "GET /items/goqfm173/48540?key=drum HTTP/1.1" 404 1251 "-" "Mozilla/5.0 (compatible; Googlebot/2.1; +http://www.google.com/bot.html)"
66.249.79.193 - - [13/Jul/2025:10:06:21 -0400] "GET /items/119030305.html?srsltid=AfmBOojdzpHTOdiPIiwNRqfUCOyzlQzDONbbWQV0Uvx9YlqUm4IX HTTP/1.1" 404 1251 "-" "Mozilla/5.0 (Linux; Android 6.0.1; Nexus 5X Build/MMB29P) AppleWebKit/537.36 (KHTML, like Gecko) Chrome/137.0.7151.103 Mobile Safari/537.36 (compatible; Googlebot/2.1; +http://www.google.com/bot.html)"
66.249.68.130 - - [13/Jul/2025:10:06:28 -0400] "GET /items/wiokv17/49468?key=mutual HTTP/1.1" 404 1251 "-" "Mozilla/5.0 (Linux; Android 6.0.1; Nexus 5X Build/MMB29P) AppleWebKit/537.36 (KHTML, like Gecko) Chrome/137.0.7151.103 Mobile Safari/537.36 (compatible; Googlebot/2.1; +http://www.google.com/bot.html)"
66.249.68.130 - - [13/Jul/2025:10:06:29 -0400] "GET /items/172048078.html?srsltid=AfmBOozoaUBEfJXuemaSK9qUXXglTzrYHYHZvoYHSl6OFCGdZw4Y HTTP/1.1" 404 1251 "-" "Mozilla/5.0 (Linux; Android 6.0.1; Nexus 5X Build/MMB29P) AppleWebKit/537.36 (KHTML, like Gecko) Chrome/137.0.7151.103 Mobile Safari/537.36 (compatible; Googlebot/2.1; +http://www.google.com/bot.html)"
66.249.68.129 - - [13/Jul/2025:10:06:30 -0400] "GET /items/092024104.html?srsltid=AfmBOovrvAbfKHIiHPhk5f4pQislRsEG6xW54rJwKGC8Q58pRG5x HTTP/1.1" 404 1251 "-" "Mozilla/5.0 (compatible; Googlebot/2.1; +http://www.google.com/bot.html)"
66.249.68.131 - - [13/Jul/2025:10:07:04 -0400] "GET /pcmypage?callback=product%2Fdetail%2Fkg-maido-amr-22859 HTTP/1.1" 404 1251 "-" "Mozilla/5.0 (compatible; Googlebot/2.1; +http://www.google.com/bot.html)"
66.249.68.129 - - [13/Jul/2025:10:07:12 -0400] "GET /items/210014826.html?srsltid=AfmBOotlttTpfnpNoBiv0GWNUATYCmpDTHY3haRCaQ3BoIAwNbTL HTTP/1.1" 404 1251 "-" "Mozilla/5.0 (Linux; Android 6.0.1; Nexus 5X Build/MMB29P) AppleWebKit/537.36 (KHTML, like Gecko) Chrome/137.0.7151.103 Mobile Safari/537.36 (compatible; Googlebot/2.1; +http://www.google.com/bot.html)"
66.249.79.192 - - [13/Jul/2025:10:07:13 -0400] "GET /pcmypage?callback=product/review/valuecare-vc-tr-4239274 HTTP/1.1" 404 1251 "-" "Mozilla/5.0 (Linux; Android 6.0.1; Nexus 5X Build/MMB29P) AppleWebKit/537.36 (KHTML, like Gecko) Chrome/137.0.7151.103 Mobile Safari/537.36 (compatible; Googlebot/2.1; +http://www.google.com/bot.html)"
66.249.79.192 - - [13/Jul/2025:10:07:33 -0400] "GET /pcmypage?callback=product/review/gettry-nm001-yew-1 HTTP/1.1" 404 1251 "-" "Mozilla/5.0 (compatible; Googlebot/2.1; +http://www.google.com/bot.html)"
66.249.79.206 - - [13/Jul/2025:10:07:33 -0400] "GET /pcmypage?callback=product/review/gettry-nm001-yew-1 HTTP/1.1" 404 1251 "-" "Mozilla/5.0 (compatible; Googlebot/2.1; +http://www.google.com/bot.html)"
66.249.68.129 - - [13/Jul/2025:10:07:41 -0400] "GET /pcmypage?callback=product%2Fdetail%2Ftkonline-1975019 HTTP/1.1" 404 1251 "-" "Mozilla/5.0 (Linux; Android 6.0.1; Nexus 5X Build/MMB29P) AppleWebKit/537.36 (KHTML, like Gecko) Chrome/137.0.7151.103 Mobile Safari/537.36 (compatible; Googlebot/2.1; +http://www.google.com/bot.html)"
66.249.79.206 - - [13/Jul/2025:10:07:44 -0400] "GET /pcmypage?callback=product%2Fdetail%2Fauc-bootspot-tdr-22300-4g6-302-01 HTTP/1.1" 404 1251 "-" "Mozilla/5.0 (compatible; Googlebot/2.1; +http://www.google.com/bot.html)"
66.249.68.129 - - [13/Jul/2025:10:08:02 -0400] "GET /items/jqend24/387?key=trade HTTP/1.1" 404 1251 "-" "Mozilla/5.0 (Linux; Android 6.0.1; Nexus 5X Build/MMB29P) AppleWebKit/537.36 (KHTML, like Gecko) Chrome/137.0.7151.103 Mobile Safari/537.36 (compatible; Googlebot/2.1; +http://www.google.com/bot.html)"
66.249.68.130 - - [13/Jul/2025:10:08:02 -0400] "GET /items/lkhcd7/41478?key=plant HTTP/1.1" 404 1251 "-" "Mozilla/5.0 (Linux; Android 6.0.1; Nexus 5X Build/MMB29P) AppleWebKit/537.36 (KHTML, like Gecko) Chrome/137.0.7151.103 Mobile Safari/537.36 (compatible; Googlebot/2.1; +http://www.google.com/bot.html)"
66.249.68.129 - - [13/Jul/2025:10:08:07 -0400] "GET /items/175017207.html?srsltid=AfmBOotqkYMJGXOJgskrivV5LOvXrjPq8OQF0cXtt33ipKfyaJ7U HTTP/1.1" 404 1251 "-" "Mozilla/5.0 (Linux; Android 6.0.1; Nexus 5X Build/MMB29P) AppleWebKit/537.36 (KHTML, like Gecko) Chrome/137.0.7151.103 Mobile Safari/537.36 (compatible; Googlebot/2.1; +http://www.google.com/bot.html)"
66.249.79.206 - - [13/Jul/2025:10:08:17 -0400] "GET /items/077000661.html?srsltid=AfmBOoexhkvjhMeVmECaieftKbhvSpsyRMghEw0amOzgXqN72IDs HTTP/1.1" 404 1251 "-" "Mozilla/5.0 (Linux; Android 6.0.1; Nexus 5X Build/MMB29P) AppleWebKit/537.36 (KHTML, like Gecko) Chrome/137.0.7151.103 Mobile Safari/537.36 (compatible; Googlebot/2.1; +http://www.google.com/bot.html)"
66.249.68.129 - - [13/Jul/2025:10:08:35 -0400] "GET /items/jxmee162/44261?key=clerk HTTP/1.1" 404 1251 "-" "Mozilla/5.0 (Linux; Android 6.0.1; Nexus 5X Build/MMB29P) AppleWebKit/537.36 (KHTML, like Gecko) Chrome/137.0.7151.103 Mobile Safari/537.36 (compatible; Googlebot/2.1; +http://www.google.com/bot.html)"
66.249.68.129 - - [13/Jul/2025:10:08:36 -0400] "GET /items/afvrd230/7407?key=technician HTTP/1.1" 404 1251 "-" "Mozilla/5.0 (compatible; Googlebot/2.1; +http://www.google.com/bot.html)"
66.249.79.206 - - [13/Jul/2025:10:08:53 -0400] "GET /product/edit/haikanshop-8362977 HTTP/1.1" 404 1251 "-" "Mozilla/5.0 (Linux; Android 6.0.1; Nexus 5X Build/MMB29P) AppleWebKit/537.36 (KHTML, like Gecko) Chrome/137.0.7151.103 Mobile Safari/537.36 (compatible; Googlebot/2.1; +http://www.google.com/bot.html)"
66.249.79.206 - - [13/Jul/2025:10:08:54 -0400] "GET /items/079000283.html?srsltid=AfmBOohmbpxsrxwqywdogV4FCiVRTpRZK9uDqMN9kxuxWYVfr2IM HTTP/1.1" 404 1251 "-" "Mozilla/5.0 (Linux; Android 6.0.1; Nexus 5X Build/MMB29P) AppleWebKit/537.36 (KHTML, like Gecko) Chrome/137.0.7151.103 Mobile Safari/537.36 (compatible; Googlebot/2.1; +http://www.google.com/bot.html)"
66.249.68.131 - - [13/Jul/2025:10:09:28 -0400] "GET /pcmypage?callback=product%2Fdetail%2Fg-bike-1302202-2571354 HTTP/1.1" 404 1251 "-" "Mozilla/5.0 (Linux; Android 6.0.1; Nexus 5X Build/MMB29P) AppleWebKit/537.36 (KHTML, like Gecko) Chrome/137.0.7151.103 Mobile Safari/537.36 (compatible; Googlebot/2.1; +http://www.google.com/bot.html)"
66.249.68.130 - - [13/Jul/2025:10:09:30 -0400] "GET /items/ozmxj286/12831?key=passing HTTP/1.1" 404 1251 "-" "Mozilla/5.0 (Linux; Android 6.0.1; Nexus 5X Build/MMB29P) AppleWebKit/537.36 (KHTML, like Gecko) Chrome/137.0.7151.103 Mobile Safari/537.36 (compatible; Googlebot/2.1; +http://www.google.com/bot.html)"
66.249.68.129 - - [13/Jul/2025:10:09:31 -0400] "GET /pcmypage?callback=product%2Fdetail%2Fcocodecow-r381km HTTP/1.1" 404 1251 "-" "Mozilla/5.0 (Linux; Android 6.0.1; Nexus 5X Build/MMB29P) AppleWebKit/537.36 (KHTML, like Gecko) Chrome/137.0.7151.103 Mobile Safari/537.36 (compatible; Googlebot/2.1; +http://www.google.com/bot.html)"
69.197.182.50 - - [13/Jul/2025:10:09:42 -0400] "GET /wp-content/install.php HTTP/1.1" 404 1251 "https://first-gulf.com.sa/wp-content/install.php" "Mozilla/5.0 (Windows NT 10.0; Win64; x64) AppleWebKit/537.36 (KHTML, like Gecko) Chrome/58.0.3029.110 Safari/537.3"
66.249.79.192 - - [13/Jul/2025:10:09:54 -0400] "GET /items/ctahu18/32275?key=concern HTTP/1.1" 404 1251 "-" "Mozilla/5.0 (compatible; Googlebot/2.1; +http://www.google.com/bot.html)"
66.249.79.192 - - [13/Jul/2025:10:10:01 -0400] "GET /search.php?287qooi984.html HTTP/1.1" 404 1251 "-" "Mozilla/5.0 (compatible; Googlebot/2.1; +http://www.google.com/bot.html)"
66.249.68.130 - - [13/Jul/2025:10:10:03 -0400] "GET /213558890.html HTTP/1.1" 404 1251 "-" "Mozilla/5.0 (compatible; Googlebot/2.1; +http://www.google.com/bot.html)"
66.249.79.206 - - [13/Jul/2025:10:10:32 -0400] "GET /search.php?pcmypage?callback=product%2Fdetail%2Fe-kikai-6047131 HTTP/1.1" 404 1251 "-" "Mozilla/5.0 (Linux; Android 6.0.1; Nexus 5X Build/MMB29P) AppleWebKit/537.36 (KHTML, like Gecko) Chrome/137.0.7151.103 Mobile Safari/537.36 (compatible; Googlebot/2.1; +http://www.google.com/bot.html)"
66.249.68.130 - - [13/Jul/2025:10:10:35 -0400] "GET /items/027030131.html?srsltid=AfmBOozwiLRRktMQCVXequq8PuJYMpbTsVSrjQPTdGt8WIve8O0h HTTP/1.1" 404 1251 "-" "Mozilla/5.0 (Linux; Android 6.0.1; Nexus 5X Build/MMB29P) AppleWebKit/537.36 (KHTML, like Gecko) Chrome/137.0.7151.103 Mobile Safari/537.36 (compatible; Googlebot/2.1; +http://www.google.com/bot.html)"
66.249.79.192 - - [13/Jul/2025:10:11:16 -0400] "GET /pcmypage?callback=product%2Fdetail%2Fasty-shop-c2-1i6awljekk-82wf HTTP/1.1" 404 1251 "-" "Mozilla/5.0 (Linux; Android 6.0.1; Nexus 5X Build/MMB29P) AppleWebKit/537.36 (KHTML, like Gecko) Chrome/137.0.7151.103 Mobile Safari/537.36 (compatible; Googlebot/2.1; +http://www.google.com/bot.html)"
66.249.68.129 - - [13/Jul/2025:10:11:18 -0400] "GET /pcmypage?callback=/product%2Fdetail%2Cyclick-2-magura-2700476 HTTP/1.1" 404 1251 "-" "Mozilla/5.0 (Linux; Android 6.0.1; Nexus 5X Build/MMB29P) AppleWebKit/537.36 (KHTML, like Gecko) Chrome/137.0.7151.103 Mobile Safari/537.36 (compatible; Googlebot/2.1; +http://www.google.com/bot.html)"
66.249.68.129 - - [13/Jul/2025:10:11:18 -0400] "GET /pcmypage?callback=product%2Fdetail%2Fbiccamera-4582171750268 HTTP/1.1" 404 1251 "-" "Mozilla/5.0 (Linux; Android 6.0.1; Nexus 5X Build/MMB29P) AppleWebKit/537.36 (KHTML, like Gecko) Chrome/137.0.7151.103 Mobile Safari/537.36 (compatible; Googlebot/2.1; +http://www.google.com/bot.html)"
66.249.68.129 - - [13/Jul/2025:10:11:22 -0400] "GET /pcmypage?callback=product%2Fdetail%2Fkys-tr-8563890 HTTP/1.1" 404 1251 "-" "Mozilla/5.0 (compatible; Googlebot/2.1; +http://www.google.com/bot.html)"
66.249.79.194 - - [13/Jul/2025:10:11:55 -0400] "GET /search.php?168mbil847.html HTTP/1.1" 404 1251 "-" "Mozilla/5.0 (Linux; Android 6.0.1; Nexus 5X Build/MMB29P) AppleWebKit/537.36 (KHTML, like Gecko) Chrome/137.0.7151.103 Mobile Safari/537.36 (compatible; Googlebot/2.1; +http://www.google.com/bot.html)"
66.249.68.130 - - [13/Jul/2025:10:12:05 -0400] "GET /product/edit/mutsuura-2-10852571 HTTP/1.1" 404 1251 "-" "Mozilla/5.0 (compatible; Googlebot/2.1; +http://www.google.com/bot.html)"
66.249.79.195 - - [13/Jul/2025:10:12:31 -0400] "GET /pcmypage?callback=product/review/first23-trusco-3551647 HTTP/1.1" 404 1251 "-" "Mozilla/5.0 (Linux; Android 6.0.1; Nexus 5X Build/MMB29P) AppleWebKit/537.36 (KHTML, like Gecko) Chrome/137.0.7151.103 Mobile Safari/537.36 (compatible; Googlebot/2.1; +http://www.google.com/bot.html)"
66.249.68.129 - - [13/Jul/2025:10:12:50 -0400] "GET /items/ifenw65/35162?key=diabetes HTTP/1.1" 404 1251 "-" "Mozilla/5.0 (compatible; Googlebot/2.1; +http://www.google.com/bot.html)"
66.249.68.129 - - [13/Jul/2025:10:12:54 -0400] "GET /items/bmgbz59/11662?key=instant HTTP/1.1" 404 1251 "-" "Mozilla/5.0 (Linux; Android 6.0.1; Nexus 5X Build/MMB29P) AppleWebKit/537.36 (KHTML, like Gecko) Chrome/137.0.7151.103 Mobile Safari/537.36 (compatible; Googlebot/2.1; +http://www.google.com/bot.html)"
47.82.60.17 - - [13/Jul/2025:10:13:21 -0400] "GET /pcmypage?callback=product/review/asty-shop-n0-9k1jb7bnbc-dw29 HTTP/1.1" 404 1251 "https://first-gulf.com.sa/pcmypage?callback=product/review/asty-shop-n0-9k1jb7bnbc-dw29" "Mozilla/5.0 (Windows NT 10.0; Win64; x64) AppleWebKit/537.36 (KHTML, like Gecko) Chrome/114.0.0.0 Safari/537.36 Edg/114.0.1823.43"
66.249.68.129 - - [13/Jul/2025:10:13:36 -0400] "GET /items/zxxot64/44527?key=Iraqi HTTP/1.1" 404 1251 "-" "Mozilla/5.0 (compatible; Googlebot/2.1; +http://www.google.com/bot.html)"
47.82.60.1 - - [13/Jul/2025:10:13:53 -0400] "GET /items/dmgft257/35456?key=teach HTTP/1.1" 404 1251 "https://first-gulf.com.sa/items/dmgft257/35456?key=teach" "Mozilla/5.0 (Windows NT 10.0; Win64; x64) AppleWebKit/537.36 (KHTML, like Gecko) Chrome/114.0.0.0 Safari/537.36 Edg/114.0.1823.43"
47.82.60.44 - - [13/Jul/2025:10:13:55 -0400] "GET /items/ngobn12/1013?key=safely HTTP/1.1" 404 1251 "https://www.first-gulf.com.sa/items/ngobn12/1013?key=safely" "Mozilla/5.0 (Windows NT 10.0; Win64; x64) AppleWebKit/537.36 (KHTML, like Gecko) Chrome/114.0.0.0 Safari/537.36 Edg/114.0.1823.43"
66.29.146.47 - - [13/Jul/2025:10:13:57 -0400] "POST /wp-cron.php?doing_wp_cron=1752416037.2583489418029785156250 HTTP/1.1" 403 1242 "-" "WordPress/6.8; https://first-gulf.com.sa"
196.251.84.106 - - [13/Jul/2025:10:13:43 -0400] "POST /wp-login.php HTTP/1.1" 200 2988 "-" "Mozilla/5.0"
66.249.79.194 - - [13/Jul/2025:10:14:05 -0400] "GET /pcmypage?callback=product%2Fdetail%2Fmatsukageya-mk-01ceujqvm HTTP/1.1" 404 1251 "-" "Mozilla/5.0 (Linux; Android 6.0.1; Nexus 5X Build/MMB29P) AppleWebKit/537.36 (KHTML, like Gecko) Chrome/137.0.7151.103 Mobile Safari/537.36 (compatible; Googlebot/2.1; +http://www.google.com/bot.html)"
66.249.68.128 - - [13/Jul/2025:10:14:07 -0400] "GET /items/okmcj87/830?key=high HTTP/1.1" 404 1251 "-" "Mozilla/5.0 (compatible; Googlebot/2.1; +http://www.google.com/bot.html)"
66.249.68.128 - - [13/Jul/2025:10:14:21 -0400] "GET /items/afmlw22/20847?key=Roman HTTP/1.1" 404 1251 "-" "Mozilla/5.0 (Linux; Android 6.0.1; Nexus 5X Build/MMB29P) AppleWebKit/537.36 (KHTML, like Gecko) Chrome/137.0.7151.103 Mobile Safari/537.36 (compatible; Googlebot/2.1; +http://www.google.com/bot.html)"
47.82.60.15 - - [13/Jul/2025:10:14:42 -0400] "GET /items/adngw140/36493?key=accept HTTP/1.1" 404 1251 "https://first-gulf.com.sa/items/adngw140/36493?key=accept" "Mozilla/5.0 (Windows NT 10.0; Win64; x64) AppleWebKit/537.36 (KHTML, like Gecko) Chrome/114.0.0.0 Safari/537.36 Edg/114.0.1823.43"
66.249.68.137 - - [13/Jul/2025:10:14:54 -0400] "GET /items/zlmvp13/1332?key=variable HTTP/1.1" 404 1251 "-" "Mozilla/5.0 (Linux; Android 6.0.1; Nexus 5X Build/MMB29P) AppleWebKit/537.36 (KHTML, like Gecko) Chrome/137.0.7151.103 Mobile Safari/537.36 (compatible; Googlebot/2.1; +http://www.google.com/bot.html)"
66.249.68.137 - - [13/Jul/2025:10:14:57 -0400] "GET /items/bridw184/5879?key=impose HTTP/1.1" 404 1251 "-" "Mozilla/5.0 (compatible; Googlebot/2.1; +http://www.google.com/bot.html)"
66.249.68.137 - - [13/Jul/2025:10:15:14 -0400] "GET /items/253046877.html?srsltid=AfmBOotiziYSBpAXeECw1jltWAyetnmi3pSPu9xIl6Rm8pvvqv3E HTTP/1.1" 404 1251 "-" "Mozilla/5.0 (Linux; Android 6.0.1; Nexus 5X Build/MMB29P) AppleWebKit/537.36 (KHTML, like Gecko) Chrome/137.0.7151.103 Mobile Safari/537.36 (compatible; Googlebot/2.1; +http://www.google.com/bot.html)"
66.249.68.137 - - [13/Jul/2025:10:15:17 -0400] "GET /items/194004836.html?srsltid=AfmBOojzwBPNUaJpxMNXWK43WQjmJalRvuMurguoaQRs5EKdAo7R HTTP/1.1" 404 1251 "-" "Mozilla/5.0 (Linux; Android 6.0.1; Nexus 5X Build/MMB29P) AppleWebKit/537.36 (KHTML, like Gecko) Chrome/137.0.7151.103 Mobile Safari/537.36 (compatible; Googlebot/2.1; +http://www.google.com/bot.html)"
66.249.68.137 - - [13/Jul/2025:10:15:19 -0400] "GET /items/uhitm189/5540?key=must HTTP/1.1" 404 1251 "-" "Mozilla/5.0 (Linux; Android 6.0.1; Nexus 5X Build/MMB29P) AppleWebKit/537.36 (KHTML, like Gecko) Chrome/137.0.7151.103 Mobile Safari/537.36 (compatible; Googlebot/2.1; +http://www.google.com/bot.html)"
