66.249.79.193 - - [13/Jul/2025:12:08:30 -0400] "GET /search.php?pcmypage?callback=product/review/golfpartner-2100386707055 HTTP/1.1" 404 1251 "-" "Mozilla/5.0 (Linux; Android 6.0.1; Nexus 5X Build/MMB29P) AppleWebKit/537.36 (KHTML, like Gecko) Chrome/137.0.7151.103 Mobile Safari/537.36 (compatible; Googlebot/2.1; +http://www.google.com/bot.html)"
66.249.79.206 - - [13/Jul/2025:12:08:50 -0400] "GET /pcmypage?callback=/product%2Fdetail-cmonline-747006 HTTP/1.1" 404 1251 "-" "Mozilla/5.0 (compatible; Googlebot/2.1; +http://www.google.com/bot.html)"
66.249.79.192 - - [13/Jul/2025:12:08:51 -0400] "GET /pcmypage?callback=/product%2Fdetail-cmonline-747006 HTTP/1.1" 404 1251 "-" "Mozilla/5.0 (Linux; Android 6.0.1; Nexus 5X Build/MMB29P) AppleWebKit/537.36 (KHTML, like Gecko) Chrome/137.0.7151.103 Mobile Safari/537.36 (compatible; Googlebot/2.1; +http://www.google.com/bot.html)"
66.249.68.128 - - [13/Jul/2025:12:09:04 -0400] "GET /items/pwnwi150/2941?key=wire HTTP/1.1" 404 1251 "-" "Mozilla/5.0 (Linux; Android 6.0.1; Nexus 5X Build/MMB29P) AppleWebKit/537.36 (KHTML, like Gecko) Chrome/137.0.7151.103 Mobile Safari/537.36 (compatible; Googlebot/2.1; +http://www.google.com/bot.html)"
66.249.68.129 - - [13/Jul/2025:12:09:05 -0400] "GET /items/yopqh22/11039?key=cite HTTP/1.1" 404 1251 "-" "Mozilla/5.0 (Linux; Android 6.0.1; Nexus 5X Build/MMB29P) AppleWebKit/537.36 (KHTML, like Gecko) Chrome/137.0.7151.103 Mobile Safari/537.36 (compatible; Googlebot/2.1; +http://www.google.com/bot.html)"
66.249.68.129 - - [13/Jul/2025:12:09:06 -0400] "GET /pcmypage?callback=product/review/benefit2001-xs708811ba HTTP/1.1" 404 1251 "-" "Mozilla/5.0 (Linux; Android 6.0.1; Nexus 5X Build/MMB29P) AppleWebKit/537.36 (KHTML, like Gecko) Chrome/137.0.7151.103 Mobile Safari/537.36 (compatible; Googlebot/2.1; +http://www.google.com/bot.html)"
157.55.39.12 - - [13/Jul/2025:12:09:19 -0400] "GET /lrpdigenova6bs/wuvtc1650210.html HTTP/1.1" 404 1251 "-" "Mozilla/5.0 AppleWebKit/537.36 (KHTML, like Gecko; compatible; bingbot/2.0; +http://www.bing.com/bingbot.htm) Chrome/116.0.1938.76 Safari/537.36"
66.249.79.192 - - [13/Jul/2025:12:09:41 -0400] "GET /pcmypage?callback=product%2Fdetail%2Fe-cle-3310550000-241018001713600 HTTP/1.1" 404 1251 "-" "Mozilla/5.0 (Linux; Android 6.0.1; Nexus 5X Build/MMB29P) AppleWebKit/537.36 (KHTML, like Gecko) Chrome/137.0.7151.103 Mobile Safari/537.36 (compatible; Googlebot/2.1; +http://www.google.com/bot.html)"
66.249.68.137 - - [13/Jul/2025:12:09:53 -0400] "GET /items/iuvyc43/49940?key=ours HTTP/1.1" 404 1251 "-" "Mozilla/5.0 (compatible; Googlebot/2.1; +http://www.google.com/bot.html)"
172.182.194.154 - - [13/Jul/2025:12:10:00 -0400] "GET /pcmypage?callback=product%2Freview%2Fnanaple-280299-dsap HTTP/1.1" 404 1251 "-" "Mozilla/5.0 (Macintosh; Intel Mac OS X 10_15_7) AppleWebKit/537.36 (KHTML, like Gecko) Chrome/131.0.0.0 Safari/537.36; compatible; OAI-SearchBot/1.0; +https://openai.com/searchbot"
47.82.60.10 - - [13/Jul/2025:12:10:10 -0400] "GET /items/zriws174/38301?key=baby HTTP/1.1" 404 1251 "https://first-gulf.com.sa/items/zriws174/38301?key=baby" "Mozilla/5.0 (Windows NT 10.0; Win64; x64) AppleWebKit/537.36 (KHTML, like Gecko) Chrome/114.0.0.0 Safari/537.36 Edg/114.0.1823.43"
20.169.6.239 - - [13/Jul/2025:12:10:13 -0400] "GET /items/182009790.html?srsltid=AfmBOougtqQLKTGUwDQXoDjrQrDHESAxB8Kvbsmi3vwtxtQTMIcb HTTP/1.1" 404 1251 "-" "Mozilla/5.0 (Macintosh; Intel Mac OS X 10_15_7) AppleWebKit/537.36 (KHTML, like Gecko) Chrome/131.0.0.0 Safari/537.36; compatible; OAI-SearchBot/1.0; +https://openai.com/searchbot"
66.249.68.129 - - [13/Jul/2025:12:10:14 -0400] "GET /items/dsrae193/5688?key=down HTTP/1.1" 404 1251 "-" "Mozilla/5.0 (compatible; Googlebot/2.1; +http://www.google.com/bot.html)"
66.249.68.137 - - [13/Jul/2025:12:10:16 -0400] "GET /items/041020665.html?srsltid=AfmBOoccuhxWLMjjHAEbLYu4VmQBBahZ5kkhVduNeJxmJ6WlCP5B HTTP/1.1" 404 1251 "-" "Mozilla/5.0 (Linux; Android 6.0.1; Nexus 5X Build/MMB29P) AppleWebKit/537.36 (KHTML, like Gecko) Chrome/137.0.7151.103 Mobile Safari/537.36 (compatible; Googlebot/2.1; +http://www.google.com/bot.html)"
20.169.7.57 - - [13/Jul/2025:12:10:29 -0400] "GET /pcmypage?callback=product%2Freview%2Fcourage-store-fbe9830d407f147-gi-1 HTTP/1.1" 404 1251 "-" "Mozilla/5.0 (Macintosh; Intel Mac OS X 10_15_7) AppleWebKit/537.36 (KHTML, like Gecko) Chrome/131.0.0.0 Safari/537.36; compatible; OAI-SearchBot/1.0; +https://openai.com/searchbot"
172.182.194.155 - - [13/Jul/2025:12:11:02 -0400] "GET /items/qtqvy99/33764?key=corporate HTTP/1.1" 404 1251 "-" "Mozilla/5.0 (Macintosh; Intel Mac OS X 10_15_7) AppleWebKit/537.36 (KHTML, like Gecko) Chrome/131.0.0.0 Safari/537.36; compatible; OAI-SearchBot/1.0; +https://openai.com/searchbot"
66.249.79.193 - - [13/Jul/2025:12:11:06 -0400] "GET /items/089000147.html?srsltid=AfmBOowqqhhmUjfUopnr6nshJzSOzhQeTI2boWJR8QfcJKsppwCm HTTP/1.1" 404 1251 "-" "Mozilla/5.0 (compatible; Googlebot/2.1; +http://www.google.com/bot.html)"
66.249.79.206 - - [13/Jul/2025:12:11:08 -0400] "GET /pcmypage?callback=/product%2Fdetail%2Crosscamper-afs-ae0918-365 HTTP/1.1" 404 1251 "-" "Mozilla/5.0 (compatible; Googlebot/2.1; +http://www.google.com/bot.html)"
66.249.68.129 - - [13/Jul/2025:12:11:25 -0400] "GET /items/080028384.html?srsltid=AfmBOoyguIBYpELZvuOAqYXpHSwYaoiAiuCGcmRxDHjnS9pPhvED HTTP/1.1" 404 1251 "-" "Mozilla/5.0 (Linux; Android 6.0.1; Nexus 5X Build/MMB29P) AppleWebKit/537.36 (KHTML, like Gecko) Chrome/137.0.7151.103 Mobile Safari/537.36 (compatible; Googlebot/2.1; +http://www.google.com/bot.html)"
47.82.60.17 - - [13/Jul/2025:12:11:29 -0400] "GET /items/169016275.html HTTP/1.1" 404 1251 "https://first-gulf.com.sa/items/169016275.html" "Mozilla/5.0 (Windows NT 10.0; Win64; x64) AppleWebKit/537.36 (KHTML, like Gecko) Chrome/114.0.0.0 Safari/537.36 Edg/114.0.1823.43"
66.249.79.192 - - [13/Jul/2025:12:11:38 -0400] "GET /pcmypage?callback=product/review/stylifemen-nv2094 HTTP/1.1" 404 1251 "-" "Mozilla/5.0 (Linux; Android 6.0.1; Nexus 5X Build/MMB29P) AppleWebKit/537.36 (KHTML, like Gecko) Chrome/137.0.7151.103 Mobile Safari/537.36 (compatible; Googlebot/2.1; +http://www.google.com/bot.html)"
172.182.194.155 - - [13/Jul/2025:12:11:46 -0400] "GET /search.php?pcmypage%3Fcallback=product%2Freview%2Fallu-r-a3339046 HTTP/1.1" 404 1251 "-" "Mozilla/5.0 (Macintosh; Intel Mac OS X 10_15_7) AppleWebKit/537.36 (KHTML, like Gecko) Chrome/131.0.0.0 Safari/537.36; compatible; OAI-SearchBot/1.0; +https://openai.com/searchbot"
47.82.60.30 - - [13/Jul/2025:12:11:51 -0400] "GET /items/znehw215/36586?key=curriculum HTTP/1.1" 404 1251 "https://first-gulf.com.sa/items/znehw215/36586?key=curriculum" "Mozilla/5.0 (Windows NT 10.0; Win64; x64) AppleWebKit/537.36 (KHTML, like Gecko) Chrome/114.0.0.0 Safari/537.36 Edg/114.0.1823.43"
47.82.60.45 - - [13/Jul/2025:12:11:58 -0400] "GET /items/065031889.html HTTP/1.1" 404 1251 "https://first-gulf.com.sa/items/065031889.html" "Mozilla/5.0 (Windows NT 10.0; Win64; x64) AppleWebKit/537.36 (KHTML, like Gecko) Chrome/114.0.0.0 Safari/537.36 Edg/114.0.1823.43"
66.249.79.206 - - [13/Jul/2025:12:12:00 -0400] "GET /items/124005656.html?srsltid=AfmBOoiwhmigWkKwKjvsWQkKLaOAMAhnE80v3xXYjoWjYJODaTmB HTTP/1.1" 404 1251 "-" "Mozilla/5.0 (compatible; Googlebot/2.1; +http://www.google.com/bot.html)"
208.110.64.178 - - [13/Jul/2025:12:12:06 -0400] "GET /wp-content/install.php HTTP/1.1" 404 1251 "https://first-gulf.com.sa/wp-content/install.php" "Mozilla/5.0 (Windows NT 10.0; Win64; x64) AppleWebKit/537.36 (KHTML, like Gecko) Chrome/58.0.3029.110 Safari/537.3"
47.82.60.63 - - [13/Jul/2025:12:12:19 -0400] "GET /wp-includes/script-loader.php HTTP/1.1" 403 1242 "https://first-gulf.com.sa/wp-includes/script-loader.php" "Mozilla/5.0 (Windows NT 10.0; Win64; x64) AppleWebKit/537.36 (KHTML, like Gecko) Chrome/114.0.0.0 Safari/537.36 Edg/114.0.1823.43"
172.182.194.155 - - [13/Jul/2025:12:12:26 -0400] "GET /search.php?210mxr10981.html HTTP/1.1" 404 1251 "-" "Mozilla/5.0 (Macintosh; Intel Mac OS X 10_15_7) AppleWebKit/537.36 (KHTML, like Gecko) Chrome/131.0.0.0 Safari/537.36; compatible; OAI-SearchBot/1.0; +https://openai.com/searchbot"
47.82.60.31 - - [13/Jul/2025:12:12:28 -0400] "GET /pcmypage?callback=product/detail/auc-vector-170-402501160278 HTTP/1.1" 404 1251 "https://first-gulf.com.sa/pcmypage?callback=product%2Fdetail%2Fauc-vector-170-402501160278" "Mozilla/5.0 (Windows NT 10.0; Win64; x64) AppleWebKit/537.36 (KHTML, like Gecko) Chrome/114.0.0.0 Safari/537.36 Edg/114.0.1823.43"
66.249.68.137 - - [13/Jul/2025:12:12:36 -0400] "GET /items/130003172.html?srsltid=AfmBOoblvidAzYFSRoWaXfF3CfWjliak28Tuq2Y5BJ0ifTDQINP9 HTTP/1.1" 404 1251 "-" "Mozilla/5.0 (Linux; Android 6.0.1; Nexus 5X Build/MMB29P) AppleWebKit/537.36 (KHTML, like Gecko) Chrome/137.0.7151.103 Mobile Safari/537.36 (compatible; Googlebot/2.1; +http://www.google.com/bot.html)"
20.169.6.239 - - [13/Jul/2025:12:12:43 -0400] "GET /search.php?product/edit/goodwoods-4065130c1h49pky HTTP/1.1" 404 1251 "-" "Mozilla/5.0 (Macintosh; Intel Mac OS X 10_15_7) AppleWebKit/537.36 (KHTML, like Gecko) Chrome/131.0.0.0 Safari/537.36; compatible; OAI-SearchBot/1.0; +https://openai.com/searchbot"
47.82.60.68 - - [13/Jul/2025:12:12:45 -0400] "GET /items/ucnzs129/41682?key=alien HTTP/1.1" 404 1251 "https://first-gulf.com.sa/items/ucnzs129/41682?key=alien" "Mozilla/5.0 (Windows NT 10.0; Win64; x64) AppleWebKit/537.36 (KHTML, like Gecko) Chrome/114.0.0.0 Safari/537.36 Edg/114.0.1823.43"
66.249.79.206 - - [13/Jul/2025:12:12:50 -0400] "GET /pcmypage?callback=product/review/geak-ult19681084123000 HTTP/1.1" 404 1251 "-" "Mozilla/5.0 (Linux; Android 6.0.1; Nexus 5X Build/MMB29P) AppleWebKit/537.36 (KHTML, like Gecko) Chrome/137.0.7151.119 Mobile Safari/537.36 (compatible; Googlebot/2.1; +http://www.google.com/bot.html)"
66.249.79.193 - - [13/Jul/2025:12:13:04 -0400] "GET /pcmypage?callback=/product%2Fdetail*sty-shop-c1-8auldl6qxd-16a7 HTTP/1.1" 404 1251 "-" "Mozilla/5.0 (Linux; Android 6.0.1; Nexus 5X Build/MMB29P) AppleWebKit/537.36 (KHTML, like Gecko) Chrome/137.0.7151.103 Mobile Safari/537.36 (compatible; Googlebot/2.1; +http://www.google.com/bot.html)"
66.249.68.129 - - [13/Jul/2025:12:13:10 -0400] "GET /items/140004686.html?srsltid=AfmBOoeiynrTImJGeQuVKszRBZPHblUTPKdkESrzCXa5UgTgygh5 HTTP/1.1" 404 1251 "-" "Mozilla/5.0 (Linux; Android 6.0.1; Nexus 5X Build/MMB29P) AppleWebKit/537.36 (KHTML, like Gecko) Chrome/137.0.7151.103 Mobile Safari/537.36 (compatible; Googlebot/2.1; +http://www.google.com/bot.html)"
47.82.60.46 - - [13/Jul/2025:12:13:14 -0400] "GET /pcmypage?callback=product/detail/auc-jetrag-58d8fe4724a1baf2 HTTP/1.1" 404 1251 "https://www.first-gulf.com.sa/pcmypage?callback=product%2Fdetail%2Fauc-jetrag-58d8fe4724a1baf2" "Mozilla/5.0 (Windows NT 10.0; Win64; x64) AppleWebKit/537.36 (KHTML, like Gecko) Chrome/114.0.0.0 Safari/537.36 Edg/114.0.1823.43"
66.249.68.137 - - [13/Jul/2025:12:13:17 -0400] "GET /pcmypage?callback=product%2Fdetail%2Ff422126-saikai-cag257 HTTP/1.1" 404 1251 "-" "Mozilla/5.0 (compatible; Googlebot/2.1; +http://www.google.com/bot.html)"
66.249.68.137 - - [13/Jul/2025:12:13:45 -0400] "GET /pcmypage?callback=product%2Fdetail%2Fhcvalor-eshop-trusco-5400181 HTTP/1.1" 404 1251 "-" "Mozilla/5.0 (Linux; Android 6.0.1; Nexus 5X Build/MMB29P) AppleWebKit/537.36 (KHTML, like Gecko) Chrome/137.0.7151.103 Mobile Safari/537.36 (compatible; Googlebot/2.1; +http://www.google.com/bot.html)"
66.249.68.137 - - [13/Jul/2025:12:13:45 -0400] "GET /items/026000032.html?srsltid=AfmBOobcsCTZXAeOanSMHynTNWUmFLczbuk06X21s78dThhXSpqR HTTP/1.1" 404 1251 "-" "Mozilla/5.0 (Linux; Android 6.0.1; Nexus 5X Build/MMB29P) AppleWebKit/537.36 (KHTML, like Gecko) Chrome/137.0.7151.103 Mobile Safari/537.36 (compatible; Googlebot/2.1; +http://www.google.com/bot.html)"
66.249.68.137 - - [13/Jul/2025:12:13:48 -0400] "GET /items/146026142.html?srsltid=AfmBOorfwDXSyFLSOWZMb46mDuLTAjtHJGrYalXJQvQ1wNO5YWlz HTTP/1.1" 404 1251 "-" "Mozilla/5.0 (compatible; Googlebot/2.1; +http://www.google.com/bot.html)"
66.249.79.206 - - [13/Jul/2025:12:13:57 -0400] "GET /pcmypage?callback=product/review/tricolore-guc763286011 HTTP/1.1" 404 1251 "-" "Mozilla/5.0 (Linux; Android 6.0.1; Nexus 5X Build/MMB29P) AppleWebKit/537.36 (KHTML, like Gecko) Chrome/137.0.7151.103 Mobile Safari/537.36 (compatible; Googlebot/2.1; +http://www.google.com/bot.html)"
66.249.68.128 - - [13/Jul/2025:12:14:15 -0400] "GET /zhHant/product/surugaya/stylife-hc0949-1?campaign_uid=f64d716db5e979ed2f947dbaf4296895b951ae7f HTTP/1.1" 404 1251 "-" "Mozilla/5.0 (compatible; Googlebot/2.1; +http://www.google.com/bot.html)"
66.249.79.206 - - [13/Jul/2025:12:14:19 -0400] "GET /items/061000991.html?srsltid=AfmBOoaauhUxEwklwphkmSu1HIQhZQRaYv70vUiMBswLMUPYRSI7 HTTP/1.1" 404 1251 "-" "Mozilla/5.0 (Linux; Android 6.0.1; Nexus 5X Build/MMB29P) AppleWebKit/537.36 (KHTML, like Gecko) Chrome/137.0.7151.103 Mobile Safari/537.36 (compatible; Googlebot/2.1; +http://www.google.com/bot.html)"
66.249.79.192 - - [13/Jul/2025:12:14:21 -0400] "GET /items/145044505.html?srsltid=AfmBOopboZTthcWVhzQWMpZ3IizcWiGwQQp1IBEa3TH32LqDVymg HTTP/1.1" 404 1251 "-" "Mozilla/5.0 (compatible; Googlebot/2.1; +http://www.google.com/bot.html)"
66.249.79.192 - - [13/Jul/2025:12:14:24 -0400] "GET /pcmypage?callback=product/review/re-vida-y1-11455480vf HTTP/1.1" 404 1251 "-" "Mozilla/5.0 (Linux; Android 6.0.1; Nexus 5X Build/MMB29P) AppleWebKit/537.36 (KHTML, like Gecko) Chrome/137.0.7151.103 Mobile Safari/537.36 (compatible; Googlebot/2.1; +http://www.google.com/bot.html)"
66.249.68.137 - - [13/Jul/2025:12:14:25 -0400] "GET /items/ybedd25/266?key=horn HTTP/1.1" 404 1251 "-" "Mozilla/5.0 (compatible; Googlebot/2.1; +http://www.google.com/bot.html)"
66.249.68.137 - - [13/Jul/2025:12:14:34 -0400] "GET /items/ykcxs266/16223?key=accusation HTTP/1.1" 404 1251 "-" "Mozilla/5.0 (Linux; Android 6.0.1; Nexus 5X Build/MMB29P) AppleWebKit/537.36 (KHTML, like Gecko) Chrome/137.0.7151.103 Mobile Safari/537.36 (compatible; Googlebot/2.1; +http://www.google.com/bot.html)"
66.249.68.137 - - [13/Jul/2025:12:14:45 -0400] "GET /items/xooup162/14441?key=media HTTP/1.1" 404 1251 "-" "Mozilla/5.0 (Linux; Android 6.0.1; Nexus 5X Build/MMB29P) AppleWebKit/537.36 (KHTML, like Gecko) Chrome/137.0.7151.103 Mobile Safari/537.36 (compatible; Googlebot/2.1; +http://www.google.com/bot.html)"
66.249.68.137 - - [13/Jul/2025:12:14:48 -0400] "GET /items/186030286.html?srsltid=AfmBOoucfJRksVCJXVuKBSskXWAfqLAG7TBwSTtQGLnMzOwcyBRc HTTP/1.1" 404 1251 "-" "Mozilla/5.0 (compatible; Googlebot/2.1; +http://www.google.com/bot.html)"
66.249.68.137 - - [13/Jul/2025:12:14:49 -0400] "GET /items/186030286.html?srsltid=AfmBOoucfJRksVCJXVuKBSskXWAfqLAG7TBwSTtQGLnMzOwcyBRc HTTP/1.1" 404 1251 "-" "Mozilla/5.0 (Linux; Android 6.0.1; Nexus 5X Build/MMB29P) AppleWebKit/537.36 (KHTML, like Gecko) Chrome/137.0.7151.103 Mobile Safari/537.36 (compatible; Googlebot/2.1; +http://www.google.com/bot.html)"
66.249.79.206 - - [13/Jul/2025:12:14:54 -0400] "GET /items/jifgc64/1027?key=cord HTTP/1.1" 404 1251 "-" "Mozilla/5.0 (Linux; Android 6.0.1; Nexus 5X Build/MMB29P) AppleWebKit/537.36 (KHTML, like Gecko) Chrome/137.0.7151.103 Mobile Safari/537.36 (compatible; Googlebot/2.1; +http://www.google.com/bot.html)"
66.249.68.137 - - [13/Jul/2025:12:14:55 -0400] "GET /items/172034448.html?srsltid=AfmBOouhviyXjgzXegNOxAgkQZLKISLjg9DeRgtGjg6aBl43B06N HTTP/1.1" 404 1251 "-" "Mozilla/5.0 (Linux; Android 6.0.1; Nexus 5X Build/MMB29P) AppleWebKit/537.36 (KHTML, like Gecko) Chrome/137.0.7151.103 Mobile Safari/537.36 (compatible; Googlebot/2.1; +http://www.google.com/bot.html)"
66.249.68.137 - - [13/Jul/2025:12:15:02 -0400] "GET /items/madvm60/48275?key=crystal HTTP/1.1" 404 1251 "-" "Mozilla/5.0 (compatible; Googlebot/2.1; +http://www.google.com/bot.html)"
66.249.68.128 - - [13/Jul/2025:12:15:03 -0400] "GET /items/owxqi212/49837?key=gold HTTP/1.1" 404 1251 "-" "Mozilla/5.0 (Linux; Android 6.0.1; Nexus 5X Build/MMB29P) AppleWebKit/537.36 (KHTML, like Gecko) Chrome/137.0.7151.103 Mobile Safari/537.36 (compatible; Googlebot/2.1; +http://www.google.com/bot.html)"
66.249.68.128 - - [13/Jul/2025:12:15:11 -0400] "GET /items/kmcds53/712?key=towards HTTP/1.1" 404 1251 "-" "Mozilla/5.0 (Linux; Android 6.0.1; Nexus 5X Build/MMB29P) AppleWebKit/537.36 (KHTML, like Gecko) Chrome/137.0.7151.103 Mobile Safari/537.36 (compatible; Googlebot/2.1; +http://www.google.com/bot.html)"
66.249.68.137 - - [13/Jul/2025:12:15:19 -0400] "GET /product/edit/orangetool-2226563 HTTP/1.1" 404 1251 "-" "Mozilla/5.0 (Linux; Android 6.0.1; Nexus 5X Build/MMB29P) AppleWebKit/537.36 (KHTML, like Gecko) Chrome/137.0.7151.103 Mobile Safari/537.36 (compatible; Googlebot/2.1; +http://www.google.com/bot.html)"
66.249.68.137 - - [13/Jul/2025:12:15:20 -0400] "GET /pcmypage?callback=/product%2Fdetail%2Bearhomes-2024-08-05-180 HTTP/1.1" 404 1251 "-" "Mozilla/5.0 (Linux; Android 6.0.1; Nexus 5X Build/MMB29P) AppleWebKit/537.36 (KHTML, like Gecko) Chrome/137.0.7151.103 Mobile Safari/537.36 (compatible; Googlebot/2.1; +http://www.google.com/bot.html)"
66.249.79.206 - - [13/Jul/2025:12:15:27 -0400] "GET /pcmypage?callback=/product%2Fdetail%2Fto-r-4969363855855 HTTP/1.1" 404 1251 "-" "Mozilla/5.0 (compatible; Googlebot/2.1; +http://www.google.com/bot.html)"
66.249.79.192 - - [13/Jul/2025:12:15:27 -0400] "GET /pcmypage?callback=/product%2Fdetail%2Fto-r-4969363855855 HTTP/1.1" 404 1251 "-" "Mozilla/5.0 (Linux; Android 6.0.1; Nexus 5X Build/MMB29P) AppleWebKit/537.36 (KHTML, like Gecko) Chrome/137.0.7151.103 Mobile Safari/537.36 (compatible; Googlebot/2.1; +http://www.google.com/bot.html)"
66.249.68.129 - - [13/Jul/2025:12:15:40 -0400] "GET /pcmypage?callback=product%2Fdetail%2Ftuzukiya-m202-73864 HTTP/1.1" 404 1251 "-" "Mozilla/5.0 (compatible; Googlebot/2.1; +http://www.google.com/bot.html)"
66.249.79.192 - - [13/Jul/2025:12:16:01 -0400] "GET /pcmypage?callback=product%2Fdetail%2Ffirst34-trusco-4509026 HTTP/1.1" 404 1251 "-" "Mozilla/5.0 (Linux; Android 6.0.1; Nexus 5X Build/MMB29P) AppleWebKit/537.36 (KHTML, like Gecko) Chrome/137.0.7151.119 Mobile Safari/537.36 (compatible; Googlebot/2.1; +http://www.google.com/bot.html)"
66.249.79.193 - - [13/Jul/2025:12:16:04 -0400] "GET /items/rbupa47/810?key=rank HTTP/1.1" 404 1251 "-" "Mozilla/5.0 (Linux; Android 6.0.1; Nexus 5X Build/MMB29P) AppleWebKit/537.36 (KHTML, like Gecko) Chrome/137.0.7151.103 Mobile Safari/537.36 (compatible; Googlebot/2.1; +http://www.google.com/bot.html)"
66.249.79.206 - - [13/Jul/2025:12:16:05 -0400] "GET /pcmypage?callback=product/review/usa-tire-set0047376 HTTP/1.1" 404 1251 "-" "Mozilla/5.0 (Linux; Android 6.0.1; Nexus 5X Build/MMB29P) AppleWebKit/537.36 (KHTML, like Gecko) Chrome/137.0.7151.103 Mobile Safari/537.36 (compatible; Googlebot/2.1; +http://www.google.com/bot.html)"
66.249.68.129 - - [13/Jul/2025:12:16:05 -0400] "GET /items/262036148.html?srsltid=AfmBOowmumZBWseruqCNUio1NmjWVbcEQddWE88gqNtxZuEWq6MU HTTP/1.1" 404 1251 "-" "Mozilla/5.0 (Linux; Android 6.0.1; Nexus 5X Build/MMB29P) AppleWebKit/537.36 (KHTML, like Gecko) Chrome/137.0.7151.103 Mobile Safari/537.36 (compatible; Googlebot/2.1; +http://www.google.com/bot.html)"
66.249.68.129 - - [13/Jul/2025:12:16:13 -0400] "GET /items/yydeo268/1555?key=communication HTTP/1.1" 404 1251 "-" "Mozilla/5.0 (compatible; Googlebot/2.1; +http://www.google.com/bot.html)"
66.249.79.192 - - [13/Jul/2025:12:16:25 -0400] "GET /search.php?37yuz41116.html HTTP/1.1" 404 1251 "-" "Mozilla/5.0 (Linux; Android 6.0.1; Nexus 5X Build/MMB29P) AppleWebKit/537.36 (KHTML, like Gecko) Chrome/137.0.7151.119 Mobile Safari/537.36 (compatible; Googlebot/2.1; +http://www.google.com/bot.html)"
66.249.68.129 - - [13/Jul/2025:12:16:28 -0400] "GET /items/283013863.html?srsltid=AfmBOosjzCiPGRaQqGoKmplIEvpAfGvMeLQYKNQtbXMxVVSydy5B HTTP/1.1" 404 1251 "-" "Mozilla/5.0 (compatible; Googlebot/2.1; +http://www.google.com/bot.html)"
66.249.68.129 - - [13/Jul/2025:12:16:34 -0400] "GET /pcmypage?callback=product/review/a-ru001-kkha-tfx-93orb61e-1 HTTP/1.1" 404 1251 "-" "Mozilla/5.0 (compatible; Googlebot/2.1; +http://www.google.com/bot.html)"
66.249.68.129 - - [13/Jul/2025:12:16:57 -0400] "GET /items/111023477.html?srsltid=AfmBOoybhBAGyhCsZfdLUY0YRLtZVsNaVnS1dXbvkulNN5f6O14V HTTP/1.1" 404 1251 "-" "Mozilla/5.0 (Linux; Android 6.0.1; Nexus 5X Build/MMB29P) AppleWebKit/537.36 (KHTML, like Gecko) Chrome/137.0.7151.103 Mobile Safari/537.36 (compatible; Googlebot/2.1; +http://www.google.com/bot.html)"
66.249.68.129 - - [13/Jul/2025:12:17:14 -0400] "GET /items/174009522.html?srsltid=AfmBOoawkbrHgUXcSBubGqMiUFROdfHX5wdIT2cUr5AhQhkxWqCW HTTP/1.1" 404 1251 "-" "Mozilla/5.0 (Linux; Android 6.0.1; Nexus 5X Build/MMB29P) AppleWebKit/537.36 (KHTML, like Gecko) Chrome/137.0.7151.103 Mobile Safari/537.36 (compatible; Googlebot/2.1; +http://www.google.com/bot.html)"
66.249.68.130 - - [13/Jul/2025:12:17:22 -0400] "GET /items/040002730.html?srsltid=AfmBOoxzzffKMevJytQWnKOOOWtKXEerlpmRQD5HwcLcNxugHuYE HTTP/1.1" 404 1251 "-" "Mozilla/5.0 (Linux; Android 6.0.1; Nexus 5X Build/MMB29P) AppleWebKit/537.36 (KHTML, like Gecko) Chrome/137.0.7151.103 Mobile Safari/537.36 (compatible; Googlebot/2.1; +http://www.google.com/bot.html)"
66.249.68.129 - - [13/Jul/2025:12:17:24 -0400] "GET /items/httnz179/24184?key=assistance HTTP/1.1" 404 1251 "-" "Mozilla/5.0 (compatible; Googlebot/2.1; +http://www.google.com/bot.html)"
66.249.79.192 - - [13/Jul/2025:12:17:26 -0400] "GET /items/264027232.html?srsltid=AfmBOorfqiGzVbZKUzAq5vuWBtABSFTh98ISboNl6lsfwIw7JXkk HTTP/1.1" 404 1251 "-" "Mozilla/5.0 (compatible; Googlebot/2.1; +http://www.google.com/bot.html)"
66.249.79.192 - - [13/Jul/2025:12:17:26 -0400] "GET /items/264027232.html?srsltid=AfmBOorfqiGzVbZKUzAq5vuWBtABSFTh98ISboNl6lsfwIw7JXkk HTTP/1.1" 404 1251 "-" "Mozilla/5.0 (Linux; Android 6.0.1; Nexus 5X Build/MMB29P) AppleWebKit/537.36 (KHTML, like Gecko) Chrome/137.0.7151.103 Mobile Safari/537.36 (compatible; Googlebot/2.1; +http://www.google.com/bot.html)"
66.249.79.192 - - [13/Jul/2025:12:17:27 -0400] "GET /items/264027232.html?srsltid=AfmBOorfqiGzVbZKUzAq5vuWBtABSFTh98ISboNl6lsfwIw7JXkk HTTP/1.1" 404 1251 "-" "Mozilla/5.0 (Linux; Android 6.0.1; Nexus 5X Build/MMB29P) AppleWebKit/537.36 (KHTML, like Gecko) Chrome/137.0.7151.103 Mobile Safari/537.36 (compatible; Googlebot/2.1; +http://www.google.com/bot.html)"
66.249.68.129 - - [13/Jul/2025:12:17:49 -0400] "GET /items/vyttu89/384?key=margin HTTP/1.1" 404 1251 "-" "Mozilla/5.0 (Linux; Android 6.0.1; Nexus 5X Build/MMB29P) AppleWebKit/537.36 (KHTML, like Gecko) Chrome/137.0.7151.103 Mobile Safari/537.36 (compatible; Googlebot/2.1; +http://www.google.com/bot.html)"
66.249.68.129 - - [13/Jul/2025:12:17:50 -0400] "GET /items/069039517.html?srsltid=AfmBOoajwCMbKhbtbopGGCoBHVudsdKbfnEA4VuPdwDxiWpeF2aa HTTP/1.1" 404 1251 "-" "Mozilla/5.0 (Linux; Android 6.0.1; Nexus 5X Build/MMB29P) AppleWebKit/537.36 (KHTML, like Gecko) Chrome/137.0.7151.119 Mobile Safari/537.36 (compatible; Googlebot/2.1; +http://www.google.com/bot.html)"
66.249.79.206 - - [13/Jul/2025:12:17:50 -0400] "GET /pcmypage?callback=/product%2Fdetail%2Ankado-sc-kh-18-s HTTP/1.1" 404 1251 "-" "Mozilla/5.0 (Linux; Android 6.0.1; Nexus 5X Build/MMB29P) AppleWebKit/537.36 (KHTML, like Gecko) Chrome/137.0.7151.103 Mobile Safari/537.36 (compatible; Googlebot/2.1; +http://www.google.com/bot.html)"
66.249.68.129 - - [13/Jul/2025:12:17:51 -0400] "GET /items/dqolb65/2144?key=OK HTTP/1.1" 404 1251 "-" "Mozilla/5.0 (Linux; Android 6.0.1; Nexus 5X Build/MMB29P) AppleWebKit/537.36 (KHTML, like Gecko) Chrome/137.0.7151.103 Mobile Safari/537.36 (compatible; Googlebot/2.1; +http://www.google.com/bot.html)"
66.249.68.129 - - [13/Jul/2025:12:17:51 -0400] "GET /items/019001247.html?srsltid=AfmBOosroIferzUUODjfiGMOCYTLLjyAO1eijHEPeiQah4d2RwE6 HTTP/1.1" 404 1251 "-" "Mozilla/5.0 (Linux; Android 6.0.1; Nexus 5X Build/MMB29P) AppleWebKit/537.36 (KHTML, like Gecko) Chrome/137.0.7151.103 Mobile Safari/537.36 (compatible; Googlebot/2.1; +http://www.google.com/bot.html)"
66.249.68.130 - - [13/Jul/2025:12:18:11 -0400] "GET /items/043015269.html?srsltid=AfmBOomckpJqWOSGssIAR7H7WiGJeaawpaZe9pQTXn3uNRxImDsY HTTP/1.1" 404 1251 "-" "Mozilla/5.0 (compatible; Googlebot/2.1; +http://www.google.com/bot.html)"
66.249.68.130 - - [13/Jul/2025:12:18:12 -0400] "GET /items/197002451.html?srsltid=AfmBOoaiuxFdrwNwEMJBAnFPQMOROonQCuZUDgJUv2EXm3eYi0aF HTTP/1.1" 404 1251 "-" "Mozilla/5.0 (Linux; Android 6.0.1; Nexus 5X Build/MMB29P) AppleWebKit/537.36 (KHTML, like Gecko) Chrome/137.0.7151.103 Mobile Safari/537.36 (compatible; Googlebot/2.1; +http://www.google.com/bot.html)"
66.249.68.129 - - [13/Jul/2025:12:18:26 -0400] "GET /pcmypage?callback=product/review/asty-shop-c2-21t0z1y4da-8ebz HTTP/1.1" 404 1251 "-" "Mozilla/5.0 (Linux; Android 6.0.1; Nexus 5X Build/MMB29P) AppleWebKit/537.36 (KHTML, like Gecko) Chrome/137.0.7151.103 Mobile Safari/537.36 (compatible; Googlebot/2.1; +http://www.google.com/bot.html)"
66.249.68.129 - - [13/Jul/2025:12:18:45 -0400] "GET /pcmypage?callback=product%2Fdetail%2Fganbariya-208-5063 HTTP/1.1" 404 1251 "-" "Mozilla/5.0 (Linux; Android 6.0.1; Nexus 5X Build/MMB29P) AppleWebKit/537.36 (KHTML, like Gecko) Chrome/137.0.7151.103 Mobile Safari/537.36 (compatible; Googlebot/2.1; +http://www.google.com/bot.html)"
66.249.79.206 - - [13/Jul/2025:12:18:51 -0400] "GET /pcmypage?callback=product%2Fdetail%2Fhaikanshop-1576420 HTTP/1.1" 404 1251 "-" "Mozilla/5.0 (Linux; Android 6.0.1; Nexus 5X Build/MMB29P) AppleWebKit/537.36 (KHTML, like Gecko) Chrome/137.0.7151.119 Mobile Safari/537.36 (compatible; Googlebot/2.1; +http://www.google.com/bot.html)"
66.249.79.206 - - [13/Jul/2025:12:19:05 -0400] "GET /pcmypage?callback=/product%2Fdetail*uc-mhfriend-1329279 HTTP/1.1" 404 1251 "-" "Mozilla/5.0 (compatible; Googlebot/2.1; +http://www.google.com/bot.html)"
66.249.68.129 - - [13/Jul/2025:12:19:15 -0400] "GET /items/269004687.html?srsltid=AfmBOoggyeDghaKEMZdqWiCLTQbKZqRCXAU7eDFD0mKKQAtRcPuF HTTP/1.1" 404 1251 "-" "Mozilla/5.0 (compatible; Googlebot/2.1; +http://www.google.com/bot.html)"
66.249.68.130 - - [13/Jul/2025:12:19:17 -0400] "GET /pcmypage?callback=/product%2Fdetail*-price-4582752630347 HTTP/1.1" 404 1251 "-" "Mozilla/5.0 (compatible; Googlebot/2.1; +http://www.google.com/bot.html)"
66.249.79.206 - - [13/Jul/2025:12:19:26 -0400] "GET /zhHant/product/surugaya/fujix-sizai-sgsp-cb100-3g?campaign_uid=f64d716db5e979ed2f947dbaf4296895b951ae7f HTTP/1.1" 404 1251 "-" "Mozilla/5.0 (compatible; Googlebot/2.1; +http://www.google.com/bot.html)"
66.249.68.129 - - [13/Jul/2025:12:19:35 -0400] "GET /items/220014614.html?srsltid=AfmBOonfxajLWhNuaIphcXhYDasndXWkOufrfxTXJonerkrxhTdK HTTP/1.1" 404 1251 "-" "Mozilla/5.0 (Linux; Android 6.0.1; Nexus 5X Build/MMB29P) AppleWebKit/537.36 (KHTML, like Gecko) Chrome/137.0.7151.103 Mobile Safari/537.36 (compatible; Googlebot/2.1; +http://www.google.com/bot.html)"
66.249.68.129 - - [13/Jul/2025:12:19:45 -0400] "GET /pcmypage?callback=product/review/sakan8man-trus-5256744 HTTP/1.1" 404 1251 "-" "Mozilla/5.0 (Linux; Android 6.0.1; Nexus 5X Build/MMB29P) AppleWebKit/537.36 (KHTML, like Gecko) Chrome/137.0.7151.103 Mobile Safari/537.36 (compatible; Googlebot/2.1; +http://www.google.com/bot.html)"
216.73.216.207 - - [13/Jul/2025:12:19:55 -0400] "GET /search.php HTTP/1.1" 404 1251 "-" "Mozilla/5.0 AppleWebKit/537.36 (KHTML, like Gecko; compatible; ClaudeBot/1.0; +claudebot@anthropic.com)"
66.249.68.131 - - [13/Jul/2025:12:20:02 -0400] "GET /items/saaab88/2535?key=traditional HTTP/1.1" 404 1251 "-" "Mozilla/5.0 (compatible; Googlebot/2.1; +http://www.google.com/bot.html)"
66.249.68.129 - - [13/Jul/2025:12:20:03 -0400] "GET /items/220008516.html?srsltid=AfmBOoossnpqJXoOvzQAtRSKZkrwDvelirROeJln2py0PZwTDCI2 HTTP/1.1" 404 1251 "-" "Mozilla/5.0 (Linux; Android 6.0.1; Nexus 5X Build/MMB29P) AppleWebKit/537.36 (KHTML, like Gecko) Chrome/137.0.7151.119 Mobile Safari/537.36 (compatible; Googlebot/2.1; +http://www.google.com/bot.html)"
66.249.68.130 - - [13/Jul/2025:12:20:05 -0400] "GET /pcmypage?callback=product/review/jyusetsupro-286005018 HTTP/1.1" 404 1251 "-" "Mozilla/5.0 (Linux; Android 6.0.1; Nexus 5X Build/MMB29P) AppleWebKit/537.36 (KHTML, like Gecko) Chrome/137.0.7151.103 Mobile Safari/537.36 (compatible; Googlebot/2.1; +http://www.google.com/bot.html)"
66.249.79.193 - - [13/Jul/2025:12:20:08 -0400] "GET /search.php?115ixypk188.html HTTP/1.1" 404 1251 "-" "Mozilla/5.0 (Linux; Android 6.0.1; Nexus 5X Build/MMB29P) AppleWebKit/537.36 (KHTML, like Gecko) Chrome/137.0.7151.103 Mobile Safari/537.36 (compatible; Googlebot/2.1; +http://www.google.com/bot.html)"
66.249.79.206 - - [13/Jul/2025:12:20:13 -0400] "GET /items/061000051.html?srsltid=AfmBOocboiztxGdGfGBQCM8zBlbtbsbwtY2dxCJvhfS2Hbqbr3cq HTTP/1.1" 404 1251 "-" "Mozilla/5.0 (compatible; Googlebot/2.1; +http://www.google.com/bot.html)"
66.29.146.47 - - [13/Jul/2025:12:20:25 -0400] "POST /wp-cron.php?doing_wp_cron=1752423624.9476099014282226562500 HTTP/1.1" 403 1242 "-" "WordPress/6.8; https://first-gulf.com.sa"
196.251.84.106 - - [13/Jul/2025:12:20:16 -0400] "POST /wp-login.php HTTP/1.1" 200 2988 "-" "Mozilla/5.0"
66.249.79.206 - - [13/Jul/2025:12:20:26 -0400] "GET /pcmypage?callback=product%2Fdetail%2Fseiyu--674289 HTTP/1.1" 404 1251 "-" "Mozilla/5.0 (Linux; Android 6.0.1; Nexus 5X Build/MMB29P) AppleWebKit/537.36 (KHTML, like Gecko) Chrome/137.0.7151.103 Mobile Safari/537.36 (compatible; Googlebot/2.1; +http://www.google.com/bot.html)"
216.73.216.207 - - [13/Jul/2025:12:20:33 -0400] "GET / HTTP/1.1" 200 1436 "-" "Mozilla/5.0 AppleWebKit/537.36 (KHTML, like Gecko; compatible; ClaudeBot/1.0; +claudebot@anthropic.com)"
66.249.68.129 - - [13/Jul/2025:12:20:45 -0400] "GET /items/011047351.html?srsltid=AfmBOovqatmMEovNJGDw0SqBZqBHEZheAtvEXXwuaG037812FLKK HTTP/1.1" 404 1251 "-" "Mozilla/5.0 (Linux; Android 6.0.1; Nexus 5X Build/MMB29P) AppleWebKit/537.36 (KHTML, like Gecko) Chrome/137.0.7151.103 Mobile Safari/537.36 (compatible; Googlebot/2.1; +http://www.google.com/bot.html)"
66.249.79.206 - - [13/Jul/2025:12:20:45 -0400] "GET /items/076000260.html?srsltid=AfmBOozoiIGYZiRAThZsVvkJDBgxtZJBG0k2O62kIk7omFRK6qn9 HTTP/1.1" 404 1251 "-" "Mozilla/5.0 (Linux; Android 6.0.1; Nexus 5X Build/MMB29P) AppleWebKit/537.36 (KHTML, like Gecko) Chrome/137.0.7151.103 Mobile Safari/537.36 (compatible; Googlebot/2.1; +http://www.google.com/bot.html)"
66.249.79.206 - - [13/Jul/2025:12:20:52 -0400] "GET /items/vkkwk62/19971?key=dissolve HTTP/1.1" 404 1251 "-" "Mozilla/5.0 (compatible; Googlebot/2.1; +http://www.google.com/bot.html)"
66.249.79.206 - - [13/Jul/2025:12:21:00 -0400] "GET /search.php?pcmypage?callback=product/review/worldselect-161795823 HTTP/1.1" 404 1251 "-" "Mozilla/5.0 (compatible; Googlebot/2.1; +http://www.google.com/bot.html)"
66.249.79.192 - - [13/Jul/2025:12:21:12 -0400] "GET /items/018039958.html?srsltid=AfmBOopfgUGrmRwnjTkxOrJ6LlsHBnqQYhYJQIulw4AlUe1VSDh0 HTTP/1.1" 404 1251 "-" "Mozilla/5.0 (compatible; Googlebot/2.1; +http://www.google.com/bot.html)"
47.82.60.73 - - [13/Jul/2025:12:21:48 -0400] "GET /items/qxffl138/7087?key=metal HTTP/1.1" 404 1251 "https://first-gulf.com.sa/items/qxffl138/7087?key=metal" "Mozilla/5.0 (Windows NT 10.0; Win64; x64) AppleWebKit/537.36 (KHTML, like Gecko) Chrome/114.0.0.0 Safari/537.36 Edg/114.0.1823.43"
66.249.68.129 - - [13/Jul/2025:12:21:55 -0400] "GET /items/pazvz249/29894?key=matter HTTP/1.1" 404 1251 "-" "Mozilla/5.0 (Linux; Android 6.0.1; Nexus 5X Build/MMB29P) AppleWebKit/537.36 (KHTML, like Gecko) Chrome/137.0.7151.103 Mobile Safari/537.36 (compatible; Googlebot/2.1; +http://www.google.com/bot.html)"
66.249.68.129 - - [13/Jul/2025:12:22:20 -0400] "GET /items/fcxnt296/42893?key=separation HTTP/1.1" 404 1251 "-" "Mozilla/5.0 (Linux; Android 6.0.1; Nexus 5X Build/MMB29P) AppleWebKit/537.36 (KHTML, like Gecko) Chrome/137.0.7151.103 Mobile Safari/537.36 (compatible; Googlebot/2.1; +http://www.google.com/bot.html)"
66.249.79.194 - - [13/Jul/2025:12:22:30 -0400] "GET /pcmypage?callback=product/review/powerweb-promuitem004456 HTTP/1.1" 404 1251 "-" "Mozilla/5.0 (compatible; Googlebot/2.1; +http://www.google.com/bot.html)"
66.249.68.129 - - [13/Jul/2025:12:22:34 -0400] "GET /items/qgkpw167/33484?key=reminder HTTP/1.1" 404 1251 "-" "Mozilla/5.0 (Linux; Android 6.0.1; Nexus 5X Build/MMB29P) AppleWebKit/537.36 (KHTML, like Gecko) Chrome/137.0.7151.103 Mobile Safari/537.36 (compatible; Googlebot/2.1; +http://www.google.com/bot.html)"
66.249.79.194 - - [13/Jul/2025:12:22:49 -0400] "GET /pcmypage?callback=product/review/auc-estoah-sh0488-otk HTTP/1.1" 404 1251 "-" "Mozilla/5.0 (Linux; Android 6.0.1; Nexus 5X Build/MMB29P) AppleWebKit/537.36 (KHTML, like Gecko) Chrome/137.0.7151.103 Mobile Safari/537.36 (compatible; Googlebot/2.1; +http://www.google.com/bot.html)"
66.249.68.129 - - [13/Jul/2025:12:23:04 -0400] "GET /pcmypage?callback=product/review/hcvalor-eshop-trusco-4882824 HTTP/1.1" 404 1251 "-" "Mozilla/5.0 (Linux; Android 6.0.1; Nexus 5X Build/MMB29P) AppleWebKit/537.36 (KHTML, like Gecko) Chrome/137.0.7151.103 Mobile Safari/537.36 (compatible; Googlebot/2.1; +http://www.google.com/bot.html)"
66.249.79.196 - - [13/Jul/2025:12:23:08 -0400] "GET /pcmypage?callback=product%2Fdetail%2F3rdshop-ts_8564234 HTTP/1.1" 404 1251 "-" "Mozilla/5.0 (compatible; Googlebot/2.1; +http://www.google.com/bot.html)"
66.249.79.195 - - [13/Jul/2025:12:23:17 -0400] "GET /pcmypage?callback=product%2Fdetail%2Fmundial-10002274-1 HTTP/1.1" 404 1251 "-" "Mozilla/5.0 (Linux; Android 6.0.1; Nexus 5X Build/MMB29P) AppleWebKit/537.36 (KHTML, like Gecko) Chrome/137.0.7151.103 Mobile Safari/537.36 (compatible; Googlebot/2.1; +http://www.google.com/bot.html)"
66.249.68.130 - - [13/Jul/2025:12:23:36 -0400] "GET /items/046032572.html?srsltid=AfmBOoxvcNMyaIDxwATLFtLZIiTPmIFBtF4jzcf3k7VtAGTK54eg HTTP/1.1" 404 1251 "-" "Mozilla/5.0 (Linux; Android 6.0.1; Nexus 5X Build/MMB29P) AppleWebKit/537.36 (KHTML, like Gecko) Chrome/137.0.7151.103 Mobile Safari/537.36 (compatible; Googlebot/2.1; +http://www.google.com/bot.html)"
66.249.68.129 - - [13/Jul/2025:12:23:43 -0400] "GET /pcmypage?callback=product%2Fdetail%2Fyumashop-gr-e9tro34rad HTTP/1.1" 404 1251 "-" "Mozilla/5.0 (compatible; Googlebot/2.1; +http://www.google.com/bot.html)"
66.249.68.129 - - [13/Jul/2025:12:23:49 -0400] "GET /items/097033099.html?srsltid=AfmBOotdjNhOhSQzZPXWhNoURTSDBAuchSCv1EJOAYmomQFmeJtr HTTP/1.1" 404 1251 "-" "Mozilla/5.0 (Linux; Android 6.0.1; Nexus 5X Build/MMB29P) AppleWebKit/537.36 (KHTML, like Gecko) Chrome/137.0.7151.119 Mobile Safari/537.36 (compatible; Googlebot/2.1; +http://www.google.com/bot.html)"
69.197.135.226 - - [13/Jul/2025:12:23:54 -0400] "GET /wp-content/install.php HTTP/1.1" 404 1251 "https://first-gulf.com.sa/wp-content/install.php" "Mozilla/5.0 (Windows NT 10.0; Win64; x64) AppleWebKit/537.36 (KHTML, like Gecko) Chrome/58.0.3029.110 Safari/537.3"
66.249.68.130 - - [13/Jul/2025:12:24:01 -0400] "GET /items/230044982.html?srsltid=AfmBOoqsvbPDgUeSgOHWqjHxXgKmsgUrI6VAJgm7Tv8VSBdXbQnw HTTP/1.1" 404 1251 "-" "Mozilla/5.0 (compatible; Googlebot/2.1; +http://www.google.com/bot.html)"
66.249.68.131 - - [13/Jul/2025:12:24:01 -0400] "GET /items/pdxug284/5281?key=headline HTTP/1.1" 404 1251 "-" "Mozilla/5.0 (Linux; Android 6.0.1; Nexus 5X Build/MMB29P) AppleWebKit/537.36 (KHTML, like Gecko) Chrome/137.0.7151.119 Mobile Safari/537.36 (compatible; Googlebot/2.1; +http://www.google.com/bot.html)"
66.249.68.130 - - [13/Jul/2025:12:24:13 -0400] "GET /items/ykstm142/29267?key=burst HTTP/1.1" 404 1251 "-" "Mozilla/5.0 (Linux; Android 6.0.1; Nexus 5X Build/MMB29P) AppleWebKit/537.36 (KHTML, like Gecko) Chrome/137.0.7151.103 Mobile Safari/537.36 (compatible; Googlebot/2.1; +http://www.google.com/bot.html)"
66.249.68.130 - - [13/Jul/2025:12:24:14 -0400] "GET /items/cfsgv283/26936?key=buy HTTP/1.1" 404 1251 "-" "Mozilla/5.0 (Linux; Android 6.0.1; Nexus 5X Build/MMB29P) AppleWebKit/537.36 (KHTML, like Gecko) Chrome/137.0.7151.103 Mobile Safari/537.36 (compatible; Googlebot/2.1; +http://www.google.com/bot.html)"
66.249.79.195 - - [13/Jul/2025:12:24:14 -0400] "GET /items/lxmsw82/273?key=roof HTTP/1.1" 404 1251 "-" "Mozilla/5.0 (Linux; Android 6.0.1; Nexus 5X Build/MMB29P) AppleWebKit/537.36 (KHTML, like Gecko) Chrome/137.0.7151.103 Mobile Safari/537.36 (compatible; Googlebot/2.1; +http://www.google.com/bot.html)"
66.249.79.194 - - [13/Jul/2025:12:24:25 -0400] "GET /search.php?158ibrcn5493.html HTTP/1.1" 404 1251 "-" "Mozilla/5.0 (Linux; Android 6.0.1; Nexus 5X Build/MMB29P) AppleWebKit/537.36 (KHTML, like Gecko) Chrome/137.0.7151.119 Mobile Safari/537.36 (compatible; Googlebot/2.1; +http://www.google.com/bot.html)"
66.249.68.129 - - [13/Jul/2025:12:24:39 -0400] "GET /items/192016526.html?srsltid=AfmBOorxskgGdTiNOZakbcECBelxoOZikyQOFanNZqCRvdme2xTJ HTTP/1.1" 404 1251 "-" "Mozilla/5.0 (compatible; Googlebot/2.1; +http://www.google.com/bot.html)"
66.249.68.129 - - [13/Jul/2025:12:24:39 -0400] "GET /items/zvtyv247/20912?key=partial HTTP/1.1" 404 1251 "-" "Mozilla/5.0 (compatible; Googlebot/2.1; +http://www.google.com/bot.html)"
47.82.60.15 - - [13/Jul/2025:12:24:41 -0400] "GET /pcmypage?callback=product/detail/tkonline-1242640 HTTP/1.1" 404 1251 "https://first-gulf.com.sa/pcmypage?callback=product%2Fdetail%2Ftkonline-1242640" "Mozilla/5.0 (Windows NT 10.0; Win64; x64) AppleWebKit/537.36 (KHTML, like Gecko) Chrome/114.0.0.0 Safari/537.36 Edg/114.0.1823.43"
47.82.60.4 - - [13/Jul/2025:12:24:46 -0400] "GET /pcmypage?callback=product/review/first23-trusco-8570058 HTTP/1.1" 404 1251 "https://first-gulf.com.sa/pcmypage?callback=product/review/first23-trusco-8570058" "Mozilla/5.0 (Windows NT 10.0; Win64; x64) AppleWebKit/537.36 (KHTML, like Gecko) Chrome/114.0.0.0 Safari/537.36 Edg/114.0.1823.43"
66.249.68.129 - - [13/Jul/2025:12:24:49 -0400] "GET /items/iexnb119/22382?key=sea HTTP/1.1" 404 1251 "-" "Mozilla/5.0 (compatible; Googlebot/2.1; +http://www.google.com/bot.html)"
66.249.68.131 - - [13/Jul/2025:12:25:21 -0400] "GET /items/191032789.html?srsltid=AfmBOoyikWCRBhaMrHMbBuHKSZiYgOqgYMElH1natFB8fnDXaEkm HTTP/1.1" 404 1251 "-" "Mozilla/5.0 (Linux; Android 6.0.1; Nexus 5X Build/MMB29P) AppleWebKit/537.36 (KHTML, like Gecko) Chrome/137.0.7151.103 Mobile Safari/537.36 (compatible; Googlebot/2.1; +http://www.google.com/bot.html)"
66.249.68.130 - - [13/Jul/2025:12:25:22 -0400] "GET /items/191032789.html?srsltid=AfmBOoyikWCRBhaMrHMbBuHKSZiYgOqgYMElH1natFB8fnDXaEkm HTTP/1.1" 404 1251 "-" "Mozilla/5.0 (compatible; Googlebot/2.1; +http://www.google.com/bot.html)"
66.249.68.131 - - [13/Jul/2025:12:25:23 -0400] "GET /pcmypage?callback=product%2Fdetail%2Fcometostore-hb00005gc0r HTTP/1.1" 404 1251 "-" "Mozilla/5.0 (Linux; Android 6.0.1; Nexus 5X Build/MMB29P) AppleWebKit/537.36 (KHTML, like Gecko) Chrome/137.0.7151.103 Mobile Safari/537.36 (compatible; Googlebot/2.1; +http://www.google.com/bot.html)"
66.249.79.196 - - [13/Jul/2025:12:25:24 -0400] "GET /items/007000065.html?srsltid=AfmBOoyywHWfKlhqnlJHsl66YRlIQwlCLyGW0gnTCnJkESXtAGNr HTTP/1.1" 404 1251 "-" "Mozilla/5.0 (Linux; Android 6.0.1; Nexus 5X Build/MMB29P) AppleWebKit/537.36 (KHTML, like Gecko) Chrome/137.0.7151.103 Mobile Safari/537.36 (compatible; Googlebot/2.1; +http://www.google.com/bot.html)"
66.249.68.129 - - [13/Jul/2025:12:25:25 -0400] "GET /man/kaitori/kantan.html HTTP/1.1" 404 1251 "-" "Mozilla/5.0 (compatible; Googlebot/2.1; +http://www.google.com/bot.html)"
66.249.79.194 - - [13/Jul/2025:12:25:27 -0400] "GET /items/gccui26/47591?key=socially HTTP/1.1" 404 1251 "-" "Mozilla/5.0 (compatible; Googlebot/2.1; +http://www.google.com/bot.html)"
66.249.69.3 - - [13/Jul/2025:12:25:36 -0400] "GET /items/068000986.html?srsltid=AfmBOopjnBdcbycvZbkom54EGfXbAufl5gzymI4b1vIyx3Hoj5dw HTTP/1.1" 404 1251 "-" "Mozilla/5.0 (Linux; Android 6.0.1; Nexus 5X Build/MMB29P) AppleWebKit/537.36 (KHTML, like Gecko) Chrome/137.0.7151.103 Mobile Safari/537.36 (compatible; Googlebot/2.1; +http://www.google.com/bot.html)"
66.249.68.129 - - [13/Jul/2025:12:25:43 -0400] "GET /items/169020453.html?srsltid=AfmBOovdwrSuZhIrExUBrYkHQWBdOeGmmtaarzvzMzK4oB1PD2GK HTTP/1.1" 404 1251 "-" "Mozilla/5.0 (compatible; Googlebot/2.1; +http://www.google.com/bot.html)"
66.249.68.129 - - [13/Jul/2025:12:25:52 -0400] "GET /items/034018198.html?srsltid=AfmBOouvahDfpHTtOEZu0cRSZEjRpgIbxZxdOw4h8Qp0Aan8vLC0 HTTP/1.1" 404 1251 "-" "Mozilla/5.0 (Linux; Android 6.0.1; Nexus 5X Build/MMB29P) AppleWebKit/537.36 (KHTML, like Gecko) Chrome/137.0.7151.103 Mobile Safari/537.36 (compatible; Googlebot/2.1; +http://www.google.com/bot.html)"
66.249.68.129 - - [13/Jul/2025:12:26:16 -0400] "GET /pcmypage?callback=product%2Fdetail%2Fhcvalor-eshop-trusco-8297866 HTTP/1.1" 404 1251 "-" "Mozilla/5.0 (compatible; Googlebot/2.1; +http://www.google.com/bot.html)"
66.249.79.196 - - [13/Jul/2025:12:26:22 -0400] "GET /items/022020518.html?srsltid=AfmBOonhegAcFWRuicDB26c7OoEQNtgRT1Dv5NjG6TR9WNLOVI6r HTTP/1.1" 404 1251 "-" "Mozilla/5.0 (Linux; Android 6.0.1; Nexus 5X Build/MMB29P) AppleWebKit/537.36 (KHTML, like Gecko) Chrome/137.0.7151.103 Mobile Safari/537.36 (compatible; Googlebot/2.1; +http://www.google.com/bot.html)"
66.249.68.129 - - [13/Jul/2025:12:26:25 -0400] "GET /items/017014685.html?srsltid=AfmBOosvbCqlfsmgUoOKQhj3HCArTIJYme6XURcTu6QqrocFtFfX HTTP/1.1" 404 1251 "-" "Mozilla/5.0 (Linux; Android 6.0.1; Nexus 5X Build/MMB29P) AppleWebKit/537.36 (KHTML, like Gecko) Chrome/137.0.7151.119 Mobile Safari/537.36 (compatible; Googlebot/2.1; +http://www.google.com/bot.html)"
66.249.68.130 - - [13/Jul/2025:12:26:27 -0400] "GET /items/uwsnn88/11175?key=dad HTTP/1.1" 404 1251 "-" "Mozilla/5.0 (Linux; Android 6.0.1; Nexus 5X Build/MMB29P) AppleWebKit/537.36 (KHTML, like Gecko) Chrome/137.0.7151.103 Mobile Safari/537.36 (compatible; Googlebot/2.1; +http://www.google.com/bot.html)"
66.249.68.129 - - [13/Jul/2025:12:26:33 -0400] "GET /items/krgtr1/1134?key=swell HTTP/1.1" 404 1251 "-" "Mozilla/5.0 (Linux; Android 6.0.1; Nexus 5X Build/MMB29P) AppleWebKit/537.36 (KHTML, like Gecko) Chrome/137.0.7151.103 Mobile Safari/537.36 (compatible; Googlebot/2.1; +http://www.google.com/bot.html)"
66.249.79.194 - - [13/Jul/2025:12:26:34 -0400] "GET /category/16_1192_2546/1/listing HTTP/1.1" 404 1251 "-" "Mozilla/5.0 (Linux; Android 6.0.1; Nexus 5X Build/MMB29P) AppleWebKit/537.36 (KHTML, like Gecko) Chrome/137.0.7151.103 Mobile Safari/537.36 (compatible; Googlebot/2.1; +http://www.google.com/bot.html)"
66.249.79.194 - - [13/Jul/2025:12:26:38 -0400] "GET /search.php?pcmypage?callback=product%2Fdetail%2Fgoldstar-r183-22-a0021 HTTP/1.1" 404 1251 "-" "Mozilla/5.0 (Linux; Android 6.0.1; Nexus 5X Build/MMB29P) AppleWebKit/537.36 (KHTML, like Gecko) Chrome/137.0.7151.119 Mobile Safari/537.36 (compatible; Googlebot/2.1; +http://www.google.com/bot.html)"
66.249.79.194 - - [13/Jul/2025:12:26:45 -0400] "GET /pcmypage?callback=product%2Fdetail%2Ffirst23-trusco-2188010 HTTP/1.1" 404 1251 "-" "Mozilla/5.0 (Linux; Android 6.0.1; Nexus 5X Build/MMB29P) AppleWebKit/537.36 (KHTML, like Gecko) Chrome/137.0.7151.103 Mobile Safari/537.36 (compatible; Googlebot/2.1; +http://www.google.com/bot.html)"
66.249.68.129 - - [13/Jul/2025:12:26:46 -0400] "GET /items/zpcet248/10295?key=staff HTTP/1.1" 404 1251 "-" "Mozilla/5.0 (compatible; Googlebot/2.1; +http://www.google.com/bot.html)"
66.249.68.129 - - [13/Jul/2025:12:26:58 -0400] "GET /items/032004654.html?srsltid=AfmBOoazlHXzSdYJKrQsCqhAMzeHFENkrdlIVI8YYpFAoyAW0GLz HTTP/1.1" 404 1251 "-" "Mozilla/5.0 (compatible; Googlebot/2.1; +http://www.google.com/bot.html)"
66.249.68.130 - - [13/Jul/2025:12:27:17 -0400] "GET /search?category=&search_word=&restrict[]=sale_classified=%E4%BA%88%E7%B4%84 HTTP/1.1" 404 1251 "-" "Mozilla/5.0 (compatible; Googlebot/2.1; +http://www.google.com/bot.html)"
66.249.68.130 - - [13/Jul/2025:12:27:24 -0400] "GET /pcmypage?callback=product%2Fdetail%2Fbuckteeth-jan-4582206163766 HTTP/1.1" 404 1251 "-" "Mozilla/5.0 (Linux; Android 6.0.1; Nexus 5X Build/MMB29P) AppleWebKit/537.36 (KHTML, like Gecko) Chrome/137.0.7151.103 Mobile Safari/537.36 (compatible; Googlebot/2.1; +http://www.google.com/bot.html)"
66.249.79.195 - - [13/Jul/2025:12:27:34 -0400] "GET /pcmypage?callback=product/review/golfpartner-2100390230099 HTTP/1.1" 404 1251 "-" "Mozilla/5.0 (Linux; Android 6.0.1; Nexus 5X Build/MMB29P) AppleWebKit/537.36 (KHTML, like Gecko) Chrome/137.0.7151.103 Mobile Safari/537.36 (compatible; Googlebot/2.1; +http://www.google.com/bot.html)"
66.249.68.129 - - [13/Jul/2025:12:27:38 -0400] "GET /items/lxesl166/34617?key=survey HTTP/1.1" 404 1251 "-" "Mozilla/5.0 (Linux; Android 6.0.1; Nexus 5X Build/MMB29P) AppleWebKit/537.36 (KHTML, like Gecko) Chrome/137.0.7151.103 Mobile Safari/537.36 (compatible; Googlebot/2.1; +http://www.google.com/bot.html)"
66.249.68.129 - - [13/Jul/2025:12:27:43 -0400] "GET /items/arvkr92/67311?key=fiber HTTP/1.1" 404 1251 "-" "Mozilla/5.0 (Linux; Android 6.0.1; Nexus 5X Build/MMB29P) AppleWebKit/537.36 (KHTML, like Gecko) Chrome/137.0.7151.103 Mobile Safari/537.36 (compatible; Googlebot/2.1; +http://www.google.com/bot.html)"
20.171.207.142 - - [13/Jul/2025:12:27:52 -0400] "GET /?sitemap148.xml HTTP/1.1" 200 1436 "-" "Mozilla/5.0 AppleWebKit/537.36 (KHTML, like Gecko; compatible; GPTBot/1.2; +https://openai.com/gptbot)"
20.171.207.142 - - [13/Jul/2025:12:28:03 -0400] "GET /search.php?sitemap729.xml HTTP/1.1" 404 1251 "-" "Mozilla/5.0 AppleWebKit/537.36 (KHTML, like Gecko; compatible; GPTBot/1.2; +https://openai.com/gptbot)"
20.171.207.142 - - [13/Jul/2025:12:28:11 -0400] "GET /?sitemapindex.xml HTTP/1.1" 200 1436 "-" "Mozilla/5.0 AppleWebKit/537.36 (KHTML, like Gecko; compatible; GPTBot/1.2; +https://openai.com/gptbot)"
204.12.252.98 - - [13/Jul/2025:12:28:28 -0400] "GET /wp-content/install.php HTTP/1.1" 404 1251 "https://first-gulf.com.sa/wp-content/install.php" "Mozilla/5.0 (Windows NT 10.0; Win64; x64) AppleWebKit/537.36 (KHTML, like Gecko) Chrome/58.0.3029.110 Safari/537.3"
20.171.207.142 - - [13/Jul/2025:12:28:28 -0400] "GET /?SA HTTP/1.1" 200 1429 "-" "Mozilla/5.0 AppleWebKit/537.36 (KHTML, like Gecko; compatible; GPTBot/1.2; +https://openai.com/gptbot)"
20.171.207.142 - - [13/Jul/2025:12:28:41 -0400] "GET /?ND HTTP/1.1" 200 1438 "-" "Mozilla/5.0 AppleWebKit/537.36 (KHTML, like Gecko; compatible; GPTBot/1.2; +https://openai.com/gptbot)"
66.249.68.130 - - [13/Jul/2025:12:28:52 -0400] "GET /pcmypage?callback=product/review/asty-shop-68-1rv3ww6rqr-6zl1 HTTP/1.1" 404 1251 "-" "Mozilla/5.0 (Linux; Android 6.0.1; Nexus 5X Build/MMB29P) AppleWebKit/537.36 (KHTML, like Gecko) Chrome/137.0.7151.103 Mobile Safari/537.36 (compatible; Googlebot/2.1; +http://www.google.com/bot.html)"
66.249.79.196 - - [13/Jul/2025:12:28:52 -0400] "GET /items/kntkl94/1179?key=or HTTP/1.1" 404 1251 "-" "Mozilla/5.0 (Linux; Android 6.0.1; Nexus 5X Build/MMB29P) AppleWebKit/537.36 (KHTML, like Gecko) Chrome/137.0.7151.103 Mobile Safari/537.36 (compatible; Googlebot/2.1; +http://www.google.com/bot.html)"
20.171.207.142 - - [13/Jul/2025:12:28:53 -0400] "GET /?sitemap598.xml HTTP/1.1" 200 1436 "-" "Mozilla/5.0 AppleWebKit/537.36 (KHTML, like Gecko; compatible; GPTBot/1.2; +https://openai.com/gptbot)"
20.171.207.142 - - [13/Jul/2025:12:29:06 -0400] "GET /?SD HTTP/1.1" 200 1436 "-" "Mozilla/5.0 AppleWebKit/537.36 (KHTML, like Gecko; compatible; GPTBot/1.2; +https://openai.com/gptbot)"
66.249.68.131 - - [13/Jul/2025:12:29:13 -0400] "GET /pcmypage?callback=product/review/sakan8man-trus-2682998 HTTP/1.1" 404 1251 "-" "Mozilla/5.0 (compatible; Googlebot/2.1; +http://www.google.com/bot.html)"
20.171.207.142 - - [13/Jul/2025:12:29:14 -0400] "GET /?NA HTTP/1.1" 200 1436 "-" "Mozilla/5.0 AppleWebKit/537.36 (KHTML, like Gecko; compatible; GPTBot/1.2; +https://openai.com/gptbot)"
66.249.68.129 - - [13/Jul/2025:12:29:18 -0400] "GET /items/fyiac168/27275?key=breakfast HTTP/1.1" 404 1251 "-" "Mozilla/5.0 (Linux; Android 6.0.1; Nexus 5X Build/MMB29P) AppleWebKit/537.36 (KHTML, like Gecko) Chrome/137.0.7151.103 Mobile Safari/537.36 (compatible; Googlebot/2.1; +http://www.google.com/bot.html)"
66.249.79.195 - - [13/Jul/2025:12:29:25 -0400] "GET /pcmypage?callback=product/review/tuzukiya-k01-11364 HTTP/1.1" 404 1251 "-" "Mozilla/5.0 (Linux; Android 6.0.1; Nexus 5X Build/MMB29P) AppleWebKit/537.36 (KHTML, like Gecko) Chrome/137.0.7151.119 Mobile Safari/537.36 (compatible; Googlebot/2.1; +http://www.google.com/bot.html)"
66.249.68.129 - - [13/Jul/2025:12:29:26 -0400] "GET /search?category=309&search_word= HTTP/1.1" 404 1251 "-" "Mozilla/5.0 (compatible; Googlebot/2.1; +http://www.google.com/bot.html)"
20.171.207.142 - - [13/Jul/2025:12:29:26 -0400] "GET /?NA HTTP/1.1" 200 1436 "-" "Mozilla/5.0 AppleWebKit/537.36 (KHTML, like Gecko; compatible; GPTBot/1.2; +https://openai.com/gptbot)"
66.249.79.194 - - [13/Jul/2025:12:29:27 -0400] "GET /search.php?beauty/contend81/47ko8-201/ HTTP/1.1" 404 1251 "-" "Mozilla/5.0 (Linux; Android 6.0.1; Nexus 5X Build/MMB29P) AppleWebKit/537.36 (KHTML, like Gecko) Chrome/137.0.7151.103 Mobile Safari/537.36 (compatible; Googlebot/2.1; +http://www.google.com/bot.html)"
66.249.68.129 - - [13/Jul/2025:12:29:27 -0400] "GET /items/fhmrd123/40272?key=pet HTTP/1.1" 404 1251 "-" "Mozilla/5.0 (Linux; Android 6.0.1; Nexus 5X Build/MMB29P) AppleWebKit/537.36 (KHTML, like Gecko) Chrome/137.0.7151.103 Mobile Safari/537.36 (compatible; Googlebot/2.1; +http://www.google.com/bot.html)"
66.249.68.129 - - [13/Jul/2025:12:29:28 -0400] "GET /items/llezr65/35350?key=phone HTTP/1.1" 404 1251 "-" "Mozilla/5.0 (Linux; Android 6.0.1; Nexus 5X Build/MMB29P) AppleWebKit/537.36 (KHTML, like Gecko) Chrome/137.0.7151.103 Mobile Safari/537.36 (compatible; Googlebot/2.1; +http://www.google.com/bot.html)"
66.249.79.194 - - [13/Jul/2025:12:29:31 -0400] "GET /pcmypage?callback=product/review/plot-store-3717-pbc530a-100f HTTP/1.1" 404 1251 "-" "Mozilla/5.0 (compatible; Googlebot/2.1; +http://www.google.com/bot.html)"
