66.249.68.137 - - [13/Jul/2025:14:44:34 -0400] "GET /items/221032297.html?srsltid=AfmBOoclrFtwlgwUFyrx59SyRfhwgRroC5pxRV1kvZJItvhSR1ES HTTP/1.1" 404 1251 "-" "Mozilla/5.0 (Linux; Android 6.0.1; Nexus 5X Build/MMB29P) AppleWebKit/537.36 (KHTML, like Gecko) Chrome/137.0.7151.103 Mobile Safari/537.36 (compatible; Googlebot/2.1; +http://www.google.com/bot.html)"
66.249.79.206 - - [13/Jul/2025:14:44:37 -0400] "GET /pcmypage?callback=product%2Fdetail%2Fotakarayaotakaraya-5ce6105 HTTP/1.1" 404 1251 "-" "Mozilla/5.0 (Linux; Android 6.0.1; Nexus 5X Build/MMB29P) AppleWebKit/537.36 (KHTML, like Gecko) Chrome/137.0.7151.103 Mobile Safari/537.36 (compatible; Googlebot/2.1; +http://www.google.com/bot.html)"
66.249.68.137 - - [13/Jul/2025:14:44:38 -0400] "GET /items/262027122.html?srsltid=AfmBOontfZtKXlnzqNrTNo6UBphAgVzuQnxwxTpEQZZOKhs1JaRE HTTP/1.1" 404 1251 "-" "Mozilla/5.0 (compatible; Googlebot/2.1; +http://www.google.com/bot.html)"
66.249.68.137 - - [13/Jul/2025:14:45:23 -0400] "GET /items/075000543.html?srsltid=AfmBOoziyfmTHGtMlxMNzcgGZULOuIqu99oowZNe5qQT42bpv181 HTTP/1.1" 404 1251 "-" "Mozilla/5.0 (Linux; Android 6.0.1; Nexus 5X Build/MMB29P) AppleWebKit/537.36 (KHTML, like Gecko) Chrome/137.0.7151.103 Mobile Safari/537.36 (compatible; Googlebot/2.1; +http://www.google.com/bot.html)"
66.249.79.192 - - [13/Jul/2025:14:45:24 -0400] "GET /pcmypage?callback=product/review/l-and-b-1435665 HTTP/1.1" 404 1251 "-" "Mozilla/5.0 (compatible; Googlebot/2.1; +http://www.google.com/bot.html)"
66.249.68.128 - - [13/Jul/2025:14:45:26 -0400] "GET /items/101008631.html?srsltid=AfmBOorozlKFNMTuaKsNUyigUKOcqEQjgGcKt10NBuWLFCrzgYdR HTTP/1.1" 404 1251 "-" "Mozilla/5.0 (Linux; Android 6.0.1; Nexus 5X Build/MMB29P) AppleWebKit/537.36 (KHTML, like Gecko) Chrome/137.0.7151.119 Mobile Safari/537.36 (compatible; Googlebot/2.1; +http://www.google.com/bot.html)"
66.249.79.206 - - [13/Jul/2025:14:45:33 -0400] "GET /items/eiysv234/35533?key=trauma HTTP/1.1" 404 1251 "-" "Mozilla/5.0 (Linux; Android 6.0.1; Nexus 5X Build/MMB29P) AppleWebKit/537.36 (KHTML, like Gecko) Chrome/137.0.7151.103 Mobile Safari/537.36 (compatible; Googlebot/2.1; +http://www.google.com/bot.html)"
66.249.68.137 - - [13/Jul/2025:14:45:34 -0400] "GET /items/082000114.html?srsltid=AfmBOontacWEpaPtQoJOigTHHFXptLbAyOLkQ1MFX366hGdC6wno HTTP/1.1" 404 1251 "-" "Mozilla/5.0 (Linux; Android 6.0.1; Nexus 5X Build/MMB29P) AppleWebKit/537.36 (KHTML, like Gecko) Chrome/137.0.7151.103 Mobile Safari/537.36 (compatible; Googlebot/2.1; +http://www.google.com/bot.html)"
66.249.79.206 - - [13/Jul/2025:14:45:38 -0400] "GET /pcmypage?callback=product%2Fdetail%2Fasty-shop-k0-ihbearsyuk-duxi HTTP/1.1" 404 1251 "-" "Mozilla/5.0 (compatible; Googlebot/2.1; +http://www.google.com/bot.html)"
66.249.68.137 - - [13/Jul/2025:14:46:05 -0400] "GET /items/aztni210/40283?key=boss HTTP/1.1" 404 1251 "-" "Mozilla/5.0 (Linux; Android 6.0.1; Nexus 5X Build/MMB29P) AppleWebKit/537.36 (KHTML, like Gecko) Chrome/137.0.7151.103 Mobile Safari/537.36 (compatible; Googlebot/2.1; +http://www.google.com/bot.html)"
66.249.68.137 - - [13/Jul/2025:14:46:14 -0400] "GET /pcmypage?callback=/product%2Fdetail%2First19782012-5000418 HTTP/1.1" 404 1251 "-" "Mozilla/5.0 (Linux; Android 6.0.1; Nexus 5X Build/MMB29P) AppleWebKit/537.36 (KHTML, like Gecko) Chrome/137.0.7151.103 Mobile Safari/537.36 (compatible; Googlebot/2.1; +http://www.google.com/bot.html)"
66.249.68.137 - - [13/Jul/2025:14:46:21 -0400] "GET /items/zbfoy115/49618?key=eastern HTTP/1.1" 404 1251 "-" "Mozilla/5.0 (Linux; Android 6.0.1; Nexus 5X Build/MMB29P) AppleWebKit/537.36 (KHTML, like Gecko) Chrome/137.0.7151.103 Mobile Safari/537.36 (compatible; Googlebot/2.1; +http://www.google.com/bot.html)"
66.249.68.137 - - [13/Jul/2025:14:46:33 -0400] "GET /items/ezitx81/32454?key=moreover HTTP/1.1" 404 1251 "-" "Mozilla/5.0 (compatible; Googlebot/2.1; +http://www.google.com/bot.html)"
66.249.68.137 - - [13/Jul/2025:14:46:44 -0400] "GET /product/edit/takarabase-plzt-ermp160l4 HTTP/1.1" 404 1251 "-" "Mozilla/5.0 (compatible; Googlebot/2.1; +http://www.google.com/bot.html)"
66.249.79.192 - - [13/Jul/2025:14:46:51 -0400] "GET /pcmypage?callback=/product%2Fdetail*sty-shop-k0-ihbearsyuk-duxi HTTP/1.1" 404 1251 "-" "Mozilla/5.0 (compatible; Googlebot/2.1; +http://www.google.com/bot.html)"
66.249.68.137 - - [13/Jul/2025:14:46:57 -0400] "GET /items/285028169.html?srsltid=AfmBOotnoyDxVPEXNXPli0f4JyhjBEBhSHcuy5pAM0RcDJeu6FtS HTTP/1.1" 404 1251 "-" "Mozilla/5.0 (Linux; Android 6.0.1; Nexus 5X Build/MMB29P) AppleWebKit/537.36 (KHTML, like Gecko) Chrome/137.0.7151.103 Mobile Safari/537.36 (compatible; Googlebot/2.1; +http://www.google.com/bot.html)"
66.249.68.137 - - [13/Jul/2025:14:47:16 -0400] "GET /items/016003348.html?srsltid=AfmBOomqeLKcOzIlgtuU37ZuAEmbseNguPKx5EnuYh0oLFrUdLox HTTP/1.1" 404 1251 "-" "Mozilla/5.0 (Linux; Android 6.0.1; Nexus 5X Build/MMB29P) AppleWebKit/537.36 (KHTML, like Gecko) Chrome/137.0.7151.103 Mobile Safari/537.36 (compatible; Googlebot/2.1; +http://www.google.com/bot.html)"
66.249.68.128 - - [13/Jul/2025:14:47:30 -0400] "GET /items/fhxkr14/219?key=focus HTTP/1.1" 404 1251 "-" "Mozilla/5.0 (compatible; Googlebot/2.1; +http://www.google.com/bot.html)"
66.249.68.137 - - [13/Jul/2025:14:47:33 -0400] "GET /items/035048797.html?srsltid=AfmBOogftZHDxdXqHZvdsrcZZRPUrDmeFfhCjJqxtyvFN7Q301Sf HTTP/1.1" 404 1251 "-" "Mozilla/5.0 (Linux; Android 6.0.1; Nexus 5X Build/MMB29P) AppleWebKit/537.36 (KHTML, like Gecko) Chrome/137.0.7151.103 Mobile Safari/537.36 (compatible; Googlebot/2.1; +http://www.google.com/bot.html)"
66.249.68.137 - - [13/Jul/2025:14:47:36 -0400] "GET /items/eisze252/32179?key=vs HTTP/1.1" 404 1251 "-" "Mozilla/5.0 (compatible; Googlebot/2.1; +http://www.google.com/bot.html)"
66.249.68.137 - - [13/Jul/2025:14:47:37 -0400] "GET /items/199005845.html?srsltid=AfmBOonmwOjSHjBNUCjqmO6rZRuyEUXu4Tlpf41fvtCzyAGyA2Xf HTTP/1.1" 404 1251 "-" "Mozilla/5.0 (compatible; Googlebot/2.1; +http://www.google.com/bot.html)"
66.249.68.129 - - [13/Jul/2025:14:48:01 -0400] "GET /items/zfuxh92/37595?key=combat HTTP/1.1" 404 1251 "-" "Mozilla/5.0 (compatible; Googlebot/2.1; +http://www.google.com/bot.html)"
66.249.79.206 - - [13/Jul/2025:14:48:27 -0400] "GET /pcmypage?callback=product%2Fdetail%2Fasty-shop-c2-1wzv76211b-8299 HTTP/1.1" 404 1251 "-" "Mozilla/5.0 (Linux; Android 6.0.1; Nexus 5X Build/MMB29P) AppleWebKit/537.36 (KHTML, like Gecko) Chrome/137.0.7151.119 Mobile Safari/537.36 (compatible; Googlebot/2.1; +http://www.google.com/bot.html)"
66.249.68.137 - - [13/Jul/2025:14:48:47 -0400] "GET /items/fmkdr109/35456?key=shoe HTTP/1.1" 404 1251 "-" "Mozilla/5.0 (compatible; Googlebot/2.1; +http://www.google.com/bot.html)"
66.249.68.137 - - [13/Jul/2025:14:48:52 -0400] "GET /items/244011390.html?srsltid=AfmBOoqdyRqTdkcKyyLnT7gHLvgWYppxdXqXUOIEWzToVN8QH6Hw HTTP/1.1" 404 1251 "-" "Mozilla/5.0 (Linux; Android 6.0.1; Nexus 5X Build/MMB29P) AppleWebKit/537.36 (KHTML, like Gecko) Chrome/137.0.7151.103 Mobile Safari/537.36 (compatible; Googlebot/2.1; +http://www.google.com/bot.html)"
66.249.68.137 - - [13/Jul/2025:14:48:53 -0400] "GET /items/ygmjs57/784?key=organized HTTP/1.1" 404 1251 "-" "Mozilla/5.0 (Linux; Android 6.0.1; Nexus 5X Build/MMB29P) AppleWebKit/537.36 (KHTML, like Gecko) Chrome/137.0.7151.103 Mobile Safari/537.36 (compatible; Googlebot/2.1; +http://www.google.com/bot.html)"
66.249.68.137 - - [13/Jul/2025:14:48:53 -0400] "GET /items/krvnj244/2213?key=storm HTTP/1.1" 404 1251 "-" "Mozilla/5.0 (Linux; Android 6.0.1; Nexus 5X Build/MMB29P) AppleWebKit/537.36 (KHTML, like Gecko) Chrome/137.0.7151.103 Mobile Safari/537.36 (compatible; Googlebot/2.1; +http://www.google.com/bot.html)"
66.249.68.137 - - [13/Jul/2025:14:48:54 -0400] "GET /pcmypage?callback=/product%2Fdetail%2E-zoa-klaxon-itm0015818026 HTTP/1.1" 404 1251 "-" "Mozilla/5.0 (Linux; Android 6.0.1; Nexus 5X Build/MMB29P) AppleWebKit/537.36 (KHTML, like Gecko) Chrome/137.0.7151.103 Mobile Safari/537.36 (compatible; Googlebot/2.1; +http://www.google.com/bot.html)"
66.249.79.192 - - [13/Jul/2025:14:48:55 -0400] "GET /items/petts66/709?key=commissioner HTTP/1.1" 404 1251 "-" "Mozilla/5.0 (Linux; Android 6.0.1; Nexus 5X Build/MMB29P) AppleWebKit/537.36 (KHTML, like Gecko) Chrome/137.0.7151.103 Mobile Safari/537.36 (compatible; Googlebot/2.1; +http://www.google.com/bot.html)"
66.249.68.137 - - [13/Jul/2025:14:48:55 -0400] "GET /items/122006760.html?srsltid=AfmBOoheejGENPjTiLLzzV0bXGSbBUddBuAtw4mJI423gwcrFofT HTTP/1.1" 404 1251 "-" "Mozilla/5.0 (Linux; Android 6.0.1; Nexus 5X Build/MMB29P) AppleWebKit/537.36 (KHTML, like Gecko) Chrome/137.0.7151.103 Mobile Safari/537.36 (compatible; Googlebot/2.1; +http://www.google.com/bot.html)"
66.249.68.137 - - [13/Jul/2025:14:48:56 -0400] "GET /items/160001486.html?srsltid=AfmBOocvyTjHNOGFlMSWNK79MYTEJZPhOvV4rKp1nROSclo0dZ9U HTTP/1.1" 404 1251 "-" "Mozilla/5.0 (Linux; Android 6.0.1; Nexus 5X Build/MMB29P) AppleWebKit/537.36 (KHTML, like Gecko) Chrome/137.0.7151.103 Mobile Safari/537.36 (compatible; Googlebot/2.1; +http://www.google.com/bot.html)"
66.249.68.137 - - [13/Jul/2025:14:49:00 -0400] "GET /pcmypage?callback=/product%2Fdetail-cmonline-970089 HTTP/1.1" 404 1251 "-" "Mozilla/5.0 (Linux; Android 6.0.1; Nexus 5X Build/MMB29P) AppleWebKit/537.36 (KHTML, like Gecko) Chrome/137.0.7151.103 Mobile Safari/537.36 (compatible; Googlebot/2.1; +http://www.google.com/bot.html)"
66.249.79.206 - - [13/Jul/2025:14:49:01 -0400] "GET /pcmypage?callback=product/review/first23-asone-64-2216-82 HTTP/1.1" 404 1251 "-" "Mozilla/5.0 (compatible; Googlebot/2.1; +http://www.google.com/bot.html)"
66.249.68.137 - - [13/Jul/2025:14:49:36 -0400] "GET /items/111010999.html?srsltid=AfmBOoxirTvloyYLxRjMHbDQCYWaObQHHTKbQOINV3f3vyJVLHmu HTTP/1.1" 404 1251 "-" "Mozilla/5.0 (Linux; Android 6.0.1; Nexus 5X Build/MMB29P) AppleWebKit/537.36 (KHTML, like Gecko) Chrome/137.0.7151.103 Mobile Safari/537.36 (compatible; Googlebot/2.1; +http://www.google.com/bot.html)"
66.249.68.137 - - [13/Jul/2025:14:49:39 -0400] "GET /items/liaig86/731?key=creation HTTP/1.1" 404 1251 "-" "Mozilla/5.0 (compatible; Googlebot/2.1; +http://www.google.com/bot.html)"
66.249.79.206 - - [13/Jul/2025:14:49:40 -0400] "GET /pcmypage?callback=product%2Fdetail%2Fcolorfulbox-452150 HTTP/1.1" 404 1251 "-" "Mozilla/5.0 (compatible; Googlebot/2.1; +http://www.google.com/bot.html)"
66.249.79.193 - - [13/Jul/2025:14:50:02 -0400] "GET /pcmypage?callback=product/review/tenpos2-kf1-8247905 HTTP/1.1" 404 1251 "-" "Mozilla/5.0 (Linux; Android 6.0.1; Nexus 5X Build/MMB29P) AppleWebKit/537.36 (KHTML, like Gecko) Chrome/137.0.7151.103 Mobile Safari/537.36 (compatible; Googlebot/2.1; +http://www.google.com/bot.html)"
66.249.79.192 - - [13/Jul/2025:14:50:04 -0400] "GET /search.php?son/confuse135/gwavk-19919/ HTTP/1.1" 404 1251 "-" "Mozilla/5.0 (Linux; Android 6.0.1; Nexus 5X Build/MMB29P) AppleWebKit/537.36 (KHTML, like Gecko) Chrome/137.0.7151.103 Mobile Safari/537.36 (compatible; Googlebot/2.1; +http://www.google.com/bot.html)"
66.249.79.192 - - [13/Jul/2025:14:50:04 -0400] "GET /search.php?son/confuse135/gwavk-19919/ HTTP/1.1" 404 1251 "-" "Mozilla/5.0 (compatible; Googlebot/2.1; +http://www.google.com/bot.html)"
66.249.68.137 - - [13/Jul/2025:14:50:16 -0400] "GET /pcmypage?callback=/product%2Fdetail%2E-earphone-4580076200369 HTTP/1.1" 404 1251 "-" "Mozilla/5.0 (Linux; Android 6.0.1; Nexus 5X Build/MMB29P) AppleWebKit/537.36 (KHTML, like Gecko) Chrome/137.0.7151.103 Mobile Safari/537.36 (compatible; Googlebot/2.1; +http://www.google.com/bot.html)"
66.249.68.128 - - [13/Jul/2025:14:50:16 -0400] "GET /items/namqr83/196?key=re HTTP/1.1" 404 1251 "-" "Mozilla/5.0 (Linux; Android 6.0.1; Nexus 5X Build/MMB29P) AppleWebKit/537.36 (KHTML, like Gecko) Chrome/137.0.7151.103 Mobile Safari/537.36 (compatible; Googlebot/2.1; +http://www.google.com/bot.html)"
66.249.68.129 - - [13/Jul/2025:14:50:18 -0400] "GET /category/12_1587_5994_7975/1/listing HTTP/1.1" 404 1251 "-" "Mozilla/5.0 (Linux; Android 6.0.1; Nexus 5X Build/MMB29P) AppleWebKit/537.36 (KHTML, like Gecko) Chrome/137.0.7151.103 Mobile Safari/537.36 (compatible; Googlebot/2.1; +http://www.google.com/bot.html)"
66.249.68.137 - - [13/Jul/2025:14:50:44 -0400] "GET /zhHant/product/surugaya/re-vida-y1-13725559dm?campaign_uid=f64d716db5e979ed2f947dbaf4296895b951ae7f HTTP/1.1" 404 1251 "-" "Mozilla/5.0 (compatible; Googlebot/2.1; +http://www.google.com/bot.html)"
66.249.68.128 - - [13/Jul/2025:14:50:46 -0400] "GET /items/226022940.html?srsltid=AfmBOogjsbvMwrZNBYGDjvyuUtLmrlHCG3A841XcP22vNvNmFuQL HTTP/1.1" 404 1251 "-" "Mozilla/5.0 (compatible; Googlebot/2.1; +http://www.google.com/bot.html)"
66.249.79.206 - - [13/Jul/2025:14:50:48 -0400] "GET /items/niftv68/31539?key=return HTTP/1.1" 404 1251 "-" "Mozilla/5.0 (Linux; Android 6.0.1; Nexus 5X Build/MMB29P) AppleWebKit/537.36 (KHTML, like Gecko) Chrome/137.0.7151.103 Mobile Safari/537.36 (compatible; Googlebot/2.1; +http://www.google.com/bot.html)"
66.249.68.137 - - [13/Jul/2025:14:50:53 -0400] "GET /pcmypage?callback=product/review/tech-expert-102k19610 HTTP/1.1" 404 1251 "-" "Mozilla/5.0 (compatible; Googlebot/2.1; +http://www.google.com/bot.html)"
66.249.68.128 - - [13/Jul/2025:14:51:01 -0400] "GET /items/122047810.html?srsltid=AfmBOojqkcHZVnMeyMbajEHqAFjzoyzMITF4XlOq4eFCJovlNk4s HTTP/1.1" 404 1251 "-" "Mozilla/5.0 (compatible; Googlebot/2.1; +http://www.google.com/bot.html)"
66.249.68.128 - - [13/Jul/2025:14:51:06 -0400] "GET /pcmypage?callback=product/review/valuecare-vc-tr-4845803 HTTP/1.1" 404 1251 "-" "Mozilla/5.0 (compatible; Googlebot/2.1; +http://www.google.com/bot.html)"
204.12.252.98 - - [13/Jul/2025:14:51:13 -0400] "GET /wp-content/install.php HTTP/1.1" 404 1251 "https://first-gulf.com.sa/wp-content/install.php" "Mozilla/5.0 (Windows NT 10.0; Win64; x64) AppleWebKit/537.36 (KHTML, like Gecko) Chrome/58.0.3029.110 Safari/537.3"
66.249.68.137 - - [13/Jul/2025:14:51:35 -0400] "GET /items/211007919.html?srsltid=AfmBOoxmrQFRWSgelqUBsvN9GHJVaqSIPZlOCKk41g9AylIihjNf HTTP/1.1" 404 1251 "-" "Mozilla/5.0 (Linux; Android 6.0.1; Nexus 5X Build/MMB29P) AppleWebKit/537.36 (KHTML, like Gecko) Chrome/137.0.7151.103 Mobile Safari/537.36 (compatible; Googlebot/2.1; +http://www.google.com/bot.html)"
47.82.60.44 - - [13/Jul/2025:14:51:38 -0400] "GET /items/inctq53/23918?key=image HTTP/1.1" 404 1251 "https://first-gulf.com.sa/items/inctq53/23918?key=image" "Mozilla/5.0 (Windows NT 10.0; Win64; x64) AppleWebKit/537.36 (KHTML, like Gecko) Chrome/114.0.0.0 Safari/537.36 Edg/114.0.1823.43"
66.249.79.193 - - [13/Jul/2025:14:52:22 -0400] "GET /items/120015018.html?srsltid=AfmBOojszgYdolAMgRjZq2KZUgxkADMJ0Fil1RS1y4PteU9uceWJ HTTP/1.1" 404 1251 "-" "Mozilla/5.0 (Linux; Android 6.0.1; Nexus 5X Build/MMB29P) AppleWebKit/537.36 (KHTML, like Gecko) Chrome/137.0.7151.103 Mobile Safari/537.36 (compatible; Googlebot/2.1; +http://www.google.com/bot.html)"
66.249.68.128 - - [13/Jul/2025:14:52:25 -0400] "GET /pcmypage?callback=product%2Fdetail%2Fparty-honpo-pw-56986s HTTP/1.1" 404 1251 "-" "Mozilla/5.0 (compatible; Googlebot/2.1; +http://www.google.com/bot.html)"
66.249.79.192 - - [13/Jul/2025:14:52:30 -0400] "GET /items/223034797.html?srsltid=AfmBOopjkaIaXPNZWoLUs7dxWcrnbYadt52Bozq1jsil1Ptr6yaa HTTP/1.1" 404 1251 "-" "Mozilla/5.0 (Linux; Android 6.0.1; Nexus 5X Build/MMB29P) AppleWebKit/537.36 (KHTML, like Gecko) Chrome/137.0.7151.103 Mobile Safari/537.36 (compatible; Googlebot/2.1; +http://www.google.com/bot.html)"
66.249.79.192 - - [13/Jul/2025:14:52:30 -0400] "GET /items/223034797.html?srsltid=AfmBOopjkaIaXPNZWoLUs7dxWcrnbYadt52Bozq1jsil1Ptr6yaa HTTP/1.1" 404 1251 "-" "Mozilla/5.0 (compatible; Googlebot/2.1; +http://www.google.com/bot.html)"
157.55.39.48 - - [13/Jul/2025:14:52:38 -0400] "GET /8q5demulsionk4qw/gdrmwidf1108814.html HTTP/1.1" 404 1251 "-" "Mozilla/5.0 AppleWebKit/537.36 (KHTML, like Gecko; compatible; bingbot/2.0; +http://www.bing.com/bingbot.htm) Chrome/116.0.1938.76 Safari/537.36"
66.249.68.128 - - [13/Jul/2025:14:52:48 -0400] "GET /pcmypage?callback=product%2Fdetail%2Fhrc-gdv8201 HTTP/1.1" 404 1251 "-" "Mozilla/5.0 (Linux; Android 6.0.1; Nexus 5X Build/MMB29P) AppleWebKit/537.36 (KHTML, like Gecko) Chrome/137.0.7151.103 Mobile Safari/537.36 (compatible; Googlebot/2.1; +http://www.google.com/bot.html)"
66.249.68.128 - - [13/Jul/2025:14:52:48 -0400] "GET /pcmypage?callback=product%2Fdetail%2Fhrc-gdv8201 HTTP/1.1" 404 1251 "-" "Mozilla/5.0 (compatible; Googlebot/2.1; +http://www.google.com/bot.html)"
66.249.68.137 - - [13/Jul/2025:14:52:52 -0400] "GET /items/028041894.html?srsltid=AfmBOoouosCIEQBPyBWUUGofZahfKEfwkjn2aG6UzPBtZBhSLNN3 HTTP/1.1" 404 1251 "-" "Mozilla/5.0 (compatible; Googlebot/2.1; +http://www.google.com/bot.html)"
66.249.79.206 - - [13/Jul/2025:14:52:54 -0400] "GET /pcmypage?callback=/product%2Fdetail%2First23-trusco-4908374 HTTP/1.1" 404 1251 "-" "Mozilla/5.0 (Linux; Android 6.0.1; Nexus 5X Build/MMB29P) AppleWebKit/537.36 (KHTML, like Gecko) Chrome/137.0.7151.103 Mobile Safari/537.36 (compatible; Googlebot/2.1; +http://www.google.com/bot.html)"
66.249.68.137 - - [13/Jul/2025:14:52:54 -0400] "GET /items/191018251.html?srsltid=AfmBOowspMwgmKHaWyBwVoczMkmLPgTVNxmLsxjM7THWk8u8XlbM HTTP/1.1" 404 1251 "-" "Mozilla/5.0 (Linux; Android 6.0.1; Nexus 5X Build/MMB29P) AppleWebKit/537.36 (KHTML, like Gecko) Chrome/137.0.7151.103 Mobile Safari/537.36 (compatible; Googlebot/2.1; +http://www.google.com/bot.html)"
47.82.60.48 - - [13/Jul/2025:14:52:55 -0400] "GET /items/zctzq91/748?key=sustain HTTP/1.1" 404 1251 "https://first-gulf.com.sa/items/zctzq91/748?key=sustain" "Mozilla/5.0 (Windows NT 10.0; Win64; x64) AppleWebKit/537.36 (KHTML, like Gecko) Chrome/114.0.0.0 Safari/537.36 Edg/114.0.1823.43"
66.249.79.206 - - [13/Jul/2025:14:53:01 -0400] "GET /items/petts66/709?key=commissioner HTTP/1.1" 404 1251 "-" "Mozilla/5.0 (compatible; Googlebot/2.1; +http://www.google.com/bot.html)"
47.82.60.2 - - [13/Jul/2025:14:53:06 -0400] "GET /wp-includes/load.php HTTP/1.1" 403 1242 "https://first-gulf.com.sa/wp-includes/load.php" "Mozilla/5.0 (Windows NT 10.0; Win64; x64) AppleWebKit/537.36 (KHTML, like Gecko) Chrome/114.0.0.0 Safari/537.36 Edg/114.0.1823.43"
66.249.79.206 - - [13/Jul/2025:14:53:06 -0400] "GET /product/edit/biccamera-4560363641204 HTTP/1.1" 404 1251 "-" "Mozilla/5.0 (Linux; Android 6.0.1; Nexus 5X Build/MMB29P) AppleWebKit/537.36 (KHTML, like Gecko) Chrome/137.0.7151.103 Mobile Safari/537.36 (compatible; Googlebot/2.1; +http://www.google.com/bot.html)"
47.82.60.33 - - [13/Jul/2025:14:53:24 -0400] "GET /items/jycki75/10984?key=actively HTTP/1.1" 404 1251 "https://www.first-gulf.com.sa/items/jycki75/10984?key=actively" "Mozilla/5.0 (Windows NT 10.0; Win64; x64) AppleWebKit/537.36 (KHTML, like Gecko) Chrome/114.0.0.0 Safari/537.36 Edg/114.0.1823.43"
66.249.68.137 - - [13/Jul/2025:14:53:30 -0400] "GET /items/ehuim34/27875?key=somebody HTTP/1.1" 404 1251 "-" "Mozilla/5.0 (Linux; Android 6.0.1; Nexus 5X Build/MMB29P) AppleWebKit/537.36 (KHTML, like Gecko) Chrome/137.0.7151.103 Mobile Safari/537.36 (compatible; Googlebot/2.1; +http://www.google.com/bot.html)"
66.249.68.128 - - [13/Jul/2025:14:53:39 -0400] "GET /pcmypage?callback=product%2Fdetail%2Fhirochishop-hy02y94-56 HTTP/1.1" 404 1251 "-" "Mozilla/5.0 (compatible; Googlebot/2.1; +http://www.google.com/bot.html)"
66.249.68.128 - - [13/Jul/2025:14:53:39 -0400] "GET /items/jgbtd257/24480?key=house HTTP/1.1" 404 1251 "-" "Mozilla/5.0 (Linux; Android 6.0.1; Nexus 5X Build/MMB29P) AppleWebKit/537.36 (KHTML, like Gecko) Chrome/137.0.7151.103 Mobile Safari/537.36 (compatible; Googlebot/2.1; +http://www.google.com/bot.html)"
66.249.68.137 - - [13/Jul/2025:14:53:51 -0400] "GET /items/tikcr165/13066?key=teenager HTTP/1.1" 404 1251 "-" "Mozilla/5.0 (Linux; Android 6.0.1; Nexus 5X Build/MMB29P) AppleWebKit/537.36 (KHTML, like Gecko) Chrome/137.0.7151.119 Mobile Safari/537.36 (compatible; Googlebot/2.1; +http://www.google.com/bot.html)"
47.82.60.62 - - [13/Jul/2025:14:54:02 -0400] "GET /items/011005025.html HTTP/1.1" 404 1251 "https://first-gulf.com.sa/items/011005025.html" "Mozilla/5.0 (Windows NT 10.0; Win64; x64) AppleWebKit/537.36 (KHTML, like Gecko) Chrome/114.0.0.0 Safari/537.36 Edg/114.0.1823.43"
47.82.60.6 - - [13/Jul/2025:14:54:04 -0400] "GET /items/ocbfb56/44725?key=painter HTTP/1.1" 404 1251 "https://first-gulf.com.sa/items/ocbfb56/44725?key=painter" "Mozilla/5.0 (Windows NT 10.0; Win64; x64) AppleWebKit/537.36 (KHTML, like Gecko) Chrome/114.0.0.0 Safari/537.36 Edg/114.0.1823.43"
66.249.68.129 - - [13/Jul/2025:14:54:14 -0400] "GET /pcmypage?callback=/product%2Fdetail%2Denzaido-4905090852019 HTTP/1.1" 404 1251 "-" "Mozilla/5.0 (Linux; Android 6.0.1; Nexus 5X Build/MMB29P) AppleWebKit/537.36 (KHTML, like Gecko) Chrome/137.0.7151.103 Mobile Safari/537.36 (compatible; Googlebot/2.1; +http://www.google.com/bot.html)"
66.249.79.192 - - [13/Jul/2025:14:54:14 -0400] "GET /items/amaby90/543?key=animal HTTP/1.1" 404 1251 "-" "Mozilla/5.0 (Linux; Android 6.0.1; Nexus 5X Build/MMB29P) AppleWebKit/537.36 (KHTML, like Gecko) Chrome/137.0.7151.103 Mobile Safari/537.36 (compatible; Googlebot/2.1; +http://www.google.com/bot.html)"
66.249.68.130 - - [13/Jul/2025:14:54:54 -0400] "GET /items/137047929.html?srsltid=AfmBOodngDBbIgwjAlRbSUHaWLetbsSFEgHtTXcQkl30rugGlGSw HTTP/1.1" 404 1251 "-" "Mozilla/5.0 (Linux; Android 6.0.1; Nexus 5X Build/MMB29P) AppleWebKit/537.36 (KHTML, like Gecko) Chrome/137.0.7151.103 Mobile Safari/537.36 (compatible; Googlebot/2.1; +http://www.google.com/bot.html)"
47.82.60.45 - - [13/Jul/2025:14:54:54 -0400] "GET /wp-includes/default-widgets.php HTTP/1.1" 403 1242 "https://first-gulf.com.sa/wp-includes/default-widgets.php" "Mozilla/5.0 (Windows NT 10.0; Win64; x64) AppleWebKit/537.36 (KHTML, like Gecko) Chrome/114.0.0.0 Safari/537.36 Edg/114.0.1823.43"
66.249.68.129 - - [13/Jul/2025:14:54:54 -0400] "GET /items/120010392.html?srsltid=AfmBOoxdlrMWkBGQkPEuVkZ4FqXpyqIotGl86Z4uM7YACN4J1Dyx HTTP/1.1" 404 1251 "-" "Mozilla/5.0 (Linux; Android 6.0.1; Nexus 5X Build/MMB29P) AppleWebKit/537.36 (KHTML, like Gecko) Chrome/137.0.7151.103 Mobile Safari/537.36 (compatible; Googlebot/2.1; +http://www.google.com/bot.html)"
66.249.79.194 - - [13/Jul/2025:14:54:55 -0400] "GET /items/037001023.html?srsltid=AfmBOocqwgJVrNhkaLyeBx3wBnCGMKUOgr9SwVCDxeJGq47U099z HTTP/1.1" 404 1251 "-" "Mozilla/5.0 (Linux; Android 6.0.1; Nexus 5X Build/MMB29P) AppleWebKit/537.36 (KHTML, like Gecko) Chrome/137.0.7151.103 Mobile Safari/537.36 (compatible; Googlebot/2.1; +http://www.google.com/bot.html)"
66.249.68.130 - - [13/Jul/2025:14:54:56 -0400] "GET /items/aqxhp71/52?key=pink HTTP/1.1" 404 1251 "-" "Mozilla/5.0 (compatible; Googlebot/2.1; +http://www.google.com/bot.html)"
198.235.24.178 - - [13/Jul/2025:14:54:56 -0400] "GET / HTTP/1.1" 200 1439 "-" "-"
66.249.79.195 - - [13/Jul/2025:14:55:08 -0400] "GET /zhHant/product/surugaya/clover9608-onedo230531-011-000265-q?campaign_uid=f64d716db5e979ed2f947dbaf4296895b951ae7f HTTP/1.1" 404 1251 "-" "Mozilla/5.0 (Linux; Android 6.0.1; Nexus 5X Build/MMB29P) AppleWebKit/537.36 (KHTML, like Gecko) Chrome/137.0.7151.103 Mobile Safari/537.36 (compatible; Googlebot/2.1; +http://www.google.com/bot.html)"
66.249.79.194 - - [13/Jul/2025:14:55:23 -0400] "GET /pcmypage?callback=product/review/z-mall-3429-0139-1 HTTP/1.1" 404 1251 "-" "Mozilla/5.0 (Linux; Android 6.0.1; Nexus 5X Build/MMB29P) AppleWebKit/537.36 (KHTML, like Gecko) Chrome/137.0.7151.103 Mobile Safari/537.36 (compatible; Googlebot/2.1; +http://www.google.com/bot.html)"
66.249.68.131 - - [13/Jul/2025:14:55:35 -0400] "GET /items/039051631.html?srsltid=AfmBOowsbJifqnQmNUXT9CMPBTtVmlfj4dkD2voRBZzFGkdZjy1n HTTP/1.1" 404 1251 "-" "Mozilla/5.0 (Linux; Android 6.0.1; Nexus 5X Build/MMB29P) AppleWebKit/537.36 (KHTML, like Gecko) Chrome/137.0.7151.103 Mobile Safari/537.36 (compatible; Googlebot/2.1; +http://www.google.com/bot.html)"
66.249.68.131 - - [13/Jul/2025:14:55:35 -0400] "GET /pcmypage?callback=product/review/kg-maido-hs6403 HTTP/1.1" 404 1251 "-" "Mozilla/5.0 (Linux; Android 6.0.1; Nexus 5X Build/MMB29P) AppleWebKit/537.36 (KHTML, like Gecko) Chrome/137.0.7151.103 Mobile Safari/537.36 (compatible; Googlebot/2.1; +http://www.google.com/bot.html)"
66.249.79.194 - - [13/Jul/2025:14:55:36 -0400] "GET /items/018021778.html?srsltid=AfmBOohquyVrgXlhzMcoQxPgICozXWKErqt7gKgRti9lBYtGvWtU HTTP/1.1" 404 1251 "-" "Mozilla/5.0 (Linux; Android 6.0.1; Nexus 5X Build/MMB29P) AppleWebKit/537.36 (KHTML, like Gecko) Chrome/137.0.7151.103 Mobile Safari/537.36 (compatible; Googlebot/2.1; +http://www.google.com/bot.html)"
66.249.79.194 - - [13/Jul/2025:14:55:37 -0400] "GET /items/018021778.html?srsltid=AfmBOohquyVrgXlhzMcoQxPgICozXWKErqt7gKgRti9lBYtGvWtU HTTP/1.1" 404 1251 "-" "Mozilla/5.0 (compatible; Googlebot/2.1; +http://www.google.com/bot.html)"
66.249.68.129 - - [13/Jul/2025:14:56:03 -0400] "GET /items/ghunx73/39864?key=ribbon HTTP/1.1" 404 1251 "-" "Mozilla/5.0 (compatible; Googlebot/2.1; +http://www.google.com/bot.html)"
66.249.68.131 - - [13/Jul/2025:14:56:05 -0400] "GET /pcmypage?callback=product%2Fdetail%2Fecjoy-20620467 HTTP/1.1" 404 1251 "-" "Mozilla/5.0 (compatible; Googlebot/2.1; +http://www.google.com/bot.html)"
66.249.68.129 - - [13/Jul/2025:14:56:15 -0400] "GET /pcmypage?callback=product%2Fdetail%2Fkimura-glass-kg-100436 HTTP/1.1" 404 1251 "-" "Mozilla/5.0 (Linux; Android 6.0.1; Nexus 5X Build/MMB29P) AppleWebKit/537.36 (KHTML, like Gecko) Chrome/137.0.7151.103 Mobile Safari/537.36 (compatible; Googlebot/2.1; +http://www.google.com/bot.html)"
66.249.68.129 - - [13/Jul/2025:14:56:15 -0400] "GET /items/255000325.html?srsltid=AfmBOomjiBvfgRQSwbEhPPHZZqhACsUmvZNeTS1YNcQcYUM6qc5Y HTTP/1.1" 404 1251 "-" "Mozilla/5.0 (Linux; Android 6.0.1; Nexus 5X Build/MMB29P) AppleWebKit/537.36 (KHTML, like Gecko) Chrome/137.0.7151.103 Mobile Safari/537.36 (compatible; Googlebot/2.1; +http://www.google.com/bot.html)"
66.249.68.129 - - [13/Jul/2025:14:56:55 -0400] "GET /items/095041477.html?srsltid=AfmBOoopbIbnrunOzmbssNd2ZrfbBJRtbF8TrQfiND8dgrkKdu9O HTTP/1.1" 404 1251 "-" "Mozilla/5.0 (Linux; Android 6.0.1; Nexus 5X Build/MMB29P) AppleWebKit/537.36 (KHTML, like Gecko) Chrome/137.0.7151.103 Mobile Safari/537.36 (compatible; Googlebot/2.1; +http://www.google.com/bot.html)"
66.249.68.129 - - [13/Jul/2025:14:57:02 -0400] "GET /items/161007487.html?srsltid=AfmBOokcdEjRvmTHBZbIsBw2SKMBErTdZ7dDHwRoYZgTNm8I273j HTTP/1.1" 404 1251 "-" "Mozilla/5.0 (Linux; Android 6.0.1; Nexus 5X Build/MMB29P) AppleWebKit/537.36 (KHTML, like Gecko) Chrome/137.0.7151.119 Mobile Safari/537.36 (compatible; Googlebot/2.1; +http://www.google.com/bot.html)"
66.249.68.129 - - [13/Jul/2025:14:57:51 -0400] "GET /items/271008481.html?srsltid=AfmBOoublruZUSoUSFOzfMclKCTfCTMb8MnarPcS6qn5WwysDjmd HTTP/1.1" 404 1251 "-" "Mozilla/5.0 (Linux; Android 6.0.1; Nexus 5X Build/MMB29P) AppleWebKit/537.36 (KHTML, like Gecko) Chrome/137.0.7151.103 Mobile Safari/537.36 (compatible; Googlebot/2.1; +http://www.google.com/bot.html)"
66.29.146.47 - - [13/Jul/2025:14:58:12 -0400] "POST /wp-cron.php?doing_wp_cron=1752433091.5410919189453125000000 HTTP/1.1" 403 1242 "-" "WordPress/6.8; https://first-gulf.com.sa"
196.251.84.106 - - [13/Jul/2025:14:57:55 -0400] "POST /wp-login.php HTTP/1.1" 200 3023 "-" "Mozilla/5.0"
66.249.68.130 - - [13/Jul/2025:14:58:15 -0400] "GET /items/077045101.html?srsltid=AfmBOoysqUxPyFAqPKtxgYAfFceuYdbqiE4nYOGrD1eqtJvAkGx8 HTTP/1.1" 404 1251 "-" "Mozilla/5.0 (Linux; Android 6.0.1; Nexus 5X Build/MMB29P) AppleWebKit/537.36 (KHTML, like Gecko) Chrome/137.0.7151.103 Mobile Safari/537.36 (compatible; Googlebot/2.1; +http://www.google.com/bot.html)"
66.249.68.129 - - [13/Jul/2025:14:58:21 -0400] "GET /items/sghat174/16699?key=scenario HTTP/1.1" 404 1251 "-" "Mozilla/5.0 (Linux; Android 6.0.1; Nexus 5X Build/MMB29P) AppleWebKit/537.36 (KHTML, like Gecko) Chrome/137.0.7151.103 Mobile Safari/537.36 (compatible; Googlebot/2.1; +http://www.google.com/bot.html)"
66.249.68.130 - - [13/Jul/2025:14:58:22 -0400] "GET /items/ezuwd10/383?key=lobby HTTP/1.1" 404 1251 "-" "Mozilla/5.0 (Linux; Android 6.0.1; Nexus 5X Build/MMB29P) AppleWebKit/537.36 (KHTML, like Gecko) Chrome/137.0.7151.103 Mobile Safari/537.36 (compatible; Googlebot/2.1; +http://www.google.com/bot.html)"
66.249.79.194 - - [13/Jul/2025:14:58:56 -0400] "GET /items/zuruk28/7017?key=relationship HTTP/1.1" 404 1251 "-" "Mozilla/5.0 (compatible; Googlebot/2.1; +http://www.google.com/bot.html)"
66.249.79.194 - - [13/Jul/2025:14:59:01 -0400] "GET /items/004002682.html?srsltid=AfmBOozpmEjxxyjQPyttXUgPRglZeolYatb5Vb88AvC98Yexb1Ap HTTP/1.1" 404 1251 "-" "Mozilla/5.0 (compatible; Googlebot/2.1; +http://www.google.com/bot.html)"
66.249.68.131 - - [13/Jul/2025:14:59:02 -0400] "GET /zhHant/product/surugaya/autopartsdirect-0756767076670966704p?campaign_uid=f64d716db5e979ed2f947dbaf4296895b951ae7f HTTP/1.1" 404 1251 "-" "Mozilla/5.0 (Linux; Android 6.0.1; Nexus 5X Build/MMB29P) AppleWebKit/537.36 (KHTML, like Gecko) Chrome/137.0.7151.119 Mobile Safari/537.36 (compatible; Googlebot/2.1; +http://www.google.com/bot.html)"
66.249.68.129 - - [13/Jul/2025:14:59:16 -0400] "GET /pcmypage?callback=product/review/asty-shop-c2-29fzl5ukb9-82wf HTTP/1.1" 404 1251 "-" "Mozilla/5.0 (compatible; Googlebot/2.1; +http://www.google.com/bot.html)"
66.249.68.129 - - [13/Jul/2025:14:59:34 -0400] "GET /items/263049449.html?srsltid=AfmBOorjzCVaawKhOphWzmQMHabvDBSDk32ArORVD6SACQsCS3vH HTTP/1.1" 404 1251 "-" "Mozilla/5.0 (Linux; Android 6.0.1; Nexus 5X Build/MMB29P) AppleWebKit/537.36 (KHTML, like Gecko) Chrome/137.0.7151.103 Mobile Safari/537.36 (compatible; Googlebot/2.1; +http://www.google.com/bot.html)"
66.249.68.129 - - [13/Jul/2025:15:00:03 -0400] "GET /items/masbd169/5408?key=mechanism HTTP/1.1" 404 1251 "-" "Mozilla/5.0 (Linux; Android 6.0.1; Nexus 5X Build/MMB29P) AppleWebKit/537.36 (KHTML, like Gecko) Chrome/137.0.7151.103 Mobile Safari/537.36 (compatible; Googlebot/2.1; +http://www.google.com/bot.html)"
66.249.68.130 - - [13/Jul/2025:15:00:07 -0400] "GET /items/ydxki6/22511?key=meet HTTP/1.1" 404 1251 "-" "Mozilla/5.0 (compatible; Googlebot/2.1; +http://www.google.com/bot.html)"
66.249.79.194 - - [13/Jul/2025:15:00:14 -0400] "GET /search.php?289ssb16286.html HTTP/1.1" 404 1251 "-" "Mozilla/5.0 (Linux; Android 6.0.1; Nexus 5X Build/MMB29P) AppleWebKit/537.36 (KHTML, like Gecko) Chrome/137.0.7151.103 Mobile Safari/537.36 (compatible; Googlebot/2.1; +http://www.google.com/bot.html)"
66.249.79.194 - - [13/Jul/2025:15:00:19 -0400] "GET /search.php?product/edit/auc-jetrag-5866660806b77bf8-1 HTTP/1.1" 404 1251 "-" "Mozilla/5.0 (Linux; Android 6.0.1; Nexus 5X Build/MMB29P) AppleWebKit/537.36 (KHTML, like Gecko) Chrome/137.0.7151.103 Mobile Safari/537.36 (compatible; Googlebot/2.1; +http://www.google.com/bot.html)"
66.249.79.194 - - [13/Jul/2025:15:00:38 -0400] "GET /pcmypage?callback=product%2Fdetail%2Fvie-up-ds-2562245 HTTP/1.1" 404 1251 "-" "Mozilla/5.0 (Linux; Android 6.0.1; Nexus 5X Build/MMB29P) AppleWebKit/537.36 (KHTML, like Gecko) Chrome/137.0.7151.103 Mobile Safari/537.36 (compatible; Googlebot/2.1; +http://www.google.com/bot.html)"
66.249.68.129 - - [13/Jul/2025:15:00:45 -0400] "GET /items/iwyyn101/17154?key=nest HTTP/1.1" 404 1251 "-" "Mozilla/5.0 (Linux; Android 6.0.1; Nexus 5X Build/MMB29P) AppleWebKit/537.36 (KHTML, like Gecko) Chrome/137.0.7151.103 Mobile Safari/537.36 (compatible; Googlebot/2.1; +http://www.google.com/bot.html)"
66.249.68.129 - - [13/Jul/2025:15:00:54 -0400] "GET /items/007029151.html?srsltid=AfmBOoztmKGLsbAIpwHfrVWxGZolNIjiyqUrDKWj2RB4cWvQXFen HTTP/1.1" 404 1251 "-" "Mozilla/5.0 (Linux; Android 6.0.1; Nexus 5X Build/MMB29P) AppleWebKit/537.36 (KHTML, like Gecko) Chrome/137.0.7151.103 Mobile Safari/537.36 (compatible; Googlebot/2.1; +http://www.google.com/bot.html)"
2a03:2880:f800:a:: - - [13/Jul/2025:15:01:17 -0400] "GET /?sitemap158.xml HTTP/1.1" 200 1436 "-" "meta-externalagent/1.1 (+https://developers.facebook.com/docs/sharing/webmasters/crawler)"
47.82.60.16 - - [13/Jul/2025:15:01:28 -0400] "GET /items/086000196.html HTTP/1.1" 404 1251 "https://www.first-gulf.com.sa/items/086000196.html" "Mozilla/5.0 (Windows NT 10.0; Win64; x64) AppleWebKit/537.36 (KHTML, like Gecko) Chrome/114.0.0.0 Safari/537.36 Edg/114.0.1823.43"
66.249.79.194 - - [13/Jul/2025:15:01:34 -0400] "GET /pcmypage?callback=product/review/hcvalor-eshop-trusco-8109349 HTTP/1.1" 404 1251 "-" "Mozilla/5.0 (Linux; Android 6.0.1; Nexus 5X Build/MMB29P) AppleWebKit/537.36 (KHTML, like Gecko) Chrome/137.0.7151.103 Mobile Safari/537.36 (compatible; Googlebot/2.1; +http://www.google.com/bot.html)"
66.249.79.196 - - [13/Jul/2025:15:01:35 -0400] "GET /items/095000095.html?srsltid=AfmBOosexTCKZepJadtpQi5ENGonzLptBITtP58onOwG7ikcXXBT HTTP/1.1" 404 1251 "-" "Mozilla/5.0 (Linux; Android 6.0.1; Nexus 5X Build/MMB29P) AppleWebKit/537.36 (KHTML, like Gecko) Chrome/137.0.7151.103 Mobile Safari/537.36 (compatible; Googlebot/2.1; +http://www.google.com/bot.html)"
66.249.79.196 - - [13/Jul/2025:15:01:35 -0400] "GET /pcmypage?callback=product/review/apdirect-51472355678 HTTP/1.1" 404 1251 "-" "Mozilla/5.0 (Linux; Android 6.0.1; Nexus 5X Build/MMB29P) AppleWebKit/537.36 (KHTML, like Gecko) Chrome/137.0.7151.103 Mobile Safari/537.36 (compatible; Googlebot/2.1; +http://www.google.com/bot.html)"
66.249.68.130 - - [13/Jul/2025:15:01:41 -0400] "GET /items/006012304.html?srsltid=AfmBOofbqrGhdDfMBVdoweLWQbijBLZb1ELntn6y6kI04AIxcabk HTTP/1.1" 404 1251 "-" "Mozilla/5.0 (Linux; Android 6.0.1; Nexus 5X Build/MMB29P) AppleWebKit/537.36 (KHTML, like Gecko) Chrome/137.0.7151.103 Mobile Safari/537.36 (compatible; Googlebot/2.1; +http://www.google.com/bot.html)"
66.249.68.130 - - [13/Jul/2025:15:01:41 -0400] "GET /items/tpdfv143/5626?key=bureau HTTP/1.1" 404 1251 "-" "Mozilla/5.0 (Linux; Android 6.0.1; Nexus 5X Build/MMB29P) AppleWebKit/537.36 (KHTML, like Gecko) Chrome/137.0.7151.103 Mobile Safari/537.36 (compatible; GoogleOther)"
66.249.68.130 - - [13/Jul/2025:15:01:58 -0400] "GET /items/krsqw100/35585?key=marker HTTP/1.1" 404 1251 "-" "Mozilla/5.0 (Linux; Android 6.0.1; Nexus 5X Build/MMB29P) AppleWebKit/537.36 (KHTML, like Gecko) Chrome/137.0.7151.103 Mobile Safari/537.36 (compatible; Googlebot/2.1; +http://www.google.com/bot.html)"
66.249.68.129 - - [13/Jul/2025:15:01:59 -0400] "GET /items/krsqw100/35585?key=marker HTTP/1.1" 404 1251 "-" "Mozilla/5.0 (compatible; Googlebot/2.1; +http://www.google.com/bot.html)"
66.249.68.131 - - [13/Jul/2025:15:02:20 -0400] "GET /items/081000929.html?srsltid=AfmBOopkdjCWUofviJvzhonpRLUjlxSl7xBLXjwZXkJmcouXtUG1 HTTP/1.1" 404 1251 "-" "Mozilla/5.0 (Linux; Android 6.0.1; Nexus 5X Build/MMB29P) AppleWebKit/537.36 (KHTML, like Gecko) Chrome/137.0.7151.103 Mobile Safari/537.36 (compatible; Googlebot/2.1; +http://www.google.com/bot.html)"
66.249.79.196 - - [13/Jul/2025:15:02:22 -0400] "GET /items/021000753.html?srsltid=AfmBOoijprVppxGLPREv5PomYQwucMsoW8iTDUw2PVYJE4FZpfuA HTTP/1.1" 404 1251 "-" "Mozilla/5.0 (compatible; Googlebot/2.1; +http://www.google.com/bot.html)"
47.82.60.57 - - [13/Jul/2025:15:02:24 -0400] "GET /items/rbgyb200/25297?key=warrior HTTP/1.1" 404 1251 "https://first-gulf.com.sa/items/rbgyb200/25297?key=warrior" "Mozilla/5.0 (Windows NT 10.0; Win64; x64) AppleWebKit/537.36 (KHTML, like Gecko) Chrome/114.0.0.0 Safari/537.36 Edg/114.0.1823.43"
47.82.60.50 - - [13/Jul/2025:15:02:51 -0400] "GET /items/byqkz97/968?key=guide HTTP/1.1" 404 1251 "https://first-gulf.com.sa/items/byqkz97/968?key=guide" "Mozilla/5.0 (Windows NT 10.0; Win64; x64) AppleWebKit/537.36 (KHTML, like Gecko) Chrome/114.0.0.0 Safari/537.36 Edg/114.0.1823.43"
47.82.60.39 - - [13/Jul/2025:15:03:04 -0400] "GET /items/zwruu37/1728?key=station HTTP/1.1" 404 1251 "https://first-gulf.com.sa/items/zwruu37/1728?key=station" "Mozilla/5.0 (Windows NT 10.0; Win64; x64) AppleWebKit/537.36 (KHTML, like Gecko) Chrome/114.0.0.0 Safari/537.36 Edg/114.0.1823.43"
66.249.68.130 - - [13/Jul/2025:15:03:04 -0400] "GET /items/144027614.html?srsltid=AfmBOozjzQmmnJlgtHGnkup6XmdCyAWZprgu8lPBot4wWNLSfmHY HTTP/1.1" 404 1251 "-" "Mozilla/5.0 (Linux; Android 6.0.1; Nexus 5X Build/MMB29P) AppleWebKit/537.36 (KHTML, like Gecko) Chrome/137.0.7151.103 Mobile Safari/537.36 (compatible; Googlebot/2.1; +http://www.google.com/bot.html)"
66.249.79.195 - - [13/Jul/2025:15:03:04 -0400] "GET /pcmypage?callback=product/review/mapcamera-3717020081748 HTTP/1.1" 404 1251 "-" "Mozilla/5.0 (Linux; Android 6.0.1; Nexus 5X Build/MMB29P) AppleWebKit/537.36 (KHTML, like Gecko) Chrome/137.0.7151.103 Mobile Safari/537.36 (compatible; Googlebot/2.1; +http://www.google.com/bot.html)"
66.249.79.194 - - [13/Jul/2025:15:03:12 -0400] "GET /pcmypage?callback=product/review/haikanshop-tcmt110208um235_8716 HTTP/1.1" 404 1251 "-" "Mozilla/5.0 (compatible; Googlebot/2.1; +http://www.google.com/bot.html)"
66.249.79.194 - - [13/Jul/2025:15:03:13 -0400] "GET /pcmypage?callback=/product%2Fdetail.gaos-ckfw1325 HTTP/1.1" 404 1251 "-" "Mozilla/5.0 (Linux; Android 6.0.1; Nexus 5X Build/MMB29P) AppleWebKit/537.36 (KHTML, like Gecko) Chrome/137.0.7151.103 Mobile Safari/537.36 (compatible; Googlebot/2.1; +http://www.google.com/bot.html)"
66.249.79.195 - - [13/Jul/2025:15:03:14 -0400] "GET /pcmypage?callback=/product%2Fdetail.gaos-ckfw1325 HTTP/1.1" 404 1251 "-" "Mozilla/5.0 (compatible; Googlebot/2.1; +http://www.google.com/bot.html)"
47.82.60.43 - - [13/Jul/2025:15:03:16 -0400] "GET /items/zjyaj118/45071?key=bring HTTP/1.1" 404 1251 "https://first-gulf.com.sa/items/zjyaj118/45071?key=bring" "Mozilla/5.0 (Windows NT 10.0; Win64; x64) AppleWebKit/537.36 (KHTML, like Gecko) Chrome/114.0.0.0 Safari/537.36 Edg/114.0.1823.43"
47.82.60.28 - - [13/Jul/2025:15:03:17 -0400] "GET /items/ojgua149/45490?key=occasionally HTTP/1.1" 404 1251 "https://first-gulf.com.sa/items/ojgua149/45490?key=occasionally" "Mozilla/5.0 (Windows NT 10.0; Win64; x64) AppleWebKit/537.36 (KHTML, like Gecko) Chrome/114.0.0.0 Safari/537.36 Edg/114.0.1823.43"
66.249.68.130 - - [13/Jul/2025:15:03:24 -0400] "GET /product/edit/jsame-4022005-1005003409747719-2 HTTP/1.1" 404 1251 "-" "Mozilla/5.0 (Linux; Android 6.0.1; Nexus 5X Build/MMB29P) AppleWebKit/537.36 (KHTML, like Gecko) Chrome/137.0.7151.103 Mobile Safari/537.36 (compatible; Googlebot/2.1; +http://www.google.com/bot.html)"
66.249.79.194 - - [13/Jul/2025:15:03:31 -0400] "GET /pcmypage?callback=product%2Fdetail%2Ffirst34-trusco-4545631 HTTP/1.1" 404 1251 "-" "Mozilla/5.0 (Linux; Android 6.0.1; Nexus 5X Build/MMB29P) AppleWebKit/537.36 (KHTML, like Gecko) Chrome/137.0.7151.103 Mobile Safari/537.36 (compatible; Googlebot/2.1; +http://www.google.com/bot.html)"
66.249.68.129 - - [13/Jul/2025:15:03:44 -0400] "GET /pcmypage?callback=product/review/first34-trusco-5247092 HTTP/1.1" 404 1251 "-" "Mozilla/5.0 (Linux; Android 6.0.1; Nexus 5X Build/MMB29P) AppleWebKit/537.36 (KHTML, like Gecko) Chrome/137.0.7151.103 Mobile Safari/537.36 (compatible; Googlebot/2.1; +http://www.google.com/bot.html)"
66.249.68.129 - - [13/Jul/2025:15:03:45 -0400] "GET /zhHant/product/surugaya/f282227-yabu-1441634?campaign_uid=f64d716db5e979ed2f947dbaf4296895b951ae7f HTTP/1.1" 404 1251 "-" "Mozilla/5.0 (Linux; Android 6.0.1; Nexus 5X Build/MMB29P) AppleWebKit/537.36 (KHTML, like Gecko) Chrome/137.0.7151.103 Mobile Safari/537.36 (compatible; Googlebot/2.1; +http://www.google.com/bot.html)"
66.249.79.194 - - [13/Jul/2025:15:03:46 -0400] "GET /pcmypage?callback=product%2Fdetail%2Fkokouki-012178 HTTP/1.1" 404 1251 "-" "Mozilla/5.0 (Linux; Android 6.0.1; Nexus 5X Build/MMB29P) AppleWebKit/537.36 (KHTML, like Gecko) Chrome/137.0.7151.103 Mobile Safari/537.36 (compatible; Googlebot/2.1; +http://www.google.com/bot.html)"
66.249.79.194 - - [13/Jul/2025:15:03:57 -0400] "GET /pcmypage?callback=/product%2Fdetail%2First23-trusco-2997673 HTTP/1.1" 404 1251 "-" "Mozilla/5.0 (compatible; Googlebot/2.1; +http://www.google.com/bot.html)"
47.82.60.5 - - [13/Jul/2025:15:04:02 -0400] "GET /items/uoryy97/10182?key=quiet HTTP/1.1" 404 1251 "https://first-gulf.com.sa/items/uoryy97/10182?key=quiet" "Mozilla/5.0 (Windows NT 10.0; Win64; x64) AppleWebKit/537.36 (KHTML, like Gecko) Chrome/114.0.0.0 Safari/537.36 Edg/114.0.1823.43"
66.249.79.195 - - [13/Jul/2025:15:04:05 -0400] "GET /search.php?pcmypage?callback=product/review/first34-trusco-4828425 HTTP/1.1" 404 1251 "-" "Mozilla/5.0 (compatible; Googlebot/2.1; +http://www.google.com/bot.html)"
66.249.79.194 - - [13/Jul/2025:15:04:05 -0400] "GET /search.php?pcmypage?callback=product/review/first34-trusco-4828425 HTTP/1.1" 404 1251 "-" "Mozilla/5.0 (Linux; Android 6.0.1; Nexus 5X Build/MMB29P) AppleWebKit/537.36 (KHTML, like Gecko) Chrome/137.0.7151.103 Mobile Safari/537.36 (compatible; Googlebot/2.1; +http://www.google.com/bot.html)"
47.82.60.16 - - [13/Jul/2025:15:04:10 -0400] "GET /items/qupwr55/22578?key=identity HTTP/1.1" 404 1251 "https://first-gulf.com.sa/items/qupwr55/22578?key=identity" "Mozilla/5.0 (Windows NT 10.0; Win64; x64) AppleWebKit/537.36 (KHTML, like Gecko) Chrome/114.0.0.0 Safari/537.36 Edg/114.0.1823.43"
66.249.68.130 - - [13/Jul/2025:15:04:15 -0400] "GET /items/044001866.html?srsltid=AfmBOobouiGtbqoestwGR1HuBDVpTOGIajsGyQPq5rextBBsZAPv HTTP/1.1" 404 1251 "-" "Mozilla/5.0 (Linux; Android 6.0.1; Nexus 5X Build/MMB29P) AppleWebKit/537.36 (KHTML, like Gecko) Chrome/137.0.7151.103 Mobile Safari/537.36 (compatible; Googlebot/2.1; +http://www.google.com/bot.html)"
66.249.68.130 - - [13/Jul/2025:15:04:21 -0400] "GET /items/lejao212/49839?key=name HTTP/1.1" 404 1251 "-" "Mozilla/5.0 (compatible; Googlebot/2.1; +http://www.google.com/bot.html)"
47.82.60.47 - - [13/Jul/2025:15:04:26 -0400] "GET /pcmypage?callback=product/review/otakarasouko-1-240019482473 HTTP/1.1" 404 1251 "https://www.first-gulf.com.sa/pcmypage?callback=product/review/otakarasouko-1-240019482473" "Mozilla/5.0 (Windows NT 10.0; Win64; x64) AppleWebKit/537.36 (KHTML, like Gecko) Chrome/114.0.0.0 Safari/537.36 Edg/114.0.1823.43"
47.82.60.31 - - [13/Jul/2025:15:04:33 -0400] "GET /items/146039520.html HTTP/1.1" 404 1251 "https://www.first-gulf.com.sa/items/146039520.html" "Mozilla/5.0 (Windows NT 10.0; Win64; x64) AppleWebKit/537.36 (KHTML, like Gecko) Chrome/114.0.0.0 Safari/537.36 Edg/114.0.1823.43"
66.249.68.129 - - [13/Jul/2025:15:04:38 -0400] "GET /items/179038099.html?srsltid=AfmBOoawpjxXMstnFvjbhgkHWSpwJaeRu59xMzPccOx1C95xIrVR HTTP/1.1" 404 1251 "-" "Mozilla/5.0 (Linux; Android 6.0.1; Nexus 5X Build/MMB29P) AppleWebKit/537.36 (KHTML, like Gecko) Chrome/137.0.7151.103 Mobile Safari/537.36 (compatible; Googlebot/2.1; +http://www.google.com/bot.html)"
47.82.60.39 - - [13/Jul/2025:15:04:48 -0400] "GET /items/qqvby275/38464?key=concentrate HTTP/1.1" 404 1251 "https://first-gulf.com.sa/items/qqvby275/38464?key=concentrate" "Mozilla/5.0 (Windows NT 10.0; Win64; x64) AppleWebKit/537.36 (KHTML, like Gecko) Chrome/114.0.0.0 Safari/537.36 Edg/114.0.1823.43"
66.249.68.129 - - [13/Jul/2025:15:04:48 -0400] "GET /items/ddwhm52/28095?key=old HTTP/1.1" 404 1251 "-" "Mozilla/5.0 (Linux; Android 6.0.1; Nexus 5X Build/MMB29P) AppleWebKit/537.36 (KHTML, like Gecko) Chrome/137.0.7151.103 Mobile Safari/537.36 (compatible; Googlebot/2.1; +http://www.google.com/bot.html)"
66.249.68.129 - - [13/Jul/2025:15:04:50 -0400] "GET /items/haack178/647?key=satisfaction HTTP/1.1" 404 1251 "-" "Mozilla/5.0 (compatible; Googlebot/2.1; +http://www.google.com/bot.html)"
149.102.143.28 - - [13/Jul/2025:15:05:05 -0400] "GET / HTTP/1.1" 200 1436 "-" "Python/3.10 aiohttp/3.12.14"
149.102.143.28 - - [13/Jul/2025:15:05:07 -0400] "GET /.env HTTP/1.1" 404 1251 "-" "Python/3.10 aiohttp/3.12.14"
149.102.143.28 - - [13/Jul/2025:15:05:08 -0400] "GET /.git/config HTTP/1.1" 403 1242 "-" "Python/3.10 aiohttp/3.12.14"
149.102.143.28 - - [13/Jul/2025:15:05:10 -0400] "GET /backend/.env HTTP/1.1" 404 1251 "-" "Python/3.10 aiohttp/3.12.14"
149.102.143.28 - - [13/Jul/2025:15:05:11 -0400] "GET /admin/.env HTTP/1.1" 404 1251 "-" "Python/3.10 aiohttp/3.12.14"
149.102.143.28 - - [13/Jul/2025:15:05:13 -0400] "GET /core/.env HTTP/1.1" 404 1251 "-" "Python/3.10 aiohttp/3.12.14"
149.102.143.28 - - [13/Jul/2025:15:05:14 -0400] "GET /.env.bak HTTP/1.1" 404 1251 "-" "Python/3.10 aiohttp/3.12.14"
149.102.143.28 - - [13/Jul/2025:15:05:16 -0400] "GET /.git/logs/HEAD HTTP/1.1" 403 1242 "-" "Python/3.10 aiohttp/3.12.14"
149.102.143.28 - - [13/Jul/2025:15:05:17 -0400] "GET /.gitlab-ci.yml HTTP/1.1" 404 1251 "-" "Python/3.10 aiohttp/3.12.14"
149.102.143.28 - - [13/Jul/2025:15:05:18 -0400] "GET /config.json HTTP/1.1" 404 1251 "-" "Python/3.10 aiohttp/3.12.14"
149.102.143.28 - - [13/Jul/2025:15:05:19 -0400] "GET /config.js HTTP/1.1" 404 1251 "-" "Python/3.10 aiohttp/3.12.14"
149.102.143.28 - - [13/Jul/2025:15:05:20 -0400] "GET /aws-config.js HTTP/1.1" 404 1251 "-" "Python/3.10 aiohttp/3.12.14"
149.102.143.28 - - [13/Jul/2025:15:05:21 -0400] "GET /aws.config.js HTTP/1.1" 404 1251 "-" "Python/3.10 aiohttp/3.12.14"
66.249.68.131 - - [13/Jul/2025:15:05:32 -0400] "GET /items/113031863.html?srsltid=AfmBOobhsQGwqMyxFtAt3AxbBfKDJgFdDy9SEWxjqijYGT631KfN HTTP/1.1" 404 1251 "-" "Mozilla/5.0 (Linux; Android 6.0.1; Nexus 5X Build/MMB29P) AppleWebKit/537.36 (KHTML, like Gecko) Chrome/137.0.7151.103 Mobile Safari/537.36 (compatible; Googlebot/2.1; +http://www.google.com/bot.html)"
149.102.143.28 - - [13/Jul/2025:15:05:42 -0400] "GET /%22/_autoindex/assets/js/tablesort.number.js%22 HTTP/1.1" 404 1251 "-" "Python/3.10 aiohttp/3.12.14"
149.102.143.28 - - [13/Jul/2025:15:05:42 -0400] "GET /%22/_autoindex/assets/js/tablesort.js%22 HTTP/1.1" 404 1251 "-" "Python/3.10 aiohttp/3.12.14"
149.102.143.28 - - [13/Jul/2025:15:05:42 -0400] "GET /_autoindex/assets/js/tablesort.number.js HTTP/1.1" 304 0 "-" "Python/3.10 aiohttp/3.12.14"
149.102.143.28 - - [13/Jul/2025:15:05:42 -0400] "GET /_autoindex/assets/js/tablesort.js HTTP/1.1" 304 0 "-" "Python/3.10 aiohttp/3.12.14"
66.249.79.192 - - [13/Jul/2025:15:06:05 -0400] "GET /pcmypage?callback=product/review/k-material-b20-87-1c-p10 HTTP/1.1" 404 1251 "-" "Mozilla/5.0 (compatible; Googlebot/2.1; +http://www.google.com/bot.html)"
66.249.79.206 - - [13/Jul/2025:15:06:10 -0400] "GET /search.php?pcmypage?callback=product%2Fdetail%2Fhirochishop-lh200a8000-tn HTTP/1.1" 404 1251 "-" "Mozilla/5.0 (Linux; Android 6.0.1; Nexus 5X Build/MMB29P) AppleWebKit/537.36 (KHTML, like Gecko) Chrome/137.0.7151.103 Mobile Safari/537.36 (compatible; Googlebot/2.1; +http://www.google.com/bot.html)"
66.249.68.130 - - [13/Jul/2025:15:06:34 -0400] "GET /items/mnmne228/44475?key=movement HTTP/1.1" 404 1251 "-" "Mozilla/5.0 (compatible; Googlebot/2.1; +http://www.google.com/bot.html)"
66.249.79.206 - - [13/Jul/2025:15:06:50 -0400] "GET /items/sjpzz33/538?key=industrial HTTP/1.1" 404 1251 "-" "Mozilla/5.0 (Linux; Android 6.0.1; Nexus 5X Build/MMB29P) AppleWebKit/537.36 (KHTML, like Gecko) Chrome/137.0.7151.103 Mobile Safari/537.36 (compatible; Googlebot/2.1; +http://www.google.com/bot.html)"
66.249.68.130 - - [13/Jul/2025:15:06:58 -0400] "GET /items/zctzq41/798?key=number HTTP/1.1" 404 1251 "-" "Mozilla/5.0 (Linux; Android 6.0.1; Nexus 5X Build/MMB29P) AppleWebKit/537.36 (KHTML, like Gecko) Chrome/137.0.7151.119 Mobile Safari/537.36 (compatible; Googlebot/2.1; +http://www.google.com/bot.html)"
66.249.79.193 - - [13/Jul/2025:15:07:50 -0400] "GET /items/064013746.html?srsltid=AfmBOoejiwpYUaJZnGiCWIKFSixXdCWgStZCYe9FgD2saMc6T6vR HTTP/1.1" 404 1251 "-" "Mozilla/5.0 (Linux; Android 6.0.1; Nexus 5X Build/MMB29P) AppleWebKit/537.36 (KHTML, like Gecko) Chrome/137.0.7151.103 Mobile Safari/537.36 (compatible; Googlebot/2.1; +http://www.google.com/bot.html)"
66.249.68.129 - - [13/Jul/2025:15:08:08 -0400] "GET /items/gruxt27/20338?key=drawer HTTP/1.1" 404 1251 "-" "Mozilla/5.0 (Linux; Android 6.0.1; Nexus 5X Build/MMB29P) AppleWebKit/537.36 (KHTML, like Gecko) Chrome/137.0.7151.103 Mobile Safari/537.36 (compatible; Googlebot/2.1; +http://www.google.com/bot.html)"
66.249.79.193 - - [13/Jul/2025:15:08:09 -0400] "GET /pcmypage?callback=product/review/guruguru2-zmaz-5971 HTTP/1.1" 404 1251 "-" "Mozilla/5.0 (compatible; Googlebot/2.1; +http://www.google.com/bot.html)"
66.249.79.192 - - [13/Jul/2025:15:08:10 -0400] "GET /pcmypage?callback=product%2Fdetail%2Fmobil-cafe-jar341 HTTP/1.1" 404 1251 "-" "Mozilla/5.0 (Linux; Android 6.0.1; Nexus 5X Build/MMB29P) AppleWebKit/537.36 (KHTML, like Gecko) Chrome/137.0.7151.103 Mobile Safari/537.36 (compatible; Googlebot/2.1; +http://www.google.com/bot.html)"
66.249.68.130 - - [13/Jul/2025:15:08:18 -0400] "GET /items/225002789.html?srsltid=AfmBOoyddBuKnbCOvkWEcLKBBPxAUQMpq1Y93jp69coWrnMt9GyW HTTP/1.1" 404 1251 "-" "Mozilla/5.0 (Linux; Android 6.0.1; Nexus 5X Build/MMB29P) AppleWebKit/537.36 (KHTML, like Gecko) Chrome/137.0.7151.103 Mobile Safari/537.36 (compatible; Googlebot/2.1; +http://www.google.com/bot.html)"
66.249.68.130 - - [13/Jul/2025:15:08:18 -0400] "GET /items/225002789.html?srsltid=AfmBOoyddBuKnbCOvkWEcLKBBPxAUQMpq1Y93jp69coWrnMt9GyW HTTP/1.1" 404 1251 "-" "Mozilla/5.0 (compatible; Googlebot/2.1; +http://www.google.com/bot.html)"
66.249.68.129 - - [13/Jul/2025:15:08:24 -0400] "GET /pcmypage?callback=product/review/onedropstore-011001 HTTP/1.1" 404 1251 "-" "Mozilla/5.0 (Linux; Android 6.0.1; Nexus 5X Build/MMB29P) AppleWebKit/537.36 (KHTML, like Gecko) Chrome/137.0.7151.103 Mobile Safari/537.36 (compatible; Googlebot/2.1; +http://www.google.com/bot.html)"
66.249.68.129 - - [13/Jul/2025:15:08:36 -0400] "GET /pcmypage?callback=product/review/hitcreations-gr-e9gq47ikvo HTTP/1.1" 404 1251 "-" "Mozilla/5.0 (Linux; Android 6.0.1; Nexus 5X Build/MMB29P) AppleWebKit/537.36 (KHTML, like Gecko) Chrome/137.0.7151.103 Mobile Safari/537.36 (compatible; Googlebot/2.1; +http://www.google.com/bot.html)"
66.249.68.129 - - [13/Jul/2025:15:08:48 -0400] "GET /items/aoiin247/19610?key=vote HTTP/1.1" 404 1251 "-" "Mozilla/5.0 (Linux; Android 6.0.1; Nexus 5X Build/MMB29P) AppleWebKit/537.36 (KHTML, like Gecko) Chrome/137.0.7151.103 Mobile Safari/537.36 (compatible; Googlebot/2.1; +http://www.google.com/bot.html)"
