68.218.88.48 - - [13/Jul/2025:14:28:33 -0400] "GET /wp-admin/css/acces.php HTTP/1.1" 404 1251 "-" "-"
68.218.88.48 - - [13/Jul/2025:14:28:33 -0400] "GET /wp-includes/about.php HTTP/1.1" 404 1251 "-" "-"
68.218.88.48 - - [13/Jul/2025:14:28:33 -0400] "GET /wp-admin/maint/go.php HTTP/1.1" 404 1251 "-" "-"
68.218.88.48 - - [13/Jul/2025:14:28:33 -0400] "GET /wp-admin/includes/wp-login.php HTTP/1.1" 404 1251 "-" "-"
68.218.88.48 - - [13/Jul/2025:14:28:34 -0400] "GET /wp-content/uploads/suit5y.php HTTP/1.1" 404 1251 "-" "-"
68.218.88.48 - - [13/Jul/2025:14:28:34 -0400] "GET /uploads/update_with_pics.php HTTP/1.1" 404 1251 "-" "-"
68.218.88.48 - - [13/Jul/2025:14:28:34 -0400] "GET /wp-admin/includes/admin-ajax.php HTTP/1.1" 404 1251 "-" "-"
68.218.88.48 - - [13/Jul/2025:14:28:34 -0400] "GET /wp-admin/maint/wp-damin.php HTTP/1.1" 404 1251 "-" "-"
68.218.88.48 - - [13/Jul/2025:14:28:35 -0400] "GET /wp-admin/includes/go.php HTTP/1.1" 404 1251 "-" "-"
68.218.88.48 - - [13/Jul/2025:14:28:35 -0400] "GET /uploads/upload.php HTTP/1.1" 404 1251 "-" "-"
68.218.88.48 - - [13/Jul/2025:14:28:35 -0400] "GET /wp-includes/class-wp-simplepie-sanitize-kses-stream.php HTTP/1.1" 404 1251 "-" "-"
68.218.88.48 - - [13/Jul/2025:14:28:35 -0400] "GET /wp-includes/prayer_intentions.php HTTP/1.1" 404 1251 "-" "-"
68.218.88.48 - - [13/Jul/2025:14:28:36 -0400] "GET /wp-includes/fonts/class-wp-font-collection.php HTTP/1.1" 403 1242 "-" "-"
68.218.88.48 - - [13/Jul/2025:14:28:36 -0400] "GET /wp-admin/includes/class-wp-pagebuilders-BDsjLk.php HTTP/1.1" 404 1251 "-" "-"
68.218.88.48 - - [13/Jul/2025:14:28:36 -0400] "GET /wp-admin/css/bgFbMo.php HTTP/1.1" 404 1251 "-" "-"
68.218.88.48 - - [13/Jul/2025:14:28:36 -0400] "GET /wp-includes/cof.php HTTP/1.1" 404 1251 "-" "-"
66.249.68.137 - - [13/Jul/2025:14:28:36 -0400] "GET /pcmypage?callback=product/review/tuzukiya-m215-7301 HTTP/1.1" 404 1251 "-" "Mozilla/5.0 (Linux; Android 6.0.1; Nexus 5X Build/MMB29P) AppleWebKit/537.36 (KHTML, like Gecko) Chrome/137.0.7151.103 Mobile Safari/537.36 (compatible; Googlebot/2.1; +http://www.google.com/bot.html)"
68.218.88.48 - - [13/Jul/2025:14:28:36 -0400] "GET /wp-admin/includes/class-wp-pagebuilders-5tgxav.php HTTP/1.1" 404 1251 "-" "-"
68.218.88.48 - - [13/Jul/2025:14:28:37 -0400] "GET /wp-admin/css/OK.php HTTP/1.1" 404 1251 "-" "-"
68.218.88.48 - - [13/Jul/2025:14:28:37 -0400] "GET /wp-admin/maint/doc.php HTTP/1.1" 404 1251 "-" "-"
68.218.88.48 - - [13/Jul/2025:14:28:37 -0400] "GET /wp-admin/css/go.php HTTP/1.1" 404 1251 "-" "-"
68.218.88.48 - - [13/Jul/2025:14:28:37 -0400] "GET /wp-admin/maint/cong.php HTTP/1.1" 404 1251 "-" "-"
68.218.88.48 - - [13/Jul/2025:14:28:37 -0400] "GET /wp-admin/maint/yes.php HTTP/1.1" 404 1251 "-" "-"
68.218.88.48 - - [13/Jul/2025:14:28:38 -0400] "GET /wp-content/upgrade/about.php HTTP/1.1" 404 1251 "-" "-"
68.218.88.48 - - [13/Jul/2025:14:28:38 -0400] "GET /wp-admin/includes/class-wp-media-list-table-ezd.php HTTP/1.1" 404 1251 "-" "-"
68.218.88.48 - - [13/Jul/2025:14:28:38 -0400] "GET /wp-includes/pomo/yellow.php HTTP/1.1" 404 1251 "-" "-"
68.218.88.48 - - [13/Jul/2025:14:28:38 -0400] "GET /images/test.php HTTP/1.1" 404 1251 "-" "-"
68.218.88.48 - - [13/Jul/2025:14:28:38 -0400] "GET /wp-admin/css/colors/dkSUq.php HTTP/1.1" 404 1251 "-" "-"
68.218.88.48 - - [13/Jul/2025:14:28:38 -0400] "GET /wp-admin/images/wp-ksv1i.php HTTP/1.1" 404 1251 "-" "-"
68.218.88.48 - - [13/Jul/2025:14:28:39 -0400] "GET /wp-admin/js/widgets/hYdXrMgTbH.php HTTP/1.1" 404 1251 "-" "-"
68.218.88.48 - - [13/Jul/2025:14:28:39 -0400] "GET /wp-includes/Text/Diff/Renderer/last.php HTTP/1.1" 404 1251 "-" "-"
68.218.88.48 - - [13/Jul/2025:14:28:39 -0400] "GET /wp-content/uploads/admin.php HTTP/1.1" 404 1251 "-" "-"
68.218.88.48 - - [13/Jul/2025:14:28:39 -0400] "GET /wp-content/languages/ru_RU_lite.mo.php HTTP/1.1" 404 1251 "-" "-"
68.218.88.48 - - [13/Jul/2025:14:28:39 -0400] "GET /wp-includes/widgets/hehe.php HTTP/1.1" 404 1251 "-" "-"
68.218.88.48 - - [13/Jul/2025:14:28:40 -0400] "GET /wp-admin/css/colors/midnight/strcmp.php HTTP/1.1" 404 1251 "-" "-"
68.218.88.48 - - [13/Jul/2025:14:28:40 -0400] "GET /wp-content/uploads/emvvuhwx.php HTTP/1.1" 404 1251 "-" "-"
68.218.88.48 - - [13/Jul/2025:14:28:40 -0400] "GET /wp-includes/css/str_replace.php HTTP/1.1" 404 1251 "-" "-"
68.218.88.48 - - [13/Jul/2025:14:28:40 -0400] "GET /wp-admin/includes/ace.php HTTP/1.1" 404 1251 "-" "-"
68.218.88.48 - - [13/Jul/2025:14:28:41 -0400] "GET /wp-includes/wp-admin-css.php HTTP/1.1" 404 1251 "-" "-"
68.218.88.48 - - [13/Jul/2025:14:28:41 -0400] "GET /wp-content/upgrade/120f9.php HTTP/1.1" 404 1251 "-" "-"
68.218.88.48 - - [13/Jul/2025:14:28:41 -0400] "GET /wp-includes/Text/moon.php HTTP/1.1" 404 1251 "-" "-"
68.218.88.48 - - [13/Jul/2025:14:28:41 -0400] "GET /wp-admin/css/colors/light/qwas.php HTTP/1.1" 404 1251 "-" "-"
68.218.88.48 - - [13/Jul/2025:14:28:41 -0400] "GET /wp-includes/davoeqyv.php HTTP/1.1" 404 1251 "-" "-"
68.218.88.48 - - [13/Jul/2025:14:28:42 -0400] "GET /wp-includes/js/codemirror/87.php HTTP/1.1" 404 1251 "-" "-"
68.218.88.48 - - [13/Jul/2025:14:28:42 -0400] "GET /wp-includes/block-template-utils.php HTTP/1.1" 403 1242 "-" "-"
68.218.88.48 - - [13/Jul/2025:14:28:42 -0400] "GET /wp-includes/fonts/browser.php HTTP/1.1" 404 1251 "-" "-"
68.218.88.48 - - [13/Jul/2025:14:28:42 -0400] "GET /wp-admin/maint/smile.php HTTP/1.1" 404 1251 "-" "-"
68.218.88.48 - - [13/Jul/2025:14:28:42 -0400] "GET /wp-includes/wp-2019.php HTTP/1.1" 404 1251 "-" "-"
68.218.88.48 - - [13/Jul/2025:14:28:42 -0400] "GET /wp-includes/Text/Diff/Engine.php HTTP/1.1" 404 1251 "-" "-"
68.218.88.48 - - [13/Jul/2025:14:28:43 -0400] "GET /images/up.php HTTP/1.1" 404 1251 "-" "-"
68.218.88.48 - - [13/Jul/2025:14:28:43 -0400] "GET /wp-includes/link-template-git.php HTTP/1.1" 404 1251 "-" "-"
68.218.88.48 - - [13/Jul/2025:14:28:43 -0400] "GET /wp-admin/images/searchl.php HTTP/1.1" 404 1251 "-" "-"
68.218.88.48 - - [13/Jul/2025:14:28:43 -0400] "GET /wp-content/uploads/js.php HTTP/1.1" 404 1251 "-" "-"
68.218.88.48 - - [13/Jul/2025:14:28:43 -0400] "GET /wp-includes/PHPMailer/brand.php HTTP/1.1" 404 1251 "-" "-"
68.218.88.48 - - [13/Jul/2025:14:28:44 -0400] "GET /wp-includes/widgets/class-wp-widget-media-audio-module.php HTTP/1.1" 404 1251 "-" "-"
68.218.88.48 - - [13/Jul/2025:14:28:44 -0400] "GET /wp-admin/includes/class-wp-pagebuilders-3bv4aS.php HTTP/1.1" 404 1251 "-" "-"
68.218.88.48 - - [13/Jul/2025:14:28:44 -0400] "GET /wp-admin/includes/rfzhh.php HTTP/1.1" 404 1251 "-" "-"
68.218.88.48 - - [13/Jul/2025:14:28:44 -0400] "GET /wp-includes/ID3/favicon.php HTTP/1.1" 404 1251 "-" "-"
68.218.88.48 - - [13/Jul/2025:14:28:44 -0400] "GET /uploads/phUploader.php HTTP/1.1" 404 1251 "-" "-"
68.218.88.48 - - [13/Jul/2025:14:28:44 -0400] "GET /wp-includes/fonts/themes.php HTTP/1.1" 404 1251 "-" "-"
68.218.88.48 - - [13/Jul/2025:14:28:45 -0400] "GET /wp-admin/css/wp-damin.php HTTP/1.1" 404 1251 "-" "-"
68.218.88.48 - - [13/Jul/2025:14:28:45 -0400] "GET /wp-content/up HTTP/1.1" 404 1251 "-" "-"
68.218.88.48 - - [13/Jul/2025:14:28:45 -0400] "GET /text.php?fm=true HTTP/1.1" 404 1251 "-" "-"
68.218.88.48 - - [13/Jul/2025:14:28:45 -0400] "GET /admin.php HTTP/1.1" 404 1251 "-" "-"
68.218.88.48 - - [13/Jul/2025:14:28:45 -0400] "GET /ty.php?p= HTTP/1.1" 404 1251 "-" "-"
68.218.88.48 - - [13/Jul/2025:14:28:46 -0400] "GET /wp-content/plugins/index.php HTTP/1.1" 200 0 "-" "-"
68.218.88.48 - - [13/Jul/2025:14:28:46 -0400] "GET /file.php?fm=true HTTP/1.1" 404 1251 "-" "-"
68.218.88.48 - - [13/Jul/2025:14:28:47 -0400] "GET /function.php HTTP/1.1" 404 1251 "-" "-"
68.218.88.48 - - [13/Jul/2025:14:28:47 -0400] "GET /wp-admin/css/colors/blue/index.php HTTP/1.1" 404 1251 "-" "-"
68.218.88.48 - - [13/Jul/2025:14:28:47 -0400] "GET /.well-known/wp-login.php HTTP/1.1" 404 1251 "-" "-"
68.218.88.48 - - [13/Jul/2025:14:28:47 -0400] "GET /xleet.php HTTP/1.1" 404 1251 "-" "-"
68.218.88.48 - - [13/Jul/2025:14:28:47 -0400] "GET /.well-known/pki-validation/xp.php HTTP/1.1" 404 1251 "-" "-"
68.218.88.48 - - [13/Jul/2025:14:28:48 -0400] "GET /wp-content/languages/index.php HTTP/1.1" 404 1251 "-" "-"
68.218.88.48 - - [13/Jul/2025:14:28:48 -0400] "GET /dropdown.php?p= HTTP/1.1" 404 1251 "-" "-"
68.218.88.48 - - [13/Jul/2025:14:28:48 -0400] "GET /radio.php HTTP/1.1" 404 1251 "-" "-"
68.218.88.48 - - [13/Jul/2025:14:28:48 -0400] "GET /moon.php HTTP/1.1" 404 1251 "-" "-"
68.218.88.48 - - [13/Jul/2025:14:28:48 -0400] "GET /img/wp-login.php HTTP/1.1" 404 1251 "-" "-"
68.218.88.48 - - [13/Jul/2025:14:28:48 -0400] "GET /wp-admin/maint/maint.php HTTP/1.1" 404 1251 "-" "-"
68.218.88.48 - - [13/Jul/2025:14:28:49 -0400] "GET /mah.php?p= HTTP/1.1" 404 1251 "-" "-"
68.218.88.48 - - [13/Jul/2025:14:28:49 -0400] "GET /images/anjay.php HTTP/1.1" 404 1251 "-" "-"
68.218.88.48 - - [13/Jul/2025:14:28:49 -0400] "GET /vendor/phpunit/phpunit/src/Util/PHP/small.php HTTP/1.1" 404 1251 "-" "-"
68.218.88.48 - - [13/Jul/2025:14:28:49 -0400] "GET /webadmin.php HTTP/1.1" 404 1251 "-" "-"
68.218.88.48 - - [13/Jul/2025:14:28:49 -0400] "GET /core.php HTTP/1.1" 404 1251 "-" "-"
68.218.88.48 - - [13/Jul/2025:14:28:50 -0400] "GET /wp-content/plugins/core-plugin/include.php HTTP/1.1" 404 1251 "-" "-"
68.218.88.48 - - [13/Jul/2025:14:28:50 -0400] "GET /vendor/phpunit/phpunit/src/Util/PHP/astab.php HTTP/1.1" 404 1251 "-" "-"
68.218.88.48 - - [13/Jul/2025:14:28:50 -0400] "GET /astab.php HTTP/1.1" 404 1251 "-" "-"
68.218.88.48 - - [13/Jul/2025:14:28:50 -0400] "GET /makeasmtp.php?p= HTTP/1.1" 404 1251 "-" "-"
68.218.88.48 - - [13/Jul/2025:14:28:50 -0400] "GET /abe.php HTTP/1.1" 404 1251 "-" "-"
68.218.88.48 - - [13/Jul/2025:14:28:51 -0400] "GET /cgi-bin/index.php HTTP/1.1" 404 1251 "-" "-"
68.218.88.48 - - [13/Jul/2025:14:28:51 -0400] "GET /packed.php HTTP/1.1" 404 1251 "-" "-"
68.218.88.48 - - [13/Jul/2025:14:28:51 -0400] "GET /wp-content/themes/seotheme/mar.php HTTP/1.1" 404 1251 "-" "-"
68.218.88.48 - - [13/Jul/2025:14:28:51 -0400] "GET /about/function.php HTTP/1.1" 404 1251 "-" "-"
68.218.88.48 - - [13/Jul/2025:14:28:51 -0400] "GET /index/admin.php HTTP/1.1" 404 1251 "-" "-"
68.218.88.48 - - [13/Jul/2025:14:28:52 -0400] "GET /wp-admin/css/colors/blue/admin.php HTTP/1.1" 404 1251 "-" "-"
68.218.88.48 - - [13/Jul/2025:14:28:52 -0400] "GET /wp-includes/fonts/index.php HTTP/1.1" 404 1251 "-" "-"
68.218.88.48 - - [13/Jul/2025:14:28:52 -0400] "GET /wp-admin/images/about.php HTTP/1.1" 404 1251 "-" "-"
68.218.88.48 - - [13/Jul/2025:14:28:52 -0400] "GET /simple.php HTTP/1.1" 404 1251 "-" "-"
68.218.88.48 - - [13/Jul/2025:14:28:52 -0400] "GET /index/function.php HTTP/1.1" 404 1251 "-" "-"
68.218.88.48 - - [13/Jul/2025:14:28:52 -0400] "GET /item.php HTTP/1.1" 404 1251 "-" "-"
68.218.88.48 - - [13/Jul/2025:14:28:53 -0400] "GET /classwithtostring.php HTTP/1.1" 404 1251 "-" "-"
68.218.88.48 - - [13/Jul/2025:14:28:53 -0400] "GET /cgi-bin/xmrlpc.php?p= HTTP/1.1" 404 1251 "-" "-"
68.218.88.48 - - [13/Jul/2025:14:28:53 -0400] "GET /wp-admin/includes/index.php HTTP/1.1" 404 1251 "-" "-"
68.218.88.48 - - [13/Jul/2025:14:28:53 -0400] "GET /readme.php HTTP/1.1" 404 1251 "-" "-"
68.218.88.48 - - [13/Jul/2025:14:28:53 -0400] "GET /wp-content/uploads/index.php HTTP/1.1" 404 1251 "-" "-"
68.218.88.48 - - [13/Jul/2025:14:28:54 -0400] "GET /wp-admin/images/index.php HTTP/1.1" 404 1251 "-" "-"
68.218.88.48 - - [13/Jul/2025:14:28:54 -0400] "GET /filemanager.php HTTP/1.1" 404 1251 "-" "-"
68.218.88.48 - - [13/Jul/2025:14:28:54 -0400] "GET /shell20211028.php HTTP/1.1" 404 1251 "-" "-"
68.218.88.48 - - [13/Jul/2025:14:28:54 -0400] "GET /.well-known/index.php HTTP/1.1" 404 1251 "-" "-"
68.218.88.48 - - [13/Jul/2025:14:28:54 -0400] "GET /info.php HTTP/1.1" 404 1251 "-" "-"
68.218.88.48 - - [13/Jul/2025:14:28:55 -0400] "GET /file.php HTTP/1.1" 404 1251 "-" "-"
68.218.88.48 - - [13/Jul/2025:14:28:55 -0400] "GET /wp-mail.php HTTP/1.1" 403 1242 "-" "-"
68.218.88.48 - - [13/Jul/2025:14:28:55 -0400] "GET /defaults.php HTTP/1.1" 404 1251 "-" "-"
68.218.88.48 - - [13/Jul/2025:14:28:55 -0400] "GET /about.php HTTP/1.1" 404 1251 "-" "-"
68.218.88.48 - - [13/Jul/2025:14:28:55 -0400] "GET /wp-content/uploads/autoload_classmap.php HTTP/1.1" 404 1251 "-" "-"
68.218.88.48 - - [13/Jul/2025:14:28:56 -0400] "GET /wp-admin/404.php HTTP/1.1" 404 1251 "-" "-"
68.218.88.48 - - [13/Jul/2025:14:28:56 -0400] "GET /db.php HTTP/1.1" 404 1251 "-" "-"
68.218.88.48 - - [13/Jul/2025:14:28:56 -0400] "GET /wp-admin/css/colors/coffee/index.php HTTP/1.1" 404 1251 "-" "-"
68.218.88.48 - - [13/Jul/2025:14:28:56 -0400] "GET /wp-content/plugins/seoplugins/mar.php HTTP/1.1" 404 1251 "-" "-"
68.218.88.48 - - [13/Jul/2025:14:28:56 -0400] "GET /cong.php HTTP/1.1" 404 1251 "-" "-"
68.218.88.48 - - [13/Jul/2025:14:28:56 -0400] "GET /wp-admin/css/colors/index.php HTTP/1.1" 404 1251 "-" "-"
68.218.88.48 - - [13/Jul/2025:14:28:57 -0400] "GET /install.php HTTP/1.1" 404 1251 "-" "-"
66.249.79.206 - - [13/Jul/2025:14:28:57 -0400] "GET /pcmypage?callback=product%2Fdetail%2Fkaientai-2-rnbw-302702-60s HTTP/1.1" 404 1251 "-" "Mozilla/5.0 (Linux; Android 6.0.1; Nexus 5X Build/MMB29P) AppleWebKit/537.36 (KHTML, like Gecko) Chrome/137.0.7151.103 Mobile Safari/537.36 (compatible; Googlebot/2.1; +http://www.google.com/bot.html)"
68.218.88.48 - - [13/Jul/2025:14:28:57 -0400] "GET /wp-content/themes/ HTTP/1.1" 200 0 "-" "-"
68.218.88.48 - - [13/Jul/2025:14:28:57 -0400] "GET /wp-content/themes/index.php HTTP/1.1" 200 0 "-" "-"
68.218.88.48 - - [13/Jul/2025:14:28:57 -0400] "GET /.well-known/pki-validation/about.php HTTP/1.1" 404 1251 "-" "-"
68.218.88.48 - - [13/Jul/2025:14:28:58 -0400] "GET /mah.php HTTP/1.1" 404 1251 "-" "-"
68.218.88.48 - - [13/Jul/2025:14:28:58 -0400] "GET /alfa.php HTTP/1.1" 404 1251 "-" "-"
68.218.88.48 - - [13/Jul/2025:14:28:58 -0400] "GET /wp-admin/js/index.php HTTP/1.1" 404 1251 "-" "-"
66.29.146.47 - - [13/Jul/2025:14:29:06 -0400] "POST /wp-cron.php?doing_wp_cron=1752431346.4405128955841064453125 HTTP/1.1" 403 1242 "-" "WordPress/6.8; https://first-gulf.com.sa"
68.218.88.48 - - [13/Jul/2025:14:28:58 -0400] "GET /wp-admin/index.php HTTP/1.1" 302 0 "-" "-"
68.218.88.48 - - [13/Jul/2025:14:29:08 -0400] "GET /wp-login.php?redirect_to=https%3A%2F%2Ffirst-gulf.com.sa%2Fwp-admin%2Findex.php&reauth=1 HTTP/1.1" 200 2858 "-" "-"
68.218.88.48 - - [13/Jul/2025:14:29:09 -0400] "GET /randkeyword.php HTTP/1.1" 404 1251 "-" "-"
68.218.88.48 - - [13/Jul/2025:14:29:09 -0400] "GET /wp-content/about.php HTTP/1.1" 404 1251 "-" "-"
68.218.88.48 - - [13/Jul/2025:14:29:09 -0400] "GET /buy.php HTTP/1.1" 404 1251 "-" "-"
68.218.88.48 - - [13/Jul/2025:14:29:10 -0400] "GET /wp-admin/autoload_classmap.php HTTP/1.1" 404 1251 "-" "-"
68.218.88.48 - - [13/Jul/2025:14:29:10 -0400] "GET /wp-content/file.php HTTP/1.1" 404 1251 "-" "-"
68.218.88.48 - - [13/Jul/2025:14:29:10 -0400] "GET /autoload_classmap.php HTTP/1.1" 404 1251 "-" "-"
68.218.88.48 - - [13/Jul/2025:14:29:10 -0400] "GET /wp-admin/user/index.php HTTP/1.1" 302 0 "-" "-"
68.218.88.48 - - [13/Jul/2025:14:29:11 -0400] "GET /wp-login.php?redirect_to=https%3A%2F%2Ffirst-gulf.com.sa%2Fwp-admin%2Fuser%2Findex.php&reauth=1 HTTP/1.1" 200 2869 "-" "-"
68.218.88.48 - - [13/Jul/2025:14:29:11 -0400] "GET /wp-content/plugins/dummyyummy/wp-signup.php HTTP/1.1" 404 1251 "-" "-"
66.249.68.128 - - [13/Jul/2025:14:29:13 -0400] "GET /items/jdvpt64/29729?key=cream HTTP/1.1" 404 1251 "-" "Mozilla/5.0 (Linux; Android 6.0.1; Nexus 5X Build/MMB29P) AppleWebKit/537.36 (KHTML, like Gecko) Chrome/137.0.7151.103 Mobile Safari/537.36 (compatible; Googlebot/2.1; +http://www.google.com/bot.html)"
66.249.79.193 - - [13/Jul/2025:14:29:46 -0400] "GET /search.php?pcmypage?callback=product%2Fdetail%2Ff382060-saijo-0279_wb HTTP/1.1" 404 1251 "-" "Mozilla/5.0 (Linux; Android 6.0.1; Nexus 5X Build/MMB29P) AppleWebKit/537.36 (KHTML, like Gecko) Chrome/137.0.7151.103 Mobile Safari/537.36 (compatible; Googlebot/2.1; +http://www.google.com/bot.html)"
66.249.79.206 - - [13/Jul/2025:14:29:55 -0400] "GET /pcmypage?callback=product/review/akibamac-4534644022396 HTTP/1.1" 404 1251 "-" "Mozilla/5.0 (Linux; Android 6.0.1; Nexus 5X Build/MMB29P) AppleWebKit/537.36 (KHTML, like Gecko) Chrome/137.0.7151.103 Mobile Safari/537.36 (compatible; Googlebot/2.1; +http://www.google.com/bot.html)"
66.249.79.206 - - [13/Jul/2025:14:29:56 -0400] "GET /items/ywzfh112/44821?key=senior HTTP/1.1" 404 1251 "-" "Mozilla/5.0 (Linux; Android 6.0.1; Nexus 5X Build/MMB29P) AppleWebKit/537.36 (KHTML, like Gecko) Chrome/137.0.7151.103 Mobile Safari/537.36 (compatible; Googlebot/2.1; +http://www.google.com/bot.html)"
66.249.68.137 - - [13/Jul/2025:14:29:56 -0400] "GET /items/ahgon106/46619?key=third HTTP/1.1" 404 1251 "-" "Mozilla/5.0 (Linux; Android 6.0.1; Nexus 5X Build/MMB29P) AppleWebKit/537.36 (KHTML, like Gecko) Chrome/137.0.7151.103 Mobile Safari/537.36 (compatible; Googlebot/2.1; +http://www.google.com/bot.html)"
66.249.68.137 - - [13/Jul/2025:14:30:02 -0400] "GET /items/xwmfn55/108?key=ready HTTP/1.1" 404 1251 "-" "Mozilla/5.0 (compatible; Googlebot/2.1; +http://www.google.com/bot.html)"
66.249.68.137 - - [13/Jul/2025:14:30:30 -0400] "GET /items/110011834.html?srsltid=AfmBOomatcygwNhXidchkg9LDPdmnMeUI38eVNFE8TF7xpEY74rL HTTP/1.1" 404 1251 "-" "Mozilla/5.0 (compatible; Googlebot/2.1; +http://www.google.com/bot.html)"
66.249.79.192 - - [13/Jul/2025:14:30:44 -0400] "GET /items/150000190.html?srsltid=AfmBOonstasOgPicZkOb8QkhWlFIebcZDkVpUprni7ZYkhtvS4wI HTTP/1.1" 404 1251 "-" "Mozilla/5.0 (Linux; Android 6.0.1; Nexus 5X Build/MMB29P) AppleWebKit/537.36 (KHTML, like Gecko) Chrome/137.0.7151.103 Mobile Safari/537.36 (compatible; Googlebot/2.1; +http://www.google.com/bot.html)"
52.167.144.197 - - [13/Jul/2025:14:30:44 -0400] "GET /bipacksl64l/hoodxv1117060.htm HTTP/1.1" 404 1251 "-" "Mozilla/5.0 AppleWebKit/537.36 (KHTML, like Gecko; compatible; bingbot/2.0; +http://www.bing.com/bingbot.htm) Chrome/116.0.1938.76 Safari/537.36"
66.249.79.206 - - [13/Jul/2025:14:30:45 -0400] "GET /items/fotnf89/3636?key=assess HTTP/1.1" 404 1251 "-" "Mozilla/5.0 (Linux; Android 6.0.1; Nexus 5X Build/MMB29P) AppleWebKit/537.36 (KHTML, like Gecko) Chrome/137.0.7151.119 Mobile Safari/537.36 (compatible; Googlebot/2.1; +http://www.google.com/bot.html)"
66.249.79.193 - - [13/Jul/2025:14:30:46 -0400] "GET /pcmypage?callback=/product%2Fdetail%2Biccamera-4947189008754 HTTP/1.1" 404 1251 "-" "Mozilla/5.0 (Linux; Android 6.0.1; Nexus 5X Build/MMB29P) AppleWebKit/537.36 (KHTML, like Gecko) Chrome/137.0.7151.103 Mobile Safari/537.36 (compatible; Googlebot/2.1; +http://www.google.com/bot.html)"
66.249.79.192 - - [13/Jul/2025:14:30:49 -0400] "GET /items/079022155.html?srsltid=AfmBOocyajlryLPaxZeiPIx4MAJyUhgZvio7UDztyIHbwpKzaEc8 HTTP/1.1" 404 1251 "-" "Mozilla/5.0 (Linux; Android 6.0.1; Nexus 5X Build/MMB29P) AppleWebKit/537.36 (KHTML, like Gecko) Chrome/137.0.7151.103 Mobile Safari/537.36 (compatible; Googlebot/2.1; +http://www.google.com/bot.html)"
66.249.68.129 - - [13/Jul/2025:14:31:01 -0400] "GET /items/tisky254/47959?key=preliminary HTTP/1.1" 404 1251 "-" "Mozilla/5.0 (compatible; Googlebot/2.1; +http://www.google.com/bot.html)"
66.249.68.128 - - [13/Jul/2025:14:31:05 -0400] "GET /items/qgots173/38294?key=software HTTP/1.1" 404 1251 "-" "Mozilla/5.0 (Linux; Android 6.0.1; Nexus 5X Build/MMB29P) AppleWebKit/537.36 (KHTML, like Gecko) Chrome/137.0.7151.103 Mobile Safari/537.36 (compatible; Googlebot/2.1; +http://www.google.com/bot.html)"
205.210.31.133 - - [13/Jul/2025:14:31:08 -0400] "GET / HTTP/1.1" 200 1439 "-" "Hello from Palo Alto Networks, find out more about our scans in https://docs-cortex.paloaltonetworks.com/r/1/Cortex-Xpanse/Scanning-activity"
66.249.79.192 - - [13/Jul/2025:14:31:15 -0400] "GET /pcmypage?callback=product%2Fdetail%2Fegaos-ckfw2212 HTTP/1.1" 404 1251 "-" "Mozilla/5.0 (Linux; Android 6.0.1; Nexus 5X Build/MMB29P) AppleWebKit/537.36 (KHTML, like Gecko) Chrome/137.0.7151.103 Mobile Safari/537.36 (compatible; Googlebot/2.1; +http://www.google.com/bot.html)"
66.249.68.128 - - [13/Jul/2025:14:31:18 -0400] "GET /items/260031616.html?srsltid=AfmBOowqaKToCTcRHpjmszTsVsiCMPtoYA8KyMOs2CelrpSTPRY8 HTTP/1.1" 404 1251 "-" "Mozilla/5.0 (compatible; Googlebot/2.1; +http://www.google.com/bot.html)"
66.249.68.137 - - [13/Jul/2025:14:31:19 -0400] "GET /items/260031616.html?srsltid=AfmBOowqaKToCTcRHpjmszTsVsiCMPtoYA8KyMOs2CelrpSTPRY8 HTTP/1.1" 404 1251 "-" "Mozilla/5.0 (Linux; Android 6.0.1; Nexus 5X Build/MMB29P) AppleWebKit/537.36 (KHTML, like Gecko) Chrome/137.0.7151.103 Mobile Safari/537.36 (compatible; Googlebot/2.1; +http://www.google.com/bot.html)"
66.249.68.128 - - [13/Jul/2025:14:31:19 -0400] "GET /items/260031616.html?srsltid=AfmBOowqaKToCTcRHpjmszTsVsiCMPtoYA8KyMOs2CelrpSTPRY8 HTTP/1.1" 404 1251 "-" "Mozilla/5.0 (Linux; Android 6.0.1; Nexus 5X Build/MMB29P) AppleWebKit/537.36 (KHTML, like Gecko) Chrome/137.0.7151.103 Mobile Safari/537.36 (compatible; Googlebot/2.1; +http://www.google.com/bot.html)"
66.249.68.137 - - [13/Jul/2025:14:31:37 -0400] "GET /items/idfpo276/33347?key=enter HTTP/1.1" 404 1251 "-" "Mozilla/5.0 (Linux; Android 6.0.1; Nexus 5X Build/MMB29P) AppleWebKit/537.36 (KHTML, like Gecko) Chrome/137.0.7151.103 Mobile Safari/537.36 (compatible; Googlebot/2.1; +http://www.google.com/bot.html)"
66.249.68.137 - - [13/Jul/2025:14:31:37 -0400] "GET /items/siswl35/262?key=prompt HTTP/1.1" 404 1251 "-" "Mozilla/5.0 (Linux; Android 6.0.1; Nexus 5X Build/MMB29P) AppleWebKit/537.36 (KHTML, like Gecko) Chrome/137.0.7151.103 Mobile Safari/537.36 (compatible; Googlebot/2.1; +http://www.google.com/bot.html)"
47.82.60.46 - - [13/Jul/2025:14:31:40 -0400] "GET /items/267046255.html HTTP/1.1" 404 1251 "https://first-gulf.com.sa/items/267046255.html" "Mozilla/5.0 (Windows NT 10.0; Win64; x64) AppleWebKit/537.36 (KHTML, like Gecko) Chrome/114.0.0.0 Safari/537.36 Edg/114.0.1823.43"
47.82.60.46 - - [13/Jul/2025:14:31:47 -0400] "GET /items/285030037.html HTTP/1.1" 404 1251 "https://www.first-gulf.com.sa/items/285030037.html" "Mozilla/5.0 (Windows NT 10.0; Win64; x64) AppleWebKit/537.36 (KHTML, like Gecko) Chrome/114.0.0.0 Safari/537.36 Edg/114.0.1823.43"
47.82.60.62 - - [13/Jul/2025:14:31:48 -0400] "GET /items/067031545.html HTTP/1.1" 404 1251 "https://first-gulf.com.sa/items/067031545.html" "Mozilla/5.0 (Windows NT 10.0; Win64; x64) AppleWebKit/537.36 (KHTML, like Gecko) Chrome/114.0.0.0 Safari/537.36 Edg/114.0.1823.43"
66.249.68.137 - - [13/Jul/2025:14:31:50 -0400] "GET /pcmypage?callback=product/review/re-vida-y1-14495311si HTTP/1.1" 404 1251 "-" "Mozilla/5.0 (Linux; Android 6.0.1; Nexus 5X Build/MMB29P) AppleWebKit/537.36 (KHTML, like Gecko) Chrome/137.0.7151.103 Mobile Safari/537.36 (compatible; Googlebot/2.1; +http://www.google.com/bot.html)"
47.82.60.15 - - [13/Jul/2025:14:32:03 -0400] "GET /pcmypage?callback=product/review/blueism-blv-98a303 HTTP/1.1" 404 1251 "https://www.first-gulf.com.sa/pcmypage?callback=product/review/blueism-blv-98a303" "Mozilla/5.0 (Windows NT 10.0; Win64; x64) AppleWebKit/537.36 (KHTML, like Gecko) Chrome/114.0.0.0 Safari/537.36 Edg/114.0.1823.43"
66.249.68.128 - - [13/Jul/2025:14:32:05 -0400] "GET /items/sryxy134/28951?key=blame HTTP/1.1" 404 1251 "-" "Mozilla/5.0 (compatible; Googlebot/2.1; +http://www.google.com/bot.html)"
47.82.60.20 - - [13/Jul/2025:14:32:08 -0400] "GET /items/kokkj63/8816?key=release HTTP/1.1" 404 1251 "https://first-gulf.com.sa/items/kokkj63/8816?key=release" "Mozilla/5.0 (Windows NT 10.0; Win64; x64) AppleWebKit/537.36 (KHTML, like Gecko) Chrome/114.0.0.0 Safari/537.36 Edg/114.0.1823.43"
47.82.60.27 - - [13/Jul/2025:14:32:12 -0400] "GET /items/140032428.html HTTP/1.1" 404 1251 "https://first-gulf.com.sa/items/140032428.html" "Mozilla/5.0 (Windows NT 10.0; Win64; x64) AppleWebKit/537.36 (KHTML, like Gecko) Chrome/114.0.0.0 Safari/537.36 Edg/114.0.1823.43"
205.210.31.186 - - [13/Jul/2025:14:32:14 -0400] "GET / HTTP/1.1" 200 1439 "-" "-"
66.249.68.128 - - [13/Jul/2025:14:32:15 -0400] "GET /zhHant/product/surugaya/rcmdse-tm-1291949?campaign_uid=f64d716db5e979ed2f947dbaf4296895b951ae7f HTTP/1.1" 404 1251 "-" "Mozilla/5.0 (compatible; Googlebot/2.1; +http://www.google.com/bot.html)"
47.82.60.30 - - [13/Jul/2025:14:32:16 -0400] "GET /items/uqzoj15/42072?key=demand HTTP/1.1" 404 1251 "https://first-gulf.com.sa/items/uqzoj15/42072?key=demand" "Mozilla/5.0 (Windows NT 10.0; Win64; x64) AppleWebKit/537.36 (KHTML, like Gecko) Chrome/114.0.0.0 Safari/537.36 Edg/114.0.1823.43"
66.249.68.137 - - [13/Jul/2025:14:32:17 -0400] "GET /items/chvko35/62?key=confusion HTTP/1.1" 404 1251 "-" "Mozilla/5.0 (Linux; Android 6.0.1; Nexus 5X Build/MMB29P) AppleWebKit/537.36 (KHTML, like Gecko) Chrome/137.0.7151.103 Mobile Safari/537.36 (compatible; Googlebot/2.1; +http://www.google.com/bot.html)"
66.249.68.128 - - [13/Jul/2025:14:32:17 -0400] "GET /items/115029561.html?srsltid=AfmBOocmplaMeKbFIGNItLEpMgFUZwndiRb2xd3xQv5qbJaMDZ0Q HTTP/1.1" 404 1251 "-" "Mozilla/5.0 (Linux; Android 6.0.1; Nexus 5X Build/MMB29P) AppleWebKit/537.36 (KHTML, like Gecko) Chrome/137.0.7151.103 Mobile Safari/537.36 (compatible; Googlebot/2.1; +http://www.google.com/bot.html)"
40.77.167.241 - - [13/Jul/2025:14:32:20 -0400] "GET /ar/service/fire-alarm-systems-and-detection-systems HTTP/1.1" 404 1251 "-" "Mozilla/5.0 AppleWebKit/537.36 (KHTML, like Gecko; compatible; bingbot/2.0; +http://www.bing.com/bingbot.htm) Chrome/116.0.1938.76 Safari/537.36"
47.82.60.10 - - [13/Jul/2025:14:32:21 -0400] "GET /items/136008322.html HTTP/1.1" 404 1251 "https://first-gulf.com.sa/items/136008322.html" "Mozilla/5.0 (Windows NT 10.0; Win64; x64) AppleWebKit/537.36 (KHTML, like Gecko) Chrome/114.0.0.0 Safari/537.36 Edg/114.0.1823.43"
66.249.68.137 - - [13/Jul/2025:14:32:40 -0400] "GET /items/136006786.html?srsltid=AfmBOohkdZqBhJARiaJyPWXAZkTxcovTDFWHzvOWP2oTJyMJkhQo HTTP/1.1" 404 1251 "-" "Mozilla/5.0 (compatible; Googlebot/2.1; +http://www.google.com/bot.html)"
66.249.68.137 - - [13/Jul/2025:14:32:44 -0400] "GET /items/286016850.html?srsltid=AfmBOobbxZPSYYrVzpGXWEgfKzzNxBaEpvF9mYYtmp58WV9MxmYr HTTP/1.1" 404 1251 "-" "Mozilla/5.0 (Linux; Android 6.0.1; Nexus 5X Build/MMB29P) AppleWebKit/537.36 (KHTML, like Gecko) Chrome/137.0.7151.119 Mobile Safari/537.36 (compatible; Googlebot/2.1; +http://www.google.com/bot.html)"
66.249.68.137 - - [13/Jul/2025:14:32:57 -0400] "GET /items/171008937.html?srsltid=AfmBOodphdsKSpwZGTkSuMOAVRuMgcbEbUIHX8l1XBnJFiauqEhE HTTP/1.1" 404 1251 "-" "Mozilla/5.0 (Linux; Android 6.0.1; Nexus 5X Build/MMB29P) AppleWebKit/537.36 (KHTML, like Gecko) Chrome/137.0.7151.103 Mobile Safari/537.36 (compatible; Googlebot/2.1; +http://www.google.com/bot.html)"
47.82.60.4 - - [13/Jul/2025:14:33:05 -0400] "GET /wp-includes/registration-functions.php HTTP/1.1" 403 1242 "https://first-gulf.com.sa/wp-includes/registration-functions.php" "Mozilla/5.0 (Windows NT 10.0; Win64; x64) AppleWebKit/537.36 (KHTML, like Gecko) Chrome/114.0.0.0 Safari/537.36 Edg/114.0.1823.43"
66.249.68.129 - - [13/Jul/2025:14:33:20 -0400] "GET /items/218041856.html?srsltid=AfmBOovfcpBzMdqgQSphjIvvNTPyAMLiJN1srkTqpKJa4XQUmKPq HTTP/1.1" 404 1251 "-" "Mozilla/5.0 (Linux; Android 6.0.1; Nexus 5X Build/MMB29P) AppleWebKit/537.36 (KHTML, like Gecko) Chrome/137.0.7151.119 Mobile Safari/537.36 (compatible; Googlebot/2.1; +http://www.google.com/bot.html)"
66.249.68.137 - - [13/Jul/2025:14:33:26 -0400] "GET /items/192035272.html?srsltid=AfmBOodidARejfqfCYHERk8JFDIKISclqSaosB3raKvaJuX9EwUB HTTP/1.1" 404 1251 "-" "Mozilla/5.0 (compatible; Googlebot/2.1; +http://www.google.com/bot.html)"
66.249.79.206 - - [13/Jul/2025:14:33:32 -0400] "GET /items/052001494.html?srsltid=AfmBOoxtlcxqDJbenMtYVr5VWIdyurPcUNVAYt9X67UYqph9ubxn HTTP/1.1" 404 1251 "-" "Mozilla/5.0 (Linux; Android 6.0.1; Nexus 5X Build/MMB29P) AppleWebKit/537.36 (KHTML, like Gecko) Chrome/137.0.7151.103 Mobile Safari/537.36 (compatible; Googlebot/2.1; +http://www.google.com/bot.html)"
47.82.60.27 - - [13/Jul/2025:14:33:36 -0400] "GET /wp-includes/embed.php HTTP/1.1" 403 1242 "https://first-gulf.com.sa/wp-includes/embed.php" "Mozilla/5.0 (Windows NT 10.0; Win64; x64) AppleWebKit/537.36 (KHTML, like Gecko) Chrome/114.0.0.0 Safari/537.36 Edg/114.0.1823.43"
66.249.79.206 - - [13/Jul/2025:14:33:37 -0400] "GET /pcmypage?callback=product/review/tkonline-5410949 HTTP/1.1" 404 1251 "-" "Mozilla/5.0 (Linux; Android 6.0.1; Nexus 5X Build/MMB29P) AppleWebKit/537.36 (KHTML, like Gecko) Chrome/137.0.7151.103 Mobile Safari/537.36 (compatible; Googlebot/2.1; +http://www.google.com/bot.html)"
47.82.60.24 - - [13/Jul/2025:14:33:56 -0400] "GET /wp-includes/class-wp-recovery-mode-email-service.php HTTP/1.1" 403 1242 "https://first-gulf.com.sa/wp-includes/class-wp-recovery-mode-email-service.php" "Mozilla/5.0 (Windows NT 10.0; Win64; x64) AppleWebKit/537.36 (KHTML, like Gecko) Chrome/114.0.0.0 Safari/537.36 Edg/114.0.1823.43"
69.197.182.50 - - [13/Jul/2025:14:33:59 -0400] "GET /wp-content/install.php HTTP/1.1" 404 1251 "https://first-gulf.com.sa/wp-content/install.php" "Mozilla/5.0 (Windows NT 10.0; Win64; x64) AppleWebKit/537.36 (KHTML, like Gecko) Chrome/58.0.3029.110 Safari/537.3"
66.249.68.137 - - [13/Jul/2025:14:34:11 -0400] "GET /pcmypage?callback=product%2Fdetail%2Fautopartsdirect-12621184565791107 HTTP/1.1" 404 1251 "-" "Mozilla/5.0 (Linux; Android 6.0.1; Nexus 5X Build/MMB29P) AppleWebKit/537.36 (KHTML, like Gecko) Chrome/137.0.7151.103 Mobile Safari/537.36 (compatible; Googlebot/2.1; +http://www.google.com/bot.html)"
66.249.68.129 - - [13/Jul/2025:14:34:12 -0400] "GET /pcmypage?callback=product%2Fdetail%2Fautopartsdirect-12621184565791107 HTTP/1.1" 404 1251 "-" "Mozilla/5.0 (compatible; Googlebot/2.1; +http://www.google.com/bot.html)"
66.249.79.195 - - [13/Jul/2025:14:34:17 -0400] "GET /search.php?98augeh26833.html HTTP/1.1" 404 1251 "-" "Mozilla/5.0 (Linux; Android 6.0.1; Nexus 5X Build/MMB29P) AppleWebKit/537.36 (KHTML, like Gecko) Chrome/137.0.7151.103 Mobile Safari/537.36 (compatible; Googlebot/2.1; +http://www.google.com/bot.html)"
66.249.68.128 - - [13/Jul/2025:14:34:28 -0400] "GET /items/288048010.html?srsltid=AfmBOoeswbPKoqOFMSvN5t50QezGntBFZNfs68hHffxOV08Igegj HTTP/1.1" 404 1251 "-" "Mozilla/5.0 (compatible; Googlebot/2.1; +http://www.google.com/bot.html)"
66.249.68.137 - - [13/Jul/2025:14:34:35 -0400] "GET /pcmypage?callback=/product%2Fdetail*uc-parts-depot-18120328 HTTP/1.1" 404 1251 "-" "Mozilla/5.0 (Linux; Android 6.0.1; Nexus 5X Build/MMB29P) AppleWebKit/537.36 (KHTML, like Gecko) Chrome/137.0.7151.103 Mobile Safari/537.36 (compatible; Googlebot/2.1; +http://www.google.com/bot.html)"
66.249.68.137 - - [13/Jul/2025:14:34:37 -0400] "GET /items/jzzul206/49389?key=unprecedented HTTP/1.1" 404 1251 "-" "Mozilla/5.0 (Linux; Android 6.0.1; Nexus 5X Build/MMB29P) AppleWebKit/537.36 (KHTML, like Gecko) Chrome/137.0.7151.103 Mobile Safari/537.36 (compatible; Googlebot/2.1; +http://www.google.com/bot.html)"
66.249.68.137 - - [13/Jul/2025:14:34:44 -0400] "GET /items/078045204.html?srsltid=AfmBOoxzkARalhrgcWAtcOF9KFrZCvoqDlTrUqMluaLinAxGEKeV HTTP/1.1" 404 1251 "-" "Mozilla/5.0 (compatible; Googlebot/2.1; +http://www.google.com/bot.html)"
66.249.68.137 - - [13/Jul/2025:14:34:46 -0400] "GET /items/kpqdf18/31043?key=wait HTTP/1.1" 404 1251 "-" "Mozilla/5.0 (compatible; Googlebot/2.1; +http://www.google.com/bot.html)"
66.249.68.137 - - [13/Jul/2025:14:34:46 -0400] "GET /items/lxmsw43/312?key=fragment HTTP/1.1" 404 1251 "-" "Mozilla/5.0 (Linux; Android 6.0.1; Nexus 5X Build/MMB29P) AppleWebKit/537.36 (KHTML, like Gecko) Chrome/137.0.7151.103 Mobile Safari/537.36 (compatible; Googlebot/2.1; +http://www.google.com/bot.html)"
66.249.68.137 - - [13/Jul/2025:14:34:56 -0400] "GET /items/hkkzp16/9551?key=wet HTTP/1.1" 404 1251 "-" "Mozilla/5.0 (Linux; Android 6.0.1; Nexus 5X Build/MMB29P) AppleWebKit/537.36 (KHTML, like Gecko) Chrome/137.0.7151.103 Mobile Safari/537.36 (compatible; Googlebot/2.1; +http://www.google.com/bot.html)"
66.249.68.137 - - [13/Jul/2025:14:34:58 -0400] "GET /items/svvlg93/42018?key=exceed HTTP/1.1" 404 1251 "-" "Mozilla/5.0 (compatible; Googlebot/2.1; +http://www.google.com/bot.html)"
66.249.79.194 - - [13/Jul/2025:14:35:01 -0400] "GET /items/073042419.html?srsltid=AfmBOoburtJRWwwWGPXHO1gWBUllUgQu0kj0c2x66G2Io9XeG8aR HTTP/1.1" 404 1251 "-" "Mozilla/5.0 (compatible; Googlebot/2.1; +http://www.google.com/bot.html)"
66.249.68.128 - - [13/Jul/2025:14:35:40 -0400] "GET /product/edit/hatoya-cr4538792342894 HTTP/1.1" 404 1251 "-" "Mozilla/5.0 (Linux; Android 6.0.1; Nexus 5X Build/MMB29P) AppleWebKit/537.36 (KHTML, like Gecko) Chrome/137.0.7151.103 Mobile Safari/537.36 (compatible; Googlebot/2.1; +http://www.google.com/bot.html)"
66.249.68.137 - - [13/Jul/2025:14:35:43 -0400] "GET /items/tncxd54/679?key=particularly HTTP/1.1" 404 1251 "-" "Mozilla/5.0 (compatible; Googlebot/2.1; +http://www.google.com/bot.html)"
198.235.24.142 - - [13/Jul/2025:14:35:46 -0400] "GET / HTTP/1.1" 200 1439 "-" "Hello from Palo Alto Networks, find out more about our scans in https://docs-cortex.paloaltonetworks.com/r/1/Cortex-Xpanse/Scanning-activity"
66.249.79.194 - - [13/Jul/2025:14:36:16 -0400] "GET /pcmypage?callback=/product%2Fdetail%2Akibamac-4534644022396 HTTP/1.1" 404 1251 "-" "Mozilla/5.0 (Linux; Android 6.0.1; Nexus 5X Build/MMB29P) AppleWebKit/537.36 (KHTML, like Gecko) Chrome/137.0.7151.103 Mobile Safari/537.36 (compatible; Googlebot/2.1; +http://www.google.com/bot.html)"
66.249.79.195 - - [13/Jul/2025:14:36:23 -0400] "GET /items/isbfe98/327?key=laugh HTTP/1.1" 404 1251 "-" "Mozilla/5.0 (Linux; Android 6.0.1; Nexus 5X Build/MMB29P) AppleWebKit/537.36 (KHTML, like Gecko) Chrome/137.0.7151.103 Mobile Safari/537.36 (compatible; Googlebot/2.1; +http://www.google.com/bot.html)"
66.249.68.129 - - [13/Jul/2025:14:36:35 -0400] "GET /items/iikkq82/10933?key=confusion HTTP/1.1" 404 1251 "-" "Mozilla/5.0 (Linux; Android 6.0.1; Nexus 5X Build/MMB29P) AppleWebKit/537.36 (KHTML, like Gecko) Chrome/137.0.7151.103 Mobile Safari/537.36 (compatible; Googlebot/2.1; +http://www.google.com/bot.html)"
66.249.68.137 - - [13/Jul/2025:14:36:42 -0400] "GET /items/oxzrc78/2243?key=gift HTTP/1.1" 404 1251 "-" "Mozilla/5.0 (compatible; Googlebot/2.1; +http://www.google.com/bot.html)"
66.249.68.137 - - [13/Jul/2025:14:36:52 -0400] "GET /items/rkdro243/42466?key=safely HTTP/1.1" 404 1251 "-" "Mozilla/5.0 (compatible; Googlebot/2.1; +http://www.google.com/bot.html)"
66.249.68.137 - - [13/Jul/2025:14:36:52 -0400] "GET /items/rkdro243/42466?key=safely HTTP/1.1" 404 1251 "-" "Mozilla/5.0 (compatible; Googlebot/2.1; +http://www.google.com/bot.html)"
66.249.68.137 - - [13/Jul/2025:14:36:53 -0400] "GET /items/pgceg77/25592?key=adequate HTTP/1.1" 404 1251 "-" "Mozilla/5.0 (compatible; Googlebot/2.1; +http://www.google.com/bot.html)"
66.249.79.194 - - [13/Jul/2025:14:37:21 -0400] "GET /pcmypage?callback=product%2Fdetail%2Fbranddepot-t11457s HTTP/1.1" 404 1251 "-" "Mozilla/5.0 (compatible; Googlebot/2.1; +http://www.google.com/bot.html)"
66.249.79.195 - - [13/Jul/2025:14:37:31 -0400] "GET /pcmypage?callback=product%2Fdetail%2Ffilms-shop-gs50_r_920_60m HTTP/1.1" 404 1251 "-" "Mozilla/5.0 (Linux; Android 6.0.1; Nexus 5X Build/MMB29P) AppleWebKit/537.36 (KHTML, like Gecko) Chrome/137.0.7151.103 Mobile Safari/537.36 (compatible; Googlebot/2.1; +http://www.google.com/bot.html)"
66.249.68.128 - - [13/Jul/2025:14:37:33 -0400] "GET /pcmypage?callback=product%2Fdetail%2Ffirst23-wb-4936350045469 HTTP/1.1" 404 1251 "-" "Mozilla/5.0 (Linux; Android 6.0.1; Nexus 5X Build/MMB29P) AppleWebKit/537.36 (KHTML, like Gecko) Chrome/137.0.7151.103 Mobile Safari/537.36 (compatible; Googlebot/2.1; +http://www.google.com/bot.html)"
66.249.68.128 - - [13/Jul/2025:14:37:35 -0400] "GET /items/090049146.html?srsltid=AfmBOohatsjbiVAHVbhyJKWhWGdpjdZUC9QX4uCPeRlVSpVVpXqs HTTP/1.1" 404 1251 "-" "Mozilla/5.0 (Linux; Android 6.0.1; Nexus 5X Build/MMB29P) AppleWebKit/537.36 (KHTML, like Gecko) Chrome/137.0.7151.103 Mobile Safari/537.36 (compatible; Googlebot/2.1; +http://www.google.com/bot.html)"
66.249.79.194 - - [13/Jul/2025:14:37:50 -0400] "GET /pcmypage?callback=product/review/cookcook-4560224466908 HTTP/1.1" 404 1251 "-" "Mozilla/5.0 (compatible; Googlebot/2.1; +http://www.google.com/bot.html)"
66.249.68.137 - - [13/Jul/2025:14:38:14 -0400] "GET /pcmypage?callback=product%2Fdetail%2Fdiva-closet-as-138682321-1 HTTP/1.1" 404 1251 "-" "Mozilla/5.0 (Linux; Android 6.0.1; Nexus 5X Build/MMB29P) AppleWebKit/537.36 (KHTML, like Gecko) Chrome/137.0.7151.103 Mobile Safari/537.36 (compatible; Googlebot/2.1; +http://www.google.com/bot.html)"
66.249.68.128 - - [13/Jul/2025:14:38:15 -0400] "GET /items/046000900.html?srsltid=AfmBOotfxxeaTsspSALrxzuOJbLLKqVvjkpAVQA1tVpc5jEUXWXO HTTP/1.1" 404 1251 "-" "Mozilla/5.0 (Linux; Android 6.0.1; Nexus 5X Build/MMB29P) AppleWebKit/537.36 (KHTML, like Gecko) Chrome/137.0.7151.103 Mobile Safari/537.36 (compatible; Googlebot/2.1; +http://www.google.com/bot.html)"
66.249.68.137 - - [13/Jul/2025:14:38:36 -0400] "GET /items/034008832.html?srsltid=AfmBOosifeEFqLrHyTTonSUpNGkZHQTTTDfrHflBs1SyNf6gEJSp HTTP/1.1" 404 1251 "-" "Mozilla/5.0 (Linux; Android 6.0.1; Nexus 5X Build/MMB29P) AppleWebKit/537.36 (KHTML, like Gecko) Chrome/137.0.7151.103 Mobile Safari/537.36 (compatible; Googlebot/2.1; +http://www.google.com/bot.html)"
66.249.68.128 - - [13/Jul/2025:14:38:37 -0400] "GET /items/034008832.html?srsltid=AfmBOosifeEFqLrHyTTonSUpNGkZHQTTTDfrHflBs1SyNf6gEJSp HTTP/1.1" 404 1251 "-" "Mozilla/5.0 (compatible; Googlebot/2.1; +http://www.google.com/bot.html)"
66.249.68.137 - - [13/Jul/2025:14:38:54 -0400] "GET /items/053018435.html?srsltid=AfmBOoqiyiwYRiIXAAsUmWXSGdqYwggDpgemKMEZtBl3Sf1cDXYm HTTP/1.1" 404 1251 "-" "Mozilla/5.0 (compatible; Googlebot/2.1; +http://www.google.com/bot.html)"
66.249.79.194 - - [13/Jul/2025:14:38:55 -0400] "GET /pcmypage?callback=product/review/honkeya-33008201-040105041-1 HTTP/1.1" 404 1251 "-" "Mozilla/5.0 (Linux; Android 6.0.1; Nexus 5X Build/MMB29P) AppleWebKit/537.36 (KHTML, like Gecko) Chrome/137.0.7151.103 Mobile Safari/537.36 (compatible; Googlebot/2.1; +http://www.google.com/bot.html)"
66.249.79.194 - - [13/Jul/2025:14:38:55 -0400] "GET /items/jzutn40/6635?key=ingredient HTTP/1.1" 404 1251 "-" "Mozilla/5.0 (Linux; Android 6.0.1; Nexus 5X Build/MMB29P) AppleWebKit/537.36 (KHTML, like Gecko) Chrome/137.0.7151.103 Mobile Safari/537.36 (compatible; Googlebot/2.1; +http://www.google.com/bot.html)"
66.249.68.129 - - [13/Jul/2025:14:39:23 -0400] "GET /items/xysiu222/9175?key=to HTTP/1.1" 404 1251 "-" "Mozilla/5.0 (compatible; Googlebot/2.1; +http://www.google.com/bot.html)"
66.249.68.129 - - [13/Jul/2025:14:39:24 -0400] "GET /items/290036632.html?srsltid=AfmBOokzsIsQGFkSjfgZ22X9ZAuhECMDRINidZ5YYT1GpKjiE943 HTTP/1.1" 404 1251 "-" "Mozilla/5.0 (compatible; Googlebot/2.1; +http://www.google.com/bot.html)"
66.249.79.206 - - [13/Jul/2025:14:39:30 -0400] "GET /items/208046384.html?srsltid=AfmBOogrmbDfoTaKPnZTVOKdBetQbrJMkyx4QzVTHuWYVre2UdhT HTTP/1.1" 404 1251 "-" "Mozilla/5.0 (compatible; Googlebot/2.1; +http://www.google.com/bot.html)"
66.249.68.128 - - [13/Jul/2025:14:39:41 -0400] "GET /pcmypage?callback=product/review/yumenokoya-c02-ds-1527494 HTTP/1.1" 404 1251 "-" "Mozilla/5.0 (Linux; Android 6.0.1; Nexus 5X Build/MMB29P) AppleWebKit/537.36 (KHTML, like Gecko) Chrome/137.0.7151.103 Mobile Safari/537.36 (compatible; Googlebot/2.1; +http://www.google.com/bot.html)"
66.249.68.137 - - [13/Jul/2025:14:39:52 -0400] "GET /items/066000650.html?srsltid=AfmBOopglReJRUPiXytdrfjuLHsvrWVaAx4Zqzv4uL28Y5kGseVw HTTP/1.1" 404 1251 "-" "Mozilla/5.0 (compatible; Googlebot/2.1; +http://www.google.com/bot.html)"
66.249.79.206 - - [13/Jul/2025:14:40:07 -0400] "GET /pcmypage?callback=product/review/zakka-hows-pg_sh_c09 HTTP/1.1" 404 1251 "-" "Mozilla/5.0 (compatible; Googlebot/2.1; +http://www.google.com/bot.html)"
66.249.79.206 - - [13/Jul/2025:14:40:07 -0400] "GET /pcmypage?callback=product/review/zakka-hows-pg_sh_c09 HTTP/1.1" 404 1251 "-" "Mozilla/5.0 (Linux; Android 6.0.1; Nexus 5X Build/MMB29P) AppleWebKit/537.36 (KHTML, like Gecko) Chrome/137.0.7151.103 Mobile Safari/537.36 (compatible; Googlebot/2.1; +http://www.google.com/bot.html)"
66.249.68.128 - - [13/Jul/2025:14:40:08 -0400] "GET /items/244020918.html?srsltid=AfmBOojpmPTZKxKsMHOOq0UyOmpmVenvhM32H77OMwEnZXMgeWiR HTTP/1.1" 404 1251 "-" "Mozilla/5.0 (compatible; Googlebot/2.1; +http://www.google.com/bot.html)"
66.249.68.129 - - [13/Jul/2025:14:40:09 -0400] "GET /items/244020918.html?srsltid=AfmBOojpmPTZKxKsMHOOq0UyOmpmVenvhM32H77OMwEnZXMgeWiR HTTP/1.1" 404 1251 "-" "Mozilla/5.0 (Linux; Android 6.0.1; Nexus 5X Build/MMB29P) AppleWebKit/537.36 (KHTML, like Gecko) Chrome/137.0.7151.103 Mobile Safari/537.36 (compatible; Googlebot/2.1; +http://www.google.com/bot.html)"
66.249.68.128 - - [13/Jul/2025:14:40:14 -0400] "GET /items/279041493.html?srsltid=AfmBOosmjAWZNeyOpFyE7wgqBPOBbdABbztFSfnz2vevS2Eas2ar HTTP/1.1" 404 1251 "-" "Mozilla/5.0 (compatible; Googlebot/2.1; +http://www.google.com/bot.html)"
66.249.68.137 - - [13/Jul/2025:14:40:15 -0400] "GET /items/279021007.html?srsltid=AfmBOocuyRQdiNrDfKpXIhRrGchSbdCKYEJpwqtuyulK6tOSlBm6 HTTP/1.1" 404 1251 "-" "Mozilla/5.0 (Linux; Android 6.0.1; Nexus 5X Build/MMB29P) AppleWebKit/537.36 (KHTML, like Gecko) Chrome/137.0.7151.103 Mobile Safari/537.36 (compatible; Googlebot/2.1; +http://www.google.com/bot.html)"
66.249.68.128 - - [13/Jul/2025:14:40:15 -0400] "GET /pcmypage?callback=/product%2Fdetail%2Fortheearth-10008545-7 HTTP/1.1" 404 1251 "-" "Mozilla/5.0 (Linux; Android 6.0.1; Nexus 5X Build/MMB29P) AppleWebKit/537.36 (KHTML, like Gecko) Chrome/137.0.7151.103 Mobile Safari/537.36 (compatible; Googlebot/2.1; +http://www.google.com/bot.html)"
66.249.79.206 - - [13/Jul/2025:14:40:16 -0400] "GET /items/046018802.html?srsltid=AfmBOocasOtLYZCyggxlQE35JaVoveemqAdX7Rny6fAhwL7dNL9k HTTP/1.1" 404 1251 "-" "Mozilla/5.0 (Linux; Android 6.0.1; Nexus 5X Build/MMB29P) AppleWebKit/537.36 (KHTML, like Gecko) Chrome/137.0.7151.103 Mobile Safari/537.36 (compatible; Googlebot/2.1; +http://www.google.com/bot.html)"
66.249.68.137 - - [13/Jul/2025:14:40:29 -0400] "GET /items/ylwge131/6292?key=among HTTP/1.1" 404 1251 "-" "Mozilla/5.0 (Linux; Android 6.0.1; Nexus 5X Build/MMB29P) AppleWebKit/537.36 (KHTML, like Gecko) Chrome/137.0.7151.103 Mobile Safari/537.36 (compatible; Googlebot/2.1; +http://www.google.com/bot.html)"
66.249.68.137 - - [13/Jul/2025:14:40:46 -0400] "GET /items/158024928.html?srsltid=AfmBOoegdpbjRybUnzUj1cI8KupoNEGNvicO9Vo9U9AFh2xTLUIA HTTP/1.1" 404 1251 "-" "Mozilla/5.0 (Linux; Android 6.0.1; Nexus 5X Build/MMB29P) AppleWebKit/537.36 (KHTML, like Gecko) Chrome/137.0.7151.103 Mobile Safari/537.36 (compatible; Googlebot/2.1; +http://www.google.com/bot.html)"
66.249.68.137 - - [13/Jul/2025:14:41:28 -0400] "GET /items/244024810.html?srsltid=AfmBOogldOjMRxGKyUKtoXNPSGHenlPn9KlgoBZwN3xy15bDNA5R HTTP/1.1" 404 1251 "-" "Mozilla/5.0 (compatible; Googlebot/2.1; +http://www.google.com/bot.html)"
66.249.68.137 - - [13/Jul/2025:14:41:33 -0400] "GET /items/zsygq192/17135?key=weather HTTP/1.1" 404 1251 "-" "Mozilla/5.0 (compatible; Googlebot/2.1; +http://www.google.com/bot.html)"
66.249.79.193 - - [13/Jul/2025:14:41:35 -0400] "GET /pcmypage?callback=product%2Fdetail%2Fazumanet2014-seven-rt6883 HTTP/1.1" 404 1251 "-" "Mozilla/5.0 (Linux; Android 6.0.1; Nexus 5X Build/MMB29P) AppleWebKit/537.36 (KHTML, like Gecko) Chrome/137.0.7151.103 Mobile Safari/537.36 (compatible; Googlebot/2.1; +http://www.google.com/bot.html)"
66.249.68.137 - - [13/Jul/2025:14:41:35 -0400] "GET /items/297034643.html?srsltid=AfmBOoevqbOjGadLrhdOKK6VXGtJZArJZbdbuNPrYNzq26MbqjgV HTTP/1.1" 404 1251 "-" "Mozilla/5.0 (Linux; Android 6.0.1; Nexus 5X Build/MMB29P) AppleWebKit/537.36 (KHTML, like Gecko) Chrome/137.0.7151.103 Mobile Safari/537.36 (compatible; Googlebot/2.1; +http://www.google.com/bot.html)"
66.249.68.137 - - [13/Jul/2025:14:41:35 -0400] "GET /pcmypage?callback=product/review/asty-shop-x0-4zuzlfz6q9-048c HTTP/1.1" 404 1251 "-" "Mozilla/5.0 (Linux; Android 6.0.1; Nexus 5X Build/MMB29P) AppleWebKit/537.36 (KHTML, like Gecko) Chrome/137.0.7151.103 Mobile Safari/537.36 (compatible; Googlebot/2.1; +http://www.google.com/bot.html)"
66.249.79.192 - - [13/Jul/2025:14:41:52 -0400] "GET /items/thofb121/22344?key=scramble HTTP/1.1" 404 1251 "-" "Mozilla/5.0 (compatible; Googlebot/2.1; +http://www.google.com/bot.html)"
66.249.68.129 - - [13/Jul/2025:14:42:05 -0400] "GET /items/289020261.html?srsltid=AfmBOowyrDzRFhuVvuvY0O5NUyYQqrQrSAwIysGgX6V83SbsZQjq HTTP/1.1" 404 1251 "-" "Mozilla/5.0 (Linux; Android 6.0.1; Nexus 5X Build/MMB29P) AppleWebKit/537.36 (KHTML, like Gecko) Chrome/137.0.7151.103 Mobile Safari/537.36 (compatible; Googlebot/2.1; +http://www.google.com/bot.html)"
47.82.60.13 - - [13/Jul/2025:14:42:05 -0400] "GET /pcmypage?callback=product/detail/hcvalor-eshop-trusco-5159483 HTTP/1.1" 404 1251 "https://first-gulf.com.sa/pcmypage?callback=product%2Fdetail%2Fhcvalor-eshop-trusco-5159483" "Mozilla/5.0 (Windows NT 10.0; Win64; x64) AppleWebKit/537.36 (KHTML, like Gecko) Chrome/114.0.0.0 Safari/537.36 Edg/114.0.1823.43"
66.249.68.128 - - [13/Jul/2025:14:42:11 -0400] "GET /items/eeach273/15280?key=prisoner HTTP/1.1" 404 1251 "-" "Mozilla/5.0 (compatible; Googlebot/2.1; +http://www.google.com/bot.html)"
47.82.60.30 - - [13/Jul/2025:14:42:12 -0400] "GET /items/wupbo87/1856?key=ridge HTTP/1.1" 404 1251 "https://first-gulf.com.sa/items/wupbo87/1856?key=ridge" "Mozilla/5.0 (Windows NT 10.0; Win64; x64) AppleWebKit/537.36 (KHTML, like Gecko) Chrome/114.0.0.0 Safari/537.36 Edg/114.0.1823.43"
66.249.79.193 - - [13/Jul/2025:14:42:21 -0400] "GET /search.php?pcmypage?callback=product%2Fdetail%2Fauc-ymtrade-pa1225-w210 HTTP/1.1" 404 1251 "-" "Mozilla/5.0 (compatible; Googlebot/2.1; +http://www.google.com/bot.html)"
66.29.146.47 - - [13/Jul/2025:14:42:30 -0400] "POST /wp-cron.php?doing_wp_cron=1752432149.8484089374542236328125 HTTP/1.1" 403 1242 "-" "WordPress/6.8; https://first-gulf.com.sa"
196.251.84.106 - - [13/Jul/2025:14:42:18 -0400] "POST /wp-login.php HTTP/1.1" 200 3023 "-" "Mozilla/5.0"
66.249.68.137 - - [13/Jul/2025:14:42:32 -0400] "GET /items/tntbl22/27397?key=client HTTP/1.1" 404 1251 "-" "Mozilla/5.0 (Linux; Android 6.0.1; Nexus 5X Build/MMB29P) AppleWebKit/537.36 (KHTML, like Gecko) Chrome/137.0.7151.103 Mobile Safari/537.36 (compatible; Googlebot/2.1; +http://www.google.com/bot.html)"
66.249.68.137 - - [13/Jul/2025:14:42:55 -0400] "GET /pcmypage?callback=/product%2Fdetail%2m76536180704 HTTP/1.1" 404 1251 "-" "Mozilla/5.0 (Linux; Android 6.0.1; Nexus 5X Build/MMB29P) AppleWebKit/537.36 (KHTML, like Gecko) Chrome/137.0.7151.103 Mobile Safari/537.36 (compatible; Googlebot/2.1; +http://www.google.com/bot.html)"
66.249.68.137 - - [13/Jul/2025:14:42:56 -0400] "GET /items/xxcvw181/14482?key=follow HTTP/1.1" 404 1251 "-" "Mozilla/5.0 (Linux; Android 6.0.1; Nexus 5X Build/MMB29P) AppleWebKit/537.36 (KHTML, like Gecko) Chrome/137.0.7151.103 Mobile Safari/537.36 (compatible; Googlebot/2.1; +http://www.google.com/bot.html)"
66.249.68.137 - - [13/Jul/2025:14:42:57 -0400] "GET /items/tlnit94/405?key=restaurant HTTP/1.1" 404 1251 "-" "Mozilla/5.0 (Linux; Android 6.0.1; Nexus 5X Build/MMB29P) AppleWebKit/537.36 (KHTML, like Gecko) Chrome/137.0.7151.103 Mobile Safari/537.36 (compatible; Googlebot/2.1; +http://www.google.com/bot.html)"
66.249.68.137 - - [13/Jul/2025:14:43:03 -0400] "GET /items/015047183.html?srsltid=AfmBOoixdUvNVEwirupjKXhYTavFTyAU8ewAEqKeb9y0oorLDm6i HTTP/1.1" 404 1251 "-" "Mozilla/5.0 (Linux; Android 6.0.1; Nexus 5X Build/MMB29P) AppleWebKit/537.36 (KHTML, like Gecko) Chrome/137.0.7151.103 Mobile Safari/537.36 (compatible; Googlebot/2.1; +http://www.google.com/bot.html)"
66.249.68.128 - - [13/Jul/2025:14:43:09 -0400] "GET /items/179048257.html?srsltid=AfmBOogqpMzsMbUApZnFCWOuJspqbxdRgvDYxqAubtfQJnWk86mx HTTP/1.1" 404 1251 "-" "Mozilla/5.0 (Linux; Android 6.0.1; Nexus 5X Build/MMB29P) AppleWebKit/537.36 (KHTML, like Gecko) Chrome/137.0.7151.103 Mobile Safari/537.36 (compatible; Googlebot/2.1; +http://www.google.com/bot.html)"
66.249.68.137 - - [13/Jul/2025:14:43:24 -0400] "GET /items/lyrzw190/9553?key=sugar HTTP/1.1" 404 1251 "-" "Mozilla/5.0 (Linux; Android 6.0.1; Nexus 5X Build/MMB29P) AppleWebKit/537.36 (KHTML, like Gecko) Chrome/137.0.7151.103 Mobile Safari/537.36 (compatible; Googlebot/2.1; +http://www.google.com/bot.html)"
66.249.68.137 - - [13/Jul/2025:14:43:24 -0400] "GET /zhHant/product/surugaya/autopartsdirect-1165931631127431137?campaign_uid=f64d716db5e979ed2f947dbaf4296895b951ae7f HTTP/1.1" 404 1251 "-" "Mozilla/5.0 (compatible; Googlebot/2.1; +http://www.google.com/bot.html)"
66.249.68.137 - - [13/Jul/2025:14:43:48 -0400] "GET /items/vyhbk184/30319?key=retain HTTP/1.1" 404 1251 "-" "Mozilla/5.0 (Linux; Android 6.0.1; Nexus 5X Build/MMB29P) AppleWebKit/537.36 (KHTML, like Gecko) Chrome/137.0.7151.103 Mobile Safari/537.36 (compatible; Googlebot/2.1; +http://www.google.com/bot.html)"
66.249.68.137 - - [13/Jul/2025:14:43:56 -0400] "GET /pcmypage?callback=/product%2Fdetail%23rdshop-ts_8285871 HTTP/1.1" 404 1251 "-" "Mozilla/5.0 (compatible; Googlebot/2.1; +http://www.google.com/bot.html)"
66.249.68.137 - - [13/Jul/2025:14:44:04 -0400] "GET /items/xxxpg166/5611?key=rock HTTP/1.1" 404 1251 "-" "Mozilla/5.0 (compatible; Googlebot/2.1; +http://www.google.com/bot.html)"
66.249.79.193 - - [13/Jul/2025:14:44:14 -0400] "GET /items/jcyfr46/2997?key=psychology HTTP/1.1" 404 1251 "-" "Mozilla/5.0 (Linux; Android 6.0.1; Nexus 5X Build/MMB29P) AppleWebKit/537.36 (KHTML, like Gecko) Chrome/137.0.7151.103 Mobile Safari/537.36 (compatible; Googlebot/2.1; +http://www.google.com/bot.html)"
66.249.68.137 - - [13/Jul/2025:14:44:15 -0400] "GET /items/147041049.html?srsltid=AfmBOohshaOnCBVpuXjr5xTaCsleQxEyWtrthHJvtcLNfrjnlPCt HTTP/1.1" 404 1251 "-" "Mozilla/5.0 (Linux; Android 6.0.1; Nexus 5X Build/MMB29P) AppleWebKit/537.36 (KHTML, like Gecko) Chrome/137.0.7151.119 Mobile Safari/537.36 (compatible; Googlebot/2.1; +http://www.google.com/bot.html)"
198.235.24.165 - - [13/Jul/2025:14:44:16 -0400] "GET / HTTP/1.1" 200 1436 "http://172.67.183.196:80/" "-"
