66.249.68.137 - - [13/Jul/2025:16:36:38 -0400] "GET /items/218043510.html?srsltid=AfmBOocqgODvmMcZJZdWjUjUOkclDLDszQsF5mVXJwRQkM0Vz71D HTTP/1.1" 404 1251 "-" "Mozilla/5.0 (compatible; Googlebot/2.1; +http://www.google.com/bot.html)"
66.249.79.206 - - [13/Jul/2025:16:36:44 -0400] "GET /pcmypage?callback=product%2Fdetail%2Fbiccamera-4560277214082 HTTP/1.1" 404 1251 "-" "Mozilla/5.0 (compatible; Googlebot/2.1; +http://www.google.com/bot.html)"
66.249.79.206 - - [13/Jul/2025:16:36:46 -0400] "GET /pcmypage?callback=product/review/akibaoo-r-hm002062552 HTTP/1.1" 404 1251 "-" "Mozilla/5.0 (Linux; Android 6.0.1; Nexus 5X Build/MMB29P) AppleWebKit/537.36 (KHTML, like Gecko) Chrome/137.0.7151.103 Mobile Safari/537.36 (compatible; Googlebot/2.1; +http://www.google.com/bot.html)"
66.249.68.137 - - [13/Jul/2025:16:36:58 -0400] "GET /items/262017910.html?srsltid=AfmBOowlnHZZwHztRFJEoLEEXkioyhcPr05ASsrwkAa9w8yydGxE HTTP/1.1" 404 1251 "-" "Mozilla/5.0 (Linux; Android 6.0.1; Nexus 5X Build/MMB29P) AppleWebKit/537.36 (KHTML, like Gecko) Chrome/137.0.7151.103 Mobile Safari/537.36 (compatible; Googlebot/2.1; +http://www.google.com/bot.html)"
66.249.79.192 - - [13/Jul/2025:16:37:24 -0400] "GET /items/170048308.html?srsltid=AfmBOobbfPcrdwvLoItjTApYCRSxyuWBlLq4V7IQZf86UhkniU6P HTTP/1.1" 404 1251 "-" "Mozilla/5.0 (Linux; Android 6.0.1; Nexus 5X Build/MMB29P) AppleWebKit/537.36 (KHTML, like Gecko) Chrome/137.0.7151.119 Mobile Safari/537.36 (compatible; Googlebot/2.1; +http://www.google.com/bot.html)"
204.12.252.98 - - [13/Jul/2025:16:37:25 -0400] "GET /wp-content/install.php HTTP/1.1" 404 1251 "https://first-gulf.com.sa/wp-content/install.php" "Mozilla/5.0 (Windows NT 10.0; Win64; x64) AppleWebKit/537.36 (KHTML, like Gecko) Chrome/58.0.3029.110 Safari/537.3"
66.249.79.193 - - [13/Jul/2025:16:37:26 -0400] "GET /pcmypage?callback=product/review/biccamera-4968808220487 HTTP/1.1" 404 1251 "-" "Mozilla/5.0 (compatible; Googlebot/2.1; +http://www.google.com/bot.html)"
66.249.79.206 - - [13/Jul/2025:16:37:29 -0400] "GET /items/zsksd169/25256?key=feature HTTP/1.1" 404 1251 "-" "Mozilla/5.0 (compatible; Googlebot/2.1; +http://www.google.com/bot.html)"
66.249.68.129 - - [13/Jul/2025:16:37:32 -0400] "GET /items/123019525.html?srsltid=AfmBOokgiAzMoGlpTjzBP7VdHIKAFWgxBwx6iveLSCiMeQmurhBq HTTP/1.1" 404 1251 "-" "Mozilla/5.0 (Linux; Android 6.0.1; Nexus 5X Build/MMB29P) AppleWebKit/537.36 (KHTML, like Gecko) Chrome/137.0.7151.103 Mobile Safari/537.36 (compatible; Googlebot/2.1; +http://www.google.com/bot.html)"
66.249.68.128 - - [13/Jul/2025:16:37:41 -0400] "GET /items/jiwgd71/8034?key=base HTTP/1.1" 404 1251 "-" "Mozilla/5.0 (Linux; Android 6.0.1; Nexus 5X Build/MMB29P) AppleWebKit/537.36 (KHTML, like Gecko) Chrome/137.0.7151.103 Mobile Safari/537.36 (compatible; Googlebot/2.1; +http://www.google.com/bot.html)"
66.249.68.137 - - [13/Jul/2025:16:37:58 -0400] "GET /items/ljpth213/47924?key=local HTTP/1.1" 404 1251 "-" "Mozilla/5.0 (compatible; Googlebot/2.1; +http://www.google.com/bot.html)"
66.249.68.137 - - [13/Jul/2025:16:37:59 -0400] "GET /items/iqrzm135/8164?key=recruit HTTP/1.1" 404 1251 "-" "Mozilla/5.0 (compatible; Googlebot/2.1; +http://www.google.com/bot.html)"
66.249.68.137 - - [13/Jul/2025:16:38:00 -0400] "GET /items/079000017.html?srsltid=AfmBOopabAuSDoTnUkCsFzZYMziBILSQUQyXnordcCqr6nQ0Cc71 HTTP/1.1" 404 1251 "-" "Mozilla/5.0 (Linux; Android 6.0.1; Nexus 5X Build/MMB29P) AppleWebKit/537.36 (KHTML, like Gecko) Chrome/137.0.7151.119 Mobile Safari/537.36 (compatible; Googlebot/2.1; +http://www.google.com/bot.html)"
51.222.253.14 - - [13/Jul/2025:16:38:06 -0400] "GET /?sitemap598.xml HTTP/1.1" 200 1436 "-" "Mozilla/5.0 (compatible; AhrefsBot/7.0; +http://ahrefs.com/robot/)"
66.249.79.206 - - [13/Jul/2025:16:38:14 -0400] "GET /category/1654_5059_5060/1/listing HTTP/1.1" 404 1251 "-" "Mozilla/5.0 (Linux; Android 6.0.1; Nexus 5X Build/MMB29P) AppleWebKit/537.36 (KHTML, like Gecko) Chrome/137.0.7151.103 Mobile Safari/537.36 (compatible; Googlebot/2.1; +http://www.google.com/bot.html)"
66.249.68.137 - - [13/Jul/2025:16:38:17 -0400] "GET /product/edit/iestore-sou-2100k-e-b HTTP/1.1" 404 1251 "-" "Mozilla/5.0 (Linux; Android 6.0.1; Nexus 5X Build/MMB29P) AppleWebKit/537.36 (KHTML, like Gecko) Chrome/137.0.7151.103 Mobile Safari/537.36 (compatible; Googlebot/2.1; +http://www.google.com/bot.html)"
66.249.79.192 - - [13/Jul/2025:16:38:38 -0400] "GET /pcmypage?callback=/product%2Fdetail%2First23-asone-64-2216-57 HTTP/1.1" 404 1251 "-" "Mozilla/5.0 (Linux; Android 6.0.1; Nexus 5X Build/MMB29P) AppleWebKit/537.36 (KHTML, like Gecko) Chrome/137.0.7151.103 Mobile Safari/537.36 (compatible; Googlebot/2.1; +http://www.google.com/bot.html)"
66.249.68.137 - - [13/Jul/2025:16:38:39 -0400] "GET /items/064023842.html?srsltid=AfmBOoubycxwGIbWbILkreOYXpBQfQBkbVTxcZBTmdwJY1BWBgqw HTTP/1.1" 404 1251 "-" "Mozilla/5.0 (compatible; Googlebot/2.1; +http://www.google.com/bot.html)"
66.249.68.137 - - [13/Jul/2025:16:38:56 -0400] "GET /items/rbgyb158/25339?key=hesitate HTTP/1.1" 404 1251 "-" "Mozilla/5.0 (Linux; Android 6.0.1; Nexus 5X Build/MMB29P) AppleWebKit/537.36 (KHTML, like Gecko) Chrome/137.0.7151.103 Mobile Safari/537.36 (compatible; Googlebot/2.1; +http://www.google.com/bot.html)"
66.249.68.137 - - [13/Jul/2025:16:39:01 -0400] "GET /items/115001615.html?srsltid=AfmBOokejXDEjoHrxHbTaSPiFRNPKOPYAufrZPZcGy2urCP4tlM2 HTTP/1.1" 404 1251 "-" "Mozilla/5.0 (compatible; Googlebot/2.1; +http://www.google.com/bot.html)"
66.249.68.128 - - [13/Jul/2025:16:39:03 -0400] "GET /items/022023532.html?srsltid=AfmBOocvpPYIUEhdPjiAzM2qMwUTzKCuhAnQNQMj1nelmsk5gWDD HTTP/1.1" 404 1251 "-" "Mozilla/5.0 (Linux; Android 6.0.1; Nexus 5X Build/MMB29P) AppleWebKit/537.36 (KHTML, like Gecko) Chrome/137.0.7151.103 Mobile Safari/537.36 (compatible; Googlebot/2.1; +http://www.google.com/bot.html)"
66.249.79.193 - - [13/Jul/2025:16:39:12 -0400] "GET /pcmypage?callback=product%2Fdetail%2Fl-and-b-1435665 HTTP/1.1" 404 1251 "-" "Mozilla/5.0 (Linux; Android 6.0.1; Nexus 5X Build/MMB29P) AppleWebKit/537.36 (KHTML, like Gecko) Chrome/137.0.7151.119 Mobile Safari/537.36 (compatible; Googlebot/2.1; +http://www.google.com/bot.html)"
66.249.68.137 - - [13/Jul/2025:16:39:22 -0400] "GET /pcmypage?callback=/product%2Fdetail%2Cookcook-20-9030 HTTP/1.1" 404 1251 "-" "Mozilla/5.0 (Linux; Android 6.0.1; Nexus 5X Build/MMB29P) AppleWebKit/537.36 (KHTML, like Gecko) Chrome/137.0.7151.103 Mobile Safari/537.36 (compatible; Googlebot/2.1; +http://www.google.com/bot.html)"
66.249.68.137 - - [13/Jul/2025:16:39:22 -0400] "GET /pcmypage?callback=/product%2Fdetail%2Cookcook-20-9030 HTTP/1.1" 404 1251 "-" "Mozilla/5.0 (compatible; Googlebot/2.1; +http://www.google.com/bot.html)"
66.249.79.206 - - [13/Jul/2025:16:39:40 -0400] "GET /pcmypage?callback=product%2Fdetail%2Ffirst34-trusco-1315958 HTTP/1.1" 404 1251 "-" "Mozilla/5.0 (compatible; Googlebot/2.1; +http://www.google.com/bot.html)"
66.249.68.137 - - [13/Jul/2025:16:39:47 -0400] "GET /items/uwxfu300/40637?key=creation HTTP/1.1" 404 1251 "-" "Mozilla/5.0 (Linux; Android 6.0.1; Nexus 5X Build/MMB29P) AppleWebKit/537.36 (KHTML, like Gecko) Chrome/137.0.7151.103 Mobile Safari/537.36 (compatible; Googlebot/2.1; +http://www.google.com/bot.html)"
66.249.79.206 - - [13/Jul/2025:16:39:48 -0400] "GET /pcmypage?callback=product/review/creer-kn-332384 HTTP/1.1" 404 1251 "-" "Mozilla/5.0 (compatible; Googlebot/2.1; +http://www.google.com/bot.html)"
66.249.68.137 - - [13/Jul/2025:16:39:49 -0400] "GET /items/299038693.html?srsltid=AfmBOokawZRLrYHZKIxgpLLzYlgKVEyX0T76h9Bi7nvGUXfZ0L9Z HTTP/1.1" 404 1251 "-" "Mozilla/5.0 (Linux; Android 6.0.1; Nexus 5X Build/MMB29P) AppleWebKit/537.36 (KHTML, like Gecko) Chrome/137.0.7151.103 Mobile Safari/537.36 (compatible; Googlebot/2.1; +http://www.google.com/bot.html)"
66.249.68.137 - - [13/Jul/2025:16:39:50 -0400] "GET /search?category=501&search_word= HTTP/1.1" 404 1251 "-" "Mozilla/5.0 (compatible; Googlebot/2.1; +http://www.google.com/bot.html)"
66.249.68.137 - - [13/Jul/2025:16:39:50 -0400] "GET /items/ugxws291/46766?key=crisis HTTP/1.1" 404 1251 "-" "Mozilla/5.0 (compatible; Googlebot/2.1; +http://www.google.com/bot.html)"
66.249.79.206 - - [13/Jul/2025:16:39:52 -0400] "GET /items/229021899.html?srsltid=AfmBOoobzQPBGkzEWtkM93iFQEilTCZig3y6YCN1Q5I3spRWcMVv HTTP/1.1" 404 1251 "-" "Mozilla/5.0 (compatible; Googlebot/2.1; +http://www.google.com/bot.html)"
66.249.68.137 - - [13/Jul/2025:16:39:58 -0400] "GET /items/dqpyz66/42015?key=hip HTTP/1.1" 404 1251 "-" "Mozilla/5.0 (Linux; Android 6.0.1; Nexus 5X Build/MMB29P) AppleWebKit/537.36 (KHTML, like Gecko) Chrome/137.0.7151.103 Mobile Safari/537.36 (compatible; Googlebot/2.1; +http://www.google.com/bot.html)"
66.249.79.192 - - [13/Jul/2025:16:40:15 -0400] "GET /pcmypage?callback=/product%2Fdetail%2Cocohouse-b00005lm0t HTTP/1.1" 404 1251 "-" "Mozilla/5.0 (Linux; Android 6.0.1; Nexus 5X Build/MMB29P) AppleWebKit/537.36 (KHTML, like Gecko) Chrome/137.0.7151.103 Mobile Safari/537.36 (compatible; Googlebot/2.1; +http://www.google.com/bot.html)"
198.235.24.24 - - [13/Jul/2025:16:40:17 -0400] "GET / HTTP/1.1" 200 1439 "-" "-"
66.249.68.137 - - [13/Jul/2025:16:40:23 -0400] "GET /items/046033472.html?srsltid=AfmBOotodybjIWQlmIlZKiZ3WUqrFAUFBfQH4M0xi4ydYWVQHSC5 HTTP/1.1" 404 1251 "-" "Mozilla/5.0 (Linux; Android 6.0.1; Nexus 5X Build/MMB29P) AppleWebKit/537.36 (KHTML, like Gecko) Chrome/137.0.7151.103 Mobile Safari/537.36 (compatible; Googlebot/2.1; +http://www.google.com/bot.html)"
66.249.68.128 - - [13/Jul/2025:16:40:24 -0400] "GET /zhHant/product/surugaya/hatoya-2-parts-y-2hc818900000?campaign_uid=f64d716db5e979ed2f947dbaf4296895b951ae7f HTTP/1.1" 404 1251 "-" "Mozilla/5.0 (Linux; Android 6.0.1; Nexus 5X Build/MMB29P) AppleWebKit/537.36 (KHTML, like Gecko) Chrome/137.0.7151.103 Mobile Safari/537.36 (compatible; Googlebot/2.1; +http://www.google.com/bot.html)"
66.249.79.206 - - [13/Jul/2025:16:40:25 -0400] "GET /items/096000254.html?srsltid=AfmBOoagfEBpFfoZyjCsi8gCEjAplDVB92kFq84ycXef6LoqUCVL HTTP/1.1" 404 1251 "-" "Mozilla/5.0 (compatible; Googlebot/2.1; +http://www.google.com/bot.html)"
66.249.68.137 - - [13/Jul/2025:16:40:35 -0400] "GET /items/075004113.html?srsltid=AfmBOonbsUkTUAPYmARUVeUAJKYAmIYHzBDJ5oTvG29GUnyagf0P HTTP/1.1" 404 1251 "-" "Mozilla/5.0 (Linux; Android 6.0.1; Nexus 5X Build/MMB29P) AppleWebKit/537.36 (KHTML, like Gecko) Chrome/137.0.7151.103 Mobile Safari/537.36 (compatible; Googlebot/2.1; +http://www.google.com/bot.html)"
66.249.68.137 - - [13/Jul/2025:16:40:39 -0400] "GET /items/zusiu153/32260?key=vehicle HTTP/1.1" 404 1251 "-" "Mozilla/5.0 (compatible; Googlebot/2.1; +http://www.google.com/bot.html)"
66.249.68.137 - - [13/Jul/2025:16:40:49 -0400] "GET /items/gaqnh219/22646?key=prescription HTTP/1.1" 404 1251 "-" "Mozilla/5.0 (Linux; Android 6.0.1; Nexus 5X Build/MMB29P) AppleWebKit/537.36 (KHTML, like Gecko) Chrome/137.0.7151.103 Mobile Safari/537.36 (compatible; Googlebot/2.1; +http://www.google.com/bot.html)"
66.249.79.206 - - [13/Jul/2025:16:41:04 -0400] "GET /pcmypage?callback=product/review/hananoarimatsu-agt-290 HTTP/1.1" 404 1251 "-" "Mozilla/5.0 (compatible; Googlebot/2.1; +http://www.google.com/bot.html)"
66.249.79.192 - - [13/Jul/2025:16:41:10 -0400] "GET /items/xakyz38/11?key=fewer HTTP/1.1" 404 1251 "-" "Mozilla/5.0 (Linux; Android 6.0.1; Nexus 5X Build/MMB29P) AppleWebKit/537.36 (KHTML, like Gecko) Chrome/137.0.7151.103 Mobile Safari/537.36 (compatible; Googlebot/2.1; +http://www.google.com/bot.html)"
66.249.79.206 - - [13/Jul/2025:16:41:11 -0400] "GET /items/xakyz38/11?key=fewer HTTP/1.1" 404 1251 "-" "Mozilla/5.0 (compatible; Googlebot/2.1; +http://www.google.com/bot.html)"
66.249.79.192 - - [13/Jul/2025:16:41:11 -0400] "GET /items/xakyz38/11?key=fewer HTTP/1.1" 404 1251 "-" "Mozilla/5.0 (compatible; Googlebot/2.1; +http://www.google.com/bot.html)"
66.249.68.128 - - [13/Jul/2025:16:41:18 -0400] "GET /items/028032410.html?srsltid=AfmBOoavvNNvzMIDvAMWVLU7JYrvQjFryu4P55B33f5uGY9Gp1xj HTTP/1.1" 404 1251 "-" "Mozilla/5.0 (Linux; Android 6.0.1; Nexus 5X Build/MMB29P) AppleWebKit/537.36 (KHTML, like Gecko) Chrome/137.0.7151.103 Mobile Safari/537.36 (compatible; Googlebot/2.1; +http://www.google.com/bot.html)"
66.249.68.129 - - [13/Jul/2025:16:41:20 -0400] "GET /items/020001568.html?srsltid=AfmBOohnjdlrYHHoCUimEPHpQXWWMQIjVVO6bqkNNlWX7STHZwyT HTTP/1.1" 404 1251 "-" "Mozilla/5.0 (Linux; Android 6.0.1; Nexus 5X Build/MMB29P) AppleWebKit/537.36 (KHTML, like Gecko) Chrome/137.0.7151.103 Mobile Safari/537.36 (compatible; Googlebot/2.1; +http://www.google.com/bot.html)"
69.197.135.226 - - [13/Jul/2025:16:41:44 -0400] "GET /wp-content/install.php HTTP/1.1" 404 1251 "https://first-gulf.com.sa/wp-content/install.php" "Mozilla/5.0 (Windows NT 10.0; Win64; x64) AppleWebKit/537.36 (KHTML, like Gecko) Chrome/58.0.3029.110 Safari/537.3"
66.249.68.137 - - [13/Jul/2025:16:41:51 -0400] "GET /items/068032992.html?srsltid=AfmBOoijeDPxCKrDcXDSjMM1QzblOLTOIWd6tm0MrZQFYSvg81Q3 HTTP/1.1" 404 1251 "-" "Mozilla/5.0 (compatible; Googlebot/2.1; +http://www.google.com/bot.html)"
66.249.68.128 - - [13/Jul/2025:16:41:52 -0400] "GET /items/zaklk36/26693?key=lawsuit HTTP/1.1" 404 1251 "-" "Mozilla/5.0 (compatible; Googlebot/2.1; +http://www.google.com/bot.html)"
66.249.68.128 - - [13/Jul/2025:16:42:06 -0400] "GET /items/ehepm108/38213?key=always HTTP/1.1" 404 1251 "-" "Mozilla/5.0 (Linux; Android 6.0.1; Nexus 5X Build/MMB29P) AppleWebKit/537.36 (KHTML, like Gecko) Chrome/137.0.7151.103 Mobile Safari/537.36 (compatible; Googlebot/2.1; +http://www.google.com/bot.html)"
66.249.79.206 - - [13/Jul/2025:16:42:18 -0400] "GET /search.php?pcmypage?callback=product%2Fdetail%2Fchubo-pro-soko-sakae-022203 HTTP/1.1" 404 1251 "-" "Mozilla/5.0 (Linux; Android 6.0.1; Nexus 5X Build/MMB29P) AppleWebKit/537.36 (KHTML, like Gecko) Chrome/137.0.7151.103 Mobile Safari/537.36 (compatible; Googlebot/2.1; +http://www.google.com/bot.html)"
66.249.79.206 - - [13/Jul/2025:16:42:25 -0400] "GET /search.php?pcmypage?callback=product%2Fdetail%2F1bankanwebshop-ds-2216807 HTTP/1.1" 404 1251 "-" "Mozilla/5.0 (Linux; Android 6.0.1; Nexus 5X Build/MMB29P) AppleWebKit/537.36 (KHTML, like Gecko) Chrome/137.0.7151.119 Mobile Safari/537.36 (compatible; Googlebot/2.1; +http://www.google.com/bot.html)"
66.249.79.206 - - [13/Jul/2025:16:42:28 -0400] "GET /pcmypage?callback=product%2Fdetail%2Frnaa-hs284 HTTP/1.1" 404 1251 "-" "Mozilla/5.0 (Linux; Android 6.0.1; Nexus 5X Build/MMB29P) AppleWebKit/537.36 (KHTML, like Gecko) Chrome/137.0.7151.103 Mobile Safari/537.36 (compatible; Googlebot/2.1; +http://www.google.com/bot.html)"
66.249.79.192 - - [13/Jul/2025:16:42:29 -0400] "GET /pcmypage?callback=product%2Fdetail%2Frnaa-hs284 HTTP/1.1" 404 1251 "-" "Mozilla/5.0 (compatible; Googlebot/2.1; +http://www.google.com/bot.html)"
66.249.68.128 - - [13/Jul/2025:16:42:52 -0400] "GET /items/131060797.html?srsltid=AfmBOoplxrDzcwGoEvrzECSTYPebnDKqNAGoNSPLTqbh1nui5I8d HTTP/1.1" 404 1251 "-" "Mozilla/5.0 (Linux; Android 6.0.1; Nexus 5X Build/MMB29P) AppleWebKit/537.36 (KHTML, like Gecko) Chrome/137.0.7151.103 Mobile Safari/537.36 (compatible; Googlebot/2.1; +http://www.google.com/bot.html)"
66.249.79.206 - - [13/Jul/2025:16:43:04 -0400] "GET /items/lxmsw82/273?key=roof HTTP/1.1" 404 1251 "-" "Mozilla/5.0 (Linux; Android 6.0.1; Nexus 5X Build/MMB29P) AppleWebKit/537.36 (KHTML, like Gecko) Chrome/137.0.7151.103 Mobile Safari/537.36 (compatible; Googlebot/2.1; +http://www.google.com/bot.html)"
66.249.79.193 - - [13/Jul/2025:16:43:05 -0400] "GET /items/lxmsw82/273?key=roof HTTP/1.1" 404 1251 "-" "Mozilla/5.0 (compatible; Googlebot/2.1; +http://www.google.com/bot.html)"
198.235.24.139 - - [13/Jul/2025:16:43:05 -0400] "GET / HTTP/1.1" 200 1439 "-" "Hello from Palo Alto Networks, find out more about our scans in https://docs-cortex.paloaltonetworks.com/r/1/Cortex-Xpanse/Scanning-activity"
66.249.68.137 - - [13/Jul/2025:16:43:12 -0400] "GET /pcmypage?callback=product/review/hcvalor-eshop-trusco-5211681 HTTP/1.1" 404 1251 "-" "Mozilla/5.0 (compatible; Googlebot/2.1; +http://www.google.com/bot.html)"
47.82.60.49 - - [13/Jul/2025:16:43:21 -0400] "GET /items/mhrmh44/1207?key=happen HTTP/1.1" 404 1251 "https://first-gulf.com.sa/items/mhrmh44/1207?key=happen" "Mozilla/5.0 (Windows NT 10.0; Win64; x64) AppleWebKit/537.36 (KHTML, like Gecko) Chrome/114.0.0.0 Safari/537.36 Edg/114.0.1823.43"
66.249.68.128 - - [13/Jul/2025:16:43:25 -0400] "GET /items/bnutd194/49029?key=position HTTP/1.1" 404 1251 "-" "Mozilla/5.0 (compatible; Googlebot/2.1; +http://www.google.com/bot.html)"
66.249.79.192 - - [13/Jul/2025:16:43:27 -0400] "GET /items/092017570.html?srsltid=AfmBOoexpIdzYSuiEHDpaDjhCBQgdysfpv5ic9utCneMBGrFuhEC HTTP/1.1" 404 1251 "-" "Mozilla/5.0 (compatible; Googlebot/2.1; +http://www.google.com/bot.html)"
66.249.79.206 - - [13/Jul/2025:16:43:28 -0400] "GET /items/092017570.html?srsltid=AfmBOoexpIdzYSuiEHDpaDjhCBQgdysfpv5ic9utCneMBGrFuhEC HTTP/1.1" 404 1251 "-" "Mozilla/5.0 (Linux; Android 6.0.1; Nexus 5X Build/MMB29P) AppleWebKit/537.36 (KHTML, like Gecko) Chrome/137.0.7151.103 Mobile Safari/537.36 (compatible; Googlebot/2.1; +http://www.google.com/bot.html)"
66.249.68.137 - - [13/Jul/2025:16:43:37 -0400] "GET /zhHant/product/surugaya/aquashop-493-226-d?campaign_uid=f64d716db5e979ed2f947dbaf4296895b951ae7f HTTP/1.1" 404 1251 "-" "Mozilla/5.0 (compatible; Googlebot/2.1; +http://www.google.com/bot.html)"
66.249.68.137 - - [13/Jul/2025:16:43:38 -0400] "GET /zhHant/product/surugaya/m53644371520?campaign_uid=f64d716db5e979ed2f947dbaf4296895b951ae7f HTTP/1.1" 404 1251 "-" "Mozilla/5.0 (Linux; Android 6.0.1; Nexus 5X Build/MMB29P) AppleWebKit/537.36 (KHTML, like Gecko) Chrome/137.0.7151.103 Mobile Safari/537.36 (compatible; Googlebot/2.1; +http://www.google.com/bot.html)"
66.249.68.137 - - [13/Jul/2025:16:43:41 -0400] "GET /items/wnrev28/511?key=muscle HTTP/1.1" 404 1251 "-" "Mozilla/5.0 (Linux; Android 6.0.1; Nexus 5X Build/MMB29P) AppleWebKit/537.36 (KHTML, like Gecko) Chrome/137.0.7151.103 Mobile Safari/537.36 (compatible; Googlebot/2.1; +http://www.google.com/bot.html)"
66.249.79.206 - - [13/Jul/2025:16:43:48 -0400] "GET /pcmypage?callback=product%2Fdetail%2Fvie-up-ds-2463582 HTTP/1.1" 404 1251 "-" "Mozilla/5.0 (Linux; Android 6.0.1; Nexus 5X Build/MMB29P) AppleWebKit/537.36 (KHTML, like Gecko) Chrome/137.0.7151.119 Mobile Safari/537.36 (compatible; Googlebot/2.1; +http://www.google.com/bot.html)"
66.249.79.206 - - [13/Jul/2025:16:43:49 -0400] "GET /items/077000383.html?srsltid=AfmBOoajiPxKwyEFicgcXu4DJXaySjlLl8IY6BKhqrJpwoGWBqzp HTTP/1.1" 404 1251 "-" "Mozilla/5.0 (Linux; Android 6.0.1; Nexus 5X Build/MMB29P) AppleWebKit/537.36 (KHTML, like Gecko) Chrome/137.0.7151.103 Mobile Safari/537.36 (compatible; Googlebot/2.1; +http://www.google.com/bot.html)"
47.82.60.49 - - [13/Jul/2025:16:44:00 -0400] "GET /items/yndcd29/940?key=hers HTTP/1.1" 404 1251 "https://first-gulf.com.sa/items/yndcd29/940?key=hers" "Mozilla/5.0 (Windows NT 10.0; Win64; x64) AppleWebKit/537.36 (KHTML, like Gecko) Chrome/114.0.0.0 Safari/537.36 Edg/114.0.1823.43"
66.249.79.193 - - [13/Jul/2025:16:44:01 -0400] "GET /search.php?pcmypage?callback=/product%2Fdetail-eco-maison-ds-2095827 HTTP/1.1" 404 1251 "-" "Mozilla/5.0 (compatible; Googlebot/2.1; +http://www.google.com/bot.html)"
216.73.216.207 - - [13/Jul/2025:16:44:05 -0400] "GET /search.php HTTP/1.1" 404 1251 "-" "Mozilla/5.0 AppleWebKit/537.36 (KHTML, like Gecko; compatible; ClaudeBot/1.0; +claudebot@anthropic.com)"
66.249.79.192 - - [13/Jul/2025:16:44:05 -0400] "GET /pcmypage?callback=product%2Fdetail%2Ffirst34-hikoki-5780-3270 HTTP/1.1" 404 1251 "-" "Mozilla/5.0 (compatible; Googlebot/2.1; +http://www.google.com/bot.html)"
66.249.79.192 - - [13/Jul/2025:16:44:06 -0400] "GET /pcmypage?callback=product%2Fdetail%2Ffirst34-hikoki-5780-3270 HTTP/1.1" 404 1251 "-" "Mozilla/5.0 (Linux; Android 6.0.1; Nexus 5X Build/MMB29P) AppleWebKit/537.36 (KHTML, like Gecko) Chrome/137.0.7151.103 Mobile Safari/537.36 (compatible; Googlebot/2.1; +http://www.google.com/bot.html)"
66.249.68.137 - - [13/Jul/2025:16:44:23 -0400] "GET /zhHant/product/surugaya/orangetool-8240705?campaign_uid=f64d716db5e979ed2f947dbaf4296895b951ae7f HTTP/1.1" 404 1251 "-" "Mozilla/5.0 (Linux; Android 6.0.1; Nexus 5X Build/MMB29P) AppleWebKit/537.36 (KHTML, like Gecko) Chrome/137.0.7151.103 Mobile Safari/537.36 (compatible; Googlebot/2.1; +http://www.google.com/bot.html)"
47.82.60.58 - - [13/Jul/2025:16:44:26 -0400] "GET /items/049049067.html HTTP/1.1" 404 1251 "https://www.first-gulf.com.sa/items/049049067.html" "Mozilla/5.0 (Windows NT 10.0; Win64; x64) AppleWebKit/537.36 (KHTML, like Gecko) Chrome/114.0.0.0 Safari/537.36 Edg/114.0.1823.43"
66.249.68.137 - - [13/Jul/2025:16:44:34 -0400] "GET /items/dugbo135/24658?key=breathe HTTP/1.1" 404 1251 "-" "Mozilla/5.0 (compatible; Googlebot/2.1; +http://www.google.com/bot.html)"
66.249.68.137 - - [13/Jul/2025:16:44:40 -0400] "GET /items/pmazo83/33178?key=set HTTP/1.1" 404 1251 "-" "Mozilla/5.0 (Linux; Android 6.0.1; Nexus 5X Build/MMB29P) AppleWebKit/537.36 (KHTML, like Gecko) Chrome/137.0.7151.103 Mobile Safari/537.36 (compatible; Googlebot/2.1; +http://www.google.com/bot.html)"
66.249.79.206 - - [13/Jul/2025:16:44:48 -0400] "GET /pcmypage?callback=/product%2Fdetail%2Cookcook-4560224466908 HTTP/1.1" 404 1251 "-" "Mozilla/5.0 (Linux; Android 6.0.1; Nexus 5X Build/MMB29P) AppleWebKit/537.36 (KHTML, like Gecko) Chrome/137.0.7151.119 Mobile Safari/537.36 (compatible; Googlebot/2.1; +http://www.google.com/bot.html)"
47.82.60.17 - - [13/Jul/2025:16:44:56 -0400] "GET /items/069013797.html HTTP/1.1" 404 1251 "https://first-gulf.com.sa/items/069013797.html" "Mozilla/5.0 (Windows NT 10.0; Win64; x64) AppleWebKit/537.36 (KHTML, like Gecko) Chrome/114.0.0.0 Safari/537.36 Edg/114.0.1823.43"
47.82.60.63 - - [13/Jul/2025:16:44:59 -0400] "GET /items/rgeou159/40328?key=descend HTTP/1.1" 404 1251 "https://first-gulf.com.sa/items/rgeou159/40328?key=descend" "Mozilla/5.0 (Windows NT 10.0; Win64; x64) AppleWebKit/537.36 (KHTML, like Gecko) Chrome/114.0.0.0 Safari/537.36 Edg/114.0.1823.43"
66.249.79.206 - - [13/Jul/2025:16:45:09 -0400] "GET /pcmypage?callback=product%2Fdetail%2Ftotomamama-p703079081818042 HTTP/1.1" 404 1251 "-" "Mozilla/5.0 (Linux; Android 6.0.1; Nexus 5X Build/MMB29P) AppleWebKit/537.36 (KHTML, like Gecko) Chrome/137.0.7151.103 Mobile Safari/537.36 (compatible; Googlebot/2.1; +http://www.google.com/bot.html)"
66.249.68.129 - - [13/Jul/2025:16:45:39 -0400] "GET /items/ekqjw28/33161?key=element HTTP/1.1" 404 1251 "-" "Mozilla/5.0 (compatible; Googlebot/2.1; +http://www.google.com/bot.html)"
66.249.68.137 - - [13/Jul/2025:16:45:48 -0400] "GET /pcmypage?callback=product%2Fdetail%2Fbiccamera-3660491202764 HTTP/1.1" 404 1251 "-" "Mozilla/5.0 (Linux; Android 6.0.1; Nexus 5X Build/MMB29P) AppleWebKit/537.36 (KHTML, like Gecko) Chrome/137.0.7151.103 Mobile Safari/537.36 (compatible; Googlebot/2.1; +http://www.google.com/bot.html)"
47.82.60.4 - - [13/Jul/2025:16:45:53 -0400] "GET /wp-includes/class-wp-block-patterns-registry.php HTTP/1.1" 403 1242 "https://first-gulf.com.sa/wp-includes/class-wp-block-patterns-registry.php" "Mozilla/5.0 (Windows NT 10.0; Win64; x64) AppleWebKit/537.36 (KHTML, like Gecko) Chrome/114.0.0.0 Safari/537.36 Edg/114.0.1823.43"
66.249.68.137 - - [13/Jul/2025:16:45:54 -0400] "GET /items/jblfm281/9402?key=sentence HTTP/1.1" 404 1251 "-" "Mozilla/5.0 (Linux; Android 6.0.1; Nexus 5X Build/MMB29P) AppleWebKit/537.36 (KHTML, like Gecko) Chrome/137.0.7151.103 Mobile Safari/537.36 (compatible; Googlebot/2.1; +http://www.google.com/bot.html)"
204.12.252.98 - - [13/Jul/2025:16:46:26 -0400] "GET /wp-content/install.php HTTP/1.1" 404 1251 "https://first-gulf.com.sa/wp-content/install.php" "Mozilla/5.0 (Windows NT 10.0; Win64; x64) AppleWebKit/537.36 (KHTML, like Gecko) Chrome/58.0.3029.110 Safari/537.3"
66.249.79.192 - - [13/Jul/2025:16:46:49 -0400] "GET /zhHant/product/surugaya/momoda-ds-2537476?campaign_uid=f64d716db5e979ed2f947dbaf4296895b951ae7f HTTP/1.1" 404 1251 "-" "Mozilla/5.0 (Linux; Android 6.0.1; Nexus 5X Build/MMB29P) AppleWebKit/537.36 (KHTML, like Gecko) Chrome/137.0.7151.103 Mobile Safari/537.36 (compatible; Googlebot/2.1; +http://www.google.com/bot.html)"
66.249.79.193 - - [13/Jul/2025:16:46:49 -0400] "GET /items/056003000.html?srsltid=AfmBOotnlTZKzYqHYKppA7fzNSLNkLOU9hRxkaUhrt72v4gAsU70 HTTP/1.1" 404 1251 "-" "Mozilla/5.0 (Linux; Android 6.0.1; Nexus 5X Build/MMB29P) AppleWebKit/537.36 (KHTML, like Gecko) Chrome/137.0.7151.103 Mobile Safari/537.36 (compatible; Googlebot/2.1; +http://www.google.com/bot.html)"
66.249.79.193 - - [13/Jul/2025:16:46:52 -0400] "GET /pcmypage?callback=product/review/hirochishop-243-9541-tn HTTP/1.1" 404 1251 "-" "Mozilla/5.0 (compatible; Googlebot/2.1; +http://www.google.com/bot.html)"
66.249.79.206 - - [13/Jul/2025:16:47:01 -0400] "GET /product/edit/tkonline-5410850 HTTP/1.1" 404 1251 "-" "Mozilla/5.0 (Linux; Android 6.0.1; Nexus 5X Build/MMB29P) AppleWebKit/537.36 (KHTML, like Gecko) Chrome/137.0.7151.103 Mobile Safari/537.36 (compatible; Googlebot/2.1; +http://www.google.com/bot.html)"
66.249.68.137 - - [13/Jul/2025:16:47:16 -0400] "GET /items/114036162.html?srsltid=AfmBOorpldxcOGzrGWLqPk2dDcFmYFAzHIAUifiHkIss5tSjCpwv HTTP/1.1" 404 1251 "-" "Mozilla/5.0 (compatible; Googlebot/2.1; +http://www.google.com/bot.html)"
66.249.68.128 - - [13/Jul/2025:16:47:26 -0400] "GET /items/266047604.html?srsltid=AfmBOopevnpWZJxqKOef5ZuxJmUZSjgVTSgMHu5jrzMeVjqUVKJC HTTP/1.1" 404 1251 "-" "Mozilla/5.0 (Linux; Android 6.0.1; Nexus 5X Build/MMB29P) AppleWebKit/537.36 (KHTML, like Gecko) Chrome/137.0.7151.103 Mobile Safari/537.36 (compatible; Googlebot/2.1; +http://www.google.com/bot.html)"
66.249.68.137 - - [13/Jul/2025:16:47:32 -0400] "GET /items/srwmj80/247?key=planet HTTP/1.1" 404 1251 "-" "Mozilla/5.0 (compatible; Googlebot/2.1; +http://www.google.com/bot.html)"
66.249.79.206 - - [13/Jul/2025:16:47:37 -0400] "GET /items/242011028.html?srsltid=AfmBOowfpcspEGKvCJiwCysvTQtarMPF0cSJkuMSuDTdI1lt7d70 HTTP/1.1" 404 1251 "-" "Mozilla/5.0 (compatible; Googlebot/2.1; +http://www.google.com/bot.html)"
66.249.68.137 - - [13/Jul/2025:16:47:50 -0400] "GET /search?category=65002&search_word= HTTP/1.1" 404 1251 "-" "Mozilla/5.0 (compatible; Googlebot/2.1; +http://www.google.com/bot.html)"
196.251.84.106 - - [13/Jul/2025:16:47:49 -0400] "POST /wp-login.php HTTP/1.1" 200 0 "-" "Mozilla/5.0"
66.249.79.206 - - [13/Jul/2025:16:48:10 -0400] "GET /pcmypage?callback=product/review/bearhomes-2024-07-24-892 HTTP/1.1" 404 1251 "-" "Mozilla/5.0 (Linux; Android 6.0.1; Nexus 5X Build/MMB29P) AppleWebKit/537.36 (KHTML, like Gecko) Chrome/137.0.7151.119 Mobile Safari/537.36 (compatible; Googlebot/2.1; +http://www.google.com/bot.html)"
66.29.146.47 - - [13/Jul/2025:16:48:13 -0400] "POST /wp-cron.php?doing_wp_cron=1752439692.2462539672851562500000 HTTP/1.1" 403 1242 "-" "WordPress/6.8; https://first-gulf.com.sa"
66.249.68.137 - - [13/Jul/2025:16:48:18 -0400] "GET /items/mcyrc186/32923?key=hike HTTP/1.1" 404 1251 "-" "Mozilla/5.0 (Linux; Android 6.0.1; Nexus 5X Build/MMB29P) AppleWebKit/537.36 (KHTML, like Gecko) Chrome/137.0.7151.103 Mobile Safari/537.36 (compatible; Googlebot/2.1; +http://www.google.com/bot.html)"
66.249.68.128 - - [13/Jul/2025:16:48:22 -0400] "GET /items/213013285.html?srsltid=AfmBOodtakJYrEKsyPmieTVxBswMtlUyZu12pgfblzd5qNDfnJK3 HTTP/1.1" 404 1251 "-" "Mozilla/5.0 (Linux; Android 6.0.1; Nexus 5X Build/MMB29P) AppleWebKit/537.36 (KHTML, like Gecko) Chrome/137.0.7151.103 Mobile Safari/537.36 (compatible; Googlebot/2.1; +http://www.google.com/bot.html)"
66.249.79.192 - - [13/Jul/2025:16:48:23 -0400] "GET /items/119030305.html?srsltid=AfmBOojdzpHTOdiPIiwNRqfUCOyzlQzDONbbWQV0Uvx9YlqUm4IX HTTP/1.1" 404 1251 "-" "Mozilla/5.0 (Linux; Android 6.0.1; Nexus 5X Build/MMB29P) AppleWebKit/537.36 (KHTML, like Gecko) Chrome/137.0.7151.103 Mobile Safari/537.36 (compatible; Googlebot/2.1; +http://www.google.com/bot.html)"
66.249.79.206 - - [13/Jul/2025:16:48:31 -0400] "GET /pcmypage?callback=product%2Fdetail%2Fcomparte-238611 HTTP/1.1" 404 1251 "-" "Mozilla/5.0 (Linux; Android 6.0.1; Nexus 5X Build/MMB29P) AppleWebKit/537.36 (KHTML, like Gecko) Chrome/137.0.7151.103 Mobile Safari/537.36 (compatible; Googlebot/2.1; +http://www.google.com/bot.html)"
66.249.79.206 - - [13/Jul/2025:16:48:39 -0400] "GET /pcmypage?callback=product/review/nf-ao-4539529001633 HTTP/1.1" 404 1251 "-" "Mozilla/5.0 (compatible; Googlebot/2.1; +http://www.google.com/bot.html)"
66.249.68.137 - - [13/Jul/2025:16:48:41 -0400] "GET /items/204046244.html?srsltid=AfmBOobryEyZzRjVHWWP0Po0LhVuUlkkfmxssN6HBbv9SwYzlO9U HTTP/1.1" 404 1251 "-" "Mozilla/5.0 (Linux; Android 6.0.1; Nexus 5X Build/MMB29P) AppleWebKit/537.36 (KHTML, like Gecko) Chrome/137.0.7151.103 Mobile Safari/537.36 (compatible; GoogleOther)"
66.249.68.128 - - [13/Jul/2025:16:49:02 -0400] "GET /items/257045859.html?srsltid=AfmBOongeXRVfqDacCzfDd8BJsCDmVNzFWOUocXUy7YzXKO076jR HTTP/1.1" 404 1251 "-" "Mozilla/5.0 (Linux; Android 6.0.1; Nexus 5X Build/MMB29P) AppleWebKit/537.36 (KHTML, like Gecko) Chrome/137.0.7151.103 Mobile Safari/537.36 (compatible; Googlebot/2.1; +http://www.google.com/bot.html)"
198.98.57.22 - - [13/Jul/2025:16:49:11 -0400] "GET /wp-login.php HTTP/1.1" 200 2854 "-" "Mozilla/5.0 (Macintosh; Intel Mac OS X 10.9; rv:31.0) Gecko/20100101 Firefox/31.0"
66.29.146.47 - - [13/Jul/2025:16:49:13 -0400] "POST /wp-cron.php?doing_wp_cron=1752439752.8405959606170654296875 HTTP/1.1" 403 1242 "-" "WordPress/6.8; https://first-gulf.com.sa"
198.98.57.22 - - [13/Jul/2025:16:49:12 -0400] "POST /wp-login.php HTTP/1.1" 200 3008 "-" "Mozilla/5.0 (Macintosh; Intel Mac OS X 10.9; rv:31.0) Gecko/20100101 Firefox/31.0"
69.197.182.50 - - [13/Jul/2025:16:49:31 -0400] "GET /wp-content/install.php HTTP/1.1" 404 1251 "https://first-gulf.com.sa/wp-content/install.php" "Mozilla/5.0 (Windows NT 10.0; Win64; x64) AppleWebKit/537.36 (KHTML, like Gecko) Chrome/58.0.3029.110 Safari/537.3"
66.249.68.137 - - [13/Jul/2025:16:49:56 -0400] "GET /items/137030453.html?srsltid=AfmBOozsmCMUqdRNSjJfQgMOMjmGHUSD57ldKyJdhp5gg4b3fH1i HTTP/1.1" 404 1251 "-" "Mozilla/5.0 (Linux; Android 6.0.1; Nexus 5X Build/MMB29P) AppleWebKit/537.36 (KHTML, like Gecko) Chrome/137.0.7151.103 Mobile Safari/537.36 (compatible; Googlebot/2.1; +http://www.google.com/bot.html)"
66.249.68.137 - - [13/Jul/2025:16:49:56 -0400] "GET /items/kolmp279/16050?key=spit HTTP/1.1" 404 1251 "-" "Mozilla/5.0 (compatible; Googlebot/2.1; +http://www.google.com/bot.html)"
66.249.68.137 - - [13/Jul/2025:16:49:58 -0400] "GET /items/lzbdo130/8413?key=stress HTTP/1.1" 404 1251 "-" "Mozilla/5.0 (Linux; Android 6.0.1; Nexus 5X Build/MMB29P) AppleWebKit/537.36 (KHTML, like Gecko) Chrome/137.0.7151.103 Mobile Safari/537.36 (compatible; Googlebot/2.1; +http://www.google.com/bot.html)"
66.249.68.137 - - [13/Jul/2025:16:50:03 -0400] "GET /product/edit/tss-shop-tg-378 HTTP/1.1" 404 1251 "-" "Mozilla/5.0 (compatible; Googlebot/2.1; +http://www.google.com/bot.html)"
66.249.68.128 - - [13/Jul/2025:16:50:24 -0400] "GET /items/232015608.html?srsltid=AfmBOopoyCNUzWQzbmQMKEywAoBToEjTFiX6XmIwmLblVSZljAWp HTTP/1.1" 404 1251 "-" "Mozilla/5.0 (Linux; Android 6.0.1; Nexus 5X Build/MMB29P) AppleWebKit/537.36 (KHTML, like Gecko) Chrome/137.0.7151.103 Mobile Safari/537.36 (compatible; Googlebot/2.1; +http://www.google.com/bot.html)"
66.249.68.128 - - [13/Jul/2025:16:50:24 -0400] "GET /items/232015608.html?srsltid=AfmBOopoyCNUzWQzbmQMKEywAoBToEjTFiX6XmIwmLblVSZljAWp HTTP/1.1" 404 1251 "-" "Mozilla/5.0 (compatible; Googlebot/2.1; +http://www.google.com/bot.html)"
66.249.68.137 - - [13/Jul/2025:16:50:31 -0400] "GET /items/294026058.html?srsltid=AfmBOodfaOvPdPNLqYkKut0IPoSLIkTiaNo7XpbICBXSduA8AmZg HTTP/1.1" 404 1251 "-" "Mozilla/5.0 (compatible; Googlebot/2.1; +http://www.google.com/bot.html)"
66.249.68.137 - - [13/Jul/2025:16:50:54 -0400] "GET /items/062000112.html?srsltid=AfmBOovobBPuHxEtIyCQ59XfPoyBmVnbc8UcCXZ8UXHhwhdW8orl HTTP/1.1" 404 1251 "-" "Mozilla/5.0 (Linux; Android 6.0.1; Nexus 5X Build/MMB29P) AppleWebKit/537.36 (KHTML, like Gecko) Chrome/137.0.7151.103 Mobile Safari/537.36 (compatible; Googlebot/2.1; +http://www.google.com/bot.html)"
66.249.79.206 - - [13/Jul/2025:16:50:59 -0400] "GET /items/271000339.html?srsltid=AfmBOowuoeMsZeGegOKPFLEXBZwewjhK3LaHW4TnVV22kbJzIpWP HTTP/1.1" 404 1251 "-" "Mozilla/5.0 (Linux; Android 6.0.1; Nexus 5X Build/MMB29P) AppleWebKit/537.36 (KHTML, like Gecko) Chrome/137.0.7151.103 Mobile Safari/537.36 (compatible; Googlebot/2.1; +http://www.google.com/bot.html)"
66.249.68.137 - - [13/Jul/2025:16:50:59 -0400] "GET /items/147035729.html?srsltid=AfmBOozzyvmncQALtXdBzmZ5BvzAqSoW9O4TP8j5VCVM47FzPSAX HTTP/1.1" 404 1251 "-" "Mozilla/5.0 (Linux; Android 6.0.1; Nexus 5X Build/MMB29P) AppleWebKit/537.36 (KHTML, like Gecko) Chrome/137.0.7151.103 Mobile Safari/537.36 (compatible; Googlebot/2.1; +http://www.google.com/bot.html)"
66.249.79.192 - - [13/Jul/2025:16:51:00 -0400] "GET /search.php?62ajyxu42731.html HTTP/1.1" 404 1251 "-" "Mozilla/5.0 (Linux; Android 6.0.1; Nexus 5X Build/MMB29P) AppleWebKit/537.36 (KHTML, like Gecko) Chrome/137.0.7151.103 Mobile Safari/537.36 (compatible; Googlebot/2.1; +http://www.google.com/bot.html)"
66.249.68.129 - - [13/Jul/2025:16:51:05 -0400] "GET /items/265000861.html?srsltid=AfmBOouljOaJBduUpGKXYn7VVLgzeIYjr0i5UeFweD7JTFTVVlah HTTP/1.1" 404 1251 "-" "Mozilla/5.0 (Linux; Android 6.0.1; Nexus 5X Build/MMB29P) AppleWebKit/537.36 (KHTML, like Gecko) Chrome/137.0.7151.103 Mobile Safari/537.36 (compatible; Googlebot/2.1; +http://www.google.com/bot.html)"
66.249.79.192 - - [13/Jul/2025:16:51:11 -0400] "GET /pcmypage?callback=product%2Fdetail%2Ffirst23-kk-slpmbox2r-m23 HTTP/1.1" 404 1251 "-" "Mozilla/5.0 (Linux; Android 6.0.1; Nexus 5X Build/MMB29P) AppleWebKit/537.36 (KHTML, like Gecko) Chrome/137.0.7151.119 Mobile Safari/537.36 (compatible; Googlebot/2.1; +http://www.google.com/bot.html)"
66.249.68.137 - - [13/Jul/2025:16:51:27 -0400] "GET /items/rfodv175/6442?key=male HTTP/1.1" 404 1251 "-" "Mozilla/5.0 (compatible; Googlebot/2.1; +http://www.google.com/bot.html)"
66.249.79.206 - - [13/Jul/2025:16:51:31 -0400] "GET /items/270042894.html?srsltid=AfmBOoabrbuPdElbrrYL75u8HZfkOooPUW8N5mu7wzAy2XraK1G5 HTTP/1.1" 404 1251 "-" "Mozilla/5.0 (Linux; Android 6.0.1; Nexus 5X Build/MMB29P) AppleWebKit/537.36 (KHTML, like Gecko) Chrome/137.0.7151.103 Mobile Safari/537.36 (compatible; Googlebot/2.1; +http://www.google.com/bot.html)"
66.249.68.137 - - [13/Jul/2025:16:51:51 -0400] "GET /pcmypage?callback=product%2Fdetail%2Fskymarketplus-hb01mctx14d HTTP/1.1" 404 1251 "-" "Mozilla/5.0 (compatible; Googlebot/2.1; +http://www.google.com/bot.html)"
66.249.68.137 - - [13/Jul/2025:16:51:51 -0400] "GET /pcmypage?callback=product%2Fdetail%2Fskymarketplus-hb01mctx14d HTTP/1.1" 404 1251 "-" "Mozilla/5.0 (Linux; Android 6.0.1; Nexus 5X Build/MMB29P) AppleWebKit/537.36 (KHTML, like Gecko) Chrome/137.0.7151.103 Mobile Safari/537.36 (compatible; Googlebot/2.1; +http://www.google.com/bot.html)"
66.249.79.206 - - [13/Jul/2025:16:51:52 -0400] "GET /items/167033239.html?srsltid=AfmBOofmqYMXrxYAknBEjQ5pLZDcSMWzcuPSp8LVdrcAqnIvlMiH HTTP/1.1" 404 1251 "-" "Mozilla/5.0 (compatible; Googlebot/2.1; +http://www.google.com/bot.html)"
66.249.79.206 - - [13/Jul/2025:16:51:56 -0400] "GET /pcmypage?callback=product/review/meicho2-001-0437829-001 HTTP/1.1" 404 1251 "-" "Mozilla/5.0 (compatible; Googlebot/2.1; +http://www.google.com/bot.html)"
66.249.79.206 - - [13/Jul/2025:16:51:59 -0400] "GET /pcmypage?callback=product%2Fdetail%2Fneowing-r-dszs-7728 HTTP/1.1" 404 1251 "-" "Mozilla/5.0 (Linux; Android 6.0.1; Nexus 5X Build/MMB29P) AppleWebKit/537.36 (KHTML, like Gecko) Chrome/137.0.7151.119 Mobile Safari/537.36 (compatible; Googlebot/2.1; +http://www.google.com/bot.html)"
47.82.60.62 - - [13/Jul/2025:16:52:00 -0400] "GET /items/202048384.html HTTP/1.1" 404 1251 "https://www.first-gulf.com.sa/items/202048384.html" "Mozilla/5.0 (Windows NT 10.0; Win64; x64) AppleWebKit/537.36 (KHTML, like Gecko) Chrome/114.0.0.0 Safari/537.36 Edg/114.0.1823.43"
66.249.68.128 - - [13/Jul/2025:16:52:03 -0400] "GET /items/uwlgi109/15674?key=which HTTP/1.1" 404 1251 "-" "Mozilla/5.0 (Linux; Android 6.0.1; Nexus 5X Build/MMB29P) AppleWebKit/537.36 (KHTML, like Gecko) Chrome/137.0.7151.103 Mobile Safari/537.36 (compatible; Googlebot/2.1; +http://www.google.com/bot.html)"
66.249.68.137 - - [13/Jul/2025:16:52:07 -0400] "GET /items/210049092.html?srsltid=AfmBOolofJYhKyUIHlmZI748RdnWgzJSqnYxSiqn5bflhC36iCw3 HTTP/1.1" 404 1251 "-" "Mozilla/5.0 (compatible; Googlebot/2.1; +http://www.google.com/bot.html)"
66.249.68.137 - - [13/Jul/2025:16:52:08 -0400] "GET /items/210049092.html?srsltid=AfmBOolofJYhKyUIHlmZI748RdnWgzJSqnYxSiqn5bflhC36iCw3 HTTP/1.1" 404 1251 "-" "Mozilla/5.0 (compatible; Googlebot/2.1; +http://www.google.com/bot.html)"
66.249.79.193 - - [13/Jul/2025:16:52:11 -0400] "GET /items/177028021.html?srsltid=AfmBOorccIqenSnXPcjgcbLARcZcwDAIj1aEF1Eiipgk5ThGb1iK HTTP/1.1" 404 1251 "-" "Mozilla/5.0 (Linux; Android 6.0.1; Nexus 5X Build/MMB29P) AppleWebKit/537.36 (KHTML, like Gecko) Chrome/137.0.7151.119 Mobile Safari/537.36 (compatible; Googlebot/2.1; +http://www.google.com/bot.html)"
66.249.68.137 - - [13/Jul/2025:16:52:17 -0400] "GET /pcmypage?callback=product/review/fieldboss-11069197 HTTP/1.1" 404 1251 "-" "Mozilla/5.0 (compatible; Googlebot/2.1; +http://www.google.com/bot.html)"
66.249.79.192 - - [13/Jul/2025:16:52:20 -0400] "GET /pcmypage?callback=product%2Fdetail%2Fhcvalor-eshop-trusco-4969737 HTTP/1.1" 404 1251 "-" "Mozilla/5.0 (Linux; Android 6.0.1; Nexus 5X Build/MMB29P) AppleWebKit/537.36 (KHTML, like Gecko) Chrome/137.0.7151.103 Mobile Safari/537.36 (compatible; Googlebot/2.1; +http://www.google.com/bot.html)"
66.249.68.137 - - [13/Jul/2025:16:52:20 -0400] "GET /items/pkwjt192/49879?key=convert HTTP/1.1" 404 1251 "-" "Mozilla/5.0 (Linux; Android 6.0.1; Nexus 5X Build/MMB29P) AppleWebKit/537.36 (KHTML, like Gecko) Chrome/137.0.7151.103 Mobile Safari/537.36 (compatible; Googlebot/2.1; +http://www.google.com/bot.html)"
66.249.79.206 - - [13/Jul/2025:16:52:34 -0400] "GET /items/vxfxm258/11135?key=classical HTTP/1.1" 404 1251 "-" "Mozilla/5.0 (Linux; Android 6.0.1; Nexus 5X Build/MMB29P) AppleWebKit/537.36 (KHTML, like Gecko) Chrome/137.0.7151.103 Mobile Safari/537.36 (compatible; Googlebot/2.1; +http://www.google.com/bot.html)"
66.249.79.206 - - [13/Jul/2025:16:52:34 -0400] "GET /items/052001494.html?srsltid=AfmBOoxtlcxqDJbenMtYVr5VWIdyurPcUNVAYt9X67UYqph9ubxn HTTP/1.1" 404 1251 "-" "Mozilla/5.0 (Linux; Android 6.0.1; Nexus 5X Build/MMB29P) AppleWebKit/537.36 (KHTML, like Gecko) Chrome/137.0.7151.103 Mobile Safari/537.36 (compatible; Googlebot/2.1; +http://www.google.com/bot.html)"
66.249.68.137 - - [13/Jul/2025:16:52:40 -0400] "GET /items/uvlns41/3874?key=dress HTTP/1.1" 404 1251 "-" "Mozilla/5.0 (compatible; Googlebot/2.1; +http://www.google.com/bot.html)"
66.249.68.137 - - [13/Jul/2025:16:52:40 -0400] "GET /items/uvlns41/3874?key=dress HTTP/1.1" 404 1251 "-" "Mozilla/5.0 (Linux; Android 6.0.1; Nexus 5X Build/MMB29P) AppleWebKit/537.36 (KHTML, like Gecko) Chrome/137.0.7151.103 Mobile Safari/537.36 (compatible; Googlebot/2.1; +http://www.google.com/bot.html)"
47.82.60.11 - - [13/Jul/2025:16:52:41 -0400] "GET /items/asoop37/1676?key=educate HTTP/1.1" 404 1251 "https://www.first-gulf.com.sa/items/asoop37/1676?key=educate" "Mozilla/5.0 (Windows NT 10.0; Win64; x64) AppleWebKit/537.36 (KHTML, like Gecko) Chrome/114.0.0.0 Safari/537.36 Edg/114.0.1823.43"
66.249.79.206 - - [13/Jul/2025:16:52:46 -0400] "GET /items/094001744.html?srsltid=AfmBOoqvvllXEytIAoQqn6bxUidyTfsx7pWB2d2T6xAzhp06BZfB HTTP/1.1" 404 1251 "-" "Mozilla/5.0 (Linux; Android 6.0.1; Nexus 5X Build/MMB29P) AppleWebKit/537.36 (KHTML, like Gecko) Chrome/137.0.7151.103 Mobile Safari/537.36 (compatible; Googlebot/2.1; +http://www.google.com/bot.html)"
66.249.68.137 - - [13/Jul/2025:16:52:52 -0400] "GET /pcmypage?callback=product/review/first34-trusco-4483429 HTTP/1.1" 404 1251 "-" "Mozilla/5.0 (Linux; Android 6.0.1; Nexus 5X Build/MMB29P) AppleWebKit/537.36 (KHTML, like Gecko) Chrome/137.0.7151.103 Mobile Safari/537.36 (compatible; Googlebot/2.1; +http://www.google.com/bot.html)"
66.249.79.206 - - [13/Jul/2025:16:52:53 -0400] "GET /search.php?pcmypage?callback=product%2Fdetail%2Ff372013-takamatsu-t194-005 HTTP/1.1" 404 1251 "-" "Mozilla/5.0 (compatible; Googlebot/2.1; +http://www.google.com/bot.html)"
66.249.79.206 - - [13/Jul/2025:16:52:59 -0400] "GET /items/012041744.html?srsltid=AfmBOonixwaFOmJEcQudyf3ZTNCFLlag0q3a7yfV6l8n07CKR2cB HTTP/1.1" 404 1251 "-" "Mozilla/5.0 (Linux; Android 6.0.1; Nexus 5X Build/MMB29P) AppleWebKit/537.36 (KHTML, like Gecko) Chrome/137.0.7151.119 Mobile Safari/537.36 (compatible; Googlebot/2.1; +http://www.google.com/bot.html)"
47.82.60.14 - - [13/Jul/2025:16:53:03 -0400] "GET /wp-includes/class-wp.php HTTP/1.1" 403 1242 "https://first-gulf.com.sa/wp-includes/class-wp.php" "Mozilla/5.0 (Windows NT 10.0; Win64; x64) AppleWebKit/537.36 (KHTML, like Gecko) Chrome/114.0.0.0 Safari/537.36 Edg/114.0.1823.43"
47.82.60.17 - - [13/Jul/2025:16:53:10 -0400] "GET /pcmypage?callback=product/review/meicho2-001-0437829-001 HTTP/1.1" 404 1251 "https://www.first-gulf.com.sa/pcmypage?callback=product/review/meicho2-001-0437829-001" "Mozilla/5.0 (Windows NT 10.0; Win64; x64) AppleWebKit/537.36 (KHTML, like Gecko) Chrome/114.0.0.0 Safari/537.36 Edg/114.0.1823.43"
66.249.68.129 - - [13/Jul/2025:16:53:23 -0400] "GET /items/khejt11/974?key=resident HTTP/1.1" 404 1251 "-" "Mozilla/5.0 (Linux; Android 6.0.1; Nexus 5X Build/MMB29P) AppleWebKit/537.36 (KHTML, like Gecko) Chrome/137.0.7151.103 Mobile Safari/537.36 (compatible; Googlebot/2.1; +http://www.google.com/bot.html)"
69.197.182.50 - - [13/Jul/2025:16:53:28 -0400] "GET /wp-content/install.php HTTP/1.1" 404 1251 "https://first-gulf.com.sa/wp-content/install.php" "Mozilla/5.0 (Windows NT 10.0; Win64; x64) AppleWebKit/537.36 (KHTML, like Gecko) Chrome/58.0.3029.110 Safari/537.3"
66.249.79.195 - - [13/Jul/2025:16:53:32 -0400] "GET /pcmypage?callback=product%2Fdetail%2Fmurauchi-dvd-4994196738211 HTTP/1.1" 404 1251 "-" "Mozilla/5.0 (Linux; Android 6.0.1; Nexus 5X Build/MMB29P) AppleWebKit/537.36 (KHTML, like Gecko) Chrome/137.0.7151.103 Mobile Safari/537.36 (compatible; Googlebot/2.1; +http://www.google.com/bot.html)"
66.249.68.128 - - [13/Jul/2025:16:53:39 -0400] "GET /pcmypage?callback=product%2Fdetail%2Fsakan8man-trus-3664244 HTTP/1.1" 404 1251 "-" "Mozilla/5.0 (compatible; Googlebot/2.1; +http://www.google.com/bot.html)"
66.249.79.195 - - [13/Jul/2025:16:53:41 -0400] "GET /items/108003538.html?srsltid=AfmBOolengMhKCXvtRQFLnduTaIjEHRJSVOntU0GvG9Y7yXv6KeR HTTP/1.1" 404 1251 "-" "Mozilla/5.0 (compatible; Googlebot/2.1; +http://www.google.com/bot.html)"
66.249.79.194 - - [13/Jul/2025:16:53:59 -0400] "GET /pcmypage?callback=product%2Fdetail%2Fmutsuura-10721050 HTTP/1.1" 404 1251 "-" "Mozilla/5.0 (Linux; Android 6.0.1; Nexus 5X Build/MMB29P) AppleWebKit/537.36 (KHTML, like Gecko) Chrome/137.0.7151.119 Mobile Safari/537.36 (compatible; Googlebot/2.1; +http://www.google.com/bot.html)"
2a03:2880:f800:a:: - - [13/Jul/2025:16:54:11 -0400] "GET /?NA HTTP/1.1" 200 1436 "-" "meta-externalagent/1.1 (+https://developers.facebook.com/docs/sharing/webmasters/crawler)"
66.249.68.137 - - [13/Jul/2025:16:54:12 -0400] "GET /items/wrakb86/36367?key=carve HTTP/1.1" 404 1251 "-" "Mozilla/5.0 (Linux; Android 6.0.1; Nexus 5X Build/MMB29P) AppleWebKit/537.36 (KHTML, like Gecko) Chrome/137.0.7151.103 Mobile Safari/537.36 (compatible; Googlebot/2.1; +http://www.google.com/bot.html)"
66.249.68.128 - - [13/Jul/2025:16:54:13 -0400] "GET /items/wrakb86/36367?key=carve HTTP/1.1" 404 1251 "-" "Mozilla/5.0 (compatible; Googlebot/2.1; +http://www.google.com/bot.html)"
66.249.79.196 - - [13/Jul/2025:16:54:17 -0400] "GET /items/289044015.html?srsltid=AfmBOozhlLZUvAzLDvgC1PmRFHJnRwHIcJ1x178ZQX1DgQJoN3f6 HTTP/1.1" 404 1251 "-" "Mozilla/5.0 (Linux; Android 6.0.1; Nexus 5X Build/MMB29P) AppleWebKit/537.36 (KHTML, like Gecko) Chrome/137.0.7151.103 Mobile Safari/537.36 (compatible; Googlebot/2.1; +http://www.google.com/bot.html)"
66.249.68.137 - - [13/Jul/2025:16:54:28 -0400] "GET /items/plxxo52/887?key=exhaust HTTP/1.1" 404 1251 "-" "Mozilla/5.0 (Linux; Android 6.0.1; Nexus 5X Build/MMB29P) AppleWebKit/537.36 (KHTML, like Gecko) Chrome/137.0.7151.103 Mobile Safari/537.36 (compatible; Googlebot/2.1; +http://www.google.com/bot.html)"
66.249.68.137 - - [13/Jul/2025:16:54:32 -0400] "GET /items/rwgeq30/2011?key=tie HTTP/1.1" 404 1251 "-" "Mozilla/5.0 (Linux; Android 6.0.1; Nexus 5X Build/MMB29P) AppleWebKit/537.36 (KHTML, like Gecko) Chrome/137.0.7151.103 Mobile Safari/537.36 (compatible; Googlebot/2.1; +http://www.google.com/bot.html)"
66.249.68.137 - - [13/Jul/2025:16:54:32 -0400] "GET /items/rwgeq30/2011?key=tie HTTP/1.1" 404 1251 "-" "Mozilla/5.0 (compatible; Googlebot/2.1; +http://www.google.com/bot.html)"
47.82.60.12 - - [13/Jul/2025:16:54:36 -0400] "GET /items/203032007.html HTTP/1.1" 404 1251 "https://first-gulf.com.sa/items/203032007.html" "Mozilla/5.0 (Windows NT 10.0; Win64; x64) AppleWebKit/537.36 (KHTML, like Gecko) Chrome/114.0.0.0 Safari/537.36 Edg/114.0.1823.43"
47.82.60.17 - - [13/Jul/2025:16:54:55 -0400] "GET /items/006022506.html HTTP/1.1" 404 1251 "https://first-gulf.com.sa/items/006022506.html" "Mozilla/5.0 (Windows NT 10.0; Win64; x64) AppleWebKit/537.36 (KHTML, like Gecko) Chrome/114.0.0.0 Safari/537.36 Edg/114.0.1823.43"
198.235.24.33 - - [13/Jul/2025:16:54:59 -0400] "GET / HTTP/1.1" 200 1436 "http://172.67.183.196:80/" "-"
66.249.79.194 - - [13/Jul/2025:16:55:03 -0400] "GET /items/251041151.html?srsltid=AfmBOozsdjGzzTAmzVJjGyw2BWRfDWVbV4R8wXtgORgfxjgKPQcv HTTP/1.1" 404 1251 "-" "Mozilla/5.0 (Linux; Android 6.0.1; Nexus 5X Build/MMB29P) AppleWebKit/537.36 (KHTML, like Gecko) Chrome/137.0.7151.103 Mobile Safari/537.36 (compatible; Googlebot/2.1; +http://www.google.com/bot.html)"
47.82.60.27 - - [13/Jul/2025:16:55:03 -0400] "GET /items/215018895.html HTTP/1.1" 404 1251 "https://www.first-gulf.com.sa/items/215018895.html" "Mozilla/5.0 (Windows NT 10.0; Win64; x64) AppleWebKit/537.36 (KHTML, like Gecko) Chrome/114.0.0.0 Safari/537.36 Edg/114.0.1823.43"
66.249.68.128 - - [13/Jul/2025:16:55:04 -0400] "GET /pcmypage?callback=/product%2Fdetail.co-glass-aoya-bi-color-fs250-s-grey HTTP/1.1" 404 1251 "-" "Mozilla/5.0 (Linux; Android 6.0.1; Nexus 5X Build/MMB29P) AppleWebKit/537.36 (KHTML, like Gecko) Chrome/137.0.7151.103 Mobile Safari/537.36 (compatible; Googlebot/2.1; +http://www.google.com/bot.html)"
47.82.60.49 - - [13/Jul/2025:16:55:10 -0400] "GET /wp-includes/style-engine.php HTTP/1.1" 403 1242 "https://first-gulf.com.sa/wp-includes/style-engine.php" "Mozilla/5.0 (Windows NT 10.0; Win64; x64) AppleWebKit/537.36 (KHTML, like Gecko) Chrome/114.0.0.0 Safari/537.36 Edg/114.0.1823.43"
66.249.79.194 - - [13/Jul/2025:16:55:17 -0400] "GET /search.php?46ekkzz777.html HTTP/1.1" 404 1251 "-" "Mozilla/5.0 (Linux; Android 6.0.1; Nexus 5X Build/MMB29P) AppleWebKit/537.36 (KHTML, like Gecko) Chrome/137.0.7151.103 Mobile Safari/537.36 (compatible; Googlebot/2.1; +http://www.google.com/bot.html)"
66.249.68.137 - - [13/Jul/2025:16:55:18 -0400] "GET /items/qjgeq202/13359?key=offer HTTP/1.1" 404 1251 "-" "Mozilla/5.0 (compatible; Googlebot/2.1; +http://www.google.com/bot.html)"
66.249.79.194 - - [13/Jul/2025:16:55:36 -0400] "GET /pcmypage?callback=product%2Fdetail%2Ftukishimado-kt435020 HTTP/1.1" 404 1251 "-" "Mozilla/5.0 (compatible; Googlebot/2.1; +http://www.google.com/bot.html)"
47.82.60.28 - - [13/Jul/2025:16:55:39 -0400] "GET /wp-includes/class-wp-editor.php HTTP/1.1" 403 1242 "https://first-gulf.com.sa/wp-includes/class-wp-editor.php" "Mozilla/5.0 (Windows NT 10.0; Win64; x64) AppleWebKit/537.36 (KHTML, like Gecko) Chrome/114.0.0.0 Safari/537.36 Edg/114.0.1823.43"
47.82.60.24 - - [13/Jul/2025:16:55:42 -0400] "GET /items/201005255.html HTTP/1.1" 404 1251 "https://first-gulf.com.sa/items/201005255.html" "Mozilla/5.0 (Windows NT 10.0; Win64; x64) AppleWebKit/537.36 (KHTML, like Gecko) Chrome/114.0.0.0 Safari/537.36 Edg/114.0.1823.43"
66.249.79.195 - - [13/Jul/2025:16:56:10 -0400] "GET /pcmypage?callback=product%2Fdetail%2Fhcvalor-eshop-trusco-4056655 HTTP/1.1" 404 1251 "-" "Mozilla/5.0 (Linux; Android 6.0.1; Nexus 5X Build/MMB29P) AppleWebKit/537.36 (KHTML, like Gecko) Chrome/137.0.7151.119 Mobile Safari/537.36 (compatible; Googlebot/2.1; +http://www.google.com/bot.html)"
66.249.79.195 - - [13/Jul/2025:16:56:34 -0400] "GET /items/219014159.html?srsltid=AfmBOoiboYbGIEBebdXQPfu2RZXgmRYHIlMEUrkJcuorItzmICPs HTTP/1.1" 404 1251 "-" "Mozilla/5.0 (Linux; Android 6.0.1; Nexus 5X Build/MMB29P) AppleWebKit/537.36 (KHTML, like Gecko) Chrome/137.0.7151.103 Mobile Safari/537.36 (compatible; Googlebot/2.1; +http://www.google.com/bot.html)"
66.249.68.137 - - [13/Jul/2025:16:56:51 -0400] "GET /product/edit/sundaymountain-g17105-1 HTTP/1.1" 404 1251 "-" "Mozilla/5.0 (compatible; Googlebot/2.1; +http://www.google.com/bot.html)"
66.249.68.137 - - [13/Jul/2025:16:56:51 -0400] "GET /items/uwvxg272/28809?key=counseling HTTP/1.1" 404 1251 "-" "Mozilla/5.0 (Linux; Android 6.0.1; Nexus 5X Build/MMB29P) AppleWebKit/537.36 (KHTML, like Gecko) Chrome/137.0.7151.103 Mobile Safari/537.36 (compatible; Googlebot/2.1; +http://www.google.com/bot.html)"
66.249.68.129 - - [13/Jul/2025:16:57:15 -0400] "GET /pcmypage?callback=product%2Fdetail%2Fsworld-i01c-cw4555-102-1 HTTP/1.1" 404 1251 "-" "Mozilla/5.0 (compatible; Googlebot/2.1; +http://www.google.com/bot.html)"
66.249.79.195 - - [13/Jul/2025:16:57:21 -0400] "GET /items/057019525.html?srsltid=AfmBOodrogJhbXDZziVnk6nBDZwJCtuOI9Md7ETje3ZpfPBFjJun HTTP/1.1" 404 1251 "-" "Mozilla/5.0 (Linux; Android 6.0.1; Nexus 5X Build/MMB29P) AppleWebKit/537.36 (KHTML, like Gecko) Chrome/137.0.7151.103 Mobile Safari/537.36 (compatible; Googlebot/2.1; +http://www.google.com/bot.html)"
