162.62.213.187 - - [13/Jul/2025:17:00:12 -0400] "GET /wp-load.php HTTP/1.1" 403 1242 "-" "Mozilla/5.0 (iPhone; CPU iPhone OS 13_2_3 like Mac OS X) AppleWebKit/605.1.15 (KHTML, like Gecko) Version/13.0.3 Mobile/15E148 Safari/604.1"
157.55.39.204 - - [13/Jul/2025:17:00:31 -0400] "GET /illy/index.html HTTP/1.1" 404 1251 "-" "Mozilla/5.0 AppleWebKit/537.36 (KHTML, like Gecko; compatible; bingbot/2.0; +http://www.bing.com/bingbot.htm) Chrome/116.0.1938.76 Safari/537.36"
77.232.40.76 - - [13/Jul/2025:17:01:04 -0400] "GET /ar/contact-us HTTP/1.1" 404 1251 "https://nas-yemen.org/ar/contact-us" "Mozilla/5.0 (Windows NT 6.1; Win64; x64) AppleWebKit/537.36 (KHTML, like Gecko) Chrome/103.0.5060.66 Safari/537.36"
77.232.40.76 - - [13/Jul/2025:17:01:05 -0400] "GET / HTTP/1.1" 200 1470 "https://nas-yemen.org/" "Mozilla/5.0 (Windows NT 6.1; Win64; x64) AppleWebKit/537.36 (KHTML, like Gecko) Chrome/103.0.5060.66 Safari/537.36"
66.249.74.2 - - [13/Jul/2025:17:01:36 -0400] "GET /items/fqnia122/20876?key=engineering HTTP/1.1" 404 1251 "-" "Mozilla/5.0 (Linux; Android 6.0.1; Nexus 5X Build/MMB29P) AppleWebKit/537.36 (KHTML, like Gecko) Chrome/137.0.7151.103 Mobile Safari/537.36 (compatible; GoogleOther)"
66.249.74.1 - - [13/Jul/2025:17:02:03 -0400] "GET /items/cloja237/10277?key=theory HTTP/1.1" 404 1251 "-" "Mozilla/5.0 (Linux; Android 6.0.1; Nexus 5X Build/MMB29P) AppleWebKit/537.36 (KHTML, like Gecko) Chrome/137.0.7151.103 Mobile Safari/537.36 (compatible; GoogleOther)"
66.249.74.15 - - [13/Jul/2025:17:02:27 -0400] "GET /pcmypage?callback=/product%2Fdetail%2m92461456526 HTTP/1.1" 404 1251 "-" "Mozilla/5.0 (Linux; Android 6.0.1; Nexus 5X Build/MMB29P) AppleWebKit/537.36 (KHTML, like Gecko) Chrome/137.0.7151.103 Mobile Safari/537.36 (compatible; Googlebot/2.1; +http://www.google.com/bot.html)"
20.171.207.232 - - [13/Jul/2025:17:03:06 -0400] "GET /report02 HTTP/1.1" 404 1251 "-" "Mozilla/5.0 AppleWebKit/537.36 (KHTML, like Gecko; compatible; GPTBot/1.2; +https://openai.com/gptbot)"
66.249.74.15 - - [13/Jul/2025:17:03:19 -0400] "GET /items/tvzgy15/9767?key=seller HTTP/1.1" 404 1251 "-" "Mozilla/5.0 (compatible; Googlebot/2.1; +http://www.google.com/bot.html)"
45.4.172.194 - - [13/Jul/2025:17:03:40 -0400] "GET /wp-login.php HTTP/1.1" 200 0 "http://nas-yemen.org/wp-login.php" "Mozilla/5.0 (Windows NT 10.0; Win64; x64; rv:137.0) Gecko/20100101 Firefox/137.0"
45.4.172.194 - - [13/Jul/2025:17:03:47 -0400] "GET /wp-login.php HTTP/1.1" 200 0 "http://www.nas-yemen.org/wp-login.php" "Mozilla/5.0 (Windows NT 10.0; Win64; x64; rv:137.0) Gecko/20100101 Firefox/137.0"
45.4.172.194 - - [13/Jul/2025:17:03:54 -0400] "GET /wp-login.php HTTP/1.1" 200 0 "http://www.nas-yemen.org/wp-login.php" "Mozilla/5.0 (Windows NT 10.0; Win64; x64; rv:137.0) Gecko/20100101 Firefox/137.0"
69.197.182.50 - - [13/Jul/2025:17:04:03 -0400] "GET /wp-content/admin.php HTTP/1.1" 404 1251 "https://nas-yemen.org/wp-content/admin.php" "Mozilla/5.0 (Windows NT 10.0; Win64; x64) AppleWebKit/537.36 (KHTML, like Gecko) Chrome/58.0.3029.110 Safari/537.3"
66.29.146.47 - - [13/Jul/2025:17:04:07 -0400] "POST /wp-cron.php?doing_wp_cron=1752440646.9410669803619384765625 HTTP/1.1" 403 1242 "-" "WordPress/6.8; https://nas-yemen.org"
66.29.146.47 - - [13/Jul/2025:17:04:07 -0400] "POST /wp-cron.php?doing_wp_cron=1752440646.9314010143280029296875 HTTP/1.1" 403 1242 "-" "WordPress/6.8; https://nas-yemen.org"
66.29.146.47 - - [13/Jul/2025:17:04:07 -0400] "POST /wp-cron.php?doing_wp_cron=1752440646.8516709804534912109375 HTTP/1.1" 403 1242 "-" "WordPress/6.8; https://nas-yemen.org"
66.29.146.47 - - [13/Jul/2025:17:04:08 -0400] "POST /wp-cron.php?doing_wp_cron=1752440646.8608160018920898437500 HTTP/1.1" 403 1242 "-" "WordPress/6.8; https://nas-yemen.org"
45.4.172.194 - - [13/Jul/2025:17:04:01 -0400] "GET /wp-login.php HTTP/1.1" 200 0 "http://www.nas-yemen.org/wp-login.php" "Mozilla/5.0 (Windows NT 10.0; Win64; x64; rv:137.0) Gecko/20100101 Firefox/137.0"
66.249.74.15 - - [13/Jul/2025:17:04:45 -0400] "GET /q-~23W9l0bxN6U4AVpqsItX1MP5kFZT7sQK33630/ HTTP/1.1" 404 1251 "-" "Mozilla/5.0 (Linux; Android 6.0.1; Nexus 5X Build/MMB29P) AppleWebKit/537.36 (KHTML, like Gecko) Chrome/137.0.7151.103 Mobile Safari/537.36 (compatible; GoogleOther)"
66.249.74.15 - - [13/Jul/2025:17:04:54 -0400] "GET /items/qdvtk198/45350?key=general HTTP/1.1" 404 1251 "-" "Mozilla/5.0 (Linux; Android 6.0.1; Nexus 5X Build/MMB29P) AppleWebKit/537.36 (KHTML, like Gecko) Chrome/137.0.7151.103 Mobile Safari/537.36 (compatible; GoogleOther)"
66.249.74.15 - - [13/Jul/2025:17:05:00 -0400] "GET /q-~116WOoKrSwM1z3oKPr018khgfRFW6JfSr2211/ HTTP/1.1" 404 1251 "-" "Mozilla/5.0 (Linux; Android 6.0.1; Nexus 5X Build/MMB29P) AppleWebKit/537.36 (KHTML, like Gecko) Chrome/137.0.7151.103 Mobile Safari/537.36 (compatible; GoogleOther)"
66.249.74.1 - - [13/Jul/2025:17:05:28 -0400] "GET /q-~125RJFjeEp8lYM4qN4j0ZmIhuWFLFZ4Be21340/ HTTP/1.1" 404 1251 "-" "Mozilla/5.0 (Linux; Android 6.0.1; Nexus 5X Build/MMB29P) AppleWebKit/537.36 (KHTML, like Gecko) Chrome/137.0.7151.103 Mobile Safari/537.36 (compatible; GoogleOther)"
66.249.74.1 - - [13/Jul/2025:17:06:23 -0400] "GET /q-~286vP7zcjojLzzWDorGHNUcwZtM6Me88s4385/ HTTP/1.1" 404 1251 "-" "Mozilla/5.0 (Linux; Android 6.0.1; Nexus 5X Build/MMB29P) AppleWebKit/537.36 (KHTML, like Gecko) Chrome/137.0.7151.103 Mobile Safari/537.36 (compatible; GoogleOther)"
66.249.74.1 - - [13/Jul/2025:17:06:25 -0400] "GET /q-~220PABaZ29sq2PTDDDsu6XeMEqHGIgdYg24261/ HTTP/1.1" 404 1251 "-" "Mozilla/5.0 (Linux; Android 6.0.1; Nexus 5X Build/MMB29P) AppleWebKit/537.36 (KHTML, like Gecko) Chrome/137.0.7151.103 Mobile Safari/537.36 (compatible; GoogleOther)"
66.249.74.1 - - [13/Jul/2025:17:06:44 -0400] "GET /q-~92M31vSULy6N5K3rmwc0QxFDPO1olAYl43687/ HTTP/1.1" 404 1251 "-" "Mozilla/5.0 (Linux; Android 6.0.1; Nexus 5X Build/MMB29P) AppleWebKit/537.36 (KHTML, like Gecko) Chrome/137.0.7151.103 Mobile Safari/537.36 (compatible; Googlebot/2.1; +http://www.google.com/bot.html)"
66.249.74.1 - - [13/Jul/2025:17:06:45 -0400] "GET /items/ksglc275/17907?key=worker HTTP/1.1" 404 1251 "-" "Mozilla/5.0 (compatible; Googlebot/2.1; +http://www.google.com/bot.html)"
66.249.74.2 - - [13/Jul/2025:17:07:28 -0400] "GET /q-~132vm7SxMn0aVMtKbLs0lwcV7r9Bn8u4M49361/ HTTP/1.1" 404 1251 "-" "Mozilla/5.0 (Linux; Android 6.0.1; Nexus 5X Build/MMB29P) AppleWebKit/537.36 (KHTML, like Gecko) Chrome/137.0.7151.103 Mobile Safari/537.36 (compatible; GoogleOther)"
69.197.182.50 - - [13/Jul/2025:17:08:19 -0400] "GET /wp-content/admin.php HTTP/1.1" 404 1251 "https://nas-yemen.org/wp-content/admin.php" "Mozilla/5.0 (Windows NT 10.0; Win64; x64) AppleWebKit/537.36 (KHTML, like Gecko) Chrome/58.0.3029.110 Safari/537.3"
85.208.96.209 - - [13/Jul/2025:17:09:57 -0400] "GET /robots.txt HTTP/1.1" 304 0 "-" "Mozilla/5.0 (compatible; SemrushBot/7~bl; +http://www.semrush.com/bot.html)"
185.191.171.8 - - [13/Jul/2025:17:09:58 -0400] "GET /wp-includes/rest-api/endpoints/class-wp-rest-template-revisions-controller.php HTTP/1.1" 403 1242 "-" "Mozilla/5.0 (compatible; SemrushBot/7~bl; +http://www.semrush.com/bot.html)"
66.249.74.2 - - [13/Jul/2025:17:10:54 -0400] "GET /items/cekol204/6952?key=cliff HTTP/1.1" 404 1251 "-" "Mozilla/5.0 (Linux; Android 6.0.1; Nexus 5X Build/MMB29P) AppleWebKit/537.36 (KHTML, like Gecko) Chrome/137.0.7151.103 Mobile Safari/537.36 (compatible; GoogleOther)"
54.210.152.179 - - [13/Jul/2025:17:11:57 -0400] "GET /wp-includes/html-api/class-wp-html-decoder.php HTTP/1.1" 403 1242 "-" "Mozilla/5.0 AppleWebKit/537.36 (KHTML, like Gecko; compatible; Amazonbot/0.1; +https://developer.amazon.com/support/amazonbot) Chrome/119.0.6045.214 Safari/537.36"
3.232.39.98 - - [13/Jul/2025:17:12:01 -0400] "GET /wp-includes/customize/class-wp-customize-code-editor-control.php HTTP/1.1" 403 1242 "-" "Mozilla/5.0 AppleWebKit/537.36 (KHTML, like Gecko; compatible; Amazonbot/0.1; +https://developer.amazon.com/support/amazonbot) Chrome/119.0.6045.214 Safari/537.36"
18.206.47.187 - - [13/Jul/2025:17:12:06 -0400] "GET /wp-includes/widgets/class-wp-widget-meta.php HTTP/1.1" 403 1242 "-" "Mozilla/5.0 AppleWebKit/537.36 (KHTML, like Gecko; compatible; Amazonbot/0.1; +https://developer.amazon.com/support/amazonbot) Chrome/119.0.6045.214 Safari/537.36"
3.218.35.239 - - [13/Jul/2025:17:12:09 -0400] "GET /wp-includes/ID3/module.audio.ac3.php HTTP/1.1" 403 1242 "-" "Mozilla/5.0 AppleWebKit/537.36 (KHTML, like Gecko; compatible; Amazonbot/0.1; +https://developer.amazon.com/support/amazonbot) Chrome/119.0.6045.214 Safari/537.36"
20.171.207.232 - - [13/Jul/2025:17:13:02 -0400] "GET /?/ninsho/ninsho_htm HTTP/1.1" 200 1470 "-" "Mozilla/5.0 AppleWebKit/537.36 (KHTML, like Gecko; compatible; GPTBot/1.2; +https://openai.com/gptbot)"
20.171.207.232 - - [13/Jul/2025:17:13:08 -0400] "GET /?MA HTTP/1.1" 200 1472 "-" "Mozilla/5.0 AppleWebKit/537.36 (KHTML, like Gecko; compatible; GPTBot/1.2; +https://openai.com/gptbot)"
20.171.207.232 - - [13/Jul/2025:17:13:10 -0400] "GET /?ND HTTP/1.1" 200 1463 "-" "Mozilla/5.0 AppleWebKit/537.36 (KHTML, like Gecko; compatible; GPTBot/1.2; +https://openai.com/gptbot)"
20.171.207.232 - - [13/Jul/2025:17:13:13 -0400] "GET /?NA HTTP/1.1" 200 1470 "-" "Mozilla/5.0 AppleWebKit/537.36 (KHTML, like Gecko; compatible; GPTBot/1.2; +https://openai.com/gptbot)"
20.171.207.232 - - [13/Jul/2025:17:13:15 -0400] "GET /?MD HTTP/1.1" 200 1465 "-" "Mozilla/5.0 AppleWebKit/537.36 (KHTML, like Gecko; compatible; GPTBot/1.2; +https://openai.com/gptbot)"
47.82.60.81 - - [13/Jul/2025:17:13:23 -0400] "GET /items/vcpth148/18414?key=glass HTTP/1.1" 404 1251 "https://nas-yemen.org/items/vcpth148/18414?key=glass" "Mozilla/5.0 (Windows NT 10.0; Win64; x64) AppleWebKit/537.36 (KHTML, like Gecko) Chrome/114.0.0.0 Safari/537.36 Edg/114.0.1823.43"
43.134.186.61 - - [13/Jul/2025:17:13:34 -0400] "GET /wp-blog-header.php HTTP/1.1" 403 1242 "-" "Mozilla/5.0 (iPhone; CPU iPhone OS 13_2_3 like Mac OS X) AppleWebKit/605.1.15 (KHTML, like Gecko) Version/13.0.3 Mobile/15E148 Safari/604.1"
85.208.96.201 - - [13/Jul/2025:17:14:13 -0400] "GET /wp-includes/rest-api/endpoints/class-wp-rest-widget-types-controller.php HTTP/1.1" 403 1242 "-" "Mozilla/5.0 (compatible; SemrushBot/7~bl; +http://www.semrush.com/bot.html)"
66.249.74.2 - - [13/Jul/2025:17:14:23 -0400] "GET /items/edzru75/37161?key=gentle HTTP/1.1" 404 1251 "-" "Mozilla/5.0 (Linux; Android 6.0.1; Nexus 5X Build/MMB29P) AppleWebKit/537.36 (KHTML, like Gecko) Chrome/137.0.7151.103 Mobile Safari/537.36 (compatible; Googlebot/2.1; +http://www.google.com/bot.html)"
66.249.74.2 - - [13/Jul/2025:17:15:42 -0400] "GET /items/tauyo209/21807?key=setting HTTP/1.1" 404 1251 "-" "Mozilla/5.0 (compatible; Googlebot/2.1; +http://www.google.com/bot.html)"
66.249.74.15 - - [13/Jul/2025:17:15:42 -0400] "GET /items/tauyo209/21807?key=setting HTTP/1.1" 404 1251 "-" "Mozilla/5.0 (Linux; Android 6.0.1; Nexus 5X Build/MMB29P) AppleWebKit/537.36 (KHTML, like Gecko) Chrome/137.0.7151.103 Mobile Safari/537.36 (compatible; Googlebot/2.1; +http://www.google.com/bot.html)"
208.110.64.178 - - [13/Jul/2025:17:16:49 -0400] "GET /wp-content/admin.php HTTP/1.1" 404 1251 "https://nas-yemen.org/wp-content/admin.php" "Mozilla/5.0 (Windows NT 10.0; Win64; x64) AppleWebKit/537.36 (KHTML, like Gecko) Chrome/58.0.3029.110 Safari/537.3"
185.191.171.15 - - [13/Jul/2025:17:16:57 -0400] "GET /wp-includes/Requests/src/Transport/ HTTP/1.1" 200 669 "-" "Mozilla/5.0 (compatible; SemrushBot/7~bl; +http://www.semrush.com/bot.html)"
66.249.74.1 - - [13/Jul/2025:17:17:31 -0400] "GET /items/garhm271/6973?key=newly HTTP/1.1" 404 1251 "-" "Mozilla/5.0 (Linux; Android 6.0.1; Nexus 5X Build/MMB29P) AppleWebKit/537.36 (KHTML, like Gecko) Chrome/137.0.7151.103 Mobile Safari/537.36 (compatible; Googlebot/2.1; +http://www.google.com/bot.html)"
185.191.171.6 - - [13/Jul/2025:17:17:43 -0400] "GET /wp-load.php HTTP/1.1" 403 1242 "-" "Mozilla/5.0 (compatible; SemrushBot/7~bl; +http://www.semrush.com/bot.html)"
20.171.207.232 - - [13/Jul/2025:17:18:36 -0400] "GET /?/ccr.php HTTP/1.1" 200 1470 "-" "Mozilla/5.0 AppleWebKit/537.36 (KHTML, like Gecko; compatible; GPTBot/1.2; +https://openai.com/gptbot)"
216.73.216.145 - - [13/Jul/2025:17:18:39 -0400] "GET /robots.txt HTTP/1.1" 304 0 "-" "Mozilla/5.0 AppleWebKit/537.36 (KHTML, like Gecko; compatible; ClaudeBot/1.0; +claudebot@anthropic.com)"
216.73.216.145 - - [13/Jul/2025:17:18:40 -0400] "GET / HTTP/1.1" 200 1470 "-" "Mozilla/5.0 AppleWebKit/537.36 (KHTML, like Gecko; compatible; ClaudeBot/1.0; +claudebot@anthropic.com)"
66.249.74.1 - - [13/Jul/2025:17:19:00 -0400] "GET /q-~90BTUha5LsZ89FJfCivuDJ862EvrIgTx39247/ HTTP/1.1" 404 1251 "-" "Mozilla/5.0 (compatible; Googlebot/2.1; +http://www.google.com/bot.html)"
20.171.207.232 - - [13/Jul/2025:17:19:21 -0400] "GET /?mandean/pLfgni4.htm HTTP/1.1" 200 1470 "-" "Mozilla/5.0 AppleWebKit/537.36 (KHTML, like Gecko; compatible; GPTBot/1.2; +https://openai.com/gptbot)"
157.55.39.201 - - [13/Jul/2025:17:20:11 -0400] "GET /ar/wp-content/themes/nas-theme/css/all.min.css?ver=0.0.11 HTTP/1.1" 404 1251 "-" "Mozilla/5.0 AppleWebKit/537.36 (KHTML, like Gecko; compatible; bingbot/2.0; +http://www.bing.com/bingbot.htm) Chrome/116.0.1938.76 Safari/537.36"
157.55.39.201 - - [13/Jul/2025:17:20:11 -0400] "GET /ar/wp-content/plugins/contact-form-7/includes/css/styles.css?ver=5.7.2 HTTP/1.1" 404 1251 "-" "Mozilla/5.0 AppleWebKit/537.36 (KHTML, like Gecko; compatible; bingbot/2.0; +http://www.bing.com/bingbot.htm) Chrome/116.0.1938.76 Safari/537.36"
157.55.39.201 - - [13/Jul/2025:17:20:13 -0400] "GET /ar/wp-content/themes/nas-theme/css/rtl.css?ver=0.0.11 HTTP/1.1" 404 1251 "-" "Mozilla/5.0 AppleWebKit/537.36 (KHTML, like Gecko; compatible; bingbot/2.0; +http://www.bing.com/bingbot.htm) Chrome/116.0.1938.76 Safari/537.36"
157.55.39.201 - - [13/Jul/2025:17:20:13 -0400] "GET /ar/wp-includes/js/wp-emoji-release.min.js?ver=6.1.7 HTTP/1.1" 404 1251 "-" "Mozilla/5.0 AppleWebKit/537.36 (KHTML, like Gecko; compatible; bingbot/2.0; +http://www.bing.com/bingbot.htm) Chrome/116.0.1938.76 Safari/537.36"
157.55.39.201 - - [13/Jul/2025:17:20:14 -0400] "GET /ar/wp-content/themes/nas-theme/js/jquery-3.6.2.min.js HTTP/1.1" 404 1251 "-" "Mozilla/5.0 AppleWebKit/537.36 (KHTML, like Gecko; compatible; bingbot/2.0; +http://www.bing.com/bingbot.htm) Chrome/116.0.1938.76 Safari/537.36"
157.55.39.201 - - [13/Jul/2025:17:20:15 -0400] "GET /ar/wp-content/plugins/contact-form-7/includes/swv/js/index.js?ver=5.7.2 HTTP/1.1" 404 1251 "-" "Mozilla/5.0 AppleWebKit/537.36 (KHTML, like Gecko; compatible; bingbot/2.0; +http://www.bing.com/bingbot.htm) Chrome/116.0.1938.76 Safari/537.36"
157.55.39.201 - - [13/Jul/2025:17:20:16 -0400] "GET /ar/wp-content/plugins/contact-form-7/includes/js/index.js?ver=5.7.2 HTTP/1.1" 404 1251 "-" "Mozilla/5.0 AppleWebKit/537.36 (KHTML, like Gecko; compatible; bingbot/2.0; +http://www.bing.com/bingbot.htm) Chrome/116.0.1938.76 Safari/537.36"
52.167.144.213 - - [13/Jul/2025:17:20:18 -0400] "GET /ar/wp-includes/css/classic-themes.min.css?ver=1 HTTP/1.1" 404 1251 "-" "Mozilla/5.0 AppleWebKit/537.36 (KHTML, like Gecko; compatible; bingbot/2.0; +http://www.bing.com/bingbot.htm) Chrome/116.0.1938.76 Safari/537.36"
52.167.144.213 - - [13/Jul/2025:17:20:18 -0400] "GET /ar/wp-includes/css/dist/block-library/style-rtl.min.css?ver=6.1.7 HTTP/1.1" 404 1251 "-" "Mozilla/5.0 AppleWebKit/537.36 (KHTML, like Gecko; compatible; bingbot/2.0; +http://www.bing.com/bingbot.htm) Chrome/116.0.1938.76 Safari/537.36"
52.167.144.213 - - [13/Jul/2025:17:20:19 -0400] "GET /ar/wp-content/themes/nas-theme/css/style.css?ver=0.0.11 HTTP/1.1" 404 1251 "-" "Mozilla/5.0 AppleWebKit/537.36 (KHTML, like Gecko; compatible; bingbot/2.0; +http://www.bing.com/bingbot.htm) Chrome/116.0.1938.76 Safari/537.36"
52.167.144.213 - - [13/Jul/2025:17:20:20 -0400] "GET /ar/wp-content/themes/nas-theme/css/bootstrap.rtl.min.css?ver=0.0.11 HTTP/1.1" 404 1251 "-" "Mozilla/5.0 AppleWebKit/537.36 (KHTML, like Gecko; compatible; bingbot/2.0; +http://www.bing.com/bingbot.htm) Chrome/116.0.1938.76 Safari/537.36"
52.167.144.213 - - [13/Jul/2025:17:20:20 -0400] "GET /ar/wp-content/plugins/contact-form-7/includes/css/styles-rtl.css?ver=5.7.2 HTTP/1.1" 404 1251 "-" "Mozilla/5.0 AppleWebKit/537.36 (KHTML, like Gecko; compatible; bingbot/2.0; +http://www.bing.com/bingbot.htm) Chrome/116.0.1938.76 Safari/537.36"
52.167.144.213 - - [13/Jul/2025:17:20:20 -0400] "GET /ar/wp-content/themes/nas-theme/css/hc-offcanvas-nav.css?ver=0.0.11 HTTP/1.1" 404 1251 "-" "Mozilla/5.0 AppleWebKit/537.36 (KHTML, like Gecko; compatible; bingbot/2.0; +http://www.bing.com/bingbot.htm) Chrome/116.0.1938.76 Safari/537.36"
52.167.144.213 - - [13/Jul/2025:17:20:21 -0400] "GET /ar/wp-content/themes/nas-theme/js/swiper-8.4.5.min.js HTTP/1.1" 404 1251 "-" "Mozilla/5.0 AppleWebKit/537.36 (KHTML, like Gecko; compatible; bingbot/2.0; +http://www.bing.com/bingbot.htm) Chrome/116.0.1938.76 Safari/537.36"
66.249.74.15 - - [13/Jul/2025:17:20:23 -0400] "GET /q-~288dw95tKZtXUZOjjrhqk4PU3v5HbOkSi27277/ HTTP/1.1" 404 1251 "-" "Mozilla/5.0 (Linux; Android 6.0.1; Nexus 5X Build/MMB29P) AppleWebKit/537.36 (KHTML, like Gecko) Chrome/137.0.7151.103 Mobile Safari/537.36 (compatible; Googlebot/2.1; +http://www.google.com/bot.html)"
207.46.13.18 - - [13/Jul/2025:17:20:25 -0400] "GET /ar/wp-content/themes/nas-theme/style.css HTTP/1.1" 404 1251 "-" "Mozilla/5.0 AppleWebKit/537.36 (KHTML, like Gecko; compatible; bingbot/2.0; +http://www.bing.com/bingbot.htm) Chrome/116.0.1938.76 Safari/537.36"
207.46.13.18 - - [13/Jul/2025:17:20:25 -0400] "GET /ar/wp-content/themes/nas-theme/css/swiper-8.4.5.min.css?ver=0.0.11 HTTP/1.1" 404 1251 "-" "Mozilla/5.0 AppleWebKit/537.36 (KHTML, like Gecko; compatible; bingbot/2.0; +http://www.bing.com/bingbot.htm) Chrome/116.0.1938.76 Safari/537.36"
207.46.13.18 - - [13/Jul/2025:17:20:26 -0400] "GET /ar/wp-content/themes/nas-theme/js/popper.min.js HTTP/1.1" 404 1251 "-" "Mozilla/5.0 AppleWebKit/537.36 (KHTML, like Gecko; compatible; bingbot/2.0; +http://www.bing.com/bingbot.htm) Chrome/116.0.1938.76 Safari/537.36"
207.46.13.18 - - [13/Jul/2025:17:20:26 -0400] "GET /ar/wp-content/themes/nas-theme/js/hc-offcanvas-nav.js HTTP/1.1" 404 1251 "-" "Mozilla/5.0 AppleWebKit/537.36 (KHTML, like Gecko; compatible; bingbot/2.0; +http://www.bing.com/bingbot.htm) Chrome/116.0.1938.76 Safari/537.36"
207.46.13.18 - - [13/Jul/2025:17:20:26 -0400] "GET /ar/wp-content/themes/nas-theme/js/script.js?ver=0.0.11 HTTP/1.1" 404 1251 "-" "Mozilla/5.0 AppleWebKit/537.36 (KHTML, like Gecko; compatible; bingbot/2.0; +http://www.bing.com/bingbot.htm) Chrome/116.0.1938.76 Safari/537.36"
207.46.13.18 - - [13/Jul/2025:17:20:27 -0400] "GET /ar/wp-content/themes/nas-theme/js/bootstrap.min.js HTTP/1.1" 404 1251 "-" "Mozilla/5.0 AppleWebKit/537.36 (KHTML, like Gecko; compatible; bingbot/2.0; +http://www.bing.com/bingbot.htm) Chrome/116.0.1938.76 Safari/537.36"
66.249.74.1 - - [13/Jul/2025:17:20:35 -0400] "GET /q-~175revcIV8NYoETX297A8CfYu09RRoSOZ11512/ HTTP/1.1" 404 1251 "-" "Mozilla/5.0 (compatible; Googlebot/2.1; +http://www.google.com/bot.html)"
66.249.74.1 - - [13/Jul/2025:17:20:38 -0400] "GET /q-~98m4sGuMrFnQmkEpK3bPVkLaLNQYatUn47895/ HTTP/1.1" 404 1251 "-" "Mozilla/5.0 (Linux; Android 6.0.1; Nexus 5X Build/MMB29P) AppleWebKit/537.36 (KHTML, like Gecko) Chrome/137.0.7151.103 Mobile Safari/537.36 (compatible; Googlebot/2.1; +http://www.google.com/bot.html)"
66.249.74.15 - - [13/Jul/2025:17:20:49 -0400] "GET /items/phvym48/22958?key=decision HTTP/1.1" 404 1251 "-" "Mozilla/5.0 (compatible; Googlebot/2.1; +http://www.google.com/bot.html)"
66.249.74.15 - - [13/Jul/2025:17:20:49 -0400] "GET /items/phvym48/22958?key=decision HTTP/1.1" 404 1251 "-" "Mozilla/5.0 (compatible; Googlebot/2.1; +http://www.google.com/bot.html)"
88.99.209.153 - - [13/Jul/2025:17:20:58 -0400] "GET /ar/contact-us HTTP/1.1" 404 1251 "https://nas-yemen.org/ar/contact-us" "Mozilla/5.0 (Windows NT 6.3; WOW64) AppleWebKit/537.36 (KHTML, like Gecko) Chrome/103.0.5060.114 Safari/537.36"
88.99.209.153 - - [13/Jul/2025:17:20:58 -0400] "GET / HTTP/1.1" 200 1470 "https://nas-yemen.org/" "Mozilla/5.0 (Windows NT 6.3; WOW64) AppleWebKit/537.36 (KHTML, like Gecko) Chrome/103.0.5060.114 Safari/537.36"
69.197.182.50 - - [13/Jul/2025:17:21:39 -0400] "GET /wp-content/admin.php HTTP/1.1" 404 1251 "https://nas-yemen.org/wp-content/admin.php" "Mozilla/5.0 (Windows NT 10.0; Win64; x64) AppleWebKit/537.36 (KHTML, like Gecko) Chrome/58.0.3029.110 Safari/537.3"
66.249.74.15 - - [13/Jul/2025:17:21:52 -0400] "GET /q-~237LGv4C3uhesOpNnvhKe2d0xq4zNiweh42114/ HTTP/1.1" 404 1251 "-" "Mozilla/5.0 (Linux; Android 6.0.1; Nexus 5X Build/MMB29P) AppleWebKit/537.36 (KHTML, like Gecko) Chrome/137.0.7151.103 Mobile Safari/537.36 (compatible; GoogleOther)"
66.249.74.2 - - [13/Jul/2025:17:21:54 -0400] "GET /q-~115VaZNesixBpcvUlDzV5VYCQdkyjdUxE23166/ HTTP/1.1" 404 1251 "-" "Mozilla/5.0 (Linux; Android 6.0.1; Nexus 5X Build/MMB29P) AppleWebKit/537.36 (KHTML, like Gecko) Chrome/137.0.7151.103 Mobile Safari/537.36 (compatible; GoogleOther)"
66.249.74.15 - - [13/Jul/2025:17:21:56 -0400] "GET /items/kxcxh101/38765?key=etc HTTP/1.1" 404 1251 "-" "Mozilla/5.0 (Linux; Android 6.0.1; Nexus 5X Build/MMB29P) AppleWebKit/537.36 (KHTML, like Gecko) Chrome/137.0.7151.103 Mobile Safari/537.36 (compatible; GoogleOther)"
66.249.74.15 - - [13/Jul/2025:17:21:59 -0400] "GET /q-~220Eoaq7ZT67GbPyBlP5zsl1RzvNMNybm21879/ HTTP/1.1" 404 1251 "-" "Mozilla/5.0 (Linux; Android 6.0.1; Nexus 5X Build/MMB29P) AppleWebKit/537.36 (KHTML, like Gecko) Chrome/137.0.7151.103 Mobile Safari/537.36 (compatible; GoogleOther)"
66.249.74.1 - - [13/Jul/2025:17:22:01 -0400] "GET /q-~216v456Hyn8bGlZFKDJduvEzZC6tNi00Q6499/ HTTP/1.1" 404 1251 "-" "Mozilla/5.0 (Linux; Android 6.0.1; Nexus 5X Build/MMB29P) AppleWebKit/537.36 (KHTML, like Gecko) Chrome/137.0.7151.103 Mobile Safari/537.36 (compatible; GoogleOther)"
66.249.74.2 - - [13/Jul/2025:17:22:03 -0400] "GET /q-~246B9XNjo7VnSVQZiT23VVDd8Cuubyivw43847/ HTTP/1.1" 404 1251 "-" "Mozilla/5.0 (Linux; Android 6.0.1; Nexus 5X Build/MMB29P) AppleWebKit/537.36 (KHTML, like Gecko) Chrome/137.0.7151.103 Mobile Safari/537.36 (compatible; GoogleOther)"
20.171.207.232 - - [13/Jul/2025:17:22:48 -0400] "GET /harslet/h43iq.shtml HTTP/1.1" 404 1251 "-" "Mozilla/5.0 AppleWebKit/537.36 (KHTML, like Gecko; compatible; GPTBot/1.2; +https://openai.com/gptbot)"
66.29.146.47 - - [13/Jul/2025:17:23:10 -0400] "POST /wp-cron.php?doing_wp_cron=1752441790.6446299552917480468750 HTTP/1.1" 403 1242 "-" "WordPress/6.8; https://nas-yemen.org"
49.51.72.76 - - [13/Jul/2025:17:22:57 -0400] "GET /wp-admin/ HTTP/1.1" 302 0 "-" "Mozilla/5.0 (iPhone; CPU iPhone OS 13_2_3 like Mac OS X) AppleWebKit/605.1.15 (KHTML, like Gecko) Version/13.0.3 Mobile/15E148 Safari/604.1"
49.51.72.76 - - [13/Jul/2025:17:23:15 -0400] "GET /wp-login.php?redirect_to=https%3A%2F%2Fnas-yemen.org%2Fwp-admin%2F&reauth=1 HTTP/1.1" 200 1948 "https://nas-yemen.org/wp-admin/" "Mozilla/5.0 (iPhone; CPU iPhone OS 13_2_3 like Mac OS X) AppleWebKit/605.1.15 (KHTML, like Gecko) Version/13.0.3 Mobile/15E148 Safari/604.1"
47.82.60.77 - - [13/Jul/2025:17:23:56 -0400] "GET /items/blqvy20/6246?key=telescope HTTP/1.1" 404 1251 "https://nas-yemen.org/items/blqvy20/6246?key=telescope" "Mozilla/5.0 (Windows NT 10.0; Win64; x64) AppleWebKit/537.36 (KHTML, like Gecko) Chrome/114.0.0.0 Safari/537.36 Edg/114.0.1823.43"
66.249.74.9 - - [13/Jul/2025:17:23:57 -0400] "GET /items/zinwn163/15695?key=ridiculous HTTP/1.1" 404 1251 "-" "Mozilla/5.0 (Linux; Android 6.0.1; Nexus 5X Build/MMB29P) AppleWebKit/537.36 (KHTML, like Gecko) Chrome/137.0.7151.103 Mobile Safari/537.36 (compatible; Googlebot/2.1; +http://www.google.com/bot.html)"
20.171.207.232 - - [13/Jul/2025:17:24:02 -0400] "GET /?portance/7Aya_htm HTTP/1.1" 200 1470 "-" "Mozilla/5.0 AppleWebKit/537.36 (KHTML, like Gecko; compatible; GPTBot/1.2; +https://openai.com/gptbot)"
20.171.207.232 - - [13/Jul/2025:17:24:04 -0400] "GET /?portance/7Aya_htm HTTP/1.1" 200 1470 "-" "Mozilla/5.0 AppleWebKit/537.36 (KHTML, like Gecko; compatible; GPTBot/1.2; +https://openai.com/gptbot)"
47.82.60.16 - - [13/Jul/2025:17:24:04 -0400] "GET /q-~169GNw9AuNNRfzJOLE3GRh6DGSgKmDzCd38040/ HTTP/1.1" 404 1251 "https://nas-yemen.org/q-~169GNw9AuNNRfzJOLE3GRh6DGSgKmDzCd38040/" "Mozilla/5.0 (Windows NT 10.0; Win64; x64) AppleWebKit/537.36 (KHTML, like Gecko) Chrome/114.0.0.0 Safari/537.36 Edg/114.0.1823.43"
66.249.74.10 - - [13/Jul/2025:17:24:45 -0400] "GET /q-~107zicUuANgwN8Q2FzjUqtr3AwM7BYTrE10308/ HTTP/1.1" 404 1251 "-" "Mozilla/5.0 (Linux; Android 6.0.1; Nexus 5X Build/MMB29P) AppleWebKit/537.36 (KHTML, like Gecko) Chrome/137.0.7151.103 Mobile Safari/537.36 (compatible; Googlebot/2.1; +http://www.google.com/bot.html)"
66.249.74.9 - - [13/Jul/2025:17:25:01 -0400] "GET /items/ediky200/32708?key=recent HTTP/1.1" 404 1251 "-" "Mozilla/5.0 (compatible; Googlebot/2.1; +http://www.google.com/bot.html)"
66.249.74.9 - - [13/Jul/2025:17:25:08 -0400] "GET /items/vnbet197/12351?key=according HTTP/1.1" 404 1251 "-" "Mozilla/5.0 (compatible; Googlebot/2.1; +http://www.google.com/bot.html)"
66.249.74.8 - - [13/Jul/2025:17:25:10 -0400] "GET /q-~256yMODkMn2pnwrV7rupJKYsmHjRUqAnv15793/ HTTP/1.1" 404 1251 "-" "Mozilla/5.0 (Linux; Android 6.0.1; Nexus 5X Build/MMB29P) AppleWebKit/537.36 (KHTML, like Gecko) Chrome/137.0.7151.103 Mobile Safari/537.36 (compatible; GoogleOther)"
66.249.74.8 - - [13/Jul/2025:17:25:22 -0400] "GET /items/vpjlo261/33985?key=grateful HTTP/1.1" 404 1251 "-" "Mozilla/5.0 (Linux; Android 6.0.1; Nexus 5X Build/MMB29P) AppleWebKit/537.36 (KHTML, like Gecko) Chrome/137.0.7151.103 Mobile Safari/537.36 (compatible; GoogleOther)"
20.171.207.232 - - [13/Jul/2025:17:27:03 -0400] "GET /beneficed/5Bqwtxd7.shtml HTTP/1.1" 404 1251 "-" "Mozilla/5.0 AppleWebKit/537.36 (KHTML, like Gecko; compatible; GPTBot/1.2; +https://openai.com/gptbot)"
35.173.18.61 - - [13/Jul/2025:17:27:38 -0400] "GET /wp-includes/assets/script-loader-packages.php HTTP/1.1" 403 1242 "-" "Mozilla/5.0 AppleWebKit/537.36 (KHTML, like Gecko; compatible; Amazonbot/0.1; +https://developer.amazon.com/support/amazonbot) Chrome/119.0.6045.214 Safari/537.36"
44.205.192.249 - - [13/Jul/2025:17:27:42 -0400] "GET /wp-includes/customize/class-wp-customize-new-menu-control.php HTTP/1.1" 403 1242 "-" "Mozilla/5.0 AppleWebKit/537.36 (KHTML, like Gecko; compatible; Amazonbot/0.1; +https://developer.amazon.com/support/amazonbot) Chrome/119.0.6045.214 Safari/537.36"
66.249.74.8 - - [13/Jul/2025:17:27:46 -0400] "GET /q-~216MhO9hj4aPFopWKdOQfRVzOuEm21SKL16711/ HTTP/1.1" 404 1251 "-" "Mozilla/5.0 (Linux; Android 6.0.1; Nexus 5X Build/MMB29P) AppleWebKit/537.36 (KHTML, like Gecko) Chrome/137.0.7151.103 Mobile Safari/537.36 (compatible; GoogleOther)"
107.20.25.33 - - [13/Jul/2025:17:27:45 -0400] "GET /wp-includes/?MD HTTP/1.1" 200 7239 "-" "Mozilla/5.0 AppleWebKit/537.36 (KHTML, like Gecko; compatible; Amazonbot/0.1; +https://developer.amazon.com/support/amazonbot) Chrome/119.0.6045.214 Safari/537.36"
35.169.240.53 - - [13/Jul/2025:17:27:49 -0400] "GET /wp-includes/php-compat/?SA HTTP/1.1" 200 635 "-" "Mozilla/5.0 AppleWebKit/537.36 (KHTML, like Gecko; compatible; Amazonbot/0.1; +https://developer.amazon.com/support/amazonbot) Chrome/119.0.6045.214 Safari/537.36"
208.110.64.178 - - [13/Jul/2025:17:27:51 -0400] "GET /wp-content/admin.php HTTP/1.1" 404 1251 "https://nas-yemen.org/wp-content/admin.php" "Mozilla/5.0 (Windows NT 10.0; Win64; x64) AppleWebKit/537.36 (KHTML, like Gecko) Chrome/58.0.3029.110 Safari/537.3"
52.45.15.233 - - [13/Jul/2025:17:27:54 -0400] "GET /wp-includes/block-patterns/query-medium-posts.php HTTP/1.1" 403 1242 "-" "Mozilla/5.0 AppleWebKit/537.36 (KHTML, like Gecko; compatible; Amazonbot/0.1; +https://developer.amazon.com/support/amazonbot) Chrome/119.0.6045.214 Safari/537.36"
50.19.221.48 - - [13/Jul/2025:17:27:58 -0400] "GET /wp-includes/style-engine/?ND HTTP/1.1" 200 741 "-" "Mozilla/5.0 AppleWebKit/537.36 (KHTML, like Gecko; compatible; Amazonbot/0.1; +https://developer.amazon.com/support/amazonbot) Chrome/119.0.6045.214 Safari/537.36"
3.224.104.67 - - [13/Jul/2025:17:28:02 -0400] "GET /wp-includes/assets/?MA HTTP/1.1" 200 1072 "-" "Mozilla/5.0 AppleWebKit/537.36 (KHTML, like Gecko; compatible; Amazonbot/0.1; +https://developer.amazon.com/support/amazonbot) Chrome/119.0.6045.214 Safari/537.36"
35.171.141.42 - - [13/Jul/2025:17:28:06 -0400] "GET /wp-includes/images/?MA HTTP/1.1" 200 1519 "-" "Mozilla/5.0 AppleWebKit/537.36 (KHTML, like Gecko; compatible; Amazonbot/0.1; +https://developer.amazon.com/support/amazonbot) Chrome/119.0.6045.214 Safari/537.36"
157.55.39.58 - - [13/Jul/2025:17:28:25 -0400] "GET /location/yawata/ HTTP/1.1" 404 1251 "-" "Mozilla/5.0 AppleWebKit/537.36 (KHTML, like Gecko; compatible; bingbot/2.0; +http://www.bing.com/bingbot.htm) Chrome/116.0.1938.76 Safari/537.36"
66.249.74.8 - - [13/Jul/2025:17:28:36 -0400] "GET /q-~69hPQtTrQXlo9pQbmOCvbsfFjr19RejW11860/ HTTP/1.1" 404 1251 "-" "Mozilla/5.0 (compatible; Googlebot/2.1; +http://www.google.com/bot.html)"
66.249.74.8 - - [13/Jul/2025:17:29:26 -0400] "GET /q-~211i3RZIK2h2g5PdCLwgo0TtxZorEafRU2834/ HTTP/1.1" 404 1251 "-" "Mozilla/5.0 (Linux; Android 6.0.1; Nexus 5X Build/MMB29P) AppleWebKit/537.36 (KHTML, like Gecko) Chrome/137.0.7151.103 Mobile Safari/537.36 (compatible; Googlebot/2.1; +http://www.google.com/bot.html)"
66.249.74.9 - - [13/Jul/2025:17:29:29 -0400] "GET /q-~118Nrww9jvSdTh1e1u8QtZMD6Opuj81Ht38007/ HTTP/1.1" 404 1251 "-" "Mozilla/5.0 (Linux; Android 6.0.1; Nexus 5X Build/MMB29P) AppleWebKit/537.36 (KHTML, like Gecko) Chrome/137.0.7151.103 Mobile Safari/537.36 (compatible; Googlebot/2.1; +http://www.google.com/bot.html)"
66.249.74.8 - - [13/Jul/2025:17:29:41 -0400] "GET /items/lmbqz178/8414?key=suffering HTTP/1.1" 404 1251 "-" "Mozilla/5.0 (Linux; Android 6.0.1; Nexus 5X Build/MMB29P) AppleWebKit/537.36 (KHTML, like Gecko) Chrome/137.0.7151.103 Mobile Safari/537.36 (compatible; Googlebot/2.1; +http://www.google.com/bot.html)"
66.249.74.9 - - [13/Jul/2025:17:30:43 -0400] "GET /items/eiakh46/41216?key=cake HTTP/1.1" 404 1251 "-" "Mozilla/5.0 (Linux; Android 6.0.1; Nexus 5X Build/MMB29P) AppleWebKit/537.36 (KHTML, like Gecko) Chrome/137.0.7151.103 Mobile Safari/537.36 (compatible; GoogleOther)"
66.249.74.10 - - [13/Jul/2025:17:31:07 -0400] "GET /q-~101RIlvhyMCkvcoA92w4puWNGqER7DE7t27926/ HTTP/1.1" 404 1251 "-" "Mozilla/5.0 (Linux; Android 6.0.1; Nexus 5X Build/MMB29P) AppleWebKit/537.36 (KHTML, like Gecko) Chrome/137.0.7151.103 Mobile Safari/537.36 (compatible; Googlebot/2.1; +http://www.google.com/bot.html)"
66.249.74.8 - - [13/Jul/2025:17:31:07 -0400] "GET /q-~101RIlvhyMCkvcoA92w4puWNGqER7DE7t27926/ HTTP/1.1" 404 1251 "-" "Mozilla/5.0 (compatible; Googlebot/2.1; +http://www.google.com/bot.html)"
66.249.74.9 - - [13/Jul/2025:17:31:12 -0400] "GET /items/jaqdm122/32406?key=devote HTTP/1.1" 404 1251 "-" "Mozilla/5.0 (Linux; Android 6.0.1; Nexus 5X Build/MMB29P) AppleWebKit/537.36 (KHTML, like Gecko) Chrome/137.0.7151.103 Mobile Safari/537.36 (compatible; GoogleOther)"
66.249.74.8 - - [13/Jul/2025:17:31:25 -0400] "GET /items/qajbq50/31814?key=toy HTTP/1.1" 404 1251 "-" "Mozilla/5.0 (Linux; Android 6.0.1; Nexus 5X Build/MMB29P) AppleWebKit/537.36 (KHTML, like Gecko) Chrome/137.0.7151.103 Mobile Safari/537.36 (compatible; GoogleOther)"
66.249.74.8 - - [13/Jul/2025:17:31:26 -0400] "GET /q-~214bj07xTLXx287oqjb0ODgBm4ybdJTfy10701/ HTTP/1.1" 404 1251 "-" "Mozilla/5.0 (compatible; Googlebot/2.1; +http://www.google.com/bot.html)"
85.208.96.201 - - [13/Jul/2025:17:31:56 -0400] "GET /wp-includes/sodium_compat/lib/ristretto255.php HTTP/1.1" 403 1242 "-" "Mozilla/5.0 (compatible; SemrushBot/7~bl; +http://www.semrush.com/bot.html)"
66.249.74.10 - - [13/Jul/2025:17:32:05 -0400] "GET /q-~227YUCRt3ihV58rVRsdFJBeD03R0ELeRV23964/ HTTP/1.1" 404 1251 "-" "Mozilla/5.0 (Linux; Android 6.0.1; Nexus 5X Build/MMB29P) AppleWebKit/537.36 (KHTML, like Gecko) Chrome/137.0.7151.103 Mobile Safari/537.36 (compatible; GoogleOther)"
66.29.146.47 - - [13/Jul/2025:17:32:07 -0400] "POST /wp-cron.php?doing_wp_cron=1752442327.1591899394989013671875 HTTP/1.1" 403 1242 "-" "WordPress/6.8; https://nas-yemen.org"
66.249.74.10 - - [13/Jul/2025:17:32:07 -0400] "GET /q-~52HhJsSBUj9lr1DzIXCMFdwBVVuQJtbD18439/ HTTP/1.1" 404 1251 "-" "Mozilla/5.0 (Linux; Android 6.0.1; Nexus 5X Build/MMB29P) AppleWebKit/537.36 (KHTML, like Gecko) Chrome/137.0.7151.103 Mobile Safari/537.36 (compatible; GoogleOther)"
43.130.9.111 - - [13/Jul/2025:17:31:55 -0400] "GET /wp-login.php HTTP/1.1" 200 1945 "-" "Mozilla/5.0 (iPhone; CPU iPhone OS 13_2_3 like Mac OS X) AppleWebKit/605.1.15 (KHTML, like Gecko) Version/13.0.3 Mobile/15E148 Safari/604.1"
204.12.252.98 - - [13/Jul/2025:17:32:45 -0400] "GET /wp-content/admin.php HTTP/1.1" 404 1251 "https://nas-yemen.org/wp-content/admin.php" "Mozilla/5.0 (Windows NT 10.0; Win64; x64) AppleWebKit/537.36 (KHTML, like Gecko) Chrome/58.0.3029.110 Safari/537.3"
66.249.74.8 - - [13/Jul/2025:17:32:58 -0400] "GET /items/ztczq289/34047?key=them HTTP/1.1" 404 1251 "-" "Mozilla/5.0 (compatible; Googlebot/2.1; +http://www.google.com/bot.html)"
66.249.74.10 - - [13/Jul/2025:17:33:11 -0400] "GET /q-~172KaKUd78d6BVxWdtXPxAGzTuu5cHk6k47021/ HTTP/1.1" 404 1251 "-" "Mozilla/5.0 (Linux; Android 6.0.1; Nexus 5X Build/MMB29P) AppleWebKit/537.36 (KHTML, like Gecko) Chrome/137.0.7151.103 Mobile Safari/537.36 (compatible; GoogleOther)"
47.82.60.46 - - [13/Jul/2025:17:34:16 -0400] "GET /wp-includes/SimplePie/library/SimplePie/Cache/Memcached.php HTTP/1.1" 403 1242 "https://www.nas-yemen.org/wp-includes/SimplePie/library/SimplePie/Cache/Memcached.php" "Mozilla/5.0 (Windows NT 10.0; Win64; x64) AppleWebKit/537.36 (KHTML, like Gecko) Chrome/114.0.0.0 Safari/537.36 Edg/114.0.1823.43"
2a03:2880:f800:: - - [13/Jul/2025:17:34:24 -0400] "GET /pages.php?sitemap240.xml HTTP/1.1" 404 1251 "-" "meta-externalagent/1.1 (+https://developers.facebook.com/docs/sharing/webmasters/crawler)"
66.249.74.8 - - [13/Jul/2025:17:35:03 -0400] "GET /items/btrjv159/33063?key=monitor HTTP/1.1" 404 1251 "-" "Mozilla/5.0 (Linux; Android 6.0.1; Nexus 5X Build/MMB29P) AppleWebKit/537.36 (KHTML, like Gecko) Chrome/137.0.7151.103 Mobile Safari/537.36 (compatible; GoogleOther)"
20.171.207.232 - - [13/Jul/2025:17:35:29 -0400] "GET /?fill/vfq6lufx.shtml HTTP/1.1" 200 1470 "-" "Mozilla/5.0 AppleWebKit/537.36 (KHTML, like Gecko; compatible; GPTBot/1.2; +https://openai.com/gptbot)"
66.249.74.9 - - [13/Jul/2025:17:35:38 -0400] "GET /items/vkkpl174/37166?key=scream HTTP/1.1" 404 1251 "-" "Mozilla/5.0 (Linux; Android 6.0.1; Nexus 5X Build/MMB29P) AppleWebKit/537.36 (KHTML, like Gecko) Chrome/137.0.7151.103 Mobile Safari/537.36 (compatible; Googlebot/2.1; +http://www.google.com/bot.html)"
52.167.144.139 - - [13/Jul/2025:17:35:54 -0400] "GET /index.php/default/querycustomscodelist.do HTTP/1.1" 404 1251 "-" "Mozilla/5.0 AppleWebKit/537.36 (KHTML, like Gecko; compatible; bingbot/2.0; +http://www.bing.com/bingbot.htm) Chrome/116.0.1938.76 Safari/537.36"
85.208.96.193 - - [13/Jul/2025:17:37:07 -0400] "GET /wp-includes/SimplePie/src/Sanitize.php HTTP/1.1" 403 1242 "-" "Mozilla/5.0 (compatible; SemrushBot/7~bl; +http://www.semrush.com/bot.html)"
69.197.182.50 - - [13/Jul/2025:17:38:02 -0400] "GET /wp-content/admin.php HTTP/1.1" 404 1251 "https://nas-yemen.org/wp-content/admin.php" "Mozilla/5.0 (Windows NT 10.0; Win64; x64) AppleWebKit/537.36 (KHTML, like Gecko) Chrome/58.0.3029.110 Safari/537.3"
167.71.222.191 - - [13/Jul/2025:17:38:12 -0400] "POST /xmlrpc.php HTTP/1.1" 403 1242 "-" "Mozilla/5.0 (X11; Ubuntu; Linux x86_64; rv:85.0) Gecko/20100101 Firefox/91.0"
66.249.74.8 - - [13/Jul/2025:17:39:26 -0400] "GET /items/akbpt284/25320?key=lawmaker HTTP/1.1" 404 1251 "-" "Mozilla/5.0 (Linux; Android 6.0.1; Nexus 5X Build/MMB29P) AppleWebKit/537.36 (KHTML, like Gecko) Chrome/137.0.7151.103 Mobile Safari/537.36 (compatible; GoogleOther)"
2001:470:36:3a2:7132:39e5:b8b7:b2de - - [13/Jul/2025:17:40:00 -0400] "GET /xmlrpc.php HTTP/1.1" 403 1242 "http://nas-yemen.org/xmlrpc.php" "Mozilla/5.0 (X11; Ubuntu; Linux x86_64; rv:85.0) Gecko/20100101 Firefox/91.0"
66.29.146.47 - - [13/Jul/2025:17:41:01 -0400] "POST /wp-cron.php?doing_wp_cron=1752442861.2413349151611328125000 HTTP/1.1" 403 1242 "-" "WordPress/6.8; https://nas-yemen.org"
43.157.147.3 - - [13/Jul/2025:17:40:45 -0400] "GET /wp-login.php?action=lostpassword HTTP/1.1" 200 1177 "-" "Mozilla/5.0 (iPhone; CPU iPhone OS 13_2_3 like Mac OS X) AppleWebKit/605.1.15 (KHTML, like Gecko) Version/13.0.3 Mobile/15E148 Safari/604.1"
20.171.207.232 - - [13/Jul/2025:17:41:25 -0400] "GET /artist/2087/ HTTP/1.1" 404 1251 "-" "Mozilla/5.0 AppleWebKit/537.36 (KHTML, like Gecko; compatible; GPTBot/1.2; +https://openai.com/gptbot)"
157.55.39.9 - - [13/Jul/2025:17:41:36 -0400] "GET /index.php?/kansensho-taisaku/covid-19/yobo/hassei.html HTTP/1.1" 404 1251 "-" "Mozilla/5.0 AppleWebKit/537.36 (KHTML, like Gecko; compatible; bingbot/2.0; +http://www.bing.com/bingbot.htm) Chrome/116.0.1938.76 Safari/537.36"
20.171.207.232 - - [13/Jul/2025:17:41:36 -0400] "GET /?/original/index_html HTTP/1.1" 200 1470 "-" "Mozilla/5.0 AppleWebKit/537.36 (KHTML, like Gecko; compatible; GPTBot/1.2; +https://openai.com/gptbot)"
20.171.207.232 - - [13/Jul/2025:17:43:07 -0400] "GET /club/tabletennis/ HTTP/1.1" 404 1251 "-" "Mozilla/5.0 AppleWebKit/537.36 (KHTML, like Gecko; compatible; GPTBot/1.2; +https://openai.com/gptbot)"
47.82.60.19 - - [13/Jul/2025:17:43:17 -0400] "GET /items/hojyb245/34343?key=stake HTTP/1.1" 404 1251 "https://nas-yemen.org/items/hojyb245/34343?key=stake" "Mozilla/5.0 (Windows NT 10.0; Win64; x64) AppleWebKit/537.36 (KHTML, like Gecko) Chrome/114.0.0.0 Safari/537.36 Edg/114.0.1823.43"
20.171.207.232 - - [13/Jul/2025:17:43:22 -0400] "GET /?access/traffic/ HTTP/1.1" 200 1470 "-" "Mozilla/5.0 AppleWebKit/537.36 (KHTML, like Gecko; compatible; GPTBot/1.2; +https://openai.com/gptbot)"
66.249.74.9 - - [13/Jul/2025:17:43:30 -0400] "GET /items/lilrr208/7566?key=mail HTTP/1.1" 404 1251 "-" "Mozilla/5.0 (Linux; Android 6.0.1; Nexus 5X Build/MMB29P) AppleWebKit/537.36 (KHTML, like Gecko) Chrome/137.0.7151.119 Mobile Safari/537.36 (compatible; Googlebot/2.1; +http://www.google.com/bot.html)"
66.249.74.41 - - [13/Jul/2025:17:43:43 -0400] "GET /search?category=311&search_word= HTTP/1.1" 404 1251 "-" "Mozilla/5.0 (Linux; Android 6.0.1; Nexus 5X Build/MMB29P) AppleWebKit/537.36 (KHTML, like Gecko) Chrome/137.0.7151.103 Mobile Safari/537.36 (compatible; Googlebot/2.1; +http://www.google.com/bot.html)"
20.171.207.232 - - [13/Jul/2025:17:44:08 -0400] "GET /?/category/tokorozawa/ HTTP/1.1" 200 1470 "-" "Mozilla/5.0 AppleWebKit/537.36 (KHTML, like Gecko; compatible; GPTBot/1.2; +https://openai.com/gptbot)"
66.249.74.9 - - [13/Jul/2025:17:44:11 -0400] "GET /items/kecyx104/47086?key=discrimination HTTP/1.1" 404 1251 "-" "Mozilla/5.0 (Linux; Android 6.0.1; Nexus 5X Build/MMB29P) AppleWebKit/537.36 (KHTML, like Gecko) Chrome/137.0.7151.103 Mobile Safari/537.36 (compatible; Googlebot/2.1; +http://www.google.com/bot.html)"
66.249.74.9 - - [13/Jul/2025:17:44:36 -0400] "GET /q-~91simHmMvVJL1RwN0AYpnqPbZ3jePCZA19546/ HTTP/1.1" 404 1251 "-" "Mozilla/5.0 (Linux; Android 6.0.1; Nexus 5X Build/MMB29P) AppleWebKit/537.36 (KHTML, like Gecko) Chrome/137.0.7151.103 Mobile Safari/537.36 (compatible; Googlebot/2.1; +http://www.google.com/bot.html)"
66.249.74.9 - - [13/Jul/2025:17:44:36 -0400] "GET /q-~91simHmMvVJL1RwN0AYpnqPbZ3jePCZA19546/ HTTP/1.1" 404 1251 "-" "Mozilla/5.0 (compatible; Googlebot/2.1; +http://www.google.com/bot.html)"
66.249.74.9 - - [13/Jul/2025:17:44:39 -0400] "GET /q-~298l2P5aLGpHk6sXn4jq9PietkjrzmiHX3085/ HTTP/1.1" 404 1251 "-" "Mozilla/5.0 (Linux; Android 6.0.1; Nexus 5X Build/MMB29P) AppleWebKit/537.36 (KHTML, like Gecko) Chrome/137.0.7151.103 Mobile Safari/537.36 (compatible; Googlebot/2.1; +http://www.google.com/bot.html)"
66.249.74.9 - - [13/Jul/2025:17:44:39 -0400] "GET /q-~298l2P5aLGpHk6sXn4jq9PietkjrzmiHX3085/ HTTP/1.1" 404 1251 "-" "Mozilla/5.0 (compatible; Googlebot/2.1; +http://www.google.com/bot.html)"
66.249.74.8 - - [13/Jul/2025:17:46:11 -0400] "GET /q-~196dgCsjVsz1Y3btYxM1jodQsa75PMaSY25443/ HTTP/1.1" 404 1251 "-" "Mozilla/5.0 (Linux; Android 6.0.1; Nexus 5X Build/MMB29P) AppleWebKit/537.36 (KHTML, like Gecko) Chrome/137.0.7151.103 Mobile Safari/537.36 (compatible; GoogleOther)"
47.82.60.3 - - [13/Jul/2025:17:46:12 -0400] "GET /wp-includes/SimplePie/src/XML/Declaration/Parser.php HTTP/1.1" 403 1242 "https://nas-yemen.org/wp-includes/SimplePie/src/XML/Declaration/Parser.php" "Mozilla/5.0 (Windows NT 10.0; Win64; x64) AppleWebKit/537.36 (KHTML, like Gecko) Chrome/114.0.0.0 Safari/537.36 Edg/114.0.1823.43"
66.249.74.9 - - [13/Jul/2025:17:46:31 -0400] "GET /q-~115pT8NtbNwrtoUo8DooANTpQLr8i5qrx4788/ HTTP/1.1" 404 1251 "-" "Mozilla/5.0 (Linux; Android 6.0.1; Nexus 5X Build/MMB29P) AppleWebKit/537.36 (KHTML, like Gecko) Chrome/137.0.7151.103 Mobile Safari/537.36 (compatible; GoogleOther)"
85.208.96.207 - - [13/Jul/2025:17:46:42 -0400] "GET /wp-includes/css/dist/customize-widgets/ HTTP/1.1" 200 683 "-" "Mozilla/5.0 (compatible; SemrushBot/7~bl; +http://www.semrush.com/bot.html)"
69.197.135.226 - - [13/Jul/2025:17:47:34 -0400] "GET /wp-content/admin.php HTTP/1.1" 404 1251 "https://nas-yemen.org/wp-content/admin.php" "Mozilla/5.0 (Windows NT 10.0; Win64; x64) AppleWebKit/537.36 (KHTML, like Gecko) Chrome/58.0.3029.110 Safari/537.3"
66.249.74.9 - - [13/Jul/2025:17:47:35 -0400] "GET /q-~210VwabmlFqj3HYKoHsw2VeR8PiGKVHaY20803/ HTTP/1.1" 404 1251 "-" "Mozilla/5.0 (Linux; Android 6.0.1; Nexus 5X Build/MMB29P) AppleWebKit/537.36 (KHTML, like Gecko) Chrome/137.0.7151.103 Mobile Safari/537.36 (compatible; GoogleOther)"
66.249.74.8 - - [13/Jul/2025:17:47:37 -0400] "GET /q-~240CF1lsCjN6hZxY0sPV82Kc5dApLzm4q45069/ HTTP/1.1" 404 1251 "-" "Mozilla/5.0 (Linux; Android 6.0.1; Nexus 5X Build/MMB29P) AppleWebKit/537.36 (KHTML, like Gecko) Chrome/137.0.7151.103 Mobile Safari/537.36 (compatible; GoogleOther)"
66.249.74.9 - - [13/Jul/2025:17:47:39 -0400] "GET /q-~61EJpHrHRi2ZutRI3Jla8NmnpEmYDCZd4354/ HTTP/1.1" 404 1251 "-" "Mozilla/5.0 (Linux; Android 6.0.1; Nexus 5X Build/MMB29P) AppleWebKit/537.36 (KHTML, like Gecko) Chrome/137.0.7151.103 Mobile Safari/537.36 (compatible; GoogleOther)"
66.249.74.8 - - [13/Jul/2025:17:47:42 -0400] "GET /q-~3eqZNtoauqadqmL3BB9wguIcpDTMM9f21202/ HTTP/1.1" 404 1251 "-" "Mozilla/5.0 (Linux; Android 6.0.1; Nexus 5X Build/MMB29P) AppleWebKit/537.36 (KHTML, like Gecko) Chrome/137.0.7151.103 Mobile Safari/537.36 (compatible; GoogleOther)"
66.249.74.8 - - [13/Jul/2025:17:47:44 -0400] "GET /q-~66OFTKJqGchPeOIcVAPE4nx962yBSqHk36935/ HTTP/1.1" 404 1251 "-" "Mozilla/5.0 (Linux; Android 6.0.1; Nexus 5X Build/MMB29P) AppleWebKit/537.36 (KHTML, like Gecko) Chrome/137.0.7151.103 Mobile Safari/537.36 (compatible; GoogleOther)"
66.249.74.8 - - [13/Jul/2025:17:47:46 -0400] "GET /q-~263vLNHOOuSc6a8Q36V2ZmcVjSnBIDgnE962/ HTTP/1.1" 404 1251 "-" "Mozilla/5.0 (Linux; Android 6.0.1; Nexus 5X Build/MMB29P) AppleWebKit/537.36 (KHTML, like Gecko) Chrome/137.0.7151.103 Mobile Safari/537.36 (compatible; GoogleOther)"
66.249.74.8 - - [13/Jul/2025:17:48:02 -0400] "GET /items/wglhs112/38726?key=law HTTP/1.1" 404 1251 "-" "Mozilla/5.0 (Linux; Android 6.0.1; Nexus 5X Build/MMB29P) AppleWebKit/537.36 (KHTML, like Gecko) Chrome/137.0.7151.103 Mobile Safari/537.36 (compatible; GoogleOther)"
66.249.74.8 - - [13/Jul/2025:17:48:19 -0400] "GET /items/gdexk228/3872?key=coordinate HTTP/1.1" 404 1251 "-" "Mozilla/5.0 (Linux; Android 6.0.1; Nexus 5X Build/MMB29P) AppleWebKit/537.36 (KHTML, like Gecko) Chrome/137.0.7151.103 Mobile Safari/537.36 (compatible; Googlebot/2.1; +http://www.google.com/bot.html)"
66.249.74.9 - - [13/Jul/2025:17:48:20 -0400] "GET /items/gdexk228/3872?key=coordinate HTTP/1.1" 404 1251 "-" "Mozilla/5.0 (compatible; Googlebot/2.1; +http://www.google.com/bot.html)"
66.249.74.1 - - [13/Jul/2025:17:49:36 -0400] "GET /q-~201RrveR4GIiM4raws0SZknwEjUjMI5AG31918/ HTTP/1.1" 404 1251 "-" "Mozilla/5.0 (Linux; Android 6.0.1; Nexus 5X Build/MMB29P) AppleWebKit/537.36 (KHTML, like Gecko) Chrome/137.0.7151.103 Mobile Safari/537.36 (compatible; GoogleOther)"
204.12.252.98 - - [13/Jul/2025:17:49:40 -0400] "GET /wp-content/admin.php HTTP/1.1" 404 1251 "https://nas-yemen.org/wp-content/admin.php" "Mozilla/5.0 (Windows NT 10.0; Win64; x64) AppleWebKit/537.36 (KHTML, like Gecko) Chrome/58.0.3029.110 Safari/537.3"
66.249.74.15 - - [13/Jul/2025:17:49:53 -0400] "GET /q-~115YoSHu38uz8FXi4uWszQMEokhWjrzBD43420/ HTTP/1.1" 404 1251 "-" "Mozilla/5.0 (compatible; Googlebot/2.1; +http://www.google.com/bot.html)"
66.249.74.2 - - [13/Jul/2025:17:50:03 -0400] "GET /q-~149WQcVylPixnhH51QtporbDOx4MKuD7k47676/ HTTP/1.1" 404 1251 "-" "Mozilla/5.0 (Linux; Android 6.0.1; Nexus 5X Build/MMB29P) AppleWebKit/537.36 (KHTML, like Gecko) Chrome/137.0.7151.103 Mobile Safari/537.36 (compatible; GoogleOther)"
66.249.74.1 - - [13/Jul/2025:17:50:08 -0400] "GET /q-~220BjsDZTNAS2umAQrCqeUvzvJEgObZaj8201/ HTTP/1.1" 404 1251 "-" "Mozilla/5.0 (Linux; Android 6.0.1; Nexus 5X Build/MMB29P) AppleWebKit/537.36 (KHTML, like Gecko) Chrome/137.0.7151.103 Mobile Safari/537.36 (compatible; Googlebot/2.1; +http://www.google.com/bot.html)"
20.171.207.232 - - [13/Jul/2025:17:51:17 -0400] "GET /?/spot_genre/%E3%82%B4%E3%83%AB%E3%83%95/ HTTP/1.1" 200 1470 "-" "Mozilla/5.0 AppleWebKit/537.36 (KHTML, like Gecko; compatible; GPTBot/1.2; +https://openai.com/gptbot)"
66.249.74.15 - - [13/Jul/2025:17:51:19 -0400] "GET /items/qmzuc14/15648?key=carrier HTTP/1.1" 404 1251 "-" "Mozilla/5.0 (compatible; Googlebot/2.1; +http://www.google.com/bot.html)"
20.171.207.232 - - [13/Jul/2025:17:51:20 -0400] "GET /?gourbi/7m3tx57SK_htm HTTP/1.1" 200 1470 "-" "Mozilla/5.0 AppleWebKit/537.36 (KHTML, like Gecko; compatible; GPTBot/1.2; +https://openai.com/gptbot)"
66.249.74.2 - - [13/Jul/2025:17:52:05 -0400] "GET /items/ltjok136/4164?key=offering HTTP/1.1" 404 1251 "-" "Mozilla/5.0 (compatible; Googlebot/2.1; +http://www.google.com/bot.html)"
66.249.74.2 - - [13/Jul/2025:17:52:06 -0400] "GET /items/olhsw260/38888?key=private HTTP/1.1" 404 1251 "-" "Mozilla/5.0 (Linux; Android 6.0.1; Nexus 5X Build/MMB29P) AppleWebKit/537.36 (KHTML, like Gecko) Chrome/137.0.7151.119 Mobile Safari/537.36 (compatible; Googlebot/2.1; +http://www.google.com/bot.html)"
66.249.74.1 - - [13/Jul/2025:17:53:28 -0400] "GET /q-~5u9IftmkAQGs5HvinnFnOw1xXSrB21O24770/ HTTP/1.1" 404 1251 "-" "Mozilla/5.0 (Linux; Android 6.0.1; Nexus 5X Build/MMB29P) AppleWebKit/537.36 (KHTML, like Gecko) Chrome/137.0.7151.103 Mobile Safari/537.36 (compatible; GoogleOther)"
157.55.39.59 - - [13/Jul/2025:17:54:14 -0400] "GET /group-company HTTP/1.1" 404 1251 "-" "Mozilla/5.0 AppleWebKit/537.36 (KHTML, like Gecko; compatible; bingbot/2.0; +http://www.bing.com/bingbot.htm) Chrome/116.0.1938.76 Safari/537.36"
47.82.60.45 - - [13/Jul/2025:17:55:00 -0400] "GET /q-~84WOhsexD2WPVeTV1wIqQE2hZtuzCGZj2329/ HTTP/1.1" 404 1251 "https://nas-yemen.org/q-~84WOhsexD2WPVeTV1wIqQE2hZtuzCGZj2329/" "Mozilla/5.0 (Windows NT 10.0; Win64; x64) AppleWebKit/537.36 (KHTML, like Gecko) Chrome/114.0.0.0 Safari/537.36 Edg/114.0.1823.43"
66.249.74.15 - - [13/Jul/2025:17:55:16 -0400] "GET /items/frakb41/1859?key=gift HTTP/1.1" 404 1251 "-" "Mozilla/5.0 (Linux; Android 6.0.1; Nexus 5X Build/MMB29P) AppleWebKit/537.36 (KHTML, like Gecko) Chrome/137.0.7151.103 Mobile Safari/537.36 (compatible; GoogleOther)"
172.233.131.81 - - [13/Jul/2025:17:55:57 -0400] "GET /ss.php HTTP/1.1" 404 1251 "www.google.com" "Mozilla/5.0 (Linux; Android 7.0; SM-G892A Build/NRD90M; wv) AppleWebKit/537.36 (KHTML, like Gecko) Chrome/60.0.3112.107 Mobile Safari/537.36"
66.249.74.1 - - [13/Jul/2025:17:56:26 -0400] "GET /items/osnsq110/21202?key=municipal HTTP/1.1" 404 1251 "-" "Mozilla/5.0 (Linux; Android 6.0.1; Nexus 5X Build/MMB29P) AppleWebKit/537.36 (KHTML, like Gecko) Chrome/137.0.7151.103 Mobile Safari/537.36 (compatible; GoogleOther)"
66.249.74.1 - - [13/Jul/2025:17:56:35 -0400] "GET /items/gedho12/12742?key=athlete HTTP/1.1" 404 1251 "-" "Mozilla/5.0 (Linux; Android 6.0.1; Nexus 5X Build/MMB29P) AppleWebKit/537.36 (KHTML, like Gecko) Chrome/137.0.7151.103 Mobile Safari/537.36 (compatible; Googlebot/2.1; +http://www.google.com/bot.html)"
66.249.74.15 - - [13/Jul/2025:17:56:53 -0400] "GET /items/mkcsz92/19938?key=smile HTTP/1.1" 404 1251 "-" "Mozilla/5.0 (Linux; Android 6.0.1; Nexus 5X Build/MMB29P) AppleWebKit/537.36 (KHTML, like Gecko) Chrome/137.0.7151.103 Mobile Safari/537.36 (compatible; GoogleOther)"
66.249.74.1 - - [13/Jul/2025:17:57:00 -0400] "GET /items/uvjxb251/43257?key=managing HTTP/1.1" 404 1251 "-" "Mozilla/5.0 (compatible; Googlebot/2.1; +http://www.google.com/bot.html)"
66.249.74.1 - - [13/Jul/2025:17:57:48 -0400] "GET /q-~169IvZAnkHUWvEsh84iS45SnwayPYeXwU3694/ HTTP/1.1" 404 1251 "-" "Mozilla/5.0 (Linux; Android 6.0.1; Nexus 5X Build/MMB29P) AppleWebKit/537.36 (KHTML, like Gecko) Chrome/137.0.7151.103 Mobile Safari/537.36 (compatible; GoogleOther)"
66.249.74.15 - - [13/Jul/2025:17:57:50 -0400] "GET /q-~250yntDA1sAJjiiCaNWdwYsLvIrhMSqoW38579/ HTTP/1.1" 404 1251 "-" "Mozilla/5.0 (Linux; Android 6.0.1; Nexus 5X Build/MMB29P) AppleWebKit/537.36 (KHTML, like Gecko) Chrome/137.0.7151.103 Mobile Safari/537.36 (compatible; GoogleOther)"
66.249.74.15 - - [13/Jul/2025:17:58:14 -0400] "GET /items/bnjgx146/30010?key=democratic HTTP/1.1" 404 1251 "-" "Mozilla/5.0 (Linux; Android 6.0.1; Nexus 5X Build/MMB29P) AppleWebKit/537.36 (KHTML, like Gecko) Chrome/137.0.7151.103 Mobile Safari/537.36 (compatible; Googlebot/2.1; +http://www.google.com/bot.html)"
66.249.74.15 - - [13/Jul/2025:17:58:14 -0400] "GET /items/bnjgx146/30010?key=democratic HTTP/1.1" 404 1251 "-" "Mozilla/5.0 (compatible; Googlebot/2.1; +http://www.google.com/bot.html)"
208.110.64.178 - - [13/Jul/2025:17:58:29 -0400] "GET /wp-content/admin.php HTTP/1.1" 404 1251 "https://nas-yemen.org/wp-content/admin.php" "Mozilla/5.0 (Windows NT 10.0; Win64; x64) AppleWebKit/537.36 (KHTML, like Gecko) Chrome/58.0.3029.110 Safari/537.3"
