66.249.74.15 - - [13/Jul/2025:17:58:54 -0400] "GET /q-~150EuL8LUmFXkTwJm08omh3w71i7nCj1Z41145/ HTTP/1.1" 404 1251 "-" "Mozilla/5.0 (Linux; Android 6.0.1; Nexus 5X Build/MMB29P) AppleWebKit/537.36 (KHTML, like Gecko) Chrome/137.0.7151.103 Mobile Safari/537.36 (compatible; GoogleOther)"
20.171.207.232 - - [13/Jul/2025:17:59:00 -0400] "GET /design/design.html HTTP/1.1" 404 1251 "-" "Mozilla/5.0 AppleWebKit/537.36 (KHTML, like Gecko; compatible; GPTBot/1.2; +https://openai.com/gptbot)"
66.249.74.15 - - [13/Jul/2025:18:00:06 -0400] "GET /items/oycna128/37648?key=guilt HTTP/1.1" 404 1251 "-" "Mozilla/5.0 (Linux; Android 6.0.1; Nexus 5X Build/MMB29P) AppleWebKit/537.36 (KHTML, like Gecko) Chrome/137.0.7151.103 Mobile Safari/537.36 (compatible; Googlebot/2.1; +http://www.google.com/bot.html)"
66.249.74.15 - - [13/Jul/2025:18:00:38 -0400] "GET /q-~162ZnotVCudXY4XIaqRRgsDqKMQNHASOg6607/ HTTP/1.1" 404 1251 "-" "Mozilla/5.0 (Linux; Android 6.0.1; Nexus 5X Build/MMB29P) AppleWebKit/537.36 (KHTML, like Gecko) Chrome/137.0.7151.103 Mobile Safari/537.36 (compatible; Googlebot/2.1; +http://www.google.com/bot.html)"
20.171.207.232 - - [13/Jul/2025:18:00:40 -0400] "GET /?/nintei/ninteijitumu/certified_list.html HTTP/1.1" 200 1470 "-" "Mozilla/5.0 AppleWebKit/537.36 (KHTML, like Gecko; compatible; GPTBot/1.2; +https://openai.com/gptbot)"
222.79.104.23 - - [13/Jul/2025:18:00:55 -0400] "GET / HTTP/1.1" 200 1470 "http://nas-yemen.org" "Mozilla/5.0 (iPhone; CPU iPhone OS 13_2_3 like Mac OS X) AppleWebKit/605.1.15 (KHTML, like Gecko) Version/13.0.3 Mobile/15E148 Safari/604.1"
20.171.207.232 - - [13/Jul/2025:18:01:27 -0400] "GET /facture/vss2kfgvaos.shtml HTTP/1.1" 404 1251 "-" "Mozilla/5.0 AppleWebKit/537.36 (KHTML, like Gecko; compatible; GPTBot/1.2; +https://openai.com/gptbot)"
66.249.74.2 - - [13/Jul/2025:18:03:46 -0400] "GET /items/rljfn275/31199?key=exception HTTP/1.1" 404 1251 "-" "Mozilla/5.0 (compatible; Googlebot/2.1; +http://www.google.com/bot.html)"
40.77.167.159 - - [13/Jul/2025:18:03:55 -0400] "GET /news/2020/20201015giin.pdf HTTP/1.1" 404 1251 "-" "Mozilla/5.0 AppleWebKit/537.36 (KHTML, like Gecko; compatible; bingbot/2.0; +http://www.bing.com/bingbot.htm) Chrome/116.0.1938.76 Safari/537.36"
50.16.216.166 - - [13/Jul/2025:18:04:21 -0400] "GET /wp-includes/customize/class-wp-customize-partial.php HTTP/1.1" 403 1242 "-" "Mozilla/5.0 AppleWebKit/537.36 (KHTML, like Gecko; compatible; Amazonbot/0.1; +https://developer.amazon.com/support/amazonbot) Chrome/119.0.6045.214 Safari/537.36"
54.88.84.219 - - [13/Jul/2025:18:04:25 -0400] "GET /wp-includes/customize/class-wp-customize-upload-control.php HTTP/1.1" 403 1242 "-" "Mozilla/5.0 AppleWebKit/537.36 (KHTML, like Gecko; compatible; Amazonbot/0.1; +https://developer.amazon.com/support/amazonbot) Chrome/119.0.6045.214 Safari/537.36"
52.70.123.241 - - [13/Jul/2025:18:04:29 -0400] "GET /wp-includes/css/?SA HTTP/1.1" 200 1733 "-" "Mozilla/5.0 AppleWebKit/537.36 (KHTML, like Gecko; compatible; Amazonbot/0.1; +https://developer.amazon.com/support/amazonbot) Chrome/119.0.6045.214 Safari/537.36"
3.212.205.90 - - [13/Jul/2025:18:04:33 -0400] "GET /wp-includes/pomo/?SA HTTP/1.1" 200 1031 "-" "Mozilla/5.0 AppleWebKit/537.36 (KHTML, like Gecko; compatible; Amazonbot/0.1; +https://developer.amazon.com/support/amazonbot) Chrome/119.0.6045.214 Safari/537.36"
20.171.207.232 - - [13/Jul/2025:18:04:35 -0400] "GET /samel/lp7eq99.htm HTTP/1.1" 404 1251 "-" "Mozilla/5.0 AppleWebKit/537.36 (KHTML, like Gecko; compatible; GPTBot/1.2; +https://openai.com/gptbot)"
44.210.213.220 - - [13/Jul/2025:18:04:38 -0400] "GET /wp-includes/images/media/ HTTP/1.1" 200 1199 "-" "Mozilla/5.0 AppleWebKit/537.36 (KHTML, like Gecko; compatible; Amazonbot/0.1; +https://developer.amazon.com/support/amazonbot) Chrome/119.0.6045.214 Safari/537.36"
44.217.255.167 - - [13/Jul/2025:18:04:42 -0400] "GET /wp-includes/IXR/class-IXR-request.php HTTP/1.1" 403 1242 "-" "Mozilla/5.0 AppleWebKit/537.36 (KHTML, like Gecko; compatible; Amazonbot/0.1; +https://developer.amazon.com/support/amazonbot) Chrome/119.0.6045.214 Safari/537.36"
20.171.207.232 - - [13/Jul/2025:18:06:14 -0400] "GET /grutto/ HTTP/1.1" 404 1251 "-" "Mozilla/5.0 AppleWebKit/537.36 (KHTML, like Gecko; compatible; GPTBot/1.2; +https://openai.com/gptbot)"
204.12.252.98 - - [13/Jul/2025:18:06:39 -0400] "GET /wp-content/admin.php HTTP/1.1" 404 1251 "https://nas-yemen.org/wp-content/admin.php" "Mozilla/5.0 (Windows NT 10.0; Win64; x64) AppleWebKit/537.36 (KHTML, like Gecko) Chrome/58.0.3029.110 Safari/537.3"
66.249.74.2 - - [13/Jul/2025:18:06:42 -0400] "GET /q-~149wSlsgXaKulrzQlkJKqMVqO5UMGeeMu41150/ HTTP/1.1" 404 1251 "-" "Mozilla/5.0 (Linux; Android 6.0.1; Nexus 5X Build/MMB29P) AppleWebKit/537.36 (KHTML, like Gecko) Chrome/137.0.7151.103 Mobile Safari/537.36 (compatible; GoogleOther)"
66.249.74.15 - - [13/Jul/2025:18:06:54 -0400] "GET /q-~34CC6v4JLwPKrwXqqUaJ5A3wgToX6hJL19481/ HTTP/1.1" 404 1251 "-" "Mozilla/5.0 (compatible; Googlebot/2.1; +http://www.google.com/bot.html)"
66.249.74.15 - - [13/Jul/2025:18:06:59 -0400] "GET /q-~113uTh8MDyDsKrLzCDgr8iyF5qG1didVi14184/ HTTP/1.1" 404 1251 "-" "Mozilla/5.0 (Linux; Android 6.0.1; Nexus 5X Build/MMB29P) AppleWebKit/537.36 (KHTML, like Gecko) Chrome/137.0.7151.103 Mobile Safari/537.36 (compatible; Googlebot/2.1; +http://www.google.com/bot.html)"
66.249.74.15 - - [13/Jul/2025:18:07:00 -0400] "GET /q-~113uTh8MDyDsKrLzCDgr8iyF5qG1didVi14184/ HTTP/1.1" 404 1251 "-" "Mozilla/5.0 (compatible; Googlebot/2.1; +http://www.google.com/bot.html)"
20.171.207.232 - - [13/Jul/2025:18:08:45 -0400] "GET /nephology/uBge76v/smcw9fx.htm HTTP/1.1" 404 1251 "-" "Mozilla/5.0 AppleWebKit/537.36 (KHTML, like Gecko; compatible; GPTBot/1.2; +https://openai.com/gptbot)"
20.171.207.232 - - [13/Jul/2025:18:10:29 -0400] "GET /estate_list_zushi_hayama.html HTTP/1.1" 404 1251 "-" "Mozilla/5.0 AppleWebKit/537.36 (KHTML, like Gecko; compatible; GPTBot/1.2; +https://openai.com/gptbot)"
66.249.74.1 - - [13/Jul/2025:18:10:56 -0400] "GET /q-~199RQ0qv0YLppAlVxP9y9glnOUNNbSHli27432/ HTTP/1.1" 404 1251 "-" "Mozilla/5.0 (compatible; Googlebot/2.1; +http://www.google.com/bot.html)"
66.249.74.15 - - [13/Jul/2025:18:11:13 -0400] "GET /items/iackv157/10935?key=theoretical HTTP/1.1" 404 1251 "-" "Mozilla/5.0 (Linux; Android 6.0.1; Nexus 5X Build/MMB29P) AppleWebKit/537.36 (KHTML, like Gecko) Chrome/137.0.7151.103 Mobile Safari/537.36 (compatible; Googlebot/2.1; +http://www.google.com/bot.html)"
66.249.74.15 - - [13/Jul/2025:18:11:35 -0400] "GET /items/flbru39/32249?key=since HTTP/1.1" 404 1251 "-" "Mozilla/5.0 (Linux; Android 6.0.1; Nexus 5X Build/MMB29P) AppleWebKit/537.36 (KHTML, like Gecko) Chrome/137.0.7151.103 Mobile Safari/537.36 (compatible; GoogleOther)"
20.171.207.232 - - [13/Jul/2025:18:11:43 -0400] "GET /landsat/clxc.html HTTP/1.1" 404 1251 "-" "Mozilla/5.0 AppleWebKit/537.36 (KHTML, like Gecko; compatible; GPTBot/1.2; +https://openai.com/gptbot)"
66.249.74.10 - - [13/Jul/2025:18:12:39 -0400] "GET /q-~3xOaohJa08KSLIgcpnvMJTVtDUI1kKJ9952/ HTTP/1.1" 404 1251 "-" "Mozilla/5.0 (Linux; Android 6.0.1; Nexus 5X Build/MMB29P) AppleWebKit/537.36 (KHTML, like Gecko) Chrome/137.0.7151.103 Mobile Safari/537.36 (compatible; Googlebot/2.1; +http://www.google.com/bot.html)"
20.171.207.232 - - [13/Jul/2025:18:12:49 -0400] "GET /indoors/nrpJ7wso1.shtml HTTP/1.1" 404 1251 "-" "Mozilla/5.0 AppleWebKit/537.36 (KHTML, like Gecko; compatible; GPTBot/1.2; +https://openai.com/gptbot)"
69.197.135.226 - - [13/Jul/2025:18:12:53 -0400] "GET /wp-content/admin.php HTTP/1.1" 404 1251 "https://nas-yemen.org/wp-content/admin.php" "Mozilla/5.0 (Windows NT 10.0; Win64; x64) AppleWebKit/537.36 (KHTML, like Gecko) Chrome/58.0.3029.110 Safari/537.3"
47.82.60.75 - - [13/Jul/2025:18:12:59 -0400] "GET /items/yjqko298/29370?key=hand HTTP/1.1" 404 1251 "https://nas-yemen.org/items/yjqko298/29370?key=hand" "Mozilla/5.0 (Windows NT 10.0; Win64; x64) AppleWebKit/537.36 (KHTML, like Gecko) Chrome/114.0.0.0 Safari/537.36 Edg/114.0.1823.43"
66.249.74.10 - - [13/Jul/2025:18:13:22 -0400] "GET /q-~118jjJ3rwGPm2slW0C5jhhV0KSWl0br2y38155/ HTTP/1.1" 404 1251 "-" "Mozilla/5.0 (Linux; Android 6.0.1; Nexus 5X Build/MMB29P) AppleWebKit/537.36 (KHTML, like Gecko) Chrome/137.0.7151.103 Mobile Safari/537.36 (compatible; GoogleOther)"
66.249.74.8 - - [13/Jul/2025:18:13:25 -0400] "GET /q-~24wxBbw70RE9ceyEftySGLIkimQZEmBK42357/ HTTP/1.1" 404 1251 "-" "Mozilla/5.0 (Linux; Android 6.0.1; Nexus 5X Build/MMB29P) AppleWebKit/537.36 (KHTML, like Gecko) Chrome/137.0.7151.103 Mobile Safari/537.36 (compatible; GoogleOther)"
66.249.74.9 - - [13/Jul/2025:18:15:35 -0400] "GET /q-~252MYudx5xXLQ2EEs7Ik6nvIssw26U5Dg26115/ HTTP/1.1" 404 1251 "-" "Mozilla/5.0 (Linux; Android 6.0.1; Nexus 5X Build/MMB29P) AppleWebKit/537.36 (KHTML, like Gecko) Chrome/137.0.7151.103 Mobile Safari/537.36 (compatible; GoogleOther)"
85.208.96.209 - - [13/Jul/2025:18:16:59 -0400] "GET /wp-includes/SimplePie/src/Net/ HTTP/1.1" 200 634 "-" "Mozilla/5.0 (compatible; SemrushBot/7~bl; +http://www.semrush.com/bot.html)"
66.249.74.10 - - [13/Jul/2025:18:17:20 -0400] "GET /q-~95b3sTvuEERLtzc6ypEOSTLmvg0cECfO19104/ HTTP/1.1" 404 1251 "-" "Mozilla/5.0 (compatible; Googlebot/2.1; +http://www.google.com/bot.html)"
66.249.74.8 - - [13/Jul/2025:18:17:21 -0400] "GET /q-~231PXtAynnHXGBKbTMxvRQxkTfNQ7RIGB5610/ HTTP/1.1" 404 1251 "-" "Mozilla/5.0 (compatible; Googlebot/2.1; +http://www.google.com/bot.html)"
20.171.207.232 - - [13/Jul/2025:18:17:22 -0400] "GET /beaux/TszSpl9z9.shtml HTTP/1.1" 404 1251 "-" "Mozilla/5.0 AppleWebKit/537.36 (KHTML, like Gecko; compatible; GPTBot/1.2; +https://openai.com/gptbot)"
208.110.64.178 - - [13/Jul/2025:18:18:19 -0400] "GET /wp-content/admin.php HTTP/1.1" 404 1251 "https://nas-yemen.org/wp-content/admin.php" "Mozilla/5.0 (Windows NT 10.0; Win64; x64) AppleWebKit/537.36 (KHTML, like Gecko) Chrome/58.0.3029.110 Safari/537.3"
66.249.74.1 - - [13/Jul/2025:18:19:29 -0400] "GET /items/zovmg185/38583?key=coffee HTTP/1.1" 404 1251 "-" "Mozilla/5.0 (Linux; Android 6.0.1; Nexus 5X Build/MMB29P) AppleWebKit/537.36 (KHTML, like Gecko) Chrome/137.0.7151.103 Mobile Safari/537.36 (compatible; GoogleOther)"
66.249.74.1 - - [13/Jul/2025:18:20:49 -0400] "GET /items/sqmbq159/14167?key=chunk HTTP/1.1" 404 1251 "-" "Mozilla/5.0 (Linux; Android 6.0.1; Nexus 5X Build/MMB29P) AppleWebKit/537.36 (KHTML, like Gecko) Chrome/137.0.7151.103 Mobile Safari/537.36 (compatible; GoogleOther)"
66.249.74.1 - - [13/Jul/2025:18:20:52 -0400] "GET /q-~38bPdleAIn3Rvioo7fOPJgjsJqXGU3zV42557/ HTTP/1.1" 404 1251 "-" "Mozilla/5.0 (Linux; Android 6.0.1; Nexus 5X Build/MMB29P) AppleWebKit/537.36 (KHTML, like Gecko) Chrome/137.0.7151.103 Mobile Safari/537.36 (compatible; Googlebot/2.1; +http://www.google.com/bot.html)"
66.249.74.15 - - [13/Jul/2025:18:20:57 -0400] "GET /items/ziaop288/456?key=Islam HTTP/1.1" 404 1251 "-" "Mozilla/5.0 (compatible; Googlebot/2.1; +http://www.google.com/bot.html)"
98.83.72.38 - - [13/Jul/2025:18:21:25 -0400] "GET /wp-includes/assets/script-modules-packages.min.php HTTP/1.1" 403 1242 "-" "Mozilla/5.0 AppleWebKit/537.36 (KHTML, like Gecko; compatible; Amazonbot/0.1; +https://developer.amazon.com/support/amazonbot) Chrome/119.0.6045.214 Safari/537.36"
66.249.74.15 - - [13/Jul/2025:18:21:29 -0400] "GET /q-~69lX0RY4FQVkbaKzgahnAu1ik4lzlAbe5616/ HTTP/1.1" 404 1251 "-" "Mozilla/5.0 (Linux; Android 6.0.1; Nexus 5X Build/MMB29P) AppleWebKit/537.36 (KHTML, like Gecko) Chrome/137.0.7151.103 Mobile Safari/537.36 (compatible; GoogleOther)"
66.249.74.2 - - [13/Jul/2025:18:21:31 -0400] "GET /q-~27YCkM5cGrmiAWjc41HHmp5Q7dwag1VW25662/ HTTP/1.1" 404 1251 "-" "Mozilla/5.0 (Linux; Android 6.0.1; Nexus 5X Build/MMB29P) AppleWebKit/537.36 (KHTML, like Gecko) Chrome/137.0.7151.103 Mobile Safari/537.36 (compatible; GoogleOther)"
66.249.74.1 - - [13/Jul/2025:18:21:33 -0400] "GET /q-~154KIh3kmyuE10xcdBr9p6CE49NLnCJSp34919/ HTTP/1.1" 404 1251 "-" "Mozilla/5.0 (Linux; Android 6.0.1; Nexus 5X Build/MMB29P) AppleWebKit/537.36 (KHTML, like Gecko) Chrome/137.0.7151.103 Mobile Safari/537.36 (compatible; GoogleOther)"
45.148.10.42 - - [13/Jul/2025:18:22:26 -0400] "GET /.env HTTP/1.1" 404 1251 "-" "Mozilla/5.0 (Macintosh; Intel Mac OS X 10_13_4) AppleWebKit/537.36 (KHTML, like Gecko) Chrome/74.0.3729.169 Safari/537.36"
47.82.60.15 - - [13/Jul/2025:18:22:46 -0400] "GET /items/alvpk114/8152?key=spoon HTTP/1.1" 404 1251 "https://nas-yemen.org/items/alvpk114/8152?key=spoon" "Mozilla/5.0 (Windows NT 10.0; Win64; x64) AppleWebKit/537.36 (KHTML, like Gecko) Chrome/114.0.0.0 Safari/537.36 Edg/114.0.1823.43"
66.249.74.1 - - [13/Jul/2025:18:24:26 -0400] "GET /q-~266e9hw3Nx8lTZkvjFIUdhAS8nJ48RONx17943/ HTTP/1.1" 404 1251 "-" "Mozilla/5.0 (Linux; Android 6.0.1; Nexus 5X Build/MMB29P) AppleWebKit/537.36 (KHTML, like Gecko) Chrome/137.0.7151.103 Mobile Safari/537.36 (compatible; GoogleOther)"
172.213.11.154 - - [13/Jul/2025:18:24:29 -0400] "GET / HTTP/1.1" 200 1470 "-" "Mozilla/5.0 AppleWebKit/537.36 (KHTML, like Gecko); compatible; ChatGPT-User/1.0; +https://openai.com/bot"
66.249.74.2 - - [13/Jul/2025:18:25:34 -0400] "GET /items/tdazn291/22673?key=constraint HTTP/1.1" 404 1251 "-" "Mozilla/5.0 (compatible; Googlebot/2.1; +http://www.google.com/bot.html)"
20.171.207.232 - - [13/Jul/2025:18:26:34 -0400] "GET /s/danger.jsp HTTP/1.1" 404 1251 "-" "Mozilla/5.0 AppleWebKit/537.36 (KHTML, like Gecko; compatible; GPTBot/1.2; +https://openai.com/gptbot)"
66.249.74.1 - - [13/Jul/2025:18:26:40 -0400] "GET /q-~146nkw8fNAXZMFwPTfezy3zqBtq3mBghp36369/ HTTP/1.1" 404 1251 "-" "Mozilla/5.0 (compatible; Googlebot/2.1; +http://www.google.com/bot.html)"
66.249.74.15 - - [13/Jul/2025:18:26:43 -0400] "GET /items/dxaxx80/18972?key=will HTTP/1.1" 404 1251 "-" "Mozilla/5.0 (Linux; Android 6.0.1; Nexus 5X Build/MMB29P) AppleWebKit/537.36 (KHTML, like Gecko) Chrome/137.0.7151.103 Mobile Safari/537.36 (compatible; GoogleOther)"
185.191.171.9 - - [13/Jul/2025:18:26:52 -0400] "GET /wp-includes/SimplePie/src/IRI.php HTTP/1.1" 403 1242 "-" "Mozilla/5.0 (compatible; SemrushBot/7~bl; +http://www.semrush.com/bot.html)"
66.249.74.15 - - [13/Jul/2025:18:27:30 -0400] "GET /q-~259eq9ArhWaknAeBOkUlS6RAYjaMjNjND14254/ HTTP/1.1" 404 1251 "-" "Mozilla/5.0 (compatible; Googlebot/2.1; +http://www.google.com/bot.html)"
74.125.217.15 - - [13/Jul/2025:18:27:32 -0400] "GET /items/bvbsr206/21744?key=weave HTTP/1.1" 404 1251 "-" "Mozilla/5.0 (X11; Linux x86_64) AppleWebKit/537.36 (KHTML, like Gecko) Chrome/137.0.7151.119 Safari/537.36"
20.171.207.232 - - [13/Jul/2025:18:27:43 -0400] "GET /?aludel/dD88zn42h_htm HTTP/1.1" 200 1470 "-" "Mozilla/5.0 AppleWebKit/537.36 (KHTML, like Gecko; compatible; GPTBot/1.2; +https://openai.com/gptbot)"
66.249.74.1 - - [13/Jul/2025:18:27:53 -0400] "GET /q-~30RBPIzk7M3XrB708TBB9QVcniXitGkA24843/ HTTP/1.1" 404 1251 "-" "Mozilla/5.0 (compatible; Googlebot/2.1; +http://www.google.com/bot.html)"
66.249.74.2 - - [13/Jul/2025:18:28:02 -0400] "GET /items/atlzw169/22529?key=risky HTTP/1.1" 404 1251 "-" "Mozilla/5.0 (compatible; Googlebot/2.1; +http://www.google.com/bot.html)"
20.171.207.232 - - [13/Jul/2025:18:28:05 -0400] "GET /godown/l5op.htm HTTP/1.1" 404 1251 "-" "Mozilla/5.0 AppleWebKit/537.36 (KHTML, like Gecko; compatible; GPTBot/1.2; +https://openai.com/gptbot)"
20.171.207.232 - - [13/Jul/2025:18:28:44 -0400] "GET /copy HTTP/1.1" 404 1251 "-" "Mozilla/5.0 AppleWebKit/537.36 (KHTML, like Gecko; compatible; GPTBot/1.2; +https://openai.com/gptbot)"
66.249.74.15 - - [13/Jul/2025:18:29:06 -0400] "GET /q-~127g1mQqwALGzXLuSi8Gz0lkS8EJYzWKA13634/ HTTP/1.1" 404 1251 "-" "Mozilla/5.0 (Linux; Android 6.0.1; Nexus 5X Build/MMB29P) AppleWebKit/537.36 (KHTML, like Gecko) Chrome/137.0.7151.103 Mobile Safari/537.36 (compatible; Googlebot/2.1; +http://www.google.com/bot.html)"
66.249.74.15 - - [13/Jul/2025:18:29:06 -0400] "GET /q-~127g1mQqwALGzXLuSi8Gz0lkS8EJYzWKA13634/ HTTP/1.1" 404 1251 "-" "Mozilla/5.0 (compatible; Googlebot/2.1; +http://www.google.com/bot.html)"
66.249.74.1 - - [13/Jul/2025:18:30:40 -0400] "GET /items/zpzoh67/24849?key=judge HTTP/1.1" 404 1251 "-" "Mozilla/5.0 (compatible; Googlebot/2.1; +http://www.google.com/bot.html)"
66.249.74.1 - - [13/Jul/2025:18:31:10 -0400] "GET /q-~149LO2Exyo2vpV6s7nWGQJ9lZEGZ0HKsw19028/ HTTP/1.1" 404 1251 "-" "Mozilla/5.0 (compatible; Googlebot/2.1; +http://www.google.com/bot.html)"
69.197.182.50 - - [13/Jul/2025:18:32:28 -0400] "GET /wp-content/admin.php HTTP/1.1" 404 1251 "https://nas-yemen.org/wp-content/admin.php" "Mozilla/5.0 (Windows NT 10.0; Win64; x64) AppleWebKit/537.36 (KHTML, like Gecko) Chrome/58.0.3029.110 Safari/537.3"
66.249.74.15 - - [13/Jul/2025:18:33:02 -0400] "GET /q-~118N1AYFar0HUqtLzdOAR24JNoAY9468E29199/ HTTP/1.1" 404 1251 "-" "Mozilla/5.0 (Linux; Android 6.0.1; Nexus 5X Build/MMB29P) AppleWebKit/537.36 (KHTML, like Gecko) Chrome/137.0.7151.103 Mobile Safari/537.36 (compatible; GoogleOther)"
66.249.74.15 - - [13/Jul/2025:18:33:56 -0400] "GET /q-~7hfSlpW42yDxdRDWBdRE2DiSf3YY6Mc44392/ HTTP/1.1" 404 1251 "-" "Mozilla/5.0 (Linux; Android 6.0.1; Nexus 5X Build/MMB29P) AppleWebKit/537.36 (KHTML, like Gecko) Chrome/137.0.7151.103 Mobile Safari/537.36 (compatible; Googlebot/2.1; +http://www.google.com/bot.html)"
66.249.74.2 - - [13/Jul/2025:18:34:41 -0400] "GET /q-~156dWnMSRfTI47sHHZwlA5LiSAUWJbsMu18345/ HTTP/1.1" 404 1251 "-" "Mozilla/5.0 (Linux; Android 6.0.1; Nexus 5X Build/MMB29P) AppleWebKit/537.36 (KHTML, like Gecko) Chrome/137.0.7151.103 Mobile Safari/537.36 (compatible; GoogleOther)"
66.249.74.1 - - [13/Jul/2025:18:34:57 -0400] "GET /q-~108yETNvP1U5MHZytlG8aqoKiBTbV7MlJ12921/ HTTP/1.1" 404 1251 "-" "Mozilla/5.0 (compatible; Googlebot/2.1; +http://www.google.com/bot.html)"
40.77.167.33 - - [13/Jul/2025:18:36:18 -0400] "GET /ar/wp-includes/css/dist/block-library/style-rtl.min.css?ver=6.8 HTTP/1.1" 404 1251 "-" "Mozilla/5.0 AppleWebKit/537.36 (KHTML, like Gecko; compatible; bingbot/2.0; +http://www.bing.com/bingbot.htm) Chrome/116.0.1938.76 Safari/537.36"
40.77.167.33 - - [13/Jul/2025:18:36:18 -0400] "GET /ar/wp-includes/js/wp-emoji-release.min.js?ver=6.8 HTTP/1.1" 404 1251 "-" "Mozilla/5.0 AppleWebKit/537.36 (KHTML, like Gecko; compatible; bingbot/2.0; +http://www.bing.com/bingbot.htm) Chrome/116.0.1938.76 Safari/537.36"
66.249.74.1 - - [13/Jul/2025:18:36:55 -0400] "GET /q-~121xR4lrHTiP65ivnliiGv2wvMq860ORk44724/ HTTP/1.1" 404 1251 "-" "Mozilla/5.0 (compatible; Googlebot/2.1; +http://www.google.com/bot.html)"
66.249.74.1 - - [13/Jul/2025:18:37:22 -0400] "GET /q-~9RCDBVyRNs582JiwWCWxuMSgTEyknFt19530/ HTTP/1.1" 404 1251 "-" "Mozilla/5.0 (compatible; Googlebot/2.1; +http://www.google.com/bot.html)"
207.46.13.154 - - [13/Jul/2025:18:37:32 -0400] "GET /index.php/material_soybeans.html HTTP/1.1" 404 1251 "-" "Mozilla/5.0 AppleWebKit/537.36 (KHTML, like Gecko; compatible; bingbot/2.0; +http://www.bing.com/bingbot.htm) Chrome/116.0.1938.76 Safari/537.36"
66.249.74.41 - - [13/Jul/2025:18:37:43 -0400] "GET /robots.txt HTTP/1.1" 304 0 "-" "Mozilla/5.0 (compatible; Googlebot/2.1; +http://www.google.com/bot.html)"
66.249.74.40 - - [13/Jul/2025:18:37:43 -0400] "GET /search?category=300&search_word= HTTP/1.1" 404 1251 "-" "Mozilla/5.0 (Linux; Android 6.0.1; Nexus 5X Build/MMB29P) AppleWebKit/537.36 (KHTML, like Gecko) Chrome/137.0.7151.103 Mobile Safari/537.36 (compatible; Googlebot/2.1; +http://www.google.com/bot.html)"
66.249.74.1 - - [13/Jul/2025:18:38:28 -0400] "GET /q-~22kVxW7F4pGR0xaP5rFrR7LylBAl7ToK12051/ HTTP/1.1" 404 1251 "-" "Mozilla/5.0 (Linux; Android 6.0.1; Nexus 5X Build/MMB29P) AppleWebKit/537.36 (KHTML, like Gecko) Chrome/137.0.7151.103 Mobile Safari/537.36 (compatible; GoogleOther)"
69.197.135.226 - - [13/Jul/2025:18:40:27 -0400] "GET /wp-content/admin.php HTTP/1.1" 404 1251 "https://nas-yemen.org/wp-content/admin.php" "Mozilla/5.0 (Windows NT 10.0; Win64; x64) AppleWebKit/537.36 (KHTML, like Gecko) Chrome/58.0.3029.110 Safari/537.3"
66.249.74.1 - - [13/Jul/2025:18:41:00 -0400] "GET /q-~172K6bvagtFpGvEMdzpbzSTnx8Szpg40P32707/ HTTP/1.1" 404 1251 "-" "Mozilla/5.0 (Linux; Android 6.0.1; Nexus 5X Build/MMB29P) AppleWebKit/537.36 (KHTML, like Gecko) Chrome/137.0.7151.103 Mobile Safari/537.36 (compatible; GoogleOther)"
66.249.74.1 - - [13/Jul/2025:18:41:26 -0400] "GET /q-~47TCunANci9mMfMa9KDlbhvktQzxIKXb15912/ HTTP/1.1" 404 1251 "-" "Mozilla/5.0 (Linux; Android 6.0.1; Nexus 5X Build/MMB29P) AppleWebKit/537.36 (KHTML, like Gecko) Chrome/137.0.7151.103 Mobile Safari/537.36 (compatible; GoogleOther)"
66.249.74.15 - - [13/Jul/2025:18:41:31 -0400] "GET /q-~202YYnEVUdtrwwqG8oYg5Vdww2yKldvLK48189/ HTTP/1.1" 404 1251 "-" "Mozilla/5.0 (Linux; Android 6.0.1; Nexus 5X Build/MMB29P) AppleWebKit/537.36 (KHTML, like Gecko) Chrome/137.0.7151.103 Mobile Safari/537.36 (compatible; Googlebot/2.1; +http://www.google.com/bot.html)"
66.249.74.15 - - [13/Jul/2025:18:41:31 -0400] "GET /q-~202YYnEVUdtrwwqG8oYg5Vdww2yKldvLK48189/ HTTP/1.1" 404 1251 "-" "Mozilla/5.0 (compatible; Googlebot/2.1; +http://www.google.com/bot.html)"
66.249.74.15 - - [13/Jul/2025:18:41:52 -0400] "GET /items/ebmqn15/2977?key=self-esteem HTTP/1.1" 404 1251 "-" "Mozilla/5.0 (compatible; Googlebot/2.1; +http://www.google.com/bot.html)"
66.249.74.15 - - [13/Jul/2025:18:41:53 -0400] "GET /q-~195J8hKpPHAv9qpOhzNpGXJ1iSAl9kGlk47948/ HTTP/1.1" 404 1251 "-" "Mozilla/5.0 (Linux; Android 6.0.1; Nexus 5X Build/MMB29P) AppleWebKit/537.36 (KHTML, like Gecko) Chrome/137.0.7151.103 Mobile Safari/537.36 (compatible; GoogleOther)"
20.171.207.232 - - [13/Jul/2025:18:41:59 -0400] "GET /?%2Ftop%2Fsearch%2Fasp%2Flist_asp%3Fs_cate3=40 HTTP/1.1" 200 1470 "-" "Mozilla/5.0 AppleWebKit/537.36 (KHTML, like Gecko; compatible; GPTBot/1.2; +https://openai.com/gptbot)"
66.249.74.15 - - [13/Jul/2025:18:42:29 -0400] "GET /pcmypage?callback=/product%2Fdetail%2m47556385485 HTTP/1.1" 404 1251 "-" "Mozilla/5.0 (Linux; Android 6.0.1; Nexus 5X Build/MMB29P) AppleWebKit/537.36 (KHTML, like Gecko) Chrome/137.0.7151.119 Mobile Safari/537.36 (compatible; Googlebot/2.1; +http://www.google.com/bot.html)"
66.249.74.1 - - [13/Jul/2025:18:42:48 -0400] "GET /items/wadrj49/48473?key=condition HTTP/1.1" 404 1251 "-" "Mozilla/5.0 (Linux; Android 6.0.1; Nexus 5X Build/MMB29P) AppleWebKit/537.36 (KHTML, like Gecko) Chrome/137.0.7151.103 Mobile Safari/537.36 (compatible; GoogleOther)"
66.249.74.15 - - [13/Jul/2025:18:42:50 -0400] "GET /q-~41V5E9PhT8lg4kcfgOhStCULxHBSqURI49950/ HTTP/1.1" 404 1251 "-" "Mozilla/5.0 (Linux; Android 6.0.1; Nexus 5X Build/MMB29P) AppleWebKit/537.36 (KHTML, like Gecko) Chrome/137.0.7151.103 Mobile Safari/537.36 (compatible; GoogleOther)"
208.110.64.178 - - [13/Jul/2025:18:42:53 -0400] "GET /wp-content/admin.php HTTP/1.1" 404 1251 "https://nas-yemen.org/wp-content/admin.php" "Mozilla/5.0 (Windows NT 10.0; Win64; x64) AppleWebKit/537.36 (KHTML, like Gecko) Chrome/58.0.3029.110 Safari/537.3"
66.249.74.15 - - [13/Jul/2025:18:43:22 -0400] "GET /q-~26UIcrVmq4hZMcF3dOy3A2YNe476tvai24385/ HTTP/1.1" 404 1251 "-" "Mozilla/5.0 (compatible; Googlebot/2.1; +http://www.google.com/bot.html)"
66.249.74.15 - - [13/Jul/2025:18:43:54 -0400] "GET /q-~9L9eUjxddHdxxlg2fcNsxg1V31GKZno18878/ HTTP/1.1" 404 1251 "-" "Mozilla/5.0 (Linux; Android 6.0.1; Nexus 5X Build/MMB29P) AppleWebKit/537.36 (KHTML, like Gecko) Chrome/137.0.7151.103 Mobile Safari/537.36 (compatible; GoogleOther)"
20.171.207.232 - - [13/Jul/2025:18:43:55 -0400] "GET /?stannary/yb1os8.shtml HTTP/1.1" 200 1470 "-" "Mozilla/5.0 AppleWebKit/537.36 (KHTML, like Gecko; compatible; GPTBot/1.2; +https://openai.com/gptbot)"
66.249.74.15 - - [13/Jul/2025:18:44:14 -0400] "GET /items/lkaco212/48124?key=respect HTTP/1.1" 404 1251 "-" "Mozilla/5.0 (Linux; Android 6.0.1; Nexus 5X Build/MMB29P) AppleWebKit/537.36 (KHTML, like Gecko) Chrome/137.0.7151.103 Mobile Safari/537.36 (compatible; Googlebot/2.1; +http://www.google.com/bot.html)"
66.249.74.2 - - [13/Jul/2025:18:47:15 -0400] "GET /q-~195ziN8u0EufoW52Eh3FhAUXfWmW6OBFf46572/ HTTP/1.1" 404 1251 "-" "Mozilla/5.0 (Linux; Android 6.0.1; Nexus 5X Build/MMB29P) AppleWebKit/537.36 (KHTML, like Gecko) Chrome/137.0.7151.103 Mobile Safari/537.36 (compatible; Googlebot/2.1; +http://www.google.com/bot.html)"
66.249.74.9 - - [13/Jul/2025:18:47:50 -0400] "GET /q-~234vbSPeYJNqlxi9Vyn7IGBBvufQ1phXn43929/ HTTP/1.1" 404 1251 "-" "Mozilla/5.0 (compatible; Googlebot/2.1; +http://www.google.com/bot.html)"
66.249.74.9 - - [13/Jul/2025:18:48:43 -0400] "GET /q-~121zSf1nL4laJVfstXBKBSfVtbJiF8nPN38792/ HTTP/1.1" 404 1251 "-" "Mozilla/5.0 (compatible; Googlebot/2.1; +http://www.google.com/bot.html)"
52.70.209.13 - - [13/Jul/2025:18:48:57 -0400] "GET /wp-includes/sitemaps/?SA HTTP/1.1" 200 1074 "-" "Mozilla/5.0 AppleWebKit/537.36 (KHTML, like Gecko; compatible; Amazonbot/0.1; +https://developer.amazon.com/support/amazonbot) Chrome/119.0.6045.214 Safari/537.36"
66.249.74.8 - - [13/Jul/2025:18:48:58 -0400] "GET /q-~170aBXTG6JiKNd4tJmWjXu8jYkjaxcItt35573/ HTTP/1.1" 404 1251 "-" "Mozilla/5.0 (Linux; Android 6.0.1; Nexus 5X Build/MMB29P) AppleWebKit/537.36 (KHTML, like Gecko) Chrome/137.0.7151.103 Mobile Safari/537.36 (compatible; GoogleOther)"
66.249.74.8 - - [13/Jul/2025:18:49:00 -0400] "GET /items/vggbm264/17232?key=beneath HTTP/1.1" 404 1251 "-" "Mozilla/5.0 (Linux; Android 6.0.1; Nexus 5X Build/MMB29P) AppleWebKit/537.36 (KHTML, like Gecko) Chrome/137.0.7151.103 Mobile Safari/537.36 (compatible; Googlebot/2.1; +http://www.google.com/bot.html)"
3.208.156.9 - - [13/Jul/2025:18:49:02 -0400] "GET /wp-includes/sitemaps/?ND HTTP/1.1" 200 1069 "-" "Mozilla/5.0 AppleWebKit/537.36 (KHTML, like Gecko; compatible; Amazonbot/0.1; +https://developer.amazon.com/support/amazonbot) Chrome/119.0.6045.214 Safari/537.36"
34.194.95.99 - - [13/Jul/2025:18:49:06 -0400] "GET /wp-includes/html-api/class-wp-html-attribute-token.php HTTP/1.1" 403 1242 "-" "Mozilla/5.0 AppleWebKit/537.36 (KHTML, like Gecko; compatible; Amazonbot/0.1; +https://developer.amazon.com/support/amazonbot) Chrome/119.0.6045.214 Safari/537.36"
66.249.74.10 - - [13/Jul/2025:18:50:28 -0400] "GET /items/hykzd18/39602?key=change HTTP/1.1" 404 1251 "-" "Mozilla/5.0 (Linux; Android 6.0.1; Nexus 5X Build/MMB29P) AppleWebKit/537.36 (KHTML, like Gecko) Chrome/137.0.7151.103 Mobile Safari/537.36 (compatible; Googlebot/2.1; +http://www.google.com/bot.html)"
66.249.74.8 - - [13/Jul/2025:18:50:48 -0400] "GET /q-~106uvIXLRxp6fBsdooMvriL2gqloGtvnM25403/ HTTP/1.1" 404 1251 "-" "Mozilla/5.0 (Linux; Android 6.0.1; Nexus 5X Build/MMB29P) AppleWebKit/537.36 (KHTML, like Gecko) Chrome/137.0.7151.103 Mobile Safari/537.36 (compatible; Googlebot/2.1; +http://www.google.com/bot.html)"
20.171.207.232 - - [13/Jul/2025:18:51:54 -0400] "GET /osusume/index.html&lang=en HTTP/1.1" 404 1251 "-" "Mozilla/5.0 AppleWebKit/537.36 (KHTML, like Gecko; compatible; GPTBot/1.2; +https://openai.com/gptbot)"
20.171.207.232 - - [13/Jul/2025:18:52:10 -0400] "GET /?wp/blog/2020/09/go-to-%E3%83%88%E3%83%A9%E3%83%99%E3%83%AB%E3%82%AD%E3%83%A3%E3%83%B3%E3%83%9A%E3%83%BC%E3%83%B3/ HTTP/1.1" 200 1470 "-" "Mozilla/5.0 AppleWebKit/537.36 (KHTML, like Gecko; compatible; GPTBot/1.2; +https://openai.com/gptbot)"
20.171.207.232 - - [13/Jul/2025:18:52:12 -0400] "GET /?excel/vlookup/ HTTP/1.1" 200 1470 "-" "Mozilla/5.0 AppleWebKit/537.36 (KHTML, like Gecko; compatible; GPTBot/1.2; +https://openai.com/gptbot)"
66.249.74.10 - - [13/Jul/2025:18:52:37 -0400] "GET /items/oegtx188/9598?key=catch HTTP/1.1" 404 1251 "-" "Mozilla/5.0 (Linux; Android 6.0.1; Nexus 5X Build/MMB29P) AppleWebKit/537.36 (KHTML, like Gecko) Chrome/137.0.7151.103 Mobile Safari/537.36 (compatible; Googlebot/2.1; +http://www.google.com/bot.html)"
66.249.74.9 - - [13/Jul/2025:18:54:53 -0400] "GET /items/uvhrn105/41463?key=specifically HTTP/1.1" 404 1251 "-" "Mozilla/5.0 (Linux; Android 6.0.1; Nexus 5X Build/MMB29P) AppleWebKit/537.36 (KHTML, like Gecko) Chrome/137.0.7151.103 Mobile Safari/537.36 (compatible; Googlebot/2.1; +http://www.google.com/bot.html)"
216.73.216.145 - - [13/Jul/2025:18:55:23 -0400] "GET / HTTP/1.1" 200 1470 "-" "Mozilla/5.0 AppleWebKit/537.36 (KHTML, like Gecko; compatible; ClaudeBot/1.0; +claudebot@anthropic.com)"
66.249.74.8 - - [13/Jul/2025:18:55:35 -0400] "GET /q-~55hBLeAXSVZnK0mdUA0X2EXbJhtl6Rvx6514/ HTTP/1.1" 404 1251 "-" "Mozilla/5.0 (Linux; Android 6.0.1; Nexus 5X Build/MMB29P) AppleWebKit/537.36 (KHTML, like Gecko) Chrome/137.0.7151.103 Mobile Safari/537.36 (compatible; Googlebot/2.1; +http://www.google.com/bot.html)"
185.191.171.11 - - [13/Jul/2025:18:56:28 -0400] "GET /wp-includes/css/dist/patterns/ HTTP/1.1" 200 677 "-" "Mozilla/5.0 (compatible; SemrushBot/7~bl; +http://www.semrush.com/bot.html)"
208.110.64.178 - - [13/Jul/2025:18:56:45 -0400] "GET /wp-content/admin.php HTTP/1.1" 404 1251 "https://nas-yemen.org/wp-content/admin.php" "Mozilla/5.0 (Windows NT 10.0; Win64; x64) AppleWebKit/537.36 (KHTML, like Gecko) Chrome/58.0.3029.110 Safari/537.3"
66.249.74.10 - - [13/Jul/2025:18:56:52 -0400] "GET /items/oplul281/12865?key=yesterday HTTP/1.1" 404 1251 "-" "Mozilla/5.0 (compatible; Googlebot/2.1; +http://www.google.com/bot.html)"
66.249.74.8 - - [13/Jul/2025:18:56:52 -0400] "GET /items/oplul281/12865?key=yesterday HTTP/1.1" 404 1251 "-" "Mozilla/5.0 (Linux; Android 6.0.1; Nexus 5X Build/MMB29P) AppleWebKit/537.36 (KHTML, like Gecko) Chrome/137.0.7151.103 Mobile Safari/537.36 (compatible; Googlebot/2.1; +http://www.google.com/bot.html)"
66.249.74.9 - - [13/Jul/2025:18:57:05 -0400] "GET /q-~185y8WtaOl50xrxeSnuv5wrKoTbU5HQxe3870/ HTTP/1.1" 404 1251 "-" "Mozilla/5.0 (Linux; Android 6.0.1; Nexus 5X Build/MMB29P) AppleWebKit/537.36 (KHTML, like Gecko) Chrome/137.0.7151.103 Mobile Safari/537.36 (compatible; GoogleOther)"
66.249.74.9 - - [13/Jul/2025:18:57:07 -0400] "GET /items/zvqfz240/37010?key=pen HTTP/1.1" 404 1251 "-" "Mozilla/5.0 (Linux; Android 6.0.1; Nexus 5X Build/MMB29P) AppleWebKit/537.36 (KHTML, like Gecko) Chrome/137.0.7151.103 Mobile Safari/537.36 (compatible; GoogleOther)"
66.249.74.9 - - [13/Jul/2025:18:57:09 -0400] "GET /q-~166Y8bIXP7XASp2F18VaHQygRaKQ4NL0X2253/ HTTP/1.1" 404 1251 "-" "Mozilla/5.0 (Linux; Android 6.0.1; Nexus 5X Build/MMB29P) AppleWebKit/537.36 (KHTML, like Gecko) Chrome/137.0.7151.103 Mobile Safari/537.36 (compatible; GoogleOther)"
66.249.74.9 - - [13/Jul/2025:18:57:11 -0400] "GET /q-~125uMgGnm8yZVnuIulAK8co1844TLQPjZ14946/ HTTP/1.1" 404 1251 "-" "Mozilla/5.0 (Linux; Android 6.0.1; Nexus 5X Build/MMB29P) AppleWebKit/537.36 (KHTML, like Gecko) Chrome/137.0.7151.103 Mobile Safari/537.36 (compatible; GoogleOther)"
66.249.74.8 - - [13/Jul/2025:18:57:14 -0400] "GET /items/tcysw157/47719?key=pit HTTP/1.1" 404 1251 "-" "Mozilla/5.0 (Linux; Android 6.0.1; Nexus 5X Build/MMB29P) AppleWebKit/537.36 (KHTML, like Gecko) Chrome/137.0.7151.103 Mobile Safari/537.36 (compatible; GoogleOther)"
66.249.74.8 - - [13/Jul/2025:18:57:16 -0400] "GET /q-~271fZPukGvWeD1hsdJaXtbgqPbN0lKY3y15374/ HTTP/1.1" 404 1251 "-" "Mozilla/5.0 (Linux; Android 6.0.1; Nexus 5X Build/MMB29P) AppleWebKit/537.36 (KHTML, like Gecko) Chrome/137.0.7151.103 Mobile Safari/537.36 (compatible; GoogleOther)"
66.249.74.8 - - [13/Jul/2025:18:58:22 -0400] "GET /items/wmikn52/26074?key=super HTTP/1.1" 404 1251 "-" "Mozilla/5.0 (Linux; Android 6.0.1; Nexus 5X Build/MMB29P) AppleWebKit/537.36 (KHTML, like Gecko) Chrome/137.0.7151.103 Mobile Safari/537.36 (compatible; GoogleOther)"
66.249.74.8 - - [13/Jul/2025:18:58:24 -0400] "GET /items/tipjb188/27306?key=prediction HTTP/1.1" 404 1251 "-" "Mozilla/5.0 (Linux; Android 6.0.1; Nexus 5X Build/MMB29P) AppleWebKit/537.36 (KHTML, like Gecko) Chrome/137.0.7151.103 Mobile Safari/537.36 (compatible; GoogleOther)"
66.249.74.10 - - [13/Jul/2025:18:59:38 -0400] "GET /q-~137xHy8oaBibp7zAxX9mO9EZuqMQMT2jY12668/ HTTP/1.1" 404 1251 "-" "Mozilla/5.0 (Linux; Android 6.0.1; Nexus 5X Build/MMB29P) AppleWebKit/537.36 (KHTML, like Gecko) Chrome/137.0.7151.103 Mobile Safari/537.36 (compatible; GoogleOther)"
66.249.74.8 - - [13/Jul/2025:19:00:25 -0400] "GET /q-~234h7mnlpjKEZcYQrhhpmpi1oLQPxhb0i39259/ HTTP/1.1" 404 1251 "-" "Mozilla/5.0 (Linux; Android 6.0.1; Nexus 5X Build/MMB29P) AppleWebKit/537.36 (KHTML, like Gecko) Chrome/137.0.7151.103 Mobile Safari/537.36 (compatible; Googlebot/2.1; +http://www.google.com/bot.html)"
66.249.74.10 - - [13/Jul/2025:19:00:25 -0400] "GET /q-~234h7mnlpjKEZcYQrhhpmpi1oLQPxhb0i39259/ HTTP/1.1" 404 1251 "-" "Mozilla/5.0 (compatible; Googlebot/2.1; +http://www.google.com/bot.html)"
20.171.207.232 - - [13/Jul/2025:19:00:41 -0400] "GET /?nephology/yowlqsR_html HTTP/1.1" 200 1470 "-" "Mozilla/5.0 AppleWebKit/537.36 (KHTML, like Gecko; compatible; GPTBot/1.2; +https://openai.com/gptbot)"
40.127.130.26 - - [13/Jul/2025:19:00:44 -0400] "GET /wp-content/plugins/hellopress/wp_filemanager.php HTTP/1.1" 404 1251 "-" "-"
40.127.130.26 - - [13/Jul/2025:19:00:44 -0400] "GET /alfanew.php HTTP/1.1" 404 1251 "-" "-"
40.127.130.26 - - [13/Jul/2025:19:00:44 -0400] "GET /htaccess.php HTTP/1.1" 404 1251 "-" "-"
40.127.130.26 - - [13/Jul/2025:19:00:44 -0400] "GET /readme.php HTTP/1.1" 404 1251 "-" "-"
40.127.130.26 - - [13/Jul/2025:19:00:45 -0400] "GET /as.php HTTP/1.1" 404 1251 "-" "-"
40.127.130.26 - - [13/Jul/2025:19:00:45 -0400] "GET /403.php HTTP/1.1" 404 1251 "-" "-"
40.127.130.26 - - [13/Jul/2025:19:00:45 -0400] "GET /max.php HTTP/1.1" 404 1251 "-" "-"
40.127.130.26 - - [13/Jul/2025:19:00:45 -0400] "GET /m.php HTTP/1.1" 404 1251 "-" "-"
40.127.130.26 - - [13/Jul/2025:19:00:45 -0400] "GET /post.php HTTP/1.1" 404 1251 "-" "-"
40.127.130.26 - - [13/Jul/2025:19:00:45 -0400] "GET /themes.php HTTP/1.1" 404 1251 "-" "-"
40.127.130.26 - - [13/Jul/2025:19:00:46 -0400] "GET /wp-content/themes/astra/inc/ki1k.php HTTP/1.1" 404 1251 "-" "-"
40.127.130.26 - - [13/Jul/2025:19:00:46 -0400] "GET /ALFA_DATA/index.php HTTP/1.1" 404 1251 "-" "-"
40.127.130.26 - - [13/Jul/2025:19:00:46 -0400] "GET /wp-admin/maint/about.php HTTP/1.1" 404 1251 "-" "-"
40.127.130.26 - - [13/Jul/2025:19:00:46 -0400] "GET /wp-admin/network/wp-conflg.php?p= HTTP/1.1" 404 1251 "-" "-"
40.127.130.26 - - [13/Jul/2025:19:00:46 -0400] "GET /click.php HTTP/1.1" 404 1251 "-" "-"
40.127.130.26 - - [13/Jul/2025:19:00:47 -0400] "GET /install.php HTTP/1.1" 404 1251 "-" "-"
40.127.130.26 - - [13/Jul/2025:19:00:47 -0400] "GET /lv.php HTTP/1.1" 404 1251 "-" "-"
40.127.130.26 - - [13/Jul/2025:19:00:47 -0400] "GET /simple.php HTTP/1.1" 404 1251 "-" "-"
40.127.130.26 - - [13/Jul/2025:19:00:47 -0400] "GET /13k.php HTTP/1.1" 404 1251 "-" "-"
40.127.130.26 - - [13/Jul/2025:19:00:47 -0400] "GET /css.php HTTP/1.1" 404 1251 "-" "-"
40.127.130.26 - - [13/Jul/2025:19:00:47 -0400] "GET /0x1949.php HTTP/1.1" 404 1251 "-" "-"
40.127.130.26 - - [13/Jul/2025:19:00:48 -0400] "GET /cong.php HTTP/1.1" 404 1251 "-" "-"
40.127.130.26 - - [13/Jul/2025:19:00:48 -0400] "GET /fw.php HTTP/1.1" 404 1251 "-" "-"
40.127.130.26 - - [13/Jul/2025:19:00:48 -0400] "GET /bs1.php HTTP/1.1" 404 1251 "-" "-"
40.127.130.26 - - [13/Jul/2025:19:00:48 -0400] "GET /wp-includes/images/wp-login.php HTTP/1.1" 404 1251 "-" "-"
40.127.130.26 - - [13/Jul/2025:19:00:48 -0400] "GET /termps.php HTTP/1.1" 404 1251 "-" "-"
40.127.130.26 - - [13/Jul/2025:19:00:48 -0400] "GET /brand.php HTTP/1.1" 404 1251 "-" "-"
40.127.130.26 - - [13/Jul/2025:19:00:49 -0400] "GET /goods.php HTTP/1.1" 404 1251 "-" "-"
40.127.130.26 - - [13/Jul/2025:19:00:49 -0400] "GET /cong.php HTTP/1.1" 404 1251 "-" "-"
40.127.130.26 - - [13/Jul/2025:19:00:49 -0400] "GET /atomlib.php HTTP/1.1" 404 1251 "-" "-"
40.127.130.26 - - [13/Jul/2025:19:00:49 -0400] "GET /w.php HTTP/1.1" 404 1251 "-" "-"
40.127.130.26 - - [13/Jul/2025:19:00:49 -0400] "GET /404.php?fm=true HTTP/1.1" 404 1251 "-" "-"
40.127.130.26 - - [13/Jul/2025:19:00:50 -0400] "GET /404.php HTTP/1.1" 404 1251 "-" "-"
40.127.130.26 - - [13/Jul/2025:19:00:50 -0400] "GET /article.php HTTP/1.1" 404 1251 "-" "-"
40.127.130.26 - - [13/Jul/2025:19:00:50 -0400] "GET /wp-content/product.php HTTP/1.1" 404 1251 "-" "-"
40.127.130.26 - - [13/Jul/2025:19:00:50 -0400] "GET /wp-content/function.php HTTP/1.1" 404 1251 "-" "-"
40.127.130.26 - - [13/Jul/2025:19:00:50 -0400] "GET /0x.php HTTP/1.1" 404 1251 "-" "-"
40.127.130.26 - - [13/Jul/2025:19:00:50 -0400] "GET /css.php HTTP/1.1" 404 1251 "-" "-"
40.127.130.26 - - [13/Jul/2025:19:00:51 -0400] "GET /modules/mod_simplefileuploadv1.3/elements/filemanager.php?p= HTTP/1.1" 404 1251 "-" "-"
40.127.130.26 - - [13/Jul/2025:19:00:51 -0400] "GET /wp-content/index.php HTTP/1.1" 200 0 "-" "-"
40.127.130.26 - - [13/Jul/2025:19:00:53 -0400] "GET /1.php HTTP/1.1" 404 1251 "-" "-"
40.127.130.26 - - [13/Jul/2025:19:00:53 -0400] "GET /admin.php HTTP/1.1" 404 1251 "-" "-"
40.127.130.26 - - [13/Jul/2025:19:00:53 -0400] "GET /wp-admin/maint/maint.php HTTP/1.1" 404 1251 "-" "-"
40.127.130.26 - - [13/Jul/2025:19:00:54 -0400] "GET /classwithtostring.php HTTP/1.1" 404 1251 "-" "-"
40.127.130.26 - - [13/Jul/2025:19:00:54 -0400] "GET /dropdown.php HTTP/1.1" 404 1251 "-" "-"
40.127.130.26 - - [13/Jul/2025:19:00:54 -0400] "GET /moon.php HTTP/1.1" 404 1251 "-" "-"
40.127.130.26 - - [13/Jul/2025:19:00:54 -0400] "GET /0x.php HTTP/1.1" 404 1251 "-" "-"
40.127.130.26 - - [13/Jul/2025:19:00:54 -0400] "GET /moon.php?p= HTTP/1.1" 404 1251 "-" "-"
40.127.130.26 - - [13/Jul/2025:19:00:54 -0400] "GET /autoload_classmap.php?p= HTTP/1.1" 404 1251 "-" "-"
40.127.130.26 - - [13/Jul/2025:19:00:55 -0400] "GET /inputs.php HTTP/1.1" 404 1251 "-" "-"
40.127.130.26 - - [13/Jul/2025:19:00:55 -0400] "GET /default.php HTTP/1.1" 404 1251 "-" "-"
40.127.130.26 - - [13/Jul/2025:19:00:55 -0400] "GET /fm.php?p= HTTP/1.1" 404 1251 "-" "-"
40.127.130.26 - - [13/Jul/2025:19:00:55 -0400] "GET /fm.php?fm=true HTTP/1.1" 404 1251 "-" "-"
40.127.130.26 - - [13/Jul/2025:19:00:55 -0400] "GET /about.php HTTP/1.1" 404 1251 "-" "-"
40.127.130.26 - - [13/Jul/2025:19:00:56 -0400] "GET /file.php? HTTP/1.1" 404 1251 "-" "-"
40.127.130.26 - - [13/Jul/2025:19:00:56 -0400] "GET /alfa.php HTTP/1.1" 404 1251 "-" "-"
40.127.130.26 - - [13/Jul/2025:19:00:56 -0400] "GET /buy.php HTTP/1.1" 404 1251 "-" "-"
40.127.130.26 - - [13/Jul/2025:19:00:56 -0400] "GET /themes/twentytwentytwo/index.php HTTP/1.1" 404 1251 "-" "-"
40.127.130.26 - - [13/Jul/2025:19:00:56 -0400] "GET /wp-admin/js/wp-conflg.php?p= HTTP/1.1" 404 1251 "-" "-"
40.127.130.26 - - [13/Jul/2025:19:00:56 -0400] "GET /wp-admin/wp-conflg.php?p= HTTP/1.1" 404 1251 "-" "-"
40.127.130.26 - - [13/Jul/2025:19:00:57 -0400] "GET /wp-admin/css/wp-conflg.php?p= HTTP/1.1" 404 1251 "-" "-"
40.127.130.26 - - [13/Jul/2025:19:00:57 -0400] "GET /manager.php?p= HTTP/1.1" 404 1251 "-" "-"
40.127.130.26 - - [13/Jul/2025:19:00:57 -0400] "GET /js/fm.php HTTP/1.1" 404 1251 "-" "-"
40.127.130.26 - - [13/Jul/2025:19:00:57 -0400] "GET /item.php HTTP/1.1" 404 1251 "-" "-"
40.127.130.26 - - [13/Jul/2025:19:00:57 -0400] "GET /plugins/Cache/footer.php HTTP/1.1" 404 1251 "-" "-"
40.127.130.26 - - [13/Jul/2025:19:00:57 -0400] "GET /404.php HTTP/1.1" 404 1251 "-" "-"
40.127.130.26 - - [13/Jul/2025:19:00:58 -0400] "GET /mail.php HTTP/1.1" 404 1251 "-" "-"
40.127.130.26 - - [13/Jul/2025:19:00:58 -0400] "GET /wp-content/plugins/index.php HTTP/1.1" 200 0 "-" "-"
40.127.130.26 - - [13/Jul/2025:19:00:58 -0400] "GET /sx.php HTTP/1.1" 404 1251 "-" "-"
40.127.130.26 - - [13/Jul/2025:19:00:58 -0400] "GET /wp-admin/maint/admin.php HTTP/1.1" 404 1251 "-" "-"
40.127.130.26 - - [13/Jul/2025:19:00:58 -0400] "GET /article.php HTTP/1.1" 404 1251 "-" "-"
40.127.130.26 - - [13/Jul/2025:19:00:59 -0400] "GET /alfa.php HTTP/1.1" 404 1251 "-" "-"
40.127.130.26 - - [13/Jul/2025:19:00:59 -0400] "GET /1.php HTTP/1.1" 404 1251 "-" "-"
40.127.130.26 - - [13/Jul/2025:19:00:59 -0400] "GET /403.php HTTP/1.1" 404 1251 "-" "-"
40.127.130.26 - - [13/Jul/2025:19:00:59 -0400] "GET /link.php HTTP/1.1" 404 1251 "-" "-"
40.127.130.26 - - [13/Jul/2025:19:00:59 -0400] "GET /byp.php HTTP/1.1" 404 1251 "-" "-"
40.127.130.26 - - [13/Jul/2025:19:00:59 -0400] "GET /bak.php HTTP/1.1" 404 1251 "-" "-"
40.127.130.26 - - [13/Jul/2025:19:01:00 -0400] "GET /ini.php HTTP/1.1" 404 1251 "-" "-"
40.127.130.26 - - [13/Jul/2025:19:01:00 -0400] "GET /ws.php HTTP/1.1" 404 1251 "-" "-"
40.127.130.26 - - [13/Jul/2025:19:01:00 -0400] "GET /2.php HTTP/1.1" 404 1251 "-" "-"
40.127.130.26 - - [13/Jul/2025:19:01:00 -0400] "GET /wp-trackback.php HTTP/1.1" 403 1242 "-" "-"
40.127.130.26 - - [13/Jul/2025:19:01:00 -0400] "GET /.well-known/index.php HTTP/1.1" 404 1251 "-" "-"
40.127.130.26 - - [13/Jul/2025:19:01:01 -0400] "GET /wp-includes/certificates/plugins.php HTTP/1.1" 404 1251 "-" "-"
40.127.130.26 - - [13/Jul/2025:19:01:01 -0400] "GET /wp-content/themes/seotheme/mar.php HTTP/1.1" 404 1251 "-" "-"
196.251.86.107 - - [13/Jul/2025:19:01:12 -0400] "GET / HTTP/1.1" 200 1470 "-" "-"
40.127.130.26 - - [13/Jul/2025:19:01:01 -0400] "GET /wp-admin/network/plugins.php HTTP/1.1" 200 0 "-" "-"
66.29.146.47 - - [13/Jul/2025:19:01:19 -0400] "POST /wp-cron.php?doing_wp_cron=1752447678.5375919342041015625000 HTTP/1.1" 403 1242 "-" "WordPress/6.8; https://nas-yemen.org"
66.29.146.47 - - [13/Jul/2025:19:01:19 -0400] "POST /wp-cron.php?doing_wp_cron=1752447678.9452199935913085937500 HTTP/1.1" 403 1242 "-" "WordPress/6.8; https://nas-yemen.org"
66.29.146.47 - - [13/Jul/2025:19:01:19 -0400] "POST /wp-cron.php?doing_wp_cron=1752447678.5395269393920898437500 HTTP/1.1" 403 1242 "-" "WordPress/6.8; https://nas-yemen.org"
196.251.86.107 - - [13/Jul/2025:19:01:13 -0400] "GET /wp-admin/install.php HTTP/1.1" 200 0 "-" "-"
40.127.130.26 - - [13/Jul/2025:19:01:16 -0400] "GET /wp-admin/about.php HTTP/1.1" 302 0 "-" "-"
40.127.130.26 - - [13/Jul/2025:19:01:21 -0400] "GET /wp-login.php?redirect_to=https%3A%2F%2Fnas-yemen.org%2Fwp-admin%2Fabout.php&reauth=1 HTTP/1.1" 200 1956 "-" "-"
40.127.130.26 - - [13/Jul/2025:19:01:22 -0400] "GET /chosen.php HTTP/1.1" 404 1251 "-" "-"
40.127.130.26 - - [13/Jul/2025:19:01:23 -0400] "GET /wp-includes/ID3/about.php HTTP/1.1" 404 1251 "-" "-"
40.127.130.26 - - [13/Jul/2025:19:01:23 -0400] "GET /css/index.php HTTP/1.1" 404 1251 "-" "-"
40.127.130.26 - - [13/Jul/2025:19:01:23 -0400] "GET /wp-admin/includes/xmrlpc.php?p= HTTP/1.1" 404 1251 "-" "-"
40.127.130.26 - - [13/Jul/2025:19:01:23 -0400] "GET /wp-includes/SimplePie/wp-login.php HTTP/1.1" 404 1251 "-" "-"
40.127.130.26 - - [13/Jul/2025:19:01:23 -0400] "GET /wp-content/themes/about.php HTTP/1.1" 404 1251 "-" "-"
40.127.130.26 - - [13/Jul/2025:19:01:24 -0400] "GET /filemanager/dialog.php HTTP/1.1" 404 1251 "-" "-"
40.127.130.26 - - [13/Jul/2025:19:01:24 -0400] "GET /wp-admin/maint/index.php HTTP/1.1" 404 1251 "-" "-"
40.127.130.26 - - [13/Jul/2025:19:01:24 -0400] "GET /wp-includes/Requests/Text/admin.php HTTP/1.1" 404 1251 "-" "-"
40.127.130.26 - - [13/Jul/2025:19:01:24 -0400] "GET /wp-includes/customize/about.php HTTP/1.1" 404 1251 "-" "-"
66.29.146.47 - - [13/Jul/2025:19:01:24 -0400] "POST /wp-cron.php?doing_wp_cron=1752447684.7390921115875244140625 HTTP/1.1" 403 1242 "-" "WordPress/6.8; https://nas-yemen.org"
196.251.86.107 - - [13/Jul/2025:19:01:21 -0400] "GET /wp-admin/install.php HTTP/1.1" 200 435 "-" "-"
40.127.130.26 - - [13/Jul/2025:19:01:25 -0400] "GET /index/function.php HTTP/1.1" 404 1251 "-" "-"
196.251.86.107 - - [13/Jul/2025:19:01:25 -0400] "GET /wp-admin/setup-config.php HTTP/1.1" 403 1242 "-" "-"
40.127.130.26 - - [13/Jul/2025:19:01:25 -0400] "GET /uploads/autoload_classmap.php HTTP/1.1" 404 1251 "-" "-"
40.127.130.26 - - [13/Jul/2025:19:01:25 -0400] "GET /wp-includes/css/dist/preferences/wp-login.php HTTP/1.1" 404 1251 "-" "-"
40.127.130.26 - - [13/Jul/2025:19:01:26 -0400] "GET /wp-includes/style-engine/about.php HTTP/1.1" 404 1251 "-" "-"
40.127.130.26 - - [13/Jul/2025:19:01:26 -0400] "GET /about/function.php HTTP/1.1" 404 1251 "-" "-"
40.127.130.26 - - [13/Jul/2025:19:01:26 -0400] "GET /wp-includes/theme-compat/chosen.php HTTP/1.1" 404 1251 "-" "-"
40.127.130.26 - - [13/Jul/2025:19:01:27 -0400] "GET /admin/function.php HTTP/1.1" 404 1251 "-" "-"
40.127.130.26 - - [13/Jul/2025:19:01:27 -0400] "GET /css/colors/blue/index.php HTTP/1.1" 404 1251 "-" "-"
40.127.130.26 - - [13/Jul/2025:19:01:27 -0400] "GET /wp-content/plugins/pwnd/as.php HTTP/1.1" 404 1251 "-" "-"
40.127.130.26 - - [13/Jul/2025:19:01:27 -0400] "GET /wp-admin/setup-config.php HTTP/1.1" 403 1242 "-" "-"
40.127.130.26 - - [13/Jul/2025:19:01:27 -0400] "GET /wp-admin/user/about.php HTTP/1.1" 302 0 "-" "-"
40.127.130.26 - - [13/Jul/2025:19:01:28 -0400] "GET /wp-login.php?redirect_to=https%3A%2F%2Fnas-yemen.org%2Fwp-admin%2Fuser%2Fabout.php&reauth=1 HTTP/1.1" 200 1957 "-" "-"
40.127.130.26 - - [13/Jul/2025:19:01:28 -0400] "GET /wp-admin/js/index.php HTTP/1.1" 404 1251 "-" "-"
40.127.130.26 - - [13/Jul/2025:19:01:28 -0400] "GET /wp-content/upgrade/about.php HTTP/1.1" 404 1251 "-" "-"
40.127.130.26 - - [13/Jul/2025:19:01:28 -0400] "GET /wp-includes/assets/index.php HTTP/1.1" 404 1251 "-" "-"
40.127.130.26 - - [13/Jul/2025:19:01:29 -0400] "GET /wp-content/radio.php HTTP/1.1" 404 1251 "-" "-"
40.127.130.26 - - [13/Jul/2025:19:01:29 -0400] "GET /wp-includes/fonts/index.php?p= HTTP/1.1" 404 1251 "-" "-"
40.127.130.26 - - [13/Jul/2025:19:01:29 -0400] "GET /.well-known/gecko-litespeed.php HTTP/1.1" 404 1251 "-" "-"
40.127.130.26 - - [13/Jul/2025:19:01:29 -0400] "GET /.well-known/admin.php HTTP/1.1" 404 1251 "-" "-"
40.127.130.26 - - [13/Jul/2025:19:01:29 -0400] "GET /wp-content/admin.php HTTP/1.1" 404 1251 "-" "-"
40.127.130.26 - - [13/Jul/2025:19:01:30 -0400] "GET /wp-content/plugins/admin.php HTTP/1.1" 404 1251 "-" "-"
40.127.130.26 - - [13/Jul/2025:19:01:30 -0400] "GET /wp-content/themes/twentytwentytwo/index.php?p= HTTP/1.1" 404 1251 "-" "-"
40.127.130.26 - - [13/Jul/2025:19:01:30 -0400] "GET /.well-known/log.php HTTP/1.1" 404 1251 "-" "-"
40.127.130.26 - - [13/Jul/2025:19:01:30 -0400] "GET /class.php HTTP/1.1" 404 1251 "-" "-"
40.127.130.26 - - [13/Jul/2025:19:01:30 -0400] "GET /bless.php HTTP/1.1" 404 1251 "-" "-"
40.127.130.26 - - [13/Jul/2025:19:01:31 -0400] "GET /wp-includes/js/codemirror/index.php HTTP/1.1" 404 1251 "-" "-"
40.127.130.26 - - [13/Jul/2025:19:01:31 -0400] "GET /wp-includes/block-patterns/index.php HTTP/1.1" 404 1251 "-" "-"
40.127.130.26 - - [13/Jul/2025:19:01:31 -0400] "GET /lock360.php HTTP/1.1" 404 1251 "-" "-"
40.127.130.26 - - [13/Jul/2025:19:01:31 -0400] "GET /wp-content/plugins/about.php HTTP/1.1" 404 1251 "-" "-"
40.127.130.26 - - [13/Jul/2025:19:01:31 -0400] "GET /wp-admin/css/colors/blue/about.php HTTP/1.1" 404 1251 "-" "-"
40.127.130.26 - - [13/Jul/2025:19:01:32 -0400] "GET /edit.php HTTP/1.1" 404 1251 "-" "-"
40.127.130.26 - - [13/Jul/2025:19:01:32 -0400] "GET /options.php HTTP/1.1" 404 1251 "-" "-"
40.127.130.26 - - [13/Jul/2025:19:01:32 -0400] "GET /wp-admin/network/index.php HTTP/1.1" 302 0 "-" "-"
40.127.130.26 - - [13/Jul/2025:19:01:33 -0400] "GET /wp-login.php?redirect_to=https%3A%2F%2Fnas-yemen.org%2Fwp-admin%2Fnetwork%2Findex.php&reauth=1 HTTP/1.1" 200 1953 "-" "-"
40.127.130.26 - - [13/Jul/2025:19:01:33 -0400] "GET /rest-api/about.php HTTP/1.1" 404 1251 "-" "-"
40.127.130.26 - - [13/Jul/2025:19:01:33 -0400] "GET /system_log.php HTTP/1.1" 404 1251 "-" "-"
40.127.130.26 - - [13/Jul/2025:19:01:33 -0400] "GET /wp-configs.php HTTP/1.1" 404 1251 "-" "-"
40.127.130.26 - - [13/Jul/2025:19:01:34 -0400] "GET /a.php HTTP/1.1" 404 1251 "-" "-"
40.127.130.26 - - [13/Jul/2025:19:01:34 -0400] "GET /wp-content/themes/sketch/404.php HTTP/1.1" 404 1251 "-" "-"
40.127.130.26 - - [13/Jul/2025:19:01:34 -0400] "GET /wp-content/plugins/pwnd/pwnd.php HTTP/1.1" 404 1251 "-" "-"
40.127.130.26 - - [13/Jul/2025:19:01:35 -0400] "GET /chosen.php?p= HTTP/1.1" 404 1251 "-" "-"
47.82.60.25 - - [13/Jul/2025:19:02:31 -0400] "GET /items/aevko42/44112?key=perceive HTTP/1.1" 404 1251 "https://nas-yemen.org/items/aevko42/44112?key=perceive" "Mozilla/5.0 (Windows NT 10.0; Win64; x64) AppleWebKit/537.36 (KHTML, like Gecko) Chrome/114.0.0.0 Safari/537.36 Edg/114.0.1823.43"
20.171.207.232 - - [13/Jul/2025:19:04:05 -0400] "GET /joyfully/7z8p.htm HTTP/1.1" 404 1251 "-" "Mozilla/5.0 AppleWebKit/537.36 (KHTML, like Gecko; compatible; GPTBot/1.2; +https://openai.com/gptbot)"
66.249.74.10 - - [13/Jul/2025:19:04:38 -0400] "GET /items/rgfiu45/42645?key=reasonable HTTP/1.1" 404 1251 "-" "Mozilla/5.0 (Linux; Android 6.0.1; Nexus 5X Build/MMB29P) AppleWebKit/537.36 (KHTML, like Gecko) Chrome/137.0.7151.103 Mobile Safari/537.36 (compatible; GoogleOther)"
66.249.74.2 - - [13/Jul/2025:19:06:29 -0400] "GET /q-~102rrk90icUpGxUgnOg2zWQBus7rRBYbt44921/ HTTP/1.1" 404 1251 "-" "Mozilla/5.0 (Linux; Android 6.0.1; Nexus 5X Build/MMB29P) AppleWebKit/537.36 (KHTML, like Gecko) Chrome/137.0.7151.119 Mobile Safari/537.36 (compatible; Googlebot/2.1; +http://www.google.com/bot.html)"
66.249.74.15 - - [13/Jul/2025:19:06:29 -0400] "GET /q-~15IXBwlkOHevXH7f7dMV8GgDo1hYGGDa32406/ HTTP/1.1" 404 1251 "-" "Mozilla/5.0 (Linux; Android 6.0.1; Nexus 5X Build/MMB29P) AppleWebKit/537.36 (KHTML, like Gecko) Chrome/137.0.7151.103 Mobile Safari/537.36 (compatible; GoogleOther)"
66.249.74.1 - - [13/Jul/2025:19:06:31 -0400] "GET /items/boufq289/20237?key=off HTTP/1.1" 404 1251 "-" "Mozilla/5.0 (Linux; Android 6.0.1; Nexus 5X Build/MMB29P) AppleWebKit/537.36 (KHTML, like Gecko) Chrome/137.0.7151.103 Mobile Safari/537.36 (compatible; GoogleOther)"
69.197.182.50 - - [13/Jul/2025:19:06:41 -0400] "GET /wp-content/admin.php HTTP/1.1" 404 1251 "https://nas-yemen.org/wp-content/admin.php" "Mozilla/5.0 (Windows NT 10.0; Win64; x64) AppleWebKit/537.36 (KHTML, like Gecko) Chrome/58.0.3029.110 Safari/537.3"
20.171.207.232 - - [13/Jul/2025:19:06:57 -0400] "GET /ticktock/bugho.shtml HTTP/1.1" 404 1251 "-" "Mozilla/5.0 AppleWebKit/537.36 (KHTML, like Gecko; compatible; GPTBot/1.2; +https://openai.com/gptbot)"
20.171.207.232 - - [13/Jul/2025:19:07:05 -0400] "GET /?/company/summary/index.html HTTP/1.1" 200 1470 "-" "Mozilla/5.0 AppleWebKit/537.36 (KHTML, like Gecko; compatible; GPTBot/1.2; +https://openai.com/gptbot)"
