40.77.167.53 - - [14/Jul/2025:06:11:05 -0400] "GET /stampbook/ HTTP/1.1" 404 1251 "-" "Mozilla/5.0 AppleWebKit/537.36 (KHTML, like Gecko; compatible; bingbot/2.0; +http://www.bing.com/bingbot.htm) Chrome/116.0.1938.76 Safari/537.36"
66.249.74.3 - - [14/Jul/2025:06:11:26 -0400] "GET /items/clrqw118/32400?key=scheme HTTP/1.1" 404 1251 "-" "Mozilla/5.0 (Linux; Android 6.0.1; Nexus 5X Build/MMB29P) AppleWebKit/537.36 (KHTML, like Gecko) Chrome/137.0.7151.103 Mobile Safari/537.36 (compatible; GoogleOther)"
5.135.124.144 - - [14/Jul/2025:06:11:42 -0400] "GET /xmlrpc.php HTTP/1.1" 403 1242 "http://nas-yemen.org" "Mozilla/5.0 (Macintosh; Intel Mac OS X 10_15_7; rv:129.0) Gecko/20100101 Firefox/129.0"
66.249.74.4 - - [14/Jul/2025:06:12:58 -0400] "GET /items/zjqzp53/8513?key=full-time HTTP/1.1" 404 1251 "-" "Mozilla/5.0 (Linux; Android 6.0.1; Nexus 5X Build/MMB29P) AppleWebKit/537.36 (KHTML, like Gecko) Chrome/137.0.7151.103 Mobile Safari/537.36 (compatible; GoogleOther)"
66.249.74.13 - - [14/Jul/2025:06:13:56 -0400] "GET /items/zdwpj27/32647?key=derive HTTP/1.1" 404 1251 "-" "Mozilla/5.0 (compatible; Googlebot/2.1; +http://www.google.com/bot.html)"
43.166.131.228 - - [14/Jul/2025:06:14:12 -0400] "GET /wp-includes/ID3/ HTTP/1.1" 200 1322 "-" "Mozilla/5.0 (iPhone; CPU iPhone OS 13_2_3 like Mac OS X) AppleWebKit/605.1.15 (KHTML, like Gecko) Version/13.0.3 Mobile/15E148 Safari/604.1"
66.249.74.12 - - [14/Jul/2025:06:14:31 -0400] "GET /items/aidgi72/3918?key=insert HTTP/1.1" 404 1251 "-" "Mozilla/5.0 (Linux; Android 6.0.1; Nexus 5X Build/MMB29P) AppleWebKit/537.36 (KHTML, like Gecko) Chrome/137.0.7151.103 Mobile Safari/537.36 (compatible; GoogleOther)"
182.44.8.254 - - [14/Jul/2025:06:15:13 -0400] "GET / HTTP/1.1" 200 1470 "http://nas-yemen.org" "Mozilla/5.0 (iPhone; CPU iPhone OS 13_2_3 like Mac OS X) AppleWebKit/605.1.15 (KHTML, like Gecko) Version/13.0.3 Mobile/15E148 Safari/604.1"
196.251.66.28 - - [14/Jul/2025:06:15:57 -0400] "GET /wp-admin/css/ HTTP/1.1" 200 2733 "binance.com" "Mozilla/5.0 (Windows NT 10.0; Win64; x64) AppleWebKit/537.36 (KHTML, like Gecko) Chrome/90.0.4430.85 Safari/537.36"
196.251.66.28 - - [14/Jul/2025:06:16:02 -0400] "GET /wp-content/uploads/2025/07/ HTTP/1.1" 404 1251 "binance.com" "Mozilla/5.0 (Windows NT 10.0; Win64; x64) AppleWebKit/537.36 (KHTML, like Gecko) Chrome/90.0.4430.85 Safari/537.36"
66.249.74.13 - - [14/Jul/2025:06:16:04 -0400] "GET /q-~85MhzPPJA5LFuSTRirKruROwJ5bD5BkJ45996/ HTTP/1.1" 404 1251 "-" "Mozilla/5.0 (Linux; Android 6.0.1; Nexus 5X Build/MMB29P) AppleWebKit/537.36 (KHTML, like Gecko) Chrome/137.0.7151.103 Mobile Safari/537.36 (compatible; GoogleOther)"
196.251.66.28 - - [14/Jul/2025:06:16:07 -0400] "GET /wp-content/uploads/2025/06/ HTTP/1.1" 404 1251 "binance.com" "Mozilla/5.0 (Windows NT 10.0; Win64; x64) AppleWebKit/537.36 (KHTML, like Gecko) Chrome/90.0.4430.85 Safari/537.36"
196.251.66.28 - - [14/Jul/2025:06:16:16 -0400] "GET /wp-content/uploads/ HTTP/1.1" 200 733 "binance.com" "Mozilla/5.0 (Windows NT 10.0; Win64; x64) AppleWebKit/537.36 (KHTML, like Gecko) Chrome/90.0.4430.85 Safari/537.36"
196.251.66.28 - - [14/Jul/2025:06:16:19 -0400] "GET /wp-content/upgrade/ HTTP/1.1" 200 545 "binance.com" "Mozilla/5.0 (Windows NT 10.0; Win64; x64) AppleWebKit/537.36 (KHTML, like Gecko) Chrome/90.0.4430.85 Safari/537.36"
196.251.66.28 - - [14/Jul/2025:06:16:22 -0400] "GET /wp-content/languages/ HTTP/1.1" 200 2997 "binance.com" "Mozilla/5.0 (Windows NT 10.0; Win64; x64) AppleWebKit/537.36 (KHTML, like Gecko) Chrome/90.0.4430.85 Safari/537.36"
196.251.66.28 - - [14/Jul/2025:06:16:27 -0400] "GET /wp-admin/includes/ HTTP/1.1" 200 3333 "binance.com" "Mozilla/5.0 (Windows NT 10.0; Win64; x64) AppleWebKit/537.36 (KHTML, like Gecko) Chrome/90.0.4430.85 Safari/537.36"
196.251.66.28 - - [14/Jul/2025:06:16:32 -0400] "GET /wp-admin/includes/ HTTP/1.1" 200 3333 "binance.com" "Mozilla/5.0 (Windows NT 10.0; Win64; x64) AppleWebKit/537.36 (KHTML, like Gecko) Chrome/90.0.4430.85 Safari/537.36"
196.251.66.28 - - [14/Jul/2025:06:16:34 -0400] "GET /wp-admin/maint/ HTTP/1.1" 200 623 "binance.com" "Mozilla/5.0 (Windows NT 10.0; Win64; x64) AppleWebKit/537.36 (KHTML, like Gecko) Chrome/90.0.4430.85 Safari/537.36"
196.251.66.28 - - [14/Jul/2025:06:16:39 -0400] "GET /wp-admin/maint/ HTTP/1.1" 200 623 "binance.com" "Mozilla/5.0 (Windows NT 10.0; Win64; x64) AppleWebKit/537.36 (KHTML, like Gecko) Chrome/90.0.4430.85 Safari/537.36"
66.29.146.47 - - [14/Jul/2025:06:16:56 -0400] "POST /wp-cron.php?doing_wp_cron=1752488215.5094408988952636718750 HTTP/1.1" 403 1242 "-" "WordPress/6.8; https://nas-yemen.org"
196.251.66.28 - - [14/Jul/2025:06:16:42 -0400] "GET /wp-admin/network/ HTTP/1.1" 200 0 "binance.com" "Mozilla/5.0 (Windows NT 10.0; Win64; x64) AppleWebKit/537.36 (KHTML, like Gecko) Chrome/90.0.4430.85 Safari/537.36"
196.251.66.28 - - [14/Jul/2025:06:17:01 -0400] "GET /wp-admin/user/ HTTP/1.1" 302 0 "binance.com" "Mozilla/5.0 (Windows NT 10.0; Win64; x64) AppleWebKit/537.36 (KHTML, like Gecko) Chrome/90.0.4430.85 Safari/537.36"
196.251.66.28 - - [14/Jul/2025:06:17:02 -0400] "GET /wp-login.php?redirect_to=https%3A%2F%2Fnas-yemen.org%2Fwp-admin%2Fuser%2F&reauth=1 HTTP/1.1" 200 1954 "binance.com" "Mozilla/5.0 (Windows NT 10.0; Win64; x64) AppleWebKit/537.36 (KHTML, like Gecko) Chrome/90.0.4430.85 Safari/537.36"
196.251.66.28 - - [14/Jul/2025:06:17:06 -0400] "GET /wp-admin/css/ HTTP/1.1" 200 2733 "binance.com" "Mozilla/5.0 (Windows NT 10.0; Win64; x64) AppleWebKit/537.36 (KHTML, like Gecko) Chrome/90.0.4430.85 Safari/537.36"
196.251.66.28 - - [14/Jul/2025:06:17:14 -0400] "GET /wp-admin/css/colors/ HTTP/1.1" 200 1102 "binance.com" "Mozilla/5.0 (Windows NT 10.0; Win64; x64) AppleWebKit/537.36 (KHTML, like Gecko) Chrome/90.0.4430.85 Safari/537.36"
196.251.66.28 - - [14/Jul/2025:06:17:22 -0400] "GET /wp-admin/css/colors/blue/ HTTP/1.1" 200 712 "binance.com" "Mozilla/5.0 (Windows NT 10.0; Win64; x64) AppleWebKit/537.36 (KHTML, like Gecko) Chrome/90.0.4430.85 Safari/537.36"
196.251.66.28 - - [14/Jul/2025:06:17:26 -0400] "GET /wp-admin/css/colors/coffee/ HTTP/1.1" 200 725 "binance.com" "Mozilla/5.0 (Windows NT 10.0; Win64; x64) AppleWebKit/537.36 (KHTML, like Gecko) Chrome/90.0.4430.85 Safari/537.36"
196.251.66.28 - - [14/Jul/2025:06:17:30 -0400] "GET /wp-admin/css/colors/ectoplasm/ HTTP/1.1" 200 709 "binance.com" "Mozilla/5.0 (Windows NT 10.0; Win64; x64) AppleWebKit/537.36 (KHTML, like Gecko) Chrome/90.0.4430.85 Safari/537.36"
196.251.66.28 - - [14/Jul/2025:06:17:34 -0400] "GET /wp-admin/css/colors/light/ HTTP/1.1" 200 724 "binance.com" "Mozilla/5.0 (Windows NT 10.0; Win64; x64) AppleWebKit/537.36 (KHTML, like Gecko) Chrome/90.0.4430.85 Safari/537.36"
196.251.66.28 - - [14/Jul/2025:06:17:37 -0400] "GET /wp-admin/css/colors/midnight/ HTTP/1.1" 200 718 "binance.com" "Mozilla/5.0 (Windows NT 10.0; Win64; x64) AppleWebKit/537.36 (KHTML, like Gecko) Chrome/90.0.4430.85 Safari/537.36"
66.249.74.13 - - [14/Jul/2025:06:17:37 -0400] "GET /q-~5CfPT3Bvdr1qLGuBm3vFibHc8rAPTtz8708/ HTTP/1.1" 404 1251 "-" "Mozilla/5.0 (Linux; Android 6.0.1; Nexus 5X Build/MMB29P) AppleWebKit/537.36 (KHTML, like Gecko) Chrome/137.0.7151.103 Mobile Safari/537.36 (compatible; GoogleOther)"
196.251.66.28 - - [14/Jul/2025:06:17:42 -0400] "GET /wp-admin/css/colors/modern/ HTTP/1.1" 200 720 "binance.com" "Mozilla/5.0 (Windows NT 10.0; Win64; x64) AppleWebKit/537.36 (KHTML, like Gecko) Chrome/90.0.4430.85 Safari/537.36"
196.251.66.28 - - [14/Jul/2025:06:17:49 -0400] "GET /wp-admin/css/colors/ocean/ HTTP/1.1" 200 720 "binance.com" "Mozilla/5.0 (Windows NT 10.0; Win64; x64) AppleWebKit/537.36 (KHTML, like Gecko) Chrome/90.0.4430.85 Safari/537.36"
196.251.66.28 - - [14/Jul/2025:06:17:54 -0400] "GET /wp-admin/css/colors/sunrise/%20 HTTP/1.1" 404 1251 "binance.com" "Mozilla/5.0 (Windows NT 10.0; Win64; x64) AppleWebKit/537.36 (KHTML, like Gecko) Chrome/90.0.4430.85 Safari/537.36"
196.251.66.28 - - [14/Jul/2025:06:18:00 -0400] "GET /wp-admin/images/ HTTP/1.1" 200 2329 "binance.com" "Mozilla/5.0 (Windows NT 10.0; Win64; x64) AppleWebKit/537.36 (KHTML, like Gecko) Chrome/90.0.4430.85 Safari/537.36"
196.251.66.28 - - [14/Jul/2025:06:18:05 -0400] "GET /wp-admin/js/ HTTP/1.1" 200 2959 "binance.com" "Mozilla/5.0 (Windows NT 10.0; Win64; x64) AppleWebKit/537.36 (KHTML, like Gecko) Chrome/90.0.4430.85 Safari/537.36"
196.251.66.28 - - [14/Jul/2025:06:18:12 -0400] "GET /wp-admin/js/widgets/ HTTP/1.1" 200 1201 "binance.com" "Mozilla/5.0 (Windows NT 10.0; Win64; x64) AppleWebKit/537.36 (KHTML, like Gecko) Chrome/90.0.4430.85 Safari/537.36"
196.251.66.28 - - [14/Jul/2025:06:18:15 -0400] "GET /wp-includes/ HTTP/1.1" 200 6935 "binance.com" "Mozilla/5.0 (Windows NT 10.0; Win64; x64) AppleWebKit/537.36 (KHTML, like Gecko) Chrome/90.0.4430.85 Safari/537.36"
196.251.66.28 - - [14/Jul/2025:06:18:18 -0400] "GET /wp-includes/ HTTP/1.1" 200 6935 "binance.com" "Mozilla/5.0 (Windows NT 10.0; Win64; x64) AppleWebKit/537.36 (KHTML, like Gecko) Chrome/90.0.4430.85 Safari/537.36"
196.251.66.28 - - [14/Jul/2025:06:18:24 -0400] "GET /wp-includes/block-bindings.php HTTP/1.1" 403 1242 "binance.com" "Mozilla/5.0 (Windows NT 10.0; Win64; x64) AppleWebKit/537.36 (KHTML, like Gecko) Chrome/90.0.4430.85 Safari/537.36"
196.251.66.28 - - [14/Jul/2025:06:18:29 -0400] "GET /wp-includes/block-editor.php HTTP/1.1" 403 1242 "binance.com" "Mozilla/5.0 (Windows NT 10.0; Win64; x64) AppleWebKit/537.36 (KHTML, like Gecko) Chrome/90.0.4430.85 Safari/537.36"
196.251.66.28 - - [14/Jul/2025:06:18:33 -0400] "GET /wp-includes/block-template-utils.php HTTP/1.1" 403 1242 "binance.com" "Mozilla/5.0 (Windows NT 10.0; Win64; x64) AppleWebKit/537.36 (KHTML, like Gecko) Chrome/90.0.4430.85 Safari/537.36"
196.251.66.28 - - [14/Jul/2025:06:18:36 -0400] "GET /wp-includes/block-template.php HTTP/1.1" 403 1242 "binance.com" "Mozilla/5.0 (Windows NT 10.0; Win64; x64) AppleWebKit/537.36 (KHTML, like Gecko) Chrome/90.0.4430.85 Safari/537.36"
196.251.66.28 - - [14/Jul/2025:06:18:40 -0400] "GET /wp-includes/class-avif-info.php HTTP/1.1" 403 1242 "binance.com" "Mozilla/5.0 (Windows NT 10.0; Win64; x64) AppleWebKit/537.36 (KHTML, like Gecko) Chrome/90.0.4430.85 Safari/537.36"
196.251.66.28 - - [14/Jul/2025:06:18:44 -0400] "GET /wp-includes/class-wp-block-bindings-registry.php HTTP/1.1" 403 1242 "binance.com" "Mozilla/5.0 (Windows NT 10.0; Win64; x64) AppleWebKit/537.36 (KHTML, like Gecko) Chrome/90.0.4430.85 Safari/537.36"
196.251.66.28 - - [14/Jul/2025:06:18:48 -0400] "GET /wp-includes/class-wp-block-bindings-source.php HTTP/1.1" 403 1242 "binance.com" "Mozilla/5.0 (Windows NT 10.0; Win64; x64) AppleWebKit/537.36 (KHTML, like Gecko) Chrome/90.0.4430.85 Safari/537.36"
196.251.66.28 - - [14/Jul/2025:06:18:52 -0400] "GET /wp-includes/class-wp-block-editor-context.php HTTP/1.1" 403 1242 "binance.com" "Mozilla/5.0 (Windows NT 10.0; Win64; x64) AppleWebKit/537.36 (KHTML, like Gecko) Chrome/90.0.4430.85 Safari/537.36"
196.251.66.28 - - [14/Jul/2025:06:18:55 -0400] "GET /wp-includes/class-wp-block-metadata-registry.php HTTP/1.1" 403 1242 "binance.com" "Mozilla/5.0 (Windows NT 10.0; Win64; x64) AppleWebKit/537.36 (KHTML, like Gecko) Chrome/90.0.4430.85 Safari/537.36"
196.251.66.28 - - [14/Jul/2025:06:18:57 -0400] "GET /wp-includes/class-wp-block-parser-block.php HTTP/1.1" 403 1242 "binance.com" "Mozilla/5.0 (Windows NT 10.0; Win64; x64) AppleWebKit/537.36 (KHTML, like Gecko) Chrome/90.0.4430.85 Safari/537.36"
196.251.66.28 - - [14/Jul/2025:06:19:06 -0400] "GET /wp-includes/class-wp-block-parser-frame.php HTTP/1.1" 403 1242 "binance.com" "Mozilla/5.0 (Windows NT 10.0; Win64; x64) AppleWebKit/537.36 (KHTML, like Gecko) Chrome/90.0.4430.85 Safari/537.36"
66.249.74.4 - - [14/Jul/2025:06:19:10 -0400] "GET /items/wodsb15/45883?key=rider HTTP/1.1" 404 1251 "-" "Mozilla/5.0 (Linux; Android 6.0.1; Nexus 5X Build/MMB29P) AppleWebKit/537.36 (KHTML, like Gecko) Chrome/137.0.7151.103 Mobile Safari/537.36 (compatible; GoogleOther)"
196.251.66.28 - - [14/Jul/2025:06:19:11 -0400] "GET /wp-includes/class-wp-block-template.php HTTP/1.1" 403 1242 "binance.com" "Mozilla/5.0 (Windows NT 10.0; Win64; x64) AppleWebKit/537.36 (KHTML, like Gecko) Chrome/90.0.4430.85 Safari/537.36"
196.251.66.28 - - [14/Jul/2025:06:19:18 -0400] "GET /wp-includes/class-wp-block-templates-registry.php HTTP/1.1" 403 1242 "binance.com" "Mozilla/5.0 (Windows NT 10.0; Win64; x64) AppleWebKit/537.36 (KHTML, like Gecko) Chrome/90.0.4430.85 Safari/537.36"
196.251.66.28 - - [14/Jul/2025:06:19:22 -0400] "GET /wp-includes/class-wp-classic-to-block-menu-converter.php HTTP/1.1" 403 1242 "binance.com" "Mozilla/5.0 (Windows NT 10.0; Win64; x64) AppleWebKit/537.36 (KHTML, like Gecko) Chrome/90.0.4430.85 Safari/537.36"
196.251.66.28 - - [14/Jul/2025:06:19:26 -0400] "GET /wp-includes/class-wp-dependencies.php HTTP/1.1" 403 1242 "binance.com" "Mozilla/5.0 (Windows NT 10.0; Win64; x64) AppleWebKit/537.36 (KHTML, like Gecko) Chrome/90.0.4430.85 Safari/537.36"
196.251.66.28 - - [14/Jul/2025:06:19:33 -0400] "GET /wp-includes/class-wp-duotone.php HTTP/1.1" 403 1242 "binance.com" "Mozilla/5.0 (Windows NT 10.0; Win64; x64) AppleWebKit/537.36 (KHTML, like Gecko) Chrome/90.0.4430.85 Safari/537.36"
196.251.66.28 - - [14/Jul/2025:06:19:35 -0400] "GET /wp-includes/class-wp-exception.php HTTP/1.1" 403 1242 "binance.com" "Mozilla/5.0 (Windows NT 10.0; Win64; x64) AppleWebKit/537.36 (KHTML, like Gecko) Chrome/90.0.4430.85 Safari/537.36"
196.251.66.28 - - [14/Jul/2025:06:19:39 -0400] "GET /wp-includes/class-wp-http.php HTTP/1.1" 403 1242 "binance.com" "Mozilla/5.0 (Windows NT 10.0; Win64; x64) AppleWebKit/537.36 (KHTML, like Gecko) Chrome/90.0.4430.85 Safari/537.36"
196.251.66.28 - - [14/Jul/2025:06:19:42 -0400] "GET /wp-includes/class-wp-navigation-fallback.php HTTP/1.1" 403 1242 "binance.com" "Mozilla/5.0 (Windows NT 10.0; Win64; x64) AppleWebKit/537.36 (KHTML, like Gecko) Chrome/90.0.4430.85 Safari/537.36"
196.251.66.28 - - [14/Jul/2025:06:19:45 -0400] "GET /wp-includes/class-wp-phpmailer.php HTTP/1.1" 403 1242 "binance.com" "Mozilla/5.0 (Windows NT 10.0; Win64; x64) AppleWebKit/537.36 (KHTML, like Gecko) Chrome/90.0.4430.85 Safari/537.36"
196.251.66.28 - - [14/Jul/2025:06:19:54 -0400] "GET /wp-includes/class-wp-plugin-dependencies.php HTTP/1.1" 403 1242 "binance.com" "Mozilla/5.0 (Windows NT 10.0; Win64; x64) AppleWebKit/537.36 (KHTML, like Gecko) Chrome/90.0.4430.85 Safari/537.36"
196.251.66.28 - - [14/Jul/2025:06:20:02 -0400] "GET /wp-includes/class-wp-script-modules.php HTTP/1.1" 403 1242 "binance.com" "Mozilla/5.0 (Windows NT 10.0; Win64; x64) AppleWebKit/537.36 (KHTML, like Gecko) Chrome/90.0.4430.85 Safari/537.36"
196.251.66.28 - - [14/Jul/2025:06:20:06 -0400] "GET /wp-includes/class-wp-scripts.php HTTP/1.1" 403 1242 "binance.com" "Mozilla/5.0 (Windows NT 10.0; Win64; x64) AppleWebKit/537.36 (KHTML, like Gecko) Chrome/90.0.4430.85 Safari/537.36"
196.251.66.28 - - [14/Jul/2025:06:20:12 -0400] "GET /wp-includes/class-wp-speculation-rules.php HTTP/1.1" 403 1242 "binance.com" "Mozilla/5.0 (Windows NT 10.0; Win64; x64) AppleWebKit/537.36 (KHTML, like Gecko) Chrome/90.0.4430.85 Safari/537.36"
69.197.135.226 - - [14/Jul/2025:06:20:19 -0400] "GET /wp-content/admin.php HTTP/1.1" 404 1251 "https://nas-yemen.org/wp-content/admin.php" "Mozilla/5.0 (Windows NT 10.0; Win64; x64) AppleWebKit/537.36 (KHTML, like Gecko) Chrome/58.0.3029.110 Safari/537.3"
196.251.66.28 - - [14/Jul/2025:06:20:19 -0400] "GET /wp-includes/class-wp-styles.php HTTP/1.1" 403 1242 "binance.com" "Mozilla/5.0 (Windows NT 10.0; Win64; x64) AppleWebKit/537.36 (KHTML, like Gecko) Chrome/90.0.4430.85 Safari/537.36"
69.197.135.226 - - [14/Jul/2025:06:20:19 -0400] "GET /wp-content/admin.php HTTP/1.1" 404 1251 "https://nas-yemen.org/wp-content/admin.php" "Mozilla/5.0 (Windows NT 10.0; Win64; x64) AppleWebKit/537.36 (KHTML, like Gecko) Chrome/58.0.3029.110 Safari/537.3"
196.251.66.28 - - [14/Jul/2025:06:20:27 -0400] "GET /wp-includes/class-wp-textdomain-registry.php HTTP/1.1" 403 1242 "binance.com" "Mozilla/5.0 (Windows NT 10.0; Win64; x64) AppleWebKit/537.36 (KHTML, like Gecko) Chrome/90.0.4430.85 Safari/537.36"
66.249.74.1 - - [14/Jul/2025:06:20:28 -0400] "GET /items/yzbud105/29409?key=company HTTP/1.1" 404 1251 "-" "Mozilla/5.0 (Linux; Android 6.0.1; Nexus 5X Build/MMB29P) AppleWebKit/537.36 (KHTML, like Gecko) Chrome/137.0.7151.103 Mobile Safari/537.36 (compatible; GoogleOther)"
196.251.66.28 - - [14/Jul/2025:06:20:32 -0400] "GET /wp-includes/class-wp-theme-json-data.php HTTP/1.1" 403 1242 "binance.com" "Mozilla/5.0 (Windows NT 10.0; Win64; x64) AppleWebKit/537.36 (KHTML, like Gecko) Chrome/90.0.4430.85 Safari/537.36"
196.251.66.28 - - [14/Jul/2025:06:20:37 -0400] "GET /wp-includes/class-wp-theme-json-resolver.php HTTP/1.1" 403 1242 "binance.com" "Mozilla/5.0 (Windows NT 10.0; Win64; x64) AppleWebKit/537.36 (KHTML, like Gecko) Chrome/90.0.4430.85 Safari/537.36"
196.251.66.28 - - [14/Jul/2025:06:20:42 -0400] "GET /wp-includes/class-wp-theme-json-schema.php HTTP/1.1" 403 1242 "binance.com" "Mozilla/5.0 (Windows NT 10.0; Win64; x64) AppleWebKit/537.36 (KHTML, like Gecko) Chrome/90.0.4430.85 Safari/537.36"
66.249.74.1 - - [14/Jul/2025:06:20:43 -0400] "GET /q-~189X3FbVcOvn4xe9Hp0VudwDmstX1OBAg18334/ HTTP/1.1" 404 1251 "-" "Mozilla/5.0 (Linux; Android 6.0.1; Nexus 5X Build/MMB29P) AppleWebKit/537.36 (KHTML, like Gecko) Chrome/137.0.7151.103 Mobile Safari/537.36 (compatible; GoogleOther)"
196.251.66.28 - - [14/Jul/2025:06:20:48 -0400] "GET /wp-includes/class-wp-theme-json.php HTTP/1.1" 403 1242 "binance.com" "Mozilla/5.0 (Windows NT 10.0; Win64; x64) AppleWebKit/537.36 (KHTML, like Gecko) Chrome/90.0.4430.85 Safari/537.36"
196.251.66.28 - - [14/Jul/2025:06:20:53 -0400] "GET /wp-includes/class-wp-token-map.php HTTP/1.1" 403 1242 "binance.com" "Mozilla/5.0 (Windows NT 10.0; Win64; x64) AppleWebKit/537.36 (KHTML, like Gecko) Chrome/90.0.4430.85 Safari/537.36"
196.251.66.28 - - [14/Jul/2025:06:20:57 -0400] "GET /wp-includes/class-wp-url-pattern-prefixer.php HTTP/1.1" 403 1242 "binance.com" "Mozilla/5.0 (Windows NT 10.0; Win64; x64) AppleWebKit/537.36 (KHTML, like Gecko) Chrome/90.0.4430.85 Safari/537.36"
196.251.66.28 - - [14/Jul/2025:06:21:00 -0400] "GET /wp-includes/class-wpdb.php HTTP/1.1" 403 1242 "binance.com" "Mozilla/5.0 (Windows NT 10.0; Win64; x64) AppleWebKit/537.36 (KHTML, like Gecko) Chrome/90.0.4430.85 Safari/537.36"
196.251.66.28 - - [14/Jul/2025:06:21:04 -0400] "GET /wp-includes/fonts.php HTTP/1.1" 403 1242 "binance.com" "Mozilla/5.0 (Windows NT 10.0; Win64; x64) AppleWebKit/537.36 (KHTML, like Gecko) Chrome/90.0.4430.85 Safari/537.36"
196.251.66.28 - - [14/Jul/2025:06:21:12 -0400] "GET /wp-includes/global-styles-and-settings.php HTTP/1.1" 403 1242 "binance.com" "Mozilla/5.0 (Windows NT 10.0; Win64; x64) AppleWebKit/537.36 (KHTML, like Gecko) Chrome/90.0.4430.85 Safari/537.36"
196.251.66.28 - - [14/Jul/2025:06:21:23 -0400] "GET /wp-includes/https-detection.php HTTP/1.1" 403 1242 "binance.com" "Mozilla/5.0 (Windows NT 10.0; Win64; x64) AppleWebKit/537.36 (KHTML, like Gecko) Chrome/90.0.4430.85 Safari/537.36"
196.251.66.28 - - [14/Jul/2025:06:21:32 -0400] "GET /wp-includes/https-migration.php HTTP/1.1" 403 1242 "binance.com" "Mozilla/5.0 (Windows NT 10.0; Win64; x64) AppleWebKit/537.36 (KHTML, like Gecko) Chrome/90.0.4430.85 Safari/537.36"
196.251.66.28 - - [14/Jul/2025:06:21:38 -0400] "GET /wp-includes/robots-template.php HTTP/1.1" 403 1242 "binance.com" "Mozilla/5.0 (Windows NT 10.0; Win64; x64) AppleWebKit/537.36 (KHTML, like Gecko) Chrome/90.0.4430.85 Safari/537.36"
196.251.66.28 - - [14/Jul/2025:06:21:43 -0400] "GET /wp-includes/script-modules.php HTTP/1.1" 403 1242 "binance.com" "Mozilla/5.0 (Windows NT 10.0; Win64; x64) AppleWebKit/537.36 (KHTML, like Gecko) Chrome/90.0.4430.85 Safari/537.36"
196.251.66.28 - - [14/Jul/2025:06:21:48 -0400] "GET /wp-includes/speculative-loading.php HTTP/1.1" 403 1242 "binance.com" "Mozilla/5.0 (Windows NT 10.0; Win64; x64) AppleWebKit/537.36 (KHTML, like Gecko) Chrome/90.0.4430.85 Safari/537.36"
196.251.66.28 - - [14/Jul/2025:06:21:52 -0400] "GET /wp-includes/style-engine.php HTTP/1.1" 403 1242 "binance.com" "Mozilla/5.0 (Windows NT 10.0; Win64; x64) AppleWebKit/537.36 (KHTML, like Gecko) Chrome/90.0.4430.85 Safari/537.36"
196.251.66.28 - - [14/Jul/2025:06:21:59 -0400] "GET /wp-includes/template-canvas.php HTTP/1.1" 403 1242 "binance.com" "Mozilla/5.0 (Windows NT 10.0; Win64; x64) AppleWebKit/537.36 (KHTML, like Gecko) Chrome/90.0.4430.85 Safari/537.36"
196.251.66.28 - - [14/Jul/2025:06:22:01 -0400] "GET /wp-includes/theme-previews.php HTTP/1.1" 403 1242 "binance.com" "Mozilla/5.0 (Windows NT 10.0; Win64; x64) AppleWebKit/537.36 (KHTML, like Gecko) Chrome/90.0.4430.85 Safari/537.36"
196.251.66.28 - - [14/Jul/2025:06:22:06 -0400] "GET /wp-includes/theme-templates.php HTTP/1.1" 403 1242 "binance.com" "Mozilla/5.0 (Windows NT 10.0; Win64; x64) AppleWebKit/537.36 (KHTML, like Gecko) Chrome/90.0.4430.85 Safari/537.36"
196.251.66.28 - - [14/Jul/2025:06:22:10 -0400] "GET /wp-includes/ID3/ HTTP/1.1" 200 1319 "binance.com" "Mozilla/5.0 (Windows NT 10.0; Win64; x64) AppleWebKit/537.36 (KHTML, like Gecko) Chrome/90.0.4430.85 Safari/537.36"
65.60.5.206 - - [14/Jul/2025:06:22:13 -0400] "GET /xmlrpc.php HTTP/1.1" 403 1242 "http://nas-yemen.org" "Mozilla/5.0 (Macintosh; Intel Mac OS X 10_15_7) AppleWebKit/537.36 (KHTML, like Gecko) Chrome/115.0.5790.102 Safari/537.36"
196.251.66.28 - - [14/Jul/2025:06:22:13 -0400] "GET /wp-includes/ID3/ HTTP/1.1" 200 1319 "binance.com" "Mozilla/5.0 (Windows NT 10.0; Win64; x64) AppleWebKit/537.36 (KHTML, like Gecko) Chrome/90.0.4430.85 Safari/537.36"
66.249.74.2 - - [14/Jul/2025:06:22:16 -0400] "GET /items/kwcmm176/7220?key=consult HTTP/1.1" 404 1251 "-" "Mozilla/5.0 (Linux; Android 6.0.1; Nexus 5X Build/MMB29P) AppleWebKit/537.36 (KHTML, like Gecko) Chrome/137.0.7151.103 Mobile Safari/537.36 (compatible; GoogleOther)"
196.251.66.28 - - [14/Jul/2025:06:22:22 -0400] "GET /wp-includes/IXR/ HTTP/1.1" 200 1124 "binance.com" "Mozilla/5.0 (Windows NT 10.0; Win64; x64) AppleWebKit/537.36 (KHTML, like Gecko) Chrome/90.0.4430.85 Safari/537.36"
196.251.66.28 - - [14/Jul/2025:06:22:25 -0400] "GET /wp-includes/IXR/ HTTP/1.1" 200 1124 "binance.com" "Mozilla/5.0 (Windows NT 10.0; Win64; x64) AppleWebKit/537.36 (KHTML, like Gecko) Chrome/90.0.4430.85 Safari/537.36"
196.251.66.28 - - [14/Jul/2025:06:22:29 -0400] "GET /wp-includes/PHPMailer/ HTTP/1.1" 200 688 "binance.com" "Mozilla/5.0 (Windows NT 10.0; Win64; x64) AppleWebKit/537.36 (KHTML, like Gecko) Chrome/90.0.4430.85 Safari/537.36"
196.251.66.28 - - [14/Jul/2025:06:22:33 -0400] "GET /wp-includes/PHPMailer/ HTTP/1.1" 200 688 "binance.com" "Mozilla/5.0 (Windows NT 10.0; Win64; x64) AppleWebKit/537.36 (KHTML, like Gecko) Chrome/90.0.4430.85 Safari/537.36"
196.251.66.28 - - [14/Jul/2025:06:22:46 -0400] "GET /wp-includes/Text/ HTTP/1.1" 200 694 "binance.com" "Mozilla/5.0 (Windows NT 10.0; Win64; x64) AppleWebKit/537.36 (KHTML, like Gecko) Chrome/90.0.4430.85 Safari/537.36"
196.251.66.28 - - [14/Jul/2025:06:22:53 -0400] "GET /wp-includes/Text/ HTTP/1.1" 200 694 "binance.com" "Mozilla/5.0 (Windows NT 10.0; Win64; x64) AppleWebKit/537.36 (KHTML, like Gecko) Chrome/90.0.4430.85 Safari/537.36"
196.251.66.28 - - [14/Jul/2025:06:22:58 -0400] "GET /wp-includes/Text/Diff/ HTTP/1.1" 200 686 "binance.com" "Mozilla/5.0 (Windows NT 10.0; Win64; x64) AppleWebKit/537.36 (KHTML, like Gecko) Chrome/90.0.4430.85 Safari/537.36"
196.251.66.28 - - [14/Jul/2025:06:23:03 -0400] "GET /wp-includes/Text/Diff/ HTTP/1.1" 200 686 "binance.com" "Mozilla/5.0 (Windows NT 10.0; Win64; x64) AppleWebKit/537.36 (KHTML, like Gecko) Chrome/90.0.4430.85 Safari/537.36"
196.251.66.28 - - [14/Jul/2025:06:23:07 -0400] "GET /wp-includes/Text/Diff/Engine/ HTTP/1.1" 200 697 "binance.com" "Mozilla/5.0 (Windows NT 10.0; Win64; x64) AppleWebKit/537.36 (KHTML, like Gecko) Chrome/90.0.4430.85 Safari/537.36"
196.251.66.28 - - [14/Jul/2025:06:23:10 -0400] "GET /wp-includes/Text/Diff/Engine/ HTTP/1.1" 200 697 "binance.com" "Mozilla/5.0 (Windows NT 10.0; Win64; x64) AppleWebKit/537.36 (KHTML, like Gecko) Chrome/90.0.4430.85 Safari/537.36"
196.251.66.28 - - [14/Jul/2025:06:23:13 -0400] "GET /wp-includes/Text/Diff/Renderer/ HTTP/1.1" 200 631 "binance.com" "Mozilla/5.0 (Windows NT 10.0; Win64; x64) AppleWebKit/537.36 (KHTML, like Gecko) Chrome/90.0.4430.85 Safari/537.36"
196.251.66.28 - - [14/Jul/2025:06:23:17 -0400] "GET /wp-includes/Text/Diff/Renderer/ HTTP/1.1" 200 631 "binance.com" "Mozilla/5.0 (Windows NT 10.0; Win64; x64) AppleWebKit/537.36 (KHTML, like Gecko) Chrome/90.0.4430.85 Safari/537.36"
196.251.66.28 - - [14/Jul/2025:06:23:20 -0400] "GET /wp-includes/blocks/ HTTP/1.1" 200 6 "binance.com" "Mozilla/5.0 (Windows NT 10.0; Win64; x64) AppleWebKit/537.36 (KHTML, like Gecko) Chrome/90.0.4430.85 Safari/537.36"
196.251.66.28 - - [14/Jul/2025:06:23:24 -0400] "GET /wp-includes/pomo/ HTTP/1.1" 200 1023 "binance.com" "Mozilla/5.0 (Windows NT 10.0; Win64; x64) AppleWebKit/537.36 (KHTML, like Gecko) Chrome/90.0.4430.85 Safari/537.36"
49.51.36.179 - - [14/Jul/2025:06:23:26 -0400] "GET /wp-includes/theme-compat/ HTTP/1.1" 200 1072 "-" "Mozilla/5.0 (iPhone; CPU iPhone OS 13_2_3 like Mac OS X) AppleWebKit/605.1.15 (KHTML, like Gecko) Version/13.0.3 Mobile/15E148 Safari/604.1"
196.251.66.28 - - [14/Jul/2025:06:23:28 -0400] "GET /wp-includes/pomo/ HTTP/1.1" 200 1023 "binance.com" "Mozilla/5.0 (Windows NT 10.0; Win64; x64) AppleWebKit/537.36 (KHTML, like Gecko) Chrome/90.0.4430.85 Safari/537.36"
196.251.66.28 - - [14/Jul/2025:06:23:32 -0400] "GET /wp-includes/sitemaps/ HTTP/1.1" 200 1059 "binance.com" "Mozilla/5.0 (Windows NT 10.0; Win64; x64) AppleWebKit/537.36 (KHTML, like Gecko) Chrome/90.0.4430.85 Safari/537.36"
196.251.66.28 - - [14/Jul/2025:06:23:36 -0400] "GET /wp-includes/sitemaps/ HTTP/1.1" 200 1059 "binance.com" "Mozilla/5.0 (Windows NT 10.0; Win64; x64) AppleWebKit/537.36 (KHTML, like Gecko) Chrome/90.0.4430.85 Safari/537.36"
196.251.66.28 - - [14/Jul/2025:06:23:42 -0400] "GET /wp-includes/sitemaps/providers/ HTTP/1.1" 200 688 "binance.com" "Mozilla/5.0 (Windows NT 10.0; Win64; x64) AppleWebKit/537.36 (KHTML, like Gecko) Chrome/90.0.4430.85 Safari/537.36"
196.251.66.28 - - [14/Jul/2025:06:23:47 -0400] "GET /wp-includes/sitemaps/providers/ HTTP/1.1" 200 688 "binance.com" "Mozilla/5.0 (Windows NT 10.0; Win64; x64) AppleWebKit/537.36 (KHTML, like Gecko) Chrome/90.0.4430.85 Safari/537.36"
66.249.74.15 - - [14/Jul/2025:06:23:50 -0400] "GET /q-~100Vnlsodwv4RXkAJeR09KnzCfsXMMEOk49501/ HTTP/1.1" 404 1251 "-" "Mozilla/5.0 (Linux; Android 6.0.1; Nexus 5X Build/MMB29P) AppleWebKit/537.36 (KHTML, like Gecko) Chrome/137.0.7151.103 Mobile Safari/537.36 (compatible; GoogleOther)"
196.251.66.28 - - [14/Jul/2025:06:23:53 -0400] "GET /wp-includes/widgets/ HTTP/1.1" 200 1344 "binance.com" "Mozilla/5.0 (Windows NT 10.0; Win64; x64) AppleWebKit/537.36 (KHTML, like Gecko) Chrome/90.0.4430.85 Safari/537.36"
196.251.66.28 - - [14/Jul/2025:06:23:56 -0400] "GET /wp-includes/widgets/ HTTP/1.1" 200 1344 "binance.com" "Mozilla/5.0 (Windows NT 10.0; Win64; x64) AppleWebKit/537.36 (KHTML, like Gecko) Chrome/90.0.4430.85 Safari/537.36"
196.251.66.28 - - [14/Jul/2025:06:24:03 -0400] "GET /wp-includes/widgets/class-wp-widget-block.php HTTP/1.1" 403 1242 "binance.com" "Mozilla/5.0 (Windows NT 10.0; Win64; x64) AppleWebKit/537.36 (KHTML, like Gecko) Chrome/90.0.4430.85 Safari/537.36"
196.251.66.28 - - [14/Jul/2025:06:24:06 -0400] "GET /wp-includes/css/ HTTP/1.1" 200 1698 "binance.com" "Mozilla/5.0 (Windows NT 10.0; Win64; x64) AppleWebKit/537.36 (KHTML, like Gecko) Chrome/90.0.4430.85 Safari/537.36"
196.251.66.28 - - [14/Jul/2025:06:24:10 -0400] "GET /wp-includes/css/dist/ HTTP/1.1" 200 1145 "binance.com" "Mozilla/5.0 (Windows NT 10.0; Win64; x64) AppleWebKit/537.36 (KHTML, like Gecko) Chrome/90.0.4430.85 Safari/537.36"
196.251.66.28 - - [14/Jul/2025:06:24:15 -0400] "GET /wp-includes/fonts/ HTTP/1.1" 200 1154 "binance.com" "Mozilla/5.0 (Windows NT 10.0; Win64; x64) AppleWebKit/537.36 (KHTML, like Gecko) Chrome/90.0.4430.85 Safari/537.36"
196.251.66.28 - - [14/Jul/2025:06:24:20 -0400] "GET /wp-includes/fonts/ HTTP/1.1" 200 1154 "binance.com" "Mozilla/5.0 (Windows NT 10.0; Win64; x64) AppleWebKit/537.36 (KHTML, like Gecko) Chrome/90.0.4430.85 Safari/537.36"
196.251.66.28 - - [14/Jul/2025:06:24:24 -0400] "GET /wp-includes/fonts/class-wp-font-collection.php HTTP/1.1" 403 1242 "binance.com" "Mozilla/5.0 (Windows NT 10.0; Win64; x64) AppleWebKit/537.36 (KHTML, like Gecko) Chrome/90.0.4430.85 Safari/537.36"
196.251.66.28 - - [14/Jul/2025:06:24:26 -0400] "GET /wp-includes/fonts/class-wp-font-face-resolver.php HTTP/1.1" 403 1242 "binance.com" "Mozilla/5.0 (Windows NT 10.0; Win64; x64) AppleWebKit/537.36 (KHTML, like Gecko) Chrome/90.0.4430.85 Safari/537.36"
196.251.66.28 - - [14/Jul/2025:06:24:30 -0400] "GET /wp-includes/fonts/class-wp-font-face.php HTTP/1.1" 403 1242 "binance.com" "Mozilla/5.0 (Windows NT 10.0; Win64; x64) AppleWebKit/537.36 (KHTML, like Gecko) Chrome/90.0.4430.85 Safari/537.36"
196.251.66.28 - - [14/Jul/2025:06:24:35 -0400] "GET /wp-includes/fonts/class-wp-font-library.php HTTP/1.1" 403 1242 "binance.com" "Mozilla/5.0 (Windows NT 10.0; Win64; x64) AppleWebKit/537.36 (KHTML, like Gecko) Chrome/90.0.4430.85 Safari/537.36"
196.251.66.28 - - [14/Jul/2025:06:24:38 -0400] "GET /wp-includes/fonts/class-wp-font-utils.php HTTP/1.1" 403 1242 "binance.com" "Mozilla/5.0 (Windows NT 10.0; Win64; x64) AppleWebKit/537.36 (KHTML, like Gecko) Chrome/90.0.4430.85 Safari/537.36"
196.251.66.28 - - [14/Jul/2025:06:24:42 -0400] "GET /wp-includes/images/ HTTP/1.1" 200 1444 "binance.com" "Mozilla/5.0 (Windows NT 10.0; Win64; x64) AppleWebKit/537.36 (KHTML, like Gecko) Chrome/90.0.4430.85 Safari/537.36"
196.251.66.28 - - [14/Jul/2025:06:24:45 -0400] "GET /wp-includes/images/crystal/ HTTP/1.1" 200 1125 "binance.com" "Mozilla/5.0 (Windows NT 10.0; Win64; x64) AppleWebKit/537.36 (KHTML, like Gecko) Chrome/90.0.4430.85 Safari/537.36"
196.251.66.28 - - [14/Jul/2025:06:24:54 -0400] "GET /wp-includes/images/media/ HTTP/1.1" 200 1197 "binance.com" "Mozilla/5.0 (Windows NT 10.0; Win64; x64) AppleWebKit/537.36 (KHTML, like Gecko) Chrome/90.0.4430.85 Safari/537.36"
157.55.39.11 - - [14/Jul/2025:06:25:00 -0400] "GET /parasexual/s906am.htm HTTP/1.1" 404 1251 "-" "Mozilla/5.0 AppleWebKit/537.36 (KHTML, like Gecko; compatible; bingbot/2.0; +http://www.bing.com/bingbot.htm) Chrome/116.0.1938.76 Safari/537.36"
196.251.66.28 - - [14/Jul/2025:06:25:02 -0400] "GET /wp-includes/images/smilies/ HTTP/1.1" 200 1363 "binance.com" "Mozilla/5.0 (Windows NT 10.0; Win64; x64) AppleWebKit/537.36 (KHTML, like Gecko) Chrome/90.0.4430.85 Safari/537.36"
196.251.66.28 - - [14/Jul/2025:06:25:08 -0400] "GET /wp-includes/images/wlw/ HTTP/1.1" 404 1251 "binance.com" "Mozilla/5.0 (Windows NT 10.0; Win64; x64) AppleWebKit/537.36 (KHTML, like Gecko) Chrome/90.0.4430.85 Safari/537.36"
196.251.66.28 - - [14/Jul/2025:06:25:16 -0400] "GET /wp-includes/js/%20 HTTP/1.1" 404 1251 "binance.com" "Mozilla/5.0 (Windows NT 10.0; Win64; x64) AppleWebKit/537.36 (KHTML, like Gecko) Chrome/90.0.4430.85 Safari/537.36"
66.249.74.1 - - [14/Jul/2025:06:25:23 -0400] "GET /items/nqcgh114/22282?key=diplomatic HTTP/1.1" 404 1251 "-" "Mozilla/5.0 (Linux; Android 6.0.1; Nexus 5X Build/MMB29P) AppleWebKit/537.36 (KHTML, like Gecko) Chrome/137.0.7151.103 Mobile Safari/537.36 (compatible; GoogleOther)"
196.251.66.28 - - [14/Jul/2025:06:25:24 -0400] "GET /wp-includes/js/codemirror/ HTTP/1.1" 200 1087 "binance.com" "Mozilla/5.0 (Windows NT 10.0; Win64; x64) AppleWebKit/537.36 (KHTML, like Gecko) Chrome/90.0.4430.85 Safari/537.36"
196.251.66.28 - - [14/Jul/2025:06:25:29 -0400] "GET /wp-includes/js/plupload/ HTTP/1.1" 200 1098 "binance.com" "Mozilla/5.0 (Windows NT 10.0; Win64; x64) AppleWebKit/537.36 (KHTML, like Gecko) Chrome/90.0.4430.85 Safari/537.36"
196.251.66.28 - - [14/Jul/2025:06:25:33 -0400] "GET /.well-known/ HTTP/1.1" 404 1251 "binance.com" "Mozilla/5.0 (Windows NT 10.0; Win64; x64) AppleWebKit/537.36 (KHTML, like Gecko) Chrome/90.0.4430.85 Safari/537.36"
196.251.66.28 - - [14/Jul/2025:06:25:38 -0400] "GET /wp-admin/css/ HTTP/1.1" 200 2773 "binance.com" "Mozilla/5.0 (Windows NT 10.0; Win64; x64) AppleWebKit/537.36 (KHTML, like Gecko) Chrome/90.0.4430.85 Safari/537.36"
196.251.66.28 - - [14/Jul/2025:06:25:43 -0400] "GET /wp-content/uploads/2025/07/ HTTP/1.1" 404 1251 "binance.com" "Mozilla/5.0 (Windows NT 10.0; Win64; x64) AppleWebKit/537.36 (KHTML, like Gecko) Chrome/90.0.4430.85 Safari/537.36"
196.251.66.28 - - [14/Jul/2025:06:25:52 -0400] "GET /wp-content/uploads/2025/06/ HTTP/1.1" 404 1251 "binance.com" "Mozilla/5.0 (Windows NT 10.0; Win64; x64) AppleWebKit/537.36 (KHTML, like Gecko) Chrome/90.0.4430.85 Safari/537.36"
196.251.66.28 - - [14/Jul/2025:06:25:56 -0400] "GET /wp-content/uploads/ HTTP/1.1" 200 733 "binance.com" "Mozilla/5.0 (Windows NT 10.0; Win64; x64) AppleWebKit/537.36 (KHTML, like Gecko) Chrome/90.0.4430.85 Safari/537.36"
196.251.66.28 - - [14/Jul/2025:06:26:01 -0400] "GET /wp-content/upgrade/ HTTP/1.1" 200 545 "binance.com" "Mozilla/5.0 (Windows NT 10.0; Win64; x64) AppleWebKit/537.36 (KHTML, like Gecko) Chrome/90.0.4430.85 Safari/537.36"
196.251.66.28 - - [14/Jul/2025:06:26:06 -0400] "GET /wp-content/languages/ HTTP/1.1" 200 2997 "binance.com" "Mozilla/5.0 (Windows NT 10.0; Win64; x64) AppleWebKit/537.36 (KHTML, like Gecko) Chrome/90.0.4430.85 Safari/537.36"
196.251.66.28 - - [14/Jul/2025:06:26:09 -0400] "GET /wp-admin/includes/ HTTP/1.1" 200 3333 "binance.com" "Mozilla/5.0 (Windows NT 10.0; Win64; x64) AppleWebKit/537.36 (KHTML, like Gecko) Chrome/90.0.4430.85 Safari/537.36"
196.251.66.28 - - [14/Jul/2025:06:26:13 -0400] "GET /wp-admin/includes/ HTTP/1.1" 200 3333 "binance.com" "Mozilla/5.0 (Windows NT 10.0; Win64; x64) AppleWebKit/537.36 (KHTML, like Gecko) Chrome/90.0.4430.85 Safari/537.36"
196.251.66.28 - - [14/Jul/2025:06:26:17 -0400] "GET /wp-admin/maint/ HTTP/1.1" 200 623 "binance.com" "Mozilla/5.0 (Windows NT 10.0; Win64; x64) AppleWebKit/537.36 (KHTML, like Gecko) Chrome/90.0.4430.85 Safari/537.36"
196.251.66.28 - - [14/Jul/2025:06:26:22 -0400] "GET /wp-admin/maint/ HTTP/1.1" 200 623 "binance.com" "Mozilla/5.0 (Windows NT 10.0; Win64; x64) AppleWebKit/537.36 (KHTML, like Gecko) Chrome/90.0.4430.85 Safari/537.36"
66.29.146.47 - - [14/Jul/2025:06:26:37 -0400] "POST /wp-cron.php?doing_wp_cron=1752488796.6711668968200683593750 HTTP/1.1" 403 1242 "-" "WordPress/6.8; https://nas-yemen.org"
196.251.66.28 - - [14/Jul/2025:06:26:26 -0400] "GET /wp-admin/network/ HTTP/1.1" 302 0 "binance.com" "Mozilla/5.0 (Windows NT 10.0; Win64; x64) AppleWebKit/537.36 (KHTML, like Gecko) Chrome/90.0.4430.85 Safari/537.36"
196.251.66.28 - - [14/Jul/2025:06:26:38 -0400] "GET /wp-login.php?redirect_to=https%3A%2F%2Fnas-yemen.org%2Fwp-admin%2Fnetwork%2F&reauth=1 HTTP/1.1" 200 1956 "binance.com" "Mozilla/5.0 (Windows NT 10.0; Win64; x64) AppleWebKit/537.36 (KHTML, like Gecko) Chrome/90.0.4430.85 Safari/537.36"
196.251.66.28 - - [14/Jul/2025:06:26:49 -0400] "GET /wp-admin/user/ HTTP/1.1" 302 0 "binance.com" "Mozilla/5.0 (Windows NT 10.0; Win64; x64) AppleWebKit/537.36 (KHTML, like Gecko) Chrome/90.0.4430.85 Safari/537.36"
196.251.66.28 - - [14/Jul/2025:06:26:50 -0400] "GET /wp-login.php?redirect_to=https%3A%2F%2Fnas-yemen.org%2Fwp-admin%2Fuser%2F&reauth=1 HTTP/1.1" 200 1954 "binance.com" "Mozilla/5.0 (Windows NT 10.0; Win64; x64) AppleWebKit/537.36 (KHTML, like Gecko) Chrome/90.0.4430.85 Safari/537.36"
196.251.66.28 - - [14/Jul/2025:06:26:54 -0400] "GET /wp-admin/css/ HTTP/1.1" 200 2733 "binance.com" "Mozilla/5.0 (Windows NT 10.0; Win64; x64) AppleWebKit/537.36 (KHTML, like Gecko) Chrome/90.0.4430.85 Safari/537.36"
66.249.74.2 - - [14/Jul/2025:06:26:56 -0400] "GET /items/ouotk2/13544?key=auction HTTP/1.1" 404 1251 "-" "Mozilla/5.0 (Linux; Android 6.0.1; Nexus 5X Build/MMB29P) AppleWebKit/537.36 (KHTML, like Gecko) Chrome/137.0.7151.103 Mobile Safari/537.36 (compatible; GoogleOther)"
196.251.66.28 - - [14/Jul/2025:06:27:02 -0400] "GET /wp-admin/css/colors/ HTTP/1.1" 200 1102 "binance.com" "Mozilla/5.0 (Windows NT 10.0; Win64; x64) AppleWebKit/537.36 (KHTML, like Gecko) Chrome/90.0.4430.85 Safari/537.36"
196.251.66.28 - - [14/Jul/2025:06:27:07 -0400] "GET /wp-admin/css/colors/blue/ HTTP/1.1" 200 712 "binance.com" "Mozilla/5.0 (Windows NT 10.0; Win64; x64) AppleWebKit/537.36 (KHTML, like Gecko) Chrome/90.0.4430.85 Safari/537.36"
196.251.66.28 - - [14/Jul/2025:06:27:15 -0400] "GET /wp-admin/css/colors/coffee/ HTTP/1.1" 200 725 "binance.com" "Mozilla/5.0 (Windows NT 10.0; Win64; x64) AppleWebKit/537.36 (KHTML, like Gecko) Chrome/90.0.4430.85 Safari/537.36"
196.251.66.28 - - [14/Jul/2025:06:27:19 -0400] "GET /wp-admin/css/colors/ectoplasm/ HTTP/1.1" 200 709 "binance.com" "Mozilla/5.0 (Windows NT 10.0; Win64; x64) AppleWebKit/537.36 (KHTML, like Gecko) Chrome/90.0.4430.85 Safari/537.36"
196.251.66.28 - - [14/Jul/2025:06:27:27 -0400] "GET /wp-admin/css/colors/light/ HTTP/1.1" 200 724 "binance.com" "Mozilla/5.0 (Windows NT 10.0; Win64; x64) AppleWebKit/537.36 (KHTML, like Gecko) Chrome/90.0.4430.85 Safari/537.36"
196.251.66.28 - - [14/Jul/2025:06:27:31 -0400] "GET /wp-admin/css/colors/midnight/ HTTP/1.1" 200 718 "binance.com" "Mozilla/5.0 (Windows NT 10.0; Win64; x64) AppleWebKit/537.36 (KHTML, like Gecko) Chrome/90.0.4430.85 Safari/537.36"
196.251.66.28 - - [14/Jul/2025:06:27:35 -0400] "GET /wp-admin/css/colors/modern/ HTTP/1.1" 200 720 "binance.com" "Mozilla/5.0 (Windows NT 10.0; Win64; x64) AppleWebKit/537.36 (KHTML, like Gecko) Chrome/90.0.4430.85 Safari/537.36"
196.251.66.28 - - [14/Jul/2025:06:27:38 -0400] "GET /wp-admin/css/colors/ocean/ HTTP/1.1" 200 720 "binance.com" "Mozilla/5.0 (Windows NT 10.0; Win64; x64) AppleWebKit/537.36 (KHTML, like Gecko) Chrome/90.0.4430.85 Safari/537.36"
196.251.66.28 - - [14/Jul/2025:06:27:43 -0400] "GET /wp-admin/css/colors/sunrise/%20 HTTP/1.1" 404 1251 "binance.com" "Mozilla/5.0 (Windows NT 10.0; Win64; x64) AppleWebKit/537.36 (KHTML, like Gecko) Chrome/90.0.4430.85 Safari/537.36"
196.251.66.28 - - [14/Jul/2025:06:27:47 -0400] "GET /wp-admin/images/ HTTP/1.1" 200 2329 "binance.com" "Mozilla/5.0 (Windows NT 10.0; Win64; x64) AppleWebKit/537.36 (KHTML, like Gecko) Chrome/90.0.4430.85 Safari/537.36"
196.251.66.28 - - [14/Jul/2025:06:27:51 -0400] "GET /wp-admin/js/ HTTP/1.1" 200 2908 "binance.com" "Mozilla/5.0 (Windows NT 10.0; Win64; x64) AppleWebKit/537.36 (KHTML, like Gecko) Chrome/90.0.4430.85 Safari/537.36"
196.251.66.28 - - [14/Jul/2025:06:27:56 -0400] "GET /wp-admin/js/widgets/ HTTP/1.1" 200 1201 "binance.com" "Mozilla/5.0 (Windows NT 10.0; Win64; x64) AppleWebKit/537.36 (KHTML, like Gecko) Chrome/90.0.4430.85 Safari/537.36"
196.251.66.28 - - [14/Jul/2025:06:28:01 -0400] "GET /wp-includes/ HTTP/1.1" 200 6935 "binance.com" "Mozilla/5.0 (Windows NT 10.0; Win64; x64) AppleWebKit/537.36 (KHTML, like Gecko) Chrome/90.0.4430.85 Safari/537.36"
196.251.66.28 - - [14/Jul/2025:06:28:05 -0400] "GET /wp-includes/ HTTP/1.1" 200 6935 "binance.com" "Mozilla/5.0 (Windows NT 10.0; Win64; x64) AppleWebKit/537.36 (KHTML, like Gecko) Chrome/90.0.4430.85 Safari/537.36"
196.251.66.28 - - [14/Jul/2025:06:28:11 -0400] "GET /wp-includes/block-bindings.php HTTP/1.1" 403 1242 "binance.com" "Mozilla/5.0 (Windows NT 10.0; Win64; x64) AppleWebKit/537.36 (KHTML, like Gecko) Chrome/90.0.4430.85 Safari/537.36"
196.251.66.28 - - [14/Jul/2025:06:28:14 -0400] "GET /wp-includes/block-editor.php HTTP/1.1" 403 1242 "binance.com" "Mozilla/5.0 (Windows NT 10.0; Win64; x64) AppleWebKit/537.36 (KHTML, like Gecko) Chrome/90.0.4430.85 Safari/537.36"
196.251.66.28 - - [14/Jul/2025:06:28:17 -0400] "GET /wp-includes/block-template-utils.php HTTP/1.1" 403 1242 "binance.com" "Mozilla/5.0 (Windows NT 10.0; Win64; x64) AppleWebKit/537.36 (KHTML, like Gecko) Chrome/90.0.4430.85 Safari/537.36"
196.251.66.28 - - [14/Jul/2025:06:28:21 -0400] "GET /wp-includes/block-template.php HTTP/1.1" 403 1242 "binance.com" "Mozilla/5.0 (Windows NT 10.0; Win64; x64) AppleWebKit/537.36 (KHTML, like Gecko) Chrome/90.0.4430.85 Safari/537.36"
66.249.74.15 - - [14/Jul/2025:06:28:22 -0400] "GET /q-~247wtmaKZiGCOom6z61g63tcNpwJCahTQ40614/ HTTP/1.1" 404 1251 "-" "Mozilla/5.0 (Linux; Android 6.0.1; Nexus 5X Build/MMB29P) AppleWebKit/537.36 (KHTML, like Gecko) Chrome/137.0.7151.103 Mobile Safari/537.36 (compatible; GoogleOther)"
66.249.74.2 - - [14/Jul/2025:06:28:25 -0400] "GET /items/tinsm200/41006?key=entertainment HTTP/1.1" 404 1251 "-" "Mozilla/5.0 (Linux; Android 6.0.1; Nexus 5X Build/MMB29P) AppleWebKit/537.36 (KHTML, like Gecko) Chrome/137.0.7151.103 Mobile Safari/537.36 (compatible; GoogleOther)"
196.251.66.28 - - [14/Jul/2025:06:28:27 -0400] "GET /wp-includes/class-avif-info.php HTTP/1.1" 403 1242 "binance.com" "Mozilla/5.0 (Windows NT 10.0; Win64; x64) AppleWebKit/537.36 (KHTML, like Gecko) Chrome/90.0.4430.85 Safari/537.36"
66.249.74.1 - - [14/Jul/2025:06:28:29 -0400] "GET /q-~282UkFrt6amuZWUeSLkvw2IkEdxf3hzXc35745/ HTTP/1.1" 404 1251 "-" "Mozilla/5.0 (Linux; Android 6.0.1; Nexus 5X Build/MMB29P) AppleWebKit/537.36 (KHTML, like Gecko) Chrome/137.0.7151.103 Mobile Safari/537.36 (compatible; GoogleOther)"
196.251.66.28 - - [14/Jul/2025:06:28:30 -0400] "GET /wp-includes/class-wp-block-bindings-registry.php HTTP/1.1" 403 1242 "binance.com" "Mozilla/5.0 (Windows NT 10.0; Win64; x64) AppleWebKit/537.36 (KHTML, like Gecko) Chrome/90.0.4430.85 Safari/537.36"
196.251.66.28 - - [14/Jul/2025:06:28:41 -0400] "GET /wp-includes/class-wp-block-bindings-source.php HTTP/1.1" 403 1242 "binance.com" "Mozilla/5.0 (Windows NT 10.0; Win64; x64) AppleWebKit/537.36 (KHTML, like Gecko) Chrome/90.0.4430.85 Safari/537.36"
196.251.66.28 - - [14/Jul/2025:06:28:45 -0400] "GET /wp-includes/class-wp-block-editor-context.php HTTP/1.1" 403 1242 "binance.com" "Mozilla/5.0 (Windows NT 10.0; Win64; x64) AppleWebKit/537.36 (KHTML, like Gecko) Chrome/90.0.4430.85 Safari/537.36"
196.251.66.28 - - [14/Jul/2025:06:28:53 -0400] "GET /wp-includes/class-wp-block-metadata-registry.php HTTP/1.1" 403 1242 "binance.com" "Mozilla/5.0 (Windows NT 10.0; Win64; x64) AppleWebKit/537.36 (KHTML, like Gecko) Chrome/90.0.4430.85 Safari/537.36"
196.251.66.28 - - [14/Jul/2025:06:28:56 -0400] "GET /wp-includes/class-wp-block-parser-block.php HTTP/1.1" 403 1242 "binance.com" "Mozilla/5.0 (Windows NT 10.0; Win64; x64) AppleWebKit/537.36 (KHTML, like Gecko) Chrome/90.0.4430.85 Safari/537.36"
196.251.66.28 - - [14/Jul/2025:06:29:01 -0400] "GET /wp-includes/class-wp-block-parser-frame.php HTTP/1.1" 403 1242 "binance.com" "Mozilla/5.0 (Windows NT 10.0; Win64; x64) AppleWebKit/537.36 (KHTML, like Gecko) Chrome/90.0.4430.85 Safari/537.36"
196.251.66.28 - - [14/Jul/2025:06:29:12 -0400] "GET /wp-includes/class-wp-block-template.php HTTP/1.1" 403 1242 "binance.com" "Mozilla/5.0 (Windows NT 10.0; Win64; x64) AppleWebKit/537.36 (KHTML, like Gecko) Chrome/90.0.4430.85 Safari/537.36"
196.251.66.28 - - [14/Jul/2025:06:29:17 -0400] "GET /wp-includes/class-wp-block-templates-registry.php HTTP/1.1" 403 1242 "binance.com" "Mozilla/5.0 (Windows NT 10.0; Win64; x64) AppleWebKit/537.36 (KHTML, like Gecko) Chrome/90.0.4430.85 Safari/537.36"
196.251.66.28 - - [14/Jul/2025:06:29:19 -0400] "GET /wp-includes/class-wp-classic-to-block-menu-converter.php HTTP/1.1" 403 1242 "binance.com" "Mozilla/5.0 (Windows NT 10.0; Win64; x64) AppleWebKit/537.36 (KHTML, like Gecko) Chrome/90.0.4430.85 Safari/537.36"
196.251.66.28 - - [14/Jul/2025:06:29:22 -0400] "GET /wp-includes/class-wp-dependencies.php HTTP/1.1" 403 1242 "binance.com" "Mozilla/5.0 (Windows NT 10.0; Win64; x64) AppleWebKit/537.36 (KHTML, like Gecko) Chrome/90.0.4430.85 Safari/537.36"
20.171.207.232 - - [14/Jul/2025:06:29:24 -0400] "GET /?items/ HTTP/1.1" 200 1470 "-" "Mozilla/5.0 AppleWebKit/537.36 (KHTML, like Gecko; compatible; GPTBot/1.2; +https://openai.com/gptbot)"
196.251.66.28 - - [14/Jul/2025:06:29:28 -0400] "GET /wp-includes/class-wp-duotone.php HTTP/1.1" 403 1242 "binance.com" "Mozilla/5.0 (Windows NT 10.0; Win64; x64) AppleWebKit/537.36 (KHTML, like Gecko) Chrome/90.0.4430.85 Safari/537.36"
196.251.66.28 - - [14/Jul/2025:06:29:31 -0400] "GET /wp-includes/class-wp-exception.php HTTP/1.1" 403 1242 "binance.com" "Mozilla/5.0 (Windows NT 10.0; Win64; x64) AppleWebKit/537.36 (KHTML, like Gecko) Chrome/90.0.4430.85 Safari/537.36"
69.197.182.50 - - [14/Jul/2025:06:29:32 -0400] "GET /wp-content/admin.php HTTP/1.1" 404 1251 "https://nas-yemen.org/wp-content/admin.php" "Mozilla/5.0 (Windows NT 10.0; Win64; x64) AppleWebKit/537.36 (KHTML, like Gecko) Chrome/58.0.3029.110 Safari/537.3"
196.251.66.28 - - [14/Jul/2025:06:29:35 -0400] "GET /wp-includes/class-wp-http.php HTTP/1.1" 403 1242 "binance.com" "Mozilla/5.0 (Windows NT 10.0; Win64; x64) AppleWebKit/537.36 (KHTML, like Gecko) Chrome/90.0.4430.85 Safari/537.36"
196.251.66.28 - - [14/Jul/2025:06:29:42 -0400] "GET /wp-includes/class-wp-navigation-fallback.php HTTP/1.1" 403 1242 "binance.com" "Mozilla/5.0 (Windows NT 10.0; Win64; x64) AppleWebKit/537.36 (KHTML, like Gecko) Chrome/90.0.4430.85 Safari/537.36"
196.251.66.28 - - [14/Jul/2025:06:29:48 -0400] "GET /wp-includes/class-wp-phpmailer.php HTTP/1.1" 403 1242 "binance.com" "Mozilla/5.0 (Windows NT 10.0; Win64; x64) AppleWebKit/537.36 (KHTML, like Gecko) Chrome/90.0.4430.85 Safari/537.36"
66.249.74.2 - - [14/Jul/2025:06:29:51 -0400] "GET /items/anvgo197/28995?key=fan HTTP/1.1" 404 1251 "-" "Mozilla/5.0 (Linux; Android 6.0.1; Nexus 5X Build/MMB29P) AppleWebKit/537.36 (KHTML, like Gecko) Chrome/137.0.7151.103 Mobile Safari/537.36 (compatible; GoogleOther)"
196.251.66.28 - - [14/Jul/2025:06:29:53 -0400] "GET /wp-includes/class-wp-plugin-dependencies.php HTTP/1.1" 403 1242 "binance.com" "Mozilla/5.0 (Windows NT 10.0; Win64; x64) AppleWebKit/537.36 (KHTML, like Gecko) Chrome/90.0.4430.85 Safari/537.36"
196.251.66.28 - - [14/Jul/2025:06:29:56 -0400] "GET /wp-includes/class-wp-script-modules.php HTTP/1.1" 403 1242 "binance.com" "Mozilla/5.0 (Windows NT 10.0; Win64; x64) AppleWebKit/537.36 (KHTML, like Gecko) Chrome/90.0.4430.85 Safari/537.36"
196.251.66.28 - - [14/Jul/2025:06:30:01 -0400] "GET /wp-includes/class-wp-scripts.php HTTP/1.1" 403 1242 "binance.com" "Mozilla/5.0 (Windows NT 10.0; Win64; x64) AppleWebKit/537.36 (KHTML, like Gecko) Chrome/90.0.4430.85 Safari/537.36"
66.249.74.2 - - [14/Jul/2025:06:30:02 -0400] "GET /items/srcnt92/9406?key=audience HTTP/1.1" 404 1251 "-" "Mozilla/5.0 (Linux; Android 6.0.1; Nexus 5X Build/MMB29P) AppleWebKit/537.36 (KHTML, like Gecko) Chrome/137.0.7151.103 Mobile Safari/537.36 (compatible; GoogleOther)"
196.251.66.28 - - [14/Jul/2025:06:30:07 -0400] "GET /wp-includes/class-wp-speculation-rules.php HTTP/1.1" 403 1242 "binance.com" "Mozilla/5.0 (Windows NT 10.0; Win64; x64) AppleWebKit/537.36 (KHTML, like Gecko) Chrome/90.0.4430.85 Safari/537.36"
196.251.66.28 - - [14/Jul/2025:06:30:11 -0400] "GET /wp-includes/class-wp-styles.php HTTP/1.1" 403 1242 "binance.com" "Mozilla/5.0 (Windows NT 10.0; Win64; x64) AppleWebKit/537.36 (KHTML, like Gecko) Chrome/90.0.4430.85 Safari/537.36"
196.251.66.28 - - [14/Jul/2025:06:30:14 -0400] "GET /wp-includes/class-wp-textdomain-registry.php HTTP/1.1" 403 1242 "binance.com" "Mozilla/5.0 (Windows NT 10.0; Win64; x64) AppleWebKit/537.36 (KHTML, like Gecko) Chrome/90.0.4430.85 Safari/537.36"
47.82.60.5 - - [14/Jul/2025:06:30:14 -0400] "GET /items/bwwgi64/31846?key=admire HTTP/1.1" 404 1251 "https://nas-yemen.org/items/bwwgi64/31846?key=admire" "Mozilla/5.0 (Windows NT 10.0; Win64; x64) AppleWebKit/537.36 (KHTML, like Gecko) Chrome/114.0.0.0 Safari/537.36 Edg/114.0.1823.43"
196.251.66.28 - - [14/Jul/2025:06:30:18 -0400] "GET /wp-includes/class-wp-theme-json-data.php HTTP/1.1" 403 1242 "binance.com" "Mozilla/5.0 (Windows NT 10.0; Win64; x64) AppleWebKit/537.36 (KHTML, like Gecko) Chrome/90.0.4430.85 Safari/537.36"
196.251.66.28 - - [14/Jul/2025:06:30:23 -0400] "GET /wp-includes/class-wp-theme-json-resolver.php HTTP/1.1" 403 1242 "binance.com" "Mozilla/5.0 (Windows NT 10.0; Win64; x64) AppleWebKit/537.36 (KHTML, like Gecko) Chrome/90.0.4430.85 Safari/537.36"
196.251.66.28 - - [14/Jul/2025:06:30:24 -0400] "GET /wp-includes/class-wp-theme-json-schema.php HTTP/1.1" 403 1242 "binance.com" "Mozilla/5.0 (Windows NT 10.0; Win64; x64) AppleWebKit/537.36 (KHTML, like Gecko) Chrome/90.0.4430.85 Safari/537.36"
66.249.74.4 - - [14/Jul/2025:06:30:29 -0400] "GET /q-~105ZnRYRHzbQelEkF8alLUwSJ9OxQ9WAb9218/ HTTP/1.1" 404 1251 "-" "Mozilla/5.0 (Linux; Android 6.0.1; Nexus 5X Build/MMB29P) AppleWebKit/537.36 (KHTML, like Gecko) Chrome/137.0.7151.103 Mobile Safari/537.36 (compatible; GoogleOther)"
196.251.66.28 - - [14/Jul/2025:06:30:33 -0400] "GET /wp-includes/class-wp-theme-json.php HTTP/1.1" 403 1242 "binance.com" "Mozilla/5.0 (Windows NT 10.0; Win64; x64) AppleWebKit/537.36 (KHTML, like Gecko) Chrome/90.0.4430.85 Safari/537.36"
196.251.66.28 - - [14/Jul/2025:06:30:40 -0400] "GET /wp-includes/class-wp-token-map.php HTTP/1.1" 403 1242 "binance.com" "Mozilla/5.0 (Windows NT 10.0; Win64; x64) AppleWebKit/537.36 (KHTML, like Gecko) Chrome/90.0.4430.85 Safari/537.36"
196.251.66.28 - - [14/Jul/2025:06:30:44 -0400] "GET /wp-includes/class-wp-url-pattern-prefixer.php HTTP/1.1" 403 1242 "binance.com" "Mozilla/5.0 (Windows NT 10.0; Win64; x64) AppleWebKit/537.36 (KHTML, like Gecko) Chrome/90.0.4430.85 Safari/537.36"
196.251.66.28 - - [14/Jul/2025:06:30:46 -0400] "GET /wp-includes/class-wpdb.php HTTP/1.1" 403 1242 "binance.com" "Mozilla/5.0 (Windows NT 10.0; Win64; x64) AppleWebKit/537.36 (KHTML, like Gecko) Chrome/90.0.4430.85 Safari/537.36"
196.251.66.28 - - [14/Jul/2025:06:30:49 -0400] "GET /wp-includes/fonts.php HTTP/1.1" 403 1242 "binance.com" "Mozilla/5.0 (Windows NT 10.0; Win64; x64) AppleWebKit/537.36 (KHTML, like Gecko) Chrome/90.0.4430.85 Safari/537.36"
