20.171.207.246 - - [11/Jul/2025:12:31:02 -0400] "GET /31mxen17008.html HTTP/1.1" 404 23128 "-" "Mozilla/5.0 AppleWebKit/537.36 (KHTML, like Gecko; compatible; GPTBot/1.2; +https://openai.com/gptbot)"
136.243.228.194 - - [11/Jul/2025:12:31:03 -0400] "GET /items/dlocd137/10809?key=sun HTTP/1.1" 404 23130 "-" "Mozilla/5.0 (compatible; DataForSeoBot/1.0; +https://dataforseo.com/dataforseo-bot)"
66.249.79.136 - - [11/Jul/2025:12:31:11 -0400] "GET /items/ztzpe127/14881?key=amount HTTP/1.1" 200 88336 "-" "Mozilla/5.0 (Linux; Android 6.0.1; Nexus 5X Build/MMB29P) AppleWebKit/537.36 (KHTML, like Gecko) Chrome/137.0.7151.103 Mobile Safari/537.36 (compatible; Googlebot/2.1; +http://www.google.com/bot.html)"
20.171.207.246 - - [11/Jul/2025:12:31:08 -0400] "GET /90pljm24745.html HTTP/1.1" 404 23128 "-" "Mozilla/5.0 AppleWebKit/537.36 (KHTML, like Gecko; compatible; GPTBot/1.2; +https://openai.com/gptbot)"
136.243.228.194 - - [11/Jul/2025:12:31:09 -0400] "GET /items/gfdaa252/14872?key=energy HTTP/1.1" 404 23128 "-" "Mozilla/5.0 (compatible; DataForSeoBot/1.0; +https://dataforseo.com/dataforseo-bot)"
20.171.207.246 - - [11/Jul/2025:12:31:15 -0400] "GET /27ntos46964.html HTTP/1.1" 404 23128 "-" "Mozilla/5.0 AppleWebKit/537.36 (KHTML, like Gecko; compatible; GPTBot/1.2; +https://openai.com/gptbot)"
136.243.228.194 - - [11/Jul/2025:12:31:16 -0400] "GET /6yvauj28005.html HTTP/1.1" 404 23130 "-" "Mozilla/5.0 (compatible; DataForSeoBot/1.0; +https://dataforseo.com/dataforseo-bot)"
66.29.146.47 - - [11/Jul/2025:12:31:26 -0400] "POST /wp-cron.php?doing_wp_cron=1752251486.5753390789031982421875 HTTP/1.1" 403 1242 "-" "WordPress/6.8; https://dangroup.sa"
20.171.207.246 - - [11/Jul/2025:12:31:25 -0400] "GET /260ktwy6279.html HTTP/1.1" 404 23129 "-" "Mozilla/5.0 AppleWebKit/537.36 (KHTML, like Gecko; compatible; GPTBot/1.2; +https://openai.com/gptbot)"
47.82.60.48 - - [11/Jul/2025:12:31:28 -0400] "GET /72man10643.html HTTP/1.1" 404 23130 "https://dangroup.sa/72man10643.html" "Mozilla/5.0 (Windows NT 10.0; Win64; x64) AppleWebKit/537.36 (KHTML, like Gecko) Chrome/114.0.0.0 Safari/537.36 Edg/114.0.1823.43"
136.243.228.194 - - [11/Jul/2025:12:31:28 -0400] "GET /102hke17057.html HTTP/1.1" 404 23128 "-" "Mozilla/5.0 (compatible; DataForSeoBot/1.0; +https://dataforseo.com/dataforseo-bot)"
20.171.207.246 - - [11/Jul/2025:12:31:37 -0400] "GET /238adab5929.html HTTP/1.1" 404 23128 "-" "Mozilla/5.0 AppleWebKit/537.36 (KHTML, like Gecko; compatible; GPTBot/1.2; +https://openai.com/gptbot)"
136.243.228.194 - - [11/Jul/2025:12:31:41 -0400] "GET /12nxu42301.html HTTP/1.1" 404 23130 "-" "Mozilla/5.0 (compatible; DataForSeoBot/1.0; +https://dataforseo.com/dataforseo-bot)"
20.171.207.246 - - [11/Jul/2025:12:31:47 -0400] "GET /34ufpe49093.html HTTP/1.1" 404 23129 "-" "Mozilla/5.0 AppleWebKit/537.36 (KHTML, like Gecko; compatible; GPTBot/1.2; +https://openai.com/gptbot)"
47.82.60.23 - - [11/Jul/2025:12:31:51 -0400] "GET /pcmypage?callback=product/detail/tss-xd255519wx HTTP/1.1" 301 0 "https://www.dangroup.sa/pcmypage?callback=product%2Fdetail%2Ftss-xd255519wx" "Mozilla/5.0 (Windows NT 10.0; Win64; x64) AppleWebKit/537.36 (KHTML, like Gecko) Chrome/114.0.0.0 Safari/537.36 Edg/114.0.1823.43"
47.82.60.12 - - [11/Jul/2025:12:31:48 -0400] "GET /items/ogbun48/44?key=scale HTTP/1.1" 404 23128 "https://dangroup.sa/items/ogbun48/44?key=scale" "Mozilla/5.0 (Windows NT 10.0; Win64; x64) AppleWebKit/537.36 (KHTML, like Gecko) Chrome/114.0.0.0 Safari/537.36 Edg/114.0.1823.43"
136.243.228.194 - - [11/Jul/2025:12:31:49 -0400] "GET /items/zuwpl187/47521?key=exam HTTP/1.1" 404 23128 "-" "Mozilla/5.0 (compatible; DataForSeoBot/1.0; +https://dataforseo.com/dataforseo-bot)"
47.82.60.29 - - [11/Jul/2025:12:31:49 -0400] "GET /items/otizm64/1056?key=bullet HTTP/1.1" 404 23130 "https://dangroup.sa/items/otizm64/1056?key=bullet" "Mozilla/5.0 (Windows NT 10.0; Win64; x64) AppleWebKit/537.36 (KHTML, like Gecko) Chrome/114.0.0.0 Safari/537.36 Edg/114.0.1823.43"
47.82.60.76 - - [11/Jul/2025:12:31:58 -0400] "GET /items/bmpmk214/25518?key=rule HTTP/1.1" 301 0 "https://www.dangroup.sa/items/bmpmk214/25518?key=rule" "Mozilla/5.0 (Windows NT 10.0; Win64; x64) AppleWebKit/537.36 (KHTML, like Gecko) Chrome/114.0.0.0 Safari/537.36 Edg/114.0.1823.43"
47.82.60.54 - - [11/Jul/2025:12:31:51 -0400] "GET /items/zznpp93/47293?key=attract HTTP/1.1" 404 23130 "https://dangroup.sa/items/zznpp93/47293?key=attract" "Mozilla/5.0 (Windows NT 10.0; Win64; x64) AppleWebKit/537.36 (KHTML, like Gecko) Chrome/114.0.0.0 Safari/537.36 Edg/114.0.1823.43"
20.171.207.246 - - [11/Jul/2025:12:31:53 -0400] "GET /89mtys34626.html HTTP/1.1" 404 23129 "-" "Mozilla/5.0 AppleWebKit/537.36 (KHTML, like Gecko; compatible; GPTBot/1.2; +https://openai.com/gptbot)"
47.82.60.23 - - [11/Jul/2025:12:31:54 -0400] "GET /pcmypage?callback=product/detail/tss-xd255519wx HTTP/1.1" 404 23128 "https://www.dangroup.sa/pcmypage?callback=product%2Fdetail%2Ftss-xd255519wx" "Mozilla/5.0 (Windows NT 10.0; Win64; x64) AppleWebKit/537.36 (KHTML, like Gecko) Chrome/114.0.0.0 Safari/537.36 Edg/114.0.1823.43"
136.243.228.194 - - [11/Jul/2025:12:32:00 -0400] "GET /37vcznc19140.html HTTP/1.1" 404 23128 "-" "Mozilla/5.0 (compatible; DataForSeoBot/1.0; +https://dataforseo.com/dataforseo-bot)"
47.82.60.76 - - [11/Jul/2025:12:32:01 -0400] "GET /items/bmpmk214/25518?key=rule HTTP/1.1" 404 23128 "https://www.dangroup.sa/items/bmpmk214/25518?key=rule" "Mozilla/5.0 (Windows NT 10.0; Win64; x64) AppleWebKit/537.36 (KHTML, like Gecko) Chrome/114.0.0.0 Safari/537.36 Edg/114.0.1823.43"
20.171.207.246 - - [11/Jul/2025:12:32:04 -0400] "GET /30wact23117.html HTTP/1.1" 404 23128 "-" "Mozilla/5.0 AppleWebKit/537.36 (KHTML, like Gecko; compatible; GPTBot/1.2; +https://openai.com/gptbot)"
136.243.228.194 - - [11/Jul/2025:12:32:09 -0400] "GET /111kgzj45276.html HTTP/1.1" 404 23128 "-" "Mozilla/5.0 (compatible; DataForSeoBot/1.0; +https://dataforseo.com/dataforseo-bot)"
20.171.207.246 - - [11/Jul/2025:12:32:10 -0400] "GET /252cbbz9711.html HTTP/1.1" 404 23128 "-" "Mozilla/5.0 AppleWebKit/537.36 (KHTML, like Gecko; compatible; GPTBot/1.2; +https://openai.com/gptbot)"
20.171.207.246 - - [11/Jul/2025:12:32:16 -0400] "GET /29ohau34094.html HTTP/1.1" 404 23128 "-" "Mozilla/5.0 AppleWebKit/537.36 (KHTML, like Gecko; compatible; GPTBot/1.2; +https://openai.com/gptbot)"
136.243.228.194 - - [11/Jul/2025:12:32:16 -0400] "GET /173qbxq7838.html HTTP/1.1" 404 23128 "-" "Mozilla/5.0 (compatible; DataForSeoBot/1.0; +https://dataforseo.com/dataforseo-bot)"
20.171.207.246 - - [11/Jul/2025:12:32:23 -0400] "GET /89etkn16158.html HTTP/1.1" 404 23128 "-" "Mozilla/5.0 AppleWebKit/537.36 (KHTML, like Gecko; compatible; GPTBot/1.2; +https://openai.com/gptbot)"
136.243.228.194 - - [11/Jul/2025:12:32:23 -0400] "GET /189belg18698.html HTTP/1.1" 404 23128 "-" "Mozilla/5.0 (compatible; DataForSeoBot/1.0; +https://dataforseo.com/dataforseo-bot)"
66.29.146.47 - - [11/Jul/2025:12:32:30 -0400] "POST /wp-cron.php?doing_wp_cron=1752251550.2806949615478515625000 HTTP/1.1" 403 1242 "-" "WordPress/6.8; https://dangroup.sa"
20.171.207.246 - - [11/Jul/2025:12:32:29 -0400] "GET /91hwxo33516.html HTTP/1.1" 404 23130 "-" "Mozilla/5.0 AppleWebKit/537.36 (KHTML, like Gecko; compatible; GPTBot/1.2; +https://openai.com/gptbot)"
136.243.228.194 - - [11/Jul/2025:12:32:31 -0400] "GET /items/zbpkj256/6774?key=Muslim HTTP/1.1" 404 23130 "-" "Mozilla/5.0 (compatible; DataForSeoBot/1.0; +https://dataforseo.com/dataforseo-bot)"
20.171.207.246 - - [11/Jul/2025:12:32:38 -0400] "GET /224qswv3473.html HTTP/1.1" 404 23128 "-" "Mozilla/5.0 AppleWebKit/537.36 (KHTML, like Gecko; compatible; GPTBot/1.2; +https://openai.com/gptbot)"
136.243.228.194 - - [11/Jul/2025:12:32:43 -0400] "GET /items/zexot73/14303?key=trauma HTTP/1.1" 404 23128 "-" "Mozilla/5.0 (compatible; DataForSeoBot/1.0; +https://dataforseo.com/dataforseo-bot)"
20.171.207.246 - - [11/Jul/2025:12:32:47 -0400] "GET /77jaei40504.html HTTP/1.1" 404 23129 "-" "Mozilla/5.0 AppleWebKit/537.36 (KHTML, like Gecko; compatible; GPTBot/1.2; +https://openai.com/gptbot)"
136.243.228.194 - - [11/Jul/2025:12:32:51 -0400] "GET /items/jwoyf229/18685?key=pale HTTP/1.1" 404 23128 "-" "Mozilla/5.0 (compatible; DataForSeoBot/1.0; +https://dataforseo.com/dataforseo-bot)"
47.82.60.24 - - [11/Jul/2025:12:32:56 -0400] "GET /items/defad158/2104?key=fail HTTP/1.1" 404 23130 "https://dangroup.sa/items/defad158/2104?key=fail" "Mozilla/5.0 (Windows NT 10.0; Win64; x64) AppleWebKit/537.36 (KHTML, like Gecko) Chrome/114.0.0.0 Safari/537.36 Edg/114.0.1823.43"
20.171.207.246 - - [11/Jul/2025:12:32:57 -0400] "GET /63whqf30588.html HTTP/1.1" 404 23128 "-" "Mozilla/5.0 AppleWebKit/537.36 (KHTML, like Gecko; compatible; GPTBot/1.2; +https://openai.com/gptbot)"
66.249.68.134 - - [11/Jul/2025:12:33:06 -0400] "GET /133zbl61784.html HTTP/1.1" 200 87583 "-" "Mozilla/5.0 (Linux; Android 6.0.1; Nexus 5X Build/MMB29P) AppleWebKit/537.36 (KHTML, like Gecko) Chrome/137.0.7151.103 Mobile Safari/537.36 (compatible; Googlebot/2.1; +http://www.google.com/bot.html)"
47.82.60.39 - - [11/Jul/2025:12:33:01 -0400] "GET /items/jrtyo234/17778?key=tremendous HTTP/1.1" 404 23130 "https://dangroup.sa/items/jrtyo234/17778?key=tremendous" "Mozilla/5.0 (Windows NT 10.0; Win64; x64) AppleWebKit/537.36 (KHTML, like Gecko) Chrome/114.0.0.0 Safari/537.36 Edg/114.0.1823.43"
136.243.228.194 - - [11/Jul/2025:12:33:02 -0400] "GET /items/gcbsl234/48958?key=loyalty HTTP/1.1" 404 23128 "-" "Mozilla/5.0 (compatible; DataForSeoBot/1.0; +https://dataforseo.com/dataforseo-bot)"
20.171.207.246 - - [11/Jul/2025:12:33:06 -0400] "GET /36rzha46241.html HTTP/1.1" 404 23130 "-" "Mozilla/5.0 AppleWebKit/537.36 (KHTML, like Gecko; compatible; GPTBot/1.2; +https://openai.com/gptbot)"
136.243.228.194 - - [11/Jul/2025:12:33:12 -0400] "GET /items/dccjp33/7909?key=mention HTTP/1.1" 404 23128 "-" "Mozilla/5.0 (compatible; DataForSeoBot/1.0; +https://dataforseo.com/dataforseo-bot)"
20.171.207.246 - - [11/Jul/2025:12:33:14 -0400] "GET /101glqs6576.html HTTP/1.1" 404 23128 "-" "Mozilla/5.0 AppleWebKit/537.36 (KHTML, like Gecko; compatible; GPTBot/1.2; +https://openai.com/gptbot)"
136.243.228.194 - - [11/Jul/2025:12:33:18 -0400] "GET /items/zcccb211/44305?key=warning HTTP/1.1" 404 23128 "-" "Mozilla/5.0 (compatible; DataForSeoBot/1.0; +https://dataforseo.com/dataforseo-bot)"
20.171.207.246 - - [11/Jul/2025:12:33:19 -0400] "GET /40vteu24663.html HTTP/1.1" 404 23128 "-" "Mozilla/5.0 AppleWebKit/537.36 (KHTML, like Gecko; compatible; GPTBot/1.2; +https://openai.com/gptbot)"
47.82.60.39 - - [11/Jul/2025:12:33:23 -0400] "GET /items/bxnow188/15934?key=philosophy HTTP/1.1" 404 23128 "https://dangroup.sa/items/bxnow188/15934?key=philosophy" "Mozilla/5.0 (Windows NT 10.0; Win64; x64) AppleWebKit/537.36 (KHTML, like Gecko) Chrome/114.0.0.0 Safari/537.36 Edg/114.0.1823.43"
136.243.228.194 - - [11/Jul/2025:12:33:24 -0400] "GET /items/tinsa234/25380?key=cotton HTTP/1.1" 404 23128 "-" "Mozilla/5.0 (compatible; DataForSeoBot/1.0; +https://dataforseo.com/dataforseo-bot)"
20.171.207.246 - - [11/Jul/2025:12:33:26 -0400] "GET /83xuwy39008.html HTTP/1.1" 404 23128 "-" "Mozilla/5.0 AppleWebKit/537.36 (KHTML, like Gecko; compatible; GPTBot/1.2; +https://openai.com/gptbot)"
66.29.146.47 - - [11/Jul/2025:12:33:32 -0400] "POST /wp-cron.php?doing_wp_cron=1752251611.9861218929290771484375 HTTP/1.1" 403 1242 "-" "WordPress/6.8; https://dangroup.sa"
136.243.228.194 - - [11/Jul/2025:12:33:31 -0400] "GET /298phr8737.html HTTP/1.1" 404 23130 "-" "Mozilla/5.0 (compatible; DataForSeoBot/1.0; +https://dataforseo.com/dataforseo-bot)"
20.171.207.246 - - [11/Jul/2025:12:33:32 -0400] "GET /24jnan43173.html HTTP/1.1" 404 23130 "-" "Mozilla/5.0 AppleWebKit/537.36 (KHTML, like Gecko; compatible; GPTBot/1.2; +https://openai.com/gptbot)"
136.243.228.194 - - [11/Jul/2025:12:33:38 -0400] "GET /items/zwmng189/25535?key=main HTTP/1.1" 404 23128 "-" "Mozilla/5.0 (compatible; DataForSeoBot/1.0; +https://dataforseo.com/dataforseo-bot)"
20.171.207.246 - - [11/Jul/2025:12:33:38 -0400] "GET /89etkn16158.html HTTP/1.1" 404 23128 "-" "Mozilla/5.0 AppleWebKit/537.36 (KHTML, like Gecko; compatible; GPTBot/1.2; +https://openai.com/gptbot)"
20.171.207.246 - - [11/Jul/2025:12:33:44 -0400] "GET /82wumd32035.html HTTP/1.1" 404 23128 "-" "Mozilla/5.0 AppleWebKit/537.36 (KHTML, like Gecko; compatible; GPTBot/1.2; +https://openai.com/gptbot)"
136.243.228.194 - - [11/Jul/2025:12:33:44 -0400] "GET /items/ycvio105/37029?key=announce HTTP/1.1" 404 23128 "-" "Mozilla/5.0 (compatible; DataForSeoBot/1.0; +https://dataforseo.com/dataforseo-bot)"
20.171.207.246 - - [11/Jul/2025:12:33:49 -0400] "GET /174cghv6361.html HTTP/1.1" 404 23129 "-" "Mozilla/5.0 AppleWebKit/537.36 (KHTML, like Gecko; compatible; GPTBot/1.2; +https://openai.com/gptbot)"
136.243.228.194 - - [11/Jul/2025:12:33:50 -0400] "GET /items/hgiwy263/41135?key=kiss HTTP/1.1" 404 23130 "-" "Mozilla/5.0 (compatible; DataForSeoBot/1.0; +https://dataforseo.com/dataforseo-bot)"
20.171.207.246 - - [11/Jul/2025:12:33:57 -0400] "GET /96qljg13565.html HTTP/1.1" 404 23128 "-" "Mozilla/5.0 AppleWebKit/537.36 (KHTML, like Gecko; compatible; GPTBot/1.2; +https://openai.com/gptbot)"
136.243.228.194 - - [11/Jul/2025:12:34:00 -0400] "GET /items/sropq90/4214?key=spare HTTP/1.1" 404 23130 "-" "Mozilla/5.0 (compatible; DataForSeoBot/1.0; +https://dataforseo.com/dataforseo-bot)"
20.171.207.246 - - [11/Jul/2025:12:34:05 -0400] "GET /75uhvz20744.html HTTP/1.1" 404 23128 "-" "Mozilla/5.0 AppleWebKit/537.36 (KHTML, like Gecko; compatible; GPTBot/1.2; +https://openai.com/gptbot)"
136.243.228.194 - - [11/Jul/2025:12:34:11 -0400] "GET /250hnklw39437.html HTTP/1.1" 404 23128 "-" "Mozilla/5.0 (compatible; DataForSeoBot/1.0; +https://dataforseo.com/dataforseo-bot)"
20.171.207.246 - - [11/Jul/2025:12:34:16 -0400] "GET /103vxzz3708.html HTTP/1.1" 404 23128 "-" "Mozilla/5.0 AppleWebKit/537.36 (KHTML, like Gecko; compatible; GPTBot/1.2; +https://openai.com/gptbot)"
136.243.228.194 - - [11/Jul/2025:12:34:20 -0400] "GET /items/cjttd86/32516?key=Palestinian HTTP/1.1" 404 23128 "-" "Mozilla/5.0 (compatible; DataForSeoBot/1.0; +https://dataforseo.com/dataforseo-bot)"
20.171.207.246 - - [11/Jul/2025:12:34:23 -0400] "GET /59xtly30646.html HTTP/1.1" 404 23128 "-" "Mozilla/5.0 AppleWebKit/537.36 (KHTML, like Gecko; compatible; GPTBot/1.2; +https://openai.com/gptbot)"
136.243.228.194 - - [11/Jul/2025:12:34:27 -0400] "GET /items/bjamh20/38912?key=still HTTP/1.1" 404 23128 "-" "Mozilla/5.0 (compatible; DataForSeoBot/1.0; +https://dataforseo.com/dataforseo-bot)"
20.171.207.246 - - [11/Jul/2025:12:34:28 -0400] "GET /62tshb38347.html HTTP/1.1" 404 23128 "-" "Mozilla/5.0 AppleWebKit/537.36 (KHTML, like Gecko; compatible; GPTBot/1.2; +https://openai.com/gptbot)"
66.29.146.47 - - [11/Jul/2025:12:34:34 -0400] "POST /wp-cron.php?doing_wp_cron=1752251674.2688789367675781250000 HTTP/1.1" 403 1242 "-" "WordPress/6.8; https://dangroup.sa"
66.29.146.47 - - [11/Jul/2025:12:34:34 -0400] "POST /wp-cron.php?doing_wp_cron=1752251674.7130610942840576171875 HTTP/1.1" 403 1242 "-" "WordPress/6.8; https://dangroup.sa"
136.243.228.194 - - [11/Jul/2025:12:34:33 -0400] "GET /227vam39910.html HTTP/1.1" 404 23308 "-" "Mozilla/5.0 (compatible; DataForSeoBot/1.0; +https://dataforseo.com/dataforseo-bot)"
20.171.207.246 - - [11/Jul/2025:12:34:34 -0400] "GET /42oslh30969.html HTTP/1.1" 404 23128 "-" "Mozilla/5.0 AppleWebKit/537.36 (KHTML, like Gecko; compatible; GPTBot/1.2; +https://openai.com/gptbot)"
136.243.228.194 - - [11/Jul/2025:12:34:42 -0400] "GET /items/xvbob54/36820?key=complaint HTTP/1.1" 404 23130 "-" "Mozilla/5.0 (compatible; DataForSeoBot/1.0; +https://dataforseo.com/dataforseo-bot)"
20.171.207.246 - - [11/Jul/2025:12:34:43 -0400] "GET /122llfd66691.html HTTP/1.1" 404 23128 "-" "Mozilla/5.0 AppleWebKit/537.36 (KHTML, like Gecko; compatible; GPTBot/1.2; +https://openai.com/gptbot)"
136.243.228.194 - - [11/Jul/2025:12:34:51 -0400] "GET /items/fekmc165/13071?key=danger HTTP/1.1" 404 23128 "-" "Mozilla/5.0 (compatible; DataForSeoBot/1.0; +https://dataforseo.com/dataforseo-bot)"
20.171.207.246 - - [11/Jul/2025:12:34:54 -0400] "GET /228sosz42227.html HTTP/1.1" 404 23128 "-" "Mozilla/5.0 AppleWebKit/537.36 (KHTML, like Gecko; compatible; GPTBot/1.2; +https://openai.com/gptbot)"
136.243.228.194 - - [11/Jul/2025:12:35:02 -0400] "GET /items/cunft215/23325?key=trauma HTTP/1.1" 404 23128 "-" "Mozilla/5.0 (compatible; DataForSeoBot/1.0; +https://dataforseo.com/dataforseo-bot)"
20.171.207.246 - - [11/Jul/2025:12:35:04 -0400] "GET /291tokk27222.html HTTP/1.1" 404 23128 "-" "Mozilla/5.0 AppleWebKit/537.36 (KHTML, like Gecko; compatible; GPTBot/1.2; +https://openai.com/gptbot)"
20.171.207.246 - - [11/Jul/2025:12:35:11 -0400] "GET /111utpu21442.html HTTP/1.1" 404 23128 "-" "Mozilla/5.0 AppleWebKit/537.36 (KHTML, like Gecko; compatible; GPTBot/1.2; +https://openai.com/gptbot)"
20.171.207.246 - - [11/Jul/2025:12:35:18 -0400] "GET /296iiix39629.html HTTP/1.1" 404 23128 "-" "Mozilla/5.0 AppleWebKit/537.36 (KHTML, like Gecko; compatible; GPTBot/1.2; +https://openai.com/gptbot)"
66.249.68.132 - - [11/Jul/2025:12:35:59 -0400] "GET /6dbnx33073.html HTTP/1.1" 200 87456 "-" "Mozilla/5.0 (Linux; Android 6.0.1; Nexus 5X Build/MMB29P) AppleWebKit/537.36 (KHTML, like Gecko) Chrome/137.0.7151.103 Mobile Safari/537.36 (compatible; Googlebot/2.1; +http://www.google.com/bot.html)"
20.171.207.246 - - [11/Jul/2025:12:35:59 -0400] "GET /239qfle2224.html HTTP/1.1" 404 23128 "-" "Mozilla/5.0 AppleWebKit/537.36 (KHTML, like Gecko; compatible; GPTBot/1.2; +https://openai.com/gptbot)"
136.243.228.194 - - [11/Jul/2025:12:36:00 -0400] "GET /items/rsiav164/1504?key=secondary HTTP/1.1" 404 23128 "-" "Mozilla/5.0 (compatible; DataForSeoBot/1.0; +https://dataforseo.com/dataforseo-bot)"
20.171.207.246 - - [11/Jul/2025:12:36:04 -0400] "GET /25fcyjy774.html HTTP/1.1" 404 23128 "-" "Mozilla/5.0 AppleWebKit/537.36 (KHTML, like Gecko; compatible; GPTBot/1.2; +https://openai.com/gptbot)"
136.243.228.194 - - [11/Jul/2025:12:36:07 -0400] "GET /146ihe16777.html HTTP/1.1" 404 23130 "-" "Mozilla/5.0 (compatible; DataForSeoBot/1.0; +https://dataforseo.com/dataforseo-bot)"
20.171.207.246 - - [11/Jul/2025:12:35:25 -0400] "GET /134yyyp31415.html HTTP/1.1" 404 23128 "-" "Mozilla/5.0 AppleWebKit/537.36 (KHTML, like Gecko; compatible; GPTBot/1.2; +https://openai.com/gptbot)"
66.249.68.132 - - [11/Jul/2025:12:35:32 -0400] "GET /12rpj33261.html HTTP/1.1" 200 86952 "-" "Mozilla/5.0 (Linux; Android 6.0.1; Nexus 5X Build/MMB29P) AppleWebKit/537.36 (KHTML, like Gecko) Chrome/137.0.7151.103 Mobile Safari/537.36 (compatible; GoogleOther)"
20.171.207.246 - - [11/Jul/2025:12:35:33 -0400] "GET /135tzml23334.html HTTP/1.1" 404 23130 "-" "Mozilla/5.0 AppleWebKit/537.36 (KHTML, like Gecko; compatible; GPTBot/1.2; +https://openai.com/gptbot)"
66.29.146.47 - - [11/Jul/2025:12:35:42 -0400] "POST /wp-cron.php?doing_wp_cron=1752251741.8661921024322509765625 HTTP/1.1" 403 1242 "-" "WordPress/6.8; https://dangroup.sa"
20.171.207.246 - - [11/Jul/2025:12:35:41 -0400] "GET /102wfmm11177.html HTTP/1.1" 404 23128 "-" "Mozilla/5.0 AppleWebKit/537.36 (KHTML, like Gecko; compatible; GPTBot/1.2; +https://openai.com/gptbot)"
20.171.207.246 - - [11/Jul/2025:12:35:48 -0400] "GET /62tshb38347.html HTTP/1.1" 404 23128 "-" "Mozilla/5.0 AppleWebKit/537.36 (KHTML, like Gecko; compatible; GPTBot/1.2; +https://openai.com/gptbot)"
20.171.207.246 - - [11/Jul/2025:12:35:53 -0400] "GET /194noua9991.html HTTP/1.1" 404 23129 "-" "Mozilla/5.0 AppleWebKit/537.36 (KHTML, like Gecko; compatible; GPTBot/1.2; +https://openai.com/gptbot)"
136.243.228.194 - - [11/Jul/2025:12:35:52 -0400] "GET /162cfjl5997.html HTTP/1.1" 404 23128 "-" "Mozilla/5.0 (compatible; DataForSeoBot/1.0; +https://dataforseo.com/dataforseo-bot)"
20.171.207.246 - - [11/Jul/2025:12:36:09 -0400] "GET /260xoxum37.html HTTP/1.1" 404 23128 "-" "Mozilla/5.0 AppleWebKit/537.36 (KHTML, like Gecko; compatible; GPTBot/1.2; +https://openai.com/gptbot)"
136.243.228.194 - - [11/Jul/2025:12:36:13 -0400] "GET /items/wkvav68/25198?key=apology HTTP/1.1" 404 23128 "-" "Mozilla/5.0 (compatible; DataForSeoBot/1.0; +https://dataforseo.com/dataforseo-bot)"
20.171.207.246 - - [11/Jul/2025:12:36:14 -0400] "GET /180hkxcu85.html HTTP/1.1" 404 23128 "-" "Mozilla/5.0 AppleWebKit/537.36 (KHTML, like Gecko; compatible; GPTBot/1.2; +https://openai.com/gptbot)"
136.243.228.194 - - [11/Jul/2025:12:36:19 -0400] "GET /items/exyov234/13530?key=poem HTTP/1.1" 404 23128 "-" "Mozilla/5.0 (compatible; DataForSeoBot/1.0; +https://dataforseo.com/dataforseo-bot)"
20.171.207.246 - - [11/Jul/2025:12:36:20 -0400] "GET /5rqrff7124.html HTTP/1.1" 404 23130 "-" "Mozilla/5.0 AppleWebKit/537.36 (KHTML, like Gecko; compatible; GPTBot/1.2; +https://openai.com/gptbot)"
136.243.228.194 - - [11/Jul/2025:12:36:24 -0400] "GET /241zctxl10646.html HTTP/1.1" 404 23128 "-" "Mozilla/5.0 (compatible; DataForSeoBot/1.0; +https://dataforseo.com/dataforseo-bot)"
20.171.207.246 - - [11/Jul/2025:12:36:25 -0400] "GET /85rrlin390.html HTTP/1.1" 404 23129 "-" "Mozilla/5.0 AppleWebKit/537.36 (KHTML, like Gecko; compatible; GPTBot/1.2; +https://openai.com/gptbot)"
20.171.207.246 - - [11/Jul/2025:12:36:31 -0400] "GET /62sfuyc277.html HTTP/1.1" 404 23128 "-" "Mozilla/5.0 AppleWebKit/537.36 (KHTML, like Gecko; compatible; GPTBot/1.2; +https://openai.com/gptbot)"
136.243.228.194 - - [11/Jul/2025:12:36:30 -0400] "GET /items/kpvtx268/35250?key=maximum HTTP/1.1" 404 23128 "-" "Mozilla/5.0 (compatible; DataForSeoBot/1.0; +https://dataforseo.com/dataforseo-bot)"
66.29.146.47 - - [11/Jul/2025:12:36:43 -0400] "POST /wp-cron.php?doing_wp_cron=1752251802.5172801017761230468750 HTTP/1.1" 403 1242 "-" "WordPress/6.8; https://dangroup.sa"
20.171.207.246 - - [11/Jul/2025:12:36:41 -0400] "GET /185safcz18.html HTTP/1.1" 404 23128 "-" "Mozilla/5.0 AppleWebKit/537.36 (KHTML, like Gecko; compatible; GPTBot/1.2; +https://openai.com/gptbot)"
136.243.228.194 - - [11/Jul/2025:12:36:41 -0400] "GET /items/suqry243/29669?key=delight HTTP/1.1" 404 23128 "-" "Mozilla/5.0 (compatible; DataForSeoBot/1.0; +https://dataforseo.com/dataforseo-bot)"
20.171.207.246 - - [11/Jul/2025:12:36:50 -0400] "GET /140bgwmp77.html HTTP/1.1" 404 23128 "-" "Mozilla/5.0 AppleWebKit/537.36 (KHTML, like Gecko; compatible; GPTBot/1.2; +https://openai.com/gptbot)"
136.243.228.194 - - [11/Jul/2025:12:36:51 -0400] "GET /100ajrh11269.html HTTP/1.1" 404 23128 "-" "Mozilla/5.0 (compatible; DataForSeoBot/1.0; +https://dataforseo.com/dataforseo-bot)"
66.249.68.132 - - [11/Jul/2025:12:36:58 -0400] "GET /293agoil7786.html HTTP/1.1" 200 86598 "-" "Mozilla/5.0 (Linux; Android 6.0.1; Nexus 5X Build/MMB29P) AppleWebKit/537.36 (KHTML, like Gecko) Chrome/137.0.7151.103 Mobile Safari/537.36 (compatible; Googlebot/2.1; +http://www.google.com/bot.html)"
66.249.68.132 - - [11/Jul/2025:12:37:00 -0400] "GET /21ouuk28836.html HTTP/1.1" 200 87783 "-" "Mozilla/5.0 (Linux; Android 6.0.1; Nexus 5X Build/MMB29P) AppleWebKit/537.36 (KHTML, like Gecko) Chrome/137.0.7151.103 Mobile Safari/537.36 (compatible; Googlebot/2.1; +http://www.google.com/bot.html)"
20.171.207.246 - - [11/Jul/2025:12:37:00 -0400] "GET /194noua9991.html HTTP/1.1" 404 23128 "-" "Mozilla/5.0 AppleWebKit/537.36 (KHTML, like Gecko; compatible; GPTBot/1.2; +https://openai.com/gptbot)"
136.243.228.194 - - [11/Jul/2025:12:37:00 -0400] "GET /158oljn38637.html HTTP/1.1" 404 23128 "-" "Mozilla/5.0 (compatible; DataForSeoBot/1.0; +https://dataforseo.com/dataforseo-bot)"
20.171.207.246 - - [11/Jul/2025:12:37:11 -0400] "GET /1qqxni5654.html HTTP/1.1" 404 23130 "-" "Mozilla/5.0 AppleWebKit/537.36 (KHTML, like Gecko; compatible; GPTBot/1.2; +https://openai.com/gptbot)"
136.243.228.194 - - [11/Jul/2025:12:37:12 -0400] "GET /items/yjngv192/46484?key=beautiful HTTP/1.1" 404 23128 "-" "Mozilla/5.0 (compatible; DataForSeoBot/1.0; +https://dataforseo.com/dataforseo-bot)"
20.171.207.246 - - [11/Jul/2025:12:37:16 -0400] "GET /78rmjri639.html HTTP/1.1" 404 23128 "-" "Mozilla/5.0 AppleWebKit/537.36 (KHTML, like Gecko; compatible; GPTBot/1.2; +https://openai.com/gptbot)"
136.243.228.194 - - [11/Jul/2025:12:37:20 -0400] "GET /45jouly42916.html HTTP/1.1" 404 23130 "-" "Mozilla/5.0 (compatible; DataForSeoBot/1.0; +https://dataforseo.com/dataforseo-bot)"
20.171.207.246 - - [11/Jul/2025:12:37:21 -0400] "GET /111yzuf1180.html HTTP/1.1" 404 23128 "-" "Mozilla/5.0 AppleWebKit/537.36 (KHTML, like Gecko; compatible; GPTBot/1.2; +https://openai.com/gptbot)"
136.243.228.194 - - [11/Jul/2025:12:37:25 -0400] "GET /142ireju4749.html HTTP/1.1" 404 23128 "-" "Mozilla/5.0 (compatible; DataForSeoBot/1.0; +https://dataforseo.com/dataforseo-bot)"
20.171.207.246 - - [11/Jul/2025:12:37:29 -0400] "GET /168ulyt9111.html HTTP/1.1" 404 23128 "-" "Mozilla/5.0 AppleWebKit/537.36 (KHTML, like Gecko; compatible; GPTBot/1.2; +https://openai.com/gptbot)"
66.249.68.132 - - [11/Jul/2025:12:37:33 -0400] "GET /2fiqs5461.html HTTP/1.1" 200 86732 "-" "Mozilla/5.0 (Linux; Android 6.0.1; Nexus 5X Build/MMB29P) AppleWebKit/537.36 (KHTML, like Gecko) Chrome/137.0.7151.103 Mobile Safari/537.36 (compatible; Googlebot/2.1; +http://www.google.com/bot.html)"
136.243.228.194 - - [11/Jul/2025:12:37:33 -0400] "GET /items/avvye97/19221?key=percentage HTTP/1.1" 404 23130 "-" "Mozilla/5.0 (compatible; DataForSeoBot/1.0; +https://dataforseo.com/dataforseo-bot)"
20.171.207.246 - - [11/Jul/2025:12:37:35 -0400] "GET /111glrj6168.html HTTP/1.1" 404 23130 "-" "Mozilla/5.0 AppleWebKit/537.36 (KHTML, like Gecko; compatible; GPTBot/1.2; +https://openai.com/gptbot)"
66.29.146.47 - - [11/Jul/2025:12:37:43 -0400] "POST /wp-cron.php?doing_wp_cron=1752251863.0538771152496337890625 HTTP/1.1" 403 1242 "-" "WordPress/6.8; https://dangroup.sa"
66.29.146.47 - - [11/Jul/2025:12:37:44 -0400] "POST /wp-cron.php?doing_wp_cron=1752251863.6921870708465576171875 HTTP/1.1" 403 1242 "-" "WordPress/6.8; https://dangroup.sa"
20.171.207.246 - - [11/Jul/2025:12:37:42 -0400] "GET /1drpot6662.html HTTP/1.1" 404 23129 "-" "Mozilla/5.0 AppleWebKit/537.36 (KHTML, like Gecko; compatible; GPTBot/1.2; +https://openai.com/gptbot)"
136.243.228.194 - - [11/Jul/2025:12:37:41 -0400] "GET /205hxg54.html HTTP/1.1" 404 23128 "-" "Mozilla/5.0 (compatible; DataForSeoBot/1.0; +https://dataforseo.com/dataforseo-bot)"
20.171.207.246 - - [11/Jul/2025:12:37:52 -0400] "GET /12abcg93.html HTTP/1.1" 404 23128 "-" "Mozilla/5.0 AppleWebKit/537.36 (KHTML, like Gecko; compatible; GPTBot/1.2; +https://openai.com/gptbot)"
136.243.228.194 - - [11/Jul/2025:12:37:52 -0400] "GET /52ognfc45479.html HTTP/1.1" 404 23130 "-" "Mozilla/5.0 (compatible; DataForSeoBot/1.0; +https://dataforseo.com/dataforseo-bot)"
20.171.207.246 - - [11/Jul/2025:12:38:02 -0400] "GET /15fsvq48.html HTTP/1.1" 404 23128 "-" "Mozilla/5.0 AppleWebKit/537.36 (KHTML, like Gecko; compatible; GPTBot/1.2; +https://openai.com/gptbot)"
66.249.68.130 - - [11/Jul/2025:12:38:08 -0400] "GET /146vnsde4209.html HTTP/1.1" 200 87687 "-" "Mozilla/5.0 (Linux; Android 6.0.1; Nexus 5X Build/MMB29P) AppleWebKit/537.36 (KHTML, like Gecko) Chrome/137.0.7151.103 Mobile Safari/537.36 (compatible; Googlebot/2.1; +http://www.google.com/bot.html)"
136.243.228.194 - - [11/Jul/2025:12:38:03 -0400] "GET /items/wugvh61/30547?key=estimated HTTP/1.1" 404 23128 "-" "Mozilla/5.0 (compatible; DataForSeoBot/1.0; +https://dataforseo.com/dataforseo-bot)"
20.171.207.246 - - [11/Jul/2025:12:38:11 -0400] "GET /185safcz18.html HTTP/1.1" 404 23128 "-" "Mozilla/5.0 AppleWebKit/537.36 (KHTML, like Gecko; compatible; GPTBot/1.2; +https://openai.com/gptbot)"
136.243.228.194 - - [11/Jul/2025:12:38:13 -0400] "GET /items/zouou202/22766?key=remarkable HTTP/1.1" 404 23128 "-" "Mozilla/5.0 (compatible; DataForSeoBot/1.0; +https://dataforseo.com/dataforseo-bot)"
20.171.207.246 - - [11/Jul/2025:12:38:16 -0400] "GET /290skxo11117.html HTTP/1.1" 404 23128 "-" "Mozilla/5.0 AppleWebKit/537.36 (KHTML, like Gecko; compatible; GPTBot/1.2; +https://openai.com/gptbot)"
136.243.228.194 - - [11/Jul/2025:12:38:18 -0400] "GET /183pijs11886.html HTTP/1.1" 404 23128 "-" "Mozilla/5.0 (compatible; DataForSeoBot/1.0; +https://dataforseo.com/dataforseo-bot)"
20.171.207.246 - - [11/Jul/2025:12:38:21 -0400] "GET /196vhnr34343.html HTTP/1.1" 404 23128 "-" "Mozilla/5.0 AppleWebKit/537.36 (KHTML, like Gecko; compatible; GPTBot/1.2; +https://openai.com/gptbot)"
136.243.228.194 - - [11/Jul/2025:12:38:24 -0400] "GET /158vnsw7543.html HTTP/1.1" 404 23128 "-" "Mozilla/5.0 (compatible; DataForSeoBot/1.0; +https://dataforseo.com/dataforseo-bot)"
20.171.207.246 - - [11/Jul/2025:12:38:26 -0400] "GET /160mcjl22221.html HTTP/1.1" 404 23130 "-" "Mozilla/5.0 AppleWebKit/537.36 (KHTML, like Gecko; compatible; GPTBot/1.2; +https://openai.com/gptbot)"
136.243.228.194 - - [11/Jul/2025:12:38:30 -0400] "GET /items/oefuw154/25016?key=mass HTTP/1.1" 404 23130 "-" "Mozilla/5.0 (compatible; DataForSeoBot/1.0; +https://dataforseo.com/dataforseo-bot)"
20.171.207.246 - - [11/Jul/2025:12:38:32 -0400] "GET /5xqezw842.html HTTP/1.1" 404 23128 "-" "Mozilla/5.0 AppleWebKit/537.36 (KHTML, like Gecko; compatible; GPTBot/1.2; +https://openai.com/gptbot)"
136.243.228.194 - - [11/Jul/2025:12:38:34 -0400] "GET /179tbcrl30348.html HTTP/1.1" 404 23128 "-" "Mozilla/5.0 (compatible; DataForSeoBot/1.0; +https://dataforseo.com/dataforseo-bot)"
20.171.207.246 - - [11/Jul/2025:12:38:37 -0400] "GET /45mazs17754.html HTTP/1.1" 404 23129 "-" "Mozilla/5.0 AppleWebKit/537.36 (KHTML, like Gecko; compatible; GPTBot/1.2; +https://openai.com/gptbot)"
66.29.146.47 - - [11/Jul/2025:12:38:47 -0400] "POST /wp-cron.php?doing_wp_cron=1752251927.1589829921722412109375 HTTP/1.1" 403 1242 "-" "WordPress/6.8; https://dangroup.sa"
136.243.228.194 - - [11/Jul/2025:12:38:39 -0400] "GET /items/vucvb259/38821?key=integrity HTTP/1.1" 404 23130 "-" "Mozilla/5.0 (compatible; DataForSeoBot/1.0; +https://dataforseo.com/dataforseo-bot)"
20.171.207.246 - - [11/Jul/2025:12:38:44 -0400] "GET /68bjmx18621.html HTTP/1.1" 404 23128 "-" "Mozilla/5.0 AppleWebKit/537.36 (KHTML, like Gecko; compatible; GPTBot/1.2; +https://openai.com/gptbot)"
136.243.228.194 - - [11/Jul/2025:12:38:50 -0400] "GET /279nach23564.html HTTP/1.1" 404 23128 "-" "Mozilla/5.0 (compatible; DataForSeoBot/1.0; +https://dataforseo.com/dataforseo-bot)"
20.171.207.246 - - [11/Jul/2025:12:38:54 -0400] "GET /79tqvl60064.html HTTP/1.1" 404 23128 "-" "Mozilla/5.0 AppleWebKit/537.36 (KHTML, like Gecko; compatible; GPTBot/1.2; +https://openai.com/gptbot)"
136.243.228.194 - - [11/Jul/2025:12:39:01 -0400] "GET /95zift24246.html HTTP/1.1" 404 23128 "-" "Mozilla/5.0 (compatible; DataForSeoBot/1.0; +https://dataforseo.com/dataforseo-bot)"
20.171.207.246 - - [11/Jul/2025:12:39:04 -0400] "GET /61vhsy10466.html HTTP/1.1" 404 23130 "-" "Mozilla/5.0 AppleWebKit/537.36 (KHTML, like Gecko; compatible; GPTBot/1.2; +https://openai.com/gptbot)"
136.243.228.194 - - [11/Jul/2025:12:39:09 -0400] "GET /items/iykuz147/41873?key=shade HTTP/1.1" 404 23128 "-" "Mozilla/5.0 (compatible; DataForSeoBot/1.0; +https://dataforseo.com/dataforseo-bot)"
20.171.207.246 - - [11/Jul/2025:12:39:11 -0400] "GET /281josx2292.html HTTP/1.1" 404 23128 "-" "Mozilla/5.0 AppleWebKit/537.36 (KHTML, like Gecko; compatible; GPTBot/1.2; +https://openai.com/gptbot)"
136.243.228.194 - - [11/Jul/2025:12:39:14 -0400] "GET /143hzbx20570.html HTTP/1.1" 404 23130 "-" "Mozilla/5.0 (compatible; DataForSeoBot/1.0; +https://dataforseo.com/dataforseo-bot)"
20.171.207.246 - - [11/Jul/2025:12:39:17 -0400] "GET /288mlzb2971.html HTTP/1.1" 404 23129 "-" "Mozilla/5.0 AppleWebKit/537.36 (KHTML, like Gecko; compatible; GPTBot/1.2; +https://openai.com/gptbot)"
20.171.207.246 - - [11/Jul/2025:12:39:26 -0400] "GET /64iypl33447.html HTTP/1.1" 404 23128 "-" "Mozilla/5.0 AppleWebKit/537.36 (KHTML, like Gecko; compatible; GPTBot/1.2; +https://openai.com/gptbot)"
74.125.150.131 - - [11/Jul/2025:12:39:37 -0400] "GET /kasvngb1713ffactorys HTTP/1.1" 200 17 "-" "Mozilla/5.0 (Linux; Android 6.0.1; Nexus 5X Build/MMB29P) AppleWebKit/537.36 (KHTML, like Gecko) Chrome/137.0.7151.103 Mobile Safari/537.36 (compatible; AdsBot-Google-Mobile; +http://www.google.com/mobile/adsbot.html)"
20.171.207.246 - - [11/Jul/2025:12:39:34 -0400] "GET /38ntwl37175.html HTTP/1.1" 404 23128 "-" "Mozilla/5.0 AppleWebKit/537.36 (KHTML, like Gecko; compatible; GPTBot/1.2; +https://openai.com/gptbot)"
20.171.207.246 - - [11/Jul/2025:12:39:44 -0400] "GET /227fqci1220.html HTTP/1.1" 404 23128 "-" "Mozilla/5.0 AppleWebKit/537.36 (KHTML, like Gecko; compatible; GPTBot/1.2; +https://openai.com/gptbot)"
66.29.146.47 - - [11/Jul/2025:12:39:51 -0400] "POST /wp-cron.php?doing_wp_cron=1752251990.8855319023132324218750 HTTP/1.1" 403 1242 "-" "WordPress/6.8; https://dangroup.sa"
20.171.207.246 - - [11/Jul/2025:12:39:50 -0400] "GET /94zskz11899.html HTTP/1.1" 404 23128 "-" "Mozilla/5.0 AppleWebKit/537.36 (KHTML, like Gecko; compatible; GPTBot/1.2; +https://openai.com/gptbot)"
20.171.207.246 - - [11/Jul/2025:12:39:56 -0400] "GET /87temp11226.html HTTP/1.1" 404 23130 "-" "Mozilla/5.0 AppleWebKit/537.36 (KHTML, like Gecko; compatible; GPTBot/1.2; +https://openai.com/gptbot)"
20.171.207.246 - - [11/Jul/2025:12:40:01 -0400] "GET /31hvtw24154.html HTTP/1.1" 404 23128 "-" "Mozilla/5.0 AppleWebKit/537.36 (KHTML, like Gecko; compatible; GPTBot/1.2; +https://openai.com/gptbot)"
136.243.228.194 - - [11/Jul/2025:12:40:06 -0400] "GET /items/eaagj296/47634?key=develop HTTP/1.1" 404 23128 "-" "Mozilla/5.0 (compatible; DataForSeoBot/1.0; +https://dataforseo.com/dataforseo-bot)"
20.171.207.246 - - [11/Jul/2025:12:40:06 -0400] "GET /90mldc34429.html HTTP/1.1" 404 23130 "-" "Mozilla/5.0 AppleWebKit/537.36 (KHTML, like Gecko; compatible; GPTBot/1.2; +https://openai.com/gptbot)"
47.82.60.55 - - [11/Jul/2025:12:40:10 -0400] "GET /items/dnzts145/46743?key=initiative HTTP/1.1" 404 23128 "https://dangroup.sa/items/dnzts145/46743?key=initiative" "Mozilla/5.0 (Windows NT 10.0; Win64; x64) AppleWebKit/537.36 (KHTML, like Gecko) Chrome/114.0.0.0 Safari/537.36 Edg/114.0.1823.43"
136.243.228.194 - - [11/Jul/2025:12:40:13 -0400] "GET /items/sqygn177/35739?key=spring HTTP/1.1" 404 23128 "-" "Mozilla/5.0 (compatible; DataForSeoBot/1.0; +https://dataforseo.com/dataforseo-bot)"
20.171.207.246 - - [11/Jul/2025:12:40:14 -0400] "GET /23kcck13998.html HTTP/1.1" 404 23128 "-" "Mozilla/5.0 AppleWebKit/537.36 (KHTML, like Gecko; compatible; GPTBot/1.2; +https://openai.com/gptbot)"
136.243.228.194 - - [11/Jul/2025:12:40:22 -0400] "GET /60vnec8023.html HTTP/1.1" 404 23128 "-" "Mozilla/5.0 (compatible; DataForSeoBot/1.0; +https://dataforseo.com/dataforseo-bot)"
20.171.207.246 - - [11/Jul/2025:12:40:23 -0400] "GET /82lsxk27427.html HTTP/1.1" 404 23128 "-" "Mozilla/5.0 AppleWebKit/537.36 (KHTML, like Gecko; compatible; GPTBot/1.2; +https://openai.com/gptbot)"
66.249.68.130 - - [11/Jul/2025:12:40:34 -0400] "GET /232klo31971.html HTTP/1.1" 200 86891 "-" "Mozilla/5.0 (Linux; Android 6.0.1; Nexus 5X Build/MMB29P) AppleWebKit/537.36 (KHTML, like Gecko) Chrome/137.0.7151.103 Mobile Safari/537.36 (compatible; Googlebot/2.1; +http://www.google.com/bot.html)"
47.82.60.37 - - [11/Jul/2025:12:40:29 -0400] "GET /174gma35147.html HTTP/1.1" 404 23128 "https://dangroup.sa/174gma35147.html" "Mozilla/5.0 (Windows NT 10.0; Win64; x64) AppleWebKit/537.36 (KHTML, like Gecko) Chrome/114.0.0.0 Safari/537.36 Edg/114.0.1823.43"
20.171.207.246 - - [11/Jul/2025:12:40:38 -0400] "GET /67nnfn27690.html HTTP/1.1" 404 23128 "-" "Mozilla/5.0 AppleWebKit/537.36 (KHTML, like Gecko; compatible; GPTBot/1.2; +https://openai.com/gptbot)"
136.243.228.194 - - [11/Jul/2025:12:40:37 -0400] "GET /300zliw42177.html HTTP/1.1" 404 23130 "-" "Mozilla/5.0 (compatible; DataForSeoBot/1.0; +https://dataforseo.com/dataforseo-bot)"
66.29.146.47 - - [11/Jul/2025:12:40:53 -0400] "POST /wp-cron.php?doing_wp_cron=1752252053.3675448894500732421875 HTTP/1.1" 403 1242 "-" "WordPress/6.8; https://dangroup.sa"
66.29.146.47 - - [11/Jul/2025:12:40:54 -0400] "POST /wp-cron.php?doing_wp_cron=1752252054.2664330005645751953125 HTTP/1.1" 403 1242 "-" "WordPress/6.8; https://dangroup.sa"
136.243.228.194 - - [11/Jul/2025:12:40:52 -0400] "GET /77iizbs8804.html HTTP/1.1" 404 23128 "-" "Mozilla/5.0 (compatible; DataForSeoBot/1.0; +https://dataforseo.com/dataforseo-bot)"
20.171.207.246 - - [11/Jul/2025:12:40:53 -0400] "GET /61sfbb30116.html HTTP/1.1" 404 23128 "-" "Mozilla/5.0 AppleWebKit/537.36 (KHTML, like Gecko; compatible; GPTBot/1.2; +https://openai.com/gptbot)"
136.243.228.194 - - [11/Jul/2025:12:40:59 -0400] "GET /281ruyf47594.html HTTP/1.1" 404 23128 "-" "Mozilla/5.0 (compatible; DataForSeoBot/1.0; +https://dataforseo.com/dataforseo-bot)"
20.171.207.246 - - [11/Jul/2025:12:41:02 -0400] "GET /44cvhg40509.html HTTP/1.1" 404 23128 "-" "Mozilla/5.0 AppleWebKit/537.36 (KHTML, like Gecko; compatible; GPTBot/1.2; +https://openai.com/gptbot)"
66.249.68.129 - - [11/Jul/2025:12:41:09 -0400] "GET /137fgz18922.html HTTP/1.1" 200 87544 "-" "Mozilla/5.0 (Linux; Android 6.0.1; Nexus 5X Build/MMB29P) AppleWebKit/537.36 (KHTML, like Gecko) Chrome/137.0.7151.103 Mobile Safari/537.36 (compatible; Googlebot/2.1; +http://www.google.com/bot.html)"
136.243.228.194 - - [11/Jul/2025:12:41:05 -0400] "GET /items/ridge113/44433?key=gate HTTP/1.1" 404 23130 "-" "Mozilla/5.0 (compatible; DataForSeoBot/1.0; +https://dataforseo.com/dataforseo-bot)"
20.171.207.246 - - [11/Jul/2025:12:41:09 -0400] "GET /74amst24493.html HTTP/1.1" 404 23128 "-" "Mozilla/5.0 AppleWebKit/537.36 (KHTML, like Gecko; compatible; GPTBot/1.2; +https://openai.com/gptbot)"
136.243.228.194 - - [11/Jul/2025:12:41:12 -0400] "GET /104neprr33623.html HTTP/1.1" 404 23128 "-" "Mozilla/5.0 (compatible; DataForSeoBot/1.0; +https://dataforseo.com/dataforseo-bot)"
136.243.228.194 - - [11/Jul/2025:12:41:20 -0400] "GET /229uxje104.html HTTP/1.1" 404 23128 "-" "Mozilla/5.0 (compatible; DataForSeoBot/1.0; +https://dataforseo.com/dataforseo-bot)"
20.171.207.246 - - [11/Jul/2025:12:41:25 -0400] "GET /53fjfl30906.html HTTP/1.1" 404 23128 "-" "Mozilla/5.0 AppleWebKit/537.36 (KHTML, like Gecko; compatible; GPTBot/1.2; +https://openai.com/gptbot)"
47.82.60.17 - - [11/Jul/2025:12:41:37 -0400] "GET /items/wtpyx112/8552?key=city HTTP/1.1" 301 0 "https://www.dangroup.sa/items/wtpyx112/8552?key=city" "Mozilla/5.0 (Windows NT 10.0; Win64; x64) AppleWebKit/537.36 (KHTML, like Gecko) Chrome/114.0.0.0 Safari/537.36 Edg/114.0.1823.43"
47.82.60.9 - - [11/Jul/2025:12:41:42 -0400] "GET /items/gqlop190/47588?key=mood HTTP/1.1" 301 0 "https://www.dangroup.sa/items/gqlop190/47588?key=mood" "Mozilla/5.0 (Windows NT 10.0; Win64; x64) AppleWebKit/537.36 (KHTML, like Gecko) Chrome/114.0.0.0 Safari/537.36 Edg/114.0.1823.43"
66.249.68.129 - - [11/Jul/2025:12:41:44 -0400] "GET /160yvu46935.html HTTP/1.1" 200 86885 "-" "Mozilla/5.0 (Linux; Android 6.0.1; Nexus 5X Build/MMB29P) AppleWebKit/537.36 (KHTML, like Gecko) Chrome/137.0.7151.103 Mobile Safari/537.36 (compatible; Googlebot/2.1; +http://www.google.com/bot.html)"
136.243.228.194 - - [11/Jul/2025:12:41:33 -0400] "GET /38sdf18531.html HTTP/1.1" 404 23128 "-" "Mozilla/5.0 (compatible; DataForSeoBot/1.0; +https://dataforseo.com/dataforseo-bot)"
66.249.68.129 - - [11/Jul/2025:12:41:46 -0400] "GET /items/zyebn249/29539?key=re HTTP/1.1" 200 86508 "-" "Mozilla/5.0 (Linux; Android 6.0.1; Nexus 5X Build/MMB29P) AppleWebKit/537.36 (KHTML, like Gecko) Chrome/137.0.7151.103 Mobile Safari/537.36 (compatible; GoogleOther)"
20.171.207.246 - - [11/Jul/2025:12:41:36 -0400] "GET /106iglg7747.html HTTP/1.1" 404 23128 "-" "Mozilla/5.0 AppleWebKit/537.36 (KHTML, like Gecko; compatible; GPTBot/1.2; +https://openai.com/gptbot)"
47.82.60.55 - - [11/Jul/2025:12:41:37 -0400] "GET /257sanim24976.html HTTP/1.1" 404 23130 "https://dangroup.sa/257sanim24976.html" "Mozilla/5.0 (Windows NT 10.0; Win64; x64) AppleWebKit/537.36 (KHTML, like Gecko) Chrome/114.0.0.0 Safari/537.36 Edg/114.0.1823.43"
47.82.60.17 - - [11/Jul/2025:12:41:40 -0400] "GET /items/wtpyx112/8552?key=city HTTP/1.1" 404 23128 "https://www.dangroup.sa/items/wtpyx112/8552?key=city" "Mozilla/5.0 (Windows NT 10.0; Win64; x64) AppleWebKit/537.36 (KHTML, like Gecko) Chrome/114.0.0.0 Safari/537.36 Edg/114.0.1823.43"
66.29.146.47 - - [11/Jul/2025:12:41:56 -0400] "POST /wp-cron.php?doing_wp_cron=1752252115.9679460525512695312500 HTTP/1.1" 403 1242 "-" "WordPress/6.8; https://dangroup.sa"
66.249.68.129 - - [11/Jul/2025:12:41:58 -0400] "GET /items/cmwcq11/48025?key=aunt HTTP/1.1" 200 86564 "-" "Mozilla/5.0 (Linux; Android 6.0.1; Nexus 5X Build/MMB29P) AppleWebKit/537.36 (KHTML, like Gecko) Chrome/137.0.7151.103 Mobile Safari/537.36 (compatible; Googlebot/2.1; +http://www.google.com/bot.html)"
136.243.228.194 - - [11/Jul/2025:12:41:49 -0400] "GET /items/gfyox196/17114?key=reason HTTP/1.1" 404 23128 "-" "Mozilla/5.0 (compatible; DataForSeoBot/1.0; +https://dataforseo.com/dataforseo-bot)"
47.82.60.9 - - [11/Jul/2025:12:41:47 -0400] "GET /items/gqlop190/47588?key=mood HTTP/1.1" 404 23128 "https://www.dangroup.sa/items/gqlop190/47588?key=mood" "Mozilla/5.0 (Windows NT 10.0; Win64; x64) AppleWebKit/537.36 (KHTML, like Gecko) Chrome/114.0.0.0 Safari/537.36 Edg/114.0.1823.43"
20.171.207.246 - - [11/Jul/2025:12:41:53 -0400] "GET /22yaqp12927.html HTTP/1.1" 404 23130 "-" "Mozilla/5.0 AppleWebKit/537.36 (KHTML, like Gecko; compatible; GPTBot/1.2; +https://openai.com/gptbot)"
136.243.228.194 - - [11/Jul/2025:12:42:01 -0400] "GET /items/jrens126/22972?key=inspire HTTP/1.1" 404 23128 "-" "Mozilla/5.0 (compatible; DataForSeoBot/1.0; +https://dataforseo.com/dataforseo-bot)"
20.171.207.246 - - [11/Jul/2025:12:42:03 -0400] "GET /32ggph38307.html HTTP/1.1" 404 23128 "-" "Mozilla/5.0 AppleWebKit/537.36 (KHTML, like Gecko; compatible; GPTBot/1.2; +https://openai.com/gptbot)"
47.82.60.17 - - [11/Jul/2025:12:42:04 -0400] "GET /items/uqmpu14/19826?key=bullet HTTP/1.1" 404 23130 "https://dangroup.sa/items/uqmpu14/19826?key=bullet" "Mozilla/5.0 (Windows NT 10.0; Win64; x64) AppleWebKit/537.36 (KHTML, like Gecko) Chrome/114.0.0.0 Safari/537.36 Edg/114.0.1823.43"
47.82.60.41 - - [11/Jul/2025:12:42:04 -0400] "GET /57ubrup8938.html HTTP/1.1" 404 23130 "https://dangroup.sa/57ubrup8938.html" "Mozilla/5.0 (Windows NT 10.0; Win64; x64) AppleWebKit/537.36 (KHTML, like Gecko) Chrome/114.0.0.0 Safari/537.36 Edg/114.0.1823.43"
47.82.60.43 - - [11/Jul/2025:12:42:05 -0400] "GET /items/akgdw25/323?key=elaborate HTTP/1.1" 404 23128 "https://dangroup.sa/items/akgdw25/323?key=elaborate" "Mozilla/5.0 (Windows NT 10.0; Win64; x64) AppleWebKit/537.36 (KHTML, like Gecko) Chrome/114.0.0.0 Safari/537.36 Edg/114.0.1823.43"
136.243.228.194 - - [11/Jul/2025:12:42:11 -0400] "GET /221afp16604.html HTTP/1.1" 404 23128 "-" "Mozilla/5.0 (compatible; DataForSeoBot/1.0; +https://dataforseo.com/dataforseo-bot)"
66.249.68.129 - - [11/Jul/2025:12:42:19 -0400] "GET /256oxpz2699.html HTTP/1.1" 200 87030 "-" "Mozilla/5.0 (Linux; Android 6.0.1; Nexus 5X Build/MMB29P) AppleWebKit/537.36 (KHTML, like Gecko) Chrome/137.0.7151.103 Mobile Safari/537.36 (compatible; Googlebot/2.1; +http://www.google.com/bot.html)"
20.171.207.246 - - [11/Jul/2025:12:42:14 -0400] "GET /245crsr7274.html HTTP/1.1" 404 23128 "-" "Mozilla/5.0 AppleWebKit/537.36 (KHTML, like Gecko; compatible; GPTBot/1.2; +https://openai.com/gptbot)"
136.243.228.194 - - [11/Jul/2025:12:42:20 -0400] "GET /items/zyvui171/37949?key=tongue HTTP/1.1" 404 23130 "-" "Mozilla/5.0 (compatible; DataForSeoBot/1.0; +https://dataforseo.com/dataforseo-bot)"
20.171.207.246 - - [11/Jul/2025:12:42:21 -0400] "GET /118rxma7883.html HTTP/1.1" 404 23128 "-" "Mozilla/5.0 AppleWebKit/537.36 (KHTML, like Gecko; compatible; GPTBot/1.2; +https://openai.com/gptbot)"
136.243.228.194 - - [11/Jul/2025:12:42:26 -0400] "GET /240vev42233.html HTTP/1.1" 404 23130 "-" "Mozilla/5.0 (compatible; DataForSeoBot/1.0; +https://dataforseo.com/dataforseo-bot)"
20.171.207.246 - - [11/Jul/2025:12:42:28 -0400] "GET /49mdkd46836.html HTTP/1.1" 404 23128 "-" "Mozilla/5.0 AppleWebKit/537.36 (KHTML, like Gecko; compatible; GPTBot/1.2; +https://openai.com/gptbot)"
136.243.228.194 - - [11/Jul/2025:12:42:33 -0400] "GET /items/yxnkk94/19186?key=least HTTP/1.1" 404 23128 "-" "Mozilla/5.0 (compatible; DataForSeoBot/1.0; +https://dataforseo.com/dataforseo-bot)"
20.171.207.246 - - [11/Jul/2025:12:42:35 -0400] "GET /48nttj37703.html HTTP/1.1" 404 23128 "-" "Mozilla/5.0 AppleWebKit/537.36 (KHTML, like Gecko; compatible; GPTBot/1.2; +https://openai.com/gptbot)"
136.243.228.194 - - [11/Jul/2025:12:42:42 -0400] "GET /147vlbno19986.html HTTP/1.1" 404 23128 "-" "Mozilla/5.0 (compatible; DataForSeoBot/1.0; +https://dataforseo.com/dataforseo-bot)"
20.171.207.246 - - [11/Jul/2025:12:42:43 -0400] "GET /39jwaw30202.html HTTP/1.1" 404 23128 "-" "Mozilla/5.0 AppleWebKit/537.36 (KHTML, like Gecko; compatible; GPTBot/1.2; +https://openai.com/gptbot)"
66.249.79.135 - - [11/Jul/2025:12:42:49 -0400] "GET /items/wmhjb298/11830?key=blast HTTP/1.1" 200 86702 "-" "Mozilla/5.0 (Linux; Android 6.0.1; Nexus 5X Build/MMB29P) AppleWebKit/537.36 (KHTML, like Gecko) Chrome/137.0.7151.103 Mobile Safari/537.36 (compatible; Googlebot/2.1; +http://www.google.com/bot.html)"
136.243.228.194 - - [11/Jul/2025:12:42:47 -0400] "GET /102ghcm337.html HTTP/1.1" 404 23128 "-" "Mozilla/5.0 (compatible; DataForSeoBot/1.0; +https://dataforseo.com/dataforseo-bot)"
66.249.68.130 - - [11/Jul/2025:12:42:54 -0400] "GET /243cfr15030.html HTTP/1.1" 200 86917 "-" "Mozilla/5.0 (Linux; Android 6.0.1; Nexus 5X Build/MMB29P) AppleWebKit/537.36 (KHTML, like Gecko) Chrome/137.0.7151.103 Mobile Safari/537.36 (compatible; Googlebot/2.1; +http://www.google.com/bot.html)"
20.171.207.246 - - [11/Jul/2025:12:42:50 -0400] "GET /74amst24493.html HTTP/1.1" 404 23130 "-" "Mozilla/5.0 AppleWebKit/537.36 (KHTML, like Gecko; compatible; GPTBot/1.2; +https://openai.com/gptbot)"
136.243.228.194 - - [11/Jul/2025:12:42:53 -0400] "GET /items/zhapy257/14047?key=governor HTTP/1.1" 404 23128 "-" "Mozilla/5.0 (compatible; DataForSeoBot/1.0; +https://dataforseo.com/dataforseo-bot)"
66.29.146.47 - - [11/Jul/2025:12:43:00 -0400] "POST /wp-cron.php?doing_wp_cron=1752252180.5538499355316162109375 HTTP/1.1" 403 1242 "-" "WordPress/6.8; https://dangroup.sa"
20.171.207.246 - - [11/Jul/2025:12:42:59 -0400] "GET /35ktpj23732.html HTTP/1.1" 404 23128 "-" "Mozilla/5.0 AppleWebKit/537.36 (KHTML, like Gecko; compatible; GPTBot/1.2; +https://openai.com/gptbot)"
136.243.228.194 - - [11/Jul/2025:12:43:01 -0400] "GET /items/gulwy139/28647?key=anticipate HTTP/1.1" 404 23128 "-" "Mozilla/5.0 (compatible; DataForSeoBot/1.0; +https://dataforseo.com/dataforseo-bot)"
20.171.207.246 - - [11/Jul/2025:12:43:07 -0400] "GET /250bbmw8725.html HTTP/1.1" 404 23129 "-" "Mozilla/5.0 AppleWebKit/537.36 (KHTML, like Gecko; compatible; GPTBot/1.2; +https://openai.com/gptbot)"
136.243.228.194 - - [11/Jul/2025:12:43:10 -0400] "GET /items/qmmrt262/5564?key=twenty HTTP/1.1" 404 23308 "-" "Mozilla/5.0 (compatible; DataForSeoBot/1.0; +https://dataforseo.com/dataforseo-bot)"
47.82.60.20 - - [11/Jul/2025:12:43:12 -0400] "GET /items/mhgmo94/2750?key=stem HTTP/1.1" 404 23128 "https://dangroup.sa/items/mhgmo94/2750?key=stem" "Mozilla/5.0 (Windows NT 10.0; Win64; x64) AppleWebKit/537.36 (KHTML, like Gecko) Chrome/114.0.0.0 Safari/537.36 Edg/114.0.1823.43"
136.243.228.194 - - [11/Jul/2025:12:43:24 -0400] "GET /155wfmo8090.html HTTP/1.1" 404 23130 "-" "Mozilla/5.0 (compatible; DataForSeoBot/1.0; +https://dataforseo.com/dataforseo-bot)"
20.171.207.246 - - [11/Jul/2025:12:43:24 -0400] "GET /241uplu3204.html HTTP/1.1" 404 23128 "-" "Mozilla/5.0 AppleWebKit/537.36 (KHTML, like Gecko; compatible; GPTBot/1.2; +https://openai.com/gptbot)"
47.82.60.5 - - [11/Jul/2025:12:43:28 -0400] "GET /items/rrfzg11/10065?key=perfectly HTTP/1.1" 404 23128 "https://dangroup.sa/items/rrfzg11/10065?key=perfectly" "Mozilla/5.0 (Windows NT 10.0; Win64; x64) AppleWebKit/537.36 (KHTML, like Gecko) Chrome/114.0.0.0 Safari/537.36 Edg/114.0.1823.43"
47.82.60.2 - - [11/Jul/2025:12:43:31 -0400] "GET /items/ecyhp247/25523?key=marriage HTTP/1.1" 404 23128 "https://dangroup.sa/items/ecyhp247/25523?key=marriage" "Mozilla/5.0 (Windows NT 10.0; Win64; x64) AppleWebKit/537.36 (KHTML, like Gecko) Chrome/114.0.0.0 Safari/537.36 Edg/114.0.1823.43"
136.243.228.194 - - [11/Jul/2025:12:43:40 -0400] "GET /271qgvn19170.html HTTP/1.1" 404 23128 "-" "Mozilla/5.0 (compatible; DataForSeoBot/1.0; +https://dataforseo.com/dataforseo-bot)"
20.171.207.246 - - [11/Jul/2025:12:43:40 -0400] "GET /263maqe2020.html HTTP/1.1" 404 23128 "-" "Mozilla/5.0 AppleWebKit/537.36 (KHTML, like Gecko; compatible; GPTBot/1.2; +https://openai.com/gptbot)"
136.243.228.194 - - [11/Jul/2025:12:43:47 -0400] "GET /items/hqjjq250/23838?key=grant HTTP/1.1" 404 23130 "-" "Mozilla/5.0 (compatible; DataForSeoBot/1.0; +https://dataforseo.com/dataforseo-bot)"
20.171.207.246 - - [11/Jul/2025:12:43:48 -0400] "GET /21bmzt14940.html HTTP/1.1" 404 23128 "-" "Mozilla/5.0 AppleWebKit/537.36 (KHTML, like Gecko; compatible; GPTBot/1.2; +https://openai.com/gptbot)"
136.243.228.194 - - [11/Jul/2025:12:43:54 -0400] "GET /items/xvsyz189/23741?key=slip HTTP/1.1" 404 23130 "-" "Mozilla/5.0 (compatible; DataForSeoBot/1.0; +https://dataforseo.com/dataforseo-bot)"
20.171.207.246 - - [11/Jul/2025:12:43:55 -0400] "GET /287xemx6576.html HTTP/1.1" 404 23128 "-" "Mozilla/5.0 AppleWebKit/537.36 (KHTML, like Gecko; compatible; GPTBot/1.2; +https://openai.com/gptbot)"
66.29.146.47 - - [11/Jul/2025:12:44:00 -0400] "POST /wp-cron.php?doing_wp_cron=1752252240.6662499904632568359375 HTTP/1.1" 403 1242 "-" "WordPress/6.8; https://dangroup.sa"
136.243.228.194 - - [11/Jul/2025:12:43:59 -0400] "GET /216lzcga45655.html HTTP/1.1" 404 23128 "-" "Mozilla/5.0 (compatible; DataForSeoBot/1.0; +https://dataforseo.com/dataforseo-bot)"
20.171.207.246 - - [11/Jul/2025:12:44:03 -0400] "GET /241elmc3164.html HTTP/1.1" 404 23128 "-" "Mozilla/5.0 AppleWebKit/537.36 (KHTML, like Gecko; compatible; GPTBot/1.2; +https://openai.com/gptbot)"
