136.243.228.194 - - [11/Jul/2025:16:55:06 -0400] "GET /items/qlery170/9956?key=girlfriend HTTP/1.1" 404 23128 "-" "Mozilla/5.0 (compatible; DataForSeoBot/1.0; +https://dataforseo.com/dataforseo-bot)"
136.243.228.194 - - [11/Jul/2025:16:55:12 -0400] "GET /189nqo2100.html HTTP/1.1" 404 23128 "-" "Mozilla/5.0 (compatible; DataForSeoBot/1.0; +https://dataforseo.com/dataforseo-bot)"
136.243.228.194 - - [11/Jul/2025:16:55:18 -0400] "GET /160lfya2187.html HTTP/1.1" 404 23128 "-" "Mozilla/5.0 (compatible; DataForSeoBot/1.0; +https://dataforseo.com/dataforseo-bot)"
47.82.60.9 - - [11/Jul/2025:16:55:20 -0400] "GET /items/ntftd38/14786?key=lovely HTTP/1.1" 404 23128 "https://dangroup.sa/items/ntftd38/14786?key=lovely" "Mozilla/5.0 (Windows NT 10.0; Win64; x64) AppleWebKit/537.36 (KHTML, like Gecko) Chrome/114.0.0.0 Safari/537.36 Edg/114.0.1823.43"
136.243.228.194 - - [11/Jul/2025:16:55:23 -0400] "GET /102yfokh39695.html HTTP/1.1" 404 23128 "-" "Mozilla/5.0 (compatible; DataForSeoBot/1.0; +https://dataforseo.com/dataforseo-bot)"
136.243.228.194 - - [11/Jul/2025:16:55:29 -0400] "GET /items/swznw116/5954?key=hope HTTP/1.1" 404 23128 "-" "Mozilla/5.0 (compatible; DataForSeoBot/1.0; +https://dataforseo.com/dataforseo-bot)"
66.29.146.47 - - [11/Jul/2025:16:55:39 -0400] "POST /wp-cron.php?doing_wp_cron=1752267338.7285699844360351562500 HTTP/1.1" 403 1242 "-" "WordPress/6.8; https://dangroup.sa"
136.243.228.194 - - [11/Jul/2025:16:55:37 -0400] "GET /items/tzlin226/16174?key=pork HTTP/1.1" 404 23130 "-" "Mozilla/5.0 (compatible; DataForSeoBot/1.0; +https://dataforseo.com/dataforseo-bot)"
136.243.228.194 - - [11/Jul/2025:16:55:47 -0400] "GET /items/vcxak97/14313?key=portray HTTP/1.1" 404 23128 "-" "Mozilla/5.0 (compatible; DataForSeoBot/1.0; +https://dataforseo.com/dataforseo-bot)"
20.171.207.246 - - [11/Jul/2025:16:55:49 -0400] "GET /124emjl42461.html HTTP/1.1" 404 23129 "-" "Mozilla/5.0 AppleWebKit/537.36 (KHTML, like Gecko; compatible; GPTBot/1.2; +https://openai.com/gptbot)"
136.243.228.194 - - [11/Jul/2025:16:55:56 -0400] "GET /100tqchr13751.html HTTP/1.1" 404 23130 "-" "Mozilla/5.0 (compatible; DataForSeoBot/1.0; +https://dataforseo.com/dataforseo-bot)"
136.243.228.194 - - [11/Jul/2025:16:56:01 -0400] "GET /81pbt49134.html HTTP/1.1" 404 23128 "-" "Mozilla/5.0 (compatible; DataForSeoBot/1.0; +https://dataforseo.com/dataforseo-bot)"
136.243.228.194 - - [11/Jul/2025:16:56:06 -0400] "GET /214iiz43523.html HTTP/1.1" 404 23128 "-" "Mozilla/5.0 (compatible; DataForSeoBot/1.0; +https://dataforseo.com/dataforseo-bot)"
136.243.228.194 - - [11/Jul/2025:16:56:12 -0400] "GET /items/hfghd255/43543?key=soul HTTP/1.1" 404 23128 "-" "Mozilla/5.0 (compatible; DataForSeoBot/1.0; +https://dataforseo.com/dataforseo-bot)"
136.243.228.194 - - [11/Jul/2025:16:56:16 -0400] "GET /items/ccavf32/13066?key=profession HTTP/1.1" 404 23128 "-" "Mozilla/5.0 (compatible; DataForSeoBot/1.0; +https://dataforseo.com/dataforseo-bot)"
136.243.228.194 - - [11/Jul/2025:16:56:22 -0400] "GET /items/hqtvo118/8028?key=bloody HTTP/1.1" 404 23128 "-" "Mozilla/5.0 (compatible; DataForSeoBot/1.0; +https://dataforseo.com/dataforseo-bot)"
136.243.228.194 - - [11/Jul/2025:16:56:27 -0400] "GET /items/gaqzy255/45179?key=celebrate HTTP/1.1" 404 23128 "-" "Mozilla/5.0 (compatible; DataForSeoBot/1.0; +https://dataforseo.com/dataforseo-bot)"
136.243.228.194 - - [11/Jul/2025:16:56:32 -0400] "GET /98jdco4057.html HTTP/1.1" 404 23130 "-" "Mozilla/5.0 (compatible; DataForSeoBot/1.0; +https://dataforseo.com/dataforseo-bot)"
66.29.146.47 - - [11/Jul/2025:16:56:41 -0400] "POST /wp-cron.php?doing_wp_cron=1752267401.1727058887481689453125 HTTP/1.1" 403 1242 "-" "WordPress/6.8; https://dangroup.sa"
136.243.228.194 - - [11/Jul/2025:16:56:40 -0400] "GET /items/ntmab89/2017?key=toy HTTP/1.1" 404 23128 "-" "Mozilla/5.0 (compatible; DataForSeoBot/1.0; +https://dataforseo.com/dataforseo-bot)"
136.243.228.194 - - [11/Jul/2025:16:56:49 -0400] "GET /78cczf12487.html HTTP/1.1" 404 23130 "-" "Mozilla/5.0 (compatible; DataForSeoBot/1.0; +https://dataforseo.com/dataforseo-bot)"
20.171.207.246 - - [11/Jul/2025:16:56:51 -0400] "GET /159htdh18596.html HTTP/1.1" 404 23129 "-" "Mozilla/5.0 AppleWebKit/537.36 (KHTML, like Gecko; compatible; GPTBot/1.2; +https://openai.com/gptbot)"
136.243.228.194 - - [11/Jul/2025:16:56:55 -0400] "GET /282vvxba8455.html HTTP/1.1" 404 23128 "-" "Mozilla/5.0 (compatible; DataForSeoBot/1.0; +https://dataforseo.com/dataforseo-bot)"
136.243.228.194 - - [11/Jul/2025:16:57:00 -0400] "GET /items/hjwyf273/34393?key=breakfast HTTP/1.1" 404 23128 "-" "Mozilla/5.0 (compatible; DataForSeoBot/1.0; +https://dataforseo.com/dataforseo-bot)"
136.243.228.194 - - [11/Jul/2025:16:57:05 -0400] "GET /291lxnt13456.html HTTP/1.1" 404 23128 "-" "Mozilla/5.0 (compatible; DataForSeoBot/1.0; +https://dataforseo.com/dataforseo-bot)"
136.243.228.194 - - [11/Jul/2025:16:57:09 -0400] "GET /4enmw931.html HTTP/1.1" 404 23128 "-" "Mozilla/5.0 (compatible; DataForSeoBot/1.0; +https://dataforseo.com/dataforseo-bot)"
66.249.68.134 - - [11/Jul/2025:16:57:15 -0400] "GET /232fvlu31033.html HTTP/1.1" 200 87247 "-" "Mozilla/5.0 (Linux; Android 6.0.1; Nexus 5X Build/MMB29P) AppleWebKit/537.36 (KHTML, like Gecko) Chrome/137.0.7151.103 Mobile Safari/537.36 (compatible; Googlebot/2.1; +http://www.google.com/bot.html)"
136.243.228.194 - - [11/Jul/2025:16:57:14 -0400] "GET /109jvf49768.html HTTP/1.1" 404 23128 "-" "Mozilla/5.0 (compatible; DataForSeoBot/1.0; +https://dataforseo.com/dataforseo-bot)"
136.243.228.194 - - [11/Jul/2025:16:57:19 -0400] "GET /items/fpaic103/15249?key=pit HTTP/1.1" 404 23130 "-" "Mozilla/5.0 (compatible; DataForSeoBot/1.0; +https://dataforseo.com/dataforseo-bot)"
136.243.228.194 - - [11/Jul/2025:16:57:24 -0400] "GET /217gnei42590.html HTTP/1.1" 404 23128 "-" "Mozilla/5.0 (compatible; DataForSeoBot/1.0; +https://dataforseo.com/dataforseo-bot)"
136.243.228.194 - - [11/Jul/2025:16:57:29 -0400] "GET /119ezos4064.html HTTP/1.1" 404 23128 "-" "Mozilla/5.0 (compatible; DataForSeoBot/1.0; +https://dataforseo.com/dataforseo-bot)"
136.243.228.194 - - [11/Jul/2025:16:57:34 -0400] "GET /27lafd19628.html HTTP/1.1" 404 23128 "-" "Mozilla/5.0 (compatible; DataForSeoBot/1.0; +https://dataforseo.com/dataforseo-bot)"
136.243.228.194 - - [11/Jul/2025:16:57:38 -0400] "GET /85nfwlm194.html HTTP/1.1" 404 23128 "-" "Mozilla/5.0 (compatible; DataForSeoBot/1.0; +https://dataforseo.com/dataforseo-bot)"
66.29.146.47 - - [11/Jul/2025:16:57:44 -0400] "POST /wp-cron.php?doing_wp_cron=1752267464.3351309299468994140625 HTTP/1.1" 403 1242 "-" "WordPress/6.8; https://dangroup.sa"
136.243.228.194 - - [11/Jul/2025:16:57:43 -0400] "GET /items/hycyz278/46980?key=exist HTTP/1.1" 404 23128 "-" "Mozilla/5.0 (compatible; DataForSeoBot/1.0; +https://dataforseo.com/dataforseo-bot)"
136.243.228.194 - - [11/Jul/2025:16:57:49 -0400] "GET /items/xdkgf169/23873?key=credibility HTTP/1.1" 404 23128 "-" "Mozilla/5.0 (compatible; DataForSeoBot/1.0; +https://dataforseo.com/dataforseo-bot)"
136.243.228.194 - - [11/Jul/2025:16:57:53 -0400] "GET /items/emmbm102/13514?key=grandmother HTTP/1.1" 404 23128 "-" "Mozilla/5.0 (compatible; DataForSeoBot/1.0; +https://dataforseo.com/dataforseo-bot)"
20.171.207.246 - - [11/Jul/2025:16:57:54 -0400] "GET /266hvrj12911.html HTTP/1.1" 404 23128 "-" "Mozilla/5.0 AppleWebKit/537.36 (KHTML, like Gecko; compatible; GPTBot/1.2; +https://openai.com/gptbot)"
136.243.228.194 - - [11/Jul/2025:16:58:01 -0400] "GET /228blle975.html HTTP/1.1" 404 23128 "-" "Mozilla/5.0 (compatible; DataForSeoBot/1.0; +https://dataforseo.com/dataforseo-bot)"
136.243.228.194 - - [11/Jul/2025:16:58:06 -0400] "GET /items/hofzv24/43530?key=completely HTTP/1.1" 404 23128 "-" "Mozilla/5.0 (compatible; DataForSeoBot/1.0; +https://dataforseo.com/dataforseo-bot)"
69.197.135.226 - - [11/Jul/2025:16:58:18 -0400] "GET /wp-content/install.php HTTP/1.1" 200 10 "https://dangroup.sa/wp-content/install.php" "Mozilla/5.0 (Windows NT 10.0; Win64; x64) AppleWebKit/537.36 (KHTML, like Gecko) Chrome/58.0.3029.110 Safari/537.3"
136.243.228.194 - - [11/Jul/2025:16:58:18 -0400] "GET /280mosvk8073.html HTTP/1.1" 404 23130 "-" "Mozilla/5.0 (compatible; DataForSeoBot/1.0; +https://dataforseo.com/dataforseo-bot)"
136.243.228.194 - - [11/Jul/2025:16:58:29 -0400] "GET /items/zwict222/4676?key=Canadian HTTP/1.1" 404 23128 "-" "Mozilla/5.0 (compatible; DataForSeoBot/1.0; +https://dataforseo.com/dataforseo-bot)"
43.157.147.3 - - [11/Jul/2025:16:58:25 -0400] "GET /en/home/ HTTP/1.1" 200 33556 "-" "Mozilla/5.0 (iPhone; CPU iPhone OS 13_2_3 like Mac OS X) AppleWebKit/605.1.15 (KHTML, like Gecko) Version/13.0.3 Mobile/15E148 Safari/604.1"
136.243.228.194 - - [11/Jul/2025:16:58:36 -0400] "GET /items/ihbqi151/35961?key=bloody HTTP/1.1" 404 23130 "-" "Mozilla/5.0 (compatible; DataForSeoBot/1.0; +https://dataforseo.com/dataforseo-bot)"
136.243.228.194 - - [11/Jul/2025:16:58:40 -0400] "GET /items/vepyc151/7527?key=alongside HTTP/1.1" 404 23128 "-" "Mozilla/5.0 (compatible; DataForSeoBot/1.0; +https://dataforseo.com/dataforseo-bot)"
66.29.146.47 - - [11/Jul/2025:16:58:46 -0400] "POST /wp-cron.php?doing_wp_cron=1752267526.0460209846496582031250 HTTP/1.1" 403 1242 "-" "WordPress/6.8; https://dangroup.sa"
136.243.228.194 - - [11/Jul/2025:16:58:45 -0400] "GET /125icqj5782.html HTTP/1.1" 404 23128 "-" "Mozilla/5.0 (compatible; DataForSeoBot/1.0; +https://dataforseo.com/dataforseo-bot)"
136.243.228.194 - - [11/Jul/2025:16:58:50 -0400] "GET /items/rrqqo10/13668?key=friendly HTTP/1.1" 404 23128 "-" "Mozilla/5.0 (compatible; DataForSeoBot/1.0; +https://dataforseo.com/dataforseo-bot)"
136.243.228.194 - - [11/Jul/2025:16:58:55 -0400] "GET /items/atbmg218/44276?key=article HTTP/1.1" 404 23128 "-" "Mozilla/5.0 (compatible; DataForSeoBot/1.0; +https://dataforseo.com/dataforseo-bot)"
172.207.131.36 - - [11/Jul/2025:16:58:55 -0400] "GET /wp-content/plugins/hellopress/wp_filemanager.php HTTP/1.1" 404 23128 "-" "-"
20.171.207.246 - - [11/Jul/2025:16:58:55 -0400] "GET /193clea18818.html HTTP/1.1" 404 23130 "-" "Mozilla/5.0 AppleWebKit/537.36 (KHTML, like Gecko; compatible; GPTBot/1.2; +https://openai.com/gptbot)"
172.207.131.36 - - [11/Jul/2025:16:59:01 -0400] "GET /file.php HTTP/1.1" 404 23128 "-" "-"
136.243.228.194 - - [11/Jul/2025:16:59:03 -0400] "GET /items/qdcdk229/26959?key=depart HTTP/1.1" 404 23128 "-" "Mozilla/5.0 (compatible; DataForSeoBot/1.0; +https://dataforseo.com/dataforseo-bot)"
172.207.131.36 - - [11/Jul/2025:16:59:06 -0400] "GET /moon.php HTTP/1.1" 404 23128 "-" "-"
136.243.228.194 - - [11/Jul/2025:16:59:09 -0400] "GET /247nhzve35506.html HTTP/1.1" 404 23128 "-" "Mozilla/5.0 (compatible; DataForSeoBot/1.0; +https://dataforseo.com/dataforseo-bot)"
172.207.131.36 - - [11/Jul/2025:16:59:10 -0400] "GET /admin.php HTTP/1.1" 404 23128 "-" "-"
172.207.131.36 - - [11/Jul/2025:16:59:15 -0400] "GET /radio.php HTTP/1.1" 404 23128 "-" "-"
136.243.228.194 - - [11/Jul/2025:16:59:16 -0400] "GET /items/szhrl260/8196?key=coach HTTP/1.1" 404 23128 "-" "Mozilla/5.0 (compatible; DataForSeoBot/1.0; +https://dataforseo.com/dataforseo-bot)"
172.207.131.36 - - [11/Jul/2025:16:59:20 -0400] "GET /log.php HTTP/1.1" 404 23128 "-" "-"
172.207.131.36 - - [11/Jul/2025:16:59:24 -0400] "GET /wp-trackback.php HTTP/1.1" 403 1242 "-" "-"
136.243.228.194 - - [11/Jul/2025:16:59:22 -0400] "GET /269qcw47836.html HTTP/1.1" 404 23128 "-" "Mozilla/5.0 (compatible; DataForSeoBot/1.0; +https://dataforseo.com/dataforseo-bot)"
172.207.131.36 - - [11/Jul/2025:16:59:24 -0400] "GET /wp-content/dropdown.php HTTP/1.1" 404 23130 "-" "-"
172.207.131.36 - - [11/Jul/2025:16:59:30 -0400] "GET /wp-includes/index.php HTTP/1.1" 301 0 "-" "-"
172.207.131.36 - - [11/Jul/2025:16:59:31 -0400] "GET /wp-includes/ HTTP/1.1" 200 6856 "-" "-"
136.243.228.194 - - [11/Jul/2025:16:59:29 -0400] "GET /227vcwjn2190.html HTTP/1.1" 404 23128 "-" "Mozilla/5.0 (compatible; DataForSeoBot/1.0; +https://dataforseo.com/dataforseo-bot)"
172.207.131.36 - - [11/Jul/2025:16:59:31 -0400] "GET /simple.php HTTP/1.1" 404 23130 "-" "-"
136.243.228.194 - - [11/Jul/2025:16:59:35 -0400] "GET /items/mufml160/25736?key=find HTTP/1.1" 404 23130 "-" "Mozilla/5.0 (compatible; DataForSeoBot/1.0; +https://dataforseo.com/dataforseo-bot)"
66.29.146.47 - - [11/Jul/2025:16:59:50 -0400] "POST /wp-cron.php?doing_wp_cron=1752267590.0630369186401367187500 HTTP/1.1" 403 1242 "-" "WordPress/6.8; https://dangroup.sa"
172.207.131.36 - - [11/Jul/2025:16:59:40 -0400] "GET /about.php HTTP/1.1" 404 23128 "-" "-"
136.243.228.194 - - [11/Jul/2025:16:59:47 -0400] "GET /items/pctxu216/16470?key=pilot HTTP/1.1" 404 23130 "-" "Mozilla/5.0 (compatible; DataForSeoBot/1.0; +https://dataforseo.com/dataforseo-bot)"
172.207.131.36 - - [11/Jul/2025:16:59:51 -0400] "GET /404.php HTTP/1.1" 404 23128 "-" "-"
172.207.131.36 - - [11/Jul/2025:16:59:58 -0400] "GET /admin/function.php HTTP/1.1" 404 23128 "-" "-"
136.243.228.194 - - [11/Jul/2025:16:59:58 -0400] "GET /96fkj7393.html HTTP/1.1" 404 23128 "-" "Mozilla/5.0 (compatible; DataForSeoBot/1.0; +https://dataforseo.com/dataforseo-bot)"
20.171.207.246 - - [11/Jul/2025:16:59:59 -0400] "GET /267uhci12252.html HTTP/1.1" 404 23128 "-" "Mozilla/5.0 AppleWebKit/537.36 (KHTML, like Gecko; compatible; GPTBot/1.2; +https://openai.com/gptbot)"
136.243.228.194 - - [11/Jul/2025:17:00:08 -0400] "GET /36gbzk23341.html HTTP/1.1" 404 23128 "-" "Mozilla/5.0 (compatible; DataForSeoBot/1.0; +https://dataforseo.com/dataforseo-bot)"
172.207.131.36 - - [11/Jul/2025:17:00:08 -0400] "GET /wp-includes/assets/about.php HTTP/1.1" 404 23128 "-" "-"
66.249.79.135 - - [11/Jul/2025:17:00:19 -0400] "GET /robots.txt HTTP/1.1" 304 0 "-" "Mozilla/5.0 (compatible; Googlebot/2.1; +http://www.google.com/bot.html)"
136.243.228.194 - - [11/Jul/2025:17:00:16 -0400] "GET /items/jdajx214/35096?key=conservation HTTP/1.1" 404 23128 "-" "Mozilla/5.0 (compatible; DataForSeoBot/1.0; +https://dataforseo.com/dataforseo-bot)"
172.207.131.36 - - [11/Jul/2025:17:00:19 -0400] "GET /wp-includes/assets/index.php HTTP/1.1" 301 0 "-" "-"
66.249.79.135 - - [11/Jul/2025:17:00:19 -0400] "GET /pcmypage?callback=product/review/haikanshop-2246596 HTTP/1.1" 200 86379 "-" "Mozilla/5.0 (Linux; Android 6.0.1; Nexus 5X Build/MMB29P) AppleWebKit/537.36 (KHTML, like Gecko) Chrome/137.0.7151.103 Mobile Safari/537.36 (compatible; Googlebot/2.1; +http://www.google.com/bot.html)"
172.207.131.36 - - [11/Jul/2025:17:00:21 -0400] "GET /wp-includes/assets/ HTTP/1.1" 200 1043 "-" "-"
172.207.131.36 - - [11/Jul/2025:17:00:23 -0400] "GET /info.php HTTP/1.1" 404 23130 "-" "-"
136.243.228.194 - - [11/Jul/2025:17:00:23 -0400] "GET /items/gxybf56/30564?key=whole HTTP/1.1" 404 23128 "-" "Mozilla/5.0 (compatible; DataForSeoBot/1.0; +https://dataforseo.com/dataforseo-bot)"
172.207.131.36 - - [11/Jul/2025:17:00:29 -0400] "GET /modules/mod_simplefileuploadv1.3/elements/filemanager.php HTTP/1.1" 404 23128 "-" "-"
136.243.228.194 - - [11/Jul/2025:17:00:30 -0400] "GET /2yjaz3277.html HTTP/1.1" 404 23128 "-" "Mozilla/5.0 (compatible; DataForSeoBot/1.0; +https://dataforseo.com/dataforseo-bot)"
172.207.131.36 - - [11/Jul/2025:17:00:34 -0400] "GET /config.php HTTP/1.1" 404 23128 "-" "-"
172.207.131.36 - - [11/Jul/2025:17:00:42 -0400] "GET /wp-admin/js/index.php HTTP/1.1" 301 0 "-" "-"
172.207.131.36 - - [11/Jul/2025:17:00:43 -0400] "GET /wp-admin/js/ HTTP/1.1" 200 2906 "-" "-"
136.243.228.194 - - [11/Jul/2025:17:00:37 -0400] "GET /55qoi1390.html HTTP/1.1" 404 23128 "-" "Mozilla/5.0 (compatible; DataForSeoBot/1.0; +https://dataforseo.com/dataforseo-bot)"
47.82.60.39 - - [11/Jul/2025:17:00:38 -0400] "GET /items/zxcld89/37323?key=by HTTP/1.1" 404 23128 "https://dangroup.sa/items/zxcld89/37323?key=by" "Mozilla/5.0 (Windows NT 10.0; Win64; x64) AppleWebKit/537.36 (KHTML, like Gecko) Chrome/114.0.0.0 Safari/537.36 Edg/114.0.1823.43"
34.41.124.154 - - [11/Jul/2025:17:00:36 -0400] "GET / HTTP/1.1" 200 33221 "-" "Mozilla/5.0 (Windows NT 10.0; Win64; x64) AppleWebKit/537.36 (KHTML, like Gecko) Chrome/78.0.3904.108 Safari/537.36"
34.41.124.154 - - [11/Jul/2025:17:00:48 -0400] "GET //wp-includes/wlwmanifest.xml HTTP/1.1" 301 0 "-" "Mozilla/5.0 (Windows NT 10.0; Win64; x64) AppleWebKit/537.36 (KHTML, like Gecko) Chrome/78.0.3904.108 Safari/537.36"
34.41.124.154 - - [11/Jul/2025:17:00:50 -0400] "GET //xmlrpc.php?rsd HTTP/1.1" 403 1242 "-" "Mozilla/5.0 (Windows NT 10.0; Win64; x64) AppleWebKit/537.36 (KHTML, like Gecko) Chrome/78.0.3904.108 Safari/537.36"
172.207.131.36 - - [11/Jul/2025:17:00:44 -0400] "GET /fm.php HTTP/1.1" 404 23128 "-" "-"
66.29.146.47 - - [11/Jul/2025:17:00:52 -0400] "POST /wp-cron.php?doing_wp_cron=1752267651.6875228881835937500000 HTTP/1.1" 403 1242 "-" "WordPress/6.8; https://dangroup.sa"
172.207.131.36 - - [11/Jul/2025:17:00:51 -0400] "GET /wp-admin/js/widgets/index.php HTTP/1.1" 301 0 "-" "-"
136.243.228.194 - - [11/Jul/2025:17:00:47 -0400] "GET /items/oexwa192/21368?key=tear HTTP/1.1" 404 23128 "-" "Mozilla/5.0 (compatible; DataForSeoBot/1.0; +https://dataforseo.com/dataforseo-bot)"
172.207.131.36 - - [11/Jul/2025:17:00:53 -0400] "GET /wp-admin/js/widgets/ HTTP/1.1" 200 1200 "-" "-"
172.207.131.36 - - [11/Jul/2025:17:00:53 -0400] "GET /ty.php HTTP/1.1" 404 23128 "-" "-"
34.41.124.154 - - [11/Jul/2025:17:00:50 -0400] "GET / HTTP/1.1" 200 33221 "-" "Mozilla/5.0 (Windows NT 10.0; Win64; x64) AppleWebKit/537.36 (KHTML, like Gecko) Chrome/78.0.3904.108 Safari/537.36"
66.249.68.132 - - [11/Jul/2025:17:01:00 -0400] "GET /items/yxard192/37242?key=pleased HTTP/1.1" 200 87322 "-" "Mozilla/5.0 (Linux; Android 6.0.1; Nexus 5X Build/MMB29P) AppleWebKit/537.36 (KHTML, like Gecko) Chrome/137.0.7151.103 Mobile Safari/537.36 (compatible; GoogleOther)"
136.243.228.194 - - [11/Jul/2025:17:00:55 -0400] "GET /items/jwjqv194/23018?key=put HTTP/1.1" 404 23128 "-" "Mozilla/5.0 (compatible; DataForSeoBot/1.0; +https://dataforseo.com/dataforseo-bot)"
34.41.124.154 - - [11/Jul/2025:17:01:01 -0400] "GET //?author=1 HTTP/1.1" 301 0 "-" "Mozilla/5.0 (Windows NT 10.0; Win64; x64) AppleWebKit/537.36 (KHTML, like Gecko) Chrome/78.0.3904.108 Safari/537.36"
34.41.124.154 - - [11/Jul/2025:17:01:02 -0400] "GET //?author=2 HTTP/1.1" 301 0 "-" "Mozilla/5.0 (Windows NT 10.0; Win64; x64) AppleWebKit/537.36 (KHTML, like Gecko) Chrome/78.0.3904.108 Safari/537.36"
47.82.60.40 - - [11/Jul/2025:17:00:59 -0400] "GET /items/sebtz270/15410?key=picture HTTP/1.1" 404 23128 "https://dangroup.sa/items/sebtz270/15410?key=picture" "Mozilla/5.0 (Windows NT 10.0; Win64; x64) AppleWebKit/537.36 (KHTML, like Gecko) Chrome/114.0.0.0 Safari/537.36 Edg/114.0.1823.43"
34.41.124.154 - - [11/Jul/2025:17:01:04 -0400] "GET //wp-json/wp/v2/users/ HTTP/1.1" 200 886 "-" "Mozilla/5.0 (Windows NT 10.0; Win64; x64) AppleWebKit/537.36 (KHTML, like Gecko) Chrome/78.0.3904.108 Safari/537.36"
172.207.131.36 - - [11/Jul/2025:17:01:00 -0400] "GET /wp-includes/assets/admin.php HTTP/1.1" 404 23128 "-" "-"
66.249.68.132 - - [11/Jul/2025:17:01:05 -0400] "GET /235hnrzq2604.html HTTP/1.1" 200 87216 "-" "Mozilla/5.0 (compatible; Googlebot/2.1; +http://www.google.com/bot.html)"
34.41.124.154 - - [11/Jul/2025:17:01:07 -0400] "POST //xmlrpc.php HTTP/1.1" 403 1242 "-" "Mozilla/5.0 (Windows NT 10.0; Win64; x64) AppleWebKit/537.36 (KHTML, like Gecko) Chrome/78.0.3904.108 Safari/537.36"
20.171.207.246 - - [11/Jul/2025:17:01:04 -0400] "GET /284pllf23533.html HTTP/1.1" 404 23128 "-" "Mozilla/5.0 AppleWebKit/537.36 (KHTML, like Gecko; compatible; GPTBot/1.2; +https://openai.com/gptbot)"
136.243.228.194 - - [11/Jul/2025:17:01:04 -0400] "GET /251hwxo33356.html HTTP/1.1" 404 23128 "-" "Mozilla/5.0 (compatible; DataForSeoBot/1.0; +https://dataforseo.com/dataforseo-bot)"
172.207.131.36 - - [11/Jul/2025:17:01:07 -0400] "GET /wp-includes/fonts/admin.php HTTP/1.1" 404 23130 "-" "-"
136.243.228.194 - - [11/Jul/2025:17:01:13 -0400] "GET /items/zseie132/280?key=famous HTTP/1.1" 404 23128 "-" "Mozilla/5.0 (compatible; DataForSeoBot/1.0; +https://dataforseo.com/dataforseo-bot)"
172.207.131.36 - - [11/Jul/2025:17:01:15 -0400] "GET /403.php HTTP/1.1" 404 23128 "-" "-"
172.207.131.36 - - [11/Jul/2025:17:01:20 -0400] "GET /as.php HTTP/1.1" 404 23130 "-" "-"
136.243.228.194 - - [11/Jul/2025:17:01:22 -0400] "GET /items/urswt35/36791?key=cheese HTTP/1.1" 404 23128 "-" "Mozilla/5.0 (compatible; DataForSeoBot/1.0; +https://dataforseo.com/dataforseo-bot)"
172.207.131.36 - - [11/Jul/2025:17:01:30 -0400] "GET /wp-includes/Text/network.php HTTP/1.1" 404 23128 "-" "-"
47.82.60.67 - - [11/Jul/2025:17:01:33 -0400] "GET /items/danrq168/45660?key=wrap HTTP/1.1" 404 23128 "https://dangroup.sa/items/danrq168/45660?key=wrap" "Mozilla/5.0 (Windows NT 10.0; Win64; x64) AppleWebKit/537.36 (KHTML, like Gecko) Chrome/114.0.0.0 Safari/537.36 Edg/114.0.1823.43"
136.243.228.194 - - [11/Jul/2025:17:01:34 -0400] "GET /112hzvu30883.html HTTP/1.1" 404 23128 "-" "Mozilla/5.0 (compatible; DataForSeoBot/1.0; +https://dataforseo.com/dataforseo-bot)"
47.82.60.1 - - [11/Jul/2025:17:01:38 -0400] "GET /248yecdd36533.html HTTP/1.1" 404 23128 "https://dangroup.sa/248yecdd36533.html" "Mozilla/5.0 (Windows NT 10.0; Win64; x64) AppleWebKit/537.36 (KHTML, like Gecko) Chrome/114.0.0.0 Safari/537.36 Edg/114.0.1823.43"
47.82.60.2 - - [11/Jul/2025:17:01:40 -0400] "GET /items/bcbxh199/7925?key=airport HTTP/1.1" 404 23128 "https://dangroup.sa/items/bcbxh199/7925?key=airport" "Mozilla/5.0 (Windows NT 10.0; Win64; x64) AppleWebKit/537.36 (KHTML, like Gecko) Chrome/114.0.0.0 Safari/537.36 Edg/114.0.1823.43"
172.207.131.36 - - [11/Jul/2025:17:01:44 -0400] "GET /index/function.php HTTP/1.1" 404 23128 "-" "-"
66.29.146.47 - - [11/Jul/2025:17:01:52 -0400] "POST /wp-cron.php?doing_wp_cron=1752267711.8613879680633544921875 HTTP/1.1" 403 0 "-" "WordPress/6.8; https://dangroup.sa"
47.82.60.42 - - [11/Jul/2025:17:01:53 -0400] "GET /pcmypage?callback=product/detail/stylife-mk8499-1 HTTP/1.1" 301 0 "https://www.dangroup.sa/pcmypage?callback=product%2Fdetail%2Fstylife-mk8499-1" "Mozilla/5.0 (Windows NT 10.0; Win64; x64) AppleWebKit/537.36 (KHTML, like Gecko) Chrome/114.0.0.0 Safari/537.36 Edg/114.0.1823.43"
136.243.228.194 - - [11/Jul/2025:17:01:50 -0400] "GET /197joemw49066.html HTTP/1.1" 404 23128 "-" "Mozilla/5.0 (compatible; DataForSeoBot/1.0; +https://dataforseo.com/dataforseo-bot)"
66.249.68.132 - - [11/Jul/2025:17:01:57 -0400] "GET /items/omcar85/39337?key=widespread HTTP/1.1" 200 87666 "-" "Mozilla/5.0 (Linux; Android 6.0.1; Nexus 5X Build/MMB29P) AppleWebKit/537.36 (KHTML, like Gecko) Chrome/137.0.7151.103 Mobile Safari/537.36 (compatible; Googlebot/2.1; +http://www.google.com/bot.html)"
172.207.131.36 - - [11/Jul/2025:17:01:53 -0400] "GET /wp-content/themes/include.php HTTP/1.1" 404 23128 "-" "-"
47.82.60.42 - - [11/Jul/2025:17:01:55 -0400] "GET /pcmypage?callback=product/detail/stylife-mk8499-1 HTTP/1.1" 404 23128 "https://www.dangroup.sa/pcmypage?callback=product%2Fdetail%2Fstylife-mk8499-1" "Mozilla/5.0 (Windows NT 10.0; Win64; x64) AppleWebKit/537.36 (KHTML, like Gecko) Chrome/114.0.0.0 Safari/537.36 Edg/114.0.1823.43"
136.243.228.194 - - [11/Jul/2025:17:01:58 -0400] "GET /items/xavjm290/34448?key=arena HTTP/1.1" 404 23128 "-" "Mozilla/5.0 (compatible; DataForSeoBot/1.0; +https://dataforseo.com/dataforseo-bot)"
47.82.60.61 - - [11/Jul/2025:17:02:00 -0400] "GET /pcmypage?callback=product/detail/tuzukiya-n13-1697 HTTP/1.1" 404 23128 "https://dangroup.sa/pcmypage?callback=product%2Fdetail%2Ftuzukiya-n13-1697" "Mozilla/5.0 (Windows NT 10.0; Win64; x64) AppleWebKit/537.36 (KHTML, like Gecko) Chrome/114.0.0.0 Safari/537.36 Edg/114.0.1823.43"
172.207.131.36 - - [11/Jul/2025:17:02:00 -0400] "GET /alfa.php HTTP/1.1" 404 23128 "-" "-"
20.171.207.246 - - [11/Jul/2025:17:02:04 -0400] "GET /110hlae45105.html HTTP/1.1" 404 23128 "-" "Mozilla/5.0 AppleWebKit/537.36 (KHTML, like Gecko; compatible; GPTBot/1.2; +https://openai.com/gptbot)"
136.243.228.194 - - [11/Jul/2025:17:02:07 -0400] "GET /items/miopy33/48837?key=Iraqi HTTP/1.1" 404 23128 "-" "Mozilla/5.0 (compatible; DataForSeoBot/1.0; +https://dataforseo.com/dataforseo-bot)"
172.207.131.36 - - [11/Jul/2025:17:02:08 -0400] "GET /wp-content/upgrade-temp-backup/wp-login.php HTTP/1.1" 404 23128 "-" "-"
172.207.131.36 - - [11/Jul/2025:17:02:17 -0400] "GET /css.php HTTP/1.1" 404 23128 "-" "-"
136.243.228.194 - - [11/Jul/2025:17:02:18 -0400] "GET /items/bzzzl75/5199?key=tremendous HTTP/1.1" 404 23130 "-" "Mozilla/5.0 (compatible; DataForSeoBot/1.0; +https://dataforseo.com/dataforseo-bot)"
172.207.131.36 - - [11/Jul/2025:17:02:26 -0400] "GET /wp-content/themes/plugin.php HTTP/1.1" 404 23128 "-" "-"
136.243.228.194 - - [11/Jul/2025:17:02:29 -0400] "GET /31nnp4864.html HTTP/1.1" 404 23130 "-" "Mozilla/5.0 (compatible; DataForSeoBot/1.0; +https://dataforseo.com/dataforseo-bot)"
172.207.131.36 - - [11/Jul/2025:17:02:38 -0400] "GET /wp-admin/includes/index.php HTTP/1.1" 301 0 "-" "-"
47.82.60.30 - - [11/Jul/2025:17:02:29 -0400] "GET /53sblhw47502.html HTTP/1.1" 404 23130 "https://dangroup.sa/53sblhw47502.html" "Mozilla/5.0 (Windows NT 10.0; Win64; x64) AppleWebKit/537.36 (KHTML, like Gecko) Chrome/114.0.0.0 Safari/537.36 Edg/114.0.1823.43"
172.207.131.36 - - [11/Jul/2025:17:02:40 -0400] "GET /wp-admin/includes/ HTTP/1.1" 200 3331 "-" "-"
47.82.60.30 - - [11/Jul/2025:17:02:33 -0400] "GET /items/hnvhd290/26468?key=assert HTTP/1.1" 404 23128 "https://dangroup.sa/items/hnvhd290/26468?key=assert" "Mozilla/5.0 (Windows NT 10.0; Win64; x64) AppleWebKit/537.36 (KHTML, like Gecko) Chrome/114.0.0.0 Safari/537.36 Edg/114.0.1823.43"
172.207.131.36 - - [11/Jul/2025:17:02:41 -0400] "GET /index.php HTTP/1.1" 301 0 "-" "-"
47.82.60.72 - - [11/Jul/2025:17:02:40 -0400] "GET /26urs41281.html HTTP/1.1" 404 23128 "https://dangroup.sa/26urs41281.html" "Mozilla/5.0 (Windows NT 10.0; Win64; x64) AppleWebKit/537.36 (KHTML, like Gecko) Chrome/114.0.0.0 Safari/537.36 Edg/114.0.1823.43"
136.243.228.194 - - [11/Jul/2025:17:02:41 -0400] "GET /39tvp49968.html HTTP/1.1" 404 23128 "-" "Mozilla/5.0 (compatible; DataForSeoBot/1.0; +https://dataforseo.com/dataforseo-bot)"
47.82.60.70 - - [11/Jul/2025:17:02:48 -0400] "GET /items/cmvnj86/144?key=bunch HTTP/1.1" 301 0 "https://www.dangroup.sa/items/cmvnj86/144?key=bunch" "Mozilla/5.0 (Windows NT 10.0; Win64; x64) AppleWebKit/537.36 (KHTML, like Gecko) Chrome/114.0.0.0 Safari/537.36 Edg/114.0.1823.43"
172.207.131.36 - - [11/Jul/2025:17:02:43 -0400] "GET / HTTP/1.1" 200 33221 "-" "-"
66.29.146.47 - - [11/Jul/2025:17:02:52 -0400] "POST /wp-cron.php?doing_wp_cron=1752267772.3739459514617919921875 HTTP/1.1" 403 1242 "-" "WordPress/6.8; https://dangroup.sa"
69.197.182.50 - - [11/Jul/2025:17:02:52 -0400] "GET /wp-content/install.php HTTP/1.1" 200 10 "https://dangroup.sa/wp-content/install.php" "Mozilla/5.0 (Windows NT 10.0; Win64; x64) AppleWebKit/537.36 (KHTML, like Gecko) Chrome/58.0.3029.110 Safari/537.3"
47.82.60.70 - - [11/Jul/2025:17:02:49 -0400] "GET /items/cmvnj86/144?key=bunch HTTP/1.1" 404 23128 "https://www.dangroup.sa/items/cmvnj86/144?key=bunch" "Mozilla/5.0 (Windows NT 10.0; Win64; x64) AppleWebKit/537.36 (KHTML, like Gecko) Chrome/114.0.0.0 Safari/537.36 Edg/114.0.1823.43"
136.243.228.194 - - [11/Jul/2025:17:02:51 -0400] "GET /115kywwp9640.html HTTP/1.1" 404 23128 "-" "Mozilla/5.0 (compatible; DataForSeoBot/1.0; +https://dataforseo.com/dataforseo-bot)"
172.207.131.36 - - [11/Jul/2025:17:02:51 -0400] "GET /classwithtostring.php HTTP/1.1" 404 23128 "-" "-"
47.82.60.59 - - [11/Jul/2025:17:02:59 -0400] "GET /pcmypage?callback=product/review/hirochishop-2-4573325770829 HTTP/1.1" 301 0 "https://www.dangroup.sa/pcmypage?callback=product/review/hirochishop-2-4573325770829" "Mozilla/5.0 (Windows NT 10.0; Win64; x64) AppleWebKit/537.36 (KHTML, like Gecko) Chrome/114.0.0.0 Safari/537.36 Edg/114.0.1823.43"
136.243.228.194 - - [11/Jul/2025:17:02:58 -0400] "GET /271ile18770.html HTTP/1.1" 404 23130 "-" "Mozilla/5.0 (compatible; DataForSeoBot/1.0; +https://dataforseo.com/dataforseo-bot)"
172.207.131.36 - - [11/Jul/2025:17:02:58 -0400] "GET /autoload_classmap.php HTTP/1.1" 404 23130 "-" "-"
47.82.60.59 - - [11/Jul/2025:17:03:00 -0400] "GET /pcmypage?callback=product/review/hirochishop-2-4573325770829 HTTP/1.1" 404 23128 "https://www.dangroup.sa/pcmypage?callback=product/review/hirochishop-2-4573325770829" "Mozilla/5.0 (Windows NT 10.0; Win64; x64) AppleWebKit/537.36 (KHTML, like Gecko) Chrome/114.0.0.0 Safari/537.36 Edg/114.0.1823.43"
20.171.207.246 - - [11/Jul/2025:17:03:05 -0400] "GET /127bgsh17292.html HTTP/1.1" 404 23128 "-" "Mozilla/5.0 AppleWebKit/537.36 (KHTML, like Gecko; compatible; GPTBot/1.2; +https://openai.com/gptbot)"
136.243.228.194 - - [11/Jul/2025:17:03:05 -0400] "GET /126bjvmb9939.html HTTP/1.1" 404 23128 "-" "Mozilla/5.0 (compatible; DataForSeoBot/1.0; +https://dataforseo.com/dataforseo-bot)"
172.207.131.36 - - [11/Jul/2025:17:03:05 -0400] "GET /item.php HTTP/1.1" 404 23128 "-" "-"
172.207.131.36 - - [11/Jul/2025:17:03:13 -0400] "GET /ini.php HTTP/1.1" 404 23128 "-" "-"
136.243.228.194 - - [11/Jul/2025:17:03:13 -0400] "GET /262yas47047.html HTTP/1.1" 404 23128 "-" "Mozilla/5.0 (compatible; DataForSeoBot/1.0; +https://dataforseo.com/dataforseo-bot)"
172.207.131.36 - - [11/Jul/2025:17:03:18 -0400] "GET /default.php HTTP/1.1" 404 23128 "-" "-"
172.207.131.36 - - [11/Jul/2025:17:03:23 -0400] "GET /wp-admin/network/about.php HTTP/1.1" 302 0 "-" "-"
136.243.228.194 - - [11/Jul/2025:17:03:21 -0400] "GET /181nhjs37564.html HTTP/1.1" 404 23128 "-" "Mozilla/5.0 (compatible; DataForSeoBot/1.0; +https://dataforseo.com/dataforseo-bot)"
172.207.131.36 - - [11/Jul/2025:17:03:26 -0400] "GET /wp-login.php?redirect_to=https%3A%2F%2Fdangroup.sa%2Fwp-admin%2Fnetwork%2Fabout.php&reauth=1 HTTP/1.1" 200 3111 "-" "-"
136.243.228.194 - - [11/Jul/2025:17:03:27 -0400] "GET /items/cpnoh145/16613?key=pond HTTP/1.1" 404 23128 "-" "Mozilla/5.0 (compatible; DataForSeoBot/1.0; +https://dataforseo.com/dataforseo-bot)"
172.207.131.36 - - [11/Jul/2025:17:03:27 -0400] "GET /ok.php HTTP/1.1" 404 23128 "-" "-"
172.207.131.36 - - [11/Jul/2025:17:03:33 -0400] "GET /wp-content/plugins/seoplugins/mar.php HTTP/1.1" 404 23130 "-" "-"
136.243.228.194 - - [11/Jul/2025:17:03:33 -0400] "GET /277ipcpg18382.html HTTP/1.1" 404 23130 "-" "Mozilla/5.0 (compatible; DataForSeoBot/1.0; +https://dataforseo.com/dataforseo-bot)"
172.207.131.36 - - [11/Jul/2025:17:03:40 -0400] "GET /wp-content/themes/astra/inc/ki1k.php HTTP/1.1" 404 23128 "-" "-"
136.243.228.194 - - [11/Jul/2025:17:03:42 -0400] "GET /101mnxt8856.html HTTP/1.1" 404 23128 "-" "Mozilla/5.0 (compatible; DataForSeoBot/1.0; +https://dataforseo.com/dataforseo-bot)"
172.207.131.36 - - [11/Jul/2025:17:03:49 -0400] "GET /inputs.php HTTP/1.1" 404 23130 "-" "-"
136.243.228.194 - - [11/Jul/2025:17:03:50 -0400] "GET /items/edwkg271/32279?key=tactic HTTP/1.1" 404 23128 "-" "Mozilla/5.0 (compatible; DataForSeoBot/1.0; +https://dataforseo.com/dataforseo-bot)"
66.29.146.47 - - [11/Jul/2025:17:04:00 -0400] "POST /wp-cron.php?doing_wp_cron=1752267840.3664650917053222656250 HTTP/1.1" 403 1242 "-" "WordPress/6.8; https://dangroup.sa"
172.207.131.36 - - [11/Jul/2025:17:03:58 -0400] "GET /1.php HTTP/1.1" 404 23130 "-" "-"
136.243.228.194 - - [11/Jul/2025:17:04:03 -0400] "GET /items/qxtjq169/3083?key=liquid HTTP/1.1" 404 23130 "-" "Mozilla/5.0 (compatible; DataForSeoBot/1.0; +https://dataforseo.com/dataforseo-bot)"
172.207.131.36 - - [11/Jul/2025:17:04:07 -0400] "GET /infoo.php HTTP/1.1" 404 23128 "-" "-"
20.171.207.246 - - [11/Jul/2025:17:04:08 -0400] "GET /238vsvl33611.html HTTP/1.1" 404 23129 "-" "Mozilla/5.0 AppleWebKit/537.36 (KHTML, like Gecko; compatible; GPTBot/1.2; +https://openai.com/gptbot)"
136.243.228.194 - - [11/Jul/2025:17:04:14 -0400] "GET /31rflr48190.html HTTP/1.1" 404 23128 "-" "Mozilla/5.0 (compatible; DataForSeoBot/1.0; +https://dataforseo.com/dataforseo-bot)"
172.207.131.36 - - [11/Jul/2025:17:04:16 -0400] "GET /cong.php HTTP/1.1" 404 23128 "-" "-"
172.207.131.36 - - [11/Jul/2025:17:04:22 -0400] "GET /wp-admin/css/colors/ectoplasm/wp-login.php HTTP/1.1" 404 23128 "-" "-"
136.243.228.194 - - [11/Jul/2025:17:04:23 -0400] "GET /285vfqcy9150.html HTTP/1.1" 404 23128 "-" "Mozilla/5.0 (compatible; DataForSeoBot/1.0; +https://dataforseo.com/dataforseo-bot)"
172.207.131.36 - - [11/Jul/2025:17:04:27 -0400] "GET /wp-content/plugins/dummyyummy/wp-signup.php HTTP/1.1" 404 23128 "-" "-"
136.243.228.194 - - [11/Jul/2025:17:04:28 -0400] "GET /items/clnor65/40947?key=expedition HTTP/1.1" 404 23128 "-" "Mozilla/5.0 (compatible; DataForSeoBot/1.0; +https://dataforseo.com/dataforseo-bot)"
172.207.131.36 - - [11/Jul/2025:17:04:31 -0400] "GET /wp-content/uploads/wp-conflg.php HTTP/1.1" 404 23128 "-" "-"
66.249.68.132 - - [11/Jul/2025:17:04:37 -0400] "GET /81cpvb42274.html HTTP/1.1" 200 87616 "-" "Mozilla/5.0 (Linux; Android 6.0.1; Nexus 5X Build/MMB29P) AppleWebKit/537.36 (KHTML, like Gecko) Chrome/137.0.7151.103 Mobile Safari/537.36 (compatible; Googlebot/2.1; +http://www.google.com/bot.html)"
136.243.228.194 - - [11/Jul/2025:17:04:36 -0400] "GET /213xoi24764.html HTTP/1.1" 404 23128 "-" "Mozilla/5.0 (compatible; DataForSeoBot/1.0; +https://dataforseo.com/dataforseo-bot)"
172.207.131.36 - - [11/Jul/2025:17:04:36 -0400] "GET /wp-includes/js/codemirror/about.php HTTP/1.1" 404 23128 "-" "-"
172.207.131.36 - - [11/Jul/2025:17:04:42 -0400] "GET /wp-content/themes/index.php HTTP/1.1" 200 0 "-" "-"
172.207.131.36 - - [11/Jul/2025:17:04:42 -0400] "GET /wp-includes/css/dist/preferences/index.php HTTP/1.1" 301 0 "-" "-"
172.207.131.36 - - [11/Jul/2025:17:04:43 -0400] "GET /wp-includes/css/dist/preferences/ HTTP/1.1" 200 674 "-" "-"
172.207.131.36 - - [11/Jul/2025:17:04:43 -0400] "GET /wp-admin/css/colors/blue/index.php HTTP/1.1" 301 0 "-" "-"
172.207.131.36 - - [11/Jul/2025:17:04:44 -0400] "GET /wp-admin/css/colors/blue/ HTTP/1.1" 200 709 "-" "-"
172.207.131.36 - - [11/Jul/2025:17:04:44 -0400] "GET /wp-content/index.php HTTP/1.1" 200 0 "-" "-"
136.243.228.194 - - [11/Jul/2025:17:04:43 -0400] "GET /21tfwck21914.html HTTP/1.1" 404 23128 "-" "Mozilla/5.0 (compatible; DataForSeoBot/1.0; +https://dataforseo.com/dataforseo-bot)"
172.207.131.36 - - [11/Jul/2025:17:04:45 -0400] "GET /css/colors/blue/atomlib.php HTTP/1.1" 404 23130 "-" "-"
136.243.228.194 - - [11/Jul/2025:17:04:49 -0400] "GET /items/xpugk131/20471?key=very HTTP/1.1" 404 23130 "-" "Mozilla/5.0 (compatible; DataForSeoBot/1.0; +https://dataforseo.com/dataforseo-bot)"
172.207.131.36 - - [11/Jul/2025:17:04:50 -0400] "GET /wp-admin/maint/about.php HTTP/1.1" 404 23130 "-" "-"
136.243.228.194 - - [11/Jul/2025:17:04:55 -0400] "GET /items/flmti182/2870?key=below HTTP/1.1" 404 23128 "-" "Mozilla/5.0 (compatible; DataForSeoBot/1.0; +https://dataforseo.com/dataforseo-bot)"
172.207.131.36 - - [11/Jul/2025:17:04:55 -0400] "GET /wp-includes/assets/themes.php HTTP/1.1" 404 23128 "-" "-"
66.29.146.47 - - [11/Jul/2025:17:05:02 -0400] "POST /wp-cron.php?doing_wp_cron=1752267901.7834739685058593750000 HTTP/1.1" 403 1242 "-" "WordPress/6.8; https://dangroup.sa"
66.29.146.47 - - [11/Jul/2025:17:05:02 -0400] "POST /wp-cron.php?doing_wp_cron=1752267902.2259130477905273437500 HTTP/1.1" 403 1242 "-" "WordPress/6.8; https://dangroup.sa"
172.207.131.36 - - [11/Jul/2025:17:05:01 -0400] "GET /shell.php HTTP/1.1" 404 23128 "-" "-"
136.243.228.194 - - [11/Jul/2025:17:05:01 -0400] "GET /items/zvhyz82/27498?key=investment HTTP/1.1" 404 23128 "-" "Mozilla/5.0 (compatible; DataForSeoBot/1.0; +https://dataforseo.com/dataforseo-bot)"
172.207.131.36 - - [11/Jul/2025:17:05:07 -0400] "GET /install.php HTTP/1.1" 404 23128 "-" "-"
20.171.207.246 - - [11/Jul/2025:17:05:10 -0400] "GET /131vkan13512.html HTTP/1.1" 404 23128 "-" "Mozilla/5.0 AppleWebKit/537.36 (KHTML, like Gecko; compatible; GPTBot/1.2; +https://openai.com/gptbot)"
136.243.228.194 - - [11/Jul/2025:17:05:10 -0400] "GET /items/vlovs46/8644?key=etc HTTP/1.1" 404 23128 "-" "Mozilla/5.0 (compatible; DataForSeoBot/1.0; +https://dataforseo.com/dataforseo-bot)"
172.207.131.36 - - [11/Jul/2025:17:05:12 -0400] "GET /wp-content/languages/chosen.php HTTP/1.1" 404 23128 "-" "-"
172.207.131.36 - - [11/Jul/2025:17:05:19 -0400] "GET /wp-content/plugins/seoplugins/index.php HTTP/1.1" 301 0 "-" "-"
136.243.228.194 - - [11/Jul/2025:17:05:19 -0400] "GET /items/jrtyo31/17981?key=flood HTTP/1.1" 404 23128 "-" "Mozilla/5.0 (compatible; DataForSeoBot/1.0; +https://dataforseo.com/dataforseo-bot)"
172.207.131.36 - - [11/Jul/2025:17:05:20 -0400] "GET /wp-content/plugins/seoplugins/ HTTP/1.1" 404 23128 "-" "-"
172.207.131.36 - - [11/Jul/2025:17:05:25 -0400] "GET /wp-includes/html-api/wp-conflg.php HTTP/1.1" 404 23128 "-" "-"
136.243.228.194 - - [11/Jul/2025:17:05:26 -0400] "GET /243kfj10810.html HTTP/1.1" 404 23128 "-" "Mozilla/5.0 (compatible; DataForSeoBot/1.0; +https://dataforseo.com/dataforseo-bot)"
172.207.131.36 - - [11/Jul/2025:17:05:30 -0400] "GET /wp-admin/js/wp-conflg.php HTTP/1.1" 404 23128 "-" "-"
136.243.228.194 - - [11/Jul/2025:17:05:32 -0400] "GET /3pgi46706.html HTTP/1.1" 404 23130 "-" "Mozilla/5.0 (compatible; DataForSeoBot/1.0; +https://dataforseo.com/dataforseo-bot)"
172.207.131.36 - - [11/Jul/2025:17:05:34 -0400] "GET /wp-content/packed.php HTTP/1.1" 404 23128 "-" "-"
172.207.131.36 - - [11/Jul/2025:17:05:39 -0400] "GET /assets/images/doc.php HTTP/1.1" 404 23128 "-" "-"
66.249.68.132 - - [11/Jul/2025:17:05:42 -0400] "GET /218rmhmg21369.html HTTP/1.1" 200 87099 "-" "Mozilla/5.0 (Linux; Android 6.0.1; Nexus 5X Build/MMB29P) AppleWebKit/537.36 (KHTML, like Gecko) Chrome/137.0.7151.103 Mobile Safari/537.36 (compatible; Googlebot/2.1; +http://www.google.com/bot.html)"
172.207.131.36 - - [11/Jul/2025:17:05:42 -0400] "GET /wp.php HTTP/1.1" 404 23128 "-" "-"
136.243.228.194 - - [11/Jul/2025:17:05:47 -0400] "GET /16vvv11551.html HTTP/1.1" 404 23128 "-" "Mozilla/5.0 (compatible; DataForSeoBot/1.0; +https://dataforseo.com/dataforseo-bot)"
172.207.131.36 - - [11/Jul/2025:17:05:49 -0400] "GET /wp-content/themes/file.php HTTP/1.1" 404 23128 "-" "-"
172.207.131.36 - - [11/Jul/2025:17:05:58 -0400] "GET /wp-content/plugins/revslider/includes/external/page/index.php HTTP/1.1" 301 0 "-" "-"
136.243.228.194 - - [11/Jul/2025:17:05:59 -0400] "GET /167yzryf27122.html HTTP/1.1" 404 23130 "-" "Mozilla/5.0 (compatible; DataForSeoBot/1.0; +https://dataforseo.com/dataforseo-bot)"
172.207.131.36 - - [11/Jul/2025:17:06:00 -0400] "GET /wp-content/plugins/revslider/includes/external/page/ HTTP/1.1" 404 23128 "-" "-"
66.29.146.47 - - [11/Jul/2025:17:06:08 -0400] "POST /wp-cron.php?doing_wp_cron=1752267968.1908400058746337890625 HTTP/1.1" 403 1242 "-" "WordPress/6.8; https://dangroup.sa"
172.207.131.36 - - [11/Jul/2025:17:06:07 -0400] "GET /m.php HTTP/1.1" 404 23128 "-" "-"
136.243.228.194 - - [11/Jul/2025:17:06:09 -0400] "GET /205cscf36652.html HTTP/1.1" 404 23128 "-" "Mozilla/5.0 (compatible; DataForSeoBot/1.0; +https://dataforseo.com/dataforseo-bot)"
172.207.131.36 - - [11/Jul/2025:17:06:12 -0400] "GET /wp-includes/blocks/wp-conflg.php HTTP/1.1" 404 23128 "-" "-"
172.207.131.36 - - [11/Jul/2025:17:06:16 -0400] "GET /themes.php HTTP/1.1" 404 23128 "-" "-"
136.243.228.194 - - [11/Jul/2025:17:06:16 -0400] "GET /184jovj9575.html HTTP/1.1" 404 23128 "-" "Mozilla/5.0 (compatible; DataForSeoBot/1.0; +https://dataforseo.com/dataforseo-bot)"
20.171.207.246 - - [11/Jul/2025:17:06:16 -0400] "GET /215utqh25156.html HTTP/1.1" 404 23130 "-" "Mozilla/5.0 AppleWebKit/537.36 (KHTML, like Gecko; compatible; GPTBot/1.2; +https://openai.com/gptbot)"
172.207.131.36 - - [11/Jul/2025:17:06:23 -0400] "GET /manager.php HTTP/1.1" 404 23130 "-" "-"
136.243.228.194 - - [11/Jul/2025:17:06:25 -0400] "GET /231nujci9100.html HTTP/1.1" 404 23128 "-" "Mozilla/5.0 (compatible; DataForSeoBot/1.0; +https://dataforseo.com/dataforseo-bot)"
172.207.131.36 - - [11/Jul/2025:17:06:26 -0400] "GET /x.php HTTP/1.1" 404 23128 "-" "-"
69.197.182.50 - - [11/Jul/2025:17:06:31 -0400] "GET /wp-content/install.php HTTP/1.1" 200 10 "https://dangroup.sa/wp-content/install.php" "Mozilla/5.0 (Windows NT 10.0; Win64; x64) AppleWebKit/537.36 (KHTML, like Gecko) Chrome/58.0.3029.110 Safari/537.3"
172.207.131.36 - - [11/Jul/2025:17:06:31 -0400] "GET /wp-includes/ID3/autoload_classmap.php HTTP/1.1" 404 23130 "-" "-"
136.243.228.194 - - [11/Jul/2025:17:06:31 -0400] "GET /items/ephnr29/12775?key=plenty HTTP/1.1" 404 23130 "-" "Mozilla/5.0 (compatible; DataForSeoBot/1.0; +https://dataforseo.com/dataforseo-bot)"
172.207.131.36 - - [11/Jul/2025:17:06:36 -0400] "GET /muse.php HTTP/1.1" 404 23128 "-" "-"
136.243.228.194 - - [11/Jul/2025:17:06:38 -0400] "GET /items/rvhhg127/12189?key=immune HTTP/1.1" 404 23128 "-" "Mozilla/5.0 (compatible; DataForSeoBot/1.0; +https://dataforseo.com/dataforseo-bot)"
172.207.131.36 - - [11/Jul/2025:17:06:40 -0400] "GET /alfa-rex2.php HTTP/1.1" 404 23128 "-" "-"
136.243.228.194 - - [11/Jul/2025:17:06:44 -0400] "GET /items/ripxe37/10683?key=dear HTTP/1.1" 404 23128 "-" "Mozilla/5.0 (compatible; DataForSeoBot/1.0; +https://dataforseo.com/dataforseo-bot)"
172.207.131.36 - - [11/Jul/2025:17:06:45 -0400] "GET /wp-content/uploads/json.php HTTP/1.1" 404 23128 "-" "-"
136.243.228.194 - - [11/Jul/2025:17:06:49 -0400] "GET /62edn16911.html HTTP/1.1" 404 23128 "-" "Mozilla/5.0 (compatible; DataForSeoBot/1.0; +https://dataforseo.com/dataforseo-bot)"
172.207.131.36 - - [11/Jul/2025:17:06:50 -0400] "GET /xmrlpc.php HTTP/1.1" 404 23128 "-" "-"
172.207.131.36 - - [11/Jul/2025:17:06:54 -0400] "GET /post.php HTTP/1.1" 404 23128 "-" "-"
136.243.228.194 - - [11/Jul/2025:17:06:55 -0400] "GET /items/vneja157/26313?key=flee HTTP/1.1" 404 23128 "-" "Mozilla/5.0 (compatible; DataForSeoBot/1.0; +https://dataforseo.com/dataforseo-bot)"
172.207.131.36 - - [11/Jul/2025:17:06:58 -0400] "GET /cgi-bin/upfile.php HTTP/1.1" 404 23130 "-" "-"
172.207.131.36 - - [11/Jul/2025:17:07:03 -0400] "GET /wp-content/uploads/index.php HTTP/1.1" 301 0 "-" "-"
172.207.131.36 - - [11/Jul/2025:17:07:04 -0400] "GET /wp-content/uploads/ HTTP/1.1" 200 1334 "-" "-"
136.243.228.194 - - [11/Jul/2025:17:07:01 -0400] "GET /58xfvej19767.html HTTP/1.1" 404 23128 "-" "Mozilla/5.0 (compatible; DataForSeoBot/1.0; +https://dataforseo.com/dataforseo-bot)"
172.207.131.36 - - [11/Jul/2025:17:07:04 -0400] "GET /wp-admin/user/chosen.php HTTP/1.1" 404 23130 "-" "-"
66.29.146.47 - - [11/Jul/2025:17:07:08 -0400] "POST /wp-cron.php?doing_wp_cron=1752268028.4681060314178466796875 HTTP/1.1" 403 1242 "-" "WordPress/6.8; https://dangroup.sa"
136.243.228.194 - - [11/Jul/2025:17:07:07 -0400] "GET /288bepg37479.html HTTP/1.1" 404 23128 "-" "Mozilla/5.0 (compatible; DataForSeoBot/1.0; +https://dataforseo.com/dataforseo-bot)"
172.207.131.36 - - [11/Jul/2025:17:07:09 -0400] "GET /news.php HTTP/1.1" 404 23128 "-" "-"
172.207.131.36 - - [11/Jul/2025:17:07:13 -0400] "GET /wp-admin/wp-conflg.php HTTP/1.1" 404 23130 "-" "-"
66.249.79.135 - - [11/Jul/2025:17:07:17 -0400] "GET /robots.txt HTTP/1.1" 304 0 "-" "Mozilla/5.0 (compatible; Googlebot/2.1; +http://www.google.com/bot.html)"
66.249.79.135 - - [11/Jul/2025:17:07:17 -0400] "GET /pcmypage?callback=product/review/tuzukiya-t138-23732 HTTP/1.1" 200 86868 "-" "Mozilla/5.0 (Linux; Android 6.0.1; Nexus 5X Build/MMB29P) AppleWebKit/537.36 (KHTML, like Gecko) Chrome/137.0.7151.103 Mobile Safari/537.36 (compatible; Googlebot/2.1; +http://www.google.com/bot.html)"
172.207.131.36 - - [11/Jul/2025:17:07:17 -0400] "GET /wp-content/uploads/2024/index.php HTTP/1.1" 301 0 "-" "-"
172.207.131.36 - - [11/Jul/2025:17:07:18 -0400] "GET /wp-content/uploads/2024/ HTTP/1.1" 200 953 "-" "-"
136.243.228.194 - - [11/Jul/2025:17:07:13 -0400] "GET /items/yvadv113/35275?key=sum HTTP/1.1" 404 23128 "-" "Mozilla/5.0 (compatible; DataForSeoBot/1.0; +https://dataforseo.com/dataforseo-bot)"
172.207.131.36 - - [11/Jul/2025:17:07:19 -0400] "GET /wp-includes/images/smilies/index.php HTTP/1.1" 301 0 "-" "-"
172.207.131.36 - - [11/Jul/2025:17:07:19 -0400] "GET /wp-includes/images/smilies/ HTTP/1.1" 200 1358 "-" "-"
66.249.68.129 - - [11/Jul/2025:17:07:26 -0400] "GET /items/mblai213/26099?key=as HTTP/1.1" 200 86929 "-" "Mozilla/5.0 (Linux; Android 6.0.1; Nexus 5X Build/MMB29P) AppleWebKit/537.36 (KHTML, like Gecko) Chrome/137.0.7151.103 Mobile Safari/537.36 (compatible; GoogleOther)"
172.207.131.36 - - [11/Jul/2025:17:07:20 -0400] "GET /plugins.php HTTP/1.1" 404 23128 "-" "-"
136.243.228.194 - - [11/Jul/2025:17:07:20 -0400] "GET /131ndj8798.html HTTP/1.1" 404 23128 "-" "Mozilla/5.0 (compatible; DataForSeoBot/1.0; +https://dataforseo.com/dataforseo-bot)"
172.207.131.36 - - [11/Jul/2025:17:07:29 -0400] "GET /chosen.php HTTP/1.1" 404 23128 "-" "-"
20.171.207.246 - - [11/Jul/2025:17:07:31 -0400] "GET /171qoxe11674.html HTTP/1.1" 404 23130 "-" "Mozilla/5.0 AppleWebKit/537.36 (KHTML, like Gecko; compatible; GPTBot/1.2; +https://openai.com/gptbot)"
172.207.131.36 - - [11/Jul/2025:17:07:40 -0400] "GET /wp-includes/ID3/index.php HTTP/1.1" 301 0 "-" "-"
136.243.228.194 - - [11/Jul/2025:17:07:31 -0400] "GET /items/paeit71/5907?key=creativity HTTP/1.1" 404 23128 "-" "Mozilla/5.0 (compatible; DataForSeoBot/1.0; +https://dataforseo.com/dataforseo-bot)"
172.207.131.36 - - [11/Jul/2025:17:07:43 -0400] "GET /wp-includes/ID3/ HTTP/1.1" 200 1320 "-" "-"
172.207.131.36 - - [11/Jul/2025:17:07:43 -0400] "GET /images/admin.php HTTP/1.1" 404 23130 "-" "-"
136.243.228.194 - - [11/Jul/2025:17:07:44 -0400] "GET /200dlrhm5671.html HTTP/1.1" 404 23128 "-" "Mozilla/5.0 (compatible; DataForSeoBot/1.0; +https://dataforseo.com/dataforseo-bot)"
172.207.131.36 - - [11/Jul/2025:17:07:49 -0400] "GET /edit.php HTTP/1.1" 404 23128 "-" "-"
172.207.131.36 - - [11/Jul/2025:17:07:53 -0400] "GET /wp-admin/user/admin.php HTTP/1.1" 302 0 "-" "-"
136.243.228.194 - - [11/Jul/2025:17:07:50 -0400] "GET /items/mkppt90/29958?key=later HTTP/1.1" 404 23128 "-" "Mozilla/5.0 (compatible; DataForSeoBot/1.0; +https://dataforseo.com/dataforseo-bot)"
172.207.131.36 - - [11/Jul/2025:17:07:55 -0400] "GET /wp-login.php?redirect_to=https%3A%2F%2Fdangroup.sa%2Fwp-admin%2Fuser%2Fadmin.php&reauth=1 HTTP/1.1" 200 3105 "-" "-"
172.207.131.36 - - [11/Jul/2025:17:07:55 -0400] "GET /wp-admin/css/colors/index.php HTTP/1.1" 301 0 "-" "-"
172.207.131.36 - - [11/Jul/2025:17:07:56 -0400] "GET /wp-admin/css/colors/ HTTP/1.1" 200 1093 "-" "-"
136.243.228.194 - - [11/Jul/2025:17:07:56 -0400] "GET /167sxxmd15152.html HTTP/1.1" 404 23128 "-" "Mozilla/5.0 (compatible; DataForSeoBot/1.0; +https://dataforseo.com/dataforseo-bot)"
172.207.131.36 - - [11/Jul/2025:17:07:56 -0400] "GET /makeasmtp.php HTTP/1.1" 404 23128 "-" "-"
172.207.131.36 - - [11/Jul/2025:17:08:02 -0400] "GET /wp-content/plugins/seoo/wsoyanz.php HTTP/1.1" 404 23130 "-" "-"
136.243.228.194 - - [11/Jul/2025:17:08:03 -0400] "GET /items/flgwk221/6505?key=hunt HTTP/1.1" 404 23128 "-" "Mozilla/5.0 (compatible; DataForSeoBot/1.0; +https://dataforseo.com/dataforseo-bot)"
172.207.131.36 - - [11/Jul/2025:17:08:06 -0400] "GET /wp-admin/network/chosen.php HTTP/1.1" 404 23128 "-" "-"
66.29.146.47 - - [11/Jul/2025:17:08:10 -0400] "POST /wp-cron.php?doing_wp_cron=1752268090.3611459732055664062500 HTTP/1.1" 403 1242 "-" "WordPress/6.8; https://dangroup.sa"
136.243.228.194 - - [11/Jul/2025:17:08:09 -0400] "GET /items/znhlm122/55348?key=alike HTTP/1.1" 404 23128 "-" "Mozilla/5.0 (compatible; DataForSeoBot/1.0; +https://dataforseo.com/dataforseo-bot)"
172.207.131.36 - - [11/Jul/2025:17:08:11 -0400] "GET /wp-includes/sodium_compat/autoload_classmap.php HTTP/1.1" 404 23128 "-" "-"
172.207.131.36 - - [11/Jul/2025:17:08:15 -0400] "GET /wp-includes/images/smilies/about.php HTTP/1.1" 404 23128 "-" "-"
20.171.207.246 - - [11/Jul/2025:17:08:16 -0400] "GET /123xrrx10070.html HTTP/1.1" 404 23129 "-" "Mozilla/5.0 AppleWebKit/537.36 (KHTML, like Gecko; compatible; GPTBot/1.2; +https://openai.com/gptbot)"
136.243.228.194 - - [11/Jul/2025:17:08:16 -0400] "GET /items/eppui201/9555?key=normal HTTP/1.1" 404 23130 "-" "Mozilla/5.0 (compatible; DataForSeoBot/1.0; +https://dataforseo.com/dataforseo-bot)"
172.207.131.36 - - [11/Jul/2025:17:08:22 -0400] "GET /wp-includes/autoload_classmap.php HTTP/1.1" 404 23130 "-" "-"
172.207.131.36 - - [11/Jul/2025:17:08:27 -0400] "GET /wp-admin/network/index.php HTTP/1.1" 302 0 "-" "-"
136.243.228.194 - - [11/Jul/2025:17:08:24 -0400] "GET /198xtf23729.html HTTP/1.1" 404 23128 "-" "Mozilla/5.0 (compatible; DataForSeoBot/1.0; +https://dataforseo.com/dataforseo-bot)"
172.207.131.36 - - [11/Jul/2025:17:08:28 -0400] "GET /wp-login.php?redirect_to=https%3A%2F%2Fdangroup.sa%2Fwp-admin%2Fnetwork%2Findex.php&reauth=1 HTTP/1.1" 200 3107 "-" "-"
172.207.131.36 - - [11/Jul/2025:17:08:30 -0400] "GET /wp-admin/images/index.php HTTP/1.1" 301 0 "-" "-"
172.207.131.36 - - [11/Jul/2025:17:08:31 -0400] "GET /wp-admin/images/ HTTP/1.1" 200 2323 "-" "-"
172.207.131.36 - - [11/Jul/2025:17:08:31 -0400] "GET /wp-admin/yindu.php HTTP/1.1" 404 23128 "-" "-"
136.243.228.194 - - [11/Jul/2025:17:08:32 -0400] "GET /61iqwxn37502.html HTTP/1.1" 404 23128 "-" "Mozilla/5.0 (compatible; DataForSeoBot/1.0; +https://dataforseo.com/dataforseo-bot)"
136.243.228.194 - - [11/Jul/2025:17:08:38 -0400] "GET /16wuq45635.html HTTP/1.1" 404 23128 "-" "Mozilla/5.0 (compatible; DataForSeoBot/1.0; +https://dataforseo.com/dataforseo-bot)"
136.243.228.194 - - [11/Jul/2025:17:08:44 -0400] "GET /290yezg24591.html HTTP/1.1" 404 23130 "-" "Mozilla/5.0 (compatible; DataForSeoBot/1.0; +https://dataforseo.com/dataforseo-bot)"
136.243.228.194 - - [11/Jul/2025:17:08:49 -0400] "GET /items/sabgh53/39565?key=shift HTTP/1.1" 404 23128 "-" "Mozilla/5.0 (compatible; DataForSeoBot/1.0; +https://dataforseo.com/dataforseo-bot)"
66.249.68.129 - - [11/Jul/2025:17:08:58 -0400] "GET /items/ircyw214/48666?key=outside HTTP/1.1" 200 86485 "-" "Mozilla/5.0 (Linux; Android 6.0.1; Nexus 5X Build/MMB29P) AppleWebKit/537.36 (KHTML, like Gecko) Chrome/137.0.7151.103 Mobile Safari/537.36 (compatible; Googlebot/2.1; +http://www.google.com/bot.html)"
136.243.228.194 - - [11/Jul/2025:17:08:56 -0400] "GET /items/wpmkg55/43277?key=warn HTTP/1.1" 404 23128 "-" "Mozilla/5.0 (compatible; DataForSeoBot/1.0; +https://dataforseo.com/dataforseo-bot)"
