136.243.228.194 - - [11/Jul/2025:17:26:08 -0400] "GET /items/eajim92/24494?key=burst HTTP/1.1" 404 23128 "-" "Mozilla/5.0 (compatible; DataForSeoBot/1.0; +https://dataforseo.com/dataforseo-bot)"
13.74.44.234 - - [11/Jul/2025:17:26:09 -0400] "GET /wp-content/banners/about.php HTTP/1.1" 404 23128 "-" "-"
13.74.44.234 - - [11/Jul/2025:17:26:14 -0400] "GET /wp-content/about.php HTTP/1.1" 404 23128 "-" "-"
136.243.228.194 - - [11/Jul/2025:17:26:14 -0400] "GET /279gwap34644.html HTTP/1.1" 404 23128 "-" "Mozilla/5.0 (compatible; DataForSeoBot/1.0; +https://dataforseo.com/dataforseo-bot)"
66.249.68.133 - - [11/Jul/2025:17:26:20 -0400] "GET /155snaac41366.html HTTP/1.1" 200 87373 "-" "Mozilla/5.0 (Linux; Android 6.0.1; Nexus 5X Build/MMB29P) AppleWebKit/537.36 (KHTML, like Gecko) Chrome/137.0.7151.103 Mobile Safari/537.36 (compatible; Googlebot/2.1; +http://www.google.com/bot.html)"
13.74.44.234 - - [11/Jul/2025:17:26:19 -0400] "GET /.well-known/about.php HTTP/1.1" 404 23128 "-" "-"
136.243.228.194 - - [11/Jul/2025:17:26:20 -0400] "GET /items/hnxwd94/152?key=medication HTTP/1.1" 404 23128 "-" "Mozilla/5.0 (compatible; DataForSeoBot/1.0; +https://dataforseo.com/dataforseo-bot)"
13.74.44.234 - - [11/Jul/2025:17:26:23 -0400] "GET /wp-includes/Text/about.php HTTP/1.1" 404 23128 "-" "-"
136.243.228.194 - - [11/Jul/2025:17:26:26 -0400] "GET /items/zsqpr118/31526?key=automatic HTTP/1.1" 404 23128 "-" "Mozilla/5.0 (compatible; DataForSeoBot/1.0; +https://dataforseo.com/dataforseo-bot)"
13.74.44.234 - - [11/Jul/2025:17:26:27 -0400] "GET /wp-includes/ID3/about.php HTTP/1.1" 404 23128 "-" "-"
13.74.44.234 - - [11/Jul/2025:17:26:32 -0400] "GET /img/about.php HTTP/1.1" 404 23130 "-" "-"
136.243.228.194 - - [11/Jul/2025:17:26:32 -0400] "GET /50zyxdl22767.html HTTP/1.1" 404 23128 "-" "Mozilla/5.0 (compatible; DataForSeoBot/1.0; +https://dataforseo.com/dataforseo-bot)"
13.74.44.234 - - [11/Jul/2025:17:26:37 -0400] "GET /wp-content/languages/about.php HTTP/1.1" 404 23128 "-" "-"
136.243.228.194 - - [11/Jul/2025:17:26:39 -0400] "GET /items/lnwmr52/23892?key=tennis HTTP/1.1" 404 23128 "-" "Mozilla/5.0 (compatible; DataForSeoBot/1.0; +https://dataforseo.com/dataforseo-bot)"
66.249.68.133 - - [11/Jul/2025:17:26:43 -0400] "GET /items/zvkmh163/42561?key=pursue HTTP/1.1" 200 87357 "-" "Mozilla/5.0 (Linux; Android 6.0.1; Nexus 5X Build/MMB29P) AppleWebKit/537.36 (KHTML, like Gecko) Chrome/137.0.7151.103 Mobile Safari/537.36 (compatible; GoogleOther)"
13.74.44.234 - - [11/Jul/2025:17:26:40 -0400] "GET /wp-includes/customize/about.php HTTP/1.1" 404 23128 "-" "-"
136.243.228.194 - - [11/Jul/2025:17:26:45 -0400] "GET /26nadx33917.html HTTP/1.1" 404 23128 "-" "Mozilla/5.0 (compatible; DataForSeoBot/1.0; +https://dataforseo.com/dataforseo-bot)"
13.74.44.234 - - [11/Jul/2025:17:26:45 -0400] "GET /wp-includes.bak/html-api/about.php HTTP/1.1" 404 23130 "-" "-"
13.74.44.234 - - [11/Jul/2025:17:26:50 -0400] "GET /wp-includes/widgets/about.php HTTP/1.1" 404 23128 "-" "-"
136.243.228.194 - - [11/Jul/2025:17:26:50 -0400] "GET /180qtwea11161.html HTTP/1.1" 404 23128 "-" "Mozilla/5.0 (compatible; DataForSeoBot/1.0; +https://dataforseo.com/dataforseo-bot)"
66.29.146.47 - - [11/Jul/2025:17:26:57 -0400] "POST /wp-cron.php?doing_wp_cron=1752269217.1614100933074951171875 HTTP/1.1" 403 1242 "-" "WordPress/6.8; https://dangroup.sa"
13.74.44.234 - - [11/Jul/2025:17:26:54 -0400] "GET /wp-includes/IXR/about.php HTTP/1.1" 404 23128 "-" "-"
136.243.228.194 - - [11/Jul/2025:17:26:56 -0400] "GET /items/aaezv295/10725?key=feature HTTP/1.1" 404 23128 "-" "Mozilla/5.0 (compatible; DataForSeoBot/1.0; +https://dataforseo.com/dataforseo-bot)"
13.74.44.234 - - [11/Jul/2025:17:26:58 -0400] "GET /wp-admin/js/about.php HTTP/1.1" 404 23128 "-" "-"
13.74.44.234 - - [11/Jul/2025:17:27:03 -0400] "GET /.well-known/pki-validation/about.php HTTP/1.1" 404 1251 "-" "-"
20.171.207.246 - - [11/Jul/2025:17:27:01 -0400] "GET /242nabm42945.html HTTP/1.1" 404 23128 "-" "Mozilla/5.0 AppleWebKit/537.36 (KHTML, like Gecko; compatible; GPTBot/1.2; +https://openai.com/gptbot)"
136.243.228.194 - - [11/Jul/2025:17:27:01 -0400] "GET /162uqge10709.html HTTP/1.1" 404 23128 "-" "Mozilla/5.0 (compatible; DataForSeoBot/1.0; +https://dataforseo.com/dataforseo-bot)"
13.74.44.234 - - [11/Jul/2025:17:27:03 -0400] "GET /wp-includes/pomo/about.php HTTP/1.1" 404 23128 "-" "-"
13.74.44.234 - - [11/Jul/2025:17:27:09 -0400] "GET /wp-includes/block-patterns/about.php HTTP/1.1" 404 23128 "-" "-"
136.243.228.194 - - [11/Jul/2025:17:27:10 -0400] "GET /88tgl12573.html HTTP/1.1" 404 23128 "-" "Mozilla/5.0 (compatible; DataForSeoBot/1.0; +https://dataforseo.com/dataforseo-bot)"
13.74.44.234 - - [11/Jul/2025:17:27:14 -0400] "GET /wp-content/updraft/about.php HTTP/1.1" 404 23130 "-" "-"
136.243.228.194 - - [11/Jul/2025:17:27:17 -0400] "GET /267cmo30666.html HTTP/1.1" 404 23128 "-" "Mozilla/5.0 (compatible; DataForSeoBot/1.0; +https://dataforseo.com/dataforseo-bot)"
13.74.44.234 - - [11/Jul/2025:17:27:17 -0400] "GET /wp-content/upgrade-temp-backup/about.php HTTP/1.1" 404 23128 "-" "-"
136.243.228.194 - - [11/Jul/2025:17:27:22 -0400] "GET /items/erdae7/44289?key=fluid HTTP/1.1" 404 23128 "-" "Mozilla/5.0 (compatible; DataForSeoBot/1.0; +https://dataforseo.com/dataforseo-bot)"
13.74.44.234 - - [11/Jul/2025:17:27:22 -0400] "GET /wp-content/themes/about.php HTTP/1.1" 404 23128 "-" "-"
13.74.44.234 - - [11/Jul/2025:17:27:27 -0400] "GET /wp-admin/includes/about.php HTTP/1.1" 404 23128 "-" "-"
136.243.228.194 - - [11/Jul/2025:17:27:29 -0400] "GET /204ecdbd47173.html HTTP/1.1" 404 23128 "-" "Mozilla/5.0 (compatible; DataForSeoBot/1.0; +https://dataforseo.com/dataforseo-bot)"
13.74.44.234 - - [11/Jul/2025:17:27:31 -0400] "GET /images/about.php HTTP/1.1" 404 23128 "-" "-"
136.243.228.194 - - [11/Jul/2025:17:27:35 -0400] "GET /215rxljr17008.html HTTP/1.1" 404 23128 "-" "Mozilla/5.0 (compatible; DataForSeoBot/1.0; +https://dataforseo.com/dataforseo-bot)"
13.74.44.234 - - [11/Jul/2025:17:27:35 -0400] "GET /wp-content/blogs.dir/about.php HTTP/1.1" 404 23130 "-" "-"
13.74.44.234 - - [11/Jul/2025:17:27:40 -0400] "GET /wp-includes/images/about.php HTTP/1.1" 404 23128 "-" "-"
136.243.228.194 - - [11/Jul/2025:17:27:40 -0400] "GET /136qnmot6787.html HTTP/1.1" 404 23128 "-" "Mozilla/5.0 (compatible; DataForSeoBot/1.0; +https://dataforseo.com/dataforseo-bot)"
13.74.44.234 - - [11/Jul/2025:17:27:45 -0400] "GET /wp-includes/about.php HTTP/1.1" 404 23128 "-" "-"
136.243.228.194 - - [11/Jul/2025:17:27:46 -0400] "GET /158tau1555.html HTTP/1.1" 404 23128 "-" "Mozilla/5.0 (compatible; DataForSeoBot/1.0; +https://dataforseo.com/dataforseo-bot)"
13.74.44.234 - - [11/Jul/2025:17:27:49 -0400] "GET /cgi-bin/about.php HTTP/1.1" 404 23128 "-" "-"
136.243.228.194 - - [11/Jul/2025:17:27:52 -0400] "GET /167assun16464.html HTTP/1.1" 404 23128 "-" "Mozilla/5.0 (compatible; DataForSeoBot/1.0; +https://dataforseo.com/dataforseo-bot)"
13.74.44.234 - - [11/Jul/2025:17:27:54 -0400] "GET /wp-content/gallery/about.php HTTP/1.1" 404 23130 "-" "-"
66.29.146.47 - - [11/Jul/2025:17:27:59 -0400] "POST /wp-cron.php?doing_wp_cron=1752269278.7764689922332763671875 HTTP/1.1" 403 1242 "-" "WordPress/6.8; https://dangroup.sa"
66.29.146.47 - - [11/Jul/2025:17:27:59 -0400] "POST /wp-cron.php?doing_wp_cron=1752269279.2605330944061279296875 HTTP/1.1" 403 1242 "-" "WordPress/6.8; https://dangroup.sa"
136.243.228.194 - - [11/Jul/2025:17:27:58 -0400] "GET /items/wfqep237/1879?key=heavily HTTP/1.1" 404 23130 "-" "Mozilla/5.0 (compatible; DataForSeoBot/1.0; +https://dataforseo.com/dataforseo-bot)"
13.74.44.234 - - [11/Jul/2025:17:27:58 -0400] "GET /wp-includes/blocks/about.php HTTP/1.1" 404 23130 "-" "-"
20.171.207.246 - - [11/Jul/2025:17:28:01 -0400] "GET /126hhzi21599.html HTTP/1.1" 404 23128 "-" "Mozilla/5.0 AppleWebKit/537.36 (KHTML, like Gecko; compatible; GPTBot/1.2; +https://openai.com/gptbot)"
13.74.44.234 - - [11/Jul/2025:17:28:05 -0400] "GET /wp-admin/css/about.php HTTP/1.1" 404 23128 "-" "-"
136.243.228.194 - - [11/Jul/2025:17:28:06 -0400] "GET /items/nairm196/14616?key=fame HTTP/1.1" 404 23128 "-" "Mozilla/5.0 (compatible; DataForSeoBot/1.0; +https://dataforseo.com/dataforseo-bot)"
13.74.44.234 - - [11/Jul/2025:17:28:11 -0400] "GET /wp-admin/images/about.php HTTP/1.1" 404 23128 "-" "-"
13.74.44.234 - - [11/Jul/2025:17:28:15 -0400] "GET /.well-known/pki-validation/cloud.php HTTP/1.1" 404 1251 "-" "-"
136.243.228.194 - - [11/Jul/2025:17:28:14 -0400] "GET /items/bxjtt290/4982?key=hill HTTP/1.1" 404 23130 "-" "Mozilla/5.0 (compatible; DataForSeoBot/1.0; +https://dataforseo.com/dataforseo-bot)"
13.74.44.234 - - [11/Jul/2025:17:28:16 -0400] "GET /.well-known/acme-challenge/cloud.php HTTP/1.1" 404 23128 "-" "-"
13.74.44.234 - - [11/Jul/2025:17:28:20 -0400] "GET /wp-admin/network/cloud.php HTTP/1.1" 404 23128 "-" "-"
136.243.228.194 - - [11/Jul/2025:17:28:21 -0400] "GET /items/wdsga229/31183?key=check HTTP/1.1" 404 23128 "-" "Mozilla/5.0 (compatible; DataForSeoBot/1.0; +https://dataforseo.com/dataforseo-bot)"
13.74.44.234 - - [11/Jul/2025:17:28:25 -0400] "GET /cloud.php HTTP/1.1" 404 23130 "-" "-"
136.243.228.194 - - [11/Jul/2025:17:28:26 -0400] "GET /81yac27190.html HTTP/1.1" 404 23128 "-" "Mozilla/5.0 (compatible; DataForSeoBot/1.0; +https://dataforseo.com/dataforseo-bot)"
13.74.44.234 - - [11/Jul/2025:17:28:28 -0400] "GET /cgi-bin/cloud.php HTTP/1.1" 404 23128 "-" "-"
136.243.228.194 - - [11/Jul/2025:17:28:32 -0400] "GET /223rnz40130.html HTTP/1.1" 404 23128 "-" "Mozilla/5.0 (compatible; DataForSeoBot/1.0; +https://dataforseo.com/dataforseo-bot)"
13.74.44.234 - - [11/Jul/2025:17:28:33 -0400] "GET /wp-content/updates.php HTTP/1.1" 404 23128 "-" "-"
136.243.228.194 - - [11/Jul/2025:17:28:38 -0400] "GET /231yuvq28848.html HTTP/1.1" 404 23128 "-" "Mozilla/5.0 (compatible; DataForSeoBot/1.0; +https://dataforseo.com/dataforseo-bot)"
13.74.44.234 - - [11/Jul/2025:17:28:38 -0400] "GET /css/cloud.php HTTP/1.1" 404 23128 "-" "-"
13.74.44.234 - - [11/Jul/2025:17:28:43 -0400] "GET /wp-admin/user/cloud.php HTTP/1.1" 404 23128 "-" "-"
136.243.228.194 - - [11/Jul/2025:17:28:43 -0400] "GET /items/xbomr78/39768?key=fatal HTTP/1.1" 404 23130 "-" "Mozilla/5.0 (compatible; DataForSeoBot/1.0; +https://dataforseo.com/dataforseo-bot)"
13.74.44.234 - - [11/Jul/2025:17:28:47 -0400] "GET /img/cloud.php HTTP/1.1" 404 23128 "-" "-"
136.243.228.194 - - [11/Jul/2025:17:28:49 -0400] "GET /items/hojkr241/26011?key=sandwich HTTP/1.1" 404 23128 "-" "Mozilla/5.0 (compatible; DataForSeoBot/1.0; +https://dataforseo.com/dataforseo-bot)"
13.74.44.234 - - [11/Jul/2025:17:28:51 -0400] "GET /wp-admin/css/colors/coffee/cloud.php HTTP/1.1" 404 23128 "-" "-"
136.243.228.194 - - [11/Jul/2025:17:28:55 -0400] "GET /167zgi5874.html HTTP/1.1" 404 23128 "-" "Mozilla/5.0 (compatible; DataForSeoBot/1.0; +https://dataforseo.com/dataforseo-bot)"
13.74.44.234 - - [11/Jul/2025:17:28:55 -0400] "GET /wp-admin/images/cloud.php HTTP/1.1" 404 23130 "-" "-"
66.29.146.47 - - [11/Jul/2025:17:29:01 -0400] "POST /wp-cron.php?doing_wp_cron=1752269340.8738560676574707031250 HTTP/1.1" 403 1242 "-" "WordPress/6.8; https://dangroup.sa"
66.29.146.47 - - [11/Jul/2025:17:29:01 -0400] "POST /wp-cron.php?doing_wp_cron=1752269340.8763759136199951171875 HTTP/1.1" 403 1242 "-" "WordPress/6.8; https://dangroup.sa"
136.243.228.194 - - [11/Jul/2025:17:29:00 -0400] "GET /267nkpkm26382.html HTTP/1.1" 404 23128 "-" "Mozilla/5.0 (compatible; DataForSeoBot/1.0; +https://dataforseo.com/dataforseo-bot)"
13.74.44.234 - - [11/Jul/2025:17:29:00 -0400] "GET /avaa.php HTTP/1.1" 404 23128 "-" "-"
20.171.207.246 - - [11/Jul/2025:17:29:03 -0400] "GET /219tlfj11848.html HTTP/1.1" 404 23128 "-" "Mozilla/5.0 AppleWebKit/537.36 (KHTML, like Gecko; compatible; GPTBot/1.2; +https://openai.com/gptbot)"
13.74.44.234 - - [11/Jul/2025:17:29:06 -0400] "GET /images/cloud.php HTTP/1.1" 404 23128 "-" "-"
136.243.228.194 - - [11/Jul/2025:17:29:06 -0400] "GET /items/bevoe119/21791?key=emerging HTTP/1.1" 404 23130 "-" "Mozilla/5.0 (compatible; DataForSeoBot/1.0; +https://dataforseo.com/dataforseo-bot)"
13.74.44.234 - - [11/Jul/2025:17:29:15 -0400] "GET /wp-admin/js/widgets/cloud.php HTTP/1.1" 404 23128 "-" "-"
136.243.228.194 - - [11/Jul/2025:17:29:16 -0400] "GET /items/ywtvh1/2669?key=flash HTTP/1.1" 404 23130 "-" "Mozilla/5.0 (compatible; DataForSeoBot/1.0; +https://dataforseo.com/dataforseo-bot)"
13.74.44.234 - - [11/Jul/2025:17:29:24 -0400] "GET /wp-includes/Requests/Text/admin.php HTTP/1.1" 404 23130 "-" "-"
136.243.228.194 - - [11/Jul/2025:17:29:27 -0400] "GET /223chsf8542.html HTTP/1.1" 404 23130 "-" "Mozilla/5.0 (compatible; DataForSeoBot/1.0; +https://dataforseo.com/dataforseo-bot)"
13.74.44.234 - - [11/Jul/2025:17:29:33 -0400] "GET /wp-admin/css/colors/cloud.php HTTP/1.1" 404 23128 "-" "-"
136.243.228.194 - - [11/Jul/2025:17:29:36 -0400] "GET /items/bakiw59/3359?key=difficult HTTP/1.1" 404 23128 "-" "Mozilla/5.0 (compatible; DataForSeoBot/1.0; +https://dataforseo.com/dataforseo-bot)"
13.74.44.234 - - [11/Jul/2025:17:29:38 -0400] "GET /wp-admin/includes/cloud.php HTTP/1.1" 404 23128 "-" "-"
136.243.228.194 - - [11/Jul/2025:17:29:42 -0400] "GET /243gzynw452.html HTTP/1.1" 404 23130 "-" "Mozilla/5.0 (compatible; DataForSeoBot/1.0; +https://dataforseo.com/dataforseo-bot)"
13.74.44.234 - - [11/Jul/2025:17:29:43 -0400] "GET /wp-admin/css/colors/blue/cloud.php HTTP/1.1" 404 23128 "-" "-"
13.74.44.234 - - [11/Jul/2025:17:29:48 -0400] "GET /wp-admin/cloud.php HTTP/1.1" 404 23128 "-" "-"
13.74.44.234 - - [11/Jul/2025:17:29:51 -0400] "GET /updates.php HTTP/1.1" 404 23128 "-" "-"
13.74.44.234 - - [11/Jul/2025:17:29:55 -0400] "GET /libraries/legacy/updates.php HTTP/1.1" 404 23128 "-" "-"
13.74.44.234 - - [11/Jul/2025:17:29:58 -0400] "GET /libraries/phpmailer/updates.php HTTP/1.1" 404 23128 "-" "-"
66.249.68.132 - - [11/Jul/2025:17:30:01 -0400] "GET /242mzz32627.html HTTP/1.1" 200 86984 "-" "Mozilla/5.0 (Linux; Android 6.0.1; Nexus 5X Build/MMB29P) AppleWebKit/537.36 (KHTML, like Gecko) Chrome/137.0.7151.103 Mobile Safari/537.36 (compatible; Googlebot/2.1; +http://www.google.com/bot.html)"
66.29.146.47 - - [11/Jul/2025:17:30:03 -0400] "POST /wp-cron.php?doing_wp_cron=1752269403.0523979663848876953125 HTTP/1.1" 403 1242 "-" "WordPress/6.8; https://dangroup.sa"
13.74.44.234 - - [11/Jul/2025:17:30:02 -0400] "GET /libraries/vendor/updates.php HTTP/1.1" 404 23128 "-" "-"
20.171.207.246 - - [11/Jul/2025:17:30:04 -0400] "GET /141ixkp10164.html HTTP/1.1" 404 23128 "-" "Mozilla/5.0 AppleWebKit/537.36 (KHTML, like Gecko; compatible; GPTBot/1.2; +https://openai.com/gptbot)"
13.74.44.234 - - [11/Jul/2025:17:30:07 -0400] "GET /alfa-rex.php7 HTTP/1.1" 404 23128 "-" "-"
13.74.44.234 - - [11/Jul/2025:17:30:13 -0400] "GET /alfanew.php HTTP/1.1" 404 23128 "-" "-"
13.74.44.234 - - [11/Jul/2025:17:30:18 -0400] "GET /wp-content/plugins/Cache/Cache.php HTTP/1.1" 404 23128 "-" "-"
13.74.44.234 - - [11/Jul/2025:17:30:25 -0400] "GET /wp-admin/js/widgets/about.php7 HTTP/1.1" 404 23128 "-" "-"
13.74.44.234 - - [11/Jul/2025:17:30:31 -0400] "GET /wp-p.php7 HTTP/1.1" 404 23130 "-" "-"
136.243.228.194 - - [11/Jul/2025:17:30:33 -0400] "GET /216nqbw55.html HTTP/1.1" 404 23130 "-" "Mozilla/5.0 (compatible; DataForSeoBot/1.0; +https://dataforseo.com/dataforseo-bot)"
13.74.44.234 - - [11/Jul/2025:17:30:39 -0400] "GET /wp-admin/repeater.php HTTP/1.1" 404 23128 "-" "-"
136.243.228.194 - - [11/Jul/2025:17:30:43 -0400] "GET /items/qbjpk60/4596?key=salt HTTP/1.1" 404 23128 "-" "Mozilla/5.0 (compatible; DataForSeoBot/1.0; +https://dataforseo.com/dataforseo-bot)"
13.74.44.234 - - [11/Jul/2025:17:30:44 -0400] "GET /wp-includes/repeater.php HTTP/1.1" 404 23128 "-" "-"
13.74.44.234 - - [11/Jul/2025:17:30:48 -0400] "GET /wp-content/repeater.php HTTP/1.1" 404 23128 "-" "-"
136.243.228.194 - - [11/Jul/2025:17:30:48 -0400] "GET /items/xezff163/31453?key=surrounding HTTP/1.1" 404 23128 "-" "Mozilla/5.0 (compatible; DataForSeoBot/1.0; +https://dataforseo.com/dataforseo-bot)"
13.74.44.234 - - [11/Jul/2025:17:30:53 -0400] "GET /wsoyanz.php HTTP/1.1" 404 23128 "-" "-"
136.243.228.194 - - [11/Jul/2025:17:30:54 -0400] "GET /94gias32477.html HTTP/1.1" 404 23130 "-" "Mozilla/5.0 (compatible; DataForSeoBot/1.0; +https://dataforseo.com/dataforseo-bot)"
13.74.44.234 - - [11/Jul/2025:17:30:56 -0400] "GET /yanz.php HTTP/1.1" 404 23128 "-" "-"
136.243.228.194 - - [11/Jul/2025:17:30:59 -0400] "GET /227syxb44582.html HTTP/1.1" 404 23128 "-" "Mozilla/5.0 (compatible; DataForSeoBot/1.0; +https://dataforseo.com/dataforseo-bot)"
13.74.44.234 - - [11/Jul/2025:17:31:01 -0400] "GET /wp-content/plugins/seoo/wsoyanz.php HTTP/1.1" 404 23128 "-" "-"
66.29.146.47 - - [11/Jul/2025:17:31:06 -0400] "POST /wp-cron.php?doing_wp_cron=1752269466.1829349994659423828125 HTTP/1.1" 403 1242 "-" "WordPress/6.8; https://dangroup.sa"
13.74.44.234 - - [11/Jul/2025:17:31:06 -0400] "GET /wp-content/plugins/seoo/wsoyanz1.php HTTP/1.1" 404 23130 "-" "-"
136.243.228.194 - - [11/Jul/2025:17:31:06 -0400] "GET /items/jcrry84/9990?key=building HTTP/1.1" 404 23128 "-" "Mozilla/5.0 (compatible; DataForSeoBot/1.0; +https://dataforseo.com/dataforseo-bot)"
20.171.207.246 - - [11/Jul/2025:17:31:05 -0400] "GET /247hjzw22020.html HTTP/1.1" 404 23128 "-" "Mozilla/5.0 AppleWebKit/537.36 (KHTML, like Gecko; compatible; GPTBot/1.2; +https://openai.com/gptbot)"
13.74.44.234 - - [11/Jul/2025:17:31:13 -0400] "GET /cache-compat.php HTTP/1.1" 404 23130 "-" "-"
136.243.228.194 - - [11/Jul/2025:17:31:15 -0400] "GET /105izqin21334.html HTTP/1.1" 404 23128 "-" "Mozilla/5.0 (compatible; DataForSeoBot/1.0; +https://dataforseo.com/dataforseo-bot)"
13.74.44.234 - - [11/Jul/2025:17:31:17 -0400] "GET /ajax-actions.php HTTP/1.1" 404 23128 "-" "-"
136.243.228.194 - - [11/Jul/2025:17:31:21 -0400] "GET /items/zpqva166/42174?key=beautiful HTTP/1.1" 404 23130 "-" "Mozilla/5.0 (compatible; DataForSeoBot/1.0; +https://dataforseo.com/dataforseo-bot)"
13.74.44.234 - - [11/Jul/2025:17:31:22 -0400] "GET /wp-admin/ajax-actions.php HTTP/1.1" 404 23128 "-" "-"
13.74.44.234 - - [11/Jul/2025:17:31:27 -0400] "GET /wp-consar.php HTTP/1.1" 404 23128 "-" "-"
136.243.228.194 - - [11/Jul/2025:17:31:27 -0400] "GET /items/wzdcn125/37509?key=contribution HTTP/1.1" 404 23128 "-" "Mozilla/5.0 (compatible; DataForSeoBot/1.0; +https://dataforseo.com/dataforseo-bot)"
13.74.44.234 - - [11/Jul/2025:17:31:31 -0400] "GET /repeater.php HTTP/1.1" 404 23130 "-" "-"
66.249.79.135 - - [11/Jul/2025:17:31:40 -0400] "GET /55zahx34614.html HTTP/1.1" 200 87313 "-" "Mozilla/5.0 (Linux; Android 6.0.1; Nexus 5X Build/MMB29P) AppleWebKit/537.36 (KHTML, like Gecko) Chrome/137.0.7151.103 Mobile Safari/537.36 (compatible; Googlebot/2.1; +http://www.google.com/bot.html)"
136.243.228.194 - - [11/Jul/2025:17:31:33 -0400] "GET /items/vcgbs137/43309?key=candy HTTP/1.1" 404 23130 "-" "Mozilla/5.0 (compatible; DataForSeoBot/1.0; +https://dataforseo.com/dataforseo-bot)"
13.74.44.234 - - [11/Jul/2025:17:31:42 -0400] "GET /admin-post.php HTTP/1.1" 404 23128 "-" "-"
136.243.228.194 - - [11/Jul/2025:17:31:42 -0400] "GET /items/tzxak6/838?key=contribution HTTP/1.1" 404 23128 "-" "Mozilla/5.0 (compatible; DataForSeoBot/1.0; +https://dataforseo.com/dataforseo-bot)"
13.74.44.234 - - [11/Jul/2025:17:31:50 -0400] "GET /wp-admin/maint/maint/ajax-actions.php HTTP/1.1" 404 23130 "-" "-"
136.243.228.194 - - [11/Jul/2025:17:31:53 -0400] "GET /11uwzze14760.html HTTP/1.1" 404 23130 "-" "Mozilla/5.0 (compatible; DataForSeoBot/1.0; +https://dataforseo.com/dataforseo-bot)"
13.74.44.234 - - [11/Jul/2025:17:31:56 -0400] "GET /wp-admin/dropdown.php HTTP/1.1" 404 23128 "-" "-"
13.74.44.234 - - [11/Jul/2025:17:32:01 -0400] "GET /wp-admin/css/index.php HTTP/1.1" 301 0 "-" "-"
13.74.44.234 - - [11/Jul/2025:17:32:02 -0400] "GET /wp-admin/css/ HTTP/1.1" 200 2667 "-" "-"
136.243.228.194 - - [11/Jul/2025:17:31:59 -0400] "GET /items/jjbgu242/13542?key=anger HTTP/1.1" 404 23128 "-" "Mozilla/5.0 (compatible; DataForSeoBot/1.0; +https://dataforseo.com/dataforseo-bot)"
13.74.44.234 - - [11/Jul/2025:17:32:03 -0400] "GET /dropdown.php HTTP/1.1" 404 23128 "-" "-"
66.29.146.47 - - [11/Jul/2025:17:32:08 -0400] "POST /wp-cron.php?doing_wp_cron=1752269528.2603759765625000000000 HTTP/1.1" 403 1242 "-" "WordPress/6.8; https://dangroup.sa"
136.243.228.194 - - [11/Jul/2025:17:32:04 -0400] "GET /items/ykjje189/4921?key=obvious HTTP/1.1" 404 23128 "-" "Mozilla/5.0 (compatible; DataForSeoBot/1.0; +https://dataforseo.com/dataforseo-bot)"
13.74.44.234 - - [11/Jul/2025:17:32:07 -0400] "GET /about.php7 HTTP/1.1" 404 23130 "-" "-"
20.171.207.246 - - [11/Jul/2025:17:32:09 -0400] "GET /206rmtm21865.html HTTP/1.1" 404 23128 "-" "Mozilla/5.0 AppleWebKit/537.36 (KHTML, like Gecko; compatible; GPTBot/1.2; +https://openai.com/gptbot)"
136.243.228.194 - - [11/Jul/2025:17:32:10 -0400] "GET /127kmgdt29738.html HTTP/1.1" 404 23128 "-" "Mozilla/5.0 (compatible; DataForSeoBot/1.0; +https://dataforseo.com/dataforseo-bot)"
13.74.44.234 - - [11/Jul/2025:17:32:13 -0400] "GET /alfanew.php7 HTTP/1.1" 404 23130 "-" "-"
136.243.228.194 - - [11/Jul/2025:17:32:18 -0400] "GET /175zurh28506.html HTTP/1.1" 404 23128 "-" "Mozilla/5.0 (compatible; DataForSeoBot/1.0; +https://dataforseo.com/dataforseo-bot)"
13.74.44.234 - - [11/Jul/2025:17:32:19 -0400] "GET /adminfuns.php7 HTTP/1.1" 404 23130 "-" "-"
136.243.228.194 - - [11/Jul/2025:17:32:29 -0400] "GET /20xna26937.html HTTP/1.1" 404 23128 "-" "Mozilla/5.0 (compatible; DataForSeoBot/1.0; +https://dataforseo.com/dataforseo-bot)"
13.74.44.234 - - [11/Jul/2025:17:32:29 -0400] "GET /ebs.php7 HTTP/1.1" 404 23130 "-" "-"
13.74.44.234 - - [11/Jul/2025:17:32:39 -0400] "GET /ws.php7 HTTP/1.1" 404 23128 "-" "-"
136.243.228.194 - - [11/Jul/2025:17:32:40 -0400] "GET /249aics28940.html HTTP/1.1" 404 23128 "-" "Mozilla/5.0 (compatible; DataForSeoBot/1.0; +https://dataforseo.com/dataforseo-bot)"
13.74.44.234 - - [11/Jul/2025:17:32:45 -0400] "GET /alfanew2.php7 HTTP/1.1" 404 23128 "-" "-"
136.243.228.194 - - [11/Jul/2025:17:32:47 -0400] "GET /items/lcncx205/49553?key=poll HTTP/1.1" 404 23128 "-" "Mozilla/5.0 (compatible; DataForSeoBot/1.0; +https://dataforseo.com/dataforseo-bot)"
13.74.44.234 - - [11/Jul/2025:17:32:49 -0400] "GET /alfa-rex2.php7 HTTP/1.1" 404 23128 "-" "-"
13.74.44.234 - - [11/Jul/2025:17:32:53 -0400] "GET /wp-admin/images/index.php HTTP/1.1" 301 0 "-" "-"
13.74.44.234 - - [11/Jul/2025:17:32:54 -0400] "GET /wp-admin/images/ HTTP/1.1" 200 2323 "-" "-"
13.74.44.234 - - [11/Jul/2025:17:32:55 -0400] "GET /wp-admin/css/colors/index.php HTTP/1.1" 301 0 "-" "-"
13.74.44.234 - - [11/Jul/2025:17:32:56 -0400] "GET /wp-admin/css/colors/ HTTP/1.1" 200 1093 "-" "-"
136.243.228.194 - - [11/Jul/2025:17:32:53 -0400] "GET /23mrft35838.html HTTP/1.1" 404 23128 "-" "Mozilla/5.0 (compatible; DataForSeoBot/1.0; +https://dataforseo.com/dataforseo-bot)"
13.74.44.234 - - [11/Jul/2025:17:32:56 -0400] "GET /wp-content/themes/seotheme/mar.php HTTP/1.1" 404 23128 "-" "-"
136.243.228.194 - - [11/Jul/2025:17:32:57 -0400] "GET /items/ednvs79/53219?key=fortune HTTP/1.1" 404 23130 "-" "Mozilla/5.0 (compatible; DataForSeoBot/1.0; +https://dataforseo.com/dataforseo-bot)"
13.74.44.234 - - [11/Jul/2025:17:33:00 -0400] "GET /wp-content/plugins/linkpreview/db.php HTTP/1.1" 404 23130 "-" "-"
136.243.228.194 - - [11/Jul/2025:17:33:02 -0400] "GET /17qqxni5638.html HTTP/1.1" 404 23128 "-" "Mozilla/5.0 (compatible; DataForSeoBot/1.0; +https://dataforseo.com/dataforseo-bot)"
66.29.146.47 - - [11/Jul/2025:17:33:09 -0400] "POST /wp-cron.php?doing_wp_cron=1752269589.1736919879913330078125 HTTP/1.1" 403 1242 "-" "WordPress/6.8; https://dangroup.sa"
13.74.44.234 - - [11/Jul/2025:17:33:05 -0400] "GET /wp-content/themes/seotheme/db.php HTTP/1.1" 404 23130 "-" "-"
66.249.68.129 - - [11/Jul/2025:17:33:09 -0400] "GET /items/ckcgc242/10010?key=mean HTTP/1.1" 200 86962 "-" "Mozilla/5.0 (Linux; Android 6.0.1; Nexus 5X Build/MMB29P) AppleWebKit/537.36 (KHTML, like Gecko) Chrome/137.0.7151.103 Mobile Safari/537.36 (compatible; GoogleOther)"
136.243.228.194 - - [11/Jul/2025:17:33:08 -0400] "GET /41nuz45748.html HTTP/1.1" 404 23128 "-" "Mozilla/5.0 (compatible; DataForSeoBot/1.0; +https://dataforseo.com/dataforseo-bot)"
13.74.44.234 - - [11/Jul/2025:17:33:09 -0400] "GET /wp-content/plugins/seoplugins/db.php HTTP/1.1" 404 23128 "-" "-"
20.171.207.246 - - [11/Jul/2025:17:33:11 -0400] "GET /292ftfr32521.html HTTP/1.1" 404 23128 "-" "Mozilla/5.0 AppleWebKit/537.36 (KHTML, like Gecko; compatible; GPTBot/1.2; +https://openai.com/gptbot)"
13.74.44.234 - - [11/Jul/2025:17:33:15 -0400] "GET /wp-content/plugins/seoplugins/mar.php HTTP/1.1" 404 23128 "-" "-"
66.249.68.130 - - [11/Jul/2025:17:33:20 -0400] "GET /items/xdobc51/44047?key=proportion HTTP/1.1" 200 87088 "-" "Mozilla/5.0 (Linux; Android 6.0.1; Nexus 5X Build/MMB29P) AppleWebKit/537.36 (KHTML, like Gecko) Chrome/137.0.7151.103 Mobile Safari/537.36 (compatible; Googlebot/2.1; +http://www.google.com/bot.html)"
136.243.228.194 - - [11/Jul/2025:17:33:15 -0400] "GET /items/wwoyr164/41388?key=wheel HTTP/1.1" 404 23128 "-" "Mozilla/5.0 (compatible; DataForSeoBot/1.0; +https://dataforseo.com/dataforseo-bot)"
13.74.44.234 - - [11/Jul/2025:17:33:21 -0400] "GET /.well-known/pki-validation/xmrlpc.php HTTP/1.1" 404 1251 "-" "-"
13.74.44.234 - - [11/Jul/2025:17:33:21 -0400] "GET /.well-known/acme-challenge/xmrlpc.php HTTP/1.1" 404 23128 "-" "-"
136.243.228.194 - - [11/Jul/2025:17:33:23 -0400] "GET /209pghy37392.html HTTP/1.1" 404 23128 "-" "Mozilla/5.0 (compatible; DataForSeoBot/1.0; +https://dataforseo.com/dataforseo-bot)"
13.74.44.234 - - [11/Jul/2025:17:33:25 -0400] "GET /wp-admin/network/xmrlpc.php HTTP/1.1" 404 23128 "-" "-"
69.197.182.50 - - [11/Jul/2025:17:33:32 -0400] "GET /wp-content/install.php HTTP/1.1" 200 10 "https://dangroup.sa/wp-content/install.php" "Mozilla/5.0 (Windows NT 10.0; Win64; x64) AppleWebKit/537.36 (KHTML, like Gecko) Chrome/58.0.3029.110 Safari/537.3"
13.74.44.234 - - [11/Jul/2025:17:33:29 -0400] "GET /xmrlpc.php HTTP/1.1" 404 23130 "-" "-"
136.243.228.194 - - [11/Jul/2025:17:33:30 -0400] "GET /items/zykzl286/43468?key=narrative HTTP/1.1" 404 23128 "-" "Mozilla/5.0 (compatible; DataForSeoBot/1.0; +https://dataforseo.com/dataforseo-bot)"
13.74.44.234 - - [11/Jul/2025:17:33:34 -0400] "GET /cgi-bin/xmrlpc.php HTTP/1.1" 404 23130 "-" "-"
136.243.228.194 - - [11/Jul/2025:17:33:35 -0400] "GET /135sxb20802.html HTTP/1.1" 404 23130 "-" "Mozilla/5.0 (compatible; DataForSeoBot/1.0; +https://dataforseo.com/dataforseo-bot)"
13.74.44.234 - - [11/Jul/2025:17:33:41 -0400] "GET /css/xmrlpc.php HTTP/1.1" 404 23128 "-" "-"
136.243.228.194 - - [11/Jul/2025:17:33:45 -0400] "GET /280lbvcm34857.html HTTP/1.1" 404 23128 "-" "Mozilla/5.0 (compatible; DataForSeoBot/1.0; +https://dataforseo.com/dataforseo-bot)"
13.74.44.234 - - [11/Jul/2025:17:33:51 -0400] "GET /wp-admin/user/xmrlpc.php HTTP/1.1" 404 23128 "-" "-"
136.243.228.194 - - [11/Jul/2025:17:33:57 -0400] "GET /38jidx2049.html HTTP/1.1" 404 23128 "-" "Mozilla/5.0 (compatible; DataForSeoBot/1.0; +https://dataforseo.com/dataforseo-bot)"
13.74.44.234 - - [11/Jul/2025:17:33:59 -0400] "GET /img/xmrlpc.php HTTP/1.1" 404 23128 "-" "-"
13.74.44.234 - - [11/Jul/2025:17:34:04 -0400] "GET /wp-admin/css/colors/coffee/xmrlpc.php HTTP/1.1" 404 23128 "-" "-"
136.243.228.194 - - [11/Jul/2025:17:34:05 -0400] "GET /237lodx23088.html HTTP/1.1" 404 23130 "-" "Mozilla/5.0 (compatible; DataForSeoBot/1.0; +https://dataforseo.com/dataforseo-bot)"
66.29.146.47 - - [11/Jul/2025:17:34:10 -0400] "POST /wp-cron.php?doing_wp_cron=1752269650.0584089756011962890625 HTTP/1.1" 403 1242 "-" "WordPress/6.8; https://dangroup.sa"
13.74.44.234 - - [11/Jul/2025:17:34:09 -0400] "GET /wp-admin/images/xmrlpc.php HTTP/1.1" 404 23130 "-" "-"
136.243.228.194 - - [11/Jul/2025:17:34:12 -0400] "GET /282gxq32185.html HTTP/1.1" 404 23128 "-" "Mozilla/5.0 (compatible; DataForSeoBot/1.0; +https://dataforseo.com/dataforseo-bot)"
13.74.44.234 - - [11/Jul/2025:17:34:13 -0400] "GET /images/xmrlpc.php HTTP/1.1" 404 23128 "-" "-"
20.171.207.246 - - [11/Jul/2025:17:34:14 -0400] "GET /122mqhi53271.html HTTP/1.1" 404 23128 "-" "Mozilla/5.0 AppleWebKit/537.36 (KHTML, like Gecko; compatible; GPTBot/1.2; +https://openai.com/gptbot)"
13.74.44.234 - - [11/Jul/2025:17:34:19 -0400] "GET /wp-admin/js/widgets/xmrlpc.php HTTP/1.1" 404 23128 "-" "-"
136.243.228.194 - - [11/Jul/2025:17:34:19 -0400] "GET /233uifs24242.html HTTP/1.1" 404 23128 "-" "Mozilla/5.0 (compatible; DataForSeoBot/1.0; +https://dataforseo.com/dataforseo-bot)"
13.74.44.234 - - [11/Jul/2025:17:34:24 -0400] "GET /wp-admin/css/colors/xmrlpc.php HTTP/1.1" 404 23128 "-" "-"
136.243.228.194 - - [11/Jul/2025:17:34:26 -0400] "GET /items/wlccz105/325?key=sing HTTP/1.1" 404 23128 "-" "Mozilla/5.0 (compatible; DataForSeoBot/1.0; +https://dataforseo.com/dataforseo-bot)"
13.74.44.234 - - [11/Jul/2025:17:34:31 -0400] "GET /wp-admin/includes/xmrlpc.php HTTP/1.1" 404 23128 "-" "-"
136.243.228.194 - - [11/Jul/2025:17:34:33 -0400] "GET /items/tbnej232/14036?key=generation HTTP/1.1" 404 23130 "-" "Mozilla/5.0 (compatible; DataForSeoBot/1.0; +https://dataforseo.com/dataforseo-bot)"
66.249.68.129 - - [11/Jul/2025:17:34:44 -0400] "GET /188wmq33835.html HTTP/1.1" 200 86834 "-" "Mozilla/5.0 (Linux; Android 6.0.1; Nexus 5X Build/MMB29P) AppleWebKit/537.36 (KHTML, like Gecko) Chrome/137.0.7151.103 Mobile Safari/537.36 (compatible; Googlebot/2.1; +http://www.google.com/bot.html)"
13.74.44.234 - - [11/Jul/2025:17:34:36 -0400] "GET /wp-admin/css/colors/blue/xmrlpc.php HTTP/1.1" 404 23128 "-" "-"
136.243.228.194 - - [11/Jul/2025:17:34:45 -0400] "GET /167veucg38218.html HTTP/1.1" 404 23130 "-" "Mozilla/5.0 (compatible; DataForSeoBot/1.0; +https://dataforseo.com/dataforseo-bot)"
13.74.44.234 - - [11/Jul/2025:17:34:46 -0400] "GET /wp-admin/xmrlpc.php HTTP/1.1" 404 23128 "-" "-"
13.74.44.234 - - [11/Jul/2025:17:34:56 -0400] "GET /403.php HTTP/1.1" 404 23130 "-" "-"
136.243.228.194 - - [11/Jul/2025:17:34:56 -0400] "GET /116qpz45159.html HTTP/1.1" 404 23128 "-" "Mozilla/5.0 (compatible; DataForSeoBot/1.0; +https://dataforseo.com/dataforseo-bot)"
13.74.44.234 - - [11/Jul/2025:17:35:02 -0400] "GET /css.php HTTP/1.1" 404 23128 "-" "-"
136.243.228.194 - - [11/Jul/2025:17:35:04 -0400] "GET /items/pygzr101/34491?key=exhaust HTTP/1.1" 404 23128 "-" "Mozilla/5.0 (compatible; DataForSeoBot/1.0; +https://dataforseo.com/dataforseo-bot)"
13.74.44.234 - - [11/Jul/2025:17:35:05 -0400] "GET /simple.php HTTP/1.1" 404 23128 "-" "-"
66.29.146.47 - - [11/Jul/2025:17:35:12 -0400] "POST /wp-cron.php?doing_wp_cron=1752269712.2823750972747802734375 HTTP/1.1" 403 1242 "-" "WordPress/6.8; https://dangroup.sa"
66.29.146.47 - - [11/Jul/2025:17:35:12 -0400] "POST /wp-cron.php?doing_wp_cron=1752269712.5060970783233642578125 HTTP/1.1" 403 1242 "-" "WordPress/6.8; https://dangroup.sa"
13.74.44.234 - - [11/Jul/2025:17:35:11 -0400] "GET /log.php HTTP/1.1" 404 23128 "-" "-"
136.243.228.194 - - [11/Jul/2025:17:35:11 -0400] "GET /4ripd12491.html HTTP/1.1" 404 23128 "-" "Mozilla/5.0 (compatible; DataForSeoBot/1.0; +https://dataforseo.com/dataforseo-bot)"
13.74.44.234 - - [11/Jul/2025:17:35:16 -0400] "GET /index.php HTTP/1.1" 301 0 "-" "-"
13.74.44.234 - - [11/Jul/2025:17:35:17 -0400] "GET / HTTP/1.1" 200 33221 "-" "-"
136.243.228.194 - - [11/Jul/2025:17:35:18 -0400] "GET /177fwbe22390.html HTTP/1.1" 404 23128 "-" "Mozilla/5.0 (compatible; DataForSeoBot/1.0; +https://dataforseo.com/dataforseo-bot)"
20.171.207.246 - - [11/Jul/2025:17:35:18 -0400] "GET /156vixt45445.html HTTP/1.1" 404 23130 "-" "Mozilla/5.0 AppleWebKit/537.36 (KHTML, like Gecko; compatible; GPTBot/1.2; +https://openai.com/gptbot)"
13.74.44.234 - - [11/Jul/2025:17:35:24 -0400] "GET /mail.php HTTP/1.1" 404 23128 "-" "-"
136.243.228.194 - - [11/Jul/2025:17:35:26 -0400] "GET /items/qvxet132/33036?key=likely HTTP/1.1" 404 23128 "-" "Mozilla/5.0 (compatible; DataForSeoBot/1.0; +https://dataforseo.com/dataforseo-bot)"
13.74.44.234 - - [11/Jul/2025:17:35:28 -0400] "GET /bak.php HTTP/1.1" 404 23128 "-" "-"
13.74.44.234 - - [11/Jul/2025:17:35:32 -0400] "GET /upfile.php HTTP/1.1" 404 23128 "-" "-"
136.243.228.194 - - [11/Jul/2025:17:35:32 -0400] "GET /227rkw36072.html HTTP/1.1" 404 23128 "-" "Mozilla/5.0 (compatible; DataForSeoBot/1.0; +https://dataforseo.com/dataforseo-bot)"
66.249.68.129 - - [11/Jul/2025:17:35:38 -0400] "GET /46fgbq29255.html HTTP/1.1" 200 86873 "-" "Mozilla/5.0 (Linux; Android 6.0.1; Nexus 5X Build/MMB29P) AppleWebKit/537.36 (KHTML, like Gecko) Chrome/137.0.7151.103 Mobile Safari/537.36 (compatible; Googlebot/2.1; +http://www.google.com/bot.html)"
13.74.44.234 - - [11/Jul/2025:17:35:37 -0400] "GET /wp-conflg.php HTTP/1.1" 404 23128 "-" "-"
66.249.68.129 - - [11/Jul/2025:17:35:42 -0400] "GET /125hhqi40526.html HTTP/1.1" 200 87159 "-" "Mozilla/5.0 (Linux; Android 6.0.1; Nexus 5X Build/MMB29P) AppleWebKit/537.36 (KHTML, like Gecko) Chrome/137.0.7151.103 Mobile Safari/537.36 (compatible; Googlebot/2.1; +http://www.google.com/bot.html)"
136.243.228.194 - - [11/Jul/2025:17:35:38 -0400] "GET /51ulqg4006.html HTTP/1.1" 404 23128 "-" "Mozilla/5.0 (compatible; DataForSeoBot/1.0; +https://dataforseo.com/dataforseo-bot)"
13.74.44.234 - - [11/Jul/2025:17:35:41 -0400] "GET /bypass.php HTTP/1.1" 404 23130 "-" "-"
136.243.228.194 - - [11/Jul/2025:17:35:44 -0400] "GET /249xnpph38468.html HTTP/1.1" 404 23128 "-" "Mozilla/5.0 (compatible; DataForSeoBot/1.0; +https://dataforseo.com/dataforseo-bot)"
13.74.44.234 - - [11/Jul/2025:17:35:45 -0400] "GET /radio.php HTTP/1.1" 404 23128 "-" "-"
13.74.44.234 - - [11/Jul/2025:17:35:50 -0400] "GET /moon.php HTTP/1.1" 404 23128 "-" "-"
136.243.228.194 - - [11/Jul/2025:17:35:50 -0400] "GET /265rwak34952.html HTTP/1.1" 404 23128 "-" "Mozilla/5.0 (compatible; DataForSeoBot/1.0; +https://dataforseo.com/dataforseo-bot)"
13.74.44.234 - - [11/Jul/2025:17:35:54 -0400] "GET /blog.php HTTP/1.1" 404 23128 "-" "-"
136.243.228.194 - - [11/Jul/2025:17:35:56 -0400] "GET /249isdlu41780.html HTTP/1.1" 404 23128 "-" "Mozilla/5.0 (compatible; DataForSeoBot/1.0; +https://dataforseo.com/dataforseo-bot)"
13.74.44.234 - - [11/Jul/2025:17:35:58 -0400] "GET /themes.php HTTP/1.1" 404 23128 "-" "-"
208.110.64.178 - - [11/Jul/2025:17:36:04 -0400] "GET /wp-content/install.php HTTP/1.1" 200 10 "https://dangroup.sa/wp-content/install.php" "Mozilla/5.0 (Windows NT 10.0; Win64; x64) AppleWebKit/537.36 (KHTML, like Gecko) Chrome/58.0.3029.110 Safari/537.3"
136.243.228.194 - - [11/Jul/2025:17:36:03 -0400] "GET /19ajamf10298.html HTTP/1.1" 404 23130 "-" "Mozilla/5.0 (compatible; DataForSeoBot/1.0; +https://dataforseo.com/dataforseo-bot)"
170.106.110.146 - - [11/Jul/2025:17:35:59 -0400] "GET / HTTP/1.1" 200 33221 "http://www.danevnt.com" "Mozilla/5.0 (iPhone; CPU iPhone OS 13_2_3 like Mac OS X) AppleWebKit/605.1.15 (KHTML, like Gecko) Version/13.0.3 Mobile/15E148 Safari/604.1"
13.74.44.234 - - [11/Jul/2025:17:36:04 -0400] "GET /ini.php HTTP/1.1" 404 23128 "-" "-"
136.243.228.194 - - [11/Jul/2025:17:36:09 -0400] "GET /items/patmn257/9557?key=combination HTTP/1.1" 404 23128 "-" "Mozilla/5.0 (compatible; DataForSeoBot/1.0; +https://dataforseo.com/dataforseo-bot)"
13.74.44.234 - - [11/Jul/2025:17:36:10 -0400] "GET /as.php HTTP/1.1" 404 23128 "-" "-"
66.29.146.47 - - [11/Jul/2025:17:36:19 -0400] "POST /wp-cron.php?doing_wp_cron=1752269779.7596580982208251953125 HTTP/1.1" 403 1242 "-" "WordPress/6.8; https://dangroup.sa"
66.29.146.47 - - [11/Jul/2025:17:36:20 -0400] "POST /wp-cron.php?doing_wp_cron=1752269779.8653140068054199218750 HTTP/1.1" 403 1242 "-" "WordPress/6.8; https://dangroup.sa"
66.249.79.134 - - [11/Jul/2025:17:36:23 -0400] "GET /265tzrp5620.html HTTP/1.1" 200 87155 "-" "Mozilla/5.0 (Linux; Android 6.0.1; Nexus 5X Build/MMB29P) AppleWebKit/537.36 (KHTML, like Gecko) Chrome/137.0.7151.103 Mobile Safari/537.36 (compatible; Googlebot/2.1; +http://www.google.com/bot.html)"
13.74.44.234 - - [11/Jul/2025:17:36:18 -0400] "GET /shell.php HTTP/1.1" 404 23128 "-" "-"
136.243.228.194 - - [11/Jul/2025:17:36:18 -0400] "GET /items/pvfcj135/4843?key=secretary HTTP/1.1" 404 23130 "-" "Mozilla/5.0 (compatible; DataForSeoBot/1.0; +https://dataforseo.com/dataforseo-bot)"
20.171.207.246 - - [11/Jul/2025:17:36:20 -0400] "GET /201liem10158.html HTTP/1.1" 404 23128 "-" "Mozilla/5.0 AppleWebKit/537.36 (KHTML, like Gecko; compatible; GPTBot/1.2; +https://openai.com/gptbot)"
13.74.44.234 - - [11/Jul/2025:17:36:31 -0400] "GET /ws.php HTTP/1.1" 404 23128 "-" "-"
136.243.228.194 - - [11/Jul/2025:17:36:33 -0400] "GET /63fzkos36936.html HTTP/1.1" 404 23128 "-" "Mozilla/5.0 (compatible; DataForSeoBot/1.0; +https://dataforseo.com/dataforseo-bot)"
13.74.44.234 - - [11/Jul/2025:17:36:37 -0400] "GET /makeasmtp.php HTTP/1.1" 404 23128 "-" "-"
136.243.228.194 - - [11/Jul/2025:17:36:41 -0400] "GET /33dgq27880.html HTTP/1.1" 404 23130 "-" "Mozilla/5.0 (compatible; DataForSeoBot/1.0; +https://dataforseo.com/dataforseo-bot)"
13.74.44.234 - - [11/Jul/2025:17:36:42 -0400] "GET /wp-sigunq.php HTTP/1.1" 404 23128 "-" "-"
136.243.228.194 - - [11/Jul/2025:17:36:46 -0400] "GET /items/qojva197/44959?key=and/or HTTP/1.1" 404 23128 "-" "Mozilla/5.0 (compatible; DataForSeoBot/1.0; +https://dataforseo.com/dataforseo-bot)"
13.74.44.234 - - [11/Jul/2025:17:36:47 -0400] "GET /wso112233.php HTTP/1.1" 404 23128 "-" "-"
136.243.228.194 - - [11/Jul/2025:17:36:52 -0400] "GET /items/bfqic170/30480?key=specialty HTTP/1.1" 404 23130 "-" "Mozilla/5.0 (compatible; DataForSeoBot/1.0; +https://dataforseo.com/dataforseo-bot)"
13.74.44.234 - - [11/Jul/2025:17:36:52 -0400] "GET /fw.php HTTP/1.1" 404 23128 "-" "-"
136.243.228.194 - - [11/Jul/2025:17:36:57 -0400] "GET /items/okovw145/66099?key=previously HTTP/1.1" 404 23128 "-" "Mozilla/5.0 (compatible; DataForSeoBot/1.0; +https://dataforseo.com/dataforseo-bot)"
13.74.44.234 - - [11/Jul/2025:17:36:57 -0400] "GET /install.php HTTP/1.1" 404 23130 "-" "-"
13.74.44.234 - - [11/Jul/2025:17:37:02 -0400] "GET /wp-login.php HTTP/1.1" 200 3095 "-" "-"
136.243.228.194 - - [11/Jul/2025:17:37:02 -0400] "GET /81tefq31240.html HTTP/1.1" 404 23128 "-" "Mozilla/5.0 (compatible; DataForSeoBot/1.0; +https://dataforseo.com/dataforseo-bot)"
13.74.44.234 - - [11/Jul/2025:17:37:03 -0400] "GET /wp-content/plugins/google-seo-rank/module.php HTTP/1.1" 404 23128 "-" "-"
13.74.44.234 - - [11/Jul/2025:17:37:08 -0400] "GET /chosen.php HTTP/1.1" 404 23128 "-" "-"
136.243.228.194 - - [11/Jul/2025:17:37:08 -0400] "GET /items/qjhrd44/18612?key=upstairs HTTP/1.1" 404 23128 "-" "Mozilla/5.0 (compatible; DataForSeoBot/1.0; +https://dataforseo.com/dataforseo-bot)"
13.74.44.234 - - [11/Jul/2025:17:37:12 -0400] "GET /inputs.php HTTP/1.1" 404 23128 "-" "-"
136.243.228.194 - - [11/Jul/2025:17:37:16 -0400] "GET /218ehlhi19359.html HTTP/1.1" 404 23130 "-" "Mozilla/5.0 (compatible; DataForSeoBot/1.0; +https://dataforseo.com/dataforseo-bot)"
13.74.44.234 - - [11/Jul/2025:17:37:16 -0400] "GET /classsmtps.php HTTP/1.1" 404 23128 "-" "-"
13.74.44.234 - - [11/Jul/2025:17:37:20 -0400] "GET /wp-blog-header.php HTTP/1.1" 403 1242 "-" "-"
13.74.44.234 - - [11/Jul/2025:17:37:21 -0400] "GET /wp-trackback.php HTTP/1.1" 403 1242 "-" "-"
13.74.44.234 - - [11/Jul/2025:17:37:21 -0400] "GET /wp-signup.php HTTP/1.1" 403 1242 "-" "-"
13.74.44.234 - - [11/Jul/2025:17:37:22 -0400] "GET /wp-comments-post.php HTTP/1.1" 403 1242 "-" "-"
13.74.44.234 - - [11/Jul/2025:17:37:22 -0400] "GET /wp-cron.php HTTP/1.1" 403 1242 "-" "-"
13.74.44.234 - - [11/Jul/2025:17:37:22 -0400] "GET /wp-load.php HTTP/1.1" 403 1242 "-" "-"
66.29.146.47 - - [11/Jul/2025:17:37:22 -0400] "POST /wp-cron.php?doing_wp_cron=1752269842.6551110744476318359375 HTTP/1.1" 403 1242 "-" "WordPress/6.8; https://dangroup.sa"
13.74.44.234 - - [11/Jul/2025:17:37:23 -0400] "GET /wp-mail.php HTTP/1.1" 403 1242 "-" "-"
136.243.228.194 - - [11/Jul/2025:17:37:22 -0400] "GET /132oqmd22983.html HTTP/1.1" 404 23130 "-" "Mozilla/5.0 (compatible; DataForSeoBot/1.0; +https://dataforseo.com/dataforseo-bot)"
20.171.207.246 - - [11/Jul/2025:17:37:24 -0400] "GET /185yjdy48848.html HTTP/1.1" 404 23129 "-" "Mozilla/5.0 AppleWebKit/537.36 (KHTML, like Gecko; compatible; GPTBot/1.2; +https://openai.com/gptbot)"
13.74.44.234 - - [11/Jul/2025:17:37:23 -0400] "GET /edit.php HTTP/1.1" 404 23130 "-" "-"
13.74.44.234 - - [11/Jul/2025:17:37:36 -0400] "GET /wp-activate.php HTTP/1.1" 403 1242 "-" "-"
136.243.228.194 - - [11/Jul/2025:17:37:31 -0400] "GET /items/zlzfm26/12692?key=intervention HTTP/1.1" 404 23128 "-" "Mozilla/5.0 (compatible; DataForSeoBot/1.0; +https://dataforseo.com/dataforseo-bot)"
13.74.44.234 - - [11/Jul/2025:17:37:36 -0400] "GET /plugins.php HTTP/1.1" 404 23128 "-" "-"
136.243.228.194 - - [11/Jul/2025:17:37:44 -0400] "GET /items/arwbe269/3657?key=thin HTTP/1.1" 404 23130 "-" "Mozilla/5.0 (compatible; DataForSeoBot/1.0; +https://dataforseo.com/dataforseo-bot)"
13.74.44.234 - - [11/Jul/2025:17:37:47 -0400] "GET /post.php HTTP/1.1" 404 23128 "-" "-"
13.74.44.234 - - [11/Jul/2025:17:37:52 -0400] "GET /wp-admin/css/colors/ HTTP/1.1" 200 1093 "-" "-"
136.243.228.194 - - [11/Jul/2025:17:37:52 -0400] "GET /253tjuu46122.html HTTP/1.1" 404 23128 "-" "Mozilla/5.0 (compatible; DataForSeoBot/1.0; +https://dataforseo.com/dataforseo-bot)"
13.74.44.234 - - [11/Jul/2025:17:37:52 -0400] "GET /doc.php HTTP/1.1" 404 23128 "-" "-"
136.243.228.194 - - [11/Jul/2025:17:37:58 -0400] "GET /156zrnag9181.html HTTP/1.1" 404 23130 "-" "Mozilla/5.0 (compatible; DataForSeoBot/1.0; +https://dataforseo.com/dataforseo-bot)"
13.74.44.234 - - [11/Jul/2025:17:37:57 -0400] "GET /public/admin.php HTTP/1.1" 404 23128 "-" "-"
13.74.44.234 - - [11/Jul/2025:17:38:03 -0400] "GET /wp-content/plugins/dummyyummy/wp-signup.php HTTP/1.1" 404 23128 "-" "-"
136.243.228.194 - - [11/Jul/2025:17:38:03 -0400] "GET /items/jasbs207/17473?key=oral HTTP/1.1" 404 23128 "-" "Mozilla/5.0 (compatible; DataForSeoBot/1.0; +https://dataforseo.com/dataforseo-bot)"
13.74.44.234 - - [11/Jul/2025:17:38:08 -0400] "GET /wp-content/plugins/press/wp-class.php HTTP/1.1" 404 23128 "-" "-"
13.74.44.234 - - [11/Jul/2025:17:38:12 -0400] "GET /wp-admin/css/colors/blue/index.php HTTP/1.1" 301 0 "-" "-"
136.243.228.194 - - [11/Jul/2025:17:38:09 -0400] "GET /30zyx29633.html HTTP/1.1" 404 23130 "-" "Mozilla/5.0 (compatible; DataForSeoBot/1.0; +https://dataforseo.com/dataforseo-bot)"
13.74.44.234 - - [11/Jul/2025:17:38:13 -0400] "GET /wp-admin/css/colors/blue/ HTTP/1.1" 200 709 "-" "-"
13.74.44.234 - - [11/Jul/2025:17:38:13 -0400] "GET /wp-content/shell20211028.php HTTP/1.1" 404 23128 "-" "-"
136.243.228.194 - - [11/Jul/2025:17:38:14 -0400] "GET /items/uochx116/3952?key=depend HTTP/1.1" 404 23130 "-" "Mozilla/5.0 (compatible; DataForSeoBot/1.0; +https://dataforseo.com/dataforseo-bot)"
66.29.146.47 - - [11/Jul/2025:17:38:24 -0400] "POST /wp-cron.php?doing_wp_cron=1752269903.7702379226684570312500 HTTP/1.1" 403 1242 "-" "WordPress/6.8; https://dangroup.sa"
13.74.44.234 - - [11/Jul/2025:17:38:22 -0400] "GET /wp-admin/maint/about.php HTTP/1.1" 404 23130 "-" "-"
136.243.228.194 - - [11/Jul/2025:17:38:26 -0400] "GET /items/zswxm100/14952?key=educator HTTP/1.1" 404 23128 "-" "Mozilla/5.0 (compatible; DataForSeoBot/1.0; +https://dataforseo.com/dataforseo-bot)"
20.171.207.246 - - [11/Jul/2025:17:38:29 -0400] "GET /125rznz24292.html HTTP/1.1" 404 23130 "-" "Mozilla/5.0 AppleWebKit/537.36 (KHTML, like Gecko; compatible; GPTBot/1.2; +https://openai.com/gptbot)"
13.74.44.234 - - [11/Jul/2025:17:38:31 -0400] "GET /atomlib.php HTTP/1.1" 404 23128 "-" "-"
13.74.44.234 - - [11/Jul/2025:17:38:39 -0400] "GET /wp-admin/maint/ HTTP/1.1" 200 621 "-" "-"
136.243.228.194 - - [11/Jul/2025:17:38:37 -0400] "GET /items/cyqzo224/24402?key=museum HTTP/1.1" 404 23128 "-" "Mozilla/5.0 (compatible; DataForSeoBot/1.0; +https://dataforseo.com/dataforseo-bot)"
13.74.44.234 - - [11/Jul/2025:17:38:40 -0400] "GET /wp-content/radio.php HTTP/1.1" 404 23128 "-" "-"
13.74.44.234 - - [11/Jul/2025:17:38:44 -0400] "GET /wp-content/themes/index.php HTTP/1.1" 200 0 "-" "-"
136.243.228.194 - - [11/Jul/2025:17:38:44 -0400] "GET /items/yilzn280/20860?key=button HTTP/1.1" 404 23128 "-" "Mozilla/5.0 (compatible; DataForSeoBot/1.0; +https://dataforseo.com/dataforseo-bot)"
13.74.44.234 - - [11/Jul/2025:17:38:45 -0400] "GET /wp-content/themes/admin.php HTTP/1.1" 404 23128 "-" "-"
136.243.228.194 - - [11/Jul/2025:17:38:49 -0400] "GET /277cao15756.html HTTP/1.1" 404 23128 "-" "Mozilla/5.0 (compatible; DataForSeoBot/1.0; +https://dataforseo.com/dataforseo-bot)"
13.74.44.234 - - [11/Jul/2025:17:38:50 -0400] "GET /wp-content/themes/alera/alpha.php HTTP/1.1" 404 23130 "-" "-"
66.249.79.138 - - [11/Jul/2025:17:38:58 -0400] "GET /167emmpj15474.html HTTP/1.1" 200 87290 "-" "Mozilla/5.0 (Linux; Android 6.0.1; Nexus 5X Build/MMB29P) AppleWebKit/537.36 (KHTML, like Gecko) Chrome/137.0.7151.103 Mobile Safari/537.36 (compatible; Googlebot/2.1; +http://www.google.com/bot.html)"
136.243.228.194 - - [11/Jul/2025:17:38:55 -0400] "GET /items/jflon284/21458?key=sophisticated HTTP/1.1" 404 23128 "-" "Mozilla/5.0 (compatible; DataForSeoBot/1.0; +https://dataforseo.com/dataforseo-bot)"
13.74.44.234 - - [11/Jul/2025:17:38:55 -0400] "GET /mar.php HTTP/1.1" 404 23128 "-" "-"
13.74.44.234 - - [11/Jul/2025:17:39:01 -0400] "GET /gecko.php HTTP/1.1" 404 23130 "-" "-"
136.243.228.194 - - [11/Jul/2025:17:39:02 -0400] "GET /items/erqgz180/34820?key=obvious HTTP/1.1" 404 23128 "-" "Mozilla/5.0 (compatible; DataForSeoBot/1.0; +https://dataforseo.com/dataforseo-bot)"
13.74.44.234 - - [11/Jul/2025:17:39:06 -0400] "GET /wp-includes/ID3/index.php HTTP/1.1" 301 0 "-" "-"
13.74.44.234 - - [11/Jul/2025:17:39:07 -0400] "GET /wp-includes/ID3/ HTTP/1.1" 200 1320 "-" "-"
13.74.44.234 - - [11/Jul/2025:17:39:07 -0400] "GET /wp-content/plugins/index.php HTTP/1.1" 200 0 "-" "-"
136.243.228.194 - - [11/Jul/2025:17:39:08 -0400] "GET /items/eesqi251/35329?key=wound HTTP/1.1" 404 23130 "-" "Mozilla/5.0 (compatible; DataForSeoBot/1.0; +https://dataforseo.com/dataforseo-bot)"
13.74.44.234 - - [11/Jul/2025:17:39:08 -0400] "GET /mah.php HTTP/1.1" 404 23130 "-" "-"
13.74.44.234 - - [11/Jul/2025:17:39:13 -0400] "GET /sidwso.php HTTP/1.1" 404 23130 "-" "-"
136.243.228.194 - - [11/Jul/2025:17:39:15 -0400] "GET /245gqnef31590.html HTTP/1.1" 404 23128 "-" "Mozilla/5.0 (compatible; DataForSeoBot/1.0; +https://dataforseo.com/dataforseo-bot)"
13.74.44.234 - - [11/Jul/2025:17:39:18 -0400] "GET /wp-admin/user/index.php HTTP/1.1" 302 0 "-" "-"
13.74.44.234 - - [11/Jul/2025:17:39:19 -0400] "GET /wp-login.php?redirect_to=https%3A%2F%2Fdangroup.sa%2Fwp-admin%2Fuser%2Findex.php&reauth=1 HTTP/1.1" 200 3106 "-" "-"
136.243.228.194 - - [11/Jul/2025:17:39:20 -0400] "GET /items/zmvbq234/28644?key=division HTTP/1.1" 404 23128 "-" "Mozilla/5.0 (compatible; DataForSeoBot/1.0; +https://dataforseo.com/dataforseo-bot)"
13.74.44.234 - - [11/Jul/2025:17:39:20 -0400] "GET /wp-admin/wp-login.php HTTP/1.1" 404 23128 "-" "-"
66.29.146.47 - - [11/Jul/2025:17:39:26 -0400] "POST /wp-cron.php?doing_wp_cron=1752269966.4966840744018554687500 HTTP/1.1" 403 1242 "-" "WordPress/6.8; https://dangroup.sa"
66.29.146.47 - - [11/Jul/2025:17:39:26 -0400] "POST /wp-cron.php?doing_wp_cron=1752269966.6072380542755126953125 HTTP/1.1" 403 1242 "-" "WordPress/6.8; https://dangroup.sa"
13.74.44.234 - - [11/Jul/2025:17:39:26 -0400] "GET /files/index.php HTTP/1.1" 301 0 "-" "-"
136.243.228.194 - - [11/Jul/2025:17:39:25 -0400] "GET /11vyfx46648.html HTTP/1.1" 404 23128 "-" "Mozilla/5.0 (compatible; DataForSeoBot/1.0; +https://dataforseo.com/dataforseo-bot)"
13.74.44.234 - - [11/Jul/2025:17:39:27 -0400] "GET /files/ HTTP/1.1" 404 23128 "-" "-"
66.249.68.130 - - [11/Jul/2025:17:39:35 -0400] "GET /items/lokun221/22781?key=stone HTTP/1.1" 200 86456 "-" "Mozilla/5.0 (Linux; Android 6.0.1; Nexus 5X Build/MMB29P) AppleWebKit/537.36 (KHTML, like Gecko) Chrome/137.0.7151.103 Mobile Safari/537.36 (compatible; GoogleOther)"
13.74.44.234 - - [11/Jul/2025:17:39:32 -0400] "GET /wp-admin/classwithtostring.php HTTP/1.1" 404 23128 "-" "-"
136.243.228.194 - - [11/Jul/2025:17:39:33 -0400] "GET /items/vjsrf21/44027?key=steady HTTP/1.1" 404 23128 "-" "Mozilla/5.0 (compatible; DataForSeoBot/1.0; +https://dataforseo.com/dataforseo-bot)"
20.171.207.246 - - [11/Jul/2025:17:39:35 -0400] "GET /187lrpp14274.html HTTP/1.1" 404 23130 "-" "Mozilla/5.0 AppleWebKit/537.36 (KHTML, like Gecko; compatible; GPTBot/1.2; +https://openai.com/gptbot)"
13.74.44.234 - - [11/Jul/2025:17:39:38 -0400] "GET /shell20211028.php HTTP/1.1" 404 23128 "-" "-"
136.243.228.194 - - [11/Jul/2025:17:39:40 -0400] "GET /60dbws2465.html HTTP/1.1" 404 23128 "-" "Mozilla/5.0 (compatible; DataForSeoBot/1.0; +https://dataforseo.com/dataforseo-bot)"
13.74.44.234 - - [11/Jul/2025:17:39:44 -0400] "GET /wp-includes/bak.php HTTP/1.1" 404 23128 "-" "-"
136.243.228.194 - - [11/Jul/2025:17:39:46 -0400] "GET /items/rtxop296/4190?key=by HTTP/1.1" 404 23128 "-" "Mozilla/5.0 (compatible; DataForSeoBot/1.0; +https://dataforseo.com/dataforseo-bot)"
13.74.44.234 - - [11/Jul/2025:17:39:49 -0400] "GET /autoload_classmap.php HTTP/1.1" 404 23130 "-" "-"
136.243.228.194 - - [11/Jul/2025:17:39:53 -0400] "GET /250iutwb33067.html HTTP/1.1" 404 23130 "-" "Mozilla/5.0 (compatible; DataForSeoBot/1.0; +https://dataforseo.com/dataforseo-bot)"
13.74.44.234 - - [11/Jul/2025:17:39:54 -0400] "GET /wp-admin/wp-signup.php HTTP/1.1" 404 23128 "-" "-"
136.243.228.194 - - [11/Jul/2025:17:40:01 -0400] "GET /2jjas43657.html HTTP/1.1" 404 23130 "-" "Mozilla/5.0 (compatible; DataForSeoBot/1.0; +https://dataforseo.com/dataforseo-bot)"
13.74.44.234 - - [11/Jul/2025:17:40:03 -0400] "GET /wp-admin/autoload_classmap.php HTTP/1.1" 404 23128 "-" "-"
136.243.228.194 - - [11/Jul/2025:17:40:12 -0400] "GET /items/xtzgu115/12139?key=desert HTTP/1.1" 404 23128 "-" "Mozilla/5.0 (compatible; DataForSeoBot/1.0; +https://dataforseo.com/dataforseo-bot)"
13.74.44.234 - - [11/Jul/2025:17:40:12 -0400] "GET /wp-configs.php HTTP/1.1" 404 23128 "-" "-"
13.74.44.234 - - [11/Jul/2025:17:40:21 -0400] "GET /classwithtostring.php HTTP/1.1" 404 23128 "-" "-"
