136.243.228.194 - - [11/Jul/2025:11:44:24 -0400] "GET /items/damps262/5672?key=clear HTTP/1.1" 404 23128 "-" "Mozilla/5.0 (compatible; DataForSeoBot/1.0; +https://dataforseo.com/dataforseo-bot)"
185.177.72.16 - - [11/Jul/2025:11:44:24 -0400] "GET /site/.env HTTP/1.1" 404 23128 "-" "Mozilla/5.0 (Windows NT 10.0; Win64; x64) AppleWebKit/537.36 (KHTML, like Gecko) Chrome/91.0.4472.124 Safari/537.36"
20.171.207.22 - - [11/Jul/2025:11:44:24 -0400] "GET /162qlux7791.html HTTP/1.1" 404 23128 "-" "Mozilla/5.0 AppleWebKit/537.36 (KHTML, like Gecko; compatible; GPTBot/1.2; +https://openai.com/gptbot)"
185.177.72.16 - - [11/Jul/2025:11:44:31 -0400] "GET /public/.env HTTP/1.1" 403 1242 "-" "Mozilla/5.0 (Windows NT 10.0; Win64; x64) AppleWebKit/537.36 (KHTML, like Gecko) Chrome/91.0.4472.124 Safari/537.36"
185.177.72.16 - - [11/Jul/2025:11:44:31 -0400] "GET /core/.env HTTP/1.1" 403 1242 "-" "Mozilla/5.0 (Windows NT 10.0; Win64; x64) AppleWebKit/537.36 (KHTML, like Gecko) Chrome/91.0.4472.124 Safari/537.36"
185.177.72.16 - - [11/Jul/2025:11:44:31 -0400] "GET /apps/.env HTTP/1.1" 403 1242 "-" "Mozilla/5.0 (Windows NT 10.0; Win64; x64) AppleWebKit/537.36 (KHTML, like Gecko) Chrome/91.0.4472.124 Safari/537.36"
185.177.72.16 - - [11/Jul/2025:11:44:31 -0400] "GET /local/.env HTTP/1.1" 403 1242 "-" "Mozilla/5.0 (Windows NT 10.0; Win64; x64) AppleWebKit/537.36 (KHTML, like Gecko) Chrome/91.0.4472.124 Safari/537.36"
185.177.72.16 - - [11/Jul/2025:11:44:31 -0400] "GET /www/.env HTTP/1.1" 403 1242 "-" "Mozilla/5.0 (Windows NT 10.0; Win64; x64) AppleWebKit/537.36 (KHTML, like Gecko) Chrome/91.0.4472.124 Safari/537.36"
20.171.207.22 - - [11/Jul/2025:11:44:31 -0400] "GET /91dkyl19752.html HTTP/1.1" 404 23128 "-" "Mozilla/5.0 AppleWebKit/537.36 (KHTML, like Gecko; compatible; GPTBot/1.2; +https://openai.com/gptbot)"
136.243.228.194 - - [11/Jul/2025:11:44:31 -0400] "GET /285vawt16024.html HTTP/1.1" 404 23128 "-" "Mozilla/5.0 (compatible; DataForSeoBot/1.0; +https://dataforseo.com/dataforseo-bot)"
185.177.72.16 - - [11/Jul/2025:11:44:32 -0400] "GET /conf/.env HTTP/1.1" 404 23128 "-" "Mozilla/5.0 (Windows NT 10.0; Win64; x64) AppleWebKit/537.36 (KHTML, like Gecko) Chrome/91.0.4472.124 Safari/537.36"
185.177.72.16 - - [11/Jul/2025:11:44:38 -0400] "GET /cron/.env HTTP/1.1" 403 1242 "-" "Mozilla/5.0 (Windows NT 10.0; Win64; x64) AppleWebKit/537.36 (KHTML, like Gecko) Chrome/91.0.4472.124 Safari/537.36"
185.177.72.16 - - [11/Jul/2025:11:44:38 -0400] "GET /js/.env HTTP/1.1" 403 1242 "-" "Mozilla/5.0 (Windows NT 10.0; Win64; x64) AppleWebKit/537.36 (KHTML, like Gecko) Chrome/91.0.4472.124 Safari/537.36"
185.177.72.16 - - [11/Jul/2025:11:44:39 -0400] "GET /mail/.env HTTP/1.1" 403 1242 "-" "Mozilla/5.0 (Windows NT 10.0; Win64; x64) AppleWebKit/537.36 (KHTML, like Gecko) Chrome/91.0.4472.124 Safari/537.36"
185.177.72.16 - - [11/Jul/2025:11:44:39 -0400] "GET /mailer/.env HTTP/1.1" 403 1242 "-" "Mozilla/5.0 (Windows NT 10.0; Win64; x64) AppleWebKit/537.36 (KHTML, like Gecko) Chrome/91.0.4472.124 Safari/537.36"
185.177.72.16 - - [11/Jul/2025:11:44:39 -0400] "GET /xampp/.env HTTP/1.1" 403 1242 "-" "Mozilla/5.0 (Windows NT 10.0; Win64; x64) AppleWebKit/537.36 (KHTML, like Gecko) Chrome/91.0.4472.124 Safari/537.36"
185.177.72.16 - - [11/Jul/2025:11:44:39 -0400] "GET /main/.env HTTP/1.1" 403 1242 "-" "Mozilla/5.0 (Windows NT 10.0; Win64; x64) AppleWebKit/537.36 (KHTML, like Gecko) Chrome/91.0.4472.124 Safari/537.36"
185.177.72.16 - - [11/Jul/2025:11:44:39 -0400] "GET /laravel/.env HTTP/1.1" 403 1242 "-" "Mozilla/5.0 (Windows NT 10.0; Win64; x64) AppleWebKit/537.36 (KHTML, like Gecko) Chrome/91.0.4472.124 Safari/537.36"
185.177.72.16 - - [11/Jul/2025:11:44:40 -0400] "GET /laravel/core/.env HTTP/1.1" 403 1242 "-" "Mozilla/5.0 (Windows NT 10.0; Win64; x64) AppleWebKit/537.36 (KHTML, like Gecko) Chrome/91.0.4472.124 Safari/537.36"
185.177.72.16 - - [11/Jul/2025:11:44:40 -0400] "GET /wp-content/.env HTTP/1.1" 403 1242 "-" "Mozilla/5.0 (Windows NT 10.0; Win64; x64) AppleWebKit/537.36 (KHTML, like Gecko) Chrome/91.0.4472.124 Safari/537.36"
20.171.207.22 - - [11/Jul/2025:11:44:36 -0400] "GET /56xmsb28805.html HTTP/1.1" 404 23128 "-" "Mozilla/5.0 AppleWebKit/537.36 (KHTML, like Gecko; compatible; GPTBot/1.2; +https://openai.com/gptbot)"
66.249.68.130 - - [11/Jul/2025:11:44:40 -0400] "GET /277hje35502.html HTTP/1.1" 200 87043 "-" "Mozilla/5.0 (Linux; Android 6.0.1; Nexus 5X Build/MMB29P) AppleWebKit/537.36 (KHTML, like Gecko) Chrome/137.0.7151.103 Mobile Safari/537.36 (compatible; Googlebot/2.1; +http://www.google.com/bot.html)"
136.243.228.194 - - [11/Jul/2025:11:44:38 -0400] "GET /116kilv25277.html HTTP/1.1" 404 23130 "-" "Mozilla/5.0 (compatible; DataForSeoBot/1.0; +https://dataforseo.com/dataforseo-bot)"
185.177.72.16 - - [11/Jul/2025:11:44:40 -0400] "GET /wp-config HTTP/1.1" 404 23128 "-" "Mozilla/5.0 (Windows NT 10.0; Win64; x64) AppleWebKit/537.36 (KHTML, like Gecko) Chrome/91.0.4472.124 Safari/537.36"
66.249.68.129 - - [11/Jul/2025:11:44:51 -0400] "GET /15yhp670.html HTTP/1.1" 200 87296 "-" "Mozilla/5.0 (Linux; Android 6.0.1; Nexus 5X Build/MMB29P) AppleWebKit/537.36 (KHTML, like Gecko) Chrome/137.0.7151.103 Mobile Safari/537.36 (compatible; Googlebot/2.1; +http://www.google.com/bot.html)"
20.171.207.22 - - [11/Jul/2025:11:44:41 -0400] "GET /280zmre9927.html HTTP/1.1" 404 23128 "-" "Mozilla/5.0 AppleWebKit/537.36 (KHTML, like Gecko; compatible; GPTBot/1.2; +https://openai.com/gptbot)"
66.29.146.47 - - [11/Jul/2025:11:44:55 -0400] "POST /wp-cron.php?doing_wp_cron=1752248694.8603060245513916015625 HTTP/1.1" 403 1242 "-" "WordPress/6.8; https://dangroup.sa"
136.243.228.194 - - [11/Jul/2025:11:44:46 -0400] "GET /3sgbq38804.html HTTP/1.1" 404 23128 "-" "Mozilla/5.0 (compatible; DataForSeoBot/1.0; +https://dataforseo.com/dataforseo-bot)"
66.249.68.131 - - [11/Jul/2025:11:45:03 -0400] "GET /110pvryl4809.html HTTP/1.1" 200 86955 "-" "Mozilla/5.0 (Linux; Android 6.0.1; Nexus 5X Build/MMB29P) AppleWebKit/537.36 (KHTML, like Gecko) Chrome/137.0.7151.103 Mobile Safari/537.36 (compatible; Googlebot/2.1; +http://www.google.com/bot.html)"
185.177.72.16 - - [11/Jul/2025:11:44:52 -0400] "GET /info.php HTTP/1.1" 404 23128 "-" "Mozilla/5.0 (Windows NT 10.0; Win64; x64) AppleWebKit/537.36 (KHTML, like Gecko) Chrome/91.0.4472.124 Safari/537.36"
20.171.207.22 - - [11/Jul/2025:11:44:55 -0400] "GET /18hqlg29359.html HTTP/1.1" 404 23128 "-" "Mozilla/5.0 AppleWebKit/537.36 (KHTML, like Gecko; compatible; GPTBot/1.2; +https://openai.com/gptbot)"
185.177.72.16 - - [11/Jul/2025:11:45:07 -0400] "GET /phpinfo HTTP/1.1" 404 23128 "-" "Mozilla/5.0 (Windows NT 10.0; Win64; x64) AppleWebKit/537.36 (KHTML, like Gecko) Chrome/91.0.4472.124 Safari/537.36"
136.243.228.194 - - [11/Jul/2025:11:45:02 -0400] "GET /items/sriur121/16979?key=horse HTTP/1.1" 404 23128 "-" "Mozilla/5.0 (compatible; DataForSeoBot/1.0; +https://dataforseo.com/dataforseo-bot)"
20.171.207.22 - - [11/Jul/2025:11:45:08 -0400] "GET /50iivq24285.html HTTP/1.1" 404 23128 "-" "Mozilla/5.0 AppleWebKit/537.36 (KHTML, like Gecko; compatible; GPTBot/1.2; +https://openai.com/gptbot)"
185.177.72.16 - - [11/Jul/2025:11:45:14 -0400] "GET /phpinfo.php HTTP/1.1" 404 23128 "-" "Mozilla/5.0 (Windows NT 10.0; Win64; x64) AppleWebKit/537.36 (KHTML, like Gecko) Chrome/91.0.4472.124 Safari/537.36"
136.243.228.194 - - [11/Jul/2025:11:45:15 -0400] "GET /items/zitnu149/31799?key=educate HTTP/1.1" 404 23130 "-" "Mozilla/5.0 (compatible; DataForSeoBot/1.0; +https://dataforseo.com/dataforseo-bot)"
20.171.207.22 - - [11/Jul/2025:11:45:15 -0400] "GET /259vmey1514.html HTTP/1.1" 404 23130 "-" "Mozilla/5.0 AppleWebKit/537.36 (KHTML, like Gecko; compatible; GPTBot/1.2; +https://openai.com/gptbot)"
47.82.60.1 - - [11/Jul/2025:11:45:16 -0400] "GET /pcmypage?callback=product/detail/atorieerina-b078vwnvwz HTTP/1.1" 404 23128 "https://dangroup.sa/pcmypage?callback=product%2Fdetail%2Fatorieerina-b078vwnvwz" "Mozilla/5.0 (Windows NT 10.0; Win64; x64) AppleWebKit/537.36 (KHTML, like Gecko) Chrome/114.0.0.0 Safari/537.36 Edg/114.0.1823.43"
185.177.72.16 - - [11/Jul/2025:11:45:22 -0400] "GET /_phpinfo.php HTTP/1.1" 404 23128 "-" "Mozilla/5.0 (Windows NT 10.0; Win64; x64) AppleWebKit/537.36 (KHTML, like Gecko) Chrome/91.0.4472.124 Safari/537.36"
20.171.207.22 - - [11/Jul/2025:11:45:24 -0400] "GET /62aqka37399.html HTTP/1.1" 404 23129 "-" "Mozilla/5.0 AppleWebKit/537.36 (KHTML, like Gecko; compatible; GPTBot/1.2; +https://openai.com/gptbot)"
136.243.228.194 - - [11/Jul/2025:11:45:24 -0400] "GET /items/xkjec183/6365?key=manipulate HTTP/1.1" 404 23130 "-" "Mozilla/5.0 (compatible; DataForSeoBot/1.0; +https://dataforseo.com/dataforseo-bot)"
66.249.68.129 - - [11/Jul/2025:11:45:36 -0400] "GET /150cbccr14693.html HTTP/1.1" 200 86155 "-" "Mozilla/5.0 (Linux; Android 6.0.1; Nexus 5X Build/MMB29P) AppleWebKit/537.36 (KHTML, like Gecko) Chrome/137.0.7151.103 Mobile Safari/537.36 (compatible; Googlebot/2.1; +http://www.google.com/bot.html)"
185.177.72.16 - - [11/Jul/2025:11:45:36 -0400] "GET /_profiler/phpinfo HTTP/1.1" 404 23128 "-" "Mozilla/5.0 (Windows NT 10.0; Win64; x64) AppleWebKit/537.36 (KHTML, like Gecko) Chrome/91.0.4472.124 Safari/537.36"
47.82.60.13 - - [11/Jul/2025:11:45:35 -0400] "GET /items/vgczo22/27252?key=veteran HTTP/1.1" 404 23128 "https://dangroup.sa/items/vgczo22/27252?key=veteran" "Mozilla/5.0 (Windows NT 10.0; Win64; x64) AppleWebKit/537.36 (KHTML, like Gecko) Chrome/114.0.0.0 Safari/537.36 Edg/114.0.1823.43"
20.171.207.22 - - [11/Jul/2025:11:45:36 -0400] "GET /219gdwc9132.html HTTP/1.1" 404 23128 "-" "Mozilla/5.0 AppleWebKit/537.36 (KHTML, like Gecko; compatible; GPTBot/1.2; +https://openai.com/gptbot)"
136.243.228.194 - - [11/Jul/2025:11:45:40 -0400] "GET /219mku4114.html HTTP/1.1" 404 23308 "-" "Mozilla/5.0 (compatible; DataForSeoBot/1.0; +https://dataforseo.com/dataforseo-bot)"
66.249.68.129 - - [11/Jul/2025:11:45:53 -0400] "GET /items/lbcax244/2530?key=describe HTTP/1.1" 200 86899 "-" "Mozilla/5.0 (Linux; Android 6.0.1; Nexus 5X Build/MMB29P) AppleWebKit/537.36 (KHTML, like Gecko) Chrome/137.0.7151.103 Mobile Safari/537.36 (compatible; GoogleOther)"
66.29.146.47 - - [11/Jul/2025:11:45:57 -0400] "POST /wp-cron.php?doing_wp_cron=1752248757.5748488903045654296875 HTTP/1.1" 403 1242 "-" "WordPress/6.8; https://dangroup.sa"
185.177.72.16 - - [11/Jul/2025:11:45:49 -0400] "GET /_profiler/phpinfo/info.php HTTP/1.1" 404 23130 "-" "Mozilla/5.0 (Windows NT 10.0; Win64; x64) AppleWebKit/537.36 (KHTML, like Gecko) Chrome/91.0.4472.124 Safari/537.36"
20.171.207.22 - - [11/Jul/2025:11:45:52 -0400] "GET /31bfkk38850.html HTTP/1.1" 404 23128 "-" "Mozilla/5.0 AppleWebKit/537.36 (KHTML, like Gecko; compatible; GPTBot/1.2; +https://openai.com/gptbot)"
66.249.68.130 - - [11/Jul/2025:11:46:01 -0400] "GET /items/wgwhj205/29735?key=restaurant HTTP/1.1" 200 87349 "-" "Mozilla/5.0 (Linux; Android 6.0.1; Nexus 5X Build/MMB29P) AppleWebKit/537.36 (KHTML, like Gecko) Chrome/137.0.7151.103 Mobile Safari/537.36 (compatible; GoogleOther)"
136.243.228.194 - - [11/Jul/2025:11:45:55 -0400] "GET /136ypdd42467.html HTTP/1.1" 404 23128 "-" "Mozilla/5.0 (compatible; DataForSeoBot/1.0; +https://dataforseo.com/dataforseo-bot)"
185.177.72.16 - - [11/Jul/2025:11:45:59 -0400] "GET /_profiler/phpinfo/phpinfo.php HTTP/1.1" 404 23130 "-" "Mozilla/5.0 (Windows NT 10.0; Win64; x64) AppleWebKit/537.36 (KHTML, like Gecko) Chrome/91.0.4472.124 Safari/537.36"
20.171.207.22 - - [11/Jul/2025:11:46:01 -0400] "GET /151mgow4934.html HTTP/1.1" 404 23128 "-" "Mozilla/5.0 AppleWebKit/537.36 (KHTML, like Gecko; compatible; GPTBot/1.2; +https://openai.com/gptbot)"
66.249.68.129 - - [11/Jul/2025:11:46:10 -0400] "GET /196uvgu43811.html HTTP/1.1" 200 86647 "-" "Mozilla/5.0 (Linux; Android 6.0.1; Nexus 5X Build/MMB29P) AppleWebKit/537.36 (KHTML, like Gecko) Chrome/137.0.7151.103 Mobile Safari/537.36 (compatible; Googlebot/2.1; +http://www.google.com/bot.html)"
136.243.228.194 - - [11/Jul/2025:11:46:06 -0400] "GET /48gkqt30645.html HTTP/1.1" 404 23128 "-" "Mozilla/5.0 (compatible; DataForSeoBot/1.0; +https://dataforseo.com/dataforseo-bot)"
20.171.207.22 - - [11/Jul/2025:11:46:07 -0400] "GET /230lsse4117.html HTTP/1.1" 404 23128 "-" "Mozilla/5.0 AppleWebKit/537.36 (KHTML, like Gecko; compatible; GPTBot/1.2; +https://openai.com/gptbot)"
185.177.72.16 - - [11/Jul/2025:11:46:07 -0400] "GET /app_dev.php/_profiler/phpinfo HTTP/1.1" 404 23128 "-" "Mozilla/5.0 (Windows NT 10.0; Win64; x64) AppleWebKit/537.36 (KHTML, like Gecko) Chrome/91.0.4472.124 Safari/537.36"
66.249.68.129 - - [11/Jul/2025:11:46:21 -0400] "GET /274omox39497.html HTTP/1.1" 200 87380 "-" "Mozilla/5.0 (Linux; Android 6.0.1; Nexus 5X Build/MMB29P) AppleWebKit/537.36 (KHTML, like Gecko) Chrome/137.0.7151.103 Mobile Safari/537.36 (compatible; Googlebot/2.1; +http://www.google.com/bot.html)"
185.177.72.16 - - [11/Jul/2025:11:46:19 -0400] "GET /debug.php HTTP/1.1" 404 23128 "-" "Mozilla/5.0 (Windows NT 10.0; Win64; x64) AppleWebKit/537.36 (KHTML, like Gecko) Chrome/91.0.4472.124 Safari/537.36"
66.249.68.129 - - [11/Jul/2025:11:46:32 -0400] "GET /139hvjam29026.html HTTP/1.1" 200 87356 "-" "Mozilla/5.0 (Linux; Android 6.0.1; Nexus 5X Build/MMB29P) AppleWebKit/537.36 (KHTML, like Gecko) Chrome/137.0.7151.103 Mobile Safari/537.36 (compatible; Googlebot/2.1; +http://www.google.com/bot.html)"
20.171.207.22 - - [11/Jul/2025:11:46:18 -0400] "GET /78eqhr42421.html HTTP/1.1" 404 23129 "-" "Mozilla/5.0 AppleWebKit/537.36 (KHTML, like Gecko; compatible; GPTBot/1.2; +https://openai.com/gptbot)"
136.243.228.194 - - [11/Jul/2025:11:46:19 -0400] "GET /170rvpb795.html HTTP/1.1" 404 23128 "-" "Mozilla/5.0 (compatible; DataForSeoBot/1.0; +https://dataforseo.com/dataforseo-bot)"
17.22.237.177 - - [11/Jul/2025:11:46:21 -0400] "GET /en/portfolio/%D9%85%D8%B2%D8%A7%D8%AF-%D9%82%D9%84%D8%A7%D8%A6%D8%AF/ HTTP/1.1" 404 22468 "-" "Mozilla/5.0 (Macintosh; Intel Mac OS X 10_15_7) AppleWebKit/605.1.15 (KHTML, like Gecko) Version/17.4 Safari/605.1.15 (Applebot/0.1; +http://www.apple.com/go/applebot)"
17.22.237.229 - - [11/Jul/2025:11:46:37 -0400] "GET /wp-content/plugins/extension-for-animation-addons/assets/css/wcf-addons-ex.css?ver=6.8 HTTP/1.1" 304 0 "https://dangroup.sa/en/portfolio/%d9%85%d8%b2%d8%a7%d8%af-%d9%82%d9%84%d8%a7%d8%a6%d8%af/" "Mozilla/5.0 (Macintosh; Intel Mac OS X 10_15_7) AppleWebKit/605.1.15 (KHTML, like Gecko) Version/17.4 Safari/605.1.15 (Applebot/0.1; +http://www.apple.com/go/applebot)"
17.22.253.80 - - [11/Jul/2025:11:46:38 -0400] "GET /wp-content/plugins/animation-addons-for-elementor/assets/css/wcf-addons.min.css?ver=6.8 HTTP/1.1" 304 0 "https://dangroup.sa/en/portfolio/%d9%85%d8%b2%d8%a7%d8%af-%d9%82%d9%84%d8%a7%d8%a6%d8%af/" "Mozilla/5.0 (Macintosh; Intel Mac OS X 10_15_7) AppleWebKit/605.1.15 (KHTML, like Gecko) Version/17.4 Safari/605.1.15 (Applebot/0.1; +http://www.apple.com/go/applebot)"
17.22.237.161 - - [11/Jul/2025:11:46:39 -0400] "GET /wp-includes/js/jquery/jquery.min.js?ver=3.7.1 HTTP/1.1" 304 0 "https://dangroup.sa/en/portfolio/%d9%85%d8%b2%d8%a7%d8%af-%d9%82%d9%84%d8%a7%d8%a6%d8%af/" "Mozilla/5.0 (Macintosh; Intel Mac OS X 10_15_7) AppleWebKit/605.1.15 (KHTML, like Gecko) Version/17.4 Safari/605.1.15 (Applebot/0.1; +http://www.apple.com/go/applebot)"
17.22.253.167 - - [11/Jul/2025:11:46:40 -0400] "GET /wp-includes/js/jquery/jquery-migrate.min.js?ver=3.4.1 HTTP/1.1" 304 0 "https://dangroup.sa/en/portfolio/%d9%85%d8%b2%d8%a7%d8%af-%d9%82%d9%84%d8%a7%d8%a6%d8%af/" "Mozilla/5.0 (Macintosh; Intel Mac OS X 10_15_7) AppleWebKit/605.1.15 (KHTML, like Gecko) Version/17.4 Safari/605.1.15 (Applebot/0.1; +http://www.apple.com/go/applebot)"
66.249.79.136 - - [11/Jul/2025:11:46:40 -0400] "GET /pcmypage?callback=product/review/asty-shop-75-k4unje98qc-b5iq HTTP/1.1" 200 86465 "-" "Mozilla/5.0 (Linux; Android 6.0.1; Nexus 5X Build/MMB29P) AppleWebKit/537.36 (KHTML, like Gecko) Chrome/137.0.7151.119 Mobile Safari/537.36 (compatible; Googlebot/2.1; +http://www.google.com/bot.html)"
17.22.237.70 - - [11/Jul/2025:11:46:41 -0400] "GET /wp-content/uploads/elementor/google-fonts/css/montserrat.css?ver=1745637483 HTTP/1.1" 200 743 "https://dangroup.sa/en/portfolio/%d9%85%d8%b2%d8%a7%d8%af-%d9%82%d9%84%d8%a7%d8%a6%d8%af/" "Mozilla/5.0 (Macintosh; Intel Mac OS X 10_15_7) AppleWebKit/605.1.15 (KHTML, like Gecko) Version/17.4 Safari/605.1.15 (Applebot/0.1; +http://www.apple.com/go/applebot)"
17.22.253.80 - - [11/Jul/2025:11:46:42 -0400] "GET /wp-content/uploads/elementor/google-fonts/css/kanit.css?ver=1745637444 HTTP/1.1" 304 0 "https://dangroup.sa/en/portfolio/%d9%85%d8%b2%d8%a7%d8%af-%d9%82%d9%84%d8%a7%d8%a6%d8%af/" "Mozilla/5.0 (Macintosh; Intel Mac OS X 10_15_7) AppleWebKit/605.1.15 (KHTML, like Gecko) Version/17.4 Safari/605.1.15 (Applebot/0.1; +http://www.apple.com/go/applebot)"
185.177.72.16 - - [11/Jul/2025:11:46:32 -0400] "GET /dashboard/phpinfo.php HTTP/1.1" 404 23128 "-" "Mozilla/5.0 (Windows NT 10.0; Win64; x64) AppleWebKit/537.36 (KHTML, like Gecko) Chrome/91.0.4472.124 Safari/537.36"
17.22.237.70 - - [11/Jul/2025:11:46:43 -0400] "GET /wp-content/uploads/elementor/css/custom-widget-icon-list.min.css?ver=1748907686 HTTP/1.1" 200 936 "https://dangroup.sa/en/portfolio/%d9%85%d8%b2%d8%a7%d8%af-%d9%82%d9%84%d8%a7%d8%a6%d8%af/" "Mozilla/5.0 (Macintosh; Intel Mac OS X 10_15_7) AppleWebKit/605.1.15 (KHTML, like Gecko) Version/17.4 Safari/605.1.15 (Applebot/0.1; +http://www.apple.com/go/applebot)"
17.22.245.175 - - [11/Jul/2025:11:46:43 -0400] "GET /wp-includes/js/dist/i18n.min.js?ver=5e580eb46a90c2b997e6 HTTP/1.1" 304 0 "https://dangroup.sa/en/portfolio/%d9%85%d8%b2%d8%a7%d8%af-%d9%82%d9%84%d8%a7%d8%a6%d8%af/" "Mozilla/5.0 (Macintosh; Intel Mac OS X 10_15_7) AppleWebKit/605.1.15 (KHTML, like Gecko) Version/17.4 Safari/605.1.15 (Applebot/0.1; +http://www.apple.com/go/applebot)"
17.22.253.48 - - [11/Jul/2025:11:46:43 -0400] "GET /wp-content/plugins/contact-form-7/includes/swv/js/index.js?ver=5.9.8 HTTP/1.1" 304 0 "https://dangroup.sa/en/portfolio/%d9%85%d8%b2%d8%a7%d8%af-%d9%82%d9%84%d8%a7%d8%a6%d8%af/" "Mozilla/5.0 (Macintosh; Intel Mac OS X 10_15_7) AppleWebKit/605.1.15 (KHTML, like Gecko) Version/17.4 Safari/605.1.15 (Applebot/0.1; +http://www.apple.com/go/applebot)"
20.171.207.22 - - [11/Jul/2025:11:46:34 -0400] "GET /190mqoj9355.html HTTP/1.1" 404 23129 "-" "Mozilla/5.0 AppleWebKit/537.36 (KHTML, like Gecko; compatible; GPTBot/1.2; +https://openai.com/gptbot)"
17.22.237.132 - - [11/Jul/2025:11:46:44 -0400] "GET /wp-includes/js/dist/hooks.min.js?ver=4d63a3d491d11ffd8ac6 HTTP/1.1" 304 0 "https://dangroup.sa/en/portfolio/%d9%85%d8%b2%d8%a7%d8%af-%d9%82%d9%84%d8%a7%d8%a6%d8%af/" "Mozilla/5.0 (Macintosh; Intel Mac OS X 10_15_7) AppleWebKit/605.1.15 (KHTML, like Gecko) Version/17.4 Safari/605.1.15 (Applebot/0.1; +http://www.apple.com/go/applebot)"
17.22.253.167 - - [11/Jul/2025:11:46:44 -0400] "GET /wp-content/plugins/contact-form-7/includes/js/index.js?ver=5.9.8 HTTP/1.1" 304 0 "https://dangroup.sa/en/portfolio/%d9%85%d8%b2%d8%a7%d8%af-%d9%82%d9%84%d8%a7%d8%a6%d8%af/" "Mozilla/5.0 (Macintosh; Intel Mac OS X 10_15_7) AppleWebKit/605.1.15 (KHTML, like Gecko) Version/17.4 Safari/605.1.15 (Applebot/0.1; +http://www.apple.com/go/applebot)"
136.243.228.194 - - [11/Jul/2025:11:46:38 -0400] "GET /230emj37855.html HTTP/1.1" 404 23128 "-" "Mozilla/5.0 (compatible; DataForSeoBot/1.0; +https://dataforseo.com/dataforseo-bot)"
69.197.135.226 - - [11/Jul/2025:11:46:44 -0400] "GET /wp-content/install.php HTTP/1.1" 200 10 "https://dangroup.sa/wp-content/install.php" "Mozilla/5.0 (Windows NT 10.0; Win64; x64) AppleWebKit/537.36 (KHTML, like Gecko) Chrome/58.0.3029.110 Safari/537.3"
17.22.253.80 - - [11/Jul/2025:11:46:44 -0400] "GET /wp-content/plugins/animation-addons-for-elementor/assets/js/wcf-addons.min.js?ver=6.8 HTTP/1.1" 304 0 "https://dangroup.sa/en/portfolio/%d9%85%d8%b2%d8%a7%d8%af-%d9%82%d9%84%d8%a7%d8%a6%d8%af/" "Mozilla/5.0 (Macintosh; Intel Mac OS X 10_15_7) AppleWebKit/605.1.15 (KHTML, like Gecko) Version/17.4 Safari/605.1.15 (Applebot/0.1; +http://www.apple.com/go/applebot)"
17.22.237.229 - - [11/Jul/2025:11:46:44 -0400] "GET /wp-content/plugins/extension-for-animation-addons/assets/lib/gsap.min.js?ver=6.8 HTTP/1.1" 304 0 "https://dangroup.sa/en/portfolio/%d9%85%d8%b2%d8%a7%d8%af-%d9%82%d9%84%d8%a7%d8%a6%d8%af/" "Mozilla/5.0 (Macintosh; Intel Mac OS X 10_15_7) AppleWebKit/605.1.15 (KHTML, like Gecko) Version/17.4 Safari/605.1.15 (Applebot/0.1; +http://www.apple.com/go/applebot)"
66.249.68.130 - - [11/Jul/2025:11:46:44 -0400] "GET /21mas1842.html HTTP/1.1" 200 86581 "-" "Mozilla/5.0 (Linux; Android 6.0.1; Nexus 5X Build/MMB29P) AppleWebKit/537.36 (KHTML, like Gecko) Chrome/137.0.7151.103 Mobile Safari/537.36 (compatible; Googlebot/2.1; +http://www.google.com/bot.html)"
17.22.245.69 - - [11/Jul/2025:11:46:45 -0400] "GET /wp-content/plugins/extension-for-animation-addons/assets/lib/SplitText.min.js?ver=6.8 HTTP/1.1" 304 0 "https://dangroup.sa/en/portfolio/%d9%85%d8%b2%d8%a7%d8%af-%d9%82%d9%84%d8%a7%d8%a6%d8%af/" "Mozilla/5.0 (Macintosh; Intel Mac OS X 10_15_7) AppleWebKit/605.1.15 (KHTML, like Gecko) Version/17.4 Safari/605.1.15 (Applebot/0.1; +http://www.apple.com/go/applebot)"
17.22.237.176 - - [11/Jul/2025:11:46:45 -0400] "GET /wp-content/plugins/extension-for-animation-addons/assets/lib/ScrollSmoother.min.js?ver=6.8 HTTP/1.1" 304 0 "https://dangroup.sa/en/portfolio/%d9%85%d8%b2%d8%a7%d8%af-%d9%82%d9%84%d8%a7%d8%a6%d8%af/" "Mozilla/5.0 (Macintosh; Intel Mac OS X 10_15_7) AppleWebKit/605.1.15 (KHTML, like Gecko) Version/17.4 Safari/605.1.15 (Applebot/0.1; +http://www.apple.com/go/applebot)"
17.22.237.113 - - [11/Jul/2025:11:46:45 -0400] "GET /wp-content/plugins/extension-for-animation-addons/assets/lib/mixitup.min.js?ver=6.8 HTTP/1.1" 304 0 "https://dangroup.sa/en/portfolio/%d9%85%d8%b2%d8%a7%d8%af-%d9%82%d9%84%d8%a7%d8%a6%d8%af/" "Mozilla/5.0 (Macintosh; Intel Mac OS X 10_15_7) AppleWebKit/605.1.15 (KHTML, like Gecko) Version/17.4 Safari/605.1.15 (Applebot/0.1; +http://www.apple.com/go/applebot)"
17.22.253.48 - - [11/Jul/2025:11:46:46 -0400] "GET /wp-content/plugins/extension-for-animation-addons/assets/lib/ScrollToPlugin.min.js?ver=6.8 HTTP/1.1" 304 0 "https://dangroup.sa/en/portfolio/%d9%85%d8%b2%d8%a7%d8%af-%d9%82%d9%84%d8%a7%d8%a6%d8%af/" "Mozilla/5.0 (Macintosh; Intel Mac OS X 10_15_7) AppleWebKit/605.1.15 (KHTML, like Gecko) Version/17.4 Safari/605.1.15 (Applebot/0.1; +http://www.apple.com/go/applebot)"
17.22.237.208 - - [11/Jul/2025:11:46:46 -0400] "GET /wp-content/themes/arolax/assets/js/jquery.meanmenu.min.js?ver=2 HTTP/1.1" 304 0 "https://dangroup.sa/en/portfolio/%d9%85%d8%b2%d8%a7%d8%af-%d9%82%d9%84%d8%a7%d8%a6%d8%af/" "Mozilla/5.0 (Macintosh; Intel Mac OS X 10_15_7) AppleWebKit/605.1.15 (KHTML, like Gecko) Version/17.4 Safari/605.1.15 (Applebot/0.1; +http://www.apple.com/go/applebot)"
17.22.237.38 - - [11/Jul/2025:11:46:46 -0400] "GET /wp-content/plugins/extension-for-animation-addons/assets/lib/ScrollTrigger.min.js?ver=6.8 HTTP/1.1" 304 0 "https://dangroup.sa/en/portfolio/%d9%85%d8%b2%d8%a7%d8%af-%d9%82%d9%84%d8%a7%d8%a6%d8%af/" "Mozilla/5.0 (Macintosh; Intel Mac OS X 10_15_7) AppleWebKit/605.1.15 (KHTML, like Gecko) Version/17.4 Safari/605.1.15 (Applebot/0.1; +http://www.apple.com/go/applebot)"
17.22.245.175 - - [11/Jul/2025:11:46:47 -0400] "GET /wp-content/plugins/extension-for-animation-addons/assets/lib/jquery.magnific-popup.min.js?ver=6.8 HTTP/1.1" 304 0 "https://dangroup.sa/en/portfolio/%d9%85%d8%b2%d8%a7%d8%af-%d9%82%d9%84%d8%a7%d8%a6%d8%af/" "Mozilla/5.0 (Macintosh; Intel Mac OS X 10_15_7) AppleWebKit/605.1.15 (KHTML, like Gecko) Version/17.4 Safari/605.1.15 (Applebot/0.1; +http://www.apple.com/go/applebot)"
17.22.237.183 - - [11/Jul/2025:11:46:47 -0400] "GET /wp-content/themes/arolax/assets/js/script.js?ver=2 HTTP/1.1" 304 0 "https://dangroup.sa/en/portfolio/%d9%85%d8%b2%d8%a7%d8%af-%d9%82%d9%84%d8%a7%d8%a6%d8%af/" "Mozilla/5.0 (Macintosh; Intel Mac OS X 10_15_7) AppleWebKit/605.1.15 (KHTML, like Gecko) Version/17.4 Safari/605.1.15 (Applebot/0.1; +http://www.apple.com/go/applebot)"
17.22.237.128 - - [11/Jul/2025:11:46:47 -0400] "GET /wp-content/plugins/extension-for-animation-addons/assets/js/wcf-addons-ex.js?ver=6.8 HTTP/1.1" 304 0 "https://dangroup.sa/en/portfolio/%d9%85%d8%b2%d8%a7%d8%af-%d9%82%d9%84%d8%a7%d8%a6%d8%af/" "Mozilla/5.0 (Macintosh; Intel Mac OS X 10_15_7) AppleWebKit/605.1.15 (KHTML, like Gecko) Version/17.4 Safari/605.1.15 (Applebot/0.1; +http://www.apple.com/go/applebot)"
17.22.253.80 - - [11/Jul/2025:11:46:48 -0400] "GET /wp-content/plugins/wcf-addons-pro/assets/js/wcf-addons-pro.js?ver=6.8 HTTP/1.1" 304 0 "https://dangroup.sa/en/portfolio/%d9%85%d8%b2%d8%a7%d8%af-%d9%82%d9%84%d8%a7%d8%a6%d8%af/" "Mozilla/5.0 (Macintosh; Intel Mac OS X 10_15_7) AppleWebKit/605.1.15 (KHTML, like Gecko) Version/17.4 Safari/605.1.15 (Applebot/0.1; +http://www.apple.com/go/applebot)"
17.22.237.58 - - [11/Jul/2025:11:46:48 -0400] "GET /wp-content/plugins/wp-consent-api/assets/js/wp-consent-api.min.js?ver=1.0.8 HTTP/1.1" 304 0 "https://dangroup.sa/en/portfolio/%d9%85%d8%b2%d8%a7%d8%af-%d9%82%d9%84%d8%a7%d8%a6%d8%af/" "Mozilla/5.0 (Macintosh; Intel Mac OS X 10_15_7) AppleWebKit/605.1.15 (KHTML, like Gecko) Version/17.4 Safari/605.1.15 (Applebot/0.1; +http://www.apple.com/go/applebot)"
17.22.237.161 - - [11/Jul/2025:11:46:48 -0400] "GET /wp-content/themes/arolax/assets/js/bootstrap.bundle.min.js?ver=2 HTTP/1.1" 304 0 "https://dangroup.sa/en/portfolio/%d9%85%d8%b2%d8%a7%d8%af-%d9%82%d9%84%d8%a7%d8%a6%d8%af/" "Mozilla/5.0 (Macintosh; Intel Mac OS X 10_15_7) AppleWebKit/605.1.15 (KHTML, like Gecko) Version/17.4 Safari/605.1.15 (Applebot/0.1; +http://www.apple.com/go/applebot)"
17.22.237.58 - - [11/Jul/2025:11:46:49 -0400] "GET /wp-content/plugins/elementor-pro/assets/js/webpack-pro.runtime.min.js?ver=3.29.1 HTTP/1.1" 304 0 "https://dangroup.sa/en/portfolio/%d9%85%d8%b2%d8%a7%d8%af-%d9%82%d9%84%d8%a7%d8%a6%d8%af/" "Mozilla/5.0 (Macintosh; Intel Mac OS X 10_15_7) AppleWebKit/605.1.15 (KHTML, like Gecko) Version/17.4 Safari/605.1.15 (Applebot/0.1; +http://www.apple.com/go/applebot)"
17.22.237.208 - - [11/Jul/2025:11:46:49 -0400] "GET /wp-content/plugins/google-site-kit/dist/assets/js/googlesitekit-consent-mode-8917f4bdb6ac659920cf.js HTTP/1.1" 304 0 "https://dangroup.sa/en/portfolio/%d9%85%d8%b2%d8%a7%d8%af-%d9%82%d9%84%d8%a7%d8%a6%d8%af/" "Mozilla/5.0 (Macintosh; Intel Mac OS X 10_15_7) AppleWebKit/605.1.15 (KHTML, like Gecko) Version/17.4 Safari/605.1.15 (Applebot/0.1; +http://www.apple.com/go/applebot)"
20.171.207.22 - - [11/Jul/2025:11:46:44 -0400] "GET /16nfcc22469.html HTTP/1.1" 404 23130 "-" "Mozilla/5.0 AppleWebKit/537.36 (KHTML, like Gecko; compatible; GPTBot/1.2; +https://openai.com/gptbot)"
17.22.237.70 - - [11/Jul/2025:11:46:49 -0400] "GET /wp-content/plugins/elementor-pro/assets/js/frontend.min.js?ver=3.29.1 HTTP/1.1" 304 0 "https://dangroup.sa/en/portfolio/%d9%85%d8%b2%d8%a7%d8%af-%d9%82%d9%84%d8%a7%d8%a6%d8%af/" "Mozilla/5.0 (Macintosh; Intel Mac OS X 10_15_7) AppleWebKit/605.1.15 (KHTML, like Gecko) Version/17.4 Safari/605.1.15 (Applebot/0.1; +http://www.apple.com/go/applebot)"
17.22.245.175 - - [11/Jul/2025:11:46:49 -0400] "GET /wp-content/plugins/chaty/js/cht-front-script.min.js?ver=3.4.21748763706 HTTP/1.1" 304 0 "https://dangroup.sa/en/portfolio/%d9%85%d8%b2%d8%a7%d8%af-%d9%82%d9%84%d8%a7%d8%a6%d8%af/" "Mozilla/5.0 (Macintosh; Intel Mac OS X 10_15_7) AppleWebKit/605.1.15 (KHTML, like Gecko) Version/17.4 Safari/605.1.15 (Applebot/0.1; +http://www.apple.com/go/applebot)"
185.177.72.16 - - [11/Jul/2025:11:46:43 -0400] "GET /server-info HTTP/1.1" 404 23128 "-" "Mozilla/5.0 (Windows NT 10.0; Win64; x64) AppleWebKit/537.36 (KHTML, like Gecko) Chrome/91.0.4472.124 Safari/537.36"
17.22.253.80 - - [11/Jul/2025:11:46:50 -0400] "GET /wp-content/plugins/google-site-kit/dist/assets/js/googlesitekit-events-provider-contact-form-7-84e9a1056bc4922b7cbd.js HTTP/1.1" 304 0 "https://dangroup.sa/en/portfolio/%d9%85%d8%b2%d8%a7%d8%af-%d9%82%d9%84%d8%a7%d8%a6%d8%af/" "Mozilla/5.0 (Macintosh; Intel Mac OS X 10_15_7) AppleWebKit/605.1.15 (KHTML, like Gecko) Version/17.4 Safari/605.1.15 (Applebot/0.1; +http://www.apple.com/go/applebot)"
17.22.237.70 - - [11/Jul/2025:11:46:50 -0400] "GET /wp-includes/js/jquery/ui/core.min.js?ver=1.13.3 HTTP/1.1" 304 0 "https://dangroup.sa/en/portfolio/%d9%85%d8%b2%d8%a7%d8%af-%d9%82%d9%84%d8%a7%d8%a6%d8%af/" "Mozilla/5.0 (Macintosh; Intel Mac OS X 10_15_7) AppleWebKit/605.1.15 (KHTML, like Gecko) Version/17.4 Safari/605.1.15 (Applebot/0.1; +http://www.apple.com/go/applebot)"
17.22.253.80 - - [11/Jul/2025:11:46:50 -0400] "GET /wp-content/plugins/animation-addons-for-elementor/assets/js/widgets/nav-menu.min.js?ver=6.8 HTTP/1.1" 304 0 "https://dangroup.sa/en/portfolio/%d9%85%d8%b2%d8%a7%d8%af-%d9%82%d9%84%d8%a7%d8%a6%d8%af/" "Mozilla/5.0 (Macintosh; Intel Mac OS X 10_15_7) AppleWebKit/605.1.15 (KHTML, like Gecko) Version/17.4 Safari/605.1.15 (Applebot/0.1; +http://www.apple.com/go/applebot)"
17.22.237.161 - - [11/Jul/2025:11:46:51 -0400] "GET /wp-content/plugins/elementor/assets/js/webpack.runtime.min.js?ver=3.28.4 HTTP/1.1" 304 0 "https://dangroup.sa/en/portfolio/%d9%85%d8%b2%d8%a7%d8%af-%d9%82%d9%84%d8%a7%d8%a6%d8%af/" "Mozilla/5.0 (Macintosh; Intel Mac OS X 10_15_7) AppleWebKit/605.1.15 (KHTML, like Gecko) Version/17.4 Safari/605.1.15 (Applebot/0.1; +http://www.apple.com/go/applebot)"
17.22.253.167 - - [11/Jul/2025:11:46:51 -0400] "GET /wp-content/plugins/elementor/assets/js/frontend-modules.min.js?ver=3.28.4 HTTP/1.1" 304 0 "https://dangroup.sa/en/portfolio/%d9%85%d8%b2%d8%a7%d8%af-%d9%82%d9%84%d8%a7%d8%a6%d8%af/" "Mozilla/5.0 (Macintosh; Intel Mac OS X 10_15_7) AppleWebKit/605.1.15 (KHTML, like Gecko) Version/17.4 Safari/605.1.15 (Applebot/0.1; +http://www.apple.com/go/applebot)"
17.22.245.175 - - [11/Jul/2025:11:46:52 -0400] "GET /wp-content/plugins/elementor/assets/js/frontend.min.js?ver=3.28.4 HTTP/1.1" 304 0 "https://dangroup.sa/en/portfolio/%d9%85%d8%b2%d8%a7%d8%af-%d9%82%d9%84%d8%a7%d8%a6%d8%af/" "Mozilla/5.0 (Macintosh; Intel Mac OS X 10_15_7) AppleWebKit/605.1.15 (KHTML, like Gecko) Version/17.4 Safari/605.1.15 (Applebot/0.1; +http://www.apple.com/go/applebot)"
17.22.253.108 - - [11/Jul/2025:11:46:52 -0400] "GET /wp-content/plugins/elementor-pro/assets/js/elements-handlers.min.js?ver=3.29.1 HTTP/1.1" 304 0 "https://dangroup.sa/en/portfolio/%d9%85%d8%b2%d8%a7%d8%af-%d9%82%d9%84%d8%a7%d8%a6%d8%af/" "Mozilla/5.0 (Macintosh; Intel Mac OS X 10_15_7) AppleWebKit/605.1.15 (KHTML, like Gecko) Version/17.4 Safari/605.1.15 (Applebot/0.1; +http://www.apple.com/go/applebot)"
17.22.237.149 - - [11/Jul/2025:11:46:54 -0400] "GET /wp-content/plugins/elementor/assets/js/text-editor.c084ef86600b6f11690d.bundle.min.js HTTP/1.1" 304 0 "https://dangroup.sa/en/portfolio/%d9%85%d8%b2%d8%a7%d8%af-%d9%82%d9%84%d8%a7%d8%a6%d8%af/" "Mozilla/5.0 (Macintosh; Intel Mac OS X 10_15_7) AppleWebKit/605.1.15 (KHTML, like Gecko) Version/17.4 Safari/605.1.15 (Applebot/0.1; +http://www.apple.com/go/applebot)"
136.243.228.194 - - [11/Jul/2025:11:46:47 -0400] "GET /items/zadrf97/23281?key=someday HTTP/1.1" 404 23130 "-" "Mozilla/5.0 (compatible; DataForSeoBot/1.0; +https://dataforseo.com/dataforseo-bot)"
66.249.68.130 - - [11/Jul/2025:11:46:55 -0400] "GET /208kik46023.html HTTP/1.1" 200 87030 "-" "Mozilla/5.0 (Linux; Android 6.0.1; Nexus 5X Build/MMB29P) AppleWebKit/537.36 (KHTML, like Gecko) Chrome/137.0.7151.103 Mobile Safari/537.36 (compatible; Googlebot/2.1; +http://www.google.com/bot.html)"
20.171.207.22 - - [11/Jul/2025:11:46:49 -0400] "GET /16hurr24829.html HTTP/1.1" 404 23128 "-" "Mozilla/5.0 AppleWebKit/537.36 (KHTML, like Gecko; compatible; GPTBot/1.2; +https://openai.com/gptbot)"
66.29.146.47 - - [11/Jul/2025:11:47:00 -0400] "POST /wp-cron.php?doing_wp_cron=1752248819.8639209270477294921875 HTTP/1.1" 403 1242 "-" "WordPress/6.8; https://dangroup.sa"
185.177.72.16 - - [11/Jul/2025:11:46:50 -0400] "GET /server-info.php HTTP/1.1" 404 23130 "-" "Mozilla/5.0 (Windows NT 10.0; Win64; x64) AppleWebKit/537.36 (KHTML, like Gecko) Chrome/91.0.4472.124 Safari/537.36"
66.29.146.47 - - [11/Jul/2025:11:47:01 -0400] "POST /wp-cron.php?doing_wp_cron=1752248821.0811619758605957031250 HTTP/1.1" 403 1242 "-" "WordPress/6.8; https://dangroup.sa"
66.249.68.129 - - [11/Jul/2025:11:47:07 -0400] "GET /131bgne21260.html HTTP/1.1" 200 86780 "-" "Mozilla/5.0 (Linux; Android 6.0.1; Nexus 5X Build/MMB29P) AppleWebKit/537.36 (KHTML, like Gecko) Chrome/137.0.7151.103 Mobile Safari/537.36 (compatible; Googlebot/2.1; +http://www.google.com/bot.html)"
195.2.71.225 - - [11/Jul/2025:11:46:55 -0400] "GET /ar/ HTTP/1.1" 404 23130 "https://dangroup.sa/ar/" "Mozilla/5.0 (Windows NT 10.0; Win64; x64) AppleWebKit/537.36 (KHTML, like Gecko) Chrome/130.0.0.0 Safari/537.36 CCleaner/130.0.0.0"
136.243.228.194 - - [11/Jul/2025:11:46:57 -0400] "GET /156pjgyy26205.html HTTP/1.1" 404 23130 "-" "Mozilla/5.0 (compatible; DataForSeoBot/1.0; +https://dataforseo.com/dataforseo-bot)"
20.171.207.22 - - [11/Jul/2025:11:46:58 -0400] "GET /277jblg1554.html HTTP/1.1" 404 23129 "-" "Mozilla/5.0 AppleWebKit/537.36 (KHTML, like Gecko; compatible; GPTBot/1.2; +https://openai.com/gptbot)"
66.249.68.129 - - [11/Jul/2025:11:47:19 -0400] "GET /288lipq46833.html HTTP/1.1" 200 86775 "-" "Mozilla/5.0 (Linux; Android 6.0.1; Nexus 5X Build/MMB29P) AppleWebKit/537.36 (KHTML, like Gecko) Chrome/137.0.7151.103 Mobile Safari/537.36 (compatible; Googlebot/2.1; +http://www.google.com/bot.html)"
185.177.72.16 - - [11/Jul/2025:11:47:01 -0400] "GET /admin/server_info.php HTTP/1.1" 404 23130 "-" "Mozilla/5.0 (Windows NT 10.0; Win64; x64) AppleWebKit/537.36 (KHTML, like Gecko) Chrome/91.0.4472.124 Safari/537.36"
47.82.60.55 - - [11/Jul/2025:11:47:05 -0400] "GET /items/xymkj52/46038?key=yesterday HTTP/1.1" 404 23128 "https://dangroup.sa/items/xymkj52/46038?key=yesterday" "Mozilla/5.0 (Windows NT 10.0; Win64; x64) AppleWebKit/537.36 (KHTML, like Gecko) Chrome/114.0.0.0 Safari/537.36 Edg/114.0.1823.43"
47.82.60.55 - - [11/Jul/2025:11:47:06 -0400] "GET /38ylod29393.html HTTP/1.1" 404 23128 "https://dangroup.sa/38ylod29393.html" "Mozilla/5.0 (Windows NT 10.0; Win64; x64) AppleWebKit/537.36 (KHTML, like Gecko) Chrome/114.0.0.0 Safari/537.36 Edg/114.0.1823.43"
47.82.60.4 - - [11/Jul/2025:11:47:04 -0400] "GET /items/slfnq178/14006?key=shareholder HTTP/1.1" 404 23130 "https://dangroup.sa/items/slfnq178/14006?key=shareholder" "Mozilla/5.0 (Windows NT 10.0; Win64; x64) AppleWebKit/537.36 (KHTML, like Gecko) Chrome/114.0.0.0 Safari/537.36 Edg/114.0.1823.43"
47.82.60.15 - - [11/Jul/2025:11:47:08 -0400] "GET /items/zbhbt160/26244?key=breakfast HTTP/1.1" 404 23128 "https://dangroup.sa/items/zbhbt160/26244?key=breakfast" "Mozilla/5.0 (Windows NT 10.0; Win64; x64) AppleWebKit/537.36 (KHTML, like Gecko) Chrome/114.0.0.0 Safari/537.36 Edg/114.0.1823.43"
136.243.228.194 - - [11/Jul/2025:11:47:18 -0400] "GET /240veoce37761.html HTTP/1.1" 404 23128 "-" "Mozilla/5.0 (compatible; DataForSeoBot/1.0; +https://dataforseo.com/dataforseo-bot)"
195.2.71.225 - - [11/Jul/2025:11:47:13 -0400] "GET /contact/ HTTP/1.1" 200 24213 "https://dangroup.sa/contact/" "Mozilla/5.0 (Windows NT 10.0; Win64; x64) AppleWebKit/537.36 (KHTML, like Gecko) Chrome/130.0.0.0 Safari/537.36 CCleaner/130.0.0.0"
20.171.207.22 - - [11/Jul/2025:11:47:19 -0400] "GET /59mxtr14074.html HTTP/1.1" 404 23128 "-" "Mozilla/5.0 AppleWebKit/537.36 (KHTML, like Gecko; compatible; GPTBot/1.2; +https://openai.com/gptbot)"
185.177.72.16 - - [11/Jul/2025:11:47:22 -0400] "GET /secured/phpinfo.php HTTP/1.1" 404 23128 "-" "Mozilla/5.0 (Windows NT 10.0; Win64; x64) AppleWebKit/537.36 (KHTML, like Gecko) Chrome/91.0.4472.124 Safari/537.36"
66.249.68.129 - - [11/Jul/2025:11:47:41 -0400] "GET /93xnsn11730.html HTTP/1.1" 200 86134 "-" "Mozilla/5.0 (Linux; Android 6.0.1; Nexus 5X Build/MMB29P) AppleWebKit/537.36 (KHTML, like Gecko) Chrome/137.0.7151.103 Mobile Safari/537.36 (compatible; Googlebot/2.1; +http://www.google.com/bot.html)"
20.171.207.22 - - [11/Jul/2025:11:47:34 -0400] "GET /282cdyd3699.html HTTP/1.1" 404 23128 "-" "Mozilla/5.0 AppleWebKit/537.36 (KHTML, like Gecko; compatible; GPTBot/1.2; +https://openai.com/gptbot)"
185.177.72.16 - - [11/Jul/2025:11:47:35 -0400] "GET /console/ HTTP/1.1" 404 23128 "-" "Mozilla/5.0 (Windows NT 10.0; Win64; x64) AppleWebKit/537.36 (KHTML, like Gecko) Chrome/91.0.4472.124 Safari/537.36"
136.243.228.194 - - [11/Jul/2025:11:47:35 -0400] "GET /250wruve31139.html HTTP/1.1" 404 23128 "-" "Mozilla/5.0 (compatible; DataForSeoBot/1.0; +https://dataforseo.com/dataforseo-bot)"
20.171.207.22 - - [11/Jul/2025:11:47:44 -0400] "GET /293tdgx3126.html HTTP/1.1" 404 23128 "-" "Mozilla/5.0 AppleWebKit/537.36 (KHTML, like Gecko; compatible; GPTBot/1.2; +https://openai.com/gptbot)"
185.177.72.16 - - [11/Jul/2025:11:47:45 -0400] "GET /web-console/ HTTP/1.1" 404 23130 "-" "Mozilla/5.0 (Windows NT 10.0; Win64; x64) AppleWebKit/537.36 (KHTML, like Gecko) Chrome/91.0.4472.124 Safari/537.36"
136.243.228.194 - - [11/Jul/2025:11:47:49 -0400] "GET /147xlak16018.html HTTP/1.1" 404 23130 "-" "Mozilla/5.0 (compatible; DataForSeoBot/1.0; +https://dataforseo.com/dataforseo-bot)"
66.29.146.47 - - [11/Jul/2025:11:48:04 -0400] "POST /wp-cron.php?doing_wp_cron=1752248884.0600481033325195312500 HTTP/1.1" 403 1242 "-" "WordPress/6.8; https://dangroup.sa"
66.249.68.133 - - [11/Jul/2025:11:48:04 -0400] "GET /92dig22953.html HTTP/1.1" 200 87575 "-" "Mozilla/5.0 (Linux; Android 6.0.1; Nexus 5X Build/MMB29P) AppleWebKit/537.36 (KHTML, like Gecko) Chrome/137.0.7151.103 Mobile Safari/537.36 (compatible; Googlebot/2.1; +http://www.google.com/bot.html)"
20.171.207.22 - - [11/Jul/2025:11:47:57 -0400] "GET /257mouo3150.html HTTP/1.1" 404 23129 "-" "Mozilla/5.0 AppleWebKit/537.36 (KHTML, like Gecko; compatible; GPTBot/1.2; +https://openai.com/gptbot)"
185.177.72.16 - - [11/Jul/2025:11:47:57 -0400] "GET /admin/config HTTP/1.1" 404 23128 "-" "Mozilla/5.0 (Windows NT 10.0; Win64; x64) AppleWebKit/537.36 (KHTML, like Gecko) Chrome/91.0.4472.124 Safari/537.36"
136.243.228.194 - - [11/Jul/2025:11:48:01 -0400] "GET /items/euykz12/48856?key=economist HTTP/1.1" 404 23128 "-" "Mozilla/5.0 (compatible; DataForSeoBot/1.0; +https://dataforseo.com/dataforseo-bot)"
185.177.72.16 - - [11/Jul/2025:11:48:06 -0400] "GET /ecp/Current/exporttool HTTP/1.1" 404 23128 "-" "Mozilla/5.0 (Windows NT 10.0; Win64; x64) AppleWebKit/537.36 (KHTML, like Gecko) Chrome/91.0.4472.124 Safari/537.36"
20.171.207.22 - - [11/Jul/2025:11:48:08 -0400] "GET /300phqv8455.html HTTP/1.1" 404 23129 "-" "Mozilla/5.0 AppleWebKit/537.36 (KHTML, like Gecko; compatible; GPTBot/1.2; +https://openai.com/gptbot)"
136.243.228.194 - - [11/Jul/2025:11:48:10 -0400] "GET /items/werku177/47857?key=candidate HTTP/1.1" 404 23128 "-" "Mozilla/5.0 (compatible; DataForSeoBot/1.0; +https://dataforseo.com/dataforseo-bot)"
185.177.72.16 - - [11/Jul/2025:11:48:12 -0400] "GET /owa/auth/logon.aspx HTTP/1.1" 404 23128 "-" "Mozilla/5.0 (Windows NT 10.0; Win64; x64) AppleWebKit/537.36 (KHTML, like Gecko) Chrome/91.0.4472.124 Safari/537.36"
20.171.207.22 - - [11/Jul/2025:11:48:14 -0400] "GET /40zbml10529.html HTTP/1.1" 404 23129 "-" "Mozilla/5.0 AppleWebKit/537.36 (KHTML, like Gecko; compatible; GPTBot/1.2; +https://openai.com/gptbot)"
136.243.228.194 - - [11/Jul/2025:11:48:17 -0400] "GET /219xrpeu34842.html HTTP/1.1" 404 23196 "-" "Mozilla/5.0 (compatible; DataForSeoBot/1.0; +https://dataforseo.com/dataforseo-bot)"
66.249.68.133 - - [11/Jul/2025:11:48:27 -0400] "GET /235zrjq46642.html HTTP/1.1" 200 86596 "-" "Mozilla/5.0 (Linux; Android 6.0.1; Nexus 5X Build/MMB29P) AppleWebKit/537.36 (KHTML, like Gecko) Chrome/137.0.7151.103 Mobile Safari/537.36 (compatible; Googlebot/2.1; +http://www.google.com/bot.html)"
185.177.72.16 - - [11/Jul/2025:11:48:17 -0400] "GET /jmx-console/ HTTP/1.1" 404 23128 "-" "Mozilla/5.0 (Windows NT 10.0; Win64; x64) AppleWebKit/537.36 (KHTML, like Gecko) Chrome/91.0.4472.124 Safari/537.36"
20.171.207.22 - - [11/Jul/2025:11:48:22 -0400] "GET /59iyvg48498.html HTTP/1.1" 404 23128 "-" "Mozilla/5.0 AppleWebKit/537.36 (KHTML, like Gecko; compatible; GPTBot/1.2; +https://openai.com/gptbot)"
136.243.228.194 - - [11/Jul/2025:11:48:29 -0400] "GET /222anhzs44505.html HTTP/1.1" 404 23130 "-" "Mozilla/5.0 (compatible; DataForSeoBot/1.0; +https://dataforseo.com/dataforseo-bot)"
185.177.72.16 - - [11/Jul/2025:11:48:29 -0400] "GET /bitbucket-pipelines.yml HTTP/1.1" 404 23128 "-" "Mozilla/5.0 (Windows NT 10.0; Win64; x64) AppleWebKit/537.36 (KHTML, like Gecko) Chrome/91.0.4472.124 Safari/537.36"
20.171.207.22 - - [11/Jul/2025:11:48:35 -0400] "GET /68ufmn14867.html HTTP/1.1" 404 23129 "-" "Mozilla/5.0 AppleWebKit/537.36 (KHTML, like Gecko; compatible; GPTBot/1.2; +https://openai.com/gptbot)"
185.177.72.16 - - [11/Jul/2025:11:48:41 -0400] "GET /cacti/cmd_realtime.php?1+1&&cat+~/.aws/credentials+1+1+1 HTTP/1.1" 404 23130 "-" "Mozilla/5.0 (Windows NT 10.0; Win64; x64) AppleWebKit/537.36 (KHTML, like Gecko) Chrome/91.0.4472.124 Safari/537.36"
136.243.228.194 - - [11/Jul/2025:11:48:42 -0400] "GET /133fqd48636.html HTTP/1.1" 404 23130 "-" "Mozilla/5.0 (compatible; DataForSeoBot/1.0; +https://dataforseo.com/dataforseo-bot)"
66.249.68.132 - - [11/Jul/2025:11:48:50 -0400] "GET /49aniu37612.html HTTP/1.1" 200 86490 "-" "Mozilla/5.0 (Linux; Android 6.0.1; Nexus 5X Build/MMB29P) AppleWebKit/537.36 (KHTML, like Gecko) Chrome/137.0.7151.103 Mobile Safari/537.36 (compatible; Googlebot/2.1; +http://www.google.com/bot.html)"
66.249.68.132 - - [11/Jul/2025:11:48:51 -0400] "GET /items/evxbj94/946?key=electricity HTTP/1.1" 200 87077 "-" "Mozilla/5.0 (Linux; Android 6.0.1; Nexus 5X Build/MMB29P) AppleWebKit/537.36 (KHTML, like Gecko) Chrome/137.0.7151.103 Mobile Safari/537.36 (compatible; Googlebot/2.1; +http://www.google.com/bot.html)"
20.171.207.22 - - [11/Jul/2025:11:48:48 -0400] "GET /289tohg5930.html HTTP/1.1" 404 23128 "-" "Mozilla/5.0 AppleWebKit/537.36 (KHTML, like Gecko; compatible; GPTBot/1.2; +https://openai.com/gptbot)"
185.177.72.16 - - [11/Jul/2025:11:48:49 -0400] "GET /pms?module=logging&file_name=../../../../../../~/.aws/credentials&number_of_lines=10000 HTTP/1.1" 404 23128 "-" "Mozilla/5.0 (Windows NT 10.0; Win64; x64) AppleWebKit/537.36 (KHTML, like Gecko) Chrome/91.0.4472.124 Safari/537.36"
136.243.228.194 - - [11/Jul/2025:11:48:50 -0400] "GET /239rjmj43856.html HTTP/1.1" 404 23130 "-" "Mozilla/5.0 (compatible; DataForSeoBot/1.0; +https://dataforseo.com/dataforseo-bot)"
66.249.68.133 - - [11/Jul/2025:11:48:59 -0400] "GET /items/bqhqd256/21244?key=soup HTTP/1.1" 200 86798 "-" "Mozilla/5.0 (Linux; Android 6.0.1; Nexus 5X Build/MMB29P) AppleWebKit/537.36 (KHTML, like Gecko) Chrome/137.0.7151.103 Mobile Safari/537.36 (compatible; GoogleOther)"
185.177.72.16 - - [11/Jul/2025:11:48:57 -0400] "GET /admin/config?cmd=cat+/root/.aws/credentials HTTP/1.1" 404 23128 "-" "Mozilla/5.0 (Windows NT 10.0; Win64; x64) AppleWebKit/537.36 (KHTML, like Gecko) Chrome/91.0.4472.124 Safari/537.36"
20.171.207.22 - - [11/Jul/2025:11:48:57 -0400] "GET /76njfj38113.html HTTP/1.1" 404 23129 "-" "Mozilla/5.0 AppleWebKit/537.36 (KHTML, like Gecko; compatible; GPTBot/1.2; +https://openai.com/gptbot)"
185.177.72.16 - - [11/Jul/2025:11:49:05 -0400] "GET /autodiscover/autodiscover.xml HTTP/1.1" 400 52 "-" "Mozilla/5.0 (Windows NT 10.0; Win64; x64) AppleWebKit/537.36 (KHTML, like Gecko) Chrome/91.0.4472.124 Safari/537.36"
212.118.53.218 - - [11/Jul/2025:11:48:50 -0400] "GET / HTTP/1.1" 200 33221 "https://DANEVNT.COM" "Mozilla/5.0 (Macintosh; Intel Mac OS X 10_15_7) AppleWebKit/537.36 (KHTML, like Gecko) Chrome/133.0.0.0 Safari/537.36"
136.243.228.194 - - [11/Jul/2025:11:48:58 -0400] "GET /113dbnx32966.html HTTP/1.1" 404 23130 "-" "Mozilla/5.0 (compatible; DataForSeoBot/1.0; +https://dataforseo.com/dataforseo-bot)"
66.29.146.47 - - [11/Jul/2025:11:49:09 -0400] "POST /wp-cron.php?doing_wp_cron=1752248948.7891650199890136718750 HTTP/1.1" 403 1242 "-" "WordPress/6.8; https://dangroup.sa"
66.29.146.47 - - [11/Jul/2025:11:49:09 -0400] "POST /wp-cron.php?doing_wp_cron=1752248949.1493279933929443359375 HTTP/1.1" 403 1242 "-" "WordPress/6.8; https://dangroup.sa"
212.118.53.218 - - [11/Jul/2025:11:49:07 -0400] "GET /comments/feed/ HTTP/1.1" 200 457 "-" "Mozilla/5.0 (Macintosh; Intel Mac OS X 10_15_7) AppleWebKit/537.36 (KHTML, like Gecko) Chrome/133.0.0.0 Safari/537.36"
66.249.68.132 - - [11/Jul/2025:11:49:13 -0400] "GET /55lxtev3906.html HTTP/1.1" 200 86323 "-" "Mozilla/5.0 (Linux; Android 6.0.1; Nexus 5X Build/MMB29P) AppleWebKit/537.36 (KHTML, like Gecko) Chrome/137.0.7151.103 Mobile Safari/537.36 (compatible; Googlebot/2.1; +http://www.google.com/bot.html)"
185.177.72.16 - - [11/Jul/2025:11:49:06 -0400] "GET /index.js HTTP/1.1" 404 23128 "-" "Mozilla/5.0 (Windows NT 10.0; Win64; x64) AppleWebKit/537.36 (KHTML, like Gecko) Chrome/91.0.4472.124 Safari/537.36"
20.171.207.22 - - [11/Jul/2025:11:49:10 -0400] "GET /41ipif20082.html HTTP/1.1" 404 23129 "-" "Mozilla/5.0 AppleWebKit/537.36 (KHTML, like Gecko; compatible; GPTBot/1.2; +https://openai.com/gptbot)"
136.243.228.194 - - [11/Jul/2025:11:49:10 -0400] "GET /29hqzxk37182.html HTTP/1.1" 404 23130 "-" "Mozilla/5.0 (compatible; DataForSeoBot/1.0; +https://dataforseo.com/dataforseo-bot)"
212.118.53.218 - - [11/Jul/2025:11:49:10 -0400] "GET /contact/ HTTP/1.1" 200 24213 "-" "Mozilla/5.0 (Macintosh; Intel Mac OS X 10_15_7) AppleWebKit/537.36 (KHTML, like Gecko) Chrome/133.0.0.0 Safari/537.36"
185.177.72.16 - - [11/Jul/2025:11:49:21 -0400] "GET /main.js HTTP/1.1" 404 23196 "-" "Mozilla/5.0 (Windows NT 10.0; Win64; x64) AppleWebKit/537.36 (KHTML, like Gecko) Chrome/91.0.4472.124 Safari/537.36"
66.249.68.132 - - [11/Jul/2025:11:49:35 -0400] "GET /94now41367.html HTTP/1.1" 200 87219 "-" "Mozilla/5.0 (Linux; Android 6.0.1; Nexus 5X Build/MMB29P) AppleWebKit/537.36 (KHTML, like Gecko) Chrome/137.0.7151.103 Mobile Safari/537.36 (compatible; Googlebot/2.1; +http://www.google.com/bot.html)"
136.243.228.194 - - [11/Jul/2025:11:49:29 -0400] "GET /66kuj21039.html HTTP/1.1" 404 23128 "-" "Mozilla/5.0 (compatible; DataForSeoBot/1.0; +https://dataforseo.com/dataforseo-bot)"
212.118.53.218 - - [11/Jul/2025:11:49:29 -0400] "GET /en/contact-us/ HTTP/1.1" 200 23420 "-" "Mozilla/5.0 (Macintosh; Intel Mac OS X 10_15_7) AppleWebKit/537.36 (KHTML, like Gecko) Chrome/133.0.0.0 Safari/537.36"
20.171.207.22 - - [11/Jul/2025:11:49:33 -0400] "GET /77baic40848.html HTTP/1.1" 404 23128 "-" "Mozilla/5.0 AppleWebKit/537.36 (KHTML, like Gecko; compatible; GPTBot/1.2; +https://openai.com/gptbot)"
185.177.72.16 - - [11/Jul/2025:11:49:34 -0400] "GET /public/js/main.js HTTP/1.1" 404 23128 "-" "Mozilla/5.0 (Windows NT 10.0; Win64; x64) AppleWebKit/537.36 (KHTML, like Gecko) Chrome/91.0.4472.124 Safari/537.36"
136.243.228.194 - - [11/Jul/2025:11:49:40 -0400] "GET /items/giuiq233/40419?key=belt HTTP/1.1" 404 23128 "-" "Mozilla/5.0 (compatible; DataForSeoBot/1.0; +https://dataforseo.com/dataforseo-bot)"
185.177.72.16 - - [11/Jul/2025:11:49:42 -0400] "GET /js/main.js HTTP/1.1" 404 23128 "-" "Mozilla/5.0 (Windows NT 10.0; Win64; x64) AppleWebKit/537.36 (KHTML, like Gecko) Chrome/91.0.4472.124 Safari/537.36"
20.171.207.22 - - [11/Jul/2025:11:49:44 -0400] "GET /49hpzw37364.html HTTP/1.1" 404 23130 "-" "Mozilla/5.0 AppleWebKit/537.36 (KHTML, like Gecko; compatible; GPTBot/1.2; +https://openai.com/gptbot)"
185.177.72.16 - - [11/Jul/2025:11:49:48 -0400] "GET /cloud/Scraper.js HTTP/1.1" 404 23130 "-" "Mozilla/5.0 (Windows NT 10.0; Win64; x64) AppleWebKit/537.36 (KHTML, like Gecko) Chrome/91.0.4472.124 Safari/537.36"
136.243.228.194 - - [11/Jul/2025:11:49:47 -0400] "GET /49lgrb25794.html HTTP/1.1" 404 23128 "-" "Mozilla/5.0 (compatible; DataForSeoBot/1.0; +https://dataforseo.com/dataforseo-bot)"
66.249.68.132 - - [11/Jul/2025:11:49:58 -0400] "GET /187gzkyu26300.html HTTP/1.1" 200 87037 "-" "Mozilla/5.0 (Linux; Android 6.0.1; Nexus 5X Build/MMB29P) AppleWebKit/537.36 (KHTML, like Gecko) Chrome/137.0.7151.103 Mobile Safari/537.36 (compatible; Googlebot/2.1; +http://www.google.com/bot.html)"
20.171.207.22 - - [11/Jul/2025:11:49:51 -0400] "GET /245moie7024.html HTTP/1.1" 404 23128 "-" "Mozilla/5.0 AppleWebKit/537.36 (KHTML, like Gecko; compatible; GPTBot/1.2; +https://openai.com/gptbot)"
185.177.72.16 - - [11/Jul/2025:11:49:56 -0400] "GET /server.js HTTP/1.1" 404 23128 "-" "Mozilla/5.0 (Windows NT 10.0; Win64; x64) AppleWebKit/537.36 (KHTML, like Gecko) Chrome/91.0.4472.124 Safari/537.36"
136.243.228.194 - - [11/Jul/2025:11:49:58 -0400] "GET /235ktwy6304.html HTTP/1.1" 404 23128 "-" "Mozilla/5.0 (compatible; DataForSeoBot/1.0; +https://dataforseo.com/dataforseo-bot)"
20.171.207.22 - - [11/Jul/2025:11:50:04 -0400] "GET /40ggph38299.html HTTP/1.1" 404 23128 "-" "Mozilla/5.0 AppleWebKit/537.36 (KHTML, like Gecko; compatible; GPTBot/1.2; +https://openai.com/gptbot)"
66.29.146.47 - - [11/Jul/2025:11:50:12 -0400] "POST /wp-cron.php?doing_wp_cron=1752249012.2654130458831787109375 HTTP/1.1" 403 1242 "-" "WordPress/6.8; https://dangroup.sa"
66.29.146.47 - - [11/Jul/2025:11:50:13 -0400] "POST /wp-cron.php?doing_wp_cron=1752249013.5582890510559082031250 HTTP/1.1" 403 1242 "-" "WordPress/6.8; https://dangroup.sa"
47.82.60.21 - - [11/Jul/2025:11:50:11 -0400] "GET /items/ozmeb60/460?key=promote HTTP/1.1" 301 0 "https://www.dangroup.sa/items/ozmeb60/460?key=promote" "Mozilla/5.0 (Windows NT 10.0; Win64; x64) AppleWebKit/537.36 (KHTML, like Gecko) Chrome/114.0.0.0 Safari/537.36 Edg/114.0.1823.43"
185.177.72.16 - - [11/Jul/2025:11:50:07 -0400] "GET /server/s3.js HTTP/1.1" 404 23128 "-" "Mozilla/5.0 (Windows NT 10.0; Win64; x64) AppleWebKit/537.36 (KHTML, like Gecko) Chrome/91.0.4472.124 Safari/537.36"
136.243.228.194 - - [11/Jul/2025:11:50:09 -0400] "GET /items/xzqeb232/17670?key=base HTTP/1.1" 404 23128 "-" "Mozilla/5.0 (compatible; DataForSeoBot/1.0; +https://dataforseo.com/dataforseo-bot)"
