136.243.228.194 - - [11/Jul/2025:09:46:17 -0400] "GET /169wte38700.html HTTP/1.1" 404 23128 "-" "Mozilla/5.0 (compatible; DataForSeoBot/1.0; +https://dataforseo.com/dataforseo-bot)"
172.207.228.117 - - [11/Jul/2025:09:46:18 -0400] "GET /classsmtps.php HTTP/1.1" 404 23130 "-" "-"
172.207.228.117 - - [11/Jul/2025:09:46:25 -0400] "GET /wp-blog-header.php HTTP/1.1" 403 1242 "-" "-"
172.207.228.117 - - [11/Jul/2025:09:46:26 -0400] "GET /wp-trackback.php HTTP/1.1" 403 1242 "-" "-"
172.207.228.117 - - [11/Jul/2025:09:46:26 -0400] "GET /wp-signup.php HTTP/1.1" 403 1242 "-" "-"
172.207.228.117 - - [11/Jul/2025:09:46:27 -0400] "GET /wp-comments-post.php HTTP/1.1" 403 1242 "-" "-"
172.207.228.117 - - [11/Jul/2025:09:46:28 -0400] "GET /wp-cron.php HTTP/1.1" 403 1242 "-" "-"
172.207.228.117 - - [11/Jul/2025:09:46:29 -0400] "GET /wp-load.php HTTP/1.1" 403 1242 "-" "-"
172.207.228.117 - - [11/Jul/2025:09:46:31 -0400] "GET /wp-mail.php HTTP/1.1" 403 1242 "-" "-"
136.243.228.194 - - [11/Jul/2025:09:46:24 -0400] "GET /items/xyawu240/19020?key=meter HTTP/1.1" 404 23128 "-" "Mozilla/5.0 (compatible; DataForSeoBot/1.0; +https://dataforseo.com/dataforseo-bot)"
66.249.68.130 - - [11/Jul/2025:09:46:34 -0400] "GET /97rkbq19916.html HTTP/1.1" 200 87611 "-" "Mozilla/5.0 (Linux; Android 6.0.1; Nexus 5X Build/MMB29P) AppleWebKit/537.36 (KHTML, like Gecko) Chrome/137.0.7151.103 Mobile Safari/537.36 (compatible; Googlebot/2.1; +http://www.google.com/bot.html)"
20.171.207.82 - - [11/Jul/2025:09:46:29 -0400] "GET /87nxtlj4754.html HTTP/1.1" 404 23129 "-" "Mozilla/5.0 AppleWebKit/537.36 (KHTML, like Gecko; compatible; GPTBot/1.2; +https://openai.com/gptbot)"
172.207.228.117 - - [11/Jul/2025:09:46:32 -0400] "GET /edit.php HTTP/1.1" 404 23130 "-" "-"
172.207.228.117 - - [11/Jul/2025:09:46:46 -0400] "GET /wp-activate.php HTTP/1.1" 403 1242 "-" "-"
136.243.228.194 - - [11/Jul/2025:09:46:34 -0400] "GET /items/ibqtr253/11441?key=certainly HTTP/1.1" 404 23128 "-" "Mozilla/5.0 (compatible; DataForSeoBot/1.0; +https://dataforseo.com/dataforseo-bot)"
136.243.228.194 - - [11/Jul/2025:09:46:48 -0400] "GET /items/nfogn162/38876?key=lower HTTP/1.1" 404 23130 "-" "Mozilla/5.0 (compatible; DataForSeoBot/1.0; +https://dataforseo.com/dataforseo-bot)"
172.207.228.117 - - [11/Jul/2025:09:46:47 -0400] "GET /plugins.php HTTP/1.1" 404 23128 "-" "-"
66.29.146.47 - - [11/Jul/2025:09:46:59 -0400] "POST /wp-cron.php?doing_wp_cron=1752241619.5631198883056640625000 HTTP/1.1" 403 1242 "-" "WordPress/6.8; https://dangroup.sa"
66.29.146.47 - - [11/Jul/2025:09:47:00 -0400] "POST /wp-cron.php?doing_wp_cron=1752241619.5971798896789550781250 HTTP/1.1" 403 1242 "-" "WordPress/6.8; https://dangroup.sa"
136.243.228.194 - - [11/Jul/2025:09:46:58 -0400] "GET /118luz31997.html HTTP/1.1" 404 23128 "-" "Mozilla/5.0 (compatible; DataForSeoBot/1.0; +https://dataforseo.com/dataforseo-bot)"
172.207.228.117 - - [11/Jul/2025:09:46:58 -0400] "GET /post.php HTTP/1.1" 404 23128 "-" "-"
172.207.228.117 - - [11/Jul/2025:09:47:05 -0400] "GET /admin.php HTTP/1.1" 404 23128 "-" "-"
136.243.228.194 - - [11/Jul/2025:09:47:07 -0400] "GET /4pydsy17893.html HTTP/1.1" 404 23128 "-" "Mozilla/5.0 (compatible; DataForSeoBot/1.0; +https://dataforseo.com/dataforseo-bot)"
172.207.228.117 - - [11/Jul/2025:09:47:11 -0400] "GET /about.php HTTP/1.1" 404 23128 "-" "-"
136.243.228.194 - - [11/Jul/2025:09:47:14 -0400] "GET /items/xlils253/11275?key=palm HTTP/1.1" 404 23130 "-" "Mozilla/5.0 (compatible; DataForSeoBot/1.0; +https://dataforseo.com/dataforseo-bot)"
172.207.228.117 - - [11/Jul/2025:09:47:16 -0400] "GET /wp-2019.php HTTP/1.1" 404 23128 "-" "-"
136.243.228.194 - - [11/Jul/2025:09:47:21 -0400] "GET /281fov8514.html HTTP/1.1" 404 23128 "-" "Mozilla/5.0 (compatible; DataForSeoBot/1.0; +https://dataforseo.com/dataforseo-bot)"
66.249.79.135 - - [11/Jul/2025:09:47:29 -0400] "GET /items/lduuc39/6063?key=intelligence HTTP/1.1" 200 87721 "-" "Mozilla/5.0 (Linux; Android 6.0.1; Nexus 5X Build/MMB29P) AppleWebKit/537.36 (KHTML, like Gecko) Chrome/137.0.7151.103 Mobile Safari/537.36 (compatible; Googlebot/2.1; +http://www.google.com/bot.html)"
20.171.207.82 - - [11/Jul/2025:09:47:30 -0400] "GET /85qnmot6838.html HTTP/1.1" 404 23128 "-" "Mozilla/5.0 AppleWebKit/537.36 (KHTML, like Gecko; compatible; GPTBot/1.2; +https://openai.com/gptbot)"
136.243.228.194 - - [11/Jul/2025:09:47:33 -0400] "GET /items/cxknl82/33038?key=valley HTTP/1.1" 404 23130 "-" "Mozilla/5.0 (compatible; DataForSeoBot/1.0; +https://dataforseo.com/dataforseo-bot)"
136.243.228.194 - - [11/Jul/2025:09:47:48 -0400] "GET /items/ivnnf15/7605?key=convince HTTP/1.1" 404 23130 "-" "Mozilla/5.0 (compatible; DataForSeoBot/1.0; +https://dataforseo.com/dataforseo-bot)"
136.243.228.194 - - [11/Jul/2025:09:47:55 -0400] "GET /items/jpogm181/25695?key=able HTTP/1.1" 404 23128 "-" "Mozilla/5.0 (compatible; DataForSeoBot/1.0; +https://dataforseo.com/dataforseo-bot)"
66.29.146.47 - - [11/Jul/2025:09:48:02 -0400] "POST /wp-cron.php?doing_wp_cron=1752241681.8590838909149169921875 HTTP/1.1" 403 1242 "-" "WordPress/6.8; https://dangroup.sa"
136.243.228.194 - - [11/Jul/2025:09:48:01 -0400] "GET /items/nawoh155/42043?key=oclock HTTP/1.1" 404 23128 "-" "Mozilla/5.0 (compatible; DataForSeoBot/1.0; +https://dataforseo.com/dataforseo-bot)"
136.243.228.194 - - [11/Jul/2025:09:48:06 -0400] "GET /100rfpko39521.html HTTP/1.1" 404 23128 "-" "Mozilla/5.0 (compatible; DataForSeoBot/1.0; +https://dataforseo.com/dataforseo-bot)"
136.243.228.194 - - [11/Jul/2025:09:48:13 -0400] "GET /items/ogovg126/10322?key=grandfather HTTP/1.1" 404 23130 "-" "Mozilla/5.0 (compatible; DataForSeoBot/1.0; +https://dataforseo.com/dataforseo-bot)"
136.243.228.194 - - [11/Jul/2025:09:48:19 -0400] "GET /103dqja35078.html HTTP/1.1" 404 23128 "-" "Mozilla/5.0 (compatible; DataForSeoBot/1.0; +https://dataforseo.com/dataforseo-bot)"
66.249.68.129 - - [11/Jul/2025:09:48:25 -0400] "GET /294ndj8635.html HTTP/1.1" 200 87612 "-" "Mozilla/5.0 (Linux; Android 6.0.1; Nexus 5X Build/MMB29P) AppleWebKit/537.36 (KHTML, like Gecko) Chrome/137.0.7151.103 Mobile Safari/537.36 (compatible; Googlebot/2.1; +http://www.google.com/bot.html)"
136.243.228.194 - - [11/Jul/2025:09:48:26 -0400] "GET /items/xwfuq156/35554?key=surface HTTP/1.1" 404 23128 "-" "Mozilla/5.0 (compatible; DataForSeoBot/1.0; +https://dataforseo.com/dataforseo-bot)"
136.243.228.194 - - [11/Jul/2025:09:48:32 -0400] "GET /items/tkpng64/43814?key=shirt HTTP/1.1" 404 23128 "-" "Mozilla/5.0 (compatible; DataForSeoBot/1.0; +https://dataforseo.com/dataforseo-bot)"
20.171.207.82 - - [11/Jul/2025:09:48:35 -0400] "GET /24llyrt6567.html HTTP/1.1" 404 23128 "-" "Mozilla/5.0 AppleWebKit/537.36 (KHTML, like Gecko; compatible; GPTBot/1.2; +https://openai.com/gptbot)"
136.243.228.194 - - [11/Jul/2025:09:48:38 -0400] "GET /items/sycuz243/2495?key=surprised HTTP/1.1" 404 23128 "-" "Mozilla/5.0 (compatible; DataForSeoBot/1.0; +https://dataforseo.com/dataforseo-bot)"
2a02:598:64:8a00::3100:1c - - [11/Jul/2025:09:48:42 -0400] "GET /19pmbz13996.html HTTP/1.1" 404 23128 "-" "Mozilla/5.0 (compatible; SeznamBot/4.0; +https://o-seznam.cz/napoveda/vyhledavani/en/seznambot-crawler/)"
136.243.228.194 - - [11/Jul/2025:09:48:46 -0400] "GET /289kfv38792.html HTTP/1.1" 404 23128 "-" "Mozilla/5.0 (compatible; DataForSeoBot/1.0; +https://dataforseo.com/dataforseo-bot)"
136.243.228.194 - - [11/Jul/2025:09:48:51 -0400] "GET /items/axnlx86/21174?key=belief HTTP/1.1" 404 23130 "-" "Mozilla/5.0 (compatible; DataForSeoBot/1.0; +https://dataforseo.com/dataforseo-bot)"
136.243.228.194 - - [11/Jul/2025:09:48:56 -0400] "GET /items/bfyrb142/4198?key=reading HTTP/1.1" 404 23130 "-" "Mozilla/5.0 (compatible; DataForSeoBot/1.0; +https://dataforseo.com/dataforseo-bot)"
66.29.146.47 - - [11/Jul/2025:09:49:02 -0400] "POST /wp-cron.php?doing_wp_cron=1752241742.0639340877532958984375 HTTP/1.1" 403 1242 "-" "WordPress/6.8; https://dangroup.sa"
136.243.228.194 - - [11/Jul/2025:09:49:01 -0400] "GET /items/vvofj132/48364?key=officer HTTP/1.1" 404 23128 "-" "Mozilla/5.0 (compatible; DataForSeoBot/1.0; +https://dataforseo.com/dataforseo-bot)"
136.243.228.194 - - [11/Jul/2025:09:49:06 -0400] "GET /241pqai31700.html HTTP/1.1" 404 23128 "-" "Mozilla/5.0 (compatible; DataForSeoBot/1.0; +https://dataforseo.com/dataforseo-bot)"
136.243.228.194 - - [11/Jul/2025:09:49:13 -0400] "GET /33luxek37762.html HTTP/1.1" 404 23128 "-" "Mozilla/5.0 (compatible; DataForSeoBot/1.0; +https://dataforseo.com/dataforseo-bot)"
136.243.228.194 - - [11/Jul/2025:09:49:18 -0400] "GET /4vxns15053.html HTTP/1.1" 404 23128 "-" "Mozilla/5.0 (compatible; DataForSeoBot/1.0; +https://dataforseo.com/dataforseo-bot)"
66.249.68.131 - - [11/Jul/2025:09:49:32 -0400] "GET /66fxi45499.html HTTP/1.1" 200 87482 "-" "Mozilla/5.0 (Linux; Android 6.0.1; Nexus 5X Build/MMB29P) AppleWebKit/537.36 (KHTML, like Gecko) Chrome/137.0.7151.103 Mobile Safari/537.36 (compatible; Googlebot/2.1; +http://www.google.com/bot.html)"
136.243.228.194 - - [11/Jul/2025:09:49:27 -0400] "GET /items/jlett185/48333?key=current HTTP/1.1" 404 23128 "-" "Mozilla/5.0 (compatible; DataForSeoBot/1.0; +https://dataforseo.com/dataforseo-bot)"
69.197.182.50 - - [11/Jul/2025:09:49:45 -0400] "GET /wp-content/install.php HTTP/1.1" 200 10 "https://dangroup.sa/wp-content/install.php" "Mozilla/5.0 (Windows NT 10.0; Win64; x64) AppleWebKit/537.36 (KHTML, like Gecko) Chrome/58.0.3029.110 Safari/537.3"
20.171.207.82 - - [11/Jul/2025:09:49:36 -0400] "GET /10ulibh4919.html HTTP/1.1" 404 23128 "-" "Mozilla/5.0 AppleWebKit/537.36 (KHTML, like Gecko; compatible; GPTBot/1.2; +https://openai.com/gptbot)"
136.243.228.194 - - [11/Jul/2025:09:49:39 -0400] "GET /80wgxgi14785.html HTTP/1.1" 404 23128 "-" "Mozilla/5.0 (compatible; DataForSeoBot/1.0; +https://dataforseo.com/dataforseo-bot)"
136.243.228.194 - - [11/Jul/2025:09:49:50 -0400] "GET /items/odbwz257/26447?key=particle HTTP/1.1" 404 23130 "-" "Mozilla/5.0 (compatible; DataForSeoBot/1.0; +https://dataforseo.com/dataforseo-bot)"
136.243.228.194 - - [11/Jul/2025:09:49:56 -0400] "GET /138yxtv64383.html HTTP/1.1" 404 23128 "-" "Mozilla/5.0 (compatible; DataForSeoBot/1.0; +https://dataforseo.com/dataforseo-bot)"
136.243.228.194 - - [11/Jul/2025:09:50:00 -0400] "GET /items/zauen230/44086?key=given HTTP/1.1" 404 23128 "-" "Mozilla/5.0 (compatible; DataForSeoBot/1.0; +https://dataforseo.com/dataforseo-bot)"
66.29.146.47 - - [11/Jul/2025:09:50:06 -0400] "POST /wp-cron.php?doing_wp_cron=1752241806.4772000312805175781250 HTTP/1.1" 403 1242 "-" "WordPress/6.8; https://dangroup.sa"
136.243.228.194 - - [11/Jul/2025:09:50:05 -0400] "GET /170hniph20835.html HTTP/1.1" 404 23128 "-" "Mozilla/5.0 (compatible; DataForSeoBot/1.0; +https://dataforseo.com/dataforseo-bot)"
136.243.228.194 - - [11/Jul/2025:09:50:12 -0400] "GET /6prwo9885.html HTTP/1.1" 404 23128 "-" "Mozilla/5.0 (compatible; DataForSeoBot/1.0; +https://dataforseo.com/dataforseo-bot)"
136.243.228.194 - - [11/Jul/2025:09:50:22 -0400] "GET /items/zxfjn49/38325?key=prison HTTP/1.1" 404 23128 "-" "Mozilla/5.0 (compatible; DataForSeoBot/1.0; +https://dataforseo.com/dataforseo-bot)"
66.249.79.134 - - [11/Jul/2025:09:50:28 -0400] "GET /items/nubhu15/131?key=revenue HTTP/1.1" 200 87001 "-" "Mozilla/5.0 (Linux; Android 6.0.1; Nexus 5X Build/MMB29P) AppleWebKit/537.36 (KHTML, like Gecko) Chrome/137.0.7151.103 Mobile Safari/537.36 (compatible; Googlebot/2.1; +http://www.google.com/bot.html)"
136.243.228.194 - - [11/Jul/2025:09:50:30 -0400] "GET /25xlnq48258.html HTTP/1.1" 404 23128 "-" "Mozilla/5.0 (compatible; DataForSeoBot/1.0; +https://dataforseo.com/dataforseo-bot)"
20.171.207.82 - - [11/Jul/2025:09:50:37 -0400] "GET /26fivtt4633.html HTTP/1.1" 404 23128 "-" "Mozilla/5.0 AppleWebKit/537.36 (KHTML, like Gecko; compatible; GPTBot/1.2; +https://openai.com/gptbot)"
136.243.228.194 - - [11/Jul/2025:09:50:38 -0400] "GET /91tbqfj22154.html HTTP/1.1" 404 23130 "-" "Mozilla/5.0 (compatible; DataForSeoBot/1.0; +https://dataforseo.com/dataforseo-bot)"
136.243.228.194 - - [11/Jul/2025:09:50:45 -0400] "GET /99rhrb18692.html HTTP/1.1" 404 23128 "-" "Mozilla/5.0 (compatible; DataForSeoBot/1.0; +https://dataforseo.com/dataforseo-bot)"
136.243.228.194 - - [11/Jul/2025:09:50:49 -0400] "GET /89nkeh49554.html HTTP/1.1" 404 23128 "-" "Mozilla/5.0 (compatible; DataForSeoBot/1.0; +https://dataforseo.com/dataforseo-bot)"
136.243.228.194 - - [11/Jul/2025:09:50:54 -0400] "GET /250nwgkr47807.html HTTP/1.1" 404 23128 "-" "Mozilla/5.0 (compatible; DataForSeoBot/1.0; +https://dataforseo.com/dataforseo-bot)"
136.243.228.194 - - [11/Jul/2025:09:51:00 -0400] "GET /134kpv43677.html HTTP/1.1" 404 23128 "-" "Mozilla/5.0 (compatible; DataForSeoBot/1.0; +https://dataforseo.com/dataforseo-bot)"
136.243.228.194 - - [11/Jul/2025:09:51:04 -0400] "GET /items/autig170/13680?key=narrow HTTP/1.1" 404 23128 "-" "Mozilla/5.0 (compatible; DataForSeoBot/1.0; +https://dataforseo.com/dataforseo-bot)"
66.29.146.47 - - [11/Jul/2025:09:51:12 -0400] "POST /wp-cron.php?doing_wp_cron=1752241871.8729639053344726562500 HTTP/1.1" 403 1242 "-" "WordPress/6.8; https://dangroup.sa"
66.249.79.135 - - [11/Jul/2025:09:51:12 -0400] "GET /244rqrcc21547.html HTTP/1.1" 200 86731 "-" "Mozilla/5.0 (Linux; Android 6.0.1; Nexus 5X Build/MMB29P) AppleWebKit/537.36 (KHTML, like Gecko) Chrome/137.0.7151.103 Mobile Safari/537.36 (compatible; Googlebot/2.1; +http://www.google.com/bot.html)"
136.243.228.194 - - [11/Jul/2025:09:51:10 -0400] "GET /items/ijjqu23/24185?key=T-shirt HTTP/1.1" 404 23128 "-" "Mozilla/5.0 (compatible; DataForSeoBot/1.0; +https://dataforseo.com/dataforseo-bot)"
66.249.79.135 - - [11/Jul/2025:09:51:22 -0400] "GET /items/qsboz110/33426?key=roof HTTP/1.1" 200 87249 "-" "Mozilla/5.0 (Linux; Android 6.0.1; Nexus 5X Build/MMB29P) AppleWebKit/537.36 (KHTML, like Gecko) Chrome/137.0.7151.103 Mobile Safari/537.36 (compatible; Googlebot/2.1; +http://www.google.com/bot.html)"
136.243.228.194 - - [11/Jul/2025:09:51:18 -0400] "GET /items/cuhcg269/2487?key=harvest HTTP/1.1" 404 23128 "-" "Mozilla/5.0 (compatible; DataForSeoBot/1.0; +https://dataforseo.com/dataforseo-bot)"
172.182.209.209 - - [11/Jul/2025:09:51:32 -0400] "GET /pcmypage?callback=product%2Freview%2Fyumeoffice-yst-1612796 HTTP/1.1" 301 0 "-" "Mozilla/5.0 (Macintosh; Intel Mac OS X 10_15_7) AppleWebKit/537.36 (KHTML, like Gecko) Chrome/131.0.0.0 Safari/537.36; compatible; OAI-SearchBot/1.0; +https://openai.com/searchbot"
136.243.228.194 - - [11/Jul/2025:09:51:28 -0400] "GET /84zsqp29029.html HTTP/1.1" 404 23128 "-" "Mozilla/5.0 (compatible; DataForSeoBot/1.0; +https://dataforseo.com/dataforseo-bot)"
172.182.193.225 - - [11/Jul/2025:09:51:35 -0400] "GET /pcmypage?callback=product%2Freview%2Fyumeoffice-yst-1612796 HTTP/1.1" 404 23129 "-" "Mozilla/5.0 (Macintosh; Intel Mac OS X 10_15_7) AppleWebKit/537.36 (KHTML, like Gecko) Chrome/131.0.0.0 Safari/537.36; compatible; OAI-SearchBot/1.0; +https://openai.com/searchbot"
136.243.228.194 - - [11/Jul/2025:09:51:37 -0400] "GET /items/jldfd246/17200?key=straighten HTTP/1.1" 404 23128 "-" "Mozilla/5.0 (compatible; DataForSeoBot/1.0; +https://dataforseo.com/dataforseo-bot)"
111.238.175.79 - - [11/Jul/2025:09:51:43 -0400] "GET /pcmypage?callback=product/review/daishinshop-742-00278883 HTTP/1.1" 200 135 "https://www.google.com/url?q=https://dangroup.sa/pcmypage%3Fcallback%3Dproduct/review/daishinshop-742-00278883&sa=U&sqi=2&ved=2ahUKEwikmIjY-bSOAxXkfPUHHek5HsYQFnoECEsQAQ&usg=AOvVaw1dUiJzI_Enpk4JharkNFL1" "Mozilla/5.0 (iPhone; CPU iPhone OS 18_5_0 like Mac OS X) AppleWebKit/605.1.15 (KHTML, like Gecko) GSA/374.0.773146746 Mobile/15E148 Safari/604.1"
172.182.193.225 - - [11/Jul/2025:09:51:39 -0400] "GET /pcmypage?callback=product%2Freview%2Fyumeoffice-yst-1612796 HTTP/1.1" 404 23130 "-" "Mozilla/5.0 (Macintosh; Intel Mac OS X 10_15_7) AppleWebKit/537.36 (KHTML, like Gecko) Chrome/131.0.0.0 Safari/537.36; compatible; OAI-SearchBot/1.0; +https://openai.com/searchbot"
20.171.207.82 - - [11/Jul/2025:09:51:38 -0400] "GET /6bmonh47717.html HTTP/1.1" 404 23128 "-" "Mozilla/5.0 AppleWebKit/537.36 (KHTML, like Gecko; compatible; GPTBot/1.2; +https://openai.com/gptbot)"
136.243.228.194 - - [11/Jul/2025:09:51:44 -0400] "GET /items/rlkgw4/47376?key=ratio HTTP/1.1" 404 23128 "-" "Mozilla/5.0 (compatible; DataForSeoBot/1.0; +https://dataforseo.com/dataforseo-bot)"
47.82.60.69 - - [11/Jul/2025:09:51:45 -0400] "GET /items/qamng155/11551?key=lucky HTTP/1.1" 404 23128 "https://dangroup.sa/items/qamng155/11551?key=lucky" "Mozilla/5.0 (Windows NT 10.0; Win64; x64) AppleWebKit/537.36 (KHTML, like Gecko) Chrome/114.0.0.0 Safari/537.36 Edg/114.0.1823.43"
136.243.228.194 - - [11/Jul/2025:09:51:50 -0400] "GET /items/dbawm195/27293?key=worry HTTP/1.1" 404 23130 "-" "Mozilla/5.0 (compatible; DataForSeoBot/1.0; +https://dataforseo.com/dataforseo-bot)"
66.249.79.134 - - [11/Jul/2025:09:51:57 -0400] "GET /275dupoo49710.html HTTP/1.1" 200 87783 "-" "Mozilla/5.0 (Linux; Android 6.0.1; Nexus 5X Build/MMB29P) AppleWebKit/537.36 (KHTML, like Gecko) Chrome/137.0.7151.103 Mobile Safari/537.36 (compatible; Googlebot/2.1; +http://www.google.com/bot.html)"
136.243.228.194 - - [11/Jul/2025:09:51:56 -0400] "GET /176ylbe29721.html HTTP/1.1" 404 23128 "-" "Mozilla/5.0 (compatible; DataForSeoBot/1.0; +https://dataforseo.com/dataforseo-bot)"
136.243.228.194 - - [11/Jul/2025:09:52:00 -0400] "GET /items/bohxc289/24715?key=flow HTTP/1.1" 404 23128 "-" "Mozilla/5.0 (compatible; DataForSeoBot/1.0; +https://dataforseo.com/dataforseo-bot)"
136.243.228.194 - - [11/Jul/2025:09:52:06 -0400] "GET /235uzdqt6202.html HTTP/1.1" 404 23128 "-" "Mozilla/5.0 (compatible; DataForSeoBot/1.0; +https://dataforseo.com/dataforseo-bot)"
136.243.228.194 - - [11/Jul/2025:09:52:10 -0400] "GET /211dnf38346.html HTTP/1.1" 404 23128 "-" "Mozilla/5.0 (compatible; DataForSeoBot/1.0; +https://dataforseo.com/dataforseo-bot)"
66.29.146.47 - - [11/Jul/2025:09:52:15 -0400] "POST /wp-cron.php?doing_wp_cron=1752241934.8593750000000000000000 HTTP/1.1" 403 1242 "-" "WordPress/6.8; https://dangroup.sa"
136.243.228.194 - - [11/Jul/2025:09:52:14 -0400] "GET /164tqu7925.html HTTP/1.1" 404 23128 "-" "Mozilla/5.0 (compatible; DataForSeoBot/1.0; +https://dataforseo.com/dataforseo-bot)"
136.243.228.194 - - [11/Jul/2025:09:52:19 -0400] "GET /40agkw46487.html HTTP/1.1" 404 23128 "-" "Mozilla/5.0 (compatible; DataForSeoBot/1.0; +https://dataforseo.com/dataforseo-bot)"
47.82.60.94 - - [11/Jul/2025:09:52:21 -0400] "GET /items/ysuig15/9981?key=distant HTTP/1.1" 404 23128 "https://dangroup.sa/items/ysuig15/9981?key=distant" "Mozilla/5.0 (Windows NT 10.0; Win64; x64) AppleWebKit/537.36 (KHTML, like Gecko) Chrome/114.0.0.0 Safari/537.36 Edg/114.0.1823.43"
136.243.228.194 - - [11/Jul/2025:09:52:25 -0400] "GET /items/xwxxm217/35065?key=natural HTTP/1.1" 404 23128 "-" "Mozilla/5.0 (compatible; DataForSeoBot/1.0; +https://dataforseo.com/dataforseo-bot)"
47.82.60.1 - - [11/Jul/2025:09:52:25 -0400] "GET /126vejwx31789.html HTTP/1.1" 404 23128 "https://dangroup.sa/126vejwx31789.html" "Mozilla/5.0 (Windows NT 10.0; Win64; x64) AppleWebKit/537.36 (KHTML, like Gecko) Chrome/114.0.0.0 Safari/537.36 Edg/114.0.1823.43"
136.243.228.194 - - [11/Jul/2025:09:52:31 -0400] "GET /279dcn47040.html HTTP/1.1" 404 23128 "-" "Mozilla/5.0 (compatible; DataForSeoBot/1.0; +https://dataforseo.com/dataforseo-bot)"
136.243.228.194 - - [11/Jul/2025:09:52:37 -0400] "GET /items/kmypp281/19385?key=secretary HTTP/1.1" 404 23128 "-" "Mozilla/5.0 (compatible; DataForSeoBot/1.0; +https://dataforseo.com/dataforseo-bot)"
136.243.228.194 - - [11/Jul/2025:09:52:42 -0400] "GET /196kkvs31141.html HTTP/1.1" 404 23130 "-" "Mozilla/5.0 (compatible; DataForSeoBot/1.0; +https://dataforseo.com/dataforseo-bot)"
20.171.207.82 - - [11/Jul/2025:09:52:42 -0400] "GET /68lsuxh3767.html HTTP/1.1" 404 23129 "-" "Mozilla/5.0 AppleWebKit/537.36 (KHTML, like Gecko; compatible; GPTBot/1.2; +https://openai.com/gptbot)"
47.82.60.86 - - [11/Jul/2025:09:52:49 -0400] "GET /items/daqed111/37393?key=particularly HTTP/1.1" 404 23130 "https://dangroup.sa/items/daqed111/37393?key=particularly" "Mozilla/5.0 (Windows NT 10.0; Win64; x64) AppleWebKit/537.36 (KHTML, like Gecko) Chrome/114.0.0.0 Safari/537.36 Edg/114.0.1823.43"
66.249.68.131 - - [11/Jul/2025:09:53:02 -0400] "GET /173paama13066.html HTTP/1.1" 200 87406 "-" "Mozilla/5.0 (Linux; Android 6.0.1; Nexus 5X Build/MMB29P) AppleWebKit/537.36 (KHTML, like Gecko) Chrome/137.0.7151.103 Mobile Safari/537.36 (compatible; GoogleOther)"
136.243.228.194 - - [11/Jul/2025:09:52:55 -0400] "GET /items/aurlu105/29601?key=sweet HTTP/1.1" 404 23128 "-" "Mozilla/5.0 (compatible; DataForSeoBot/1.0; +https://dataforseo.com/dataforseo-bot)"
66.249.68.130 - - [11/Jul/2025:09:53:04 -0400] "GET /148roxsg43571.html HTTP/1.1" 200 88561 "-" "Mozilla/5.0 (Linux; Android 6.0.1; Nexus 5X Build/MMB29P) AppleWebKit/537.36 (KHTML, like Gecko) Chrome/137.0.7151.103 Mobile Safari/537.36 (compatible; Googlebot/2.1; +http://www.google.com/bot.html)"
47.82.60.7 - - [11/Jul/2025:09:53:04 -0400] "GET /items/iyuai208/1680?key=appearance HTTP/1.1" 301 0 "https://www.dangroup.sa/items/iyuai208/1680?key=appearance" "Mozilla/5.0 (Windows NT 10.0; Win64; x64) AppleWebKit/537.36 (KHTML, like Gecko) Chrome/114.0.0.0 Safari/537.36 Edg/114.0.1823.43"
47.82.60.7 - - [11/Jul/2025:09:53:07 -0400] "GET /items/iyuai208/1680?key=appearance HTTP/1.1" 404 23130 "https://www.dangroup.sa/items/iyuai208/1680?key=appearance" "Mozilla/5.0 (Windows NT 10.0; Win64; x64) AppleWebKit/537.36 (KHTML, like Gecko) Chrome/114.0.0.0 Safari/537.36 Edg/114.0.1823.43"
136.243.228.194 - - [11/Jul/2025:09:53:07 -0400] "GET /items/jdonu220/39754?key=audience HTTP/1.1" 404 23128 "-" "Mozilla/5.0 (compatible; DataForSeoBot/1.0; +https://dataforseo.com/dataforseo-bot)"
66.249.68.129 - - [11/Jul/2025:09:53:16 -0400] "GET /263swa39836.html HTTP/1.1" 200 87309 "-" "Mozilla/5.0 (Linux; Android 6.0.1; Nexus 5X Build/MMB29P) AppleWebKit/537.36 (KHTML, like Gecko) Chrome/137.0.7151.103 Mobile Safari/537.36 (compatible; Googlebot/2.1; +http://www.google.com/bot.html)"
136.243.228.194 - - [11/Jul/2025:09:53:14 -0400] "GET /185seylk38040.html HTTP/1.1" 404 23128 "-" "Mozilla/5.0 (compatible; DataForSeoBot/1.0; +https://dataforseo.com/dataforseo-bot)"
66.29.146.47 - - [11/Jul/2025:09:53:19 -0400] "POST /wp-cron.php?doing_wp_cron=1752241999.0825119018554687500000 HTTP/1.1" 403 1242 "-" "WordPress/6.8; https://dangroup.sa"
136.243.228.194 - - [11/Jul/2025:09:53:18 -0400] "GET /items/fshkl42/42628?key=equity HTTP/1.1" 404 23128 "-" "Mozilla/5.0 (compatible; DataForSeoBot/1.0; +https://dataforseo.com/dataforseo-bot)"
136.243.228.194 - - [11/Jul/2025:09:53:23 -0400] "GET /items/bhgox96/12258?key=proof HTTP/1.1" 404 23128 "-" "Mozilla/5.0 (compatible; DataForSeoBot/1.0; +https://dataforseo.com/dataforseo-bot)"
66.249.79.134 - - [11/Jul/2025:09:53:27 -0400] "GET /pcmypage?callback=product/review/almeria-39075644199 HTTP/1.1" 200 86883 "-" "Mozilla/5.0 (Linux; Android 6.0.1; Nexus 5X Build/MMB29P) AppleWebKit/537.36 (KHTML, like Gecko) Chrome/137.0.7151.103 Mobile Safari/537.36 (compatible; Googlebot/2.1; +http://www.google.com/bot.html)"
47.82.60.79 - - [11/Jul/2025:09:53:27 -0400] "GET /items/nssey222/39360?key=guest HTTP/1.1" 404 23130 "https://dangroup.sa/items/nssey222/39360?key=guest" "Mozilla/5.0 (Windows NT 10.0; Win64; x64) AppleWebKit/537.36 (KHTML, like Gecko) Chrome/114.0.0.0 Safari/537.36 Edg/114.0.1823.43"
47.82.60.60 - - [11/Jul/2025:09:53:27 -0400] "GET /235tbk49744.html HTTP/1.1" 404 23128 "https://dangroup.sa/235tbk49744.html" "Mozilla/5.0 (Windows NT 10.0; Win64; x64) AppleWebKit/537.36 (KHTML, like Gecko) Chrome/114.0.0.0 Safari/537.36 Edg/114.0.1823.43"
136.243.228.194 - - [11/Jul/2025:09:53:28 -0400] "GET /items/vulbj53/38507?key=proceed HTTP/1.1" 404 23128 "-" "Mozilla/5.0 (compatible; DataForSeoBot/1.0; +https://dataforseo.com/dataforseo-bot)"
47.82.60.4 - - [11/Jul/2025:09:53:28 -0400] "GET /items/xpnmg178/14412?key=veteran HTTP/1.1" 404 23130 "https://dangroup.sa/items/xpnmg178/14412?key=veteran" "Mozilla/5.0 (Windows NT 10.0; Win64; x64) AppleWebKit/537.36 (KHTML, like Gecko) Chrome/114.0.0.0 Safari/537.36 Edg/114.0.1823.43"
47.82.60.27 - - [11/Jul/2025:09:53:38 -0400] "GET /13egc1662.html HTTP/1.1" 301 0 "https://www.dangroup.sa/13egc1662.html" "Mozilla/5.0 (Windows NT 10.0; Win64; x64) AppleWebKit/537.36 (KHTML, like Gecko) Chrome/114.0.0.0 Safari/537.36 Edg/114.0.1823.43"
136.243.228.194 - - [11/Jul/2025:09:53:36 -0400] "GET /68dcvgh7921.html HTTP/1.1" 404 23128 "-" "Mozilla/5.0 (compatible; DataForSeoBot/1.0; +https://dataforseo.com/dataforseo-bot)"
47.82.60.27 - - [11/Jul/2025:09:53:39 -0400] "GET /13egc1662.html HTTP/1.1" 404 23130 "https://www.dangroup.sa/13egc1662.html" "Mozilla/5.0 (Windows NT 10.0; Win64; x64) AppleWebKit/537.36 (KHTML, like Gecko) Chrome/114.0.0.0 Safari/537.36 Edg/114.0.1823.43"
136.243.228.194 - - [11/Jul/2025:09:53:41 -0400] "GET /190sbvw29411.html HTTP/1.1" 404 23128 "-" "Mozilla/5.0 (compatible; DataForSeoBot/1.0; +https://dataforseo.com/dataforseo-bot)"
20.171.207.82 - - [11/Jul/2025:09:53:44 -0400] "GET /45kktje7354.html HTTP/1.1" 404 23130 "-" "Mozilla/5.0 AppleWebKit/537.36 (KHTML, like Gecko; compatible; GPTBot/1.2; +https://openai.com/gptbot)"
66.249.79.135 - - [11/Jul/2025:09:53:50 -0400] "GET /pcmypage?callback=/product%2Fdetail%2syarakuin-store-cl-ziel-qq-e-h-1088s HTTP/1.1" 403 1242 "-" "Mozilla/5.0 (Linux; Android 6.0.1; Nexus 5X Build/MMB29P) AppleWebKit/537.36 (KHTML, like Gecko) Chrome/137.0.7151.103 Mobile Safari/537.36 (compatible; Googlebot/2.1; +http://www.google.com/bot.html)"
136.243.228.194 - - [11/Jul/2025:09:53:48 -0400] "GET /items/dzdst16/31500?key=Chinese HTTP/1.1" 404 23128 "-" "Mozilla/5.0 (compatible; DataForSeoBot/1.0; +https://dataforseo.com/dataforseo-bot)"
136.243.228.194 - - [11/Jul/2025:09:53:52 -0400] "GET /items/mctxj74/35608?key=intense HTTP/1.1" 404 23130 "-" "Mozilla/5.0 (compatible; DataForSeoBot/1.0; +https://dataforseo.com/dataforseo-bot)"
47.82.60.86 - - [11/Jul/2025:09:53:55 -0400] "GET /pcmypage?callback=/product/detail.ncho-4984665390453 HTTP/1.1" 404 23128 "https://dangroup.sa/pcmypage?callback=/product%2Fdetail%2Encho-4984665390453" "Mozilla/5.0 (Windows NT 10.0; Win64; x64) AppleWebKit/537.36 (KHTML, like Gecko) Chrome/114.0.0.0 Safari/537.36 Edg/114.0.1823.43"
136.243.228.194 - - [11/Jul/2025:09:53:58 -0400] "GET /items/hwmec267/43127?key=portray HTTP/1.1" 404 23128 "-" "Mozilla/5.0 (compatible; DataForSeoBot/1.0; +https://dataforseo.com/dataforseo-bot)"
66.249.68.131 - - [11/Jul/2025:09:54:01 -0400] "GET /44sukan42091.html HTTP/1.1" 200 87344 "-" "Mozilla/5.0 (Linux; Android 6.0.1; Nexus 5X Build/MMB29P) AppleWebKit/537.36 (KHTML, like Gecko) Chrome/137.0.7151.103 Mobile Safari/537.36 (compatible; Googlebot/2.1; +http://www.google.com/bot.html)"
136.243.228.194 - - [11/Jul/2025:09:54:03 -0400] "GET /items/xzwnd149/12891?key=talk HTTP/1.1" 404 23128 "-" "Mozilla/5.0 (compatible; DataForSeoBot/1.0; +https://dataforseo.com/dataforseo-bot)"
136.243.228.194 - - [11/Jul/2025:09:54:08 -0400] "GET /138ywwqk61921.html HTTP/1.1" 404 23128 "-" "Mozilla/5.0 (compatible; DataForSeoBot/1.0; +https://dataforseo.com/dataforseo-bot)"
66.249.79.136 - - [11/Jul/2025:09:54:12 -0400] "GET /pcmypage?callback=product%2Fdetail%2Fvaluecare-vc-tr-2309324 HTTP/1.1" 200 87628 "-" "Mozilla/5.0 (Linux; Android 6.0.1; Nexus 5X Build/MMB29P) AppleWebKit/537.36 (KHTML, like Gecko) Chrome/137.0.7151.103 Mobile Safari/537.36 (compatible; Googlebot/2.1; +http://www.google.com/bot.html)"
47.82.60.86 - - [11/Jul/2025:09:54:14 -0400] "GET /193yrekt3778.html HTTP/1.1" 404 23128 "https://dangroup.sa/193yrekt3778.html" "Mozilla/5.0 (Windows NT 10.0; Win64; x64) AppleWebKit/537.36 (KHTML, like Gecko) Chrome/114.0.0.0 Safari/537.36 Edg/114.0.1823.43"
136.243.228.194 - - [11/Jul/2025:09:54:14 -0400] "GET /230qdepj43485.html HTTP/1.1" 404 23130 "-" "Mozilla/5.0 (compatible; DataForSeoBot/1.0; +https://dataforseo.com/dataforseo-bot)"
66.29.146.47 - - [11/Jul/2025:09:54:28 -0400] "POST /wp-cron.php?doing_wp_cron=1752242068.1706221103668212890625 HTTP/1.1" 403 1242 "-" "WordPress/6.8; https://dangroup.sa"
136.243.228.194 - - [11/Jul/2025:09:54:26 -0400] "GET /items/oovla237/5063?key=year HTTP/1.1" 404 23128 "-" "Mozilla/5.0 (compatible; DataForSeoBot/1.0; +https://dataforseo.com/dataforseo-bot)"
66.249.68.129 - - [11/Jul/2025:09:54:35 -0400] "GET /190dbqfx49571.html HTTP/1.1" 200 86618 "-" "Mozilla/5.0 (Linux; Android 6.0.1; Nexus 5X Build/MMB29P) AppleWebKit/537.36 (KHTML, like Gecko) Chrome/137.0.7151.103 Mobile Safari/537.36 (compatible; Googlebot/2.1; +http://www.google.com/bot.html)"
136.243.228.194 - - [11/Jul/2025:09:54:34 -0400] "GET /60ssuo12215.html HTTP/1.1" 404 23128 "-" "Mozilla/5.0 (compatible; DataForSeoBot/1.0; +https://dataforseo.com/dataforseo-bot)"
136.243.228.194 - - [11/Jul/2025:09:54:39 -0400] "GET /36rog31907.html HTTP/1.1" 404 23128 "-" "Mozilla/5.0 (compatible; DataForSeoBot/1.0; +https://dataforseo.com/dataforseo-bot)"
136.243.228.194 - - [11/Jul/2025:09:54:45 -0400] "GET /items/wjzgk254/46226?key=lean HTTP/1.1" 404 23128 "-" "Mozilla/5.0 (compatible; DataForSeoBot/1.0; +https://dataforseo.com/dataforseo-bot)"
20.171.207.82 - - [11/Jul/2025:09:54:47 -0400] "GET /35mvvjn3438.html HTTP/1.1" 404 23128 "-" "Mozilla/5.0 AppleWebKit/537.36 (KHTML, like Gecko; compatible; GPTBot/1.2; +https://openai.com/gptbot)"
136.243.228.194 - - [11/Jul/2025:09:54:49 -0400] "GET /129hgvtq44416.html HTTP/1.1" 404 23128 "-" "Mozilla/5.0 (compatible; DataForSeoBot/1.0; +https://dataforseo.com/dataforseo-bot)"
66.249.79.134 - - [11/Jul/2025:09:54:58 -0400] "GET /264sxciv36659.html HTTP/1.1" 200 87397 "-" "Mozilla/5.0 (Linux; Android 6.0.1; Nexus 5X Build/MMB29P) AppleWebKit/537.36 (KHTML, like Gecko) Chrome/137.0.7151.103 Mobile Safari/537.36 (compatible; Googlebot/2.1; +http://www.google.com/bot.html)"
136.243.228.194 - - [11/Jul/2025:09:54:55 -0400] "GET /items/vjvfn198/19380?key=freeze HTTP/1.1" 404 23128 "-" "Mozilla/5.0 (compatible; DataForSeoBot/1.0; +https://dataforseo.com/dataforseo-bot)"
136.243.228.194 - - [11/Jul/2025:09:55:01 -0400] "GET /items/kmxby100/25720?key=franchise HTTP/1.1" 404 23128 "-" "Mozilla/5.0 (compatible; DataForSeoBot/1.0; +https://dataforseo.com/dataforseo-bot)"
136.243.228.194 - - [11/Jul/2025:09:55:06 -0400] "GET /items/dgksp130/10668?key=transformation HTTP/1.1" 404 23128 "-" "Mozilla/5.0 (compatible; DataForSeoBot/1.0; +https://dataforseo.com/dataforseo-bot)"
136.243.228.194 - - [11/Jul/2025:09:55:12 -0400] "GET /78ybbse17353.html HTTP/1.1" 404 23130 "-" "Mozilla/5.0 (compatible; DataForSeoBot/1.0; +https://dataforseo.com/dataforseo-bot)"
136.243.228.194 - - [11/Jul/2025:09:55:18 -0400] "GET /176qpiri40241.html HTTP/1.1" 404 23128 "-" "Mozilla/5.0 (compatible; DataForSeoBot/1.0; +https://dataforseo.com/dataforseo-bot)"
136.243.228.194 - - [11/Jul/2025:09:55:22 -0400] "GET /items/glxky229/33595?key=put HTTP/1.1" 404 23128 "-" "Mozilla/5.0 (compatible; DataForSeoBot/1.0; +https://dataforseo.com/dataforseo-bot)"
66.29.146.47 - - [11/Jul/2025:09:55:28 -0400] "POST /wp-cron.php?doing_wp_cron=1752242128.3694429397583007812500 HTTP/1.1" 403 1242 "-" "WordPress/6.8; https://dangroup.sa"
136.243.228.194 - - [11/Jul/2025:09:55:28 -0400] "GET /items/uoxnv188/16254?key=illusion HTTP/1.1" 404 23128 "-" "Mozilla/5.0 (compatible; DataForSeoBot/1.0; +https://dataforseo.com/dataforseo-bot)"
136.243.228.194 - - [11/Jul/2025:09:55:33 -0400] "GET /72bzuoy38825.html HTTP/1.1" 404 23128 "-" "Mozilla/5.0 (compatible; DataForSeoBot/1.0; +https://dataforseo.com/dataforseo-bot)"
47.82.60.25 - - [11/Jul/2025:09:55:35 -0400] "GET /pcmypage?callback=product/review/auc-yasukichi-90004829 HTTP/1.1" 404 23128 "https://dangroup.sa/pcmypage?callback=product/review/auc-yasukichi-90004829" "Mozilla/5.0 (Windows NT 10.0; Win64; x64) AppleWebKit/537.36 (KHTML, like Gecko) Chrome/114.0.0.0 Safari/537.36 Edg/114.0.1823.43"
136.243.228.194 - - [11/Jul/2025:09:55:37 -0400] "GET /180dapvs3993.html HTTP/1.1" 404 23130 "-" "Mozilla/5.0 (compatible; DataForSeoBot/1.0; +https://dataforseo.com/dataforseo-bot)"
136.243.228.194 - - [11/Jul/2025:09:55:45 -0400] "GET /items/jxutc209/32403?key=emission HTTP/1.1" 404 23128 "-" "Mozilla/5.0 (compatible; DataForSeoBot/1.0; +https://dataforseo.com/dataforseo-bot)"
2405:6585:8200:9100:a5b2:918d:213c:2e32 - - [11/Jul/2025:09:55:51 -0400] "GET /45twl46744.html HTTP/1.1" 200 138 "https://search.yahoo.co.jp/" "Mozilla/5.0 (Linux; Android 10; K) AppleWebKit/537.36 (KHTML, like Gecko) Chrome/138.0.0.0 Mobile Safari/537.36"
136.243.228.194 - - [11/Jul/2025:09:55:50 -0400] "GET /33ybyz29478.html HTTP/1.1" 404 23128 "-" "Mozilla/5.0 (compatible; DataForSeoBot/1.0; +https://dataforseo.com/dataforseo-bot)"
20.171.207.82 - - [11/Jul/2025:09:55:51 -0400] "GET /38glrtx9787.html HTTP/1.1" 404 23128 "-" "Mozilla/5.0 AppleWebKit/537.36 (KHTML, like Gecko; compatible; GPTBot/1.2; +https://openai.com/gptbot)"
136.243.228.194 - - [11/Jul/2025:09:55:58 -0400] "GET /18czms23979.html HTTP/1.1" 404 23130 "-" "Mozilla/5.0 (compatible; DataForSeoBot/1.0; +https://dataforseo.com/dataforseo-bot)"
69.197.182.50 - - [11/Jul/2025:09:56:02 -0400] "GET /wp-content/install.php HTTP/1.1" 200 10 "https://dangroup.sa/wp-content/install.php" "Mozilla/5.0 (Windows NT 10.0; Win64; x64) AppleWebKit/537.36 (KHTML, like Gecko) Chrome/58.0.3029.110 Safari/537.3"
136.243.228.194 - - [11/Jul/2025:09:56:03 -0400] "GET /216xxr48431.html HTTP/1.1" 404 23128 "-" "Mozilla/5.0 (compatible; DataForSeoBot/1.0; +https://dataforseo.com/dataforseo-bot)"
136.243.228.194 - - [11/Jul/2025:09:56:12 -0400] "GET /items/nbkpi172/1488?key=impulse HTTP/1.1" 404 23128 "-" "Mozilla/5.0 (compatible; DataForSeoBot/1.0; +https://dataforseo.com/dataforseo-bot)"
47.82.60.65 - - [11/Jul/2025:09:56:26 -0400] "GET /pcmypage?callback=product/detail/first23-trusco-2199134 HTTP/1.1" 301 0 "https://www.dangroup.sa/pcmypage?callback=product%2Fdetail%2Ffirst23-trusco-2199134" "Mozilla/5.0 (Windows NT 10.0; Win64; x64) AppleWebKit/537.36 (KHTML, like Gecko) Chrome/114.0.0.0 Safari/537.36 Edg/114.0.1823.43"
66.249.68.130 - - [11/Jul/2025:09:56:27 -0400] "GET /65qhkhb45660.html HTTP/1.1" 200 87294 "-" "Mozilla/5.0 (Linux; Android 6.0.1; Nexus 5X Build/MMB29P) AppleWebKit/537.36 (KHTML, like Gecko) Chrome/137.0.7151.103 Mobile Safari/537.36 (compatible; Googlebot/2.1; +http://www.google.com/bot.html)"
136.243.228.194 - - [11/Jul/2025:09:56:22 -0400] "GET /54lsxk27455.html HTTP/1.1" 404 23128 "-" "Mozilla/5.0 (compatible; DataForSeoBot/1.0; +https://dataforseo.com/dataforseo-bot)"
66.29.146.47 - - [11/Jul/2025:09:56:29 -0400] "POST /wp-cron.php?doing_wp_cron=1752242188.8802239894866943359375 HTTP/1.1" 403 1242 "-" "WordPress/6.8; https://dangroup.sa"
47.82.60.65 - - [11/Jul/2025:09:56:28 -0400] "GET /pcmypage?callback=product/detail/first23-trusco-2199134 HTTP/1.1" 404 23128 "https://www.dangroup.sa/pcmypage?callback=product%2Fdetail%2Ffirst23-trusco-2199134" "Mozilla/5.0 (Windows NT 10.0; Win64; x64) AppleWebKit/537.36 (KHTML, like Gecko) Chrome/114.0.0.0 Safari/537.36 Edg/114.0.1823.43"
136.243.228.194 - - [11/Jul/2025:09:56:30 -0400] "GET /items/csjqa128/43602?key=fat HTTP/1.1" 404 23128 "-" "Mozilla/5.0 (compatible; DataForSeoBot/1.0; +https://dataforseo.com/dataforseo-bot)"
136.243.228.194 - - [11/Jul/2025:09:56:35 -0400] "GET /103iby28146.html HTTP/1.1" 404 23130 "-" "Mozilla/5.0 (compatible; DataForSeoBot/1.0; +https://dataforseo.com/dataforseo-bot)"
66.249.79.136 - - [11/Jul/2025:09:56:38 -0400] "GET /pcmypage?callback=product/review/bearhomes-2025-02-06-579 HTTP/1.1" 200 86807 "-" "Mozilla/5.0 (Linux; Android 6.0.1; Nexus 5X Build/MMB29P) AppleWebKit/537.36 (KHTML, like Gecko) Chrome/137.0.7151.103 Mobile Safari/537.36 (compatible; Googlebot/2.1; +http://www.google.com/bot.html)"
136.243.228.194 - - [11/Jul/2025:09:56:40 -0400] "GET /46vgt21149.html HTTP/1.1" 404 23128 "-" "Mozilla/5.0 (compatible; DataForSeoBot/1.0; +https://dataforseo.com/dataforseo-bot)"
136.243.228.194 - - [11/Jul/2025:09:56:46 -0400] "GET /230gao10459.html HTTP/1.1" 404 23128 "-" "Mozilla/5.0 (compatible; DataForSeoBot/1.0; +https://dataforseo.com/dataforseo-bot)"
66.249.68.129 - - [11/Jul/2025:09:56:50 -0400] "GET /78zivzf5999.html HTTP/1.1" 200 87224 "-" "Mozilla/5.0 (Linux; Android 6.0.1; Nexus 5X Build/MMB29P) AppleWebKit/537.36 (KHTML, like Gecko) Chrome/137.0.7151.103 Mobile Safari/537.36 (compatible; Googlebot/2.1; +http://www.google.com/bot.html)"
20.171.207.82 - - [11/Jul/2025:09:56:51 -0400] "GET /3chvjt39114.html HTTP/1.1" 404 23128 "-" "Mozilla/5.0 AppleWebKit/537.36 (KHTML, like Gecko; compatible; GPTBot/1.2; +https://openai.com/gptbot)"
136.243.228.194 - - [11/Jul/2025:09:56:51 -0400] "GET /items/mktqz77/22205?key=Russian HTTP/1.1" 404 23130 "-" "Mozilla/5.0 (compatible; DataForSeoBot/1.0; +https://dataforseo.com/dataforseo-bot)"
136.243.228.194 - - [11/Jul/2025:09:56:57 -0400] "GET /items/tdprj43/49807?key=lately HTTP/1.1" 404 23128 "-" "Mozilla/5.0 (compatible; DataForSeoBot/1.0; +https://dataforseo.com/dataforseo-bot)"
136.243.228.194 - - [11/Jul/2025:09:57:03 -0400] "GET /items/zcnpf84/20308?key=properly HTTP/1.1" 404 23128 "-" "Mozilla/5.0 (compatible; DataForSeoBot/1.0; +https://dataforseo.com/dataforseo-bot)"
136.243.228.194 - - [11/Jul/2025:09:57:08 -0400] "GET /295gncqu1246.html HTTP/1.1" 404 23128 "-" "Mozilla/5.0 (compatible; DataForSeoBot/1.0; +https://dataforseo.com/dataforseo-bot)"
136.243.228.194 - - [11/Jul/2025:09:57:15 -0400] "GET /items/jxcwh110/27276?key=asleep HTTP/1.1" 404 23128 "-" "Mozilla/5.0 (compatible; DataForSeoBot/1.0; +https://dataforseo.com/dataforseo-bot)"
66.249.79.134 - - [11/Jul/2025:09:57:23 -0400] "GET /items/ntkpw88/434?key=agree HTTP/1.1" 200 87232 "-" "Mozilla/5.0 (Linux; Android 6.0.1; Nexus 5X Build/MMB29P) AppleWebKit/537.36 (KHTML, like Gecko) Chrome/137.0.7151.103 Mobile Safari/537.36 (compatible; Googlebot/2.1; +http://www.google.com/bot.html)"
136.243.228.194 - - [11/Jul/2025:09:57:22 -0400] "GET /52ranp33543.html HTTP/1.1" 404 23130 "-" "Mozilla/5.0 (compatible; DataForSeoBot/1.0; +https://dataforseo.com/dataforseo-bot)"
47.82.60.86 - - [11/Jul/2025:09:57:25 -0400] "GET /items/qxopg299/48817?key=medium HTTP/1.1" 404 23130 "https://dangroup.sa/items/qxopg299/48817?key=medium" "Mozilla/5.0 (Windows NT 10.0; Win64; x64) AppleWebKit/537.36 (KHTML, like Gecko) Chrome/114.0.0.0 Safari/537.36 Edg/114.0.1823.43"
66.29.146.47 - - [11/Jul/2025:09:57:35 -0400] "POST /wp-cron.php?doing_wp_cron=1752242255.2531239986419677734375 HTTP/1.1" 403 1242 "-" "WordPress/6.8; https://dangroup.sa"
66.249.68.130 - - [11/Jul/2025:09:57:35 -0400] "GET /55nkal14816.html HTTP/1.1" 200 87205 "-" "Mozilla/5.0 (Linux; Android 6.0.1; Nexus 5X Build/MMB29P) AppleWebKit/537.36 (KHTML, like Gecko) Chrome/137.0.7151.103 Mobile Safari/537.36 (compatible; Googlebot/2.1; +http://www.google.com/bot.html)"
66.29.146.47 - - [11/Jul/2025:09:57:36 -0400] "POST /wp-cron.php?doing_wp_cron=1752242256.3612821102142333984375 HTTP/1.1" 403 1242 "-" "WordPress/6.8; https://dangroup.sa"
47.82.60.20 - - [11/Jul/2025:09:57:34 -0400] "GET /pcmypage?callback=product/review/1bankanwebshop-zzcm-1671862 HTTP/1.1" 301 0 "https://www.dangroup.sa/pcmypage?callback=product/review/1bankanwebshop-zzcm-1671862" "Mozilla/5.0 (Windows NT 10.0; Win64; x64) AppleWebKit/537.36 (KHTML, like Gecko) Chrome/114.0.0.0 Safari/537.36 Edg/114.0.1823.43"
136.243.228.194 - - [11/Jul/2025:09:57:33 -0400] "GET /81dfus42046.html HTTP/1.1" 404 23128 "-" "Mozilla/5.0 (compatible; DataForSeoBot/1.0; +https://dataforseo.com/dataforseo-bot)"
47.82.60.20 - - [11/Jul/2025:09:57:37 -0400] "GET /pcmypage?callback=product/review/1bankanwebshop-zzcm-1671862 HTTP/1.1" 404 23128 "https://www.dangroup.sa/pcmypage?callback=product/review/1bankanwebshop-zzcm-1671862" "Mozilla/5.0 (Windows NT 10.0; Win64; x64) AppleWebKit/537.36 (KHTML, like Gecko) Chrome/114.0.0.0 Safari/537.36 Edg/114.0.1823.43"
136.243.228.194 - - [11/Jul/2025:09:57:42 -0400] "GET /items/uaxig145/10577?key=number HTTP/1.1" 404 23130 "-" "Mozilla/5.0 (compatible; DataForSeoBot/1.0; +https://dataforseo.com/dataforseo-bot)"
66.249.79.134 - - [11/Jul/2025:09:57:46 -0400] "GET /84iaiz17985.html HTTP/1.1" 200 87015 "-" "Mozilla/5.0 (Linux; Android 6.0.1; Nexus 5X Build/MMB29P) AppleWebKit/537.36 (KHTML, like Gecko) Chrome/137.0.7151.103 Mobile Safari/537.36 (compatible; Googlebot/2.1; +http://www.google.com/bot.html)"
136.243.228.194 - - [11/Jul/2025:09:57:47 -0400] "GET /152fjafb23501.html HTTP/1.1" 404 23128 "-" "Mozilla/5.0 (compatible; DataForSeoBot/1.0; +https://dataforseo.com/dataforseo-bot)"
136.243.228.194 - - [11/Jul/2025:09:57:52 -0400] "GET /29suhe1040.html HTTP/1.1" 404 23128 "-" "Mozilla/5.0 (compatible; DataForSeoBot/1.0; +https://dataforseo.com/dataforseo-bot)"
66.249.68.130 - - [11/Jul/2025:09:57:57 -0400] "GET /18lmg12539.html HTTP/1.1" 200 87143 "-" "Mozilla/5.0 (Linux; Android 6.0.1; Nexus 5X Build/MMB29P) AppleWebKit/537.36 (KHTML, like Gecko) Chrome/137.0.7151.103 Mobile Safari/537.36 (compatible; Googlebot/2.1; +http://www.google.com/bot.html)"
136.243.228.194 - - [11/Jul/2025:09:57:55 -0400] "GET /items/wzidc55/21297?key=simply HTTP/1.1" 404 23128 "-" "Mozilla/5.0 (compatible; DataForSeoBot/1.0; +https://dataforseo.com/dataforseo-bot)"
136.243.228.194 - - [11/Jul/2025:09:58:00 -0400] "GET /items/rrold25/2799?key=quantity HTTP/1.1" 404 23128 "-" "Mozilla/5.0 (compatible; DataForSeoBot/1.0; +https://dataforseo.com/dataforseo-bot)"
136.243.228.194 - - [11/Jul/2025:09:58:05 -0400] "GET /items/olawe238/1730?key=behavior HTTP/1.1" 404 23128 "-" "Mozilla/5.0 (compatible; DataForSeoBot/1.0; +https://dataforseo.com/dataforseo-bot)"
136.243.228.194 - - [11/Jul/2025:09:58:09 -0400] "GET /items/qxptb217/1335?key=emphasize HTTP/1.1" 404 23128 "-" "Mozilla/5.0 (compatible; DataForSeoBot/1.0; +https://dataforseo.com/dataforseo-bot)"
136.243.228.194 - - [11/Jul/2025:09:58:14 -0400] "GET /187cvcw45964.html HTTP/1.1" 404 23128 "-" "Mozilla/5.0 (compatible; DataForSeoBot/1.0; +https://dataforseo.com/dataforseo-bot)"
136.243.228.194 - - [11/Jul/2025:09:58:18 -0400] "GET /284imcv25255.html HTTP/1.1" 404 23128 "-" "Mozilla/5.0 (compatible; DataForSeoBot/1.0; +https://dataforseo.com/dataforseo-bot)"
136.243.228.194 - - [11/Jul/2025:09:58:22 -0400] "GET /items/xyuea26/27956?key=objective HTTP/1.1" 404 23128 "-" "Mozilla/5.0 (compatible; DataForSeoBot/1.0; +https://dataforseo.com/dataforseo-bot)"
66.249.79.136 - - [11/Jul/2025:09:58:31 -0400] "GET /78yjmt30583.html HTTP/1.1" 200 86866 "-" "Mozilla/5.0 (Linux; Android 6.0.1; Nexus 5X Build/MMB29P) AppleWebKit/537.36 (KHTML, like Gecko) Chrome/137.0.7151.103 Mobile Safari/537.36 (compatible; Googlebot/2.1; +http://www.google.com/bot.html)"
136.243.228.194 - - [11/Jul/2025:09:58:28 -0400] "GET /120hhj8701.html HTTP/1.1" 404 23130 "-" "Mozilla/5.0 (compatible; DataForSeoBot/1.0; +https://dataforseo.com/dataforseo-bot)"
183.94.56.165 - - [11/Jul/2025:09:58:04 -0400] "GET /profile.pdf HTTP/1.1" 200 20696550 "-" "Mozilla/5.0 (Windows NT 10.0; Win64; x64) AppleWebKit/537.36 (KHTML, like Gecko) Chrome/127.0.0.0 Safari/537.36 Edg/127.0.0.0"
136.243.228.194 - - [11/Jul/2025:09:58:33 -0400] "GET /items/enzrg17/37649?key=removal HTTP/1.1" 404 23128 "-" "Mozilla/5.0 (compatible; DataForSeoBot/1.0; +https://dataforseo.com/dataforseo-bot)"
66.29.146.47 - - [11/Jul/2025:09:58:40 -0400] "POST /wp-cron.php?doing_wp_cron=1752242320.7780640125274658203125 HTTP/1.1" 403 1242 "-" "WordPress/6.8; https://dangroup.sa"
66.249.68.131 - - [11/Jul/2025:09:58:42 -0400] "GET /225ukl24312.html HTTP/1.1" 200 87427 "-" "Mozilla/5.0 (Linux; Android 6.0.1; Nexus 5X Build/MMB29P) AppleWebKit/537.36 (KHTML, like Gecko) Chrome/137.0.7151.103 Mobile Safari/537.36 (compatible; Googlebot/2.1; +http://www.google.com/bot.html)"
20.171.207.82 - - [11/Jul/2025:09:58:39 -0400] "GET /85qzlea2282.html HTTP/1.1" 404 23129 "-" "Mozilla/5.0 AppleWebKit/537.36 (KHTML, like Gecko; compatible; GPTBot/1.2; +https://openai.com/gptbot)"
136.243.228.194 - - [11/Jul/2025:09:58:40 -0400] "GET /items/jlkok138/57774?key=forward HTTP/1.1" 404 23128 "-" "Mozilla/5.0 (compatible; DataForSeoBot/1.0; +https://dataforseo.com/dataforseo-bot)"
136.243.228.194 - - [11/Jul/2025:09:58:50 -0400] "GET /items/ctgdy62/13956?key=pool HTTP/1.1" 404 23128 "-" "Mozilla/5.0 (compatible; DataForSeoBot/1.0; +https://dataforseo.com/dataforseo-bot)"
136.243.228.194 - - [11/Jul/2025:09:58:53 -0400] "GET /items/qixae222/5268?key=unite HTTP/1.1" 404 23128 "-" "Mozilla/5.0 (compatible; DataForSeoBot/1.0; +https://dataforseo.com/dataforseo-bot)"
136.243.228.194 - - [11/Jul/2025:09:58:58 -0400] "GET /294gyk3225.html HTTP/1.1" 404 23128 "-" "Mozilla/5.0 (compatible; DataForSeoBot/1.0; +https://dataforseo.com/dataforseo-bot)"
69.197.135.226 - - [11/Jul/2025:09:59:04 -0400] "GET /wp-content/install.php HTTP/1.1" 200 10 "https://dangroup.sa/wp-content/install.php" "Mozilla/5.0 (Windows NT 10.0; Win64; x64) AppleWebKit/537.36 (KHTML, like Gecko) Chrome/58.0.3029.110 Safari/537.3"
20.171.207.82 - - [11/Jul/2025:09:59:03 -0400] "GET /89lxqnx1990.html HTTP/1.1" 404 23128 "-" "Mozilla/5.0 AppleWebKit/537.36 (KHTML, like Gecko; compatible; GPTBot/1.2; +https://openai.com/gptbot)"
136.243.228.194 - - [11/Jul/2025:09:59:04 -0400] "GET /items/wieyr273/48441?key=code HTTP/1.1" 404 23128 "-" "Mozilla/5.0 (compatible; DataForSeoBot/1.0; +https://dataforseo.com/dataforseo-bot)"
136.243.228.194 - - [11/Jul/2025:09:59:11 -0400] "GET /151ebz22030.html HTTP/1.1" 404 23130 "-" "Mozilla/5.0 (compatible; DataForSeoBot/1.0; +https://dataforseo.com/dataforseo-bot)"
136.243.228.194 - - [11/Jul/2025:09:59:15 -0400] "GET /265uagy7326.html HTTP/1.1" 404 23128 "-" "Mozilla/5.0 (compatible; DataForSeoBot/1.0; +https://dataforseo.com/dataforseo-bot)"
136.243.228.194 - - [11/Jul/2025:09:59:20 -0400] "GET /items/dfeae69/7923?key=curve HTTP/1.1" 404 23128 "-" "Mozilla/5.0 (compatible; DataForSeoBot/1.0; +https://dataforseo.com/dataforseo-bot)"
136.243.228.194 - - [11/Jul/2025:09:59:25 -0400] "GET /189muutt5308.html HTTP/1.1" 404 23128 "-" "Mozilla/5.0 (compatible; DataForSeoBot/1.0; +https://dataforseo.com/dataforseo-bot)"
136.243.228.194 - - [11/Jul/2025:09:59:30 -0400] "GET /items/hnuiw2/11296?key=wind HTTP/1.1" 404 23130 "-" "Mozilla/5.0 (compatible; DataForSeoBot/1.0; +https://dataforseo.com/dataforseo-bot)"
136.243.228.194 - - [11/Jul/2025:09:59:34 -0400] "GET /items/ebgni54/39372?key=opponent HTTP/1.1" 404 23128 "-" "Mozilla/5.0 (compatible; DataForSeoBot/1.0; +https://dataforseo.com/dataforseo-bot)"
66.249.79.134 - - [11/Jul/2025:09:59:38 -0400] "GET /75sreph18216.html HTTP/1.1" 200 87234 "-" "Mozilla/5.0 (Linux; Android 6.0.1; Nexus 5X Build/MMB29P) AppleWebKit/537.36 (KHTML, like Gecko) Chrome/137.0.7151.103 Mobile Safari/537.36 (compatible; Googlebot/2.1; +http://www.google.com/bot.html)"
136.243.228.194 - - [11/Jul/2025:09:59:38 -0400] "GET /131iffvj22280.html HTTP/1.1" 404 23130 "-" "Mozilla/5.0 (compatible; DataForSeoBot/1.0; +https://dataforseo.com/dataforseo-bot)"
66.29.146.47 - - [11/Jul/2025:09:59:44 -0400] "POST /wp-cron.php?doing_wp_cron=1752242383.7934229373931884765625 HTTP/1.1" 403 1242 "-" "WordPress/6.8; https://dangroup.sa"
136.243.228.194 - - [11/Jul/2025:09:59:43 -0400] "GET /61rdyyt38676.html HTTP/1.1" 404 23128 "-" "Mozilla/5.0 (compatible; DataForSeoBot/1.0; +https://dataforseo.com/dataforseo-bot)"
66.249.68.131 - - [11/Jul/2025:09:59:48 -0400] "GET /search.php?sitemap722.xml HTTP/1.1" 200 37240 "-" "Mozilla/5.0 (compatible; Googlebot/2.1; +http://www.google.com/bot.html)"
136.243.228.194 - - [11/Jul/2025:09:59:47 -0400] "GET /items/jdjub24/41802?key=cancel HTTP/1.1" 404 23128 "-" "Mozilla/5.0 (compatible; DataForSeoBot/1.0; +https://dataforseo.com/dataforseo-bot)"
136.243.228.194 - - [11/Jul/2025:09:59:53 -0400] "GET /items/wgxrv103/45371?key=exactly HTTP/1.1" 404 23128 "-" "Mozilla/5.0 (compatible; DataForSeoBot/1.0; +https://dataforseo.com/dataforseo-bot)"
136.243.228.194 - - [11/Jul/2025:09:59:57 -0400] "GET /items/yiyxw193/48373?key=waste HTTP/1.1" 404 23128 "-" "Mozilla/5.0 (compatible; DataForSeoBot/1.0; +https://dataforseo.com/dataforseo-bot)"
20.171.207.82 - - [11/Jul/2025:09:59:59 -0400] "GET /75fivtt4584.html HTTP/1.1" 404 23128 "-" "Mozilla/5.0 AppleWebKit/537.36 (KHTML, like Gecko; compatible; GPTBot/1.2; +https://openai.com/gptbot)"
136.243.228.194 - - [11/Jul/2025:10:00:03 -0400] "GET /5tski14396.html HTTP/1.1" 404 23128 "-" "Mozilla/5.0 (compatible; DataForSeoBot/1.0; +https://dataforseo.com/dataforseo-bot)"
47.82.60.30 - - [11/Jul/2025:10:00:06 -0400] "GET /items/avmne57/12849?key=closet HTTP/1.1" 404 23128 "https://dangroup.sa/items/avmne57/12849?key=closet" "Mozilla/5.0 (Windows NT 10.0; Win64; x64) AppleWebKit/537.36 (KHTML, like Gecko) Chrome/114.0.0.0 Safari/537.36 Edg/114.0.1823.43"
136.243.228.194 - - [11/Jul/2025:10:00:09 -0400] "GET /114rvwe35277.html HTTP/1.1" 404 23128 "-" "Mozilla/5.0 (compatible; DataForSeoBot/1.0; +https://dataforseo.com/dataforseo-bot)"
136.243.228.194 - - [11/Jul/2025:10:00:16 -0400] "GET /188whmj7443.html HTTP/1.1" 404 23128 "-" "Mozilla/5.0 (compatible; DataForSeoBot/1.0; +https://dataforseo.com/dataforseo-bot)"
136.243.228.194 - - [11/Jul/2025:10:00:22 -0400] "GET /items/zspcr220/5196?key=absolute HTTP/1.1" 404 23128 "-" "Mozilla/5.0 (compatible; DataForSeoBot/1.0; +https://dataforseo.com/dataforseo-bot)"
136.243.228.194 - - [11/Jul/2025:10:00:26 -0400] "GET /40xrrcx12065.html HTTP/1.1" 404 23128 "-" "Mozilla/5.0 (compatible; DataForSeoBot/1.0; +https://dataforseo.com/dataforseo-bot)"
66.249.68.129 - - [11/Jul/2025:10:00:34 -0400] "GET /215btwms27136.html HTTP/1.1" 200 89045 "-" "Mozilla/5.0 (Linux; Android 6.0.1; Nexus 5X Build/MMB29P) AppleWebKit/537.36 (KHTML, like Gecko) Chrome/137.0.7151.103 Mobile Safari/537.36 (compatible; Googlebot/2.1; +http://www.google.com/bot.html)"
