136.243.228.194 - - [11/Jul/2025:14:15:51 -0400] "GET /items/xbkgy72/26308?key=loyal HTTP/1.1" 404 23128 "-" "Mozilla/5.0 (compatible; DataForSeoBot/1.0; +https://dataforseo.com/dataforseo-bot)"
20.171.207.246 - - [11/Jul/2025:14:15:59 -0400] "GET /31bugx4088.html HTTP/1.1" 404 23128 "-" "Mozilla/5.0 AppleWebKit/537.36 (KHTML, like Gecko; compatible; GPTBot/1.2; +https://openai.com/gptbot)"
136.243.228.194 - - [11/Jul/2025:14:16:01 -0400] "GET /192qhqay10583.html HTTP/1.1" 404 23128 "-" "Mozilla/5.0 (compatible; DataForSeoBot/1.0; +https://dataforseo.com/dataforseo-bot)"
136.243.228.194 - - [11/Jul/2025:14:16:12 -0400] "GET /items/nkxaj35/20413?key=oral HTTP/1.1" 404 23128 "-" "Mozilla/5.0 (compatible; DataForSeoBot/1.0; +https://dataforseo.com/dataforseo-bot)"
66.249.68.130 - - [11/Jul/2025:14:16:24 -0400] "GET /70pdaz36297.html HTTP/1.1" 200 86718 "-" "Mozilla/5.0 (Linux; Android 6.0.1; Nexus 5X Build/MMB29P) AppleWebKit/537.36 (KHTML, like Gecko) Chrome/137.0.7151.103 Mobile Safari/537.36 (compatible; Googlebot/2.1; +http://www.google.com/bot.html)"
136.243.228.194 - - [11/Jul/2025:14:16:20 -0400] "GET /93efcs24714.html HTTP/1.1" 404 23128 "-" "Mozilla/5.0 (compatible; DataForSeoBot/1.0; +https://dataforseo.com/dataforseo-bot)"
136.243.228.194 - - [11/Jul/2025:14:16:28 -0400] "GET /195gsfaj13278.html HTTP/1.1" 404 23128 "-" "Mozilla/5.0 (compatible; DataForSeoBot/1.0; +https://dataforseo.com/dataforseo-bot)"
136.243.228.194 - - [11/Jul/2025:14:16:34 -0400] "GET /126ommn43093.html HTTP/1.1" 404 23128 "-" "Mozilla/5.0 (compatible; DataForSeoBot/1.0; +https://dataforseo.com/dataforseo-bot)"
136.243.228.194 - - [11/Jul/2025:14:16:40 -0400] "GET /items/gcgkc45/19939?key=suspicious HTTP/1.1" 404 23128 "-" "Mozilla/5.0 (compatible; DataForSeoBot/1.0; +https://dataforseo.com/dataforseo-bot)"
136.243.228.194 - - [11/Jul/2025:14:16:45 -0400] "GET /244zxgb13293.html HTTP/1.1" 404 23128 "-" "Mozilla/5.0 (compatible; DataForSeoBot/1.0; +https://dataforseo.com/dataforseo-bot)"
136.243.228.194 - - [11/Jul/2025:14:16:50 -0400] "GET /222xlu45113.html HTTP/1.1" 404 23128 "-" "Mozilla/5.0 (compatible; DataForSeoBot/1.0; +https://dataforseo.com/dataforseo-bot)"
66.29.146.47 - - [11/Jul/2025:14:16:57 -0400] "POST /wp-cron.php?doing_wp_cron=1752257817.3604919910430908203125 HTTP/1.1" 403 1242 "-" "WordPress/6.8; https://dangroup.sa"
136.243.228.194 - - [11/Jul/2025:14:16:56 -0400] "GET /111qjga12988.html HTTP/1.1" 404 23128 "-" "Mozilla/5.0 (compatible; DataForSeoBot/1.0; +https://dataforseo.com/dataforseo-bot)"
20.171.207.246 - - [11/Jul/2025:14:17:03 -0400] "GET /45vcrp6706.html HTTP/1.1" 404 23128 "-" "Mozilla/5.0 AppleWebKit/537.36 (KHTML, like Gecko; compatible; GPTBot/1.2; +https://openai.com/gptbot)"
136.243.228.194 - - [11/Jul/2025:14:17:06 -0400] "GET /items/razlp81/25995?key=ticket HTTP/1.1" 404 23128 "-" "Mozilla/5.0 (compatible; DataForSeoBot/1.0; +https://dataforseo.com/dataforseo-bot)"
136.243.228.194 - - [11/Jul/2025:14:17:19 -0400] "GET /items/jgpdb108/26116?key=suddenly HTTP/1.1" 404 23128 "-" "Mozilla/5.0 (compatible; DataForSeoBot/1.0; +https://dataforseo.com/dataforseo-bot)"
136.243.228.194 - - [11/Jul/2025:14:17:25 -0400] "GET /151kix41408.html HTTP/1.1" 404 23128 "-" "Mozilla/5.0 (compatible; DataForSeoBot/1.0; +https://dataforseo.com/dataforseo-bot)"
136.243.228.194 - - [11/Jul/2025:14:17:31 -0400] "GET /items/wrkdi59/33747?key=classical HTTP/1.1" 404 23128 "-" "Mozilla/5.0 (compatible; DataForSeoBot/1.0; +https://dataforseo.com/dataforseo-bot)"
136.243.228.194 - - [11/Jul/2025:14:17:37 -0400] "GET /218eto44691.html HTTP/1.1" 404 23128 "-" "Mozilla/5.0 (compatible; DataForSeoBot/1.0; +https://dataforseo.com/dataforseo-bot)"
136.243.228.194 - - [11/Jul/2025:14:17:44 -0400] "GET /items/osrvs287/7463?key=change HTTP/1.1" 404 23128 "-" "Mozilla/5.0 (compatible; DataForSeoBot/1.0; +https://dataforseo.com/dataforseo-bot)"
136.243.228.194 - - [11/Jul/2025:14:17:51 -0400] "GET /items/cmpcg257/38833?key=away HTTP/1.1" 404 23128 "-" "Mozilla/5.0 (compatible; DataForSeoBot/1.0; +https://dataforseo.com/dataforseo-bot)"
66.29.146.47 - - [11/Jul/2025:14:17:58 -0400] "POST /wp-cron.php?doing_wp_cron=1752257877.7979059219360351562500 HTTP/1.1" 403 1242 "-" "WordPress/6.8; https://dangroup.sa"
136.243.228.194 - - [11/Jul/2025:14:17:57 -0400] "GET /59mfvx22358.html HTTP/1.1" 404 23128 "-" "Mozilla/5.0 (compatible; DataForSeoBot/1.0; +https://dataforseo.com/dataforseo-bot)"
136.243.228.194 - - [11/Jul/2025:14:18:02 -0400] "GET /21cqc36716.html HTTP/1.1" 404 23128 "-" "Mozilla/5.0 (compatible; DataForSeoBot/1.0; +https://dataforseo.com/dataforseo-bot)"
20.171.207.246 - - [11/Jul/2025:14:18:05 -0400] "GET /5wfma21764.html HTTP/1.1" 404 23128 "-" "Mozilla/5.0 AppleWebKit/537.36 (KHTML, like Gecko; compatible; GPTBot/1.2; +https://openai.com/gptbot)"
136.243.228.194 - - [11/Jul/2025:14:18:08 -0400] "GET /190bhsr10895.html HTTP/1.1" 404 23128 "-" "Mozilla/5.0 (compatible; DataForSeoBot/1.0; +https://dataforseo.com/dataforseo-bot)"
136.243.228.194 - - [11/Jul/2025:14:18:16 -0400] "GET /items/bfrei177/43717?key=sharply HTTP/1.1" 404 23128 "-" "Mozilla/5.0 (compatible; DataForSeoBot/1.0; +https://dataforseo.com/dataforseo-bot)"
136.243.228.194 - - [11/Jul/2025:14:18:23 -0400] "GET /292mysa27281.html HTTP/1.1" 404 23128 "-" "Mozilla/5.0 (compatible; DataForSeoBot/1.0; +https://dataforseo.com/dataforseo-bot)"
136.243.228.194 - - [11/Jul/2025:14:18:29 -0400] "GET /28jtzp13567.html HTTP/1.1" 404 23128 "-" "Mozilla/5.0 (compatible; DataForSeoBot/1.0; +https://dataforseo.com/dataforseo-bot)"
136.243.228.194 - - [11/Jul/2025:14:18:34 -0400] "GET /items/zalvy145/42799?key=attract HTTP/1.1" 404 23128 "-" "Mozilla/5.0 (compatible; DataForSeoBot/1.0; +https://dataforseo.com/dataforseo-bot)"
136.243.228.194 - - [11/Jul/2025:14:18:41 -0400] "GET /153bqt28900.html HTTP/1.1" 404 23128 "-" "Mozilla/5.0 (compatible; DataForSeoBot/1.0; +https://dataforseo.com/dataforseo-bot)"
136.243.228.194 - - [11/Jul/2025:14:18:50 -0400] "GET /items/yjerk251/19281?key=aside HTTP/1.1" 404 23128 "-" "Mozilla/5.0 (compatible; DataForSeoBot/1.0; +https://dataforseo.com/dataforseo-bot)"
66.29.146.47 - - [11/Jul/2025:14:19:01 -0400] "POST /wp-cron.php?doing_wp_cron=1752257941.4781169891357421875000 HTTP/1.1" 403 1242 "-" "WordPress/6.8; https://dangroup.sa"
66.249.68.129 - - [11/Jul/2025:14:19:02 -0400] "GET /items/hhiin150/42880?key=exam HTTP/1.1" 200 87019 "-" "Mozilla/5.0 (Linux; Android 6.0.1; Nexus 5X Build/MMB29P) AppleWebKit/537.36 (KHTML, like Gecko) Chrome/137.0.7151.103 Mobile Safari/537.36 (compatible; Googlebot/2.1; +http://www.google.com/bot.html)"
136.243.228.194 - - [11/Jul/2025:14:19:00 -0400] "GET /items/jpzgp107/43597?key=condemn HTTP/1.1" 404 23128 "-" "Mozilla/5.0 (compatible; DataForSeoBot/1.0; +https://dataforseo.com/dataforseo-bot)"
136.243.228.194 - - [11/Jul/2025:14:19:08 -0400] "GET /items/stgxy298/13076?key=agenda HTTP/1.1" 404 23128 "-" "Mozilla/5.0 (compatible; DataForSeoBot/1.0; +https://dataforseo.com/dataforseo-bot)"
20.171.207.246 - - [11/Jul/2025:14:19:08 -0400] "GET /16jnuf4501.html HTTP/1.1" 404 23128 "-" "Mozilla/5.0 AppleWebKit/537.36 (KHTML, like Gecko; compatible; GPTBot/1.2; +https://openai.com/gptbot)"
136.243.228.194 - - [11/Jul/2025:14:19:15 -0400] "GET /134ipa22235.html HTTP/1.1" 404 23128 "-" "Mozilla/5.0 (compatible; DataForSeoBot/1.0; +https://dataforseo.com/dataforseo-bot)"
136.243.228.194 - - [11/Jul/2025:14:19:19 -0400] "GET /items/yotwk120/30828?key=laughter HTTP/1.1" 404 23130 "-" "Mozilla/5.0 (compatible; DataForSeoBot/1.0; +https://dataforseo.com/dataforseo-bot)"
136.243.228.194 - - [11/Jul/2025:14:19:24 -0400] "GET /items/zvugl295/33673?key=small HTTP/1.1" 404 23128 "-" "Mozilla/5.0 (compatible; DataForSeoBot/1.0; +https://dataforseo.com/dataforseo-bot)"
136.243.228.194 - - [11/Jul/2025:14:19:29 -0400] "GET /121pobxt47318.html HTTP/1.1" 404 23128 "-" "Mozilla/5.0 (compatible; DataForSeoBot/1.0; +https://dataforseo.com/dataforseo-bot)"
136.243.228.194 - - [11/Jul/2025:14:19:34 -0400] "GET /items/igmez148/16158?key=large HTTP/1.1" 404 23128 "-" "Mozilla/5.0 (compatible; DataForSeoBot/1.0; +https://dataforseo.com/dataforseo-bot)"
136.243.228.194 - - [11/Jul/2025:14:19:39 -0400] "GET /80psp18215.html HTTP/1.1" 404 23128 "-" "Mozilla/5.0 (compatible; DataForSeoBot/1.0; +https://dataforseo.com/dataforseo-bot)"
136.243.228.194 - - [11/Jul/2025:14:19:44 -0400] "GET /items/smsyr63/7813?key=cut HTTP/1.1" 404 23128 "-" "Mozilla/5.0 (compatible; DataForSeoBot/1.0; +https://dataforseo.com/dataforseo-bot)"
136.243.228.194 - - [11/Jul/2025:14:19:48 -0400] "GET /items/cmtbe25/28803?key=Cuban HTTP/1.1" 404 23128 "-" "Mozilla/5.0 (compatible; DataForSeoBot/1.0; +https://dataforseo.com/dataforseo-bot)"
136.243.228.194 - - [11/Jul/2025:14:19:54 -0400] "GET /items/nmeeh200/26246?key=question HTTP/1.1" 404 23128 "-" "Mozilla/5.0 (compatible; DataForSeoBot/1.0; +https://dataforseo.com/dataforseo-bot)"
136.243.228.194 - - [11/Jul/2025:14:19:58 -0400] "GET /items/dkpyw21/48603?key=trim HTTP/1.1" 404 23128 "-" "Mozilla/5.0 (compatible; DataForSeoBot/1.0; +https://dataforseo.com/dataforseo-bot)"
136.243.228.194 - - [11/Jul/2025:14:20:04 -0400] "GET /24ega20625.html HTTP/1.1" 404 23128 "-" "Mozilla/5.0 (compatible; DataForSeoBot/1.0; +https://dataforseo.com/dataforseo-bot)"
20.171.207.246 - - [11/Jul/2025:14:20:11 -0400] "GET /7qncu30352.html HTTP/1.1" 404 23128 "-" "Mozilla/5.0 AppleWebKit/537.36 (KHTML, like Gecko; compatible; GPTBot/1.2; +https://openai.com/gptbot)"
47.82.60.39 - - [11/Jul/2025:14:20:12 -0400] "GET /items/zfeuo239/46101?key=vacuum HTTP/1.1" 301 0 "https://www.dangroup.sa/items/zfeuo239/46101?key=vacuum" "Mozilla/5.0 (Windows NT 10.0; Win64; x64) AppleWebKit/537.36 (KHTML, like Gecko) Chrome/114.0.0.0 Safari/537.36 Edg/114.0.1823.43"
136.243.228.194 - - [11/Jul/2025:14:20:12 -0400] "GET /234cbz9187.html HTTP/1.1" 404 23128 "-" "Mozilla/5.0 (compatible; DataForSeoBot/1.0; +https://dataforseo.com/dataforseo-bot)"
47.82.60.43 - - [11/Jul/2025:14:20:12 -0400] "GET /items/qlemn274/1460?key=teenage HTTP/1.1" 404 23128 "https://dangroup.sa/items/qlemn274/1460?key=teenage" "Mozilla/5.0 (Windows NT 10.0; Win64; x64) AppleWebKit/537.36 (KHTML, like Gecko) Chrome/114.0.0.0 Safari/537.36 Edg/114.0.1823.43"
47.82.60.39 - - [11/Jul/2025:14:20:22 -0400] "GET /items/zfeuo239/46101?key=vacuum HTTP/1.1" 404 23128 "https://www.dangroup.sa/items/zfeuo239/46101?key=vacuum" "Mozilla/5.0 (Windows NT 10.0; Win64; x64) AppleWebKit/537.36 (KHTML, like Gecko) Chrome/114.0.0.0 Safari/537.36 Edg/114.0.1823.43"
136.243.228.194 - - [11/Jul/2025:14:20:25 -0400] "GET /283imms27120.html HTTP/1.1" 404 23128 "-" "Mozilla/5.0 (compatible; DataForSeoBot/1.0; +https://dataforseo.com/dataforseo-bot)"
136.243.228.194 - - [11/Jul/2025:14:20:33 -0400] "GET /items/zwnit188/49090?key=effectiveness HTTP/1.1" 404 23128 "-" "Mozilla/5.0 (compatible; DataForSeoBot/1.0; +https://dataforseo.com/dataforseo-bot)"
66.249.68.131 - - [11/Jul/2025:14:20:40 -0400] "GET /24lla85.html HTTP/1.1" 200 86911 "-" "Mozilla/5.0 (Linux; Android 6.0.1; Nexus 5X Build/MMB29P) AppleWebKit/537.36 (KHTML, like Gecko) Chrome/137.0.7151.103 Mobile Safari/537.36 (compatible; Googlebot/2.1; +http://www.google.com/bot.html)"
136.243.228.194 - - [11/Jul/2025:14:20:40 -0400] "GET /74sakp26995.html HTTP/1.1" 404 23128 "-" "Mozilla/5.0 (compatible; DataForSeoBot/1.0; +https://dataforseo.com/dataforseo-bot)"
136.243.228.194 - - [11/Jul/2025:14:20:46 -0400] "GET /items/mqbxp239/1225?key=skill HTTP/1.1" 404 23128 "-" "Mozilla/5.0 (compatible; DataForSeoBot/1.0; +https://dataforseo.com/dataforseo-bot)"
136.243.228.194 - - [11/Jul/2025:14:20:51 -0400] "GET /11nslp20472.html HTTP/1.1" 404 23128 "-" "Mozilla/5.0 (compatible; DataForSeoBot/1.0; +https://dataforseo.com/dataforseo-bot)"
136.243.228.194 - - [11/Jul/2025:14:20:58 -0400] "GET /items/ukqra9/12989?key=test HTTP/1.1" 404 23128 "-" "Mozilla/5.0 (compatible; DataForSeoBot/1.0; +https://dataforseo.com/dataforseo-bot)"
66.249.68.130 - - [11/Jul/2025:14:21:03 -0400] "GET /215xqqy17920.html HTTP/1.1" 200 86234 "-" "Mozilla/5.0 (Linux; Android 6.0.1; Nexus 5X Build/MMB29P) AppleWebKit/537.36 (KHTML, like Gecko) Chrome/137.0.7151.103 Mobile Safari/537.36 (compatible; GoogleOther)"
136.243.228.194 - - [11/Jul/2025:14:21:03 -0400] "GET /235yip24322.html HTTP/1.1" 404 23128 "-" "Mozilla/5.0 (compatible; DataForSeoBot/1.0; +https://dataforseo.com/dataforseo-bot)"
66.29.146.47 - - [11/Jul/2025:14:21:09 -0400] "POST /wp-cron.php?doing_wp_cron=1752258069.6557919979095458984375 HTTP/1.1" 403 1242 "-" "WordPress/6.8; https://dangroup.sa"
136.243.228.194 - - [11/Jul/2025:14:21:09 -0400] "GET /67boptc9430.html HTTP/1.1" 404 23128 "-" "Mozilla/5.0 (compatible; DataForSeoBot/1.0; +https://dataforseo.com/dataforseo-bot)"
20.171.207.246 - - [11/Jul/2025:14:21:13 -0400] "GET /47ncyj5294.html HTTP/1.1" 404 23128 "-" "Mozilla/5.0 AppleWebKit/537.36 (KHTML, like Gecko; compatible; GPTBot/1.2; +https://openai.com/gptbot)"
136.243.228.194 - - [11/Jul/2025:14:21:14 -0400] "GET /items/zchih158/9772?key=integrity HTTP/1.1" 404 23128 "-" "Mozilla/5.0 (compatible; DataForSeoBot/1.0; +https://dataforseo.com/dataforseo-bot)"
66.249.68.129 - - [11/Jul/2025:14:21:18 -0400] "GET /items/vundd220/12872?key=international HTTP/1.1" 200 86485 "-" "Mozilla/5.0 (Linux; Android 6.0.1; Nexus 5X Build/MMB29P) AppleWebKit/537.36 (KHTML, like Gecko) Chrome/137.0.7151.103 Mobile Safari/537.36 (compatible; Googlebot/2.1; +http://www.google.com/bot.html)"
136.243.228.194 - - [11/Jul/2025:14:21:20 -0400] "GET /items/xxhwk29/21143?key=band HTTP/1.1" 404 23128 "-" "Mozilla/5.0 (compatible; DataForSeoBot/1.0; +https://dataforseo.com/dataforseo-bot)"
136.243.228.194 - - [11/Jul/2025:14:21:25 -0400] "GET /178ouivv9069.html HTTP/1.1" 404 23128 "-" "Mozilla/5.0 (compatible; DataForSeoBot/1.0; +https://dataforseo.com/dataforseo-bot)"
136.243.228.194 - - [11/Jul/2025:14:21:33 -0400] "GET /items/wxuyw120/39616?key=explain HTTP/1.1" 404 23128 "-" "Mozilla/5.0 (compatible; DataForSeoBot/1.0; +https://dataforseo.com/dataforseo-bot)"
136.243.228.194 - - [11/Jul/2025:14:21:38 -0400] "GET /176szymt18007.html HTTP/1.1" 404 23128 "-" "Mozilla/5.0 (compatible; DataForSeoBot/1.0; +https://dataforseo.com/dataforseo-bot)"
47.82.60.49 - - [11/Jul/2025:14:21:42 -0400] "GET /229zsyf40570.html HTTP/1.1" 404 23128 "https://dangroup.sa/229zsyf40570.html" "Mozilla/5.0 (Windows NT 10.0; Win64; x64) AppleWebKit/537.36 (KHTML, like Gecko) Chrome/114.0.0.0 Safari/537.36 Edg/114.0.1823.43"
136.243.228.194 - - [11/Jul/2025:14:21:44 -0400] "GET /29exa4950.html HTTP/1.1" 404 23128 "-" "Mozilla/5.0 (compatible; DataForSeoBot/1.0; +https://dataforseo.com/dataforseo-bot)"
66.249.68.129 - - [11/Jul/2025:14:21:56 -0400] "GET /items/meppu232/22178?key=conflict HTTP/1.1" 200 86596 "-" "Mozilla/5.0 (Linux; Android 6.0.1; Nexus 5X Build/MMB29P) AppleWebKit/537.36 (KHTML, like Gecko) Chrome/137.0.7151.103 Mobile Safari/537.36 (compatible; Googlebot/2.1; +http://www.google.com/bot.html)"
136.243.228.194 - - [11/Jul/2025:14:21:53 -0400] "GET /items/fyeyr96/200?key=desire HTTP/1.1" 404 23128 "-" "Mozilla/5.0 (compatible; DataForSeoBot/1.0; +https://dataforseo.com/dataforseo-bot)"
47.82.60.47 - - [11/Jul/2025:14:21:56 -0400] "GET /items/jvbrc210/28478?key=railroad HTTP/1.1" 404 23130 "https://dangroup.sa/items/jvbrc210/28478?key=railroad" "Mozilla/5.0 (Windows NT 10.0; Win64; x64) AppleWebKit/537.36 (KHTML, like Gecko) Chrome/114.0.0.0 Safari/537.36 Edg/114.0.1823.43"
47.82.60.44 - - [11/Jul/2025:14:21:58 -0400] "GET /pcmypage?callback=product/detail/rcmdse-tm-2218488 HTTP/1.1" 404 23128 "https://dangroup.sa/pcmypage?callback=product%2Fdetail%2Frcmdse-tm-2218488" "Mozilla/5.0 (Windows NT 10.0; Win64; x64) AppleWebKit/537.36 (KHTML, like Gecko) Chrome/114.0.0.0 Safari/537.36 Edg/114.0.1823.43"
136.243.228.194 - - [11/Jul/2025:14:22:03 -0400] "GET /items/hiukq124/34668?key=clothes HTTP/1.1" 404 23128 "-" "Mozilla/5.0 (compatible; DataForSeoBot/1.0; +https://dataforseo.com/dataforseo-bot)"
66.29.146.47 - - [11/Jul/2025:14:22:15 -0400] "POST /wp-cron.php?doing_wp_cron=1752258135.0649681091308593750000 HTTP/1.1" 403 1242 "-" "WordPress/6.8; https://dangroup.sa"
66.29.146.47 - - [11/Jul/2025:14:22:15 -0400] "POST /wp-cron.php?doing_wp_cron=1752258135.1305251121520996093750 HTTP/1.1" 403 1242 "-" "WordPress/6.8; https://dangroup.sa"
136.243.228.194 - - [11/Jul/2025:14:22:14 -0400] "GET /items/chwns286/43140?key=breathing HTTP/1.1" 404 23128 "-" "Mozilla/5.0 (compatible; DataForSeoBot/1.0; +https://dataforseo.com/dataforseo-bot)"
47.82.60.32 - - [11/Jul/2025:14:22:14 -0400] "GET /items/soxbo268/15762?key=counselor HTTP/1.1" 404 23128 "https://dangroup.sa/items/soxbo268/15762?key=counselor" "Mozilla/5.0 (Windows NT 10.0; Win64; x64) AppleWebKit/537.36 (KHTML, like Gecko) Chrome/114.0.0.0 Safari/537.36 Edg/114.0.1823.43"
20.171.207.246 - - [11/Jul/2025:14:22:15 -0400] "GET /27dbws2498.html HTTP/1.1" 404 23128 "-" "Mozilla/5.0 AppleWebKit/537.36 (KHTML, like Gecko; compatible; GPTBot/1.2; +https://openai.com/gptbot)"
136.243.228.194 - - [11/Jul/2025:14:22:22 -0400] "GET /items/untvw94/18436?key=coach HTTP/1.1" 404 23128 "-" "Mozilla/5.0 (compatible; DataForSeoBot/1.0; +https://dataforseo.com/dataforseo-bot)"
47.82.60.44 - - [11/Jul/2025:14:22:26 -0400] "GET /items/hfpyn111/21883?key=yeah HTTP/1.1" 301 0 "https://www.dangroup.sa/items/hfpyn111/21883?key=yeah" "Mozilla/5.0 (Windows NT 10.0; Win64; x64) AppleWebKit/537.36 (KHTML, like Gecko) Chrome/114.0.0.0 Safari/537.36 Edg/114.0.1823.43"
47.82.60.44 - - [11/Jul/2025:14:22:27 -0400] "GET /items/hfpyn111/21883?key=yeah HTTP/1.1" 404 23128 "https://www.dangroup.sa/items/hfpyn111/21883?key=yeah" "Mozilla/5.0 (Windows NT 10.0; Win64; x64) AppleWebKit/537.36 (KHTML, like Gecko) Chrome/114.0.0.0 Safari/537.36 Edg/114.0.1823.43"
136.243.228.194 - - [11/Jul/2025:14:22:28 -0400] "GET /items/hsfwm292/8410?key=my HTTP/1.1" 404 23128 "-" "Mozilla/5.0 (compatible; DataForSeoBot/1.0; +https://dataforseo.com/dataforseo-bot)"
66.249.68.129 - - [11/Jul/2025:14:22:34 -0400] "GET /items/nygau234/19328?key=survive HTTP/1.1" 200 87373 "-" "Mozilla/5.0 (Linux; Android 6.0.1; Nexus 5X Build/MMB29P) AppleWebKit/537.36 (KHTML, like Gecko) Chrome/137.0.7151.103 Mobile Safari/537.36 (compatible; Googlebot/2.1; +http://www.google.com/bot.html)"
47.82.60.13 - - [11/Jul/2025:14:22:35 -0400] "GET /items/vkkjz80/1824?key=commercial HTTP/1.1" 301 0 "https://www.dangroup.sa/items/vkkjz80/1824?key=commercial" "Mozilla/5.0 (Windows NT 10.0; Win64; x64) AppleWebKit/537.36 (KHTML, like Gecko) Chrome/114.0.0.0 Safari/537.36 Edg/114.0.1823.43"
136.243.228.194 - - [11/Jul/2025:14:22:36 -0400] "GET /82iaf29401.html HTTP/1.1" 404 23128 "-" "Mozilla/5.0 (compatible; DataForSeoBot/1.0; +https://dataforseo.com/dataforseo-bot)"
47.82.60.13 - - [11/Jul/2025:14:22:38 -0400] "GET /items/vkkjz80/1824?key=commercial HTTP/1.1" 404 23128 "https://www.dangroup.sa/items/vkkjz80/1824?key=commercial" "Mozilla/5.0 (Windows NT 10.0; Win64; x64) AppleWebKit/537.36 (KHTML, like Gecko) Chrome/114.0.0.0 Safari/537.36 Edg/114.0.1823.43"
136.243.228.194 - - [11/Jul/2025:14:22:44 -0400] "GET /275txczf25328.html HTTP/1.1" 404 23128 "-" "Mozilla/5.0 (compatible; DataForSeoBot/1.0; +https://dataforseo.com/dataforseo-bot)"
47.82.60.37 - - [11/Jul/2025:14:22:47 -0400] "GET /pcmypage?callback=product/review/dcmonline-752990 HTTP/1.1" 301 0 "https://www.dangroup.sa/pcmypage?callback=product/review/dcmonline-752990" "Mozilla/5.0 (Windows NT 10.0; Win64; x64) AppleWebKit/537.36 (KHTML, like Gecko) Chrome/114.0.0.0 Safari/537.36 Edg/114.0.1823.43"
136.243.228.194 - - [11/Jul/2025:14:22:48 -0400] "GET /items/ffaqh78/10164?key=introduce HTTP/1.1" 404 23128 "-" "Mozilla/5.0 (compatible; DataForSeoBot/1.0; +https://dataforseo.com/dataforseo-bot)"
47.82.60.37 - - [11/Jul/2025:14:22:50 -0400] "GET /pcmypage?callback=product/review/dcmonline-752990 HTTP/1.1" 404 23128 "https://www.dangroup.sa/pcmypage?callback=product/review/dcmonline-752990" "Mozilla/5.0 (Windows NT 10.0; Win64; x64) AppleWebKit/537.36 (KHTML, like Gecko) Chrome/114.0.0.0 Safari/537.36 Edg/114.0.1823.43"
136.243.228.194 - - [11/Jul/2025:14:22:55 -0400] "GET /251fpqn21596.html HTTP/1.1" 404 23128 "-" "Mozilla/5.0 (compatible; DataForSeoBot/1.0; +https://dataforseo.com/dataforseo-bot)"
136.243.228.194 - - [11/Jul/2025:14:23:00 -0400] "GET /228fnvz31875.html HTTP/1.1" 404 23128 "-" "Mozilla/5.0 (compatible; DataForSeoBot/1.0; +https://dataforseo.com/dataforseo-bot)"
136.243.228.194 - - [11/Jul/2025:14:23:04 -0400] "GET /140gij45383.html HTTP/1.1" 404 23128 "-" "Mozilla/5.0 (compatible; DataForSeoBot/1.0; +https://dataforseo.com/dataforseo-bot)"
136.243.228.194 - - [11/Jul/2025:14:23:11 -0400] "GET /items/cdxhk127/36519?key=tragic HTTP/1.1" 404 23128 "-" "Mozilla/5.0 (compatible; DataForSeoBot/1.0; +https://dataforseo.com/dataforseo-bot)"
66.29.146.47 - - [11/Jul/2025:14:23:17 -0400] "POST /wp-cron.php?doing_wp_cron=1752258197.1833450794219970703125 HTTP/1.1" 403 1242 "-" "WordPress/6.8; https://dangroup.sa"
136.243.228.194 - - [11/Jul/2025:14:23:16 -0400] "GET /items/lalux131/33369?key=voter HTTP/1.1" 404 23128 "-" "Mozilla/5.0 (compatible; DataForSeoBot/1.0; +https://dataforseo.com/dataforseo-bot)"
20.171.207.246 - - [11/Jul/2025:14:23:18 -0400] "GET /73bdag9982.html HTTP/1.1" 404 23128 "-" "Mozilla/5.0 AppleWebKit/537.36 (KHTML, like Gecko; compatible; GPTBot/1.2; +https://openai.com/gptbot)"
136.243.228.194 - - [11/Jul/2025:14:23:21 -0400] "GET /88ybdh17769.html HTTP/1.1" 404 23128 "-" "Mozilla/5.0 (compatible; DataForSeoBot/1.0; +https://dataforseo.com/dataforseo-bot)"
136.243.228.194 - - [11/Jul/2025:14:23:27 -0400] "GET /items/dzcob132/39196?key=plunge HTTP/1.1" 404 23128 "-" "Mozilla/5.0 (compatible; DataForSeoBot/1.0; +https://dataforseo.com/dataforseo-bot)"
47.82.60.37 - - [11/Jul/2025:14:23:33 -0400] "GET /items/vvtpk235/20235?key=complex HTTP/1.1" 301 0 "https://www.dangroup.sa/items/vvtpk235/20235?key=complex" "Mozilla/5.0 (Windows NT 10.0; Win64; x64) AppleWebKit/537.36 (KHTML, like Gecko) Chrome/114.0.0.0 Safari/537.36 Edg/114.0.1823.43"
136.243.228.194 - - [11/Jul/2025:14:23:33 -0400] "GET /items/krkmi273/13759?key=roll HTTP/1.1" 404 23128 "-" "Mozilla/5.0 (compatible; DataForSeoBot/1.0; +https://dataforseo.com/dataforseo-bot)"
47.82.60.37 - - [11/Jul/2025:14:23:35 -0400] "GET /items/vvtpk235/20235?key=complex HTTP/1.1" 404 23128 "https://www.dangroup.sa/items/vvtpk235/20235?key=complex" "Mozilla/5.0 (Windows NT 10.0; Win64; x64) AppleWebKit/537.36 (KHTML, like Gecko) Chrome/114.0.0.0 Safari/537.36 Edg/114.0.1823.43"
47.82.60.43 - - [11/Jul/2025:14:23:42 -0400] "GET /items/bmmxd155/47471?key=blessing HTTP/1.1" 404 23128 "https://dangroup.sa/items/bmmxd155/47471?key=blessing" "Mozilla/5.0 (Windows NT 10.0; Win64; x64) AppleWebKit/537.36 (KHTML, like Gecko) Chrome/114.0.0.0 Safari/537.36 Edg/114.0.1823.43"
136.243.228.194 - - [11/Jul/2025:14:23:44 -0400] "GET /items/ybluq29/38433?key=highway HTTP/1.1" 404 23128 "-" "Mozilla/5.0 (compatible; DataForSeoBot/1.0; +https://dataforseo.com/dataforseo-bot)"
47.82.60.15 - - [11/Jul/2025:14:23:55 -0400] "GET /items/ntrlq71/16293?key=violence HTTP/1.1" 404 23128 "https://dangroup.sa/items/ntrlq71/16293?key=violence" "Mozilla/5.0 (Windows NT 10.0; Win64; x64) AppleWebKit/537.36 (KHTML, like Gecko) Chrome/114.0.0.0 Safari/537.36 Edg/114.0.1823.43"
136.243.228.194 - - [11/Jul/2025:14:23:57 -0400] "GET /143ctrl44842.html HTTP/1.1" 404 23128 "-" "Mozilla/5.0 (compatible; DataForSeoBot/1.0; +https://dataforseo.com/dataforseo-bot)"
136.243.228.194 - - [11/Jul/2025:14:24:08 -0400] "GET /items/gfzpw105/28123?key=vanish HTTP/1.1" 404 23128 "-" "Mozilla/5.0 (compatible; DataForSeoBot/1.0; +https://dataforseo.com/dataforseo-bot)"
136.243.228.194 - - [11/Jul/2025:14:24:15 -0400] "GET /78flwrr26585.html HTTP/1.1" 404 23128 "-" "Mozilla/5.0 (compatible; DataForSeoBot/1.0; +https://dataforseo.com/dataforseo-bot)"
66.29.146.47 - - [11/Jul/2025:14:24:21 -0400] "POST /wp-cron.php?doing_wp_cron=1752258261.7649509906768798828125 HTTP/1.1" 403 1242 "-" "WordPress/6.8; https://dangroup.sa"
66.29.146.47 - - [11/Jul/2025:14:24:22 -0400] "POST /wp-cron.php?doing_wp_cron=1752258261.7622699737548828125000 HTTP/1.1" 403 1242 "-" "WordPress/6.8; https://dangroup.sa"
20.171.207.246 - - [11/Jul/2025:14:24:21 -0400] "GET /56rkqd4815.html HTTP/1.1" 404 23128 "-" "Mozilla/5.0 AppleWebKit/537.36 (KHTML, like Gecko; compatible; GPTBot/1.2; +https://openai.com/gptbot)"
136.243.228.194 - - [11/Jul/2025:14:24:20 -0400] "GET /items/zgxmo260/40260?key=charter HTTP/1.1" 404 23128 "-" "Mozilla/5.0 (compatible; DataForSeoBot/1.0; +https://dataforseo.com/dataforseo-bot)"
136.243.228.194 - - [11/Jul/2025:14:24:27 -0400] "GET /items/scqkk62/11660?key=suck HTTP/1.1" 404 23128 "-" "Mozilla/5.0 (compatible; DataForSeoBot/1.0; +https://dataforseo.com/dataforseo-bot)"
136.243.228.194 - - [11/Jul/2025:14:24:32 -0400] "GET /items/yuvpe193/21125?key=suck HTTP/1.1" 404 23128 "-" "Mozilla/5.0 (compatible; DataForSeoBot/1.0; +https://dataforseo.com/dataforseo-bot)"
136.243.228.194 - - [11/Jul/2025:14:24:37 -0400] "GET /286bdlrc39409.html HTTP/1.1" 404 23128 "-" "Mozilla/5.0 (compatible; DataForSeoBot/1.0; +https://dataforseo.com/dataforseo-bot)"
47.82.60.22 - - [11/Jul/2025:14:24:41 -0400] "GET /items/wxtsm114/12420?key=integration HTTP/1.1" 404 23128 "https://dangroup.sa/items/wxtsm114/12420?key=integration" "Mozilla/5.0 (Windows NT 10.0; Win64; x64) AppleWebKit/537.36 (KHTML, like Gecko) Chrome/114.0.0.0 Safari/537.36 Edg/114.0.1823.43"
136.243.228.194 - - [11/Jul/2025:14:24:43 -0400] "GET /289kkhf49646.html HTTP/1.1" 404 23128 "-" "Mozilla/5.0 (compatible; DataForSeoBot/1.0; +https://dataforseo.com/dataforseo-bot)"
136.243.228.194 - - [11/Jul/2025:14:24:48 -0400] "GET /items/nwroj187/5727?key=prospect HTTP/1.1" 404 23128 "-" "Mozilla/5.0 (compatible; DataForSeoBot/1.0; +https://dataforseo.com/dataforseo-bot)"
47.82.60.5 - - [11/Jul/2025:14:24:52 -0400] "GET /items/yjtbi272/42014?key=puzzle HTTP/1.1" 404 23128 "https://dangroup.sa/items/yjtbi272/42014?key=puzzle" "Mozilla/5.0 (Windows NT 10.0; Win64; x64) AppleWebKit/537.36 (KHTML, like Gecko) Chrome/114.0.0.0 Safari/537.36 Edg/114.0.1823.43"
136.243.228.194 - - [11/Jul/2025:14:24:53 -0400] "GET /46rsv22501.html HTTP/1.1" 404 23128 "-" "Mozilla/5.0 (compatible; DataForSeoBot/1.0; +https://dataforseo.com/dataforseo-bot)"
136.243.228.194 - - [11/Jul/2025:14:25:00 -0400] "GET /34cbngu3093.html HTTP/1.1" 404 23128 "-" "Mozilla/5.0 (compatible; DataForSeoBot/1.0; +https://dataforseo.com/dataforseo-bot)"
136.243.228.194 - - [11/Jul/2025:14:25:05 -0400] "GET /items/vvmax150/49220?key=diverse HTTP/1.1" 404 23128 "-" "Mozilla/5.0 (compatible; DataForSeoBot/1.0; +https://dataforseo.com/dataforseo-bot)"
136.243.228.194 - - [11/Jul/2025:14:25:12 -0400] "GET /items/csdxs151/18635?key=accident HTTP/1.1" 404 23128 "-" "Mozilla/5.0 (compatible; DataForSeoBot/1.0; +https://dataforseo.com/dataforseo-bot)"
66.29.146.47 - - [11/Jul/2025:14:25:26 -0400] "POST /wp-cron.php?doing_wp_cron=1752258325.6651029586791992187500 HTTP/1.1" 403 1242 "-" "WordPress/6.8; https://dangroup.sa"
136.243.228.194 - - [11/Jul/2025:14:25:20 -0400] "GET /items/ebxrq253/3705?key=democracy HTTP/1.1" 404 23128 "-" "Mozilla/5.0 (compatible; DataForSeoBot/1.0; +https://dataforseo.com/dataforseo-bot)"
20.171.207.246 - - [11/Jul/2025:14:25:23 -0400] "GET /40nysw3507.html HTTP/1.1" 404 23128 "-" "Mozilla/5.0 AppleWebKit/537.36 (KHTML, like Gecko; compatible; GPTBot/1.2; +https://openai.com/gptbot)"
136.243.228.194 - - [11/Jul/2025:14:25:28 -0400] "GET /159emas42604.html HTTP/1.1" 404 23128 "-" "Mozilla/5.0 (compatible; DataForSeoBot/1.0; +https://dataforseo.com/dataforseo-bot)"
136.243.228.194 - - [11/Jul/2025:14:25:38 -0400] "GET /183tlx41068.html HTTP/1.1" 404 23128 "-" "Mozilla/5.0 (compatible; DataForSeoBot/1.0; +https://dataforseo.com/dataforseo-bot)"
136.243.228.194 - - [11/Jul/2025:14:25:46 -0400] "GET /items/uogps181/33771?key=opt HTTP/1.1" 404 23128 "-" "Mozilla/5.0 (compatible; DataForSeoBot/1.0; +https://dataforseo.com/dataforseo-bot)"
136.243.228.194 - - [11/Jul/2025:14:25:50 -0400] "GET /items/szifv255/24447?key=grape HTTP/1.1" 404 23128 "-" "Mozilla/5.0 (compatible; DataForSeoBot/1.0; +https://dataforseo.com/dataforseo-bot)"
136.243.228.194 - - [11/Jul/2025:14:25:55 -0400] "GET /107vfwqo12942.html HTTP/1.1" 404 23128 "-" "Mozilla/5.0 (compatible; DataForSeoBot/1.0; +https://dataforseo.com/dataforseo-bot)"
136.243.228.194 - - [11/Jul/2025:14:26:01 -0400] "GET /items/waxbk42/37546?key=candidate HTTP/1.1" 404 23128 "-" "Mozilla/5.0 (compatible; DataForSeoBot/1.0; +https://dataforseo.com/dataforseo-bot)"
136.243.228.194 - - [11/Jul/2025:14:26:06 -0400] "GET /items/kxuvc264/43746?key=hockey HTTP/1.1" 404 23130 "-" "Mozilla/5.0 (compatible; DataForSeoBot/1.0; +https://dataforseo.com/dataforseo-bot)"
66.249.68.131 - - [11/Jul/2025:14:26:11 -0400] "GET /product/edit/valuecare-vc-tr-4566802 HTTP/1.1" 200 86461 "-" "Mozilla/5.0 (Linux; Android 6.0.1; Nexus 5X Build/MMB29P) AppleWebKit/537.36 (KHTML, like Gecko) Chrome/137.0.7151.103 Mobile Safari/537.36 (compatible; Googlebot/2.1; +http://www.google.com/bot.html)"
136.243.228.194 - - [11/Jul/2025:14:26:10 -0400] "GET /271sumy6418.html HTTP/1.1" 404 23128 "-" "Mozilla/5.0 (compatible; DataForSeoBot/1.0; +https://dataforseo.com/dataforseo-bot)"
136.243.228.194 - - [11/Jul/2025:14:26:15 -0400] "GET /137zubuo25168.html HTTP/1.1" 404 23130 "-" "Mozilla/5.0 (compatible; DataForSeoBot/1.0; +https://dataforseo.com/dataforseo-bot)"
136.243.228.194 - - [11/Jul/2025:14:26:21 -0400] "GET /104udizz34331.html HTTP/1.1" 404 23128 "-" "Mozilla/5.0 (compatible; DataForSeoBot/1.0; +https://dataforseo.com/dataforseo-bot)"
66.29.146.47 - - [11/Jul/2025:14:26:27 -0400] "POST /wp-cron.php?doing_wp_cron=1752258387.0793120861053466796875 HTTP/1.1" 403 1242 "-" "WordPress/6.8; https://dangroup.sa"
136.243.228.194 - - [11/Jul/2025:14:26:26 -0400] "GET /187zqma8878.html HTTP/1.1" 404 23128 "-" "Mozilla/5.0 (compatible; DataForSeoBot/1.0; +https://dataforseo.com/dataforseo-bot)"
20.171.207.246 - - [11/Jul/2025:14:26:27 -0400] "GET /192nwyu395.html HTTP/1.1" 404 23130 "-" "Mozilla/5.0 AppleWebKit/537.36 (KHTML, like Gecko; compatible; GPTBot/1.2; +https://openai.com/gptbot)"
136.243.228.194 - - [11/Jul/2025:14:26:32 -0400] "GET /items/dwfsa22/42774?key=nearly HTTP/1.1" 404 23128 "-" "Mozilla/5.0 (compatible; DataForSeoBot/1.0; +https://dataforseo.com/dataforseo-bot)"
136.243.228.194 - - [11/Jul/2025:14:26:38 -0400] "GET /163ahabi412.html HTTP/1.1" 404 23130 "-" "Mozilla/5.0 (compatible; DataForSeoBot/1.0; +https://dataforseo.com/dataforseo-bot)"
136.243.228.194 - - [11/Jul/2025:14:26:43 -0400] "GET /159qlh30150.html HTTP/1.1" 404 23128 "-" "Mozilla/5.0 (compatible; DataForSeoBot/1.0; +https://dataforseo.com/dataforseo-bot)"
136.243.228.194 - - [11/Jul/2025:14:26:48 -0400] "GET /items/pizcd107/5113?key=strict HTTP/1.1" 404 23128 "-" "Mozilla/5.0 (compatible; DataForSeoBot/1.0; +https://dataforseo.com/dataforseo-bot)"
136.243.228.194 - - [11/Jul/2025:14:26:55 -0400] "GET /items/tpjlg242/35834?key=scream HTTP/1.1" 404 23128 "-" "Mozilla/5.0 (compatible; DataForSeoBot/1.0; +https://dataforseo.com/dataforseo-bot)"
136.243.228.194 - - [11/Jul/2025:14:27:06 -0400] "GET /items/mujxu137/2599?key=trail HTTP/1.1" 404 23128 "-" "Mozilla/5.0 (compatible; DataForSeoBot/1.0; +https://dataforseo.com/dataforseo-bot)"
136.243.228.194 - - [11/Jul/2025:14:27:15 -0400] "GET /120nsyhp37913.html HTTP/1.1" 404 23128 "-" "Mozilla/5.0 (compatible; DataForSeoBot/1.0; +https://dataforseo.com/dataforseo-bot)"
69.197.182.50 - - [11/Jul/2025:14:27:20 -0400] "GET /wp-content/install.php HTTP/1.1" 200 10 "https://dangroup.sa/wp-content/install.php" "Mozilla/5.0 (Windows NT 10.0; Win64; x64) AppleWebKit/537.36 (KHTML, like Gecko) Chrome/58.0.3029.110 Safari/537.3"
136.243.228.194 - - [11/Jul/2025:14:27:22 -0400] "GET /126chzg34871.html HTTP/1.1" 404 23128 "-" "Mozilla/5.0 (compatible; DataForSeoBot/1.0; +https://dataforseo.com/dataforseo-bot)"
66.249.68.132 - - [11/Jul/2025:14:27:27 -0400] "GET /items/dpwnb35/22405?key=city HTTP/1.1" 200 87068 "-" "Mozilla/5.0 (Linux; Android 6.0.1; Nexus 5X Build/MMB29P) AppleWebKit/537.36 (KHTML, like Gecko) Chrome/137.0.7151.103 Mobile Safari/537.36 (compatible; Googlebot/2.1; +http://www.google.com/bot.html)"
66.29.146.47 - - [11/Jul/2025:14:27:31 -0400] "POST /wp-cron.php?doing_wp_cron=1752258450.9413230419158935546875 HTTP/1.1" 403 1242 "-" "WordPress/6.8; https://dangroup.sa"
136.243.228.194 - - [11/Jul/2025:14:27:30 -0400] "GET /203hqae25684.html HTTP/1.1" 404 23128 "-" "Mozilla/5.0 (compatible; DataForSeoBot/1.0; +https://dataforseo.com/dataforseo-bot)"
20.171.207.246 - - [11/Jul/2025:14:27:32 -0400] "GET /9ziax49218.html HTTP/1.1" 404 23128 "-" "Mozilla/5.0 AppleWebKit/537.36 (KHTML, like Gecko; compatible; GPTBot/1.2; +https://openai.com/gptbot)"
51.222.253.12 - - [11/Jul/2025:14:27:34 -0400] "GET /en/career-details-dark/ HTTP/1.1" 200 28778 "-" "Mozilla/5.0 (compatible; AhrefsBot/7.0; +http://ahrefs.com/robot/)"
136.243.228.194 - - [11/Jul/2025:14:27:38 -0400] "GET /37qkrmu42668.html HTTP/1.1" 404 23128 "-" "Mozilla/5.0 (compatible; DataForSeoBot/1.0; +https://dataforseo.com/dataforseo-bot)"
136.243.228.194 - - [11/Jul/2025:14:27:46 -0400] "GET /items/mnbmh101/14215?key=sector HTTP/1.1" 404 23128 "-" "Mozilla/5.0 (compatible; DataForSeoBot/1.0; +https://dataforseo.com/dataforseo-bot)"
51.222.253.17 - - [11/Jul/2025:14:27:51 -0400] "GET /wp-content/uploads/elementor/css/post-6481.css?ver=1749147984 HTTP/1.1" 200 2672 "-" "Mozilla/5.0 (compatible; AhrefsBot/7.0; +http://ahrefs.com/robot/)"
136.243.228.194 - - [11/Jul/2025:14:27:51 -0400] "GET /27lmg12530.html HTTP/1.1" 404 23128 "-" "Mozilla/5.0 (compatible; DataForSeoBot/1.0; +https://dataforseo.com/dataforseo-bot)"
136.243.228.194 - - [11/Jul/2025:14:27:58 -0400] "GET /items/yhsbf237/3805?key=shopping HTTP/1.1" 404 23128 "-" "Mozilla/5.0 (compatible; DataForSeoBot/1.0; +https://dataforseo.com/dataforseo-bot)"
66.249.68.134 - - [11/Jul/2025:14:28:04 -0400] "GET /pcmypage?callback=product%2Fdetail%2Favenue-tokyo-70001285 HTTP/1.1" 200 87223 "-" "Mozilla/5.0 (Linux; Android 6.0.1; Nexus 5X Build/MMB29P) AppleWebKit/537.36 (KHTML, like Gecko) Chrome/137.0.7151.103 Mobile Safari/537.36 (compatible; Googlebot/2.1; +http://www.google.com/bot.html)"
136.243.228.194 - - [11/Jul/2025:14:28:02 -0400] "GET /164raif4189.html HTTP/1.1" 404 23128 "-" "Mozilla/5.0 (compatible; DataForSeoBot/1.0; +https://dataforseo.com/dataforseo-bot)"
136.243.228.194 - - [11/Jul/2025:14:28:08 -0400] "GET /items/uidil156/30764?key=somebody HTTP/1.1" 404 23130 "-" "Mozilla/5.0 (compatible; DataForSeoBot/1.0; +https://dataforseo.com/dataforseo-bot)"
66.249.68.132 - - [11/Jul/2025:14:28:12 -0400] "GET /138anhzs44589.html HTTP/1.1" 200 87523 "-" "Mozilla/5.0 (Linux; Android 6.0.1; Nexus 5X Build/MMB29P) AppleWebKit/537.36 (KHTML, like Gecko) Chrome/137.0.7151.103 Mobile Safari/537.36 (compatible; Googlebot/2.1; +http://www.google.com/bot.html)"
136.243.228.194 - - [11/Jul/2025:14:28:13 -0400] "GET /items/rjzpj75/25521?key=hair HTTP/1.1" 404 23128 "-" "Mozilla/5.0 (compatible; DataForSeoBot/1.0; +https://dataforseo.com/dataforseo-bot)"
136.243.228.194 - - [11/Jul/2025:14:28:17 -0400] "GET /items/hbmek10/23102?key=eating HTTP/1.1" 404 23128 "-" "Mozilla/5.0 (compatible; DataForSeoBot/1.0; +https://dataforseo.com/dataforseo-bot)"
136.243.228.194 - - [11/Jul/2025:14:28:22 -0400] "GET /42qdxe21599.html HTTP/1.1" 404 23128 "-" "Mozilla/5.0 (compatible; DataForSeoBot/1.0; +https://dataforseo.com/dataforseo-bot)"
136.243.228.194 - - [11/Jul/2025:14:28:28 -0400] "GET /217ejujr16206.html HTTP/1.1" 404 23128 "-" "Mozilla/5.0 (compatible; DataForSeoBot/1.0; +https://dataforseo.com/dataforseo-bot)"
66.29.146.47 - - [11/Jul/2025:14:28:38 -0400] "POST /wp-cron.php?doing_wp_cron=1752258517.4672439098358154296875 HTTP/1.1" 403 1242 "-" "WordPress/6.8; https://dangroup.sa"
66.29.146.47 - - [11/Jul/2025:14:28:38 -0400] "POST /wp-cron.php?doing_wp_cron=1752258518.1614830493927001953125 HTTP/1.1" 403 1242 "-" "WordPress/6.8; https://dangroup.sa"
136.243.228.194 - - [11/Jul/2025:14:28:37 -0400] "GET /233ruh29778.html HTTP/1.1" 404 23128 "-" "Mozilla/5.0 (compatible; DataForSeoBot/1.0; +https://dataforseo.com/dataforseo-bot)"
20.171.207.246 - - [11/Jul/2025:14:28:36 -0400] "GET /5wfma21764.html HTTP/1.1" 404 23128 "-" "Mozilla/5.0 AppleWebKit/537.36 (KHTML, like Gecko; compatible; GPTBot/1.2; +https://openai.com/gptbot)"
136.243.228.194 - - [11/Jul/2025:14:28:48 -0400] "GET /184tnpx22387.html HTTP/1.1" 404 23128 "-" "Mozilla/5.0 (compatible; DataForSeoBot/1.0; +https://dataforseo.com/dataforseo-bot)"
136.243.228.194 - - [11/Jul/2025:14:28:55 -0400] "GET /261myuot7470.html HTTP/1.1" 404 23128 "-" "Mozilla/5.0 (compatible; DataForSeoBot/1.0; +https://dataforseo.com/dataforseo-bot)"
136.243.228.194 - - [11/Jul/2025:14:29:00 -0400] "GET /items/yikqb41/30855?key=dessert HTTP/1.1" 404 23128 "-" "Mozilla/5.0 (compatible; DataForSeoBot/1.0; +https://dataforseo.com/dataforseo-bot)"
136.243.228.194 - - [11/Jul/2025:14:29:04 -0400] "GET /43enl23864.html HTTP/1.1" 404 23128 "-" "Mozilla/5.0 (compatible; DataForSeoBot/1.0; +https://dataforseo.com/dataforseo-bot)"
136.243.228.194 - - [11/Jul/2025:14:29:09 -0400] "GET /items/zkstb71/24579?key=difficult HTTP/1.1" 404 23128 "-" "Mozilla/5.0 (compatible; DataForSeoBot/1.0; +https://dataforseo.com/dataforseo-bot)"
136.243.228.194 - - [11/Jul/2025:14:29:15 -0400] "GET /items/haxso197/24077?key=epidemic HTTP/1.1" 404 23128 "-" "Mozilla/5.0 (compatible; DataForSeoBot/1.0; +https://dataforseo.com/dataforseo-bot)"
136.243.228.194 - - [11/Jul/2025:14:29:20 -0400] "GET /items/rkwyz108/4288?key=trade HTTP/1.1" 404 23128 "-" "Mozilla/5.0 (compatible; DataForSeoBot/1.0; +https://dataforseo.com/dataforseo-bot)"
136.243.228.194 - - [11/Jul/2025:14:29:24 -0400] "GET /117oln16392.html HTTP/1.1" 404 23128 "-" "Mozilla/5.0 (compatible; DataForSeoBot/1.0; +https://dataforseo.com/dataforseo-bot)"
136.243.228.194 - - [11/Jul/2025:14:29:28 -0400] "GET /items/kkkrg136/46256?key=modest HTTP/1.1" 404 23128 "-" "Mozilla/5.0 (compatible; DataForSeoBot/1.0; +https://dataforseo.com/dataforseo-bot)"
136.243.228.194 - - [11/Jul/2025:14:29:34 -0400] "GET /items/ykhia251/3647?key=repeat HTTP/1.1" 404 23128 "-" "Mozilla/5.0 (compatible; DataForSeoBot/1.0; +https://dataforseo.com/dataforseo-bot)"
20.171.207.246 - - [11/Jul/2025:14:29:36 -0400] "GET /80gabi9601.html HTTP/1.1" 404 23130 "-" "Mozilla/5.0 AppleWebKit/537.36 (KHTML, like Gecko; compatible; GPTBot/1.2; +https://openai.com/gptbot)"
66.29.146.47 - - [11/Jul/2025:14:29:40 -0400] "POST /wp-cron.php?doing_wp_cron=1752258580.3669168949127197265625 HTTP/1.1" 403 1242 "-" "WordPress/6.8; https://dangroup.sa"
136.243.228.194 - - [11/Jul/2025:14:29:39 -0400] "GET /items/bzvrj9/39259?key=practically HTTP/1.1" 404 23128 "-" "Mozilla/5.0 (compatible; DataForSeoBot/1.0; +https://dataforseo.com/dataforseo-bot)"
136.243.228.194 - - [11/Jul/2025:14:29:44 -0400] "GET /207dkcvf45072.html HTTP/1.1" 404 23128 "-" "Mozilla/5.0 (compatible; DataForSeoBot/1.0; +https://dataforseo.com/dataforseo-bot)"
136.243.228.194 - - [11/Jul/2025:14:29:49 -0400] "GET /items/swdwt38/16012?key=accessible HTTP/1.1" 404 23128 "-" "Mozilla/5.0 (compatible; DataForSeoBot/1.0; +https://dataforseo.com/dataforseo-bot)"
136.243.228.194 - - [11/Jul/2025:14:29:53 -0400] "GET /items/nssuq38/48688?key=fascinating HTTP/1.1" 404 23128 "-" "Mozilla/5.0 (compatible; DataForSeoBot/1.0; +https://dataforseo.com/dataforseo-bot)"
136.243.228.194 - - [11/Jul/2025:14:30:01 -0400] "GET /123varpo20986.html HTTP/1.1" 404 23128 "-" "Mozilla/5.0 (compatible; DataForSeoBot/1.0; +https://dataforseo.com/dataforseo-bot)"
136.243.228.194 - - [11/Jul/2025:14:30:10 -0400] "GET /175lliqx42100.html HTTP/1.1" 404 23128 "-" "Mozilla/5.0 (compatible; DataForSeoBot/1.0; +https://dataforseo.com/dataforseo-bot)"
47.82.60.39 - - [11/Jul/2025:14:30:13 -0400] "GET /items/mycbe281/3851?key=center HTTP/1.1" 404 23128 "https://dangroup.sa/items/mycbe281/3851?key=center" "Mozilla/5.0 (Windows NT 10.0; Win64; x64) AppleWebKit/537.36 (KHTML, like Gecko) Chrome/114.0.0.0 Safari/537.36 Edg/114.0.1823.43"
136.243.228.194 - - [11/Jul/2025:14:30:16 -0400] "GET /items/otizm248/872?key=boat HTTP/1.1" 404 23128 "-" "Mozilla/5.0 (compatible; DataForSeoBot/1.0; +https://dataforseo.com/dataforseo-bot)"
47.82.60.29 - - [11/Jul/2025:14:30:26 -0400] "GET /items/nfdbq185/331?key=criminal HTTP/1.1" 404 23128 "https://dangroup.sa/items/nfdbq185/331?key=criminal" "Mozilla/5.0 (Windows NT 10.0; Win64; x64) AppleWebKit/537.36 (KHTML, like Gecko) Chrome/114.0.0.0 Safari/537.36 Edg/114.0.1823.43"
136.243.228.194 - - [11/Jul/2025:14:30:26 -0400] "GET /items/nfemm69/22133?key=painter HTTP/1.1" 404 23128 "-" "Mozilla/5.0 (compatible; DataForSeoBot/1.0; +https://dataforseo.com/dataforseo-bot)"
136.243.228.194 - - [11/Jul/2025:14:30:34 -0400] "GET /225rcsn1780.html HTTP/1.1" 404 23128 "-" "Mozilla/5.0 (compatible; DataForSeoBot/1.0; +https://dataforseo.com/dataforseo-bot)"
20.171.207.246 - - [11/Jul/2025:14:30:38 -0400] "GET /92oxfn4755.html HTTP/1.1" 404 23128 "-" "Mozilla/5.0 AppleWebKit/537.36 (KHTML, like Gecko; compatible; GPTBot/1.2; +https://openai.com/gptbot)"
136.243.228.194 - - [11/Jul/2025:14:30:39 -0400] "GET /228qac10957.html HTTP/1.1" 404 23128 "-" "Mozilla/5.0 (compatible; DataForSeoBot/1.0; +https://dataforseo.com/dataforseo-bot)"
66.249.68.132 - - [11/Jul/2025:14:30:43 -0400] "GET /253nllc20788.html HTTP/1.1" 200 87356 "-" "Mozilla/5.0 (Linux; Android 6.0.1; Nexus 5X Build/MMB29P) AppleWebKit/537.36 (KHTML, like Gecko) Chrome/137.0.7151.103 Mobile Safari/537.36 (compatible; Googlebot/2.1; +http://www.google.com/bot.html)"
66.249.68.132 - - [11/Jul/2025:14:30:46 -0400] "GET /pcmypage?callback=product%2Fdetail%2Favenue-tokyo-70001285 HTTP/1.1" 200 87591 "-" "Mozilla/5.0 (Linux; Android 6.0.1; Nexus 5X Build/MMB29P) AppleWebKit/537.36 (KHTML, like Gecko) Chrome/137.0.7151.103 Mobile Safari/537.36 (compatible; Googlebot/2.1; +http://www.google.com/bot.html)"
66.29.146.47 - - [11/Jul/2025:14:30:48 -0400] "POST /wp-cron.php?doing_wp_cron=1752258647.8785579204559326171875 HTTP/1.1" 403 1242 "-" "WordPress/6.8; https://dangroup.sa"
136.243.228.194 - - [11/Jul/2025:14:30:47 -0400] "GET /284vzuoa32965.html HTTP/1.1" 404 23128 "-" "Mozilla/5.0 (compatible; DataForSeoBot/1.0; +https://dataforseo.com/dataforseo-bot)"
136.243.228.194 - - [11/Jul/2025:14:30:53 -0400] "GET /items/hgurh3/575?key=warm HTTP/1.1" 404 23128 "-" "Mozilla/5.0 (compatible; DataForSeoBot/1.0; +https://dataforseo.com/dataforseo-bot)"
136.243.228.194 - - [11/Jul/2025:14:31:00 -0400] "GET /106oyjv16851.html HTTP/1.1" 404 23128 "-" "Mozilla/5.0 (compatible; DataForSeoBot/1.0; +https://dataforseo.com/dataforseo-bot)"
136.243.228.194 - - [11/Jul/2025:14:31:06 -0400] "GET /89xzruy1882.html HTTP/1.1" 404 23128 "-" "Mozilla/5.0 (compatible; DataForSeoBot/1.0; +https://dataforseo.com/dataforseo-bot)"
136.243.228.194 - - [11/Jul/2025:14:31:11 -0400] "GET /items/xqyck182/41170?key=popular HTTP/1.1" 404 23128 "-" "Mozilla/5.0 (compatible; DataForSeoBot/1.0; +https://dataforseo.com/dataforseo-bot)"
136.243.228.194 - - [11/Jul/2025:14:31:17 -0400] "GET /205xsr20302.html HTTP/1.1" 404 23128 "-" "Mozilla/5.0 (compatible; DataForSeoBot/1.0; +https://dataforseo.com/dataforseo-bot)"
66.249.68.133 - - [11/Jul/2025:14:31:20 -0400] "GET /259hjv31026.html HTTP/1.1" 200 86405 "-" "Mozilla/5.0 (Linux; Android 6.0.1; Nexus 5X Build/MMB29P) AppleWebKit/537.36 (KHTML, like Gecko) Chrome/137.0.7151.103 Mobile Safari/537.36 (compatible; Googlebot/2.1; +http://www.google.com/bot.html)"
136.243.228.194 - - [11/Jul/2025:14:31:22 -0400] "GET /222nefmb12887.html HTTP/1.1" 404 23128 "-" "Mozilla/5.0 (compatible; DataForSeoBot/1.0; +https://dataforseo.com/dataforseo-bot)"
136.243.228.194 - - [11/Jul/2025:14:31:28 -0400] "GET /items/zxnkv144/44498?key=sentence HTTP/1.1" 404 23130 "-" "Mozilla/5.0 (compatible; DataForSeoBot/1.0; +https://dataforseo.com/dataforseo-bot)"
136.243.228.194 - - [11/Jul/2025:14:31:33 -0400] "GET /items/zwcpx178/2332?key=corruption HTTP/1.1" 404 23128 "-" "Mozilla/5.0 (compatible; DataForSeoBot/1.0; +https://dataforseo.com/dataforseo-bot)"
20.171.207.246 - - [11/Jul/2025:14:31:39 -0400] "GET /23dorg7314.html HTTP/1.1" 404 23128 "-" "Mozilla/5.0 AppleWebKit/537.36 (KHTML, like Gecko; compatible; GPTBot/1.2; +https://openai.com/gptbot)"
136.243.228.194 - - [11/Jul/2025:14:31:40 -0400] "GET /items/bevbn180/29696?key=pole HTTP/1.1" 404 23128 "-" "Mozilla/5.0 (compatible; DataForSeoBot/1.0; +https://dataforseo.com/dataforseo-bot)"
66.29.146.47 - - [11/Jul/2025:14:31:53 -0400] "POST /wp-cron.php?doing_wp_cron=1752258712.9221758842468261718750 HTTP/1.1" 403 1242 "-" "WordPress/6.8; https://dangroup.sa"
47.82.60.73 - - [11/Jul/2025:14:31:43 -0400] "GET /items/xklvq84/400?key=fan HTTP/1.1" 404 23130 "https://dangroup.sa/items/xklvq84/400?key=fan" "Mozilla/5.0 (Windows NT 10.0; Win64; x64) AppleWebKit/537.36 (KHTML, like Gecko) Chrome/114.0.0.0 Safari/537.36 Edg/114.0.1823.43"
47.82.60.49 - - [11/Jul/2025:14:31:51 -0400] "GET /items/nczau233/11935?key=Korean HTTP/1.1" 301 0 "https://www.dangroup.sa/items/nczau233/11935?key=Korean" "Mozilla/5.0 (Windows NT 10.0; Win64; x64) AppleWebKit/537.36 (KHTML, like Gecko) Chrome/114.0.0.0 Safari/537.36 Edg/114.0.1823.43"
136.243.228.194 - - [11/Jul/2025:14:31:53 -0400] "GET /items/xsrpl236/2690?key=terms HTTP/1.1" 404 23128 "-" "Mozilla/5.0 (compatible; DataForSeoBot/1.0; +https://dataforseo.com/dataforseo-bot)"
47.82.60.49 - - [11/Jul/2025:14:31:54 -0400] "GET /items/nczau233/11935?key=Korean HTTP/1.1" 404 23130 "https://www.dangroup.sa/items/nczau233/11935?key=Korean" "Mozilla/5.0 (Windows NT 10.0; Win64; x64) AppleWebKit/537.36 (KHTML, like Gecko) Chrome/114.0.0.0 Safari/537.36 Edg/114.0.1823.43"
47.82.60.69 - - [11/Jul/2025:14:31:58 -0400] "GET /items/vvvpq112/8584?key=precise HTTP/1.1" 404 23128 "https://dangroup.sa/items/vvvpq112/8584?key=precise" "Mozilla/5.0 (Windows NT 10.0; Win64; x64) AppleWebKit/537.36 (KHTML, like Gecko) Chrome/114.0.0.0 Safari/537.36 Edg/114.0.1823.43"
47.82.60.29 - - [11/Jul/2025:14:32:00 -0400] "GET /items/jglfz120/38284?key=component HTTP/1.1" 404 23128 "https://dangroup.sa/items/jglfz120/38284?key=component" "Mozilla/5.0 (Windows NT 10.0; Win64; x64) AppleWebKit/537.36 (KHTML, like Gecko) Chrome/114.0.0.0 Safari/537.36 Edg/114.0.1823.43"
136.243.228.194 - - [11/Jul/2025:14:32:03 -0400] "GET /items/dxhfe55/27717?key=elsewhere HTTP/1.1" 404 23128 "-" "Mozilla/5.0 (compatible; DataForSeoBot/1.0; +https://dataforseo.com/dataforseo-bot)"
136.243.228.194 - - [11/Jul/2025:14:32:10 -0400] "GET /129wixrx47632.html HTTP/1.1" 404 23128 "-" "Mozilla/5.0 (compatible; DataForSeoBot/1.0; +https://dataforseo.com/dataforseo-bot)"
47.82.60.4 - - [11/Jul/2025:14:32:13 -0400] "GET /items/ofsml215/35759?key=spectacular HTTP/1.1" 404 23130 "https://dangroup.sa/items/ofsml215/35759?key=spectacular" "Mozilla/5.0 (Windows NT 10.0; Win64; x64) AppleWebKit/537.36 (KHTML, like Gecko) Chrome/114.0.0.0 Safari/537.36 Edg/114.0.1823.43"
47.82.60.17 - - [11/Jul/2025:14:32:14 -0400] "GET /items/yslfy86/21828?key=concentrate HTTP/1.1" 404 23128 "https://dangroup.sa/items/yslfy86/21828?key=concentrate" "Mozilla/5.0 (Windows NT 10.0; Win64; x64) AppleWebKit/537.36 (KHTML, like Gecko) Chrome/114.0.0.0 Safari/537.36 Edg/114.0.1823.43"
47.82.60.24 - - [11/Jul/2025:14:32:20 -0400] "GET /80mirm48431.html HTTP/1.1" 301 0 "https://www.dangroup.sa/80mirm48431.html" "Mozilla/5.0 (Windows NT 10.0; Win64; x64) AppleWebKit/537.36 (KHTML, like Gecko) Chrome/114.0.0.0 Safari/537.36 Edg/114.0.1823.43"
47.82.60.37 - - [11/Jul/2025:14:32:17 -0400] "GET /items/qjkrr27/32095?key=mark HTTP/1.1" 404 23128 "https://dangroup.sa/items/qjkrr27/32095?key=mark" "Mozilla/5.0 (Windows NT 10.0; Win64; x64) AppleWebKit/537.36 (KHTML, like Gecko) Chrome/114.0.0.0 Safari/537.36 Edg/114.0.1823.43"
136.243.228.194 - - [11/Jul/2025:14:32:15 -0400] "GET /113wbdi12868.html HTTP/1.1" 404 23128 "-" "Mozilla/5.0 (compatible; DataForSeoBot/1.0; +https://dataforseo.com/dataforseo-bot)"
47.82.60.24 - - [11/Jul/2025:14:32:23 -0400] "GET /80mirm48431.html HTTP/1.1" 404 23128 "https://www.dangroup.sa/80mirm48431.html" "Mozilla/5.0 (Windows NT 10.0; Win64; x64) AppleWebKit/537.36 (KHTML, like Gecko) Chrome/114.0.0.0 Safari/537.36 Edg/114.0.1823.43"
47.82.60.21 - - [11/Jul/2025:14:32:23 -0400] "GET /items/dwfyx282/5334?key=vast HTTP/1.1" 404 23128 "https://dangroup.sa/items/dwfyx282/5334?key=vast" "Mozilla/5.0 (Windows NT 10.0; Win64; x64) AppleWebKit/537.36 (KHTML, like Gecko) Chrome/114.0.0.0 Safari/537.36 Edg/114.0.1823.43"
136.243.228.194 - - [11/Jul/2025:14:32:25 -0400] "GET /55ica24856.html HTTP/1.1" 404 23128 "-" "Mozilla/5.0 (compatible; DataForSeoBot/1.0; +https://dataforseo.com/dataforseo-bot)"
136.243.228.194 - - [11/Jul/2025:14:32:32 -0400] "GET /items/auufy85/21211?key=bathroom HTTP/1.1" 404 23128 "-" "Mozilla/5.0 (compatible; DataForSeoBot/1.0; +https://dataforseo.com/dataforseo-bot)"
136.243.228.194 - - [11/Jul/2025:14:32:37 -0400] "GET /items/rqfkz273/30189?key=newly HTTP/1.1" 404 23128 "-" "Mozilla/5.0 (compatible; DataForSeoBot/1.0; +https://dataforseo.com/dataforseo-bot)"
20.171.207.246 - - [11/Jul/2025:14:32:41 -0400] "GET /176nrzh549.html HTTP/1.1" 404 23128 "-" "Mozilla/5.0 AppleWebKit/537.36 (KHTML, like Gecko; compatible; GPTBot/1.2; +https://openai.com/gptbot)"
136.243.228.194 - - [11/Jul/2025:14:32:42 -0400] "GET /items/xdydz270/46126?key=extreme HTTP/1.1" 404 23128 "-" "Mozilla/5.0 (compatible; DataForSeoBot/1.0; +https://dataforseo.com/dataforseo-bot)"
