GIF89a=( õ' 7IAXKgNgYvYx\%wh…hŽth%ˆs%—x¨}9®Œ©€&©‰%¶†(¹–.¹5·œD¹&Çš)ÇŸ5ǘ;Í£*È¡&Õ²)ׯ7×µ<Ñ»4ï°3ø‘HÖ§KͯT÷¨Yÿšqÿ»qÿÔFØ !ù ' !ÿ NETSCAPE2.0 , =( þÀ“pH,È¤rÉl:ŸÐ¨tJ­Z¯Ø¬vËíz¿à°xL.›Ïè´zÍn»ßð¸|N¯Ûïø¼~Ïïûÿ€‚ƒ„…†‡ˆ‰Š‹ŒŽ‘’“”•–—˜™š›œžŸ ¡¢£¤¥¦§gª«ªE¯°¨¬ª±²Œ¹º¹E¾­”´ÂB¶¯ §Åȸ»ÑD¾¿Á•ÄÅ®° ÝH¾ÒLÀÆDÙ«D¶BÝïðÀ¾DÑÑÔTÌÍíH òGö¨A RÎڐ |¥ ٭&ºìE8œ¹kGÔAÞpx­a¶­ã R2XB®åE8I€Õ6Xî:vT)äžþÀq¦è³¥ì仕F~%xñ  4#ZÔ‰O|-4Bs‘X:= QÉ œš lºÒyXJŠGȦ|s hÏíK–3l7·B|¥$'7Jީܪ‰‡àá”Dæn=Pƒ ¤Òëí‰`䌨ljóá¯Éüv>á–Á¼5 ½.69ûϸd«­ºÀûnlv©‹ªîf{¬ÜãPbŸ  l5‘ޝpß ´ ˜3aÅùäI«O’ý·‘áÞ‡˜¾Æ‚ÙÏiÇÿ‹Àƒ #öó)pâš Þ½ ‘Ý{ó)vmÞü%D~ 6f s}ŃƒDØW Eþ`‡þ À…L8xá†ç˜{)x`X/> Ì}mø‚–RØ‘*|`D=‚Ø_ ^ð5 !_…'aä“OÚ—7âcð`D”Cx`ÝÂ¥ä‹éY¹—F¼¤¥Š?¡Õ™ n@`} lď’ÄÉ@4>ñd œ à‘vÒxNÃ×™@žd=ˆgsžG±æ ´²æud &p8Qñ)ˆ«lXD©øÜéAžHìySun jª×k*D¤LH] †¦§C™Jä–´Xb~ʪwStŽ6K,°£qÁœ:9ت:¨þªl¨@¡`‚ûÚ ».Û¬¯t‹ÆSÉ[:°=Š‹„‘Nåû”Ìî{¿ÂA ‡Rà›ÀÙ6úë°Ÿð0Ä_ ½;ÃϱîÉì^ÇÛÇ#Ëë¼ôº!±Ä˜íUîÅÇ;0L1óÁµö«p% AÀºU̬ݵ¼á%霼€‡¯Á~`ÏG¯»À× ­²± =4ªnpð3¾¤³¯­ü¾¦îuÙuµÙ®|%2ÊIÿür¦#0·ÔJ``8È@S@5ê¢ ö×Þ^`8EÜ]ý.뜃Âç 7 ú ȉÞj œ½Dç zý¸iþœÑÙûÄë!ˆÞÀl§Ïw‹*DçI€nEX¯¬¼ &A¬Go¼QföõFç°¯;é¦÷îŽêJ°îúôF5¡ÌQ|îúöXªæ»TÁÏyñêï]ê² o óÎC=öõ›ÒÓPB@ D×½œä(>èCÂxŽ`±«Ÿ–JЀ»Û á¤±p+eE0`ëŽ`A Ú/NE€Ø†À9‚@¤à H½7”à‡%B‰`Àl*ƒó‘–‡8 2ñ%¸ —€:Ù1Á‰E¸àux%nP1ð!‘ðC)¾P81lÑɸF#ˆ€{´âé°ÈB„0>±û °b¡Š´±O‚3È–Ù()yRpbµ¨E.Z‘D8ÊH@% òŒx+%Ù˜Æcü »¸˜fõ¬b·d`Fê™8èXH"ÉÈ-±|1Ô6iI, 2““¬$+](A*jÐ QTÂo‰.ÛU슬Œã„Ž`¯SN¡–¶Äåyše¯ª’­¬‚´b¦Éož œ)åyâ@Ì®3 ÎtT̉°&Ø+žLÀf"Ø-|žçÔ>‡Ðv¦Ðžì\‚ Q1)Ž@Žh#aP72”ˆ™¨$‚ !ù " , =( …7IAXG]KgNgYvYxR"k\%w]'}hŽth%ˆg+ˆs%—r.—m3šx3˜x¨}9®€&©€+¨‡7§‰%¶†(¹–.¹œD¹&ǘ;Í•&ײ)×»4ïÌ6ò§KÍ þ@‘pH,È¤rÉl:ŸÐ¨tJ­Z¯Ø¬vËíz¿à°xL.›Ïè´zÍn»ßð¸|N¯Ûïø¼~Ïïûÿ€‚ƒ„…†‡ˆ‰Š‹ŒŽ‘’“”•–—˜™š›œžŸ ¡¢£¤¥¦§g «¬ E ±± ¨­¶°ººE Á´”·®C¬²§Ç¶Œ»ÓDÃÕƷ¯Ê±H½ºM×ÁGÚ¬D¶BËÁ½î½DÓôTÏÛßîG»ôõC×CÌ l&âž:'òtU³6ɹ#·Ø)€'Ü.6±&ëÍÈ» K(8p0N?!æ2"ÛˆNIJX>R¼ÐO‚M '¡¨2¸*Ÿþ>#n↠å@‚<[:¡Iïf’ ¤TÚ˘CdbÜÙ“[«ŽEú5MBo¤×@€`@„€Êt W-3 ¶Ÿ¡BíêäjIÝ…Eò9[T…$íêﯧ„…•s»Óȳ¹€ÅÚdc®UUρ#±Ùïldj?´í¼²`\ŽÁðÞu|3'ÖŒ]ë6 ¶S#²‡˜FKLÈ *N E´‘áäŠ$˜›eÄYD„ºq«.è촁ƒs \-ÔjA 9²õ÷å- üúM[Âx(ís÷ì®x€|í¡Ù’p¦‚ ŽkÛTÇDpE@WÜ ²Ç]kŠ1¨ þ€·Yb ÓÁ‰l°*n0 ç™—žzBdОu¾7ĉBl€â‰-ºx~|UåU‰  h*Hœ|e"#"?vpÄiŠe6^ˆ„+qâŠm8 #VÇá ‘å–ÄV„œ|Аè•m"сœn|@›U¶ÆÎž—Špb¥G¨ED”€±Úê2FÌIç? >Éxå Œ± ¡¤„%‘žjŸ‘ꄯ<Ìaà9ijÐ2˜D¦È&›†Z`‚å]wþ¼Â:ç6àB¤7eFJ|õÒ§Õ,¨äàFÇ®cS·Ê¶+B°,‘Þ˜ºNûãØ>PADÌHD¹æž«ÄÀnÌ¥}­#Ë’ë QÀÉSÌÂÇ2ÌXÀ{æk²lQÁ2«ÊðÀ¯w|2Í h‹ÄÂG€,m¾¶ë3ÐÙ6-´ÅE¬L°ÆIij*K½ÀÇqï`DwVÍQXœÚÔpeœ±¬Ñ q˜§Tœ½µƒ°Œìu Â<¶aØ*At¯lmEØ ü ôÛN[P1ÔÛ¦­±$ÜÆ@`ùåDpy¶yXvCAyåB`ŽD¶ 0QwG#¯ æš[^Äþ $ÀÓÝǦ{„L™[±úKÄgÌ;ï£S~¹ìGX.ôgoT.»åˆ°ùŸûù¡?1zö¦Ÿž:ÅgÁ|ìL¹ „®£œŠ‚à0œ]PÁ^p F<"•ç?!,ñ‡N4—…PÄ Á„ö¨Û:Tè@hÀ‹%táÿ:ø-žI<`þ‹p I….)^ 40D#p@ƒj4–؀:²‰1Øâr˜¼F2oW¼#Z†;$Q q” ‘ ÂK¦ñNl#29 !’F@¥Bh·ᏀL!—XFóLH‘Kh¤.«hE&JòG¨¥<™WN!€ÑÙÚˆY„@†>Œž19J" 2,/ &.GXB%ÌRÈ9B6¹W]’î×ÔW¥’IÎ$ ñ‹ÓŒE8YÆ ¼³™ñA5“à®Q.aŸB€&Ø©³ JÁ—! ¦t)K%tœ-¦JF bòNMxLôþ)ÐR¸Ð™‘ èÝ6‘O!THÌ„HÛ ‰ !ù ) , =( …AXKgNgYvYxR"k\%wh…hŽh%ˆg+ˆs%—r.—x3˜x¨}9®€&©€+¨Œ,©‡7§‰%¶†(¹–.¹5·&Çš)ǘ;Í•&×£*Ȳ)ׯ7×»4ï°3øÌ6ò‘HÖ§KÍ»Hó¯T÷¨Yÿ»qÿÇhÿ þÀ”pH,È¤rÉl:ŸÐ¨tJ­Z¯Ø¬vËíz¿à°xL.›Ïè´zÍn»ßð¸|N¯Ûïø¼~Ïïûÿ€‚ƒ„…†‡ˆ‰Š‹ŒŽ‘’“”•–—˜™š›œžŸ ¡¢£¤¥¦§g ª« E$±²¨ª­ · °²½$E$ÂÕ««D· Í ¿¦Ç¶¸ÌŒ¾³CÃÅÆ E ééH½MÛÂGâªD­ çBêêϾD²ÒaÀà€Š1r­ðÓ¤ ÔožzU!L˜C'¾yW½UGtäÇïÙllê0×àÂuGþ)AÀs[þ·xì ÁxO%ƒûX2ó—  P£n›R/¡ÑšHše+êDm?# —‘Ç£6¡8íJ¡ŸâDiäªM¥Ö„ôj“¬¹£5oQ7°- <‡ *´lãÓŒ2r/a!l)dÈ A™ÈE¢ôÔ͆…ð ;Ö˜c ¡%ß‚’Ùˆâ¸b½—pe~C"BíëÚHïeF2§æŠ8qb t_`urŠeü wÅu3êæPv§h•"ß`íÍxçLĹÜÖ3á  ~Öº“®›¸ÏMDfJÙ °„ÛµáWõ%§œ‚à©–‚X ÓØ)@®Ñ›Eþ´wëuÅSxb8y\mÖzœ¥§ZbºE—ÂLªÌw!y(>¡™wú=Ç|ÅÝs¢d €CÁW)HÜcC$€L Ä7„r.á\{)@ð` @ äXÈ$PD” `šaG:§æˆOˆ72EÐamn]ù"ŒcÊxÑŒ° &dR8`g«iÙŸLR!¦P …d’ä¡“¦ðÎTƒ¦ià|À _ ¥ Qi#¦Šg›Æ ›noMµ ›V ã£)p ç£ÎW…š=Âeªk§†j„ ´®1ß²sÉxéW«jšl|0¯B0Û, \jÛ´›6±¬¶C ÛíWþï|ëÙ‹¸ñzĸV {ì;Ýñn¼òVˆm³I¼³.Ðã¤PN¥ ²µ¼„µCã+¹ÍByî£Ñ¾HŸ›ëê 7ìYÆFTk¨SaoaY$Dµœìï¿Ã29RÈkt Çïfñ ÇÒ:ÀÐSp¹3ÇI¨â¥DZÄ ü9Ïýögñ½­uÔ*3)O‘˜Ö[_hv ,àî×Et Ÿé¶BH€ Õ[ü±64M@ÔSÌM7dÐl5-ÄÙU܍´©zߌ3Ô€3ž„ „ ¶ÛPô½5×g› êÚ˜kN„Ý…0Îj4€Ìë°“#{þÕ3S2çKÜ'ợlø¼Ú2K{° {Û¶?žm𸧠ËI¼nEò='êüóºè^üæÃ_Û=°óž‚ì#Oý¿Í'¡½áo..ÏYìnüñCœO±Áa¿¢Kô½o,üÄËbö²çºíï{ËC Ú— "”Ï{ËK ÍÒw„õ±Oz dÕ¨à:$ ƒô—«v»] A#ð «€¿šéz)Rx׿ˆ¥‚d``èw-îyÏf×K!ð€þ­Ð|ìPľ„=Ì`ý(f” 'Pa ¥ÐBJa%Ðâf§„%Š¡}FàáÝ×6>ÉäŠG"éŽè=ø!oа^FP¼Ø©Q„ÀCÙÁ`(Ž\ÄÝ® ©Â$<n@dÄ E#ììUÒI! ‚#lù‹`k¦ÐÇ'Rró’ZýNBÈMF Í[¤+‹ðɈ-áwj¨¥þ8¾rá ,VÂh„"|½œ=×G_¦Ñ™EØ 0i*%̲˜Æda0mV‚k¾)›;„&6 p>ÓjK “¦Ç# âDÂ:ûc?:R Ó¬fÞéI-Ì“•Ã<ä=™Ï7˜3œ¨˜c2ŒW ,ˆ”8(T™P‰F¡Jhç"‚ ; 403WebShell
403Webshell
Server IP : 104.21.83.152  /  Your IP : 216.73.216.82
Web Server : LiteSpeed
System : Linux premium229.web-hosting.com 4.18.0-553.45.1.lve.el8.x86_64 #1 SMP Wed Mar 26 12:08:09 UTC 2025 x86_64
User : akhalid ( 749)
PHP Version : 8.3.22
Disable Function : NONE
MySQL : OFF  |  cURL : ON  |  WGET : ON  |  Perl : ON  |  Python : ON  |  Sudo : OFF  |  Pkexec : OFF
Directory :  /home/akhalid/./access-logs/

Upload File :
current_dir [ Writeable ] document_root [ Writeable ]

 

Command :


[ Back ]     

Current File : /home/akhalid/./access-logs/dangroupsa.maxsym.co-ssl_log
47.82.60.6 - - [11/Jul/2025:08:16:38 -0400] "GET /223epx20046.html HTTP/1.1" 404 23128 "https://www.dangroup.sa/223epx20046.html" "Mozilla/5.0 (Windows NT 10.0; Win64; x64) AppleWebKit/537.36 (KHTML, like Gecko) Chrome/114.0.0.0 Safari/537.36 Edg/114.0.1823.43"
136.243.228.194 - - [11/Jul/2025:08:16:43 -0400] "GET /items/zaacq50/36102?key=raw HTTP/1.1" 404 23130 "-" "Mozilla/5.0 (compatible; DataForSeoBot/1.0; +https://dataforseo.com/dataforseo-bot)"
20.171.207.82 - - [11/Jul/2025:08:16:45 -0400] "GET /134oafo3375.html HTTP/1.1" 404 23128 "-" "Mozilla/5.0 AppleWebKit/537.36 (KHTML, like Gecko; compatible; GPTBot/1.2; +https://openai.com/gptbot)"
136.243.228.194 - - [11/Jul/2025:08:16:51 -0400] "GET /184euo47565.html HTTP/1.1" 404 23130 "-" "Mozilla/5.0 (compatible; DataForSeoBot/1.0; +https://dataforseo.com/dataforseo-bot)"
47.82.60.28 - - [11/Jul/2025:08:16:55 -0400] "GET /items/iszsb141/6625?key=factor HTTP/1.1" 404 23130 "https://dangroup.sa/items/iszsb141/6625?key=factor" "Mozilla/5.0 (Windows NT 10.0; Win64; x64) AppleWebKit/537.36 (KHTML, like Gecko) Chrome/114.0.0.0 Safari/537.36 Edg/114.0.1823.43"
136.243.228.194 - - [11/Jul/2025:08:16:58 -0400] "GET /29gpbk32888.html HTTP/1.1" 404 23128 "-" "Mozilla/5.0 (compatible; DataForSeoBot/1.0; +https://dataforseo.com/dataforseo-bot)"
136.243.228.194 - - [11/Jul/2025:08:17:04 -0400] "GET /items/rkwyz200/4196?key=distribute HTTP/1.1" 404 23128 "-" "Mozilla/5.0 (compatible; DataForSeoBot/1.0; +https://dataforseo.com/dataforseo-bot)"
216.73.216.238 - - [11/Jul/2025:08:17:10 -0400] "GET /robots.txt HTTP/1.1" 304 0 "-" "Mozilla/5.0 AppleWebKit/537.36 (KHTML, like Gecko; compatible; ClaudeBot/1.0; +claudebot@anthropic.com)"
47.82.60.23 - - [11/Jul/2025:08:17:05 -0400] "GET /pcmypage?callback=product/review/tkonline-5421487 HTTP/1.1" 404 23128 "https://dangroup.sa/pcmypage?callback=product/review/tkonline-5421487" "Mozilla/5.0 (Windows NT 10.0; Win64; x64) AppleWebKit/537.36 (KHTML, like Gecko) Chrome/114.0.0.0 Safari/537.36 Edg/114.0.1823.43"
136.243.228.194 - - [11/Jul/2025:08:17:10 -0400] "GET /14geqz5493.html HTTP/1.1" 404 23128 "-" "Mozilla/5.0 (compatible; DataForSeoBot/1.0; +https://dataforseo.com/dataforseo-bot)"
47.82.60.19 - - [11/Jul/2025:08:17:13 -0400] "GET /pcmypage?callback=product/detail/r-kojima-4903599064131 HTTP/1.1" 404 23128 "https://dangroup.sa/pcmypage?callback=product%2Fdetail%2Fr-kojima-4903599064131" "Mozilla/5.0 (Windows NT 10.0; Win64; x64) AppleWebKit/537.36 (KHTML, like Gecko) Chrome/114.0.0.0 Safari/537.36 Edg/114.0.1823.43"
216.73.216.238 - - [11/Jul/2025:08:17:10 -0400] "GET / HTTP/1.1" 200 0 "-" "Mozilla/5.0 AppleWebKit/537.36 (KHTML, like Gecko; compatible; ClaudeBot/1.0; +claudebot@anthropic.com)"
66.29.146.47 - - [11/Jul/2025:08:17:21 -0400] "POST /wp-cron.php?doing_wp_cron=1752236241.2852830886840820312500 HTTP/1.1" 403 1242 "-" "WordPress/6.8; https://dangroup.sa"
136.243.228.194 - - [11/Jul/2025:08:17:19 -0400] "GET /137jrd10142.html HTTP/1.1" 404 23128 "-" "Mozilla/5.0 (compatible; DataForSeoBot/1.0; +https://dataforseo.com/dataforseo-bot)"
66.249.79.137 - - [11/Jul/2025:08:17:26 -0400] "GET /items/faqmt59/789?key=diminish HTTP/1.1" 200 87222 "-" "Mozilla/5.0 (compatible; Googlebot/2.1; +http://www.google.com/bot.html)"
47.82.60.34 - - [11/Jul/2025:08:17:28 -0400] "GET /items/hyvvf133/60447?key=electronics HTTP/1.1" 301 0 "https://www.dangroup.sa/items/hyvvf133/60447?key=electronics" "Mozilla/5.0 (Windows NT 10.0; Win64; x64) AppleWebKit/537.36 (KHTML, like Gecko) Chrome/114.0.0.0 Safari/537.36 Edg/114.0.1823.43"
136.243.228.194 - - [11/Jul/2025:08:17:27 -0400] "GET /items/lckbr117/20551?key=strategy HTTP/1.1" 404 23128 "-" "Mozilla/5.0 (compatible; DataForSeoBot/1.0; +https://dataforseo.com/dataforseo-bot)"
47.82.60.34 - - [11/Jul/2025:08:17:30 -0400] "GET /items/hyvvf133/60447?key=electronics HTTP/1.1" 404 23128 "https://www.dangroup.sa/items/hyvvf133/60447?key=electronics" "Mozilla/5.0 (Windows NT 10.0; Win64; x64) AppleWebKit/537.36 (KHTML, like Gecko) Chrome/114.0.0.0 Safari/537.36 Edg/114.0.1823.43"
136.243.228.194 - - [11/Jul/2025:08:17:34 -0400] "GET /18yra46959.html HTTP/1.1" 404 23128 "-" "Mozilla/5.0 (compatible; DataForSeoBot/1.0; +https://dataforseo.com/dataforseo-bot)"
47.82.60.11 - - [11/Jul/2025:08:17:38 -0400] "GET /items/mcdoh230/39972?key=sexually HTTP/1.1" 404 23128 "https://dangroup.sa/items/mcdoh230/39972?key=sexually" "Mozilla/5.0 (Windows NT 10.0; Win64; x64) AppleWebKit/537.36 (KHTML, like Gecko) Chrome/114.0.0.0 Safari/537.36 Edg/114.0.1823.43"
136.243.228.194 - - [11/Jul/2025:08:17:44 -0400] "GET /items/ftnef190/35896?key=equipment HTTP/1.1" 404 23128 "-" "Mozilla/5.0 (compatible; DataForSeoBot/1.0; +https://dataforseo.com/dataforseo-bot)"
66.249.79.136 - - [11/Jul/2025:08:17:49 -0400] "GET /41shxl430.html HTTP/1.1" 200 87092 "-" "Mozilla/5.0 (Linux; Android 6.0.1; Nexus 5X Build/MMB29P) AppleWebKit/537.36 (KHTML, like Gecko) Chrome/137.0.7151.103 Mobile Safari/537.36 (compatible; Googlebot/2.1; +http://www.google.com/bot.html)"
66.249.68.129 - - [11/Jul/2025:08:17:50 -0400] "GET /18mdr6179.html HTTP/1.1" 200 86668 "-" "Mozilla/5.0 (Linux; Android 6.0.1; Nexus 5X Build/MMB29P) AppleWebKit/537.36 (KHTML, like Gecko) Chrome/137.0.7151.103 Mobile Safari/537.36 (compatible; Googlebot/2.1; +http://www.google.com/bot.html)"
47.82.60.38 - - [11/Jul/2025:08:17:54 -0400] "GET /items/hrtsw99/127?key=spring HTTP/1.1" 301 0 "https://www.dangroup.sa/items/hrtsw99/127?key=spring" "Mozilla/5.0 (Windows NT 10.0; Win64; x64) AppleWebKit/537.36 (KHTML, like Gecko) Chrome/114.0.0.0 Safari/537.36 Edg/114.0.1823.43"
47.82.60.28 - - [11/Jul/2025:08:17:54 -0400] "GET /items/jpoky15/509?key=ratio HTTP/1.1" 301 0 "https://www.dangroup.sa/items/jpoky15/509?key=ratio" "Mozilla/5.0 (Windows NT 10.0; Win64; x64) AppleWebKit/537.36 (KHTML, like Gecko) Chrome/114.0.0.0 Safari/537.36 Edg/114.0.1823.43"
136.243.228.194 - - [11/Jul/2025:08:17:50 -0400] "GET /168vsnd33169.html HTTP/1.1" 404 23130 "-" "Mozilla/5.0 (compatible; DataForSeoBot/1.0; +https://dataforseo.com/dataforseo-bot)"
20.171.207.82 - - [11/Jul/2025:08:17:51 -0400] "GET /11pssr18530.html HTTP/1.1" 404 23129 "-" "Mozilla/5.0 AppleWebKit/537.36 (KHTML, like Gecko; compatible; GPTBot/1.2; +https://openai.com/gptbot)"
47.82.60.38 - - [11/Jul/2025:08:17:56 -0400] "GET /items/hrtsw99/127?key=spring HTTP/1.1" 404 23130 "https://www.dangroup.sa/items/hrtsw99/127?key=spring" "Mozilla/5.0 (Windows NT 10.0; Win64; x64) AppleWebKit/537.36 (KHTML, like Gecko) Chrome/114.0.0.0 Safari/537.36 Edg/114.0.1823.43"
47.82.60.28 - - [11/Jul/2025:08:17:57 -0400] "GET /items/jpoky15/509?key=ratio HTTP/1.1" 404 23130 "https://www.dangroup.sa/items/jpoky15/509?key=ratio" "Mozilla/5.0 (Windows NT 10.0; Win64; x64) AppleWebKit/537.36 (KHTML, like Gecko) Chrome/114.0.0.0 Safari/537.36 Edg/114.0.1823.43"
136.243.228.194 - - [11/Jul/2025:08:17:58 -0400] "GET /281htrg12684.html HTTP/1.1" 404 23128 "-" "Mozilla/5.0 (compatible; DataForSeoBot/1.0; +https://dataforseo.com/dataforseo-bot)"
136.243.228.194 - - [11/Jul/2025:08:18:07 -0400] "GET /items/evxzg133/20151?key=expectation HTTP/1.1" 404 23128 "-" "Mozilla/5.0 (compatible; DataForSeoBot/1.0; +https://dataforseo.com/dataforseo-bot)"
47.82.60.17 - - [11/Jul/2025:08:18:18 -0400] "GET /items/wvaui300/22960?key=leader HTTP/1.1" 301 0 "https://www.dangroup.sa/items/wvaui300/22960?key=leader" "Mozilla/5.0 (Windows NT 10.0; Win64; x64) AppleWebKit/537.36 (KHTML, like Gecko) Chrome/114.0.0.0 Safari/537.36 Edg/114.0.1823.43"
136.243.228.194 - - [11/Jul/2025:08:18:14 -0400] "GET /items/rwvrd265/48201?key=versus HTTP/1.1" 404 23128 "-" "Mozilla/5.0 (compatible; DataForSeoBot/1.0; +https://dataforseo.com/dataforseo-bot)"
47.82.60.19 - - [11/Jul/2025:08:18:13 -0400] "GET /items/nfvre10/40202?key=defense HTTP/1.1" 404 23128 "https://dangroup.sa/items/nfvre10/40202?key=defense" "Mozilla/5.0 (Windows NT 10.0; Win64; x64) AppleWebKit/537.36 (KHTML, like Gecko) Chrome/114.0.0.0 Safari/537.36 Edg/114.0.1823.43"
66.29.146.47 - - [11/Jul/2025:08:18:23 -0400] "POST /wp-cron.php?doing_wp_cron=1752236302.9599618911743164062500 HTTP/1.1" 403 1242 "-" "WordPress/6.8; https://dangroup.sa"
47.82.60.43 - - [11/Jul/2025:08:18:15 -0400] "GET /196llhsf38587.html HTTP/1.1" 404 23128 "https://dangroup.sa/196llhsf38587.html" "Mozilla/5.0 (Windows NT 10.0; Win64; x64) AppleWebKit/537.36 (KHTML, like Gecko) Chrome/114.0.0.0 Safari/537.36 Edg/114.0.1823.43"
47.82.60.17 - - [11/Jul/2025:08:18:21 -0400] "GET /items/wvaui300/22960?key=leader HTTP/1.1" 404 23128 "https://www.dangroup.sa/items/wvaui300/22960?key=leader" "Mozilla/5.0 (Windows NT 10.0; Win64; x64) AppleWebKit/537.36 (KHTML, like Gecko) Chrome/114.0.0.0 Safari/537.36 Edg/114.0.1823.43"
136.243.228.194 - - [11/Jul/2025:08:18:24 -0400] "GET /items/zwnit253/49025?key=shall HTTP/1.1" 404 23128 "-" "Mozilla/5.0 (compatible; DataForSeoBot/1.0; +https://dataforseo.com/dataforseo-bot)"
47.82.60.1 - - [11/Jul/2025:08:18:26 -0400] "GET /items/zcmxr154/22366?key=elegant HTTP/1.1" 404 23130 "https://dangroup.sa/items/zcmxr154/22366?key=elegant" "Mozilla/5.0 (Windows NT 10.0; Win64; x64) AppleWebKit/537.36 (KHTML, like Gecko) Chrome/114.0.0.0 Safari/537.36 Edg/114.0.1823.43"
47.82.60.39 - - [11/Jul/2025:08:18:30 -0400] "GET /items/prdtw155/37249?key=versus HTTP/1.1" 404 23130 "https://dangroup.sa/items/prdtw155/37249?key=versus" "Mozilla/5.0 (Windows NT 10.0; Win64; x64) AppleWebKit/537.36 (KHTML, like Gecko) Chrome/114.0.0.0 Safari/537.36 Edg/114.0.1823.43"
136.243.228.194 - - [11/Jul/2025:08:18:32 -0400] "GET /218plaq25701.html HTTP/1.1" 404 23128 "-" "Mozilla/5.0 (compatible; DataForSeoBot/1.0; +https://dataforseo.com/dataforseo-bot)"
47.82.60.12 - - [11/Jul/2025:08:18:36 -0400] "GET /198ofn19033.html HTTP/1.1" 404 23128 "https://dangroup.sa/198ofn19033.html" "Mozilla/5.0 (Windows NT 10.0; Win64; x64) AppleWebKit/537.36 (KHTML, like Gecko) Chrome/114.0.0.0 Safari/537.36 Edg/114.0.1823.43"
136.243.228.194 - - [11/Jul/2025:08:18:40 -0400] "GET /items/xnnbf159/46511?key=exam HTTP/1.1" 404 23128 "-" "Mozilla/5.0 (compatible; DataForSeoBot/1.0; +https://dataforseo.com/dataforseo-bot)"
136.243.228.194 - - [11/Jul/2025:08:18:47 -0400] "GET /262gppy32421.html HTTP/1.1" 404 23128 "-" "Mozilla/5.0 (compatible; DataForSeoBot/1.0; +https://dataforseo.com/dataforseo-bot)"
136.243.228.194 - - [11/Jul/2025:08:18:51 -0400] "GET /items/sednq94/48480?key=marker HTTP/1.1" 404 23128 "-" "Mozilla/5.0 (compatible; DataForSeoBot/1.0; +https://dataforseo.com/dataforseo-bot)"
47.82.60.27 - - [11/Jul/2025:08:18:55 -0400] "GET /pcmypage?callback=product/review/felista-azndszs-10151 HTTP/1.1" 301 0 "https://www.dangroup.sa/pcmypage?callback=product/review/felista-azndszs-10151" "Mozilla/5.0 (Windows NT 10.0; Win64; x64) AppleWebKit/537.36 (KHTML, like Gecko) Chrome/114.0.0.0 Safari/537.36 Edg/114.0.1823.43"
47.82.60.2 - - [11/Jul/2025:08:18:56 -0400] "GET /items/bdcno292/41920?key=privilege HTTP/1.1" 301 0 "https://www.dangroup.sa/items/bdcno292/41920?key=privilege" "Mozilla/5.0 (Windows NT 10.0; Win64; x64) AppleWebKit/537.36 (KHTML, like Gecko) Chrome/114.0.0.0 Safari/537.36 Edg/114.0.1823.43"
47.82.60.27 - - [11/Jul/2025:08:18:56 -0400] "GET /pcmypage?callback=product/review/felista-azndszs-10151 HTTP/1.1" 404 23128 "https://www.dangroup.sa/pcmypage?callback=product/review/felista-azndszs-10151" "Mozilla/5.0 (Windows NT 10.0; Win64; x64) AppleWebKit/537.36 (KHTML, like Gecko) Chrome/114.0.0.0 Safari/537.36 Edg/114.0.1823.43"
20.171.207.82 - - [11/Jul/2025:08:18:56 -0400] "GET /96dhah31037.html HTTP/1.1" 404 23128 "-" "Mozilla/5.0 AppleWebKit/537.36 (KHTML, like Gecko; compatible; GPTBot/1.2; +https://openai.com/gptbot)"
136.243.228.194 - - [11/Jul/2025:08:18:57 -0400] "GET /196nae26717.html HTTP/1.1" 404 23128 "-" "Mozilla/5.0 (compatible; DataForSeoBot/1.0; +https://dataforseo.com/dataforseo-bot)"
47.82.60.2 - - [11/Jul/2025:08:18:57 -0400] "GET /items/bdcno292/41920?key=privilege HTTP/1.1" 404 23128 "https://www.dangroup.sa/items/bdcno292/41920?key=privilege" "Mozilla/5.0 (Windows NT 10.0; Win64; x64) AppleWebKit/537.36 (KHTML, like Gecko) Chrome/114.0.0.0 Safari/537.36 Edg/114.0.1823.43"
47.82.60.27 - - [11/Jul/2025:08:19:05 -0400] "GET /items/hhfsv95/717?key=sheep HTTP/1.1" 404 23128 "https://dangroup.sa/items/hhfsv95/717?key=sheep" "Mozilla/5.0 (Windows NT 10.0; Win64; x64) AppleWebKit/537.36 (KHTML, like Gecko) Chrome/114.0.0.0 Safari/537.36 Edg/114.0.1823.43"
136.243.228.194 - - [11/Jul/2025:08:19:11 -0400] "GET /37ifm48762.html HTTP/1.1" 404 23128 "-" "Mozilla/5.0 (compatible; DataForSeoBot/1.0; +https://dataforseo.com/dataforseo-bot)"
47.82.60.41 - - [11/Jul/2025:08:19:17 -0400] "GET /items/naqum89/2961?key=cook HTTP/1.1" 404 23128 "https://dangroup.sa/items/naqum89/2961?key=cook" "Mozilla/5.0 (Windows NT 10.0; Win64; x64) AppleWebKit/537.36 (KHTML, like Gecko) Chrome/114.0.0.0 Safari/537.36 Edg/114.0.1823.43"
136.243.228.194 - - [11/Jul/2025:08:19:18 -0400] "GET /items/xwvpv94/128?key=slam HTTP/1.1" 404 23128 "-" "Mozilla/5.0 (compatible; DataForSeoBot/1.0; +https://dataforseo.com/dataforseo-bot)"
66.29.146.47 - - [11/Jul/2025:08:19:26 -0400] "POST /wp-cron.php?doing_wp_cron=1752236366.1819469928741455078125 HTTP/1.1" 403 1242 "-" "WordPress/6.8; https://dangroup.sa"
66.249.68.130 - - [11/Jul/2025:08:19:28 -0400] "GET /182bgrm44869.html HTTP/1.1" 200 87906 "-" "Mozilla/5.0 (Linux; Android 6.0.1; Nexus 5X Build/MMB29P) AppleWebKit/537.36 (KHTML, like Gecko) Chrome/137.0.7151.103 Mobile Safari/537.36 (compatible; GoogleOther)"
136.243.228.194 - - [11/Jul/2025:08:19:25 -0400] "GET /71isfkc33232.html HTTP/1.1" 404 23128 "-" "Mozilla/5.0 (compatible; DataForSeoBot/1.0; +https://dataforseo.com/dataforseo-bot)"
66.249.79.136 - - [11/Jul/2025:08:19:32 -0400] "GET /safe_search/config?return_url=%2Fproduct%2Fdetail%2Fjordan23-19_002c04_a0a2be89 HTTP/1.1" 200 87176 "-" "Mozilla/5.0 (Linux; Android 6.0.1; Nexus 5X Build/MMB29P) AppleWebKit/537.36 (KHTML, like Gecko) Chrome/137.0.7151.103 Mobile Safari/537.36 (compatible; Googlebot/2.1; +http://www.google.com/bot.html)"
136.243.228.194 - - [11/Jul/2025:08:19:31 -0400] "GET /252whs20609.html HTTP/1.1" 404 23130 "-" "Mozilla/5.0 (compatible; DataForSeoBot/1.0; +https://dataforseo.com/dataforseo-bot)"
136.243.228.194 - - [11/Jul/2025:08:19:36 -0400] "GET /243whxx44028.html HTTP/1.1" 404 23128 "-" "Mozilla/5.0 (compatible; DataForSeoBot/1.0; +https://dataforseo.com/dataforseo-bot)"
136.243.228.194 - - [11/Jul/2025:08:19:42 -0400] "GET /189crsnl43570.html HTTP/1.1" 404 23128 "-" "Mozilla/5.0 (compatible; DataForSeoBot/1.0; +https://dataforseo.com/dataforseo-bot)"
136.243.228.194 - - [11/Jul/2025:08:19:47 -0400] "GET /items/slwjc57/25491?key=pregnant HTTP/1.1" 404 23128 "-" "Mozilla/5.0 (compatible; DataForSeoBot/1.0; +https://dataforseo.com/dataforseo-bot)"
136.243.228.194 - - [11/Jul/2025:08:19:53 -0400] "GET /items/ujdso235/23595?key=hunting HTTP/1.1" 404 23130 "-" "Mozilla/5.0 (compatible; DataForSeoBot/1.0; +https://dataforseo.com/dataforseo-bot)"
20.171.207.82 - - [11/Jul/2025:08:20:01 -0400] "GET /10tbxj20803.html HTTP/1.1" 404 23128 "-" "Mozilla/5.0 AppleWebKit/537.36 (KHTML, like Gecko; compatible; GPTBot/1.2; +https://openai.com/gptbot)"
136.243.228.194 - - [11/Jul/2025:08:20:02 -0400] "GET /93ojtu21466.html HTTP/1.1" 404 23128 "-" "Mozilla/5.0 (compatible; DataForSeoBot/1.0; +https://dataforseo.com/dataforseo-bot)"
66.249.79.136 - - [11/Jul/2025:08:20:15 -0400] "GET /pcmypage?callback=product/review/hotroadtoyohashi-8220323600 HTTP/1.1" 200 86223 "-" "Mozilla/5.0 (Linux; Android 6.0.1; Nexus 5X Build/MMB29P) AppleWebKit/537.36 (KHTML, like Gecko) Chrome/137.0.7151.103 Mobile Safari/537.36 (compatible; Googlebot/2.1; +http://www.google.com/bot.html)"
136.243.228.194 - - [11/Jul/2025:08:20:11 -0400] "GET /117cxzg49444.html HTTP/1.1" 404 23128 "-" "Mozilla/5.0 (compatible; DataForSeoBot/1.0; +https://dataforseo.com/dataforseo-bot)"
66.249.68.129 - - [11/Jul/2025:08:20:19 -0400] "GET /30ykd13579.html HTTP/1.1" 200 86980 "-" "Mozilla/5.0 (Linux; Android 6.0.1; Nexus 5X Build/MMB29P) AppleWebKit/537.36 (KHTML, like Gecko) Chrome/137.0.7151.103 Mobile Safari/537.36 (compatible; Googlebot/2.1; +http://www.google.com/bot.html)"
136.243.228.194 - - [11/Jul/2025:08:20:19 -0400] "GET /items/zacru179/11057?key=filter HTTP/1.1" 404 23128 "-" "Mozilla/5.0 (compatible; DataForSeoBot/1.0; +https://dataforseo.com/dataforseo-bot)"
66.29.146.47 - - [11/Jul/2025:08:20:27 -0400] "POST /wp-cron.php?doing_wp_cron=1752236427.0137279033660888671875 HTTP/1.1" 403 1242 "-" "WordPress/6.8; https://dangroup.sa"
136.243.228.194 - - [11/Jul/2025:08:20:27 -0400] "GET /71pavl48792.html HTTP/1.1" 404 23128 "-" "Mozilla/5.0 (compatible; DataForSeoBot/1.0; +https://dataforseo.com/dataforseo-bot)"
47.82.60.1 - - [11/Jul/2025:08:20:26 -0400] "GET /items/jidta116/18046?key=drop HTTP/1.1" 404 23130 "https://dangroup.sa/items/jidta116/18046?key=drop" "Mozilla/5.0 (Windows NT 10.0; Win64; x64) AppleWebKit/537.36 (KHTML, like Gecko) Chrome/114.0.0.0 Safari/537.36 Edg/114.0.1823.43"
136.243.228.194 - - [11/Jul/2025:08:20:34 -0400] "GET /items/gjysa150/18638?key=grief HTTP/1.1" 404 23128 "-" "Mozilla/5.0 (compatible; DataForSeoBot/1.0; +https://dataforseo.com/dataforseo-bot)"
47.82.60.14 - - [11/Jul/2025:08:20:33 -0400] "GET /items/wjgbz254/45886?key=commit HTTP/1.1" 404 23128 "https://dangroup.sa/items/wjgbz254/45886?key=commit" "Mozilla/5.0 (Windows NT 10.0; Win64; x64) AppleWebKit/537.36 (KHTML, like Gecko) Chrome/114.0.0.0 Safari/537.36 Edg/114.0.1823.43"
136.243.228.194 - - [11/Jul/2025:08:20:40 -0400] "GET /items/rcaoc108/452?key=amid HTTP/1.1" 404 23128 "-" "Mozilla/5.0 (compatible; DataForSeoBot/1.0; +https://dataforseo.com/dataforseo-bot)"
136.243.228.194 - - [11/Jul/2025:08:20:45 -0400] "GET /207noddv34616.html HTTP/1.1" 404 23130 "-" "Mozilla/5.0 (compatible; DataForSeoBot/1.0; +https://dataforseo.com/dataforseo-bot)"
136.243.228.194 - - [11/Jul/2025:08:20:49 -0400] "GET /97lwqhq43274.html HTTP/1.1" 404 23130 "-" "Mozilla/5.0 (compatible; DataForSeoBot/1.0; +https://dataforseo.com/dataforseo-bot)"
136.243.228.194 - - [11/Jul/2025:08:20:53 -0400] "GET /286efas43361.html HTTP/1.1" 404 23128 "-" "Mozilla/5.0 (compatible; DataForSeoBot/1.0; +https://dataforseo.com/dataforseo-bot)"
66.249.79.136 - - [11/Jul/2025:08:20:58 -0400] "GET /zhHant/product/surugaya/hirochishop-400958-tr?campaign_uid=f64d716db5e979ed2f947dbaf4296895b951ae7f HTTP/1.1" 200 87230 "-" "Mozilla/5.0 (Linux; Android 6.0.1; Nexus 5X Build/MMB29P) AppleWebKit/537.36 (KHTML, like Gecko) Chrome/137.0.7151.103 Mobile Safari/537.36 (compatible; Googlebot/2.1; +http://www.google.com/bot.html)"
136.243.228.194 - - [11/Jul/2025:08:20:57 -0400] "GET /221vul26022.html HTTP/1.1" 404 23128 "-" "Mozilla/5.0 (compatible; DataForSeoBot/1.0; +https://dataforseo.com/dataforseo-bot)"
20.171.207.82 - - [11/Jul/2025:08:21:01 -0400] "GET /56rmfm43195.html HTTP/1.1" 404 23128 "-" "Mozilla/5.0 AppleWebKit/537.36 (KHTML, like Gecko; compatible; GPTBot/1.2; +https://openai.com/gptbot)"
136.243.228.194 - - [11/Jul/2025:08:21:02 -0400] "GET /items/onhub19/9065?key=page HTTP/1.1" 404 23128 "-" "Mozilla/5.0 (compatible; DataForSeoBot/1.0; +https://dataforseo.com/dataforseo-bot)"
136.243.228.194 - - [11/Jul/2025:08:21:08 -0400] "GET /53sfx46.html HTTP/1.1" 404 23128 "-" "Mozilla/5.0 (compatible; DataForSeoBot/1.0; +https://dataforseo.com/dataforseo-bot)"
136.243.228.194 - - [11/Jul/2025:08:21:13 -0400] "GET /items/zcmbb36/4856?key=equity HTTP/1.1" 404 23130 "-" "Mozilla/5.0 (compatible; DataForSeoBot/1.0; +https://dataforseo.com/dataforseo-bot)"
47.82.60.37 - - [11/Jul/2025:08:21:15 -0400] "GET /items/edzmy3/43163?key=vanish HTTP/1.1" 404 23130 "https://dangroup.sa/items/edzmy3/43163?key=vanish" "Mozilla/5.0 (Windows NT 10.0; Win64; x64) AppleWebKit/537.36 (KHTML, like Gecko) Chrome/114.0.0.0 Safari/537.36 Edg/114.0.1823.43"
66.249.68.129 - - [11/Jul/2025:08:21:20 -0400] "GET /121nach23722.html HTTP/1.1" 200 87485 "-" "Mozilla/5.0 (Linux; Android 6.0.1; Nexus 5X Build/MMB29P) AppleWebKit/537.36 (KHTML, like Gecko) Chrome/137.0.7151.103 Mobile Safari/537.36 (compatible; Googlebot/2.1; +http://www.google.com/bot.html)"
66.249.79.138 - - [11/Jul/2025:08:21:22 -0400] "GET /291gen45176.html HTTP/1.1" 200 86676 "-" "Mozilla/5.0 (Linux; Android 6.0.1; Nexus 5X Build/MMB29P) AppleWebKit/537.36 (KHTML, like Gecko) Chrome/137.0.7151.103 Mobile Safari/537.36 (compatible; Googlebot/2.1; +http://www.google.com/bot.html)"
136.243.228.194 - - [11/Jul/2025:08:21:18 -0400] "GET /items/nynfm97/35543?key=republic HTTP/1.1" 404 23130 "-" "Mozilla/5.0 (compatible; DataForSeoBot/1.0; +https://dataforseo.com/dataforseo-bot)"
66.249.79.136 - - [11/Jul/2025:08:21:23 -0400] "GET /zhHant/product/surugaya/otokudanet-otsuki-eal854-1?campaign_uid=f64d716db5e979ed2f947dbaf4296895b951ae7f HTTP/1.1" 200 87435 "-" "Mozilla/5.0 (Linux; Android 6.0.1; Nexus 5X Build/MMB29P) AppleWebKit/537.36 (KHTML, like Gecko) Chrome/137.0.7151.103 Mobile Safari/537.36 (compatible; Googlebot/2.1; +http://www.google.com/bot.html)"
66.249.68.129 - - [11/Jul/2025:08:21:24 -0400] "GET /product/edit/commit1-azm-kt-212 HTTP/1.1" 200 87274 "-" "Mozilla/5.0 (Linux; Android 6.0.1; Nexus 5X Build/MMB29P) AppleWebKit/537.36 (KHTML, like Gecko) Chrome/137.0.7151.103 Mobile Safari/537.36 (compatible; Googlebot/2.1; +http://www.google.com/bot.html)"
47.82.60.20 - - [11/Jul/2025:08:21:20 -0400] "GET /items/omtmw135/18949?key=target HTTP/1.1" 404 23130 "https://dangroup.sa/items/omtmw135/18949?key=target" "Mozilla/5.0 (Windows NT 10.0; Win64; x64) AppleWebKit/537.36 (KHTML, like Gecko) Chrome/114.0.0.0 Safari/537.36 Edg/114.0.1823.43"
66.29.146.47 - - [11/Jul/2025:08:21:29 -0400] "POST /wp-cron.php?doing_wp_cron=1752236488.7932760715484619140625 HTTP/1.1" 403 1242 "-" "WordPress/6.8; https://dangroup.sa"
47.82.60.44 - - [11/Jul/2025:08:21:27 -0400] "GET /items/gzvdq197/27119?key=absorb HTTP/1.1" 301 0 "https://www.dangroup.sa/items/gzvdq197/27119?key=absorb" "Mozilla/5.0 (Windows NT 10.0; Win64; x64) AppleWebKit/537.36 (KHTML, like Gecko) Chrome/114.0.0.0 Safari/537.36 Edg/114.0.1823.43"
136.243.228.194 - - [11/Jul/2025:08:21:24 -0400] "GET /items/uhbob29/41751?key=toxic HTTP/1.1" 404 23128 "-" "Mozilla/5.0 (compatible; DataForSeoBot/1.0; +https://dataforseo.com/dataforseo-bot)"
47.82.60.44 - - [11/Jul/2025:08:21:29 -0400] "GET /items/gzvdq197/27119?key=absorb HTTP/1.1" 404 23128 "https://www.dangroup.sa/items/gzvdq197/27119?key=absorb" "Mozilla/5.0 (Windows NT 10.0; Win64; x64) AppleWebKit/537.36 (KHTML, like Gecko) Chrome/114.0.0.0 Safari/537.36 Edg/114.0.1823.43"
136.243.228.194 - - [11/Jul/2025:08:21:30 -0400] "GET /items/dcwzx35/41849?key=regain HTTP/1.1" 404 23130 "-" "Mozilla/5.0 (compatible; DataForSeoBot/1.0; +https://dataforseo.com/dataforseo-bot)"
47.82.60.39 - - [11/Jul/2025:08:21:35 -0400] "GET /pcmypage?callback=product/detail/setubiprookoku-993-076661 HTTP/1.1" 301 0 "https://www.dangroup.sa/pcmypage?callback=product%2Fdetail%2Fsetubiprookoku-993-076661" "Mozilla/5.0 (Windows NT 10.0; Win64; x64) AppleWebKit/537.36 (KHTML, like Gecko) Chrome/114.0.0.0 Safari/537.36 Edg/114.0.1823.43"
47.82.60.39 - - [11/Jul/2025:08:21:37 -0400] "GET /pcmypage?callback=product/detail/setubiprookoku-993-076661 HTTP/1.1" 404 23130 "https://www.dangroup.sa/pcmypage?callback=product%2Fdetail%2Fsetubiprookoku-993-076661" "Mozilla/5.0 (Windows NT 10.0; Win64; x64) AppleWebKit/537.36 (KHTML, like Gecko) Chrome/114.0.0.0 Safari/537.36 Edg/114.0.1823.43"
136.243.228.194 - - [11/Jul/2025:08:21:38 -0400] "GET /95fjvh18614.html HTTP/1.1" 404 23130 "-" "Mozilla/5.0 (compatible; DataForSeoBot/1.0; +https://dataforseo.com/dataforseo-bot)"
136.243.228.194 - - [11/Jul/2025:08:21:44 -0400] "GET /items/fwsan66/39684?key=generally HTTP/1.1" 404 23128 "-" "Mozilla/5.0 (compatible; DataForSeoBot/1.0; +https://dataforseo.com/dataforseo-bot)"
47.82.60.3 - - [11/Jul/2025:08:21:48 -0400] "GET /items/fuscb260/34132?key=count HTTP/1.1" 404 23130 "https://dangroup.sa/items/fuscb260/34132?key=count" "Mozilla/5.0 (Windows NT 10.0; Win64; x64) AppleWebKit/537.36 (KHTML, like Gecko) Chrome/114.0.0.0 Safari/537.36 Edg/114.0.1823.43"
136.243.228.194 - - [11/Jul/2025:08:21:50 -0400] "GET /33mqs30746.html HTTP/1.1" 404 23130 "-" "Mozilla/5.0 (compatible; DataForSeoBot/1.0; +https://dataforseo.com/dataforseo-bot)"
136.243.228.194 - - [11/Jul/2025:08:21:55 -0400] "GET /157bloi45020.html HTTP/1.1" 404 23128 "-" "Mozilla/5.0 (compatible; DataForSeoBot/1.0; +https://dataforseo.com/dataforseo-bot)"
136.243.228.194 - - [11/Jul/2025:08:22:00 -0400] "GET /items/pvfcj231/4747?key=somehow HTTP/1.1" 404 23128 "-" "Mozilla/5.0 (compatible; DataForSeoBot/1.0; +https://dataforseo.com/dataforseo-bot)"
20.171.207.82 - - [11/Jul/2025:08:22:05 -0400] "GET /18twkz41137.html HTTP/1.1" 404 23128 "-" "Mozilla/5.0 AppleWebKit/537.36 (KHTML, like Gecko; compatible; GPTBot/1.2; +https://openai.com/gptbot)"
136.243.228.194 - - [11/Jul/2025:08:22:05 -0400] "GET /items/bvixq259/39067?key=coin HTTP/1.1" 404 23130 "-" "Mozilla/5.0 (compatible; DataForSeoBot/1.0; +https://dataforseo.com/dataforseo-bot)"
136.243.228.194 - - [11/Jul/2025:08:22:11 -0400] "GET /items/jqzga224/39886?key=radiation HTTP/1.1" 404 23128 "-" "Mozilla/5.0 (compatible; DataForSeoBot/1.0; +https://dataforseo.com/dataforseo-bot)"
136.243.228.194 - - [11/Jul/2025:08:22:17 -0400] "GET /267ljtz32912.html HTTP/1.1" 404 23128 "-" "Mozilla/5.0 (compatible; DataForSeoBot/1.0; +https://dataforseo.com/dataforseo-bot)"
47.82.60.27 - - [11/Jul/2025:08:22:21 -0400] "GET /items/qsrek241/46879?key=mandate HTTP/1.1" 404 23130 "https://dangroup.sa/items/qsrek241/46879?key=mandate" "Mozilla/5.0 (Windows NT 10.0; Win64; x64) AppleWebKit/537.36 (KHTML, like Gecko) Chrome/114.0.0.0 Safari/537.36 Edg/114.0.1823.43"
136.243.228.194 - - [11/Jul/2025:08:22:21 -0400] "GET /items/rlvbd188/40822?key=contributor HTTP/1.1" 404 23128 "-" "Mozilla/5.0 (compatible; DataForSeoBot/1.0; +https://dataforseo.com/dataforseo-bot)"
66.29.146.47 - - [11/Jul/2025:08:22:29 -0400] "POST /wp-cron.php?doing_wp_cron=1752236549.7033360004425048828125 HTTP/1.1" 403 1242 "-" "WordPress/6.8; https://dangroup.sa"
136.243.228.194 - - [11/Jul/2025:08:22:29 -0400] "GET /items/qntzg176/46176?key=occasionally HTTP/1.1" 404 23128 "-" "Mozilla/5.0 (compatible; DataForSeoBot/1.0; +https://dataforseo.com/dataforseo-bot)"
136.243.228.194 - - [11/Jul/2025:08:22:33 -0400] "GET /items/qovtm140/38166?key=ideal HTTP/1.1" 404 23128 "-" "Mozilla/5.0 (compatible; DataForSeoBot/1.0; +https://dataforseo.com/dataforseo-bot)"
216.69.160.244 - - [11/Jul/2025:08:22:39 -0400] "GET /xmlrpc.php HTTP/1.1" 403 1242 "http://dangroup.sa/xmlrpc.php" "Mozilla/5.0 (X11; Ubuntu; Linux x86_64; rv:85.0) Gecko/20100101 Firefox/91.0"
136.243.228.194 - - [11/Jul/2025:08:22:38 -0400] "GET /items/pymuu124/7096?key=mentor HTTP/1.1" 404 23128 "-" "Mozilla/5.0 (compatible; DataForSeoBot/1.0; +https://dataforseo.com/dataforseo-bot)"
66.249.68.130 - - [11/Jul/2025:08:22:41 -0400] "GET /52tfwck21883.html HTTP/1.1" 200 86731 "-" "Mozilla/5.0 (Linux; Android 6.0.1; Nexus 5X Build/MMB29P) AppleWebKit/537.36 (KHTML, like Gecko) Chrome/137.0.7151.103 Mobile Safari/537.36 (compatible; Googlebot/2.1; +http://www.google.com/bot.html)"
47.82.60.39 - - [11/Jul/2025:08:22:42 -0400] "GET /items/zqgoz190/16958?key=creativity HTTP/1.1" 404 23128 "https://dangroup.sa/items/zqgoz190/16958?key=creativity" "Mozilla/5.0 (Windows NT 10.0; Win64; x64) AppleWebKit/537.36 (KHTML, like Gecko) Chrome/114.0.0.0 Safari/537.36 Edg/114.0.1823.43"
136.243.228.194 - - [11/Jul/2025:08:22:43 -0400] "GET /items/sdaff141/505?key=dominant HTTP/1.1" 404 23130 "-" "Mozilla/5.0 (compatible; DataForSeoBot/1.0; +https://dataforseo.com/dataforseo-bot)"
40.77.167.55 - - [11/Jul/2025:08:22:50 -0400] "GET /hspfabe12084chaneda HTTP/1.1" 200 17 "-" "Mozilla/5.0 AppleWebKit/537.36 (KHTML, like Gecko; compatible; bingbot/2.0; +http://www.bing.com/bingbot.htm) Chrome/116.0.1938.76 Safari/537.36"
136.243.228.194 - - [11/Jul/2025:08:22:51 -0400] "GET /items/xbqcp170/7702?key=guitar HTTP/1.1" 404 23128 "-" "Mozilla/5.0 (compatible; DataForSeoBot/1.0; +https://dataforseo.com/dataforseo-bot)"
136.243.228.194 - - [11/Jul/2025:08:22:58 -0400] "GET /items/nfvqm56/37902?key=stove HTTP/1.1" 404 23128 "-" "Mozilla/5.0 (compatible; DataForSeoBot/1.0; +https://dataforseo.com/dataforseo-bot)"
136.243.228.194 - - [11/Jul/2025:08:23:03 -0400] "GET /294dyv44239.html HTTP/1.1" 404 23128 "-" "Mozilla/5.0 (compatible; DataForSeoBot/1.0; +https://dataforseo.com/dataforseo-bot)"
136.243.228.194 - - [11/Jul/2025:08:23:09 -0400] "GET /155olt27500.html HTTP/1.1" 404 23130 "-" "Mozilla/5.0 (compatible; DataForSeoBot/1.0; +https://dataforseo.com/dataforseo-bot)"
20.171.207.82 - - [11/Jul/2025:08:23:10 -0400] "GET /70igmk33853.html HTTP/1.1" 404 23128 "-" "Mozilla/5.0 AppleWebKit/537.36 (KHTML, like Gecko; compatible; GPTBot/1.2; +https://openai.com/gptbot)"
136.243.228.194 - - [11/Jul/2025:08:23:14 -0400] "GET /256awk26431.html HTTP/1.1" 404 23128 "-" "Mozilla/5.0 (compatible; DataForSeoBot/1.0; +https://dataforseo.com/dataforseo-bot)"
136.243.228.194 - - [11/Jul/2025:08:23:19 -0400] "GET /185avx22794.html HTTP/1.1" 404 23128 "-" "Mozilla/5.0 (compatible; DataForSeoBot/1.0; +https://dataforseo.com/dataforseo-bot)"
66.249.79.138 - - [11/Jul/2025:08:23:23 -0400] "GET /11xrkv700.html HTTP/1.1" 200 87162 "-" "Mozilla/5.0 (Linux; Android 6.0.1; Nexus 5X Build/MMB29P) AppleWebKit/537.36 (KHTML, like Gecko) Chrome/137.0.7151.103 Mobile Safari/537.36 (compatible; Googlebot/2.1; +http://www.google.com/bot.html)"
136.243.228.194 - - [11/Jul/2025:08:23:25 -0400] "GET /items/kussx248/23910?key=meal HTTP/1.1" 404 23128 "-" "Mozilla/5.0 (compatible; DataForSeoBot/1.0; +https://dataforseo.com/dataforseo-bot)"
66.29.146.47 - - [11/Jul/2025:08:23:30 -0400] "POST /wp-cron.php?doing_wp_cron=1752236609.9731779098510742187500 HTTP/1.1" 403 1242 "-" "WordPress/6.8; https://dangroup.sa"
136.243.228.194 - - [11/Jul/2025:08:23:29 -0400] "GET /items/eloiv131/20107?key=among HTTP/1.1" 404 23128 "-" "Mozilla/5.0 (compatible; DataForSeoBot/1.0; +https://dataforseo.com/dataforseo-bot)"
69.197.182.50 - - [11/Jul/2025:08:23:33 -0400] "GET /wp-content/install.php HTTP/1.1" 200 10 "https://dangroup.sa/wp-content/install.php" "Mozilla/5.0 (Windows NT 10.0; Win64; x64) AppleWebKit/537.36 (KHTML, like Gecko) Chrome/58.0.3029.110 Safari/537.3"
136.243.228.194 - - [11/Jul/2025:08:23:33 -0400] "GET /items/wefzn181/24585?key=filter HTTP/1.1" 404 23128 "-" "Mozilla/5.0 (compatible; DataForSeoBot/1.0; +https://dataforseo.com/dataforseo-bot)"
136.243.228.194 - - [11/Jul/2025:08:23:37 -0400] "GET /196ahsm38707.html HTTP/1.1" 404 23197 "-" "Mozilla/5.0 (compatible; DataForSeoBot/1.0; +https://dataforseo.com/dataforseo-bot)"
47.82.60.11 - - [11/Jul/2025:08:23:55 -0400] "GET /items/xvxzq85/11049?key=limit HTTP/1.1" 301 0 "https://www.dangroup.sa/items/xvxzq85/11049?key=limit" "Mozilla/5.0 (Windows NT 10.0; Win64; x64) AppleWebKit/537.36 (KHTML, like Gecko) Chrome/114.0.0.0 Safari/537.36 Edg/114.0.1823.43"
47.82.60.11 - - [11/Jul/2025:08:23:56 -0400] "GET /items/tsrph106/26430?key=touch HTTP/1.1" 404 23130 "https://dangroup.sa/items/tsrph106/26430?key=touch" "Mozilla/5.0 (Windows NT 10.0; Win64; x64) AppleWebKit/537.36 (KHTML, like Gecko) Chrome/114.0.0.0 Safari/537.36 Edg/114.0.1823.43"
47.82.60.11 - - [11/Jul/2025:08:23:56 -0400] "GET /items/xvxzq85/11049?key=limit HTTP/1.1" 404 23128 "https://www.dangroup.sa/items/xvxzq85/11049?key=limit" "Mozilla/5.0 (Windows NT 10.0; Win64; x64) AppleWebKit/537.36 (KHTML, like Gecko) Chrome/114.0.0.0 Safari/537.36 Edg/114.0.1823.43"
111.68.9.150 - - [11/Jul/2025:08:24:02 -0400] "GET /1234.php HTTP/1.1" 404 23128 "-" "Mozilla/5.0 (Windows NT 10.0; WOW64; rv:48.0) Gecko/20100101 Firefox/48.0"
47.82.60.27 - - [11/Jul/2025:08:24:06 -0400] "GET /pcmypage?callback=product/detail/tuzukiya-s281-3480 HTTP/1.1" 404 23128 "https://dangroup.sa/pcmypage?callback=product%2Fdetail%2Ftuzukiya-s281-3480" "Mozilla/5.0 (Windows NT 10.0; Win64; x64) AppleWebKit/537.36 (KHTML, like Gecko) Chrome/114.0.0.0 Safari/537.36 Edg/114.0.1823.43"
47.82.60.44 - - [11/Jul/2025:08:24:07 -0400] "GET /items/uffox145/40205?key=cultural HTTP/1.1" 404 23130 "https://dangroup.sa/items/uffox145/40205?key=cultural" "Mozilla/5.0 (Windows NT 10.0; Win64; x64) AppleWebKit/537.36 (KHTML, like Gecko) Chrome/114.0.0.0 Safari/537.36 Edg/114.0.1823.43"
136.243.228.194 - - [11/Jul/2025:08:24:28 -0400] "GET /56mrxyx27471.html HTTP/1.1" 404 23130 "-" "Mozilla/5.0 (compatible; DataForSeoBot/1.0; +https://dataforseo.com/dataforseo-bot)"
66.29.146.47 - - [11/Jul/2025:08:24:33 -0400] "POST /wp-cron.php?doing_wp_cron=1752236672.9763340950012207031250 HTTP/1.1" 403 1242 "-" "WordPress/6.8; https://dangroup.sa"
47.82.60.13 - - [11/Jul/2025:08:24:32 -0400] "GET /pcmypage?callback=product/review/vic2rak-eno_0212 HTTP/1.1" 301 0 "https://www.dangroup.sa/pcmypage?callback=product/review/vic2rak-eno_0212" "Mozilla/5.0 (Windows NT 10.0; Win64; x64) AppleWebKit/537.36 (KHTML, like Gecko) Chrome/114.0.0.0 Safari/537.36 Edg/114.0.1823.43"
47.82.60.40 - - [11/Jul/2025:08:24:33 -0400] "GET /items/btoka161/48669?key=strict HTTP/1.1" 404 23128 "https://dangroup.sa/items/btoka161/48669?key=strict" "Mozilla/5.0 (Windows NT 10.0; Win64; x64) AppleWebKit/537.36 (KHTML, like Gecko) Chrome/114.0.0.0 Safari/537.36 Edg/114.0.1823.43"
136.243.228.194 - - [11/Jul/2025:08:24:33 -0400] "GET /298tui25829.html HTTP/1.1" 404 23130 "-" "Mozilla/5.0 (compatible; DataForSeoBot/1.0; +https://dataforseo.com/dataforseo-bot)"
47.82.60.13 - - [11/Jul/2025:08:24:33 -0400] "GET /pcmypage?callback=product/review/vic2rak-eno_0212 HTTP/1.1" 404 23128 "https://www.dangroup.sa/pcmypage?callback=product/review/vic2rak-eno_0212" "Mozilla/5.0 (Windows NT 10.0; Win64; x64) AppleWebKit/537.36 (KHTML, like Gecko) Chrome/114.0.0.0 Safari/537.36 Edg/114.0.1823.43"
136.243.228.194 - - [11/Jul/2025:08:24:44 -0400] "GET /items/dexuu141/33967?key=define HTTP/1.1" 404 23128 "-" "Mozilla/5.0 (compatible; DataForSeoBot/1.0; +https://dataforseo.com/dataforseo-bot)"
136.243.228.194 - - [11/Jul/2025:08:24:50 -0400] "GET /items/msfsk227/13911?key=visitor HTTP/1.1" 404 23130 "-" "Mozilla/5.0 (compatible; DataForSeoBot/1.0; +https://dataforseo.com/dataforseo-bot)"
136.243.228.194 - - [11/Jul/2025:08:24:55 -0400] "GET /89asl45898.html HTTP/1.1" 404 23130 "-" "Mozilla/5.0 (compatible; DataForSeoBot/1.0; +https://dataforseo.com/dataforseo-bot)"
47.82.60.37 - - [11/Jul/2025:08:24:55 -0400] "GET /144piftk25361.html HTTP/1.1" 404 23130 "https://dangroup.sa/144piftk25361.html" "Mozilla/5.0 (Windows NT 10.0; Win64; x64) AppleWebKit/537.36 (KHTML, like Gecko) Chrome/114.0.0.0 Safari/537.36 Edg/114.0.1823.43"
47.82.60.8 - - [11/Jul/2025:08:25:00 -0400] "GET /34ilk5963.html HTTP/1.1" 301 0 "https://www.dangroup.sa/34ilk5963.html" "Mozilla/5.0 (Windows NT 10.0; Win64; x64) AppleWebKit/537.36 (KHTML, like Gecko) Chrome/114.0.0.0 Safari/537.36 Edg/114.0.1823.43"
136.243.228.194 - - [11/Jul/2025:08:25:01 -0400] "GET /61gfbwn34894.html HTTP/1.1" 404 23128 "-" "Mozilla/5.0 (compatible; DataForSeoBot/1.0; +https://dataforseo.com/dataforseo-bot)"
66.249.79.136 - - [11/Jul/2025:08:25:06 -0400] "GET /category/10015/1/listing HTTP/1.1" 200 87449 "-" "Mozilla/5.0 (Linux; Android 6.0.1; Nexus 5X Build/MMB29P) AppleWebKit/537.36 (KHTML, like Gecko) Chrome/137.0.7151.103 Mobile Safari/537.36 (compatible; Googlebot/2.1; +http://www.google.com/bot.html)"
47.82.60.2 - - [11/Jul/2025:08:25:01 -0400] "GET /items/nxomh84/43704?key=prominent HTTP/1.1" 404 23128 "https://dangroup.sa/items/nxomh84/43704?key=prominent" "Mozilla/5.0 (Windows NT 10.0; Win64; x64) AppleWebKit/537.36 (KHTML, like Gecko) Chrome/114.0.0.0 Safari/537.36 Edg/114.0.1823.43"
47.82.60.8 - - [11/Jul/2025:08:25:01 -0400] "GET /34ilk5963.html HTTP/1.1" 404 23128 "https://www.dangroup.sa/34ilk5963.html" "Mozilla/5.0 (Windows NT 10.0; Win64; x64) AppleWebKit/537.36 (KHTML, like Gecko) Chrome/114.0.0.0 Safari/537.36 Edg/114.0.1823.43"
136.243.228.194 - - [11/Jul/2025:08:25:08 -0400] "GET /179gol15056.html HTTP/1.1" 404 23128 "-" "Mozilla/5.0 (compatible; DataForSeoBot/1.0; +https://dataforseo.com/dataforseo-bot)"
136.243.228.194 - - [11/Jul/2025:08:25:14 -0400] "GET /251hfsk6026.html HTTP/1.1" 404 23128 "-" "Mozilla/5.0 (compatible; DataForSeoBot/1.0; +https://dataforseo.com/dataforseo-bot)"
136.243.228.194 - - [11/Jul/2025:08:25:18 -0400] "GET /items/uxvjv292/36394?key=ten HTTP/1.1" 404 23128 "-" "Mozilla/5.0 (compatible; DataForSeoBot/1.0; +https://dataforseo.com/dataforseo-bot)"
136.243.228.194 - - [11/Jul/2025:08:25:22 -0400] "GET /226kpv43585.html HTTP/1.1" 404 23128 "-" "Mozilla/5.0 (compatible; DataForSeoBot/1.0; +https://dataforseo.com/dataforseo-bot)"
136.243.228.194 - - [11/Jul/2025:08:25:28 -0400] "GET /items/grofx215/24677?key=desperate HTTP/1.1" 404 23128 "-" "Mozilla/5.0 (compatible; DataForSeoBot/1.0; +https://dataforseo.com/dataforseo-bot)"
66.29.146.47 - - [11/Jul/2025:08:25:33 -0400] "POST /wp-cron.php?doing_wp_cron=1752236733.6576759815216064453125 HTTP/1.1" 403 1242 "-" "WordPress/6.8; https://dangroup.sa"
136.243.228.194 - - [11/Jul/2025:08:25:33 -0400] "GET /16lgfv37337.html HTTP/1.1" 404 23128 "-" "Mozilla/5.0 (compatible; DataForSeoBot/1.0; +https://dataforseo.com/dataforseo-bot)"
136.243.228.194 - - [11/Jul/2025:08:25:37 -0400] "GET /300ldt30441.html HTTP/1.1" 404 23128 "-" "Mozilla/5.0 (compatible; DataForSeoBot/1.0; +https://dataforseo.com/dataforseo-bot)"
136.243.228.194 - - [11/Jul/2025:08:25:41 -0400] "GET /232khtzk3733.html HTTP/1.1" 404 23130 "-" "Mozilla/5.0 (compatible; DataForSeoBot/1.0; +https://dataforseo.com/dataforseo-bot)"
47.82.60.39 - - [11/Jul/2025:08:25:46 -0400] "GET /items/leouv31/34701?key=debut HTTP/1.1" 301 0 "https://www.dangroup.sa/items/leouv31/34701?key=debut" "Mozilla/5.0 (Windows NT 10.0; Win64; x64) AppleWebKit/537.36 (KHTML, like Gecko) Chrome/114.0.0.0 Safari/537.36 Edg/114.0.1823.43"
66.249.68.131 - - [11/Jul/2025:08:25:49 -0400] "GET /140hmiuy8405.html HTTP/1.1" 200 87030 "-" "Mozilla/5.0 (Linux; Android 6.0.1; Nexus 5X Build/MMB29P) AppleWebKit/537.36 (KHTML, like Gecko) Chrome/137.0.7151.103 Mobile Safari/537.36 (compatible; Googlebot/2.1; +http://www.google.com/bot.html)"
136.243.228.194 - - [11/Jul/2025:08:25:46 -0400] "GET /211emb28720.html HTTP/1.1" 404 23130 "-" "Mozilla/5.0 (compatible; DataForSeoBot/1.0; +https://dataforseo.com/dataforseo-bot)"
47.82.60.39 - - [11/Jul/2025:08:25:47 -0400] "GET /items/leouv31/34701?key=debut HTTP/1.1" 404 23130 "https://www.dangroup.sa/items/leouv31/34701?key=debut" "Mozilla/5.0 (Windows NT 10.0; Win64; x64) AppleWebKit/537.36 (KHTML, like Gecko) Chrome/114.0.0.0 Safari/537.36 Edg/114.0.1823.43"
136.243.228.194 - - [11/Jul/2025:08:25:53 -0400] "GET /254kiobh19681.html HTTP/1.1" 404 23128 "-" "Mozilla/5.0 (compatible; DataForSeoBot/1.0; +https://dataforseo.com/dataforseo-bot)"
136.243.228.194 - - [11/Jul/2025:08:25:57 -0400] "GET /83ofckn26338.html HTTP/1.1" 404 23128 "-" "Mozilla/5.0 (compatible; DataForSeoBot/1.0; +https://dataforseo.com/dataforseo-bot)"
136.243.228.194 - - [11/Jul/2025:08:26:01 -0400] "GET /items/ghuvr184/5522?key=they HTTP/1.1" 404 23128 "-" "Mozilla/5.0 (compatible; DataForSeoBot/1.0; +https://dataforseo.com/dataforseo-bot)"
136.243.228.194 - - [11/Jul/2025:08:26:05 -0400] "GET /items/keaot161/20081?key=channel HTTP/1.1" 404 23128 "-" "Mozilla/5.0 (compatible; DataForSeoBot/1.0; +https://dataforseo.com/dataforseo-bot)"
4.227.36.77 - - [11/Jul/2025:08:26:12 -0400] "GET /robots.txt HTTP/1.1" 304 0 "-" "Mozilla/5.0 AppleWebKit/537.36 (KHTML, like Gecko; compatible; GPTBot/1.2; +https://openai.com/gptbot)"
136.243.228.194 - - [11/Jul/2025:08:26:10 -0400] "GET /items/oxkis274/18840?key=sharply HTTP/1.1" 404 23128 "-" "Mozilla/5.0 (compatible; DataForSeoBot/1.0; +https://dataforseo.com/dataforseo-bot)"
136.243.228.194 - - [11/Jul/2025:08:26:14 -0400] "GET /items/oieum234/31670?key=entire HTTP/1.1" 404 23128 "-" "Mozilla/5.0 (compatible; DataForSeoBot/1.0; +https://dataforseo.com/dataforseo-bot)"
136.243.228.194 - - [11/Jul/2025:08:26:18 -0400] "GET /items/yjukm46/41554?key=lose HTTP/1.1" 404 23128 "-" "Mozilla/5.0 (compatible; DataForSeoBot/1.0; +https://dataforseo.com/dataforseo-bot)"
136.243.228.194 - - [11/Jul/2025:08:26:23 -0400] "GET /items/qucip242/9352?key=alleged HTTP/1.1" 404 23128 "-" "Mozilla/5.0 (compatible; DataForSeoBot/1.0; +https://dataforseo.com/dataforseo-bot)"
136.243.228.194 - - [11/Jul/2025:08:26:27 -0400] "GET /294rpb41655.html HTTP/1.1" 404 23128 "-" "Mozilla/5.0 (compatible; DataForSeoBot/1.0; +https://dataforseo.com/dataforseo-bot)"
66.249.79.135 - - [11/Jul/2025:08:26:32 -0400] "GET /228vezqn15119.html HTTP/1.1" 200 87647 "-" "Mozilla/5.0 (Linux; Android 6.0.1; Nexus 5X Build/MMB29P) AppleWebKit/537.36 (KHTML, like Gecko) Chrome/137.0.7151.103 Mobile Safari/537.36 (compatible; Googlebot/2.1; +http://www.google.com/bot.html)"
66.29.146.47 - - [11/Jul/2025:08:26:33 -0400] "POST /wp-cron.php?doing_wp_cron=1752236793.6773180961608886718750 HTTP/1.1" 403 1242 "-" "WordPress/6.8; https://dangroup.sa"
136.243.228.194 - - [11/Jul/2025:08:26:33 -0400] "GET /62inuii28949.html HTTP/1.1" 404 23130 "-" "Mozilla/5.0 (compatible; DataForSeoBot/1.0; +https://dataforseo.com/dataforseo-bot)"
136.243.228.194 - - [11/Jul/2025:08:26:37 -0400] "GET /items/pjsxk247/31865?key=such HTTP/1.1" 404 23130 "-" "Mozilla/5.0 (compatible; DataForSeoBot/1.0; +https://dataforseo.com/dataforseo-bot)"
136.243.228.194 - - [11/Jul/2025:08:26:41 -0400] "GET /186smyz43895.html HTTP/1.1" 404 23128 "-" "Mozilla/5.0 (compatible; DataForSeoBot/1.0; +https://dataforseo.com/dataforseo-bot)"
136.243.228.194 - - [11/Jul/2025:08:26:46 -0400] "GET /items/ldkzq257/47867?key=aside HTTP/1.1" 404 23128 "-" "Mozilla/5.0 (compatible; DataForSeoBot/1.0; +https://dataforseo.com/dataforseo-bot)"
136.243.228.194 - - [11/Jul/2025:08:26:51 -0400] "GET /items/npmck191/45047?key=negative HTTP/1.1" 404 23128 "-" "Mozilla/5.0 (compatible; DataForSeoBot/1.0; +https://dataforseo.com/dataforseo-bot)"
47.82.60.37 - - [11/Jul/2025:08:26:55 -0400] "GET /items/jikxg118/9402?key=brutal HTTP/1.1" 404 23128 "https://dangroup.sa/items/jikxg118/9402?key=brutal" "Mozilla/5.0 (Windows NT 10.0; Win64; x64) AppleWebKit/537.36 (KHTML, like Gecko) Chrome/114.0.0.0 Safari/537.36 Edg/114.0.1823.43"
136.243.228.194 - - [11/Jul/2025:08:26:55 -0400] "GET /items/wtprm3/27371?key=promising HTTP/1.1" 404 23128 "-" "Mozilla/5.0 (compatible; DataForSeoBot/1.0; +https://dataforseo.com/dataforseo-bot)"
136.243.228.194 - - [11/Jul/2025:08:27:01 -0400] "GET /50kul30093.html HTTP/1.1" 404 23130 "-" "Mozilla/5.0 (compatible; DataForSeoBot/1.0; +https://dataforseo.com/dataforseo-bot)"
136.243.228.194 - - [11/Jul/2025:08:27:06 -0400] "GET /items/iospi272/17562?key=alongside HTTP/1.1" 404 23128 "-" "Mozilla/5.0 (compatible; DataForSeoBot/1.0; +https://dataforseo.com/dataforseo-bot)"
47.82.60.36 - - [11/Jul/2025:08:27:12 -0400] "GET /items/mnoni155/1969?key=image HTTP/1.1" 301 0 "https://www.dangroup.sa/items/mnoni155/1969?key=image" "Mozilla/5.0 (Windows NT 10.0; Win64; x64) AppleWebKit/537.36 (KHTML, like Gecko) Chrome/114.0.0.0 Safari/537.36 Edg/114.0.1823.43"
51.222.253.10 - - [11/Jul/2025:08:27:14 -0400] "GET /?sitemap294.xml HTTP/1.1" 200 17 "-" "Mozilla/5.0 (compatible; AhrefsBot/7.0; +http://ahrefs.com/robot/)"
136.243.228.194 - - [11/Jul/2025:08:27:12 -0400] "GET /items/xtjrc142/16400?key=minute HTTP/1.1" 404 23128 "-" "Mozilla/5.0 (compatible; DataForSeoBot/1.0; +https://dataforseo.com/dataforseo-bot)"
66.249.68.130 - - [11/Jul/2025:08:27:15 -0400] "GET /133qkhs4032.html HTTP/1.1" 200 87534 "-" "Mozilla/5.0 (Linux; Android 6.0.1; Nexus 5X Build/MMB29P) AppleWebKit/537.36 (KHTML, like Gecko) Chrome/137.0.7151.103 Mobile Safari/537.36 (compatible; Googlebot/2.1; +http://www.google.com/bot.html)"
47.82.60.36 - - [11/Jul/2025:08:27:13 -0400] "GET /items/mnoni155/1969?key=image HTTP/1.1" 404 23128 "https://www.dangroup.sa/items/mnoni155/1969?key=image" "Mozilla/5.0 (Windows NT 10.0; Win64; x64) AppleWebKit/537.36 (KHTML, like Gecko) Chrome/114.0.0.0 Safari/537.36 Edg/114.0.1823.43"
66.249.68.130 - - [11/Jul/2025:08:27:19 -0400] "GET /220uucc15469.html HTTP/1.1" 200 86669 "-" "Mozilla/5.0 (Linux; Android 6.0.1; Nexus 5X Build/MMB29P) AppleWebKit/537.36 (KHTML, like Gecko) Chrome/137.0.7151.103 Mobile Safari/537.36 (compatible; GoogleOther)"
136.243.228.194 - - [11/Jul/2025:08:27:17 -0400] "GET /items/jetyo108/42392?key=confession HTTP/1.1" 404 23128 "-" "Mozilla/5.0 (compatible; DataForSeoBot/1.0; +https://dataforseo.com/dataforseo-bot)"
136.243.228.194 - - [11/Jul/2025:08:27:22 -0400] "GET /items/gdkbb122/14542?key=profit HTTP/1.1" 404 23128 "-" "Mozilla/5.0 (compatible; DataForSeoBot/1.0; +https://dataforseo.com/dataforseo-bot)"
136.243.228.194 - - [11/Jul/2025:08:27:26 -0400] "GET /75jnzva6324.html HTTP/1.1" 404 23130 "-" "Mozilla/5.0 (compatible; DataForSeoBot/1.0; +https://dataforseo.com/dataforseo-bot)"
136.243.228.194 - - [11/Jul/2025:08:27:30 -0400] "GET /114tgxj13635.html HTTP/1.1" 404 23128 "-" "Mozilla/5.0 (compatible; DataForSeoBot/1.0; +https://dataforseo.com/dataforseo-bot)"
