136.243.228.194 - - [11/Jul/2025:11:20:47 -0400] "GET /213euj11232.html HTTP/1.1" 404 23128 "-" "Mozilla/5.0 (compatible; DataForSeoBot/1.0; +https://dataforseo.com/dataforseo-bot)"
66.249.68.132 - - [11/Jul/2025:11:20:53 -0400] "GET /59inlj13850.html HTTP/1.1" 200 86948 "-" "Mozilla/5.0 (Linux; Android 6.0.1; Nexus 5X Build/MMB29P) AppleWebKit/537.36 (KHTML, like Gecko) Chrome/137.0.7151.103 Mobile Safari/537.36 (compatible; Googlebot/2.1; +http://www.google.com/bot.html)"
136.243.228.194 - - [11/Jul/2025:11:20:51 -0400] "GET /items/ccqzx3/13051?key=sales HTTP/1.1" 404 23309 "-" "Mozilla/5.0 (compatible; DataForSeoBot/1.0; +https://dataforseo.com/dataforseo-bot)"
66.29.146.47 - - [11/Jul/2025:11:20:56 -0400] "POST /wp-cron.php?doing_wp_cron=1752247256.7566380500793457031250 HTTP/1.1" 403 1242 "-" "WordPress/6.8; https://dangroup.sa"
136.243.228.194 - - [11/Jul/2025:11:20:56 -0400] "GET /140fhusq23665.html HTTP/1.1" 404 23128 "-" "Mozilla/5.0 (compatible; DataForSeoBot/1.0; +https://dataforseo.com/dataforseo-bot)"
136.243.228.194 - - [11/Jul/2025:11:21:00 -0400] "GET /39whb66148.html HTTP/1.1" 404 23128 "-" "Mozilla/5.0 (compatible; DataForSeoBot/1.0; +https://dataforseo.com/dataforseo-bot)"
66.249.68.133 - - [11/Jul/2025:11:21:05 -0400] "GET /items/jboqh116/34332?key=virus HTTP/1.1" 200 86320 "-" "Mozilla/5.0 (Linux; Android 6.0.1; Nexus 5X Build/MMB29P) AppleWebKit/537.36 (KHTML, like Gecko) Chrome/137.0.7151.103 Mobile Safari/537.36 (compatible; Googlebot/2.1; +http://www.google.com/bot.html)"
136.243.228.194 - - [11/Jul/2025:11:21:05 -0400] "GET /items/zvsvf282/24730?key=interpret HTTP/1.1" 404 23128 "-" "Mozilla/5.0 (compatible; DataForSeoBot/1.0; +https://dataforseo.com/dataforseo-bot)"
47.82.60.17 - - [11/Jul/2025:11:21:12 -0400] "GET /items/apftk75/20683?key=distinct HTTP/1.1" 301 0 "https://www.dangroup.sa/items/apftk75/20683?key=distinct" "Mozilla/5.0 (Windows NT 10.0; Win64; x64) AppleWebKit/537.36 (KHTML, like Gecko) Chrome/114.0.0.0 Safari/537.36 Edg/114.0.1823.43"
66.249.68.133 - - [11/Jul/2025:11:21:16 -0400] "GET /264rxmun43321.html HTTP/1.1" 200 86450 "-" "Mozilla/5.0 (Linux; Android 6.0.1; Nexus 5X Build/MMB29P) AppleWebKit/537.36 (KHTML, like Gecko) Chrome/137.0.7151.103 Mobile Safari/537.36 (compatible; Googlebot/2.1; +http://www.google.com/bot.html)"
136.243.228.194 - - [11/Jul/2025:11:21:10 -0400] "GET /264rlz42103.html HTTP/1.1" 404 23128 "-" "Mozilla/5.0 (compatible; DataForSeoBot/1.0; +https://dataforseo.com/dataforseo-bot)"
47.82.60.17 - - [11/Jul/2025:11:21:13 -0400] "GET /items/efatg53/49509?key=challenge HTTP/1.1" 404 23128 "https://dangroup.sa/items/efatg53/49509?key=challenge" "Mozilla/5.0 (Windows NT 10.0; Win64; x64) AppleWebKit/537.36 (KHTML, like Gecko) Chrome/114.0.0.0 Safari/537.36 Edg/114.0.1823.43"
47.82.60.17 - - [11/Jul/2025:11:21:15 -0400] "GET /items/apftk75/20683?key=distinct HTTP/1.1" 404 23128 "https://www.dangroup.sa/items/apftk75/20683?key=distinct" "Mozilla/5.0 (Windows NT 10.0; Win64; x64) AppleWebKit/537.36 (KHTML, like Gecko) Chrome/114.0.0.0 Safari/537.36 Edg/114.0.1823.43"
136.243.228.194 - - [11/Jul/2025:11:21:20 -0400] "GET /items/cyaiz37/22197?key=alter HTTP/1.1" 404 23128 "-" "Mozilla/5.0 (compatible; DataForSeoBot/1.0; +https://dataforseo.com/dataforseo-bot)"
136.243.228.194 - - [11/Jul/2025:11:21:30 -0400] "GET /items/xguwv186/30736?key=bulk HTTP/1.1" 404 23130 "-" "Mozilla/5.0 (compatible; DataForSeoBot/1.0; +https://dataforseo.com/dataforseo-bot)"
47.82.60.28 - - [11/Jul/2025:11:21:32 -0400] "GET /items/turzz64/12208?key=democracy HTTP/1.1" 404 23128 "https://dangroup.sa/items/turzz64/12208?key=democracy" "Mozilla/5.0 (Windows NT 10.0; Win64; x64) AppleWebKit/537.36 (KHTML, like Gecko) Chrome/114.0.0.0 Safari/537.36 Edg/114.0.1823.43"
136.243.228.194 - - [11/Jul/2025:11:21:34 -0400] "GET /items/cwejr44/31898?key=quite HTTP/1.1" 404 23128 "-" "Mozilla/5.0 (compatible; DataForSeoBot/1.0; +https://dataforseo.com/dataforseo-bot)"
136.243.228.194 - - [11/Jul/2025:11:21:40 -0400] "GET /193sog15950.html HTTP/1.1" 404 23128 "-" "Mozilla/5.0 (compatible; DataForSeoBot/1.0; +https://dataforseo.com/dataforseo-bot)"
136.243.228.194 - - [11/Jul/2025:11:21:45 -0400] "GET /items/lxsbv184/43714?key=elevator HTTP/1.1" 404 23128 "-" "Mozilla/5.0 (compatible; DataForSeoBot/1.0; +https://dataforseo.com/dataforseo-bot)"
136.243.228.194 - - [11/Jul/2025:11:21:49 -0400] "GET /items/dqawi66/11372?key=elder HTTP/1.1" 404 23128 "-" "Mozilla/5.0 (compatible; DataForSeoBot/1.0; +https://dataforseo.com/dataforseo-bot)"
47.82.60.39 - - [11/Jul/2025:11:21:51 -0400] "GET /items/lnsxw98/46484?key=discourse HTTP/1.1" 301 0 "https://www.dangroup.sa/items/lnsxw98/46484?key=discourse" "Mozilla/5.0 (Windows NT 10.0; Win64; x64) AppleWebKit/537.36 (KHTML, like Gecko) Chrome/114.0.0.0 Safari/537.36 Edg/114.0.1823.43"
47.82.60.39 - - [11/Jul/2025:11:21:53 -0400] "GET /items/lnsxw98/46484?key=discourse HTTP/1.1" 404 23128 "https://www.dangroup.sa/items/lnsxw98/46484?key=discourse" "Mozilla/5.0 (Windows NT 10.0; Win64; x64) AppleWebKit/537.36 (KHTML, like Gecko) Chrome/114.0.0.0 Safari/537.36 Edg/114.0.1823.43"
51.222.253.9 - - [11/Jul/2025:11:21:57 -0400] "GET /?sitemap956.xml HTTP/1.1" 200 17 "-" "Mozilla/5.0 (compatible; AhrefsBot/7.0; +http://ahrefs.com/robot/)"
136.243.228.194 - - [11/Jul/2025:11:21:54 -0400] "GET /items/murae5/7249?key=fatal HTTP/1.1" 404 23130 "-" "Mozilla/5.0 (compatible; DataForSeoBot/1.0; +https://dataforseo.com/dataforseo-bot)"
66.29.146.47 - - [11/Jul/2025:11:22:00 -0400] "POST /wp-cron.php?doing_wp_cron=1752247320.1720681190490722656250 HTTP/1.1" 403 1242 "-" "WordPress/6.8; https://dangroup.sa"
66.29.146.47 - - [11/Jul/2025:11:22:00 -0400] "POST /wp-cron.php?doing_wp_cron=1752247320.2570669651031494140625 HTTP/1.1" 403 1242 "-" "WordPress/6.8; https://dangroup.sa"
47.82.60.45 - - [11/Jul/2025:11:21:59 -0400] "GET /items/kwoev234/32436?key=distribute HTTP/1.1" 404 23128 "https://dangroup.sa/items/kwoev234/32436?key=distribute" "Mozilla/5.0 (Windows NT 10.0; Win64; x64) AppleWebKit/537.36 (KHTML, like Gecko) Chrome/114.0.0.0 Safari/537.36 Edg/114.0.1823.43"
136.243.228.194 - - [11/Jul/2025:11:21:59 -0400] "GET /items/redye5/44465?key=fortunately HTTP/1.1" 404 23128 "-" "Mozilla/5.0 (compatible; DataForSeoBot/1.0; +https://dataforseo.com/dataforseo-bot)"
136.243.228.194 - - [11/Jul/2025:11:22:05 -0400] "GET /items/sxftc54/33888?key=grief HTTP/1.1" 404 23128 "-" "Mozilla/5.0 (compatible; DataForSeoBot/1.0; +https://dataforseo.com/dataforseo-bot)"
136.243.228.194 - - [11/Jul/2025:11:22:12 -0400] "GET /93yyx44598.html HTTP/1.1" 404 23128 "-" "Mozilla/5.0 (compatible; DataForSeoBot/1.0; +https://dataforseo.com/dataforseo-bot)"
136.243.228.194 - - [11/Jul/2025:11:22:20 -0400] "GET /213gvto30264.html HTTP/1.1" 404 23128 "-" "Mozilla/5.0 (compatible; DataForSeoBot/1.0; +https://dataforseo.com/dataforseo-bot)"
136.243.228.194 - - [11/Jul/2025:11:22:26 -0400] "GET /40nsx27177.html HTTP/1.1" 404 23128 "-" "Mozilla/5.0 (compatible; DataForSeoBot/1.0; +https://dataforseo.com/dataforseo-bot)"
136.243.228.194 - - [11/Jul/2025:11:22:31 -0400] "GET /items/qrlwj142/43618?key=bow HTTP/1.1" 404 23128 "-" "Mozilla/5.0 (compatible; DataForSeoBot/1.0; +https://dataforseo.com/dataforseo-bot)"
66.249.68.133 - - [11/Jul/2025:11:22:35 -0400] "GET /items/zkxyw67/17563?key=structure HTTP/1.1" 200 86419 "-" "Mozilla/5.0 (Linux; Android 6.0.1; Nexus 5X Build/MMB29P) AppleWebKit/537.36 (KHTML, like Gecko) Chrome/137.0.7151.103 Mobile Safari/537.36 (compatible; Googlebot/2.1; +http://www.google.com/bot.html)"
136.243.228.194 - - [11/Jul/2025:11:22:36 -0400] "GET /items/yjzna163/29277?key=already HTTP/1.1" 404 23128 "-" "Mozilla/5.0 (compatible; DataForSeoBot/1.0; +https://dataforseo.com/dataforseo-bot)"
47.82.60.24 - - [11/Jul/2025:11:22:37 -0400] "GET /items/prrtp180/21442?key=gentleman HTTP/1.1" 404 23128 "https://dangroup.sa/items/prrtp180/21442?key=gentleman" "Mozilla/5.0 (Windows NT 10.0; Win64; x64) AppleWebKit/537.36 (KHTML, like Gecko) Chrome/114.0.0.0 Safari/537.36 Edg/114.0.1823.43"
136.243.228.194 - - [11/Jul/2025:11:22:40 -0400] "GET /71peg5444.html HTTP/1.1" 404 23128 "-" "Mozilla/5.0 (compatible; DataForSeoBot/1.0; +https://dataforseo.com/dataforseo-bot)"
66.249.68.133 - - [11/Jul/2025:11:22:46 -0400] "GET /111twnv36076.html HTTP/1.1" 200 86762 "-" "Mozilla/5.0 (Linux; Android 6.0.1; Nexus 5X Build/MMB29P) AppleWebKit/537.36 (KHTML, like Gecko) Chrome/137.0.7151.103 Mobile Safari/537.36 (compatible; Googlebot/2.1; +http://www.google.com/bot.html)"
136.243.228.194 - - [11/Jul/2025:11:22:44 -0400] "GET /items/osnxv14/8400?key=unfair HTTP/1.1" 404 23130 "-" "Mozilla/5.0 (compatible; DataForSeoBot/1.0; +https://dataforseo.com/dataforseo-bot)"
136.243.228.194 - - [11/Jul/2025:11:22:49 -0400] "GET /40bxnrk12789.html HTTP/1.1" 404 23130 "-" "Mozilla/5.0 (compatible; DataForSeoBot/1.0; +https://dataforseo.com/dataforseo-bot)"
136.243.228.194 - - [11/Jul/2025:11:22:53 -0400] "GET /items/qxyrp4/24742?key=despite HTTP/1.1" 404 23128 "-" "Mozilla/5.0 (compatible; DataForSeoBot/1.0; +https://dataforseo.com/dataforseo-bot)"
66.249.68.132 - - [11/Jul/2025:11:22:57 -0400] "GET /126mvyk4813.html HTTP/1.1" 200 87883 "-" "Mozilla/5.0 (Linux; Android 6.0.1; Nexus 5X Build/MMB29P) AppleWebKit/537.36 (KHTML, like Gecko) Chrome/137.0.7151.103 Mobile Safari/537.36 (compatible; Googlebot/2.1; +http://www.google.com/bot.html)"
136.243.228.194 - - [11/Jul/2025:11:22:57 -0400] "GET /items/hpbby238/11818?key=math HTTP/1.1" 404 23128 "-" "Mozilla/5.0 (compatible; DataForSeoBot/1.0; +https://dataforseo.com/dataforseo-bot)"
66.29.146.47 - - [11/Jul/2025:11:23:03 -0400] "POST /wp-cron.php?doing_wp_cron=1752247383.3778169155120849609375 HTTP/1.1" 403 1242 "-" "WordPress/6.8; https://dangroup.sa"
136.243.228.194 - - [11/Jul/2025:11:23:02 -0400] "GET /233nxhtc24432.html HTTP/1.1" 404 23128 "-" "Mozilla/5.0 (compatible; DataForSeoBot/1.0; +https://dataforseo.com/dataforseo-bot)"
66.249.68.133 - - [11/Jul/2025:11:23:09 -0400] "GET /60hrez29217.html HTTP/1.1" 200 87599 "-" "Mozilla/5.0 (Linux; Android 6.0.1; Nexus 5X Build/MMB29P) AppleWebKit/537.36 (KHTML, like Gecko) Chrome/137.0.7151.103 Mobile Safari/537.36 (compatible; Googlebot/2.1; +http://www.google.com/bot.html)"
136.243.228.194 - - [11/Jul/2025:11:23:10 -0400] "GET /items/yktox13/26353?key=Canadian HTTP/1.1" 404 23128 "-" "Mozilla/5.0 (compatible; DataForSeoBot/1.0; +https://dataforseo.com/dataforseo-bot)"
136.243.228.194 - - [11/Jul/2025:11:23:18 -0400] "GET /194qkpus13013.html HTTP/1.1" 404 23130 "-" "Mozilla/5.0 (compatible; DataForSeoBot/1.0; +https://dataforseo.com/dataforseo-bot)"
136.243.228.194 - - [11/Jul/2025:11:23:26 -0400] "GET /175qqv6792.html HTTP/1.1" 404 23128 "-" "Mozilla/5.0 (compatible; DataForSeoBot/1.0; +https://dataforseo.com/dataforseo-bot)"
47.82.60.27 - - [11/Jul/2025:11:23:31 -0400] "GET /items/njnta31/299?key=discrimination HTTP/1.1" 404 23128 "https://dangroup.sa/items/njnta31/299?key=discrimination" "Mozilla/5.0 (Windows NT 10.0; Win64; x64) AppleWebKit/537.36 (KHTML, like Gecko) Chrome/114.0.0.0 Safari/537.36 Edg/114.0.1823.43"
136.243.228.194 - - [11/Jul/2025:11:23:31 -0400] "GET /66tqel18317.html HTTP/1.1" 404 23128 "-" "Mozilla/5.0 (compatible; DataForSeoBot/1.0; +https://dataforseo.com/dataforseo-bot)"
47.82.60.26 - - [11/Jul/2025:11:23:37 -0400] "GET /pcmypage?callback=product/review/sakan8man-trus-8508836 HTTP/1.1" 301 0 "https://www.dangroup.sa/pcmypage?callback=product/review/sakan8man-trus-8508836" "Mozilla/5.0 (Windows NT 10.0; Win64; x64) AppleWebKit/537.36 (KHTML, like Gecko) Chrome/114.0.0.0 Safari/537.36 Edg/114.0.1823.43"
136.243.228.194 - - [11/Jul/2025:11:23:36 -0400] "GET /items/efgrw243/42551?key=continued HTTP/1.1" 404 23130 "-" "Mozilla/5.0 (compatible; DataForSeoBot/1.0; +https://dataforseo.com/dataforseo-bot)"
47.82.60.26 - - [11/Jul/2025:11:23:39 -0400] "GET /pcmypage?callback=product/review/sakan8man-trus-8508836 HTTP/1.1" 404 23128 "https://www.dangroup.sa/pcmypage?callback=product/review/sakan8man-trus-8508836" "Mozilla/5.0 (Windows NT 10.0; Win64; x64) AppleWebKit/537.36 (KHTML, like Gecko) Chrome/114.0.0.0 Safari/537.36 Edg/114.0.1823.43"
136.243.228.194 - - [11/Jul/2025:11:23:41 -0400] "GET /191rso1948.html HTTP/1.1" 404 23130 "-" "Mozilla/5.0 (compatible; DataForSeoBot/1.0; +https://dataforseo.com/dataforseo-bot)"
47.82.60.14 - - [11/Jul/2025:11:23:43 -0400] "GET /items/lsqtf222/46538?key=garlic HTTP/1.1" 404 23128 "https://dangroup.sa/items/lsqtf222/46538?key=garlic" "Mozilla/5.0 (Windows NT 10.0; Win64; x64) AppleWebKit/537.36 (KHTML, like Gecko) Chrome/114.0.0.0 Safari/537.36 Edg/114.0.1823.43"
47.82.60.31 - - [11/Jul/2025:11:23:56 -0400] "GET /258ynezg23713.html HTTP/1.1" 301 0 "https://www.dangroup.sa/258ynezg23713.html" "Mozilla/5.0 (Windows NT 10.0; Win64; x64) AppleWebKit/537.36 (KHTML, like Gecko) Chrome/114.0.0.0 Safari/537.36 Edg/114.0.1823.43"
136.243.228.194 - - [11/Jul/2025:11:23:52 -0400] "GET /239drxnl14914.html HTTP/1.1" 404 23128 "-" "Mozilla/5.0 (compatible; DataForSeoBot/1.0; +https://dataforseo.com/dataforseo-bot)"
66.249.68.132 - - [11/Jul/2025:11:24:04 -0400] "GET /items/fisgb149/25069?key=motion HTTP/1.1" 200 87109 "-" "Mozilla/5.0 (Linux; Android 6.0.1; Nexus 5X Build/MMB29P) AppleWebKit/537.36 (KHTML, like Gecko) Chrome/137.0.7151.103 Mobile Safari/537.36 (compatible; Googlebot/2.1; +http://www.google.com/bot.html)"
47.82.60.31 - - [11/Jul/2025:11:23:58 -0400] "GET /258ynezg23713.html HTTP/1.1" 404 23130 "https://www.dangroup.sa/258ynezg23713.html" "Mozilla/5.0 (Windows NT 10.0; Win64; x64) AppleWebKit/537.36 (KHTML, like Gecko) Chrome/114.0.0.0 Safari/537.36 Edg/114.0.1823.43"
136.243.228.194 - - [11/Jul/2025:11:24:00 -0400] "GET /50fjj23319.html HTTP/1.1" 404 23128 "-" "Mozilla/5.0 (compatible; DataForSeoBot/1.0; +https://dataforseo.com/dataforseo-bot)"
66.29.146.47 - - [11/Jul/2025:11:24:08 -0400] "POST /wp-cron.php?doing_wp_cron=1752247448.5612740516662597656250 HTTP/1.1" 403 1242 "-" "WordPress/6.8; https://dangroup.sa"
47.82.60.20 - - [11/Jul/2025:11:24:01 -0400] "GET /items/aqgwp48/26420?key=bag HTTP/1.1" 404 23130 "https://dangroup.sa/items/aqgwp48/26420?key=bag" "Mozilla/5.0 (Windows NT 10.0; Win64; x64) AppleWebKit/537.36 (KHTML, like Gecko) Chrome/114.0.0.0 Safari/537.36 Edg/114.0.1823.43"
47.82.60.31 - - [11/Jul/2025:11:24:07 -0400] "GET /90plpcc24845.html HTTP/1.1" 404 23128 "https://dangroup.sa/90plpcc24845.html" "Mozilla/5.0 (Windows NT 10.0; Win64; x64) AppleWebKit/537.36 (KHTML, like Gecko) Chrome/114.0.0.0 Safari/537.36 Edg/114.0.1823.43"
66.249.68.133 - - [11/Jul/2025:11:24:16 -0400] "GET /41xmbk32622.html HTTP/1.1" 200 86454 "-" "Mozilla/5.0 (Linux; Android 6.0.1; Nexus 5X Build/MMB29P) AppleWebKit/537.36 (KHTML, like Gecko) Chrome/137.0.7151.103 Mobile Safari/537.36 (compatible; Googlebot/2.1; +http://www.google.com/bot.html)"
66.249.68.132 - - [11/Jul/2025:11:24:27 -0400] "GET /265nxy13158.html HTTP/1.1" 200 88032 "-" "Mozilla/5.0 (Linux; Android 6.0.1; Nexus 5X Build/MMB29P) AppleWebKit/537.36 (KHTML, like Gecko) Chrome/137.0.7151.103 Mobile Safari/537.36 (compatible; Googlebot/2.1; +http://www.google.com/bot.html)"
66.249.68.132 - - [11/Jul/2025:11:24:38 -0400] "GET /156pasue623.html HTTP/1.1" 200 87456 "-" "Mozilla/5.0 (Linux; Android 6.0.1; Nexus 5X Build/MMB29P) AppleWebKit/537.36 (KHTML, like Gecko) Chrome/137.0.7151.103 Mobile Safari/537.36 (compatible; Googlebot/2.1; +http://www.google.com/bot.html)"
66.249.68.132 - - [11/Jul/2025:11:24:50 -0400] "GET /203mbtah28704.html HTTP/1.1" 200 87453 "-" "Mozilla/5.0 (Linux; Android 6.0.1; Nexus 5X Build/MMB29P) AppleWebKit/537.36 (KHTML, like Gecko) Chrome/137.0.7151.103 Mobile Safari/537.36 (compatible; Googlebot/2.1; +http://www.google.com/bot.html)"
136.243.228.194 - - [11/Jul/2025:11:24:51 -0400] "GET /items/xjxcg16/38174?key=diary HTTP/1.1" 404 23130 "-" "Mozilla/5.0 (compatible; DataForSeoBot/1.0; +https://dataforseo.com/dataforseo-bot)"
136.243.228.194 - - [11/Jul/2025:11:24:56 -0400] "GET /47lpnh13660.html HTTP/1.1" 404 23128 "-" "Mozilla/5.0 (compatible; DataForSeoBot/1.0; +https://dataforseo.com/dataforseo-bot)"
136.243.228.194 - - [11/Jul/2025:11:25:01 -0400] "GET /items/iqkkb51/17087?key=gasoline HTTP/1.1" 404 23128 "-" "Mozilla/5.0 (compatible; DataForSeoBot/1.0; +https://dataforseo.com/dataforseo-bot)"
136.243.228.194 - - [11/Jul/2025:11:25:05 -0400] "GET /items/aqamk184/7672?key=better HTTP/1.1" 404 23128 "-" "Mozilla/5.0 (compatible; DataForSeoBot/1.0; +https://dataforseo.com/dataforseo-bot)"
66.29.146.47 - - [11/Jul/2025:11:25:14 -0400] "POST /wp-cron.php?doing_wp_cron=1752247514.4887049198150634765625 HTTP/1.1" 403 1242 "-" "WordPress/6.8; https://dangroup.sa"
136.243.228.194 - - [11/Jul/2025:11:25:13 -0400] "GET /items/jdzgq245/30179?key=leave HTTP/1.1" 404 23130 "-" "Mozilla/5.0 (compatible; DataForSeoBot/1.0; +https://dataforseo.com/dataforseo-bot)"
66.249.68.133 - - [11/Jul/2025:11:25:23 -0400] "GET /284mlb46553.html HTTP/1.1" 200 86781 "-" "Mozilla/5.0 (Linux; Android 6.0.1; Nexus 5X Build/MMB29P) AppleWebKit/537.36 (KHTML, like Gecko) Chrome/137.0.7151.103 Mobile Safari/537.36 (compatible; Googlebot/2.1; +http://www.google.com/bot.html)"
136.243.228.194 - - [11/Jul/2025:11:25:20 -0400] "GET /items/pmfhx96/47964?key=re HTTP/1.1" 404 23128 "-" "Mozilla/5.0 (compatible; DataForSeoBot/1.0; +https://dataforseo.com/dataforseo-bot)"
136.243.228.194 - - [11/Jul/2025:11:25:27 -0400] "GET /91ydje42910.html HTTP/1.1" 404 23128 "-" "Mozilla/5.0 (compatible; DataForSeoBot/1.0; +https://dataforseo.com/dataforseo-bot)"
69.197.182.50 - - [11/Jul/2025:11:25:39 -0400] "GET /wp-content/install.php HTTP/1.1" 200 10 "https://dangroup.sa/wp-content/install.php" "Mozilla/5.0 (Windows NT 10.0; Win64; x64) AppleWebKit/537.36 (KHTML, like Gecko) Chrome/58.0.3029.110 Safari/537.3"
66.29.146.47 - - [11/Jul/2025:11:26:18 -0400] "POST /wp-cron.php?doing_wp_cron=1752247578.1636650562286376953125 HTTP/1.1" 403 1242 "-" "WordPress/6.8; https://dangroup.sa"
66.249.68.129 - - [11/Jul/2025:11:26:19 -0400] "GET /293ffa32640.html HTTP/1.1" 200 87721 "-" "Mozilla/5.0 (Linux; Android 6.0.1; Nexus 5X Build/MMB29P) AppleWebKit/537.36 (KHTML, like Gecko) Chrome/137.0.7151.103 Mobile Safari/537.36 (compatible; Googlebot/2.1; +http://www.google.com/bot.html)"
136.243.228.194 - - [11/Jul/2025:11:26:17 -0400] "GET /11gcwks13300.html HTTP/1.1" 404 23128 "-" "Mozilla/5.0 (compatible; DataForSeoBot/1.0; +https://dataforseo.com/dataforseo-bot)"
136.243.228.194 - - [11/Jul/2025:11:26:24 -0400] "GET /items/ikpsz253/27161?key=professor HTTP/1.1" 404 23128 "-" "Mozilla/5.0 (compatible; DataForSeoBot/1.0; +https://dataforseo.com/dataforseo-bot)"
136.243.228.194 - - [11/Jul/2025:11:26:31 -0400] "GET /items/qoluu17/23627?key=flag HTTP/1.1" 404 23130 "-" "Mozilla/5.0 (compatible; DataForSeoBot/1.0; +https://dataforseo.com/dataforseo-bot)"
136.243.228.194 - - [11/Jul/2025:11:26:37 -0400] "GET /items/xosua278/28222?key=scary HTTP/1.1" 404 23130 "-" "Mozilla/5.0 (compatible; DataForSeoBot/1.0; +https://dataforseo.com/dataforseo-bot)"
136.243.228.194 - - [11/Jul/2025:11:26:43 -0400] "GET /66wghk1175.html HTTP/1.1" 404 23128 "-" "Mozilla/5.0 (compatible; DataForSeoBot/1.0; +https://dataforseo.com/dataforseo-bot)"
136.243.228.194 - - [11/Jul/2025:11:26:48 -0400] "GET /items/zkbev221/14977?key=separate HTTP/1.1" 404 23128 "-" "Mozilla/5.0 (compatible; DataForSeoBot/1.0; +https://dataforseo.com/dataforseo-bot)"
136.243.228.194 - - [11/Jul/2025:11:26:54 -0400] "GET /items/vsvrm87/11229?key=restrict HTTP/1.1" 404 23128 "-" "Mozilla/5.0 (compatible; DataForSeoBot/1.0; +https://dataforseo.com/dataforseo-bot)"
136.243.228.194 - - [11/Jul/2025:11:26:59 -0400] "GET /69msp2054.html HTTP/1.1" 404 23128 "-" "Mozilla/5.0 (compatible; DataForSeoBot/1.0; +https://dataforseo.com/dataforseo-bot)"
136.243.228.194 - - [11/Jul/2025:11:27:04 -0400] "GET /21fcnwi7260.html HTTP/1.1" 404 23128 "-" "Mozilla/5.0 (compatible; DataForSeoBot/1.0; +https://dataforseo.com/dataforseo-bot)"
136.243.228.194 - - [11/Jul/2025:11:27:08 -0400] "GET /105efbd44882.html HTTP/1.1" 404 23130 "-" "Mozilla/5.0 (compatible; DataForSeoBot/1.0; +https://dataforseo.com/dataforseo-bot)"
136.243.228.194 - - [11/Jul/2025:11:27:13 -0400] "GET /items/krahm12/19914?key=ironically HTTP/1.1" 404 23128 "-" "Mozilla/5.0 (compatible; DataForSeoBot/1.0; +https://dataforseo.com/dataforseo-bot)"
66.249.68.130 - - [11/Jul/2025:11:27:15 -0400] "GET /58xvc22745.html HTTP/1.1" 200 87032 "-" "Mozilla/5.0 (Linux; Android 6.0.1; Nexus 5X Build/MMB29P) AppleWebKit/537.36 (KHTML, like Gecko) Chrome/137.0.7151.103 Mobile Safari/537.36 (compatible; Googlebot/2.1; +http://www.google.com/bot.html)"
66.29.146.47 - - [11/Jul/2025:11:27:19 -0400] "POST /wp-cron.php?doing_wp_cron=1752247639.1010620594024658203125 HTTP/1.1" 403 1242 "-" "WordPress/6.8; https://dangroup.sa"
136.243.228.194 - - [11/Jul/2025:11:27:18 -0400] "GET /185zagti21474.html HTTP/1.1" 404 23128 "-" "Mozilla/5.0 (compatible; DataForSeoBot/1.0; +https://dataforseo.com/dataforseo-bot)"
66.249.68.130 - - [11/Jul/2025:11:27:26 -0400] "GET /80gde34735.html HTTP/1.1" 200 88579 "-" "Mozilla/5.0 (Linux; Android 6.0.1; Nexus 5X Build/MMB29P) AppleWebKit/537.36 (KHTML, like Gecko) Chrome/137.0.7151.103 Mobile Safari/537.36 (compatible; Googlebot/2.1; +http://www.google.com/bot.html)"
136.243.228.194 - - [11/Jul/2025:11:27:25 -0400] "GET /34vlp22007.html HTTP/1.1" 404 23128 "-" "Mozilla/5.0 (compatible; DataForSeoBot/1.0; +https://dataforseo.com/dataforseo-bot)"
136.243.228.194 - - [11/Jul/2025:11:27:34 -0400] "GET /items/kpdsc281/39341?key=compare HTTP/1.1" 404 23128 "-" "Mozilla/5.0 (compatible; DataForSeoBot/1.0; +https://dataforseo.com/dataforseo-bot)"
136.243.228.194 - - [11/Jul/2025:11:27:46 -0400] "GET /88rkq36761.html HTTP/1.1" 404 23128 "-" "Mozilla/5.0 (compatible; DataForSeoBot/1.0; +https://dataforseo.com/dataforseo-bot)"
136.243.228.194 - - [11/Jul/2025:11:27:53 -0400] "GET /items/ksyvr288/30696?key=margin HTTP/1.1" 404 23128 "-" "Mozilla/5.0 (compatible; DataForSeoBot/1.0; +https://dataforseo.com/dataforseo-bot)"
66.249.68.129 - - [11/Jul/2025:11:28:00 -0400] "GET /162nbyj48325.html HTTP/1.1" 200 87987 "-" "Mozilla/5.0 (Linux; Android 6.0.1; Nexus 5X Build/MMB29P) AppleWebKit/537.36 (KHTML, like Gecko) Chrome/137.0.7151.103 Mobile Safari/537.36 (compatible; Googlebot/2.1; +http://www.google.com/bot.html)"
136.243.228.194 - - [11/Jul/2025:11:27:59 -0400] "GET /89xiuya34446.html HTTP/1.1" 404 23128 "-" "Mozilla/5.0 (compatible; DataForSeoBot/1.0; +https://dataforseo.com/dataforseo-bot)"
136.243.228.194 - - [11/Jul/2025:11:28:07 -0400] "GET /items/aovoe59/44841?key=soft HTTP/1.1" 404 23128 "-" "Mozilla/5.0 (compatible; DataForSeoBot/1.0; +https://dataforseo.com/dataforseo-bot)"
136.243.228.194 - - [11/Jul/2025:11:28:15 -0400] "GET /131sahj61968.html HTTP/1.1" 404 23128 "-" "Mozilla/5.0 (compatible; DataForSeoBot/1.0; +https://dataforseo.com/dataforseo-bot)"
66.29.146.47 - - [11/Jul/2025:11:28:21 -0400] "POST /wp-cron.php?doing_wp_cron=1752247701.1967620849609375000000 HTTP/1.1" 403 1242 "-" "WordPress/6.8; https://dangroup.sa"
136.243.228.194 - - [11/Jul/2025:11:28:20 -0400] "GET /items/huoes1/38659?key=silent HTTP/1.1" 404 23128 "-" "Mozilla/5.0 (compatible; DataForSeoBot/1.0; +https://dataforseo.com/dataforseo-bot)"
136.243.228.194 - - [11/Jul/2025:11:28:26 -0400] "GET /206xlak15959.html HTTP/1.1" 404 23128 "-" "Mozilla/5.0 (compatible; DataForSeoBot/1.0; +https://dataforseo.com/dataforseo-bot)"
136.243.228.194 - - [11/Jul/2025:11:28:31 -0400] "GET /124smkue4875.html HTTP/1.1" 404 23128 "-" "Mozilla/5.0 (compatible; DataForSeoBot/1.0; +https://dataforseo.com/dataforseo-bot)"
136.243.228.194 - - [11/Jul/2025:11:28:35 -0400] "GET /167zqhez44438.html HTTP/1.1" 404 23128 "-" "Mozilla/5.0 (compatible; DataForSeoBot/1.0; +https://dataforseo.com/dataforseo-bot)"
136.243.228.194 - - [11/Jul/2025:11:28:40 -0400] "GET /32rxn18513.html HTTP/1.1" 404 23128 "-" "Mozilla/5.0 (compatible; DataForSeoBot/1.0; +https://dataforseo.com/dataforseo-bot)"
136.243.228.194 - - [11/Jul/2025:11:28:45 -0400] "GET /188agc43005.html HTTP/1.1" 404 23128 "-" "Mozilla/5.0 (compatible; DataForSeoBot/1.0; +https://dataforseo.com/dataforseo-bot)"
136.243.228.194 - - [11/Jul/2025:11:28:50 -0400] "GET /264iqt17011.html HTTP/1.1" 404 23128 "-" "Mozilla/5.0 (compatible; DataForSeoBot/1.0; +https://dataforseo.com/dataforseo-bot)"
66.249.68.129 - - [11/Jul/2025:11:28:55 -0400] "GET /293psmc18492.html HTTP/1.1" 200 86954 "-" "Mozilla/5.0 (Linux; Android 6.0.1; Nexus 5X Build/MMB29P) AppleWebKit/537.36 (KHTML, like Gecko) Chrome/137.0.7151.103 Mobile Safari/537.36 (compatible; Googlebot/2.1; +http://www.google.com/bot.html)"
136.243.228.194 - - [11/Jul/2025:11:28:58 -0400] "GET /items/jqysm293/15371?key=speak HTTP/1.1" 404 23128 "-" "Mozilla/5.0 (compatible; DataForSeoBot/1.0; +https://dataforseo.com/dataforseo-bot)"
66.249.68.131 - - [11/Jul/2025:11:29:07 -0400] "GET /75lkpru18842.html HTTP/1.1" 200 86614 "-" "Mozilla/5.0 (Linux; Android 6.0.1; Nexus 5X Build/MMB29P) AppleWebKit/537.36 (KHTML, like Gecko) Chrome/137.0.7151.103 Mobile Safari/537.36 (compatible; Googlebot/2.1; +http://www.google.com/bot.html)"
136.243.228.194 - - [11/Jul/2025:11:29:05 -0400] "GET /items/vfcgf300/34920?key=electronics HTTP/1.1" 404 23128 "-" "Mozilla/5.0 (compatible; DataForSeoBot/1.0; +https://dataforseo.com/dataforseo-bot)"
136.243.228.194 - - [11/Jul/2025:11:29:12 -0400] "GET /items/afqhy17/5443?key=increase HTTP/1.1" 404 23128 "-" "Mozilla/5.0 (compatible; DataForSeoBot/1.0; +https://dataforseo.com/dataforseo-bot)"
136.243.228.194 - - [11/Jul/2025:11:29:17 -0400] "GET /items/xyugo183/40743?key=religion HTTP/1.1" 404 23130 "-" "Mozilla/5.0 (compatible; DataForSeoBot/1.0; +https://dataforseo.com/dataforseo-bot)"
136.243.228.194 - - [11/Jul/2025:11:29:21 -0400] "GET /items/atqrz48/46152?key=would HTTP/1.1" 404 23128 "-" "Mozilla/5.0 (compatible; DataForSeoBot/1.0; +https://dataforseo.com/dataforseo-bot)"
136.243.228.194 - - [11/Jul/2025:11:29:27 -0400] "GET /items/zhlan172/44132?key=statement HTTP/1.1" 404 23130 "-" "Mozilla/5.0 (compatible; DataForSeoBot/1.0; +https://dataforseo.com/dataforseo-bot)"
136.243.228.194 - - [11/Jul/2025:11:29:34 -0400] "GET /items/jsydo222/40478?key=spending HTTP/1.1" 404 23128 "-" "Mozilla/5.0 (compatible; DataForSeoBot/1.0; +https://dataforseo.com/dataforseo-bot)"
66.249.68.130 - - [11/Jul/2025:11:29:40 -0400] "GET /27xel47950.html HTTP/1.1" 200 88030 "-" "Mozilla/5.0 (Linux; Android 6.0.1; Nexus 5X Build/MMB29P) AppleWebKit/537.36 (KHTML, like Gecko) Chrome/137.0.7151.103 Mobile Safari/537.36 (compatible; Googlebot/2.1; +http://www.google.com/bot.html)"
136.243.228.194 - - [11/Jul/2025:11:29:40 -0400] "GET /259xui5112.html HTTP/1.1" 404 23128 "-" "Mozilla/5.0 (compatible; DataForSeoBot/1.0; +https://dataforseo.com/dataforseo-bot)"
136.243.228.194 - - [11/Jul/2025:11:29:47 -0400] "GET /102laf48023.html HTTP/1.1" 404 23128 "-" "Mozilla/5.0 (compatible; DataForSeoBot/1.0; +https://dataforseo.com/dataforseo-bot)"
136.243.228.194 - - [11/Jul/2025:11:29:53 -0400] "GET /283sjb14378.html HTTP/1.1" 404 23128 "-" "Mozilla/5.0 (compatible; DataForSeoBot/1.0; +https://dataforseo.com/dataforseo-bot)"
136.243.228.194 - - [11/Jul/2025:11:29:57 -0400] "GET /items/gcbwy206/49654?key=forest HTTP/1.1" 404 23128 "-" "Mozilla/5.0 (compatible; DataForSeoBot/1.0; +https://dataforseo.com/dataforseo-bot)"
136.243.228.194 - - [11/Jul/2025:11:30:01 -0400] "GET /244zhiph1485.html HTTP/1.1" 404 23128 "-" "Mozilla/5.0 (compatible; DataForSeoBot/1.0; +https://dataforseo.com/dataforseo-bot)"
47.82.60.67 - - [11/Jul/2025:11:30:05 -0400] "GET /27obs2884.html HTTP/1.1" 301 0 "https://www.dangroup.sa/27obs2884.html" "Mozilla/5.0 (Windows NT 10.0; Win64; x64) AppleWebKit/537.36 (KHTML, like Gecko) Chrome/114.0.0.0 Safari/537.36 Edg/114.0.1823.43"
47.82.60.67 - - [11/Jul/2025:11:30:06 -0400] "GET /27obs2884.html HTTP/1.1" 404 23128 "https://www.dangroup.sa/27obs2884.html" "Mozilla/5.0 (Windows NT 10.0; Win64; x64) AppleWebKit/537.36 (KHTML, like Gecko) Chrome/114.0.0.0 Safari/537.36 Edg/114.0.1823.43"
136.243.228.194 - - [11/Jul/2025:11:30:06 -0400] "GET /items/puxbr278/44800?key=repeatedly HTTP/1.1" 404 23128 "-" "Mozilla/5.0 (compatible; DataForSeoBot/1.0; +https://dataforseo.com/dataforseo-bot)"
136.243.228.194 - - [11/Jul/2025:11:30:12 -0400] "GET /items/dfmgx87/8881?key=isolate HTTP/1.1" 404 23128 "-" "Mozilla/5.0 (compatible; DataForSeoBot/1.0; +https://dataforseo.com/dataforseo-bot)"
136.243.228.194 - - [11/Jul/2025:11:30:17 -0400] "GET /297cye43174.html HTTP/1.1" 404 23128 "-" "Mozilla/5.0 (compatible; DataForSeoBot/1.0; +https://dataforseo.com/dataforseo-bot)"
136.243.228.194 - - [11/Jul/2025:11:30:20 -0400] "GET /items/zrpnh227/21081?key=sense HTTP/1.1" 404 23128 "-" "Mozilla/5.0 (compatible; DataForSeoBot/1.0; +https://dataforseo.com/dataforseo-bot)"
66.29.146.47 - - [11/Jul/2025:11:30:25 -0400] "POST /wp-cron.php?doing_wp_cron=1752247825.1012210845947265625000 HTTP/1.1" 403 1242 "-" "WordPress/6.8; https://dangroup.sa"
136.243.228.194 - - [11/Jul/2025:11:30:24 -0400] "GET /245zerxt45294.html HTTP/1.1" 404 23130 "-" "Mozilla/5.0 (compatible; DataForSeoBot/1.0; +https://dataforseo.com/dataforseo-bot)"
136.243.228.194 - - [11/Jul/2025:11:30:28 -0400] "GET /items/halrj98/5492?key=ultimately HTTP/1.1" 404 23128 "-" "Mozilla/5.0 (compatible; DataForSeoBot/1.0; +https://dataforseo.com/dataforseo-bot)"
66.249.68.129 - - [11/Jul/2025:11:30:36 -0400] "GET /134nvqse35955.html HTTP/1.1" 200 86278 "-" "Mozilla/5.0 (Linux; Android 6.0.1; Nexus 5X Build/MMB29P) AppleWebKit/537.36 (KHTML, like Gecko) Chrome/137.0.7151.103 Mobile Safari/537.36 (compatible; Googlebot/2.1; +http://www.google.com/bot.html)"
136.243.228.194 - - [11/Jul/2025:11:30:33 -0400] "GET /items/ybvcz181/22187?key=pension HTTP/1.1" 404 23128 "-" "Mozilla/5.0 (compatible; DataForSeoBot/1.0; +https://dataforseo.com/dataforseo-bot)"
136.243.228.194 - - [11/Jul/2025:11:30:39 -0400] "GET /291lbiny47760.html HTTP/1.1" 404 23130 "-" "Mozilla/5.0 (compatible; DataForSeoBot/1.0; +https://dataforseo.com/dataforseo-bot)"
136.243.228.194 - - [11/Jul/2025:11:30:45 -0400] "GET /216esa25157.html HTTP/1.1" 404 23128 "-" "Mozilla/5.0 (compatible; DataForSeoBot/1.0; +https://dataforseo.com/dataforseo-bot)"
136.243.228.194 - - [11/Jul/2025:11:30:51 -0400] "GET /174mvl41141.html HTTP/1.1" 404 23128 "-" "Mozilla/5.0 (compatible; DataForSeoBot/1.0; +https://dataforseo.com/dataforseo-bot)"
136.243.228.194 - - [11/Jul/2025:11:30:55 -0400] "GET /91wmyh24526.html HTTP/1.1" 404 23128 "-" "Mozilla/5.0 (compatible; DataForSeoBot/1.0; +https://dataforseo.com/dataforseo-bot)"
136.243.228.194 - - [11/Jul/2025:11:31:00 -0400] "GET /246bmn5961.html HTTP/1.1" 404 23128 "-" "Mozilla/5.0 (compatible; DataForSeoBot/1.0; +https://dataforseo.com/dataforseo-bot)"
136.243.228.194 - - [11/Jul/2025:11:31:03 -0400] "GET /118rqtqx22783.html HTTP/1.1" 404 23128 "-" "Mozilla/5.0 (compatible; DataForSeoBot/1.0; +https://dataforseo.com/dataforseo-bot)"
136.243.228.194 - - [11/Jul/2025:11:31:08 -0400] "GET /241udx13680.html HTTP/1.1" 404 23128 "-" "Mozilla/5.0 (compatible; DataForSeoBot/1.0; +https://dataforseo.com/dataforseo-bot)"
66.249.68.130 - - [11/Jul/2025:11:31:09 -0400] "GET /95bhzwf30736.html HTTP/1.1" 200 86562 "-" "Mozilla/5.0 (Linux; Android 6.0.1; Nexus 5X Build/MMB29P) AppleWebKit/537.36 (KHTML, like Gecko) Chrome/137.0.7151.103 Mobile Safari/537.36 (compatible; Googlebot/2.1; +http://www.google.com/bot.html)"
136.243.228.194 - - [11/Jul/2025:11:31:12 -0400] "GET /117aqf37418.html HTTP/1.1" 404 23128 "-" "Mozilla/5.0 (compatible; DataForSeoBot/1.0; +https://dataforseo.com/dataforseo-bot)"
136.243.228.194 - - [11/Jul/2025:11:31:18 -0400] "GET /10vsdq46345.html HTTP/1.1" 404 23128 "-" "Mozilla/5.0 (compatible; DataForSeoBot/1.0; +https://dataforseo.com/dataforseo-bot)"
66.249.68.133 - - [11/Jul/2025:11:31:21 -0400] "GET /217vniif1950.html HTTP/1.1" 200 86846 "-" "Mozilla/5.0 (Linux; Android 6.0.1; Nexus 5X Build/MMB29P) AppleWebKit/537.36 (KHTML, like Gecko) Chrome/137.0.7151.103 Mobile Safari/537.36 (compatible; Googlebot/2.1; +http://www.google.com/bot.html)"
136.243.228.194 - - [11/Jul/2025:11:31:22 -0400] "GET /items/xgrob3/18423?key=internal HTTP/1.1" 404 23128 "-" "Mozilla/5.0 (compatible; DataForSeoBot/1.0; +https://dataforseo.com/dataforseo-bot)"
66.29.146.47 - - [11/Jul/2025:11:31:26 -0400] "POST /wp-cron.php?doing_wp_cron=1752247886.1867289543151855468750 HTTP/1.1" 403 1242 "-" "WordPress/6.8; https://dangroup.sa"
136.243.228.194 - - [11/Jul/2025:11:31:26 -0400] "GET /240xpcx36959.html HTTP/1.1" 404 23130 "-" "Mozilla/5.0 (compatible; DataForSeoBot/1.0; +https://dataforseo.com/dataforseo-bot)"
136.243.228.194 - - [11/Jul/2025:11:31:29 -0400] "GET /65sbwve33668.html HTTP/1.1" 404 23128 "-" "Mozilla/5.0 (compatible; DataForSeoBot/1.0; +https://dataforseo.com/dataforseo-bot)"
66.249.68.132 - - [11/Jul/2025:11:31:32 -0400] "GET /items/akgdw71/277?key=praise HTTP/1.1" 200 87840 "-" "Mozilla/5.0 (Linux; Android 6.0.1; Nexus 5X Build/MMB29P) AppleWebKit/537.36 (KHTML, like Gecko) Chrome/137.0.7151.103 Mobile Safari/537.36 (compatible; Googlebot/2.1; +http://www.google.com/bot.html)"
136.243.228.194 - - [11/Jul/2025:11:31:35 -0400] "GET /items/mdufv276/44464?key=consumer HTTP/1.1" 404 23128 "-" "Mozilla/5.0 (compatible; DataForSeoBot/1.0; +https://dataforseo.com/dataforseo-bot)"
47.82.60.49 - - [11/Jul/2025:11:31:36 -0400] "GET /items/rrfmi140/31084?key=margin HTTP/1.1" 404 23128 "https://dangroup.sa/items/rrfmi140/31084?key=margin" "Mozilla/5.0 (Windows NT 10.0; Win64; x64) AppleWebKit/537.36 (KHTML, like Gecko) Chrome/114.0.0.0 Safari/537.36 Edg/114.0.1823.43"
47.82.60.66 - - [11/Jul/2025:11:31:40 -0400] "GET /items/jxdli116/19238?key=steady HTTP/1.1" 301 0 "https://www.dangroup.sa/items/jxdli116/19238?key=steady" "Mozilla/5.0 (Windows NT 10.0; Win64; x64) AppleWebKit/537.36 (KHTML, like Gecko) Chrome/114.0.0.0 Safari/537.36 Edg/114.0.1823.43"
136.243.228.194 - - [11/Jul/2025:11:31:39 -0400] "GET /items/abykm227/19061?key=album HTTP/1.1" 404 23128 "-" "Mozilla/5.0 (compatible; DataForSeoBot/1.0; +https://dataforseo.com/dataforseo-bot)"
47.82.60.66 - - [11/Jul/2025:11:31:42 -0400] "GET /items/jxdli116/19238?key=steady HTTP/1.1" 404 23128 "https://www.dangroup.sa/items/jxdli116/19238?key=steady" "Mozilla/5.0 (Windows NT 10.0; Win64; x64) AppleWebKit/537.36 (KHTML, like Gecko) Chrome/114.0.0.0 Safari/537.36 Edg/114.0.1823.43"
136.243.228.194 - - [11/Jul/2025:11:31:45 -0400] "GET /130xkobv3911.html HTTP/1.1" 404 23128 "-" "Mozilla/5.0 (compatible; DataForSeoBot/1.0; +https://dataforseo.com/dataforseo-bot)"
136.243.228.194 - - [11/Jul/2025:11:31:53 -0400] "GET /items/hqten198/14884?key=melt HTTP/1.1" 404 23128 "-" "Mozilla/5.0 (compatible; DataForSeoBot/1.0; +https://dataforseo.com/dataforseo-bot)"
66.249.68.132 - - [11/Jul/2025:11:31:55 -0400] "GET /300lveeg32763.html HTTP/1.1" 200 86371 "-" "Mozilla/5.0 (Linux; Android 6.0.1; Nexus 5X Build/MMB29P) AppleWebKit/537.36 (KHTML, like Gecko) Chrome/137.0.7151.103 Mobile Safari/537.36 (compatible; Googlebot/2.1; +http://www.google.com/bot.html)"
136.243.228.194 - - [11/Jul/2025:11:31:56 -0400] "GET /items/qbqqv70/30904?key=laundry HTTP/1.1" 404 23128 "-" "Mozilla/5.0 (compatible; DataForSeoBot/1.0; +https://dataforseo.com/dataforseo-bot)"
47.82.60.32 - - [11/Jul/2025:11:31:57 -0400] "GET /items/tkoqz124/20448?key=exceed HTTP/1.1" 404 23128 "https://dangroup.sa/items/tkoqz124/20448?key=exceed" "Mozilla/5.0 (Windows NT 10.0; Win64; x64) AppleWebKit/537.36 (KHTML, like Gecko) Chrome/114.0.0.0 Safari/537.36 Edg/114.0.1823.43"
136.243.228.194 - - [11/Jul/2025:11:32:00 -0400] "GET /items/uxids170/10036?key=basketball HTTP/1.1" 404 23128 "-" "Mozilla/5.0 (compatible; DataForSeoBot/1.0; +https://dataforseo.com/dataforseo-bot)"
136.243.228.194 - - [11/Jul/2025:11:32:05 -0400] "GET /105ojo8284.html HTTP/1.1" 404 23128 "-" "Mozilla/5.0 (compatible; DataForSeoBot/1.0; +https://dataforseo.com/dataforseo-bot)"
66.249.68.133 - - [11/Jul/2025:11:32:06 -0400] "GET /256ijm2811.html HTTP/1.1" 200 86293 "-" "Mozilla/5.0 (Linux; Android 6.0.1; Nexus 5X Build/MMB29P) AppleWebKit/537.36 (KHTML, like Gecko) Chrome/137.0.7151.103 Mobile Safari/537.36 (compatible; Googlebot/2.1; +http://www.google.com/bot.html)"
66.249.79.134 - - [11/Jul/2025:11:32:09 -0400] "GET /pcmypage?callback=product%2Fdetail%2Fdiva-closet-as-138741878-1 HTTP/1.1" 200 87150 "-" "Mozilla/5.0 (Linux; Android 6.0.1; Nexus 5X Build/MMB29P) AppleWebKit/537.36 (KHTML, like Gecko) Chrome/137.0.7151.103 Mobile Safari/537.36 (compatible; Googlebot/2.1; +http://www.google.com/bot.html)"
136.243.228.194 - - [11/Jul/2025:11:32:09 -0400] "GET /items/mmxml165/1603?key=quote HTTP/1.1" 404 23130 "-" "Mozilla/5.0 (compatible; DataForSeoBot/1.0; +https://dataforseo.com/dataforseo-bot)"
136.243.228.194 - - [11/Jul/2025:11:32:14 -0400] "GET /120gajpj19205.html HTTP/1.1" 404 23130 "-" "Mozilla/5.0 (compatible; DataForSeoBot/1.0; +https://dataforseo.com/dataforseo-bot)"
66.249.68.132 - - [11/Jul/2025:11:32:17 -0400] "GET /search?category=50101&search_word= HTTP/1.1" 200 86220 "-" "Mozilla/5.0 (compatible; Googlebot/2.1; +http://www.google.com/bot.html)"
66.249.68.132 - - [11/Jul/2025:11:32:18 -0400] "GET /search?category=201&search_word= HTTP/1.1" 200 86672 "-" "Mozilla/5.0 (compatible; Googlebot/2.1; +http://www.google.com/bot.html)"
136.243.228.194 - - [11/Jul/2025:11:32:18 -0400] "GET /225wwxi29986.html HTTP/1.1" 404 23128 "-" "Mozilla/5.0 (compatible; DataForSeoBot/1.0; +https://dataforseo.com/dataforseo-bot)"
66.249.68.132 - - [11/Jul/2025:11:32:22 -0400] "GET /items/hkwnj177/43709?key=gay HTTP/1.1" 200 87064 "-" "Mozilla/5.0 (Linux; Android 6.0.1; Nexus 5X Build/MMB29P) AppleWebKit/537.36 (KHTML, like Gecko) Chrome/137.0.7151.103 Mobile Safari/537.36 (compatible; Googlebot/2.1; +http://www.google.com/bot.html)"
66.249.68.132 - - [11/Jul/2025:11:32:23 -0400] "GET /items/msoqr76/608?key=coordinator HTTP/1.1" 200 87227 "-" "Mozilla/5.0 (Linux; Android 6.0.1; Nexus 5X Build/MMB29P) AppleWebKit/537.36 (KHTML, like Gecko) Chrome/137.0.7151.103 Mobile Safari/537.36 (compatible; Googlebot/2.1; +http://www.google.com/bot.html)"
136.243.228.194 - - [11/Jul/2025:11:32:22 -0400] "GET /274bgxc16511.html HTTP/1.1" 404 23130 "-" "Mozilla/5.0 (compatible; DataForSeoBot/1.0; +https://dataforseo.com/dataforseo-bot)"
66.249.68.132 - - [11/Jul/2025:11:32:23 -0400] "GET /items/cqwgp43/1017?key=instance HTTP/1.1" 200 86733 "-" "Mozilla/5.0 (Linux; Android 6.0.1; Nexus 5X Build/MMB29P) AppleWebKit/537.36 (KHTML, like Gecko) Chrome/137.0.7151.103 Mobile Safari/537.36 (compatible; Googlebot/2.1; +http://www.google.com/bot.html)"
66.29.146.47 - - [11/Jul/2025:11:32:26 -0400] "POST /wp-cron.php?doing_wp_cron=1752247946.5868000984191894531250 HTTP/1.1" 403 1242 "-" "WordPress/6.8; https://dangroup.sa"
136.243.228.194 - - [11/Jul/2025:11:32:26 -0400] "GET /items/fakll167/15961?key=alley HTTP/1.1" 404 23130 "-" "Mozilla/5.0 (compatible; DataForSeoBot/1.0; +https://dataforseo.com/dataforseo-bot)"
136.243.228.194 - - [11/Jul/2025:11:32:30 -0400] "GET /items/iwdhd242/47214?key=grasp HTTP/1.1" 404 23130 "-" "Mozilla/5.0 (compatible; DataForSeoBot/1.0; +https://dataforseo.com/dataforseo-bot)"
47.82.60.37 - - [11/Jul/2025:11:32:30 -0400] "GET /items/unqeo189/7221?key=whether HTTP/1.1" 404 23128 "https://dangroup.sa/items/unqeo189/7221?key=whether" "Mozilla/5.0 (Windows NT 10.0; Win64; x64) AppleWebKit/537.36 (KHTML, like Gecko) Chrome/114.0.0.0 Safari/537.36 Edg/114.0.1823.43"
136.243.228.194 - - [11/Jul/2025:11:32:37 -0400] "GET /items/vcemj94/35568?key=manufacturing HTTP/1.1" 404 23130 "-" "Mozilla/5.0 (compatible; DataForSeoBot/1.0; +https://dataforseo.com/dataforseo-bot)"
66.249.79.134 - - [11/Jul/2025:11:32:40 -0400] "GET /pcmypage?callback=product%2Fdetail%2Forangetool-nt-5459184 HTTP/1.1" 200 86956 "-" "Mozilla/5.0 (Linux; Android 6.0.1; Nexus 5X Build/MMB29P) AppleWebKit/537.36 (KHTML, like Gecko) Chrome/137.0.7151.103 Mobile Safari/537.36 (compatible; Googlebot/2.1; +http://www.google.com/bot.html)"
136.243.228.194 - - [11/Jul/2025:11:32:40 -0400] "GET /231hulb22744.html HTTP/1.1" 404 23128 "-" "Mozilla/5.0 (compatible; DataForSeoBot/1.0; +https://dataforseo.com/dataforseo-bot)"
136.243.228.194 - - [11/Jul/2025:11:32:45 -0400] "GET /items/xqgcs19/35493?key=government HTTP/1.1" 404 23130 "-" "Mozilla/5.0 (compatible; DataForSeoBot/1.0; +https://dataforseo.com/dataforseo-bot)"
136.243.228.194 - - [11/Jul/2025:11:32:49 -0400] "GET /204flckw4029.html HTTP/1.1" 404 23128 "-" "Mozilla/5.0 (compatible; DataForSeoBot/1.0; +https://dataforseo.com/dataforseo-bot)"
66.249.68.132 - - [11/Jul/2025:11:32:52 -0400] "GET /61rja15004.html HTTP/1.1" 200 87147 "-" "Mozilla/5.0 (Linux; Android 6.0.1; Nexus 5X Build/MMB29P) AppleWebKit/537.36 (KHTML, like Gecko) Chrome/137.0.7151.103 Mobile Safari/537.36 (compatible; Googlebot/2.1; +http://www.google.com/bot.html)"
136.243.228.194 - - [11/Jul/2025:11:32:53 -0400] "GET /56kzxaj20027.html HTTP/1.1" 404 23128 "-" "Mozilla/5.0 (compatible; DataForSeoBot/1.0; +https://dataforseo.com/dataforseo-bot)"
136.243.228.194 - - [11/Jul/2025:11:32:56 -0400] "GET /224elcid15097.html HTTP/1.1" 404 23130 "-" "Mozilla/5.0 (compatible; DataForSeoBot/1.0; +https://dataforseo.com/dataforseo-bot)"
136.243.228.194 - - [11/Jul/2025:11:33:00 -0400] "GET /items/klskg31/33999?key=toll HTTP/1.1" 404 23128 "-" "Mozilla/5.0 (compatible; DataForSeoBot/1.0; +https://dataforseo.com/dataforseo-bot)"
136.243.228.194 - - [11/Jul/2025:11:33:04 -0400] "GET /items/gvbzm164/16314?key=uncertain HTTP/1.1" 404 23128 "-" "Mozilla/5.0 (compatible; DataForSeoBot/1.0; +https://dataforseo.com/dataforseo-bot)"
136.243.228.194 - - [11/Jul/2025:11:33:08 -0400] "GET /95jxiv22836.html HTTP/1.1" 404 23128 "-" "Mozilla/5.0 (compatible; DataForSeoBot/1.0; +https://dataforseo.com/dataforseo-bot)"
47.82.60.62 - - [11/Jul/2025:11:33:10 -0400] "GET /108xshd11853.html HTTP/1.1" 404 23128 "https://dangroup.sa/108xshd11853.html" "Mozilla/5.0 (Windows NT 10.0; Win64; x64) AppleWebKit/537.36 (KHTML, like Gecko) Chrome/114.0.0.0 Safari/537.36 Edg/114.0.1823.43"
47.82.60.9 - - [11/Jul/2025:11:33:13 -0400] "GET /items/nqpic177/34533?key=counterpart HTTP/1.1" 404 23130 "https://dangroup.sa/items/nqpic177/34533?key=counterpart" "Mozilla/5.0 (Windows NT 10.0; Win64; x64) AppleWebKit/537.36 (KHTML, like Gecko) Chrome/114.0.0.0 Safari/537.36 Edg/114.0.1823.43"
136.243.228.194 - - [11/Jul/2025:11:33:13 -0400] "GET /212hdq48025.html HTTP/1.1" 404 23128 "-" "Mozilla/5.0 (compatible; DataForSeoBot/1.0; +https://dataforseo.com/dataforseo-bot)"
136.243.228.194 - - [11/Jul/2025:11:33:17 -0400] "GET /20tft18327.html HTTP/1.1" 404 23128 "-" "Mozilla/5.0 (compatible; DataForSeoBot/1.0; +https://dataforseo.com/dataforseo-bot)"
136.243.228.194 - - [11/Jul/2025:11:33:21 -0400] "GET /items/udfhc182/33826?key=jeans HTTP/1.1" 404 23128 "-" "Mozilla/5.0 (compatible; DataForSeoBot/1.0; +https://dataforseo.com/dataforseo-bot)"
136.243.228.194 - - [11/Jul/2025:11:33:25 -0400] "GET /items/wzsod6/17704?key=welfare HTTP/1.1" 404 23128 "-" "Mozilla/5.0 (compatible; DataForSeoBot/1.0; +https://dataforseo.com/dataforseo-bot)"
66.29.146.47 - - [11/Jul/2025:11:33:30 -0400] "POST /wp-cron.php?doing_wp_cron=1752248010.6203920841217041015625 HTTP/1.1" 403 1242 "-" "WordPress/6.8; https://dangroup.sa"
136.243.228.194 - - [11/Jul/2025:11:33:30 -0400] "GET /266paozw26341.html HTTP/1.1" 404 23130 "-" "Mozilla/5.0 (compatible; DataForSeoBot/1.0; +https://dataforseo.com/dataforseo-bot)"
136.243.228.194 - - [11/Jul/2025:11:33:36 -0400] "GET /items/bwwwj212/48538?key=pool HTTP/1.1" 404 23128 "-" "Mozilla/5.0 (compatible; DataForSeoBot/1.0; +https://dataforseo.com/dataforseo-bot)"
136.243.228.194 - - [11/Jul/2025:11:33:42 -0400] "GET /items/hfgvl99/15647?key=sexuality HTTP/1.1" 404 23128 "-" "Mozilla/5.0 (compatible; DataForSeoBot/1.0; +https://dataforseo.com/dataforseo-bot)"
66.249.68.133 - - [11/Jul/2025:11:33:47 -0400] "GET /191idp3968.html HTTP/1.1" 200 86401 "-" "Mozilla/5.0 (Linux; Android 6.0.1; Nexus 5X Build/MMB29P) AppleWebKit/537.36 (KHTML, like Gecko) Chrome/137.0.7151.103 Mobile Safari/537.36 (compatible; Googlebot/2.1; +http://www.google.com/bot.html)"
136.243.228.194 - - [11/Jul/2025:11:33:45 -0400] "GET /186iuoyj47237.html HTTP/1.1" 404 23130 "-" "Mozilla/5.0 (compatible; DataForSeoBot/1.0; +https://dataforseo.com/dataforseo-bot)"
136.243.228.194 - - [11/Jul/2025:11:33:52 -0400] "GET /192zlpn49323.html HTTP/1.1" 404 23130 "-" "Mozilla/5.0 (compatible; DataForSeoBot/1.0; +https://dataforseo.com/dataforseo-bot)"
136.243.228.194 - - [11/Jul/2025:11:33:56 -0400] "GET /153qwy8844.html HTTP/1.1" 404 23128 "-" "Mozilla/5.0 (compatible; DataForSeoBot/1.0; +https://dataforseo.com/dataforseo-bot)"
66.249.79.135 - - [11/Jul/2025:11:33:59 -0400] "GET /pcmypage?callback=product/review/zaccaru-1-ds-2227008 HTTP/1.1" 200 87861 "-" "Mozilla/5.0 (Linux; Android 6.0.1; Nexus 5X Build/MMB29P) AppleWebKit/537.36 (KHTML, like Gecko) Chrome/137.0.7151.103 Mobile Safari/537.36 (compatible; Googlebot/2.1; +http://www.google.com/bot.html)"
136.243.228.194 - - [11/Jul/2025:11:33:59 -0400] "GET /228iddp9649.html HTTP/1.1" 404 23130 "-" "Mozilla/5.0 (compatible; DataForSeoBot/1.0; +https://dataforseo.com/dataforseo-bot)"
136.243.228.194 - - [11/Jul/2025:11:34:04 -0400] "GET /299bjmx18390.html HTTP/1.1" 404 23128 "-" "Mozilla/5.0 (compatible; DataForSeoBot/1.0; +https://dataforseo.com/dataforseo-bot)"
136.243.228.194 - - [11/Jul/2025:11:34:08 -0400] "GET /189beud2114.html HTTP/1.1" 404 23128 "-" "Mozilla/5.0 (compatible; DataForSeoBot/1.0; +https://dataforseo.com/dataforseo-bot)"
66.249.68.134 - - [11/Jul/2025:11:34:10 -0400] "GET /199ujbt36592.html HTTP/1.1" 200 86609 "-" "Mozilla/5.0 (Linux; Android 6.0.1; Nexus 5X Build/MMB29P) AppleWebKit/537.36 (KHTML, like Gecko) Chrome/137.0.7151.103 Mobile Safari/537.36 (compatible; Googlebot/2.1; +http://www.google.com/bot.html)"
136.243.228.194 - - [11/Jul/2025:11:34:12 -0400] "GET /items/iqliu19/9237?key=into HTTP/1.1" 404 23128 "-" "Mozilla/5.0 (compatible; DataForSeoBot/1.0; +https://dataforseo.com/dataforseo-bot)"
136.243.228.194 - - [11/Jul/2025:11:34:16 -0400] "GET /items/yywrl225/39843?key=aim HTTP/1.1" 404 23128 "-" "Mozilla/5.0 (compatible; DataForSeoBot/1.0; +https://dataforseo.com/dataforseo-bot)"
47.82.60.23 - - [11/Jul/2025:11:34:19 -0400] "GET /items/ebqdd244/21118?key=developmental HTTP/1.1" 404 23128 "https://dangroup.sa/items/ebqdd244/21118?key=developmental" "Mozilla/5.0 (Windows NT 10.0; Win64; x64) AppleWebKit/537.36 (KHTML, like Gecko) Chrome/114.0.0.0 Safari/537.36 Edg/114.0.1823.43"
66.249.79.134 - - [11/Jul/2025:11:34:21 -0400] "GET /product/edit/hatoya-cr4990852125197 HTTP/1.1" 200 87626 "-" "Mozilla/5.0 (Linux; Android 6.0.1; Nexus 5X Build/MMB29P) AppleWebKit/537.36 (KHTML, like Gecko) Chrome/137.0.7151.103 Mobile Safari/537.36 (compatible; Googlebot/2.1; +http://www.google.com/bot.html)"
136.243.228.194 - - [11/Jul/2025:11:34:20 -0400] "GET /items/clhsb276/1938?key=cable HTTP/1.1" 404 23128 "-" "Mozilla/5.0 (compatible; DataForSeoBot/1.0; +https://dataforseo.com/dataforseo-bot)"
136.243.228.194 - - [11/Jul/2025:11:34:24 -0400] "GET /items/eqrvj270/46472?key=electric HTTP/1.1" 404 23128 "-" "Mozilla/5.0 (compatible; DataForSeoBot/1.0; +https://dataforseo.com/dataforseo-bot)"
136.243.228.194 - - [11/Jul/2025:11:34:28 -0400] "GET /items/vpefq157/42983?key=hormone HTTP/1.1" 404 23128 "-" "Mozilla/5.0 (compatible; DataForSeoBot/1.0; +https://dataforseo.com/dataforseo-bot)"
66.29.146.47 - - [11/Jul/2025:11:34:32 -0400] "POST /wp-cron.php?doing_wp_cron=1752248072.7687780857086181640625 HTTP/1.1" 403 1242 "-" "WordPress/6.8; https://dangroup.sa"
66.249.79.135 - - [11/Jul/2025:11:34:34 -0400] "GET /items/dckjb130/32532?key=armed HTTP/1.1" 200 87382 "-" "Mozilla/5.0 (Linux; Android 6.0.1; Nexus 5X Build/MMB29P) AppleWebKit/537.36 (KHTML, like Gecko) Chrome/137.0.7151.103 Mobile Safari/537.36 (compatible; Googlebot/2.1; +http://www.google.com/bot.html)"
136.243.228.194 - - [11/Jul/2025:11:34:32 -0400] "GET /items/znfpl49/4517?key=nonprofit HTTP/1.1" 404 23128 "-" "Mozilla/5.0 (compatible; DataForSeoBot/1.0; +https://dataforseo.com/dataforseo-bot)"
136.243.228.194 - - [11/Jul/2025:11:34:37 -0400] "GET /285ijhvb9236.html HTTP/1.1" 404 23130 "-" "Mozilla/5.0 (compatible; DataForSeoBot/1.0; +https://dataforseo.com/dataforseo-bot)"
34.16.16.145 - - [11/Jul/2025:11:34:39 -0400] "GET /media/system/js/core.js HTTP/1.1" 404 23128 "http://danevnt.com/media/system/js/core.js" "Mozilla/5.0 (Macintosh; Intel Mac OS X 10_10_1) AppleWebKit/537.36 (KHTML, like Gecko) Chrome/39.0.2171.95 Safari/537.36"
34.16.16.145 - - [11/Jul/2025:11:34:45 -0400] "GET /wp-includes/js/jquery/jquery.js HTTP/1.1" 304 0 "http://danevnt.com/wp-includes/js/jquery/jquery.js" "Mozilla/5.0 (Macintosh; Intel Mac OS X 10_10_1) AppleWebKit/537.36 (KHTML, like Gecko) Chrome/39.0.2171.95 Safari/537.36"
136.243.228.194 - - [11/Jul/2025:11:34:42 -0400] "GET /260wvb41661.html HTTP/1.1" 404 23128 "-" "Mozilla/5.0 (compatible; DataForSeoBot/1.0; +https://dataforseo.com/dataforseo-bot)"
136.243.228.194 - - [11/Jul/2025:11:34:50 -0400] "GET /items/dnnii167/345?key=order HTTP/1.1" 404 23128 "-" "Mozilla/5.0 (compatible; DataForSeoBot/1.0; +https://dataforseo.com/dataforseo-bot)"
136.243.228.194 - - [11/Jul/2025:11:34:54 -0400] "GET /items/hooan1/13791?key=bishop HTTP/1.1" 404 23128 "-" "Mozilla/5.0 (compatible; DataForSeoBot/1.0; +https://dataforseo.com/dataforseo-bot)"
66.249.68.132 - - [11/Jul/2025:11:34:56 -0400] "GET /282zds17873.html HTTP/1.1" 200 87149 "-" "Mozilla/5.0 (Linux; Android 6.0.1; Nexus 5X Build/MMB29P) AppleWebKit/537.36 (KHTML, like Gecko) Chrome/137.0.7151.103 Mobile Safari/537.36 (compatible; Googlebot/2.1; +http://www.google.com/bot.html)"
