136.243.228.194 - - [11/Jul/2025:17:09:06 -0400] "GET /items/rfowa161/37695?key=through HTTP/1.1" 404 23128 "-" "Mozilla/5.0 (compatible; DataForSeoBot/1.0; +https://dataforseo.com/dataforseo-bot)"
66.29.146.47 - - [11/Jul/2025:17:09:16 -0400] "POST /wp-cron.php?doing_wp_cron=1752268155.9619109630584716796875 HTTP/1.1" 403 1242 "-" "WordPress/6.8; https://dangroup.sa"
136.243.228.194 - - [11/Jul/2025:17:09:15 -0400] "GET /69bwrmu1176.html HTTP/1.1" 404 23128 "-" "Mozilla/5.0 (compatible; DataForSeoBot/1.0; +https://dataforseo.com/dataforseo-bot)"
20.171.207.246 - - [11/Jul/2025:17:09:17 -0400] "GET /248ntmg11215.html HTTP/1.1" 404 23129 "-" "Mozilla/5.0 AppleWebKit/537.36 (KHTML, like Gecko; compatible; GPTBot/1.2; +https://openai.com/gptbot)"
136.243.228.194 - - [11/Jul/2025:17:09:21 -0400] "GET /177qpwyh45140.html HTTP/1.1" 404 23128 "-" "Mozilla/5.0 (compatible; DataForSeoBot/1.0; +https://dataforseo.com/dataforseo-bot)"
136.243.228.194 - - [11/Jul/2025:17:09:26 -0400] "GET /items/edqpr93/439?key=emerging HTTP/1.1" 404 23128 "-" "Mozilla/5.0 (compatible; DataForSeoBot/1.0; +https://dataforseo.com/dataforseo-bot)"
205.210.31.155 - - [11/Jul/2025:17:09:27 -0400] "GET / HTTP/1.1" 200 33221 "-" "-"
136.243.228.194 - - [11/Jul/2025:17:09:32 -0400] "GET /261jerpm38890.html HTTP/1.1" 404 23308 "-" "Mozilla/5.0 (compatible; DataForSeoBot/1.0; +https://dataforseo.com/dataforseo-bot)"
136.243.228.194 - - [11/Jul/2025:17:09:37 -0400] "GET /items/kittc104/34658?key=anymore HTTP/1.1" 404 23128 "-" "Mozilla/5.0 (compatible; DataForSeoBot/1.0; +https://dataforseo.com/dataforseo-bot)"
136.243.228.194 - - [11/Jul/2025:17:09:42 -0400] "GET /items/hnfgi25/11779?key=period HTTP/1.1" 404 23128 "-" "Mozilla/5.0 (compatible; DataForSeoBot/1.0; +https://dataforseo.com/dataforseo-bot)"
136.243.228.194 - - [11/Jul/2025:17:09:46 -0400] "GET /273qansx46466.html HTTP/1.1" 404 23128 "-" "Mozilla/5.0 (compatible; DataForSeoBot/1.0; +https://dataforseo.com/dataforseo-bot)"
136.243.228.194 - - [11/Jul/2025:17:09:51 -0400] "GET /230tjio33977.html HTTP/1.1" 404 23128 "-" "Mozilla/5.0 (compatible; DataForSeoBot/1.0; +https://dataforseo.com/dataforseo-bot)"
136.243.228.194 - - [11/Jul/2025:17:09:57 -0400] "GET /items/luwjy111/44913?key=confession HTTP/1.1" 404 23128 "-" "Mozilla/5.0 (compatible; DataForSeoBot/1.0; +https://dataforseo.com/dataforseo-bot)"
136.243.228.194 - - [11/Jul/2025:17:10:03 -0400] "GET /items/ajltb251/25501?key=reply HTTP/1.1" 404 23128 "-" "Mozilla/5.0 (compatible; DataForSeoBot/1.0; +https://dataforseo.com/dataforseo-bot)"
136.243.228.194 - - [11/Jul/2025:17:10:09 -0400] "GET /264fmd6541.html HTTP/1.1" 404 23128 "-" "Mozilla/5.0 (compatible; DataForSeoBot/1.0; +https://dataforseo.com/dataforseo-bot)"
136.243.228.194 - - [11/Jul/2025:17:10:15 -0400] "GET /291ohyv33784.html HTTP/1.1" 404 23128 "-" "Mozilla/5.0 (compatible; DataForSeoBot/1.0; +https://dataforseo.com/dataforseo-bot)"
66.29.146.47 - - [11/Jul/2025:17:10:21 -0400] "POST /wp-cron.php?doing_wp_cron=1752268221.5064170360565185546875 HTTP/1.1" 403 1242 "-" "WordPress/6.8; https://dangroup.sa"
66.29.146.47 - - [11/Jul/2025:17:10:22 -0400] "POST /wp-cron.php?doing_wp_cron=1752268221.9704830646514892578125 HTTP/1.1" 403 1242 "-" "WordPress/6.8; https://dangroup.sa"
20.171.207.246 - - [11/Jul/2025:17:10:20 -0400] "GET /131nmyn41830.html HTTP/1.1" 404 23128 "-" "Mozilla/5.0 AppleWebKit/537.36 (KHTML, like Gecko; compatible; GPTBot/1.2; +https://openai.com/gptbot)"
136.243.228.194 - - [11/Jul/2025:17:10:21 -0400] "GET /104suhe965.html HTTP/1.1" 404 23130 "-" "Mozilla/5.0 (compatible; DataForSeoBot/1.0; +https://dataforseo.com/dataforseo-bot)"
66.249.68.131 - - [11/Jul/2025:17:10:30 -0400] "GET /pcmypage?callback=product/review/auc-gion-ga21007a7jf HTTP/1.1" 200 87294 "-" "Mozilla/5.0 (Linux; Android 6.0.1; Nexus 5X Build/MMB29P) AppleWebKit/537.36 (KHTML, like Gecko) Chrome/137.0.7151.103 Mobile Safari/537.36 (compatible; GoogleOther)"
136.243.228.194 - - [11/Jul/2025:17:10:28 -0400] "GET /items/bpmhm229/45263?key=earn HTTP/1.1" 404 23128 "-" "Mozilla/5.0 (compatible; DataForSeoBot/1.0; +https://dataforseo.com/dataforseo-bot)"
136.243.228.194 - - [11/Jul/2025:17:10:34 -0400] "GET /items/wogwc300/14030?key=stock HTTP/1.1" 404 23128 "-" "Mozilla/5.0 (compatible; DataForSeoBot/1.0; +https://dataforseo.com/dataforseo-bot)"
136.243.228.194 - - [11/Jul/2025:17:10:39 -0400] "GET /items/guhfg40/18170?key=matter HTTP/1.1" 404 23128 "-" "Mozilla/5.0 (compatible; DataForSeoBot/1.0; +https://dataforseo.com/dataforseo-bot)"
136.243.228.194 - - [11/Jul/2025:17:10:45 -0400] "GET /57jiftl10534.html HTTP/1.1" 404 23128 "-" "Mozilla/5.0 (compatible; DataForSeoBot/1.0; +https://dataforseo.com/dataforseo-bot)"
136.243.228.194 - - [11/Jul/2025:17:10:52 -0400] "GET /items/esnob11/26533?key=someone HTTP/1.1" 404 23128 "-" "Mozilla/5.0 (compatible; DataForSeoBot/1.0; +https://dataforseo.com/dataforseo-bot)"
136.243.228.194 - - [11/Jul/2025:17:11:02 -0400] "GET /80dzmc25937.html HTTP/1.1" 404 23128 "-" "Mozilla/5.0 (compatible; DataForSeoBot/1.0; +https://dataforseo.com/dataforseo-bot)"
136.243.228.194 - - [11/Jul/2025:17:11:10 -0400] "GET /100ikmi21507.html HTTP/1.1" 404 23128 "-" "Mozilla/5.0 (compatible; DataForSeoBot/1.0; +https://dataforseo.com/dataforseo-bot)"
136.243.228.194 - - [11/Jul/2025:17:11:20 -0400] "GET /items/mwvjo63/44271?key=contribute HTTP/1.1" 404 23128 "-" "Mozilla/5.0 (compatible; DataForSeoBot/1.0; +https://dataforseo.com/dataforseo-bot)"
66.29.146.47 - - [11/Jul/2025:17:11:27 -0400] "POST /wp-cron.php?doing_wp_cron=1752268287.0829861164093017578125 HTTP/1.1" 403 1242 "-" "WordPress/6.8; https://dangroup.sa"
66.29.146.47 - - [11/Jul/2025:17:11:27 -0400] "POST /wp-cron.php?doing_wp_cron=1752268287.1583619117736816406250 HTTP/1.1" 403 1242 "-" "WordPress/6.8; https://dangroup.sa"
136.243.228.194 - - [11/Jul/2025:17:11:25 -0400] "GET /88vnxy34083.html HTTP/1.1" 404 23128 "-" "Mozilla/5.0 (compatible; DataForSeoBot/1.0; +https://dataforseo.com/dataforseo-bot)"
20.171.207.246 - - [11/Jul/2025:17:11:26 -0400] "GET /202tdlq36263.html HTTP/1.1" 404 23128 "-" "Mozilla/5.0 AppleWebKit/537.36 (KHTML, like Gecko; compatible; GPTBot/1.2; +https://openai.com/gptbot)"
136.243.228.194 - - [11/Jul/2025:17:11:33 -0400] "GET /items/nhcpo291/9197?key=retired HTTP/1.1" 404 23128 "-" "Mozilla/5.0 (compatible; DataForSeoBot/1.0; +https://dataforseo.com/dataforseo-bot)"
136.243.228.194 - - [11/Jul/2025:17:11:39 -0400] "GET /items/xycno72/28776?key=inflation HTTP/1.1" 404 23130 "-" "Mozilla/5.0 (compatible; DataForSeoBot/1.0; +https://dataforseo.com/dataforseo-bot)"
136.243.228.194 - - [11/Jul/2025:17:11:44 -0400] "GET /items/iskoj157/31635?key=manage HTTP/1.1" 404 23128 "-" "Mozilla/5.0 (compatible; DataForSeoBot/1.0; +https://dataforseo.com/dataforseo-bot)"
136.243.228.194 - - [11/Jul/2025:17:11:50 -0400] "GET /items/wqfhk89/7937?key=onto HTTP/1.1" 404 23128 "-" "Mozilla/5.0 (compatible; DataForSeoBot/1.0; +https://dataforseo.com/dataforseo-bot)"
136.243.228.194 - - [11/Jul/2025:17:11:57 -0400] "GET /items/veryf83/6519?key=experiment HTTP/1.1" 404 23130 "-" "Mozilla/5.0 (compatible; DataForSeoBot/1.0; +https://dataforseo.com/dataforseo-bot)"
136.243.228.194 - - [11/Jul/2025:17:12:02 -0400] "GET /64oruoh8861.html HTTP/1.1" 404 23130 "-" "Mozilla/5.0 (compatible; DataForSeoBot/1.0; +https://dataforseo.com/dataforseo-bot)"
136.243.228.194 - - [11/Jul/2025:17:12:08 -0400] "GET /60zzxtb41463.html HTTP/1.1" 404 23128 "-" "Mozilla/5.0 (compatible; DataForSeoBot/1.0; +https://dataforseo.com/dataforseo-bot)"
136.243.228.194 - - [11/Jul/2025:17:12:14 -0400] "GET /14cujk29465.html HTTP/1.1" 404 23128 "-" "Mozilla/5.0 (compatible; DataForSeoBot/1.0; +https://dataforseo.com/dataforseo-bot)"
66.249.68.130 - - [11/Jul/2025:17:12:18 -0400] "GET /195xqgp39838.html HTTP/1.1" 200 87506 "-" "Mozilla/5.0 (Linux; Android 6.0.1; Nexus 5X Build/MMB29P) AppleWebKit/537.36 (KHTML, like Gecko) Chrome/137.0.7151.103 Mobile Safari/537.36 (compatible; Googlebot/2.1; +http://www.google.com/bot.html)"
136.243.228.194 - - [11/Jul/2025:17:12:18 -0400] "GET /252xul32779.html HTTP/1.1" 404 23128 "-" "Mozilla/5.0 (compatible; DataForSeoBot/1.0; +https://dataforseo.com/dataforseo-bot)"
136.243.228.194 - - [11/Jul/2025:17:12:24 -0400] "GET /items/lswdd121/48523?key=everything HTTP/1.1" 404 23128 "-" "Mozilla/5.0 (compatible; DataForSeoBot/1.0; +https://dataforseo.com/dataforseo-bot)"
66.29.146.47 - - [11/Jul/2025:17:12:30 -0400] "POST /wp-cron.php?doing_wp_cron=1752268349.9652030467987060546875 HTTP/1.1" 403 1242 "-" "WordPress/6.8; https://dangroup.sa"
20.171.207.246 - - [11/Jul/2025:17:12:29 -0400] "GET /100ghrn21029.html HTTP/1.1" 404 23128 "-" "Mozilla/5.0 AppleWebKit/537.36 (KHTML, like Gecko; compatible; GPTBot/1.2; +https://openai.com/gptbot)"
136.243.228.194 - - [11/Jul/2025:17:12:31 -0400] "GET /130llm46501.html HTTP/1.1" 404 23128 "-" "Mozilla/5.0 (compatible; DataForSeoBot/1.0; +https://dataforseo.com/dataforseo-bot)"
136.243.228.194 - - [11/Jul/2025:17:12:38 -0400] "GET /7kmzm2176.html HTTP/1.1" 404 23128 "-" "Mozilla/5.0 (compatible; DataForSeoBot/1.0; +https://dataforseo.com/dataforseo-bot)"
136.243.228.194 - - [11/Jul/2025:17:12:46 -0400] "GET /items/ommiy36/30786?key=basically HTTP/1.1" 404 23128 "-" "Mozilla/5.0 (compatible; DataForSeoBot/1.0; +https://dataforseo.com/dataforseo-bot)"
136.243.228.194 - - [11/Jul/2025:17:12:52 -0400] "GET /items/wnaep87/27707?key=alter HTTP/1.1" 404 23128 "-" "Mozilla/5.0 (compatible; DataForSeoBot/1.0; +https://dataforseo.com/dataforseo-bot)"
136.243.228.194 - - [11/Jul/2025:17:12:58 -0400] "GET /items/spdje181/39215?key=service HTTP/1.1" 404 23128 "-" "Mozilla/5.0 (compatible; DataForSeoBot/1.0; +https://dataforseo.com/dataforseo-bot)"
136.243.228.194 - - [11/Jul/2025:17:13:04 -0400] "GET /items/vgipl128/24440?key=hay HTTP/1.1" 404 23128 "-" "Mozilla/5.0 (compatible; DataForSeoBot/1.0; +https://dataforseo.com/dataforseo-bot)"
136.243.228.194 - - [11/Jul/2025:17:13:10 -0400] "GET /items/rpkoc101/48305?key=differ HTTP/1.1" 404 23128 "-" "Mozilla/5.0 (compatible; DataForSeoBot/1.0; +https://dataforseo.com/dataforseo-bot)"
136.243.228.194 - - [11/Jul/2025:17:13:16 -0400] "GET /190fdyd27541.html HTTP/1.1" 404 23128 "-" "Mozilla/5.0 (compatible; DataForSeoBot/1.0; +https://dataforseo.com/dataforseo-bot)"
136.243.228.194 - - [11/Jul/2025:17:13:21 -0400] "GET /items/zhzwi20/27712?key=live HTTP/1.1" 404 23308 "-" "Mozilla/5.0 (compatible; DataForSeoBot/1.0; +https://dataforseo.com/dataforseo-bot)"
66.29.146.47 - - [11/Jul/2025:17:13:33 -0400] "POST /wp-cron.php?doing_wp_cron=1752268412.7628309726715087890625 HTTP/1.1" 403 1242 "-" "WordPress/6.8; https://dangroup.sa"
136.243.228.194 - - [11/Jul/2025:17:13:27 -0400] "GET /items/unyyc259/46325?key=rider HTTP/1.1" 404 23130 "-" "Mozilla/5.0 (compatible; DataForSeoBot/1.0; +https://dataforseo.com/dataforseo-bot)"
66.249.68.132 - - [11/Jul/2025:17:13:40 -0400] "GET /219jkfpb32096.html HTTP/1.1" 200 87272 "-" "Mozilla/5.0 (Linux; Android 6.0.1; Nexus 5X Build/MMB29P) AppleWebKit/537.36 (KHTML, like Gecko) Chrome/137.0.7151.103 Mobile Safari/537.36 (compatible; Googlebot/2.1; +http://www.google.com/bot.html)"
20.171.207.246 - - [11/Jul/2025:17:13:30 -0400] "GET /241ywrx11212.html HTTP/1.1" 404 23128 "-" "Mozilla/5.0 AppleWebKit/537.36 (KHTML, like Gecko; compatible; GPTBot/1.2; +https://openai.com/gptbot)"
66.249.68.133 - - [11/Jul/2025:17:13:52 -0400] "GET /225xzwn12140.html HTTP/1.1" 200 86598 "-" "Mozilla/5.0 (Linux; Android 6.0.1; Nexus 5X Build/MMB29P) AppleWebKit/537.36 (KHTML, like Gecko) Chrome/137.0.7151.103 Mobile Safari/537.36 (compatible; GoogleOther)"
136.243.228.194 - - [11/Jul/2025:17:13:38 -0400] "GET /items/smqie161/29079?key=household HTTP/1.1" 404 23128 "-" "Mozilla/5.0 (compatible; DataForSeoBot/1.0; +https://dataforseo.com/dataforseo-bot)"
136.243.228.194 - - [11/Jul/2025:17:13:54 -0400] "GET /80qfzt43143.html HTTP/1.1" 404 23128 "-" "Mozilla/5.0 (compatible; DataForSeoBot/1.0; +https://dataforseo.com/dataforseo-bot)"
66.249.68.132 - - [11/Jul/2025:17:13:58 -0400] "GET /124vptyq10045.html HTTP/1.1" 200 86465 "-" "Mozilla/5.0 (Linux; Android 6.0.1; Nexus 5X Build/MMB29P) AppleWebKit/537.36 (KHTML, like Gecko) Chrome/137.0.7151.103 Mobile Safari/537.36 (compatible; Googlebot/2.1; +http://www.google.com/bot.html)"
136.243.228.194 - - [11/Jul/2025:17:13:59 -0400] "GET /210pjmef41321.html HTTP/1.1" 404 23130 "-" "Mozilla/5.0 (compatible; DataForSeoBot/1.0; +https://dataforseo.com/dataforseo-bot)"
136.243.228.194 - - [11/Jul/2025:17:14:05 -0400] "GET /items/wyair217/39621?key=century HTTP/1.1" 404 23128 "-" "Mozilla/5.0 (compatible; DataForSeoBot/1.0; +https://dataforseo.com/dataforseo-bot)"
208.110.64.178 - - [11/Jul/2025:17:14:14 -0400] "GET /wp-content/install.php HTTP/1.1" 200 10 "https://dangroup.sa/wp-content/install.php" "Mozilla/5.0 (Windows NT 10.0; Win64; x64) AppleWebKit/537.36 (KHTML, like Gecko) Chrome/58.0.3029.110 Safari/537.3"
136.243.228.194 - - [11/Jul/2025:17:14:11 -0400] "GET /items/majnv172/14032?key=any HTTP/1.1" 404 23128 "-" "Mozilla/5.0 (compatible; DataForSeoBot/1.0; +https://dataforseo.com/dataforseo-bot)"
136.243.228.194 - - [11/Jul/2025:17:14:17 -0400] "GET /264wvi17445.html HTTP/1.1" 404 23130 "-" "Mozilla/5.0 (compatible; DataForSeoBot/1.0; +https://dataforseo.com/dataforseo-bot)"
136.243.228.194 - - [11/Jul/2025:17:14:22 -0400] "GET /81emtyh22170.html HTTP/1.1" 404 23128 "-" "Mozilla/5.0 (compatible; DataForSeoBot/1.0; +https://dataforseo.com/dataforseo-bot)"
136.243.228.194 - - [11/Jul/2025:17:14:28 -0400] "GET /276xqak29251.html HTTP/1.1" 404 23130 "-" "Mozilla/5.0 (compatible; DataForSeoBot/1.0; +https://dataforseo.com/dataforseo-bot)"
66.29.146.47 - - [11/Jul/2025:17:14:33 -0400] "POST /wp-cron.php?doing_wp_cron=1752268473.5682330131530761718750 HTTP/1.1" 403 1242 "-" "WordPress/6.8; https://dangroup.sa"
20.171.207.246 - - [11/Jul/2025:17:14:32 -0400] "GET /266jmqt25771.html HTTP/1.1" 404 23128 "-" "Mozilla/5.0 AppleWebKit/537.36 (KHTML, like Gecko; compatible; GPTBot/1.2; +https://openai.com/gptbot)"
136.243.228.194 - - [11/Jul/2025:17:14:34 -0400] "GET /33bbtv39774.html HTTP/1.1" 404 23130 "-" "Mozilla/5.0 (compatible; DataForSeoBot/1.0; +https://dataforseo.com/dataforseo-bot)"
136.243.228.194 - - [11/Jul/2025:17:14:42 -0400] "GET /150plnkx31301.html HTTP/1.1" 404 23130 "-" "Mozilla/5.0 (compatible; DataForSeoBot/1.0; +https://dataforseo.com/dataforseo-bot)"
136.243.228.194 - - [11/Jul/2025:17:14:47 -0400] "GET /45nnlu28508.html HTTP/1.1" 404 23128 "-" "Mozilla/5.0 (compatible; DataForSeoBot/1.0; +https://dataforseo.com/dataforseo-bot)"
136.243.228.194 - - [11/Jul/2025:17:14:53 -0400] "GET /items/ewyms189/4629?key=number HTTP/1.1" 404 23128 "-" "Mozilla/5.0 (compatible; DataForSeoBot/1.0; +https://dataforseo.com/dataforseo-bot)"
136.243.228.194 - - [11/Jul/2025:17:14:58 -0400] "GET /items/zxyae26/39484?key=tradition HTTP/1.1" 404 23128 "-" "Mozilla/5.0 (compatible; DataForSeoBot/1.0; +https://dataforseo.com/dataforseo-bot)"
136.243.228.194 - - [11/Jul/2025:17:15:05 -0400] "GET /2tkc20361.html HTTP/1.1" 404 23128 "-" "Mozilla/5.0 (compatible; DataForSeoBot/1.0; +https://dataforseo.com/dataforseo-bot)"
136.243.228.194 - - [11/Jul/2025:17:15:12 -0400] "GET /items/oovla179/5121?key=era HTTP/1.1" 404 23128 "-" "Mozilla/5.0 (compatible; DataForSeoBot/1.0; +https://dataforseo.com/dataforseo-bot)"
178.20.45.182 - - [11/Jul/2025:17:15:19 -0400] "GET /ar/ HTTP/1.1" 404 23128 "https://dangroup.sa/ar/" "Mozilla/5.0 (Windows NT 10.0; Win64; x64) AppleWebKit/537.36 (KHTML, like Gecko) Chrome/130.0.0.0 Safari/537.36 CCleaner/130.0.0.0"
66.29.146.47 - - [11/Jul/2025:17:15:36 -0400] "POST /wp-cron.php?doing_wp_cron=1752268536.0782620906829833984375 HTTP/1.1" 403 1242 "-" "WordPress/6.8; https://dangroup.sa"
66.249.79.137 - - [11/Jul/2025:17:15:39 -0400] "GET /285bbe45088.html HTTP/1.1" 200 86902 "-" "Mozilla/5.0 (Linux; Android 6.0.1; Nexus 5X Build/MMB29P) AppleWebKit/537.36 (KHTML, like Gecko) Chrome/137.0.7151.103 Mobile Safari/537.36 (compatible; Googlebot/2.1; +http://www.google.com/bot.html)"
20.171.207.246 - - [11/Jul/2025:17:15:35 -0400] "GET /103gozg30838.html HTTP/1.1" 404 23128 "-" "Mozilla/5.0 AppleWebKit/537.36 (KHTML, like Gecko; compatible; GPTBot/1.2; +https://openai.com/gptbot)"
136.243.228.194 - - [11/Jul/2025:17:15:36 -0400] "GET /154ntsy18897.html HTTP/1.1" 404 23128 "-" "Mozilla/5.0 (compatible; DataForSeoBot/1.0; +https://dataforseo.com/dataforseo-bot)"
178.20.45.182 - - [11/Jul/2025:17:15:36 -0400] "GET /contact/ HTTP/1.1" 200 24213 "https://dangroup.sa/contact/" "Mozilla/5.0 (Windows NT 10.0; Win64; x64) AppleWebKit/537.36 (KHTML, like Gecko) Chrome/130.0.0.0 Safari/537.36 CCleaner/130.0.0.0"
136.243.228.194 - - [11/Jul/2025:17:15:46 -0400] "GET /items/klqzh168/24428?key=border HTTP/1.1" 404 23128 "-" "Mozilla/5.0 (compatible; DataForSeoBot/1.0; +https://dataforseo.com/dataforseo-bot)"
136.243.228.194 - - [11/Jul/2025:17:15:51 -0400] "GET /114pva34097.html HTTP/1.1" 404 23128 "-" "Mozilla/5.0 (compatible; DataForSeoBot/1.0; +https://dataforseo.com/dataforseo-bot)"
136.243.228.194 - - [11/Jul/2025:17:15:56 -0400] "GET /53sgq36908.html HTTP/1.1" 404 23128 "-" "Mozilla/5.0 (compatible; DataForSeoBot/1.0; +https://dataforseo.com/dataforseo-bot)"
136.243.228.194 - - [11/Jul/2025:17:16:01 -0400] "GET /56hapn4433.html HTTP/1.1" 404 23128 "-" "Mozilla/5.0 (compatible; DataForSeoBot/1.0; +https://dataforseo.com/dataforseo-bot)"
136.243.228.194 - - [11/Jul/2025:17:16:07 -0400] "GET /50tgtwn5781.html HTTP/1.1" 404 23128 "-" "Mozilla/5.0 (compatible; DataForSeoBot/1.0; +https://dataforseo.com/dataforseo-bot)"
136.243.228.194 - - [11/Jul/2025:17:16:12 -0400] "GET /items/dmipr4/21664?key=serving HTTP/1.1" 404 23128 "-" "Mozilla/5.0 (compatible; DataForSeoBot/1.0; +https://dataforseo.com/dataforseo-bot)"
136.243.228.194 - - [11/Jul/2025:17:16:18 -0400] "GET /92bwezx52409.html HTTP/1.1" 404 23130 "-" "Mozilla/5.0 (compatible; DataForSeoBot/1.0; +https://dataforseo.com/dataforseo-bot)"
136.243.228.194 - - [11/Jul/2025:17:16:23 -0400] "GET /184fhyq47421.html HTTP/1.1" 404 23128 "-" "Mozilla/5.0 (compatible; DataForSeoBot/1.0; +https://dataforseo.com/dataforseo-bot)"
136.243.228.194 - - [11/Jul/2025:17:16:30 -0400] "GET /39aeagn41310.html HTTP/1.1" 404 23130 "-" "Mozilla/5.0 (compatible; DataForSeoBot/1.0; +https://dataforseo.com/dataforseo-bot)"
66.249.79.137 - - [11/Jul/2025:17:16:34 -0400] "GET /pcmypage?callback=product/review/2023idh-jswnbgs6fjbfjs6mz2srwxmpje-imp-1 HTTP/1.1" 200 86277 "-" "Mozilla/5.0 (Linux; Android 6.0.1; Nexus 5X Build/MMB29P) AppleWebKit/537.36 (KHTML, like Gecko) Chrome/137.0.7151.103 Mobile Safari/537.36 (compatible; Googlebot/2.1; +http://www.google.com/bot.html)"
66.29.146.47 - - [11/Jul/2025:17:16:36 -0400] "POST /wp-cron.php?doing_wp_cron=1752268596.1719980239868164062500 HTTP/1.1" 403 1242 "-" "WordPress/6.8; https://dangroup.sa"
136.243.228.194 - - [11/Jul/2025:17:16:35 -0400] "GET /items/aubdy57/23371?key=edge HTTP/1.1" 404 23128 "-" "Mozilla/5.0 (compatible; DataForSeoBot/1.0; +https://dataforseo.com/dataforseo-bot)"
20.171.207.246 - - [11/Jul/2025:17:16:39 -0400] "GET /183nwlh23280.html HTTP/1.1" 404 23128 "-" "Mozilla/5.0 AppleWebKit/537.36 (KHTML, like Gecko; compatible; GPTBot/1.2; +https://openai.com/gptbot)"
136.243.228.194 - - [11/Jul/2025:17:16:41 -0400] "GET /items/jmrgl287/21733?key=aircraft HTTP/1.1" 404 23130 "-" "Mozilla/5.0 (compatible; DataForSeoBot/1.0; +https://dataforseo.com/dataforseo-bot)"
136.243.228.194 - - [11/Jul/2025:17:16:47 -0400] "GET /items/iximt147/1813?key=troubled HTTP/1.1" 404 23128 "-" "Mozilla/5.0 (compatible; DataForSeoBot/1.0; +https://dataforseo.com/dataforseo-bot)"
136.243.228.194 - - [11/Jul/2025:17:16:53 -0400] "GET /items/ochpm248/38620?key=gender HTTP/1.1" 404 23130 "-" "Mozilla/5.0 (compatible; DataForSeoBot/1.0; +https://dataforseo.com/dataforseo-bot)"
136.243.228.194 - - [11/Jul/2025:17:17:00 -0400] "GET /34ghcct45193.html HTTP/1.1" 404 23128 "-" "Mozilla/5.0 (compatible; DataForSeoBot/1.0; +https://dataforseo.com/dataforseo-bot)"
136.243.228.194 - - [11/Jul/2025:17:17:06 -0400] "GET /items/nysyk240/34736?key=upstairs HTTP/1.1" 404 23128 "-" "Mozilla/5.0 (compatible; DataForSeoBot/1.0; +https://dataforseo.com/dataforseo-bot)"
136.243.228.194 - - [11/Jul/2025:17:17:12 -0400] "GET /items/rstfm252/13670?key=slowly HTTP/1.1" 404 23128 "-" "Mozilla/5.0 (compatible; DataForSeoBot/1.0; +https://dataforseo.com/dataforseo-bot)"
136.243.228.194 - - [11/Jul/2025:17:17:18 -0400] "GET /192hzr8373.html HTTP/1.1" 404 23128 "-" "Mozilla/5.0 (compatible; DataForSeoBot/1.0; +https://dataforseo.com/dataforseo-bot)"
136.243.228.194 - - [11/Jul/2025:17:17:25 -0400] "GET /items/ogbpe144/25622?key=cottage HTTP/1.1" 404 23128 "-" "Mozilla/5.0 (compatible; DataForSeoBot/1.0; +https://dataforseo.com/dataforseo-bot)"
136.243.228.194 - - [11/Jul/2025:17:17:31 -0400] "GET /items/bsips186/48948?key=notion HTTP/1.1" 404 23128 "-" "Mozilla/5.0 (compatible; DataForSeoBot/1.0; +https://dataforseo.com/dataforseo-bot)"
66.29.146.47 - - [11/Jul/2025:17:17:37 -0400] "POST /wp-cron.php?doing_wp_cron=1752268656.8911190032958984375000 HTTP/1.1" 403 1242 "-" "WordPress/6.8; https://dangroup.sa"
136.243.228.194 - - [11/Jul/2025:17:17:36 -0400] "GET /186sfgc15007.html HTTP/1.1" 404 23128 "-" "Mozilla/5.0 (compatible; DataForSeoBot/1.0; +https://dataforseo.com/dataforseo-bot)"
20.171.207.246 - - [11/Jul/2025:17:17:39 -0400] "GET /108ccal30331.html HTTP/1.1" 404 23128 "-" "Mozilla/5.0 AppleWebKit/537.36 (KHTML, like Gecko; compatible; GPTBot/1.2; +https://openai.com/gptbot)"
136.243.228.194 - - [11/Jul/2025:17:17:41 -0400] "GET /103nku17014.html HTTP/1.1" 404 23128 "-" "Mozilla/5.0 (compatible; DataForSeoBot/1.0; +https://dataforseo.com/dataforseo-bot)"
136.243.228.194 - - [11/Jul/2025:17:17:48 -0400] "GET /22gjc6983.html HTTP/1.1" 404 23128 "-" "Mozilla/5.0 (compatible; DataForSeoBot/1.0; +https://dataforseo.com/dataforseo-bot)"
136.243.228.194 - - [11/Jul/2025:17:17:52 -0400] "GET /items/mkemh69/49653?key=terrorism HTTP/1.1" 404 23128 "-" "Mozilla/5.0 (compatible; DataForSeoBot/1.0; +https://dataforseo.com/dataforseo-bot)"
136.243.228.194 - - [11/Jul/2025:17:17:58 -0400] "GET /items/dxxwk76/6514?key=awake HTTP/1.1" 404 23128 "-" "Mozilla/5.0 (compatible; DataForSeoBot/1.0; +https://dataforseo.com/dataforseo-bot)"
136.243.228.194 - - [11/Jul/2025:17:18:04 -0400] "GET /items/sdqvm7/42019?key=each HTTP/1.1" 404 23128 "-" "Mozilla/5.0 (compatible; DataForSeoBot/1.0; +https://dataforseo.com/dataforseo-bot)"
136.243.228.194 - - [11/Jul/2025:17:18:09 -0400] "GET /items/xiukj293/6357?key=doorway HTTP/1.1" 404 23128 "-" "Mozilla/5.0 (compatible; DataForSeoBot/1.0; +https://dataforseo.com/dataforseo-bot)"
136.243.228.194 - - [11/Jul/2025:17:18:13 -0400] "GET /items/htnoo9/40995?key=automatic HTTP/1.1" 404 23128 "-" "Mozilla/5.0 (compatible; DataForSeoBot/1.0; +https://dataforseo.com/dataforseo-bot)"
136.243.228.194 - - [11/Jul/2025:17:18:17 -0400] "GET /147teohj22412.html HTTP/1.1" 404 23128 "-" "Mozilla/5.0 (compatible; DataForSeoBot/1.0; +https://dataforseo.com/dataforseo-bot)"
136.243.228.194 - - [11/Jul/2025:17:18:21 -0400] "GET /135quu29192.html HTTP/1.1" 404 23130 "-" "Mozilla/5.0 (compatible; DataForSeoBot/1.0; +https://dataforseo.com/dataforseo-bot)"
136.243.228.194 - - [11/Jul/2025:17:18:26 -0400] "GET /282itrn42907.html HTTP/1.1" 404 23128 "-" "Mozilla/5.0 (compatible; DataForSeoBot/1.0; +https://dataforseo.com/dataforseo-bot)"
136.243.228.194 - - [11/Jul/2025:17:18:31 -0400] "GET /items/yutdh24/21628?key=branch HTTP/1.1" 404 23128 "-" "Mozilla/5.0 (compatible; DataForSeoBot/1.0; +https://dataforseo.com/dataforseo-bot)"
136.243.228.194 - - [11/Jul/2025:17:18:35 -0400] "GET /items/welfo1/3725?key=removal HTTP/1.1" 404 23128 "-" "Mozilla/5.0 (compatible; DataForSeoBot/1.0; +https://dataforseo.com/dataforseo-bot)"
66.29.146.47 - - [11/Jul/2025:17:18:41 -0400] "POST /wp-cron.php?doing_wp_cron=1752268721.7767710685729980468750 HTTP/1.1" 403 1242 "-" "WordPress/6.8; https://dangroup.sa"
136.243.228.194 - - [11/Jul/2025:17:18:41 -0400] "GET /80kxzit33271.html HTTP/1.1" 404 23130 "-" "Mozilla/5.0 (compatible; DataForSeoBot/1.0; +https://dataforseo.com/dataforseo-bot)"
20.171.207.246 - - [11/Jul/2025:17:18:43 -0400] "GET /254kklz40535.html HTTP/1.1" 404 23129 "-" "Mozilla/5.0 AppleWebKit/537.36 (KHTML, like Gecko; compatible; GPTBot/1.2; +https://openai.com/gptbot)"
136.243.228.194 - - [11/Jul/2025:17:18:47 -0400] "GET /items/jpzjy125/1011?key=step HTTP/1.1" 404 23128 "-" "Mozilla/5.0 (compatible; DataForSeoBot/1.0; +https://dataforseo.com/dataforseo-bot)"
136.243.228.194 - - [11/Jul/2025:17:18:51 -0400] "GET /items/yuxwk5/42145?key=inventory HTTP/1.1" 404 23128 "-" "Mozilla/5.0 (compatible; DataForSeoBot/1.0; +https://dataforseo.com/dataforseo-bot)"
66.249.68.134 - - [11/Jul/2025:17:18:58 -0400] "GET /items/vjlyo259/21991?key=Mexican HTTP/1.1" 200 86762 "-" "Mozilla/5.0 (Linux; Android 6.0.1; Nexus 5X Build/MMB29P) AppleWebKit/537.36 (KHTML, like Gecko) Chrome/137.0.7151.103 Mobile Safari/537.36 (compatible; Googlebot/2.1; +http://www.google.com/bot.html)"
136.243.228.194 - - [11/Jul/2025:17:18:56 -0400] "GET /items/nrbdo163/20073?key=drink HTTP/1.1" 404 23128 "-" "Mozilla/5.0 (compatible; DataForSeoBot/1.0; +https://dataforseo.com/dataforseo-bot)"
136.243.228.194 - - [11/Jul/2025:17:19:02 -0400] "GET /238auuyn993.html HTTP/1.1" 404 23128 "-" "Mozilla/5.0 (compatible; DataForSeoBot/1.0; +https://dataforseo.com/dataforseo-bot)"
136.243.228.194 - - [11/Jul/2025:17:19:06 -0400] "GET /108mwjy23937.html HTTP/1.1" 404 23128 "-" "Mozilla/5.0 (compatible; DataForSeoBot/1.0; +https://dataforseo.com/dataforseo-bot)"
136.243.228.194 - - [11/Jul/2025:17:19:11 -0400] "GET /68iyyz19825.html HTTP/1.1" 404 23128 "-" "Mozilla/5.0 (compatible; DataForSeoBot/1.0; +https://dataforseo.com/dataforseo-bot)"
136.243.228.194 - - [11/Jul/2025:17:19:16 -0400] "GET /items/zeihj194/31766?key=channel HTTP/1.1" 404 23128 "-" "Mozilla/5.0 (compatible; DataForSeoBot/1.0; +https://dataforseo.com/dataforseo-bot)"
136.243.228.194 - - [11/Jul/2025:17:19:20 -0400] "GET /items/sbqws115/22883?key=negotiation HTTP/1.1" 404 23128 "-" "Mozilla/5.0 (compatible; DataForSeoBot/1.0; +https://dataforseo.com/dataforseo-bot)"
136.243.228.194 - - [11/Jul/2025:17:19:24 -0400] "GET /29pob46812.html HTTP/1.1" 404 23128 "-" "Mozilla/5.0 (compatible; DataForSeoBot/1.0; +https://dataforseo.com/dataforseo-bot)"
136.243.228.194 - - [11/Jul/2025:17:19:29 -0400] "GET /items/clwzz232/13556?key=objective HTTP/1.1" 404 23128 "-" "Mozilla/5.0 (compatible; DataForSeoBot/1.0; +https://dataforseo.com/dataforseo-bot)"
136.243.228.194 - - [11/Jul/2025:17:19:34 -0400] "GET /items/hbckj88/33102?key=sofa HTTP/1.1" 404 23128 "-" "Mozilla/5.0 (compatible; DataForSeoBot/1.0; +https://dataforseo.com/dataforseo-bot)"
136.243.228.194 - - [11/Jul/2025:17:19:38 -0400] "GET /items/yjfmx255/39589?key=stupid HTTP/1.1" 404 23128 "-" "Mozilla/5.0 (compatible; DataForSeoBot/1.0; +https://dataforseo.com/dataforseo-bot)"
66.29.146.47 - - [11/Jul/2025:17:19:44 -0400] "POST /wp-cron.php?doing_wp_cron=1752268783.9810929298400878906250 HTTP/1.1" 403 1242 "-" "WordPress/6.8; https://dangroup.sa"
66.29.146.47 - - [11/Jul/2025:17:19:44 -0400] "POST /wp-cron.php?doing_wp_cron=1752268784.4709870815277099609375 HTTP/1.1" 403 1242 "-" "WordPress/6.8; https://dangroup.sa"
136.243.228.194 - - [11/Jul/2025:17:19:43 -0400] "GET /items/zlvrl298/23954?key=bat HTTP/1.1" 404 23128 "-" "Mozilla/5.0 (compatible; DataForSeoBot/1.0; +https://dataforseo.com/dataforseo-bot)"
20.171.207.246 - - [11/Jul/2025:17:19:43 -0400] "GET /216lmmk19351.html HTTP/1.1" 404 23130 "-" "Mozilla/5.0 AppleWebKit/537.36 (KHTML, like Gecko; compatible; GPTBot/1.2; +https://openai.com/gptbot)"
40.77.167.67 - - [11/Jul/2025:17:19:52 -0400] "GET /wpemcnc23955rhyposodemia HTTP/1.1" 200 17 "-" "Mozilla/5.0 AppleWebKit/537.36 (KHTML, like Gecko; compatible; bingbot/2.0; +http://www.bing.com/bingbot.htm) Chrome/116.0.1938.76 Safari/537.36"
136.243.228.194 - - [11/Jul/2025:17:19:50 -0400] "GET /items/xnekt256/7388?key=regret HTTP/1.1" 404 23130 "-" "Mozilla/5.0 (compatible; DataForSeoBot/1.0; +https://dataforseo.com/dataforseo-bot)"
136.243.228.194 - - [11/Jul/2025:17:19:55 -0400] "GET /204zsxhr25645.html HTTP/1.1" 404 23130 "-" "Mozilla/5.0 (compatible; DataForSeoBot/1.0; +https://dataforseo.com/dataforseo-bot)"
136.243.228.194 - - [11/Jul/2025:17:19:59 -0400] "GET /items/iuemm226/36370?key=leap HTTP/1.1" 404 23128 "-" "Mozilla/5.0 (compatible; DataForSeoBot/1.0; +https://dataforseo.com/dataforseo-bot)"
136.243.228.194 - - [11/Jul/2025:17:20:04 -0400] "GET /items/iwcbx7/39789?key=march HTTP/1.1" 404 23128 "-" "Mozilla/5.0 (compatible; DataForSeoBot/1.0; +https://dataforseo.com/dataforseo-bot)"
136.243.228.194 - - [11/Jul/2025:17:20:11 -0400] "GET /155ltzz49870.html HTTP/1.1" 404 23128 "-" "Mozilla/5.0 (compatible; DataForSeoBot/1.0; +https://dataforseo.com/dataforseo-bot)"
66.249.68.133 - - [11/Jul/2025:17:20:17 -0400] "GET /139nsax25164.html HTTP/1.1" 200 87518 "-" "Mozilla/5.0 (Linux; Android 6.0.1; Nexus 5X Build/MMB29P) AppleWebKit/537.36 (KHTML, like Gecko) Chrome/137.0.7151.103 Mobile Safari/537.36 (compatible; GoogleOther)"
136.243.228.194 - - [11/Jul/2025:17:20:15 -0400] "GET /85ikyxr29552.html HTTP/1.1" 404 23128 "-" "Mozilla/5.0 (compatible; DataForSeoBot/1.0; +https://dataforseo.com/dataforseo-bot)"
66.249.68.132 - - [11/Jul/2025:17:20:21 -0400] "GET /items/pmzwu192/31788?key=float HTTP/1.1" 200 87110 "-" "Mozilla/5.0 (Linux; Android 6.0.1; Nexus 5X Build/MMB29P) AppleWebKit/537.36 (KHTML, like Gecko) Chrome/137.0.7151.103 Mobile Safari/537.36 (compatible; GoogleOther)"
136.243.228.194 - - [11/Jul/2025:17:20:21 -0400] "GET /items/rntig211/36777?key=technology HTTP/1.1" 404 23128 "-" "Mozilla/5.0 (compatible; DataForSeoBot/1.0; +https://dataforseo.com/dataforseo-bot)"
136.243.228.194 - - [11/Jul/2025:17:20:26 -0400] "GET /items/mevkf297/27103?key=off HTTP/1.1" 404 23128 "-" "Mozilla/5.0 (compatible; DataForSeoBot/1.0; +https://dataforseo.com/dataforseo-bot)"
136.243.228.194 - - [11/Jul/2025:17:20:30 -0400] "GET /items/tyyis61/14195?key=cease HTTP/1.1" 404 23128 "-" "Mozilla/5.0 (compatible; DataForSeoBot/1.0; +https://dataforseo.com/dataforseo-bot)"
136.243.228.194 - - [11/Jul/2025:17:20:35 -0400] "GET /items/zergr101/14659?key=compound HTTP/1.1" 404 23128 "-" "Mozilla/5.0 (compatible; DataForSeoBot/1.0; +https://dataforseo.com/dataforseo-bot)"
136.243.228.194 - - [11/Jul/2025:17:20:40 -0400] "GET /3qszbw38010.html HTTP/1.1" 404 23128 "-" "Mozilla/5.0 (compatible; DataForSeoBot/1.0; +https://dataforseo.com/dataforseo-bot)"
66.29.146.47 - - [11/Jul/2025:17:20:45 -0400] "POST /wp-cron.php?doing_wp_cron=1752268845.2816829681396484375000 HTTP/1.1" 403 1242 "-" "WordPress/6.8; https://dangroup.sa"
136.243.228.194 - - [11/Jul/2025:17:20:44 -0400] "GET /79iffvj22332.html HTTP/1.1" 404 23128 "-" "Mozilla/5.0 (compatible; DataForSeoBot/1.0; +https://dataforseo.com/dataforseo-bot)"
20.171.207.246 - - [11/Jul/2025:17:20:46 -0400] "GET /121coqc18778.html HTTP/1.1" 404 8131 "-" "Mozilla/5.0 AppleWebKit/537.36 (KHTML, like Gecko; compatible; GPTBot/1.2; +https://openai.com/gptbot)"
136.243.228.194 - - [11/Jul/2025:17:20:50 -0400] "GET /items/dxpss100/2880?key=required HTTP/1.1" 404 23128 "-" "Mozilla/5.0 (compatible; DataForSeoBot/1.0; +https://dataforseo.com/dataforseo-bot)"
136.243.228.194 - - [11/Jul/2025:17:20:56 -0400] "GET /items/zfvia38/12142?key=queen HTTP/1.1" 404 23130 "-" "Mozilla/5.0 (compatible; DataForSeoBot/1.0; +https://dataforseo.com/dataforseo-bot)"
136.243.228.194 - - [11/Jul/2025:17:21:00 -0400] "GET /items/skrkm48/49844?key=heat HTTP/1.1" 404 23128 "-" "Mozilla/5.0 (compatible; DataForSeoBot/1.0; +https://dataforseo.com/dataforseo-bot)"
136.243.228.194 - - [11/Jul/2025:17:21:05 -0400] "GET /items/oonxk74/42390?key=use HTTP/1.1" 404 23128 "-" "Mozilla/5.0 (compatible; DataForSeoBot/1.0; +https://dataforseo.com/dataforseo-bot)"
136.243.228.194 - - [11/Jul/2025:17:21:09 -0400] "GET /268zuyq40691.html HTTP/1.1" 404 23128 "-" "Mozilla/5.0 (compatible; DataForSeoBot/1.0; +https://dataforseo.com/dataforseo-bot)"
136.243.228.194 - - [11/Jul/2025:17:21:14 -0400] "GET /items/myqwz57/35743?key=exam HTTP/1.1" 404 23128 "-" "Mozilla/5.0 (compatible; DataForSeoBot/1.0; +https://dataforseo.com/dataforseo-bot)"
136.243.228.194 - - [11/Jul/2025:17:21:19 -0400] "GET /items/dezzb290/46154?key=profound HTTP/1.1" 404 23128 "-" "Mozilla/5.0 (compatible; DataForSeoBot/1.0; +https://dataforseo.com/dataforseo-bot)"
136.243.228.194 - - [11/Jul/2025:17:21:24 -0400] "GET /items/dqvue5/5101?key=mortality HTTP/1.1" 404 23128 "-" "Mozilla/5.0 (compatible; DataForSeoBot/1.0; +https://dataforseo.com/dataforseo-bot)"
136.243.228.194 - - [11/Jul/2025:17:21:28 -0400] "GET /items/jcjyt90/47042?key=planning HTTP/1.1" 404 23130 "-" "Mozilla/5.0 (compatible; DataForSeoBot/1.0; +https://dataforseo.com/dataforseo-bot)"
136.243.228.194 - - [11/Jul/2025:17:21:33 -0400] "GET /items/qeasd224/9512?key=lobby HTTP/1.1" 404 23130 "-" "Mozilla/5.0 (compatible; DataForSeoBot/1.0; +https://dataforseo.com/dataforseo-bot)"
136.243.228.194 - - [11/Jul/2025:17:21:38 -0400] "GET /items/ebiez246/37882?key=notion HTTP/1.1" 404 23128 "-" "Mozilla/5.0 (compatible; DataForSeoBot/1.0; +https://dataforseo.com/dataforseo-bot)"
136.243.228.194 - - [11/Jul/2025:17:21:43 -0400] "GET /items/cmgik71/42695?key=education HTTP/1.1" 404 23128 "-" "Mozilla/5.0 (compatible; DataForSeoBot/1.0; +https://dataforseo.com/dataforseo-bot)"
69.197.135.226 - - [11/Jul/2025:17:21:47 -0400] "GET /wp-content/install.php HTTP/1.1" 200 10 "https://dangroup.sa/wp-content/install.php" "Mozilla/5.0 (Windows NT 10.0; Win64; x64) AppleWebKit/537.36 (KHTML, like Gecko) Chrome/58.0.3029.110 Safari/537.3"
66.29.146.47 - - [11/Jul/2025:17:21:48 -0400] "POST /wp-cron.php?doing_wp_cron=1752268907.8847529888153076171875 HTTP/1.1" 403 1242 "-" "WordPress/6.8; https://dangroup.sa"
20.171.207.246 - - [11/Jul/2025:17:21:47 -0400] "GET /226myst25681.html HTTP/1.1" 404 23129 "-" "Mozilla/5.0 AppleWebKit/537.36 (KHTML, like Gecko; compatible; GPTBot/1.2; +https://openai.com/gptbot)"
136.243.228.194 - - [11/Jul/2025:17:21:48 -0400] "GET /112eto44797.html HTTP/1.1" 404 23128 "-" "Mozilla/5.0 (compatible; DataForSeoBot/1.0; +https://dataforseo.com/dataforseo-bot)"
136.243.228.194 - - [11/Jul/2025:17:21:55 -0400] "GET /185wfoml48394.html HTTP/1.1" 404 23128 "-" "Mozilla/5.0 (compatible; DataForSeoBot/1.0; +https://dataforseo.com/dataforseo-bot)"
136.243.228.194 - - [11/Jul/2025:17:21:59 -0400] "GET /235zdq28478.html HTTP/1.1" 404 23128 "-" "Mozilla/5.0 (compatible; DataForSeoBot/1.0; +https://dataforseo.com/dataforseo-bot)"
136.243.228.194 - - [11/Jul/2025:17:22:04 -0400] "GET /items/xmsdz211/19307?key=guest HTTP/1.1" 404 23128 "-" "Mozilla/5.0 (compatible; DataForSeoBot/1.0; +https://dataforseo.com/dataforseo-bot)"
136.243.228.194 - - [11/Jul/2025:17:22:09 -0400] "GET /items/mhcoc186/49826?key=sure HTTP/1.1" 404 23128 "-" "Mozilla/5.0 (compatible; DataForSeoBot/1.0; +https://dataforseo.com/dataforseo-bot)"
136.243.228.194 - - [11/Jul/2025:17:22:13 -0400] "GET /218wrufz48233.html HTTP/1.1" 404 23128 "-" "Mozilla/5.0 (compatible; DataForSeoBot/1.0; +https://dataforseo.com/dataforseo-bot)"
136.243.228.194 - - [11/Jul/2025:17:22:17 -0400] "GET /items/yhxtj156/21342?key=chunk HTTP/1.1" 404 23128 "-" "Mozilla/5.0 (compatible; DataForSeoBot/1.0; +https://dataforseo.com/dataforseo-bot)"
136.243.228.194 - - [11/Jul/2025:17:22:22 -0400] "GET /items/pjffp93/49225?key=basis HTTP/1.1" 404 23128 "-" "Mozilla/5.0 (compatible; DataForSeoBot/1.0; +https://dataforseo.com/dataforseo-bot)"
136.243.228.194 - - [11/Jul/2025:17:22:25 -0400] "GET /items/mkboq43/929?key=right HTTP/1.1" 404 23128 "-" "Mozilla/5.0 (compatible; DataForSeoBot/1.0; +https://dataforseo.com/dataforseo-bot)"
136.243.228.194 - - [11/Jul/2025:17:22:29 -0400] "GET /296twrv5811.html HTTP/1.1" 404 23130 "-" "Mozilla/5.0 (compatible; DataForSeoBot/1.0; +https://dataforseo.com/dataforseo-bot)"
136.243.228.194 - - [11/Jul/2025:17:22:33 -0400] "GET /45ige32504.html HTTP/1.1" 404 23128 "-" "Mozilla/5.0 (compatible; DataForSeoBot/1.0; +https://dataforseo.com/dataforseo-bot)"
136.243.228.194 - - [11/Jul/2025:17:22:37 -0400] "GET /44xfiv47217.html HTTP/1.1" 404 23128 "-" "Mozilla/5.0 (compatible; DataForSeoBot/1.0; +https://dataforseo.com/dataforseo-bot)"
136.243.228.194 - - [11/Jul/2025:17:22:43 -0400] "GET /171rwt12188.html HTTP/1.1" 404 23130 "-" "Mozilla/5.0 (compatible; DataForSeoBot/1.0; +https://dataforseo.com/dataforseo-bot)"
66.29.146.47 - - [11/Jul/2025:17:22:49 -0400] "POST /wp-cron.php?doing_wp_cron=1752268968.6678469181060791015625 HTTP/1.1" 403 1242 "-" "WordPress/6.8; https://dangroup.sa"
136.243.228.194 - - [11/Jul/2025:17:22:48 -0400] "GET /items/odsgg202/11132?key=up HTTP/1.1" 404 23128 "-" "Mozilla/5.0 (compatible; DataForSeoBot/1.0; +https://dataforseo.com/dataforseo-bot)"
20.171.207.246 - - [11/Jul/2025:17:22:50 -0400] "GET /229skqs45122.html HTTP/1.1" 404 23130 "-" "Mozilla/5.0 AppleWebKit/537.36 (KHTML, like Gecko; compatible; GPTBot/1.2; +https://openai.com/gptbot)"
136.243.228.194 - - [11/Jul/2025:17:22:53 -0400] "GET /items/dsexc211/34967?key=crowd HTTP/1.1" 404 23128 "-" "Mozilla/5.0 (compatible; DataForSeoBot/1.0; +https://dataforseo.com/dataforseo-bot)"
136.243.228.194 - - [11/Jul/2025:17:22:58 -0400] "GET /items/jahyl126/33146?key=hunger HTTP/1.1" 404 23128 "-" "Mozilla/5.0 (compatible; DataForSeoBot/1.0; +https://dataforseo.com/dataforseo-bot)"
136.243.228.194 - - [11/Jul/2025:17:23:03 -0400] "GET /186rcp41521.html HTTP/1.1" 404 23128 "-" "Mozilla/5.0 (compatible; DataForSeoBot/1.0; +https://dataforseo.com/dataforseo-bot)"
136.243.228.194 - - [11/Jul/2025:17:23:08 -0400] "GET /287utqy25996.html HTTP/1.1" 404 23128 "-" "Mozilla/5.0 (compatible; DataForSeoBot/1.0; +https://dataforseo.com/dataforseo-bot)"
136.243.228.194 - - [11/Jul/2025:17:23:12 -0400] "GET /18ewkbg15239.html HTTP/1.1" 404 23128 "-" "Mozilla/5.0 (compatible; DataForSeoBot/1.0; +https://dataforseo.com/dataforseo-bot)"
136.243.228.194 - - [11/Jul/2025:17:23:16 -0400] "GET /items/xcyme82/26392?key=sodium HTTP/1.1" 404 23128 "-" "Mozilla/5.0 (compatible; DataForSeoBot/1.0; +https://dataforseo.com/dataforseo-bot)"
136.243.228.194 - - [11/Jul/2025:17:23:20 -0400] "GET /257kxtrq28256.html HTTP/1.1" 404 23130 "-" "Mozilla/5.0 (compatible; DataForSeoBot/1.0; +https://dataforseo.com/dataforseo-bot)"
136.243.228.194 - - [11/Jul/2025:17:23:24 -0400] "GET /96pzns49171.html HTTP/1.1" 404 23309 "-" "Mozilla/5.0 (compatible; DataForSeoBot/1.0; +https://dataforseo.com/dataforseo-bot)"
136.243.228.194 - - [11/Jul/2025:17:23:28 -0400] "GET /103uqat18912.html HTTP/1.1" 404 23128 "-" "Mozilla/5.0 (compatible; DataForSeoBot/1.0; +https://dataforseo.com/dataforseo-bot)"
136.243.228.194 - - [11/Jul/2025:17:23:33 -0400] "GET /67uhc14460.html HTTP/1.1" 404 23128 "-" "Mozilla/5.0 (compatible; DataForSeoBot/1.0; +https://dataforseo.com/dataforseo-bot)"
2a02:598:128:8a00::b00:5 - - [11/Jul/2025:17:23:36 -0400] "GET /sitemap95.xml HTTP/1.1" 200 37451 "-" "Mozilla/5.0 (compatible; SeznamBot/4.0; +https://o-seznam.cz/napoveda/vyhledavani/en/seznambot-crawler/)"
136.243.228.194 - - [11/Jul/2025:17:23:38 -0400] "GET /items/soago65/16157?key=weird HTTP/1.1" 404 23128 "-" "Mozilla/5.0 (compatible; DataForSeoBot/1.0; +https://dataforseo.com/dataforseo-bot)"
136.243.228.194 - - [11/Jul/2025:17:23:42 -0400] "GET /76afd35513.html HTTP/1.1" 404 23128 "-" "Mozilla/5.0 (compatible; DataForSeoBot/1.0; +https://dataforseo.com/dataforseo-bot)"
136.243.228.194 - - [11/Jul/2025:17:23:47 -0400] "GET /264skawt20265.html HTTP/1.1" 404 23128 "-" "Mozilla/5.0 (compatible; DataForSeoBot/1.0; +https://dataforseo.com/dataforseo-bot)"
66.29.146.47 - - [11/Jul/2025:17:23:52 -0400] "POST /wp-cron.php?doing_wp_cron=1752269032.5586740970611572265625 HTTP/1.1" 403 1242 "-" "WordPress/6.8; https://dangroup.sa"
136.243.228.194 - - [11/Jul/2025:17:23:51 -0400] "GET /items/cghpd133/16611?key=quietly HTTP/1.1" 404 23128 "-" "Mozilla/5.0 (compatible; DataForSeoBot/1.0; +https://dataforseo.com/dataforseo-bot)"
20.171.207.246 - - [11/Jul/2025:17:23:55 -0400] "GET /276ftfr32537.html HTTP/1.1" 404 23130 "-" "Mozilla/5.0 AppleWebKit/537.36 (KHTML, like Gecko; compatible; GPTBot/1.2; +https://openai.com/gptbot)"
136.243.228.194 - - [11/Jul/2025:17:23:57 -0400] "GET /items/ctnzd67/7083?key=diagnosis HTTP/1.1" 404 23128 "-" "Mozilla/5.0 (compatible; DataForSeoBot/1.0; +https://dataforseo.com/dataforseo-bot)"
136.243.228.194 - - [11/Jul/2025:17:24:02 -0400] "GET /items/vikww70/49838?key=superior HTTP/1.1" 404 23128 "-" "Mozilla/5.0 (compatible; DataForSeoBot/1.0; +https://dataforseo.com/dataforseo-bot)"
136.243.228.194 - - [11/Jul/2025:17:24:07 -0400] "GET /156zoyw47337.html HTTP/1.1" 404 23128 "-" "Mozilla/5.0 (compatible; DataForSeoBot/1.0; +https://dataforseo.com/dataforseo-bot)"
13.74.44.234 - - [11/Jul/2025:17:24:11 -0400] "GET /wp-content/plugins/hellopress/wp_filemanager.php HTTP/1.1" 404 23130 "-" "-"
136.243.228.194 - - [11/Jul/2025:17:24:12 -0400] "GET /13zufs46002.html HTTP/1.1" 404 23130 "-" "Mozilla/5.0 (compatible; DataForSeoBot/1.0; +https://dataforseo.com/dataforseo-bot)"
13.74.44.234 - - [11/Jul/2025:17:24:16 -0400] "GET /wp-content/plugins/about.php HTTP/1.1" 404 23128 "-" "-"
136.243.228.194 - - [11/Jul/2025:17:24:19 -0400] "GET /291nnain40942.html HTTP/1.1" 404 23128 "-" "Mozilla/5.0 (compatible; DataForSeoBot/1.0; +https://dataforseo.com/dataforseo-bot)"
13.74.44.234 - - [11/Jul/2025:17:24:22 -0400] "GET /wp.php HTTP/1.1" 404 23128 "-" "-"
136.243.228.194 - - [11/Jul/2025:17:24:26 -0400] "GET /items/msjss156/47314?key=leg HTTP/1.1" 404 23128 "-" "Mozilla/5.0 (compatible; DataForSeoBot/1.0; +https://dataforseo.com/dataforseo-bot)"
13.74.44.234 - - [11/Jul/2025:17:24:27 -0400] "GET /hoot.php HTTP/1.1" 404 23128 "-" "-"
136.243.228.194 - - [11/Jul/2025:17:24:31 -0400] "GET /items/rcwqt213/19333?key=funeral HTTP/1.1" 404 23128 "-" "Mozilla/5.0 (compatible; DataForSeoBot/1.0; +https://dataforseo.com/dataforseo-bot)"
13.74.44.234 - - [11/Jul/2025:17:24:31 -0400] "GET /about.php HTTP/1.1" 404 23128 "-" "-"
13.74.44.234 - - [11/Jul/2025:17:24:37 -0400] "GET /admin.php HTTP/1.1" 404 23128 "-" "-"
136.243.228.194 - - [11/Jul/2025:17:24:37 -0400] "GET /286nbx2311.html HTTP/1.1" 404 23128 "-" "Mozilla/5.0 (compatible; DataForSeoBot/1.0; +https://dataforseo.com/dataforseo-bot)"
156.228.98.186 - - [11/Jul/2025:17:24:45 -0400] "GET /wp-login.php HTTP/1.1" 200 3129 "-" "Mozilla/5.0 (Windows NT 10.0; Win64; x64) AppleWebKit/537.36 (KHTML, like Gecko) Chrome/115.0.0.0 Safari/537.36 Edg/115.0.1901.203"
13.74.44.234 - - [11/Jul/2025:17:24:43 -0400] "GET /wp-content/plugins/admin.php HTTP/1.1" 404 23128 "-" "-"
156.228.98.186 - - [11/Jul/2025:17:24:46 -0400] "GET /wp-json/wp/v2/users HTTP/1.1" 200 886 "-" "Mozilla/5.0 (Windows NT 10.0; Win64; x64) AppleWebKit/537.36 (KHTML, like Gecko) Chrome/115.0.0.0 Safari/537.36 Edg/115.0.1901.203"
156.248.80.236 - - [11/Jul/2025:17:24:48 -0400] "GET /wp-login.php HTTP/1.1" 200 3129 "-" "Mozilla/5.0 (Windows NT 10.0; Win64; x64) AppleWebKit/537.36 (KHTML, like Gecko) Chrome/115.0.0.0 Safari/537.36 Edg/115.0.1901.203"
156.228.78.147 - - [11/Jul/2025:17:24:49 -0400] "GET /wp-login.php HTTP/1.1" 200 3129 "-" "Mozilla/5.0 (Windows NT 10.0; Win64; x64) AppleWebKit/537.36 (KHTML, like Gecko) Chrome/115.0.0.0 Safari/537.36 Edg/115.0.1901.203"
136.243.228.194 - - [11/Jul/2025:17:24:45 -0400] "GET /70adtmd41059.html HTTP/1.1" 404 23128 "-" "Mozilla/5.0 (compatible; DataForSeoBot/1.0; +https://dataforseo.com/dataforseo-bot)"
156.248.80.236 - - [11/Jul/2025:17:24:49 -0400] "POST /wp-login.php HTTP/1.1" 200 3283 "https://dangroup.sa/wp-login.php" "Mozilla/5.0 (Windows NT 10.0; Win64; x64) AppleWebKit/537.36 (KHTML, like Gecko) Chrome/115.0.0.0 Safari/537.36 Edg/115.0.1901.203"
156.228.78.147 - - [11/Jul/2025:17:24:50 -0400] "POST /wp-login.php HTTP/1.1" 200 3238 "https://dangroup.sa/wp-login.php" "Mozilla/5.0 (Windows NT 10.0; Win64; x64) AppleWebKit/537.36 (KHTML, like Gecko) Chrome/115.0.0.0 Safari/537.36 Edg/115.0.1901.203"
13.74.44.234 - - [11/Jul/2025:17:24:47 -0400] "GET /wp-content/db-cache.php HTTP/1.1" 404 23128 "-" "-"
66.29.146.47 - - [11/Jul/2025:17:24:53 -0400] "POST /wp-cron.php?doing_wp_cron=1752269093.2557010650634765625000 HTTP/1.1" 403 1242 "-" "WordPress/6.8; https://dangroup.sa"
136.243.228.194 - - [11/Jul/2025:17:24:52 -0400] "GET /items/iorts80/3242?key=threshold HTTP/1.1" 404 23128 "-" "Mozilla/5.0 (compatible; DataForSeoBot/1.0; +https://dataforseo.com/dataforseo-bot)"
13.74.44.234 - - [11/Jul/2025:17:24:53 -0400] "GET /wp-content/themes/twentyeleven/functions.php HTTP/1.1" 404 23130 "-" "-"
20.171.207.246 - - [11/Jul/2025:17:24:57 -0400] "GET /296tuhm45939.html HTTP/1.1" 404 23130 "-" "Mozilla/5.0 AppleWebKit/537.36 (KHTML, like Gecko; compatible; GPTBot/1.2; +https://openai.com/gptbot)"
13.74.44.234 - - [11/Jul/2025:17:24:58 -0400] "GET /wp-content/themes/oceanwp/functions.php HTTP/1.1" 404 23128 "-" "-"
136.243.228.194 - - [11/Jul/2025:17:25:00 -0400] "GET /164bkmxt32059.html HTTP/1.1" 404 23128 "-" "Mozilla/5.0 (compatible; DataForSeoBot/1.0; +https://dataforseo.com/dataforseo-bot)"
13.74.44.234 - - [11/Jul/2025:17:25:06 -0400] "GET /wp-content/themes/twentythirteen/functions.php HTTP/1.1" 404 23128 "-" "-"
136.243.228.194 - - [11/Jul/2025:17:25:09 -0400] "GET /items/semsr153/42017?key=commander HTTP/1.1" 404 23130 "-" "Mozilla/5.0 (compatible; DataForSeoBot/1.0; +https://dataforseo.com/dataforseo-bot)"
13.74.44.234 - - [11/Jul/2025:17:25:10 -0400] "GET /wp-content/themes/kadence/functions.php HTTP/1.1" 404 23128 "-" "-"
13.74.44.234 - - [11/Jul/2025:17:25:15 -0400] "GET /wp-content/themes/twentytwenty/functions.php HTTP/1.1" 404 23128 "-" "-"
66.249.79.137 - - [11/Jul/2025:17:25:18 -0400] "GET /pcmypage?callback=product%2Fdetail%2Frcmdse-1k-4991644175970 HTTP/1.1" 200 86783 "-" "Mozilla/5.0 (Linux; Android 6.0.1; Nexus 5X Build/MMB29P) AppleWebKit/537.36 (KHTML, like Gecko) Chrome/137.0.7151.103 Mobile Safari/537.36 (compatible; Googlebot/2.1; +http://www.google.com/bot.html)"
136.243.228.194 - - [11/Jul/2025:17:25:17 -0400] "GET /items/bctcy103/40481?key=painter HTTP/1.1" 404 23130 "-" "Mozilla/5.0 (compatible; DataForSeoBot/1.0; +https://dataforseo.com/dataforseo-bot)"
13.74.44.234 - - [11/Jul/2025:17:25:19 -0400] "GET /content.php HTTP/1.1" 404 23130 "-" "-"
136.243.228.194 - - [11/Jul/2025:17:25:23 -0400] "GET /246chn43557.html HTTP/1.1" 404 23128 "-" "Mozilla/5.0 (compatible; DataForSeoBot/1.0; +https://dataforseo.com/dataforseo-bot)"
13.74.44.234 - - [11/Jul/2025:17:25:24 -0400] "GET /wp-content/plugins/not/includes/about.php HTTP/1.1" 404 23130 "-" "-"
13.74.44.234 - - [11/Jul/2025:17:25:29 -0400] "GET /wp-content/plugins/simple/simple.php HTTP/1.1" 404 23130 "-" "-"
136.243.228.194 - - [11/Jul/2025:17:25:29 -0400] "GET /65qhz4476.html HTTP/1.1" 404 23128 "-" "Mozilla/5.0 (compatible; DataForSeoBot/1.0; +https://dataforseo.com/dataforseo-bot)"
13.74.44.234 - - [11/Jul/2025:17:25:34 -0400] "GET /wp-content/plugins/wp-theme-editor/include.php HTTP/1.1" 404 23128 "-" "-"
136.243.228.194 - - [11/Jul/2025:17:25:35 -0400] "GET /206gxd27159.html HTTP/1.1" 404 23128 "-" "Mozilla/5.0 (compatible; DataForSeoBot/1.0; +https://dataforseo.com/dataforseo-bot)"
13.74.44.234 - - [11/Jul/2025:17:25:37 -0400] "GET /wp-content/themes/aahana/json.php HTTP/1.1" 404 23128 "-" "-"
52.167.144.225 - - [11/Jul/2025:17:25:42 -0400] "GET /gcotpcj16165bsouffl HTTP/1.1" 200 17 "-" "Mozilla/5.0 AppleWebKit/537.36 (KHTML, like Gecko; compatible; bingbot/2.0; +http://www.bing.com/bingbot.htm) Chrome/116.0.1938.76 Safari/537.36"
136.243.228.194 - - [11/Jul/2025:17:25:41 -0400] "GET /items/izkoq150/32878?key=pale HTTP/1.1" 404 23128 "-" "Mozilla/5.0 (compatible; DataForSeoBot/1.0; +https://dataforseo.com/dataforseo-bot)"
13.74.44.234 - - [11/Jul/2025:17:25:42 -0400] "GET /wp-content/plugins/awesome-coming-soon/come.php HTTP/1.1" 404 23128 "-" "-"
208.110.64.178 - - [11/Jul/2025:17:25:48 -0400] "GET /wp-content/install.php HTTP/1.1" 200 10 "https://dangroup.sa/wp-content/install.php" "Mozilla/5.0 (Windows NT 10.0; Win64; x64) AppleWebKit/537.36 (KHTML, like Gecko) Chrome/58.0.3029.110 Safari/537.3"
13.74.44.234 - - [11/Jul/2025:17:25:46 -0400] "GET /wp-content/plugins/wp-conflg.php HTTP/1.1" 404 23128 "-" "-"
136.243.228.194 - - [11/Jul/2025:17:25:48 -0400] "GET /items/dkhka136/7522?key=fifty HTTP/1.1" 404 23128 "-" "Mozilla/5.0 (compatible; DataForSeoBot/1.0; +https://dataforseo.com/dataforseo-bot)"
13.74.44.234 - - [11/Jul/2025:17:25:50 -0400] "GET /wp-includes/Requests/about.php HTTP/1.1" 404 23128 "-" "-"
66.29.146.47 - - [11/Jul/2025:17:25:55 -0400] "POST /wp-cron.php?doing_wp_cron=1752269155.3985579013824462890625 HTTP/1.1" 403 1242 "-" "WordPress/6.8; https://dangroup.sa"
13.74.44.234 - - [11/Jul/2025:17:25:55 -0400] "GET /wp-includes/style-engine/about.php HTTP/1.1" 404 23130 "-" "-"
136.243.228.194 - - [11/Jul/2025:17:25:54 -0400] "GET /items/fiikz72/32292?key=contractor HTTP/1.1" 404 23130 "-" "Mozilla/5.0 (compatible; DataForSeoBot/1.0; +https://dataforseo.com/dataforseo-bot)"
20.171.207.246 - - [11/Jul/2025:17:25:58 -0400] "GET /100jlja29023.html HTTP/1.1" 404 23129 "-" "Mozilla/5.0 AppleWebKit/537.36 (KHTML, like Gecko; compatible; GPTBot/1.2; +https://openai.com/gptbot)"
13.74.44.234 - - [11/Jul/2025:17:26:00 -0400] "GET /wp-includes/rest-api/about.php HTTP/1.1" 404 23128 "-" "-"
136.243.228.194 - - [11/Jul/2025:17:26:01 -0400] "GET /96mhced32665.html HTTP/1.1" 404 23130 "-" "Mozilla/5.0 (compatible; DataForSeoBot/1.0; +https://dataforseo.com/dataforseo-bot)"
13.74.44.234 - - [11/Jul/2025:17:26:05 -0400] "GET /wp-includes/SimplePie/about.php HTTP/1.1" 404 23130 "-" "-"
