66.29.146.47 - - [11/Jul/2025:11:11:24 -0400] "POST /wp-cron.php?doing_wp_cron=1752246684.1006391048431396484375 HTTP/1.1" 403 1242 "-" "WordPress/6.8; https://dangroup.sa"
47.82.60.15 - - [11/Jul/2025:11:11:23 -0400] "GET /pcmypage?callback=/product/detail,ocodecow-r125cw HTTP/1.1" 404 23130 "https://dangroup.sa/pcmypage?callback=/product%2Fdetail%2Cocodecow-r125cw" "Mozilla/5.0 (Windows NT 10.0; Win64; x64) AppleWebKit/537.36 (KHTML, like Gecko) Chrome/114.0.0.0 Safari/537.36 Edg/114.0.1823.43"
136.243.228.194 - - [11/Jul/2025:11:11:25 -0400] "GET /119dpdj41926.html HTTP/1.1" 404 23128 "-" "Mozilla/5.0 (compatible; DataForSeoBot/1.0; +https://dataforseo.com/dataforseo-bot)"
47.82.60.16 - - [11/Jul/2025:11:11:28 -0400] "GET /items/wqevy282/5354?key=safety HTTP/1.1" 404 23128 "https://dangroup.sa/items/wqevy282/5354?key=safety" "Mozilla/5.0 (Windows NT 10.0; Win64; x64) AppleWebKit/537.36 (KHTML, like Gecko) Chrome/114.0.0.0 Safari/537.36 Edg/114.0.1823.43"
20.171.207.82 - - [11/Jul/2025:11:11:27 -0400] "GET /35nxiq34754.html HTTP/1.1" 404 23128 "-" "Mozilla/5.0 AppleWebKit/537.36 (KHTML, like Gecko; compatible; GPTBot/1.2; +https://openai.com/gptbot)"
47.82.60.20 - - [11/Jul/2025:11:11:29 -0400] "GET /items/ztbch129/22249?key=soap HTTP/1.1" 404 23128 "https://dangroup.sa/items/ztbch129/22249?key=soap" "Mozilla/5.0 (Windows NT 10.0; Win64; x64) AppleWebKit/537.36 (KHTML, like Gecko) Chrome/114.0.0.0 Safari/537.36 Edg/114.0.1823.43"
136.243.228.194 - - [11/Jul/2025:11:11:35 -0400] "GET /150tfbo12117.html HTTP/1.1" 404 23128 "-" "Mozilla/5.0 (compatible; DataForSeoBot/1.0; +https://dataforseo.com/dataforseo-bot)"
47.82.60.8 - - [11/Jul/2025:11:11:46 -0400] "GET /27vzg1118.html HTTP/1.1" 301 0 "https://www.dangroup.sa/27vzg1118.html" "Mozilla/5.0 (Windows NT 10.0; Win64; x64) AppleWebKit/537.36 (KHTML, like Gecko) Chrome/114.0.0.0 Safari/537.36 Edg/114.0.1823.43"
136.243.228.194 - - [11/Jul/2025:11:11:42 -0400] "GET /items/giaps14/28514?key=skull HTTP/1.1" 404 23128 "-" "Mozilla/5.0 (compatible; DataForSeoBot/1.0; +https://dataforseo.com/dataforseo-bot)"
47.82.60.8 - - [11/Jul/2025:11:11:49 -0400] "GET /27vzg1118.html HTTP/1.1" 404 23130 "https://www.dangroup.sa/27vzg1118.html" "Mozilla/5.0 (Windows NT 10.0; Win64; x64) AppleWebKit/537.36 (KHTML, like Gecko) Chrome/114.0.0.0 Safari/537.36 Edg/114.0.1823.43"
47.82.60.7 - - [11/Jul/2025:11:11:49 -0400] "GET /items/fnhrs58/7948?key=limitation HTTP/1.1" 404 23128 "https://dangroup.sa/items/fnhrs58/7948?key=limitation" "Mozilla/5.0 (Windows NT 10.0; Win64; x64) AppleWebKit/537.36 (KHTML, like Gecko) Chrome/114.0.0.0 Safari/537.36 Edg/114.0.1823.43"
136.243.228.194 - - [11/Jul/2025:11:11:50 -0400] "GET /68hwpd8047.html HTTP/1.1" 404 23130 "-" "Mozilla/5.0 (compatible; DataForSeoBot/1.0; +https://dataforseo.com/dataforseo-bot)"
66.249.68.130 - - [11/Jul/2025:11:12:09 -0400] "GET /en/ HTTP/1.1" 200 87619 "-" "Mozilla/5.0 (Linux; Android 6.0.1; Nexus 5X Build/MMB29P) AppleWebKit/537.36 (KHTML, like Gecko) Chrome/137.0.7151.103 Mobile Safari/537.36 (compatible; Googlebot/2.1; +http://www.google.com/bot.html)"
47.82.60.32 - - [11/Jul/2025:11:11:56 -0400] "GET /items/klqcl257/20589?key=highway HTTP/1.1" 404 23128 "https://dangroup.sa/items/klqcl257/20589?key=highway" "Mozilla/5.0 (Windows NT 10.0; Win64; x64) AppleWebKit/537.36 (KHTML, like Gecko) Chrome/114.0.0.0 Safari/537.36 Edg/114.0.1823.43"
136.243.228.194 - - [11/Jul/2025:11:12:09 -0400] "GET /items/csuta264/47496?key=yard HTTP/1.1" 404 23128 "-" "Mozilla/5.0 (compatible; DataForSeoBot/1.0; +https://dataforseo.com/dataforseo-bot)"
136.243.228.194 - - [11/Jul/2025:11:12:19 -0400] "GET /items/ipkby114/43024?key=aspect HTTP/1.1" 404 23128 "-" "Mozilla/5.0 (compatible; DataForSeoBot/1.0; +https://dataforseo.com/dataforseo-bot)"
66.29.146.47 - - [11/Jul/2025:11:12:26 -0400] "POST /wp-cron.php?doing_wp_cron=1752246746.0227870941162109375000 HTTP/1.1" 403 1242 "-" "WordPress/6.8; https://dangroup.sa"
136.243.228.194 - - [11/Jul/2025:11:12:25 -0400] "GET /items/qycyv19/27611?key=figure HTTP/1.1" 404 23128 "-" "Mozilla/5.0 (compatible; DataForSeoBot/1.0; +https://dataforseo.com/dataforseo-bot)"
20.171.207.82 - - [11/Jul/2025:11:12:29 -0400] "GET /69otxl16728.html HTTP/1.1" 404 23128 "-" "Mozilla/5.0 AppleWebKit/537.36 (KHTML, like Gecko; compatible; GPTBot/1.2; +https://openai.com/gptbot)"
136.243.228.194 - - [11/Jul/2025:11:12:31 -0400] "GET /76zelna37295.html HTTP/1.1" 404 23130 "-" "Mozilla/5.0 (compatible; DataForSeoBot/1.0; +https://dataforseo.com/dataforseo-bot)"
47.82.60.3 - - [11/Jul/2025:11:12:35 -0400] "GET /items/fwyex137/34819?key=drunk HTTP/1.1" 404 23130 "https://dangroup.sa/items/fwyex137/34819?key=drunk" "Mozilla/5.0 (Windows NT 10.0; Win64; x64) AppleWebKit/537.36 (KHTML, like Gecko) Chrome/114.0.0.0 Safari/537.36 Edg/114.0.1823.43"
136.243.228.194 - - [11/Jul/2025:11:12:39 -0400] "GET /160jag7371.html HTTP/1.1" 404 23128 "-" "Mozilla/5.0 (compatible; DataForSeoBot/1.0; +https://dataforseo.com/dataforseo-bot)"
208.110.64.178 - - [11/Jul/2025:11:12:54 -0400] "GET /wp-content/install.php HTTP/1.1" 200 10 "https://dangroup.sa/wp-content/install.php" "Mozilla/5.0 (Windows NT 10.0; Win64; x64) AppleWebKit/537.36 (KHTML, like Gecko) Chrome/58.0.3029.110 Safari/537.3"
136.243.228.194 - - [11/Jul/2025:11:12:48 -0400] "GET /items/ffyok235/42679?key=orientation HTTP/1.1" 404 23128 "-" "Mozilla/5.0 (compatible; DataForSeoBot/1.0; +https://dataforseo.com/dataforseo-bot)"
47.82.60.17 - - [11/Jul/2025:11:13:06 -0400] "GET /items/nylnl94/20470?key=vessel HTTP/1.1" 301 0 "https://www.dangroup.sa/items/nylnl94/20470?key=vessel" "Mozilla/5.0 (Windows NT 10.0; Win64; x64) AppleWebKit/537.36 (KHTML, like Gecko) Chrome/114.0.0.0 Safari/537.36 Edg/114.0.1823.43"
47.82.60.7 - - [11/Jul/2025:11:12:55 -0400] "GET /items/harai172/38916?key=representation HTTP/1.1" 404 23128 "https://dangroup.sa/items/harai172/38916?key=representation" "Mozilla/5.0 (Windows NT 10.0; Win64; x64) AppleWebKit/537.36 (KHTML, like Gecko) Chrome/114.0.0.0 Safari/537.36 Edg/114.0.1823.43"
47.82.60.50 - - [11/Jul/2025:11:12:55 -0400] "GET /items/karmy185/45765?key=rate HTTP/1.1" 404 23128 "https://dangroup.sa/items/karmy185/45765?key=rate" "Mozilla/5.0 (Windows NT 10.0; Win64; x64) AppleWebKit/537.36 (KHTML, like Gecko) Chrome/114.0.0.0 Safari/537.36 Edg/114.0.1823.43"
136.243.228.194 - - [11/Jul/2025:11:13:01 -0400] "GET /221fmd6584.html HTTP/1.1" 404 23128 "-" "Mozilla/5.0 (compatible; DataForSeoBot/1.0; +https://dataforseo.com/dataforseo-bot)"
47.82.60.9 - - [11/Jul/2025:11:13:11 -0400] "GET /items/kketq73/221?key=length HTTP/1.1" 404 23130 "https://dangroup.sa/items/kketq73/221?key=length" "Mozilla/5.0 (Windows NT 10.0; Win64; x64) AppleWebKit/537.36 (KHTML, like Gecko) Chrome/114.0.0.0 Safari/537.36 Edg/114.0.1823.43"
47.82.60.20 - - [11/Jul/2025:11:13:14 -0400] "GET /items/mexdz124/12254?key=invade HTTP/1.1" 404 23128 "https://dangroup.sa/items/mexdz124/12254?key=invade" "Mozilla/5.0 (Windows NT 10.0; Win64; x64) AppleWebKit/537.36 (KHTML, like Gecko) Chrome/114.0.0.0 Safari/537.36 Edg/114.0.1823.43"
47.82.60.17 - - [11/Jul/2025:11:13:12 -0400] "GET /items/nylnl94/20470?key=vessel HTTP/1.1" 404 23128 "https://www.dangroup.sa/items/nylnl94/20470?key=vessel" "Mozilla/5.0 (Windows NT 10.0; Win64; x64) AppleWebKit/537.36 (KHTML, like Gecko) Chrome/114.0.0.0 Safari/537.36 Edg/114.0.1823.43"
136.243.228.194 - - [11/Jul/2025:11:13:19 -0400] "GET /items/rudli294/3966?key=specifically HTTP/1.1" 404 23128 "-" "Mozilla/5.0 (compatible; DataForSeoBot/1.0; +https://dataforseo.com/dataforseo-bot)"
66.29.146.47 - - [11/Jul/2025:11:13:28 -0400] "POST /wp-cron.php?doing_wp_cron=1752246807.9120109081268310546875 HTTP/1.1" 403 1242 "-" "WordPress/6.8; https://dangroup.sa"
136.243.228.194 - - [11/Jul/2025:11:13:27 -0400] "GET /items/zkcop150/7204?key=later HTTP/1.1" 404 23128 "-" "Mozilla/5.0 (compatible; DataForSeoBot/1.0; +https://dataforseo.com/dataforseo-bot)"
136.243.228.194 - - [11/Jul/2025:11:13:32 -0400] "GET /items/zukga172/47708?key=accompany HTTP/1.1" 404 23128 "-" "Mozilla/5.0 (compatible; DataForSeoBot/1.0; +https://dataforseo.com/dataforseo-bot)"
20.171.207.82 - - [11/Jul/2025:11:13:33 -0400] "GET /94jxmb37097.html HTTP/1.1" 404 23128 "-" "Mozilla/5.0 AppleWebKit/537.36 (KHTML, like Gecko; compatible; GPTBot/1.2; +https://openai.com/gptbot)"
136.243.228.194 - - [11/Jul/2025:11:13:38 -0400] "GET /items/bsaih237/24391?key=creation HTTP/1.1" 404 23128 "-" "Mozilla/5.0 (compatible; DataForSeoBot/1.0; +https://dataforseo.com/dataforseo-bot)"
136.243.228.194 - - [11/Jul/2025:11:13:45 -0400] "GET /12gzzp18765.html HTTP/1.1" 404 23128 "-" "Mozilla/5.0 (compatible; DataForSeoBot/1.0; +https://dataforseo.com/dataforseo-bot)"
66.249.68.130 - - [11/Jul/2025:11:13:49 -0400] "GET /items/suxcs94/952?key=access HTTP/1.1" 200 86545 "-" "Mozilla/5.0 (Linux; Android 6.0.1; Nexus 5X Build/MMB29P) AppleWebKit/537.36 (KHTML, like Gecko) Chrome/137.0.7151.103 Mobile Safari/537.36 (compatible; Googlebot/2.1; +http://www.google.com/bot.html)"
136.243.228.194 - - [11/Jul/2025:11:13:50 -0400] "GET /298wfam19373.html HTTP/1.1" 404 23128 "-" "Mozilla/5.0 (compatible; DataForSeoBot/1.0; +https://dataforseo.com/dataforseo-bot)"
136.243.228.194 - - [11/Jul/2025:11:13:55 -0400] "GET /items/tundz276/41916?key=sir HTTP/1.1" 404 23128 "-" "Mozilla/5.0 (compatible; DataForSeoBot/1.0; +https://dataforseo.com/dataforseo-bot)"
136.243.228.194 - - [11/Jul/2025:11:14:01 -0400] "GET /147olac19744.html HTTP/1.1" 404 23128 "-" "Mozilla/5.0 (compatible; DataForSeoBot/1.0; +https://dataforseo.com/dataforseo-bot)"
136.243.228.194 - - [11/Jul/2025:11:14:10 -0400] "GET /items/rzcev190/15702?key=new HTTP/1.1" 404 23128 "-" "Mozilla/5.0 (compatible; DataForSeoBot/1.0; +https://dataforseo.com/dataforseo-bot)"
136.243.228.194 - - [11/Jul/2025:11:14:21 -0400] "GET /25urot33130.html HTTP/1.1" 404 23128 "-" "Mozilla/5.0 (compatible; DataForSeoBot/1.0; +https://dataforseo.com/dataforseo-bot)"
66.29.146.47 - - [11/Jul/2025:11:14:29 -0400] "POST /wp-cron.php?doing_wp_cron=1752246869.0630700588226318359375 HTTP/1.1" 403 1242 "-" "WordPress/6.8; https://dangroup.sa"
47.82.60.51 - - [11/Jul/2025:11:14:27 -0400] "GET /pcmypage?callback=product/detail/auc-jetrag-b5beb368290070d2 HTTP/1.1" 404 23128 "https://dangroup.sa/pcmypage?callback=product%2Fdetail%2Fauc-jetrag-b5beb368290070d2" "Mozilla/5.0 (Windows NT 10.0; Win64; x64) AppleWebKit/537.36 (KHTML, like Gecko) Chrome/114.0.0.0 Safari/537.36 Edg/114.0.1823.43"
136.243.228.194 - - [11/Jul/2025:11:14:30 -0400] "GET /items/pcedl244/34168?key=juice HTTP/1.1" 404 23130 "-" "Mozilla/5.0 (compatible; DataForSeoBot/1.0; +https://dataforseo.com/dataforseo-bot)"
20.171.207.82 - - [11/Jul/2025:11:14:36 -0400] "GET /83laxw49298.html HTTP/1.1" 404 23128 "-" "Mozilla/5.0 AppleWebKit/537.36 (KHTML, like Gecko; compatible; GPTBot/1.2; +https://openai.com/gptbot)"
136.243.228.194 - - [11/Jul/2025:11:14:39 -0400] "GET /227wzv17130.html HTTP/1.1" 404 23128 "-" "Mozilla/5.0 (compatible; DataForSeoBot/1.0; +https://dataforseo.com/dataforseo-bot)"
66.249.79.135 - - [11/Jul/2025:11:15:07 -0400] "GET /30ytzaa43857.html HTTP/1.1" 200 87185 "-" "Mozilla/5.0 (Linux; Android 6.0.1; Nexus 5X Build/MMB29P) AppleWebKit/537.36 (KHTML, like Gecko) Chrome/137.0.7151.103 Mobile Safari/537.36 (compatible; Googlebot/2.1; +http://www.google.com/bot.html)"
66.29.146.47 - - [11/Jul/2025:11:15:33 -0400] "POST /wp-cron.php?doing_wp_cron=1752246932.7685320377349853515625 HTTP/1.1" 403 1242 "-" "WordPress/6.8; https://dangroup.sa"
136.243.228.194 - - [11/Jul/2025:11:15:31 -0400] "GET /87gwr23542.html HTTP/1.1" 404 23128 "-" "Mozilla/5.0 (compatible; DataForSeoBot/1.0; +https://dataforseo.com/dataforseo-bot)"
66.249.68.134 - - [11/Jul/2025:11:15:40 -0400] "GET /229xqnd15016.html HTTP/1.1" 200 86709 "-" "Mozilla/5.0 (Linux; Android 6.0.1; Nexus 5X Build/MMB29P) AppleWebKit/537.36 (KHTML, like Gecko) Chrome/137.0.7151.103 Mobile Safari/537.36 (compatible; Googlebot/2.1; +http://www.google.com/bot.html)"
20.171.207.82 - - [11/Jul/2025:11:15:40 -0400] "GET /89xtly30616.html HTTP/1.1" 404 23128 "-" "Mozilla/5.0 AppleWebKit/537.36 (KHTML, like Gecko; compatible; GPTBot/1.2; +https://openai.com/gptbot)"
136.243.228.194 - - [11/Jul/2025:11:15:42 -0400] "GET /items/rkltz26/37536?key=monitor HTTP/1.1" 404 23128 "-" "Mozilla/5.0 (compatible; DataForSeoBot/1.0; +https://dataforseo.com/dataforseo-bot)"
136.243.228.194 - - [11/Jul/2025:11:15:49 -0400] "GET /158enfp4641.html HTTP/1.1" 404 23128 "-" "Mozilla/5.0 (compatible; DataForSeoBot/1.0; +https://dataforseo.com/dataforseo-bot)"
136.243.228.194 - - [11/Jul/2025:11:15:55 -0400] "GET /items/ncqjn28/44464?key=system HTTP/1.1" 404 23128 "-" "Mozilla/5.0 (compatible; DataForSeoBot/1.0; +https://dataforseo.com/dataforseo-bot)"
136.243.228.194 - - [11/Jul/2025:11:16:01 -0400] "GET /211amh39862.html HTTP/1.1" 404 23128 "-" "Mozilla/5.0 (compatible; DataForSeoBot/1.0; +https://dataforseo.com/dataforseo-bot)"
136.243.228.194 - - [11/Jul/2025:11:16:07 -0400] "GET /items/roqqs31/20991?key=university HTTP/1.1" 404 23128 "-" "Mozilla/5.0 (compatible; DataForSeoBot/1.0; +https://dataforseo.com/dataforseo-bot)"
136.243.228.194 - - [11/Jul/2025:11:16:13 -0400] "GET /131etfdb69126.html HTTP/1.1" 404 23128 "-" "Mozilla/5.0 (compatible; DataForSeoBot/1.0; +https://dataforseo.com/dataforseo-bot)"
136.243.228.194 - - [11/Jul/2025:11:16:18 -0400] "GET /45ygd10768.html HTTP/1.1" 404 23128 "-" "Mozilla/5.0 (compatible; DataForSeoBot/1.0; +https://dataforseo.com/dataforseo-bot)"
136.243.228.194 - - [11/Jul/2025:11:16:25 -0400] "GET /items/kgjop285/47777?key=entrepreneur HTTP/1.1" 404 23128 "-" "Mozilla/5.0 (compatible; DataForSeoBot/1.0; +https://dataforseo.com/dataforseo-bot)"
66.29.146.47 - - [11/Jul/2025:11:16:35 -0400] "POST /wp-cron.php?doing_wp_cron=1752246994.8704800605773925781250 HTTP/1.1" 403 1242 "-" "WordPress/6.8; https://dangroup.sa"
66.249.68.134 - - [11/Jul/2025:11:16:36 -0400] "GET /items/iylcw275/8503?key=salad HTTP/1.1" 200 86976 "-" "Mozilla/5.0 (Linux; Android 6.0.1; Nexus 5X Build/MMB29P) AppleWebKit/537.36 (KHTML, like Gecko) Chrome/137.0.7151.103 Mobile Safari/537.36 (compatible; Googlebot/2.1; +http://www.google.com/bot.html)"
136.243.228.194 - - [11/Jul/2025:11:16:33 -0400] "GET /items/hqofr279/12911?key=dominant HTTP/1.1" 404 23128 "-" "Mozilla/5.0 (compatible; DataForSeoBot/1.0; +https://dataforseo.com/dataforseo-bot)"
66.249.68.132 - - [11/Jul/2025:11:16:47 -0400] "GET /134ebrd36447.html HTTP/1.1" 200 87330 "-" "Mozilla/5.0 (Linux; Android 6.0.1; Nexus 5X Build/MMB29P) AppleWebKit/537.36 (KHTML, like Gecko) Chrome/137.0.7151.103 Mobile Safari/537.36 (compatible; Googlebot/2.1; +http://www.google.com/bot.html)"
136.243.228.194 - - [11/Jul/2025:11:16:44 -0400] "GET /22cev1421.html HTTP/1.1" 404 23128 "-" "Mozilla/5.0 (compatible; DataForSeoBot/1.0; +https://dataforseo.com/dataforseo-bot)"
20.171.207.82 - - [11/Jul/2025:11:16:45 -0400] "GET /98jxiv22833.html HTTP/1.1" 404 23128 "-" "Mozilla/5.0 AppleWebKit/537.36 (KHTML, like Gecko; compatible; GPTBot/1.2; +https://openai.com/gptbot)"
136.243.228.194 - - [11/Jul/2025:11:16:51 -0400] "GET /52eiyk30297.html HTTP/1.1" 404 23128 "-" "Mozilla/5.0 (compatible; DataForSeoBot/1.0; +https://dataforseo.com/dataforseo-bot)"
66.249.68.132 - - [11/Jul/2025:11:16:58 -0400] "GET /items/oqnzp157/44989?key=grow HTTP/1.1" 200 86982 "-" "Mozilla/5.0 (Linux; Android 6.0.1; Nexus 5X Build/MMB29P) AppleWebKit/537.36 (KHTML, like Gecko) Chrome/137.0.7151.103 Mobile Safari/537.36 (compatible; Googlebot/2.1; +http://www.google.com/bot.html)"
136.243.228.194 - - [11/Jul/2025:11:16:56 -0400] "GET /items/phrvf216/44726?key=historic HTTP/1.1" 404 23130 "-" "Mozilla/5.0 (compatible; DataForSeoBot/1.0; +https://dataforseo.com/dataforseo-bot)"
136.243.228.194 - - [11/Jul/2025:11:17:01 -0400] "GET /82qzpwz33733.html HTTP/1.1" 404 23128 "-" "Mozilla/5.0 (compatible; DataForSeoBot/1.0; +https://dataforseo.com/dataforseo-bot)"
136.243.228.194 - - [11/Jul/2025:11:17:06 -0400] "GET /170gxppg18023.html HTTP/1.1" 404 23130 "-" "Mozilla/5.0 (compatible; DataForSeoBot/1.0; +https://dataforseo.com/dataforseo-bot)"
136.243.228.194 - - [11/Jul/2025:11:17:12 -0400] "GET /items/egatn290/9044?key=hello HTTP/1.1" 404 23128 "-" "Mozilla/5.0 (compatible; DataForSeoBot/1.0; +https://dataforseo.com/dataforseo-bot)"
136.243.228.194 - - [11/Jul/2025:11:17:17 -0400] "GET /214dwj14579.html HTTP/1.1" 404 23128 "-" "Mozilla/5.0 (compatible; DataForSeoBot/1.0; +https://dataforseo.com/dataforseo-bot)"
136.243.228.194 - - [11/Jul/2025:11:17:23 -0400] "GET /117rua47528.html HTTP/1.1" 404 23128 "-" "Mozilla/5.0 (compatible; DataForSeoBot/1.0; +https://dataforseo.com/dataforseo-bot)"
136.243.228.194 - - [11/Jul/2025:11:17:30 -0400] "GET /items/pcein221/12373?key=soap HTTP/1.1" 404 23128 "-" "Mozilla/5.0 (compatible; DataForSeoBot/1.0; +https://dataforseo.com/dataforseo-bot)"
66.29.146.47 - - [11/Jul/2025:11:17:40 -0400] "POST /wp-cron.php?doing_wp_cron=1752247060.4677340984344482421875 HTTP/1.1" 403 1242 "-" "WordPress/6.8; https://dangroup.sa"
136.243.228.194 - - [11/Jul/2025:11:17:39 -0400] "GET /items/nxlmu290/19496?key=beef HTTP/1.1" 404 23128 "-" "Mozilla/5.0 (compatible; DataForSeoBot/1.0; +https://dataforseo.com/dataforseo-bot)"
66.249.68.132 - - [11/Jul/2025:11:17:54 -0400] "GET /280jwxh22481.html HTTP/1.1" 200 86876 "-" "Mozilla/5.0 (Linux; Android 6.0.1; Nexus 5X Build/MMB29P) AppleWebKit/537.36 (KHTML, like Gecko) Chrome/137.0.7151.103 Mobile Safari/537.36 (compatible; Googlebot/2.1; +http://www.google.com/bot.html)"
136.243.228.194 - - [11/Jul/2025:11:17:48 -0400] "GET /46fpw25375.html HTTP/1.1" 404 23128 "-" "Mozilla/5.0 (compatible; DataForSeoBot/1.0; +https://dataforseo.com/dataforseo-bot)"
20.171.207.82 - - [11/Jul/2025:11:17:49 -0400] "GET /134ndpd6403.html HTTP/1.1" 404 23130 "-" "Mozilla/5.0 AppleWebKit/537.36 (KHTML, like Gecko; compatible; GPTBot/1.2; +https://openai.com/gptbot)"
136.243.228.194 - - [11/Jul/2025:11:17:57 -0400] "GET /items/lorfh162/16048?key=pair HTTP/1.1" 404 23128 "-" "Mozilla/5.0 (compatible; DataForSeoBot/1.0; +https://dataforseo.com/dataforseo-bot)"
136.243.228.194 - - [11/Jul/2025:11:18:03 -0400] "GET /items/rocrf40/15186?key=wander HTTP/1.1" 404 23128 "-" "Mozilla/5.0 (compatible; DataForSeoBot/1.0; +https://dataforseo.com/dataforseo-bot)"
136.243.228.194 - - [11/Jul/2025:11:18:08 -0400] "GET /items/vfdvk86/12038?key=convenience HTTP/1.1" 404 23128 "-" "Mozilla/5.0 (compatible; DataForSeoBot/1.0; +https://dataforseo.com/dataforseo-bot)"
136.243.228.194 - - [11/Jul/2025:11:18:13 -0400] "GET /items/tvnkg119/27487?key=clothing HTTP/1.1" 404 23128 "-" "Mozilla/5.0 (compatible; DataForSeoBot/1.0; +https://dataforseo.com/dataforseo-bot)"
69.197.182.50 - - [11/Jul/2025:11:18:17 -0400] "GET /wp-content/install.php HTTP/1.1" 200 10 "https://dangroup.sa/wp-content/install.php" "Mozilla/5.0 (Windows NT 10.0; Win64; x64) AppleWebKit/537.36 (KHTML, like Gecko) Chrome/58.0.3029.110 Safari/537.3"
136.243.228.194 - - [11/Jul/2025:11:18:19 -0400] "GET /items/zfeai254/48400?key=cash HTTP/1.1" 404 23128 "-" "Mozilla/5.0 (compatible; DataForSeoBot/1.0; +https://dataforseo.com/dataforseo-bot)"
136.243.228.194 - - [11/Jul/2025:11:18:24 -0400] "GET /items/yxdtx270/39776?key=friendship HTTP/1.1" 404 23128 "-" "Mozilla/5.0 (compatible; DataForSeoBot/1.0; +https://dataforseo.com/dataforseo-bot)"
66.249.79.136 - - [11/Jul/2025:11:18:28 -0400] "GET /pcmypage?callback=product/review/haikanshop-4210728 HTTP/1.1" 200 86983 "-" "Mozilla/5.0 (Linux; Android 6.0.1; Nexus 5X Build/MMB29P) AppleWebKit/537.36 (KHTML, like Gecko) Chrome/137.0.7151.103 Mobile Safari/537.36 (compatible; Googlebot/2.1; +http://www.google.com/bot.html)"
136.243.228.194 - - [11/Jul/2025:11:18:29 -0400] "GET /items/rjfuj263/11725?key=obvious HTTP/1.1" 404 23128 "-" "Mozilla/5.0 (compatible; DataForSeoBot/1.0; +https://dataforseo.com/dataforseo-bot)"
136.243.228.194 - - [11/Jul/2025:11:18:36 -0400] "GET /items/aruon151/22871?key=clean HTTP/1.1" 404 23128 "-" "Mozilla/5.0 (compatible; DataForSeoBot/1.0; +https://dataforseo.com/dataforseo-bot)"
66.29.146.47 - - [11/Jul/2025:11:18:46 -0400] "POST /wp-cron.php?doing_wp_cron=1752247125.7577390670776367187500 HTTP/1.1" 403 1242 "-" "WordPress/6.8; https://dangroup.sa"
136.243.228.194 - - [11/Jul/2025:11:18:44 -0400] "GET /items/qrgqi288/48352?key=especially HTTP/1.1" 404 23197 "-" "Mozilla/5.0 (compatible; DataForSeoBot/1.0; +https://dataforseo.com/dataforseo-bot)"
66.249.68.132 - - [11/Jul/2025:11:19:01 -0400] "GET /221gno10884.html HTTP/1.1" 200 86970 "-" "Mozilla/5.0 (Linux; Android 6.0.1; Nexus 5X Build/MMB29P) AppleWebKit/537.36 (KHTML, like Gecko) Chrome/137.0.7151.103 Mobile Safari/537.36 (compatible; Googlebot/2.1; +http://www.google.com/bot.html)"
20.171.207.82 - - [11/Jul/2025:11:18:50 -0400] "GET /93mpqb22384.html HTTP/1.1" 404 23130 "-" "Mozilla/5.0 AppleWebKit/537.36 (KHTML, like Gecko; compatible; GPTBot/1.2; +https://openai.com/gptbot)"
136.243.228.194 - - [11/Jul/2025:11:18:57 -0400] "GET /103eeu13650.html HTTP/1.1" 404 23128 "-" "Mozilla/5.0 (compatible; DataForSeoBot/1.0; +https://dataforseo.com/dataforseo-bot)"
2001:16a2:c0c1:a821:bd5d:cc99:a9aa:1fe0 - - [11/Jul/2025:11:18:49 -0400] "GET / HTTP/1.1" 200 33221 "https://linktr.ee/" "Mozilla/5.0 (iPhone; CPU iPhone OS 16_3_1 like Mac OS X) AppleWebKit/605.1.15 (KHTML, like Gecko) Mobile/20D67 Instagram 387.0.0.24.91 (iPhone12,3; iOS 16_3_1; en_US; en; scale=3.00; 1125x2436; 755087652; IABMV/1)"
2001:16a2:c0c1:a821:bd5d:cc99:a9aa:1fe0 - - [11/Jul/2025:11:19:09 -0400] "GET /wp-content/themes/arolax/assets/css/custom-icons.min.css?ver=2 HTTP/1.1" 200 1142 "https://dangroup.sa/" "Mozilla/5.0 (iPhone; CPU iPhone OS 16_3_1 like Mac OS X) AppleWebKit/605.1.15 (KHTML, like Gecko) Mobile/20D67 Instagram 387.0.0.24.91 (iPhone12,3; iOS 16_3_1; en_US; en; scale=3.00; 1125x2436; 755087652; IABMV/1)"
2001:16a2:c0c1:a821:bd5d:cc99:a9aa:1fe0 - - [11/Jul/2025:11:19:09 -0400] "GET /wp-content/plugins/elementor/assets/css/widget-heading-rtl.min.css?ver=3.28.4 HTTP/1.1" 200 154 "https://dangroup.sa/" "Mozilla/5.0 (iPhone; CPU iPhone OS 16_3_1 like Mac OS X) AppleWebKit/605.1.15 (KHTML, like Gecko) Mobile/20D67 Instagram 387.0.0.24.91 (iPhone12,3; iOS 16_3_1; en_US; en; scale=3.00; 1125x2436; 755087652; IABMV/1)"
2001:16a2:c0c1:a821:bd5d:cc99:a9aa:1fe0 - - [11/Jul/2025:11:19:09 -0400] "GET /wp-includes/js/jquery/jquery-migrate.min.js?ver=3.4.1 HTTP/1.1" 304 0 "https://dangroup.sa/" "Mozilla/5.0 (iPhone; CPU iPhone OS 16_3_1 like Mac OS X) AppleWebKit/605.1.15 (KHTML, like Gecko) Mobile/20D67 Instagram 387.0.0.24.91 (iPhone12,3; iOS 16_3_1; en_US; en; scale=3.00; 1125x2436; 755087652; IABMV/1)"
2001:16a2:c0c1:a821:bd5d:cc99:a9aa:1fe0 - - [11/Jul/2025:11:19:09 -0400] "GET /wp-includes/js/dist/i18n.min.js?ver=5e580eb46a90c2b997e6 HTTP/1.1" 304 0 "https://dangroup.sa/" "Mozilla/5.0 (iPhone; CPU iPhone OS 16_3_1 like Mac OS X) AppleWebKit/605.1.15 (KHTML, like Gecko) Mobile/20D67 Instagram 387.0.0.24.91 (iPhone12,3; iOS 16_3_1; en_US; en; scale=3.00; 1125x2436; 755087652; IABMV/1)"
2001:16a2:c0c1:a821:bd5d:cc99:a9aa:1fe0 - - [11/Jul/2025:11:19:09 -0400] "GET /wp-content/plugins/contact-form-7/includes/css/styles.css?ver=5.9.8 HTTP/1.1" 304 0 "https://dangroup.sa/" "Mozilla/5.0 (iPhone; CPU iPhone OS 16_3_1 like Mac OS X) AppleWebKit/605.1.15 (KHTML, like Gecko) Mobile/20D67 Instagram 387.0.0.24.91 (iPhone12,3; iOS 16_3_1; en_US; en; scale=3.00; 1125x2436; 755087652; IABMV/1)"
2001:16a2:c0c1:a821:bd5d:cc99:a9aa:1fe0 - - [11/Jul/2025:11:19:09 -0400] "GET /wp-content/plugins/extension-for-animation-addons/assets/lib/SplitText.min.js?ver=6.8 HTTP/1.1" 304 0 "https://dangroup.sa/" "Mozilla/5.0 (iPhone; CPU iPhone OS 16_3_1 like Mac OS X) AppleWebKit/605.1.15 (KHTML, like Gecko) Mobile/20D67 Instagram 387.0.0.24.91 (iPhone12,3; iOS 16_3_1; en_US; en; scale=3.00; 1125x2436; 755087652; IABMV/1)"
2001:16a2:c0c1:a821:bd5d:cc99:a9aa:1fe0 - - [11/Jul/2025:11:19:09 -0400] "GET /wp-content/plugins/contact-form-7/includes/swv/js/index.js?ver=5.9.8 HTTP/1.1" 304 0 "https://dangroup.sa/" "Mozilla/5.0 (iPhone; CPU iPhone OS 16_3_1 like Mac OS X) AppleWebKit/605.1.15 (KHTML, like Gecko) Mobile/20D67 Instagram 387.0.0.24.91 (iPhone12,3; iOS 16_3_1; en_US; en; scale=3.00; 1125x2436; 755087652; IABMV/1)"
2001:16a2:c0c1:a821:bd5d:cc99:a9aa:1fe0 - - [11/Jul/2025:11:19:09 -0400] "GET /wp-content/plugins/animation-addons-for-elementor/assets/js/widgets/nav-menu.min.js?ver=6.8 HTTP/1.1" 304 0 "https://dangroup.sa/" "Mozilla/5.0 (iPhone; CPU iPhone OS 16_3_1 like Mac OS X) AppleWebKit/605.1.15 (KHTML, like Gecko) Mobile/20D67 Instagram 387.0.0.24.91 (iPhone12,3; iOS 16_3_1; en_US; en; scale=3.00; 1125x2436; 755087652; IABMV/1)"
2001:16a2:c0c1:a821:bd5d:cc99:a9aa:1fe0 - - [11/Jul/2025:11:19:09 -0400] "GET /wp-content/themes/arolax/assets/js/jquery.meanmenu.min.js?ver=2 HTTP/1.1" 304 0 "https://dangroup.sa/" "Mozilla/5.0 (iPhone; CPU iPhone OS 16_3_1 like Mac OS X) AppleWebKit/605.1.15 (KHTML, like Gecko) Mobile/20D67 Instagram 387.0.0.24.91 (iPhone12,3; iOS 16_3_1; en_US; en; scale=3.00; 1125x2436; 755087652; IABMV/1)"
2001:16a2:c0c1:a821:bd5d:cc99:a9aa:1fe0 - - [11/Jul/2025:11:19:09 -0400] "GET /wp-content/plugins/extension-for-animation-addons/assets/lib/jquery.magnific-popup.min.js?ver=6.8 HTTP/1.1" 304 0 "https://dangroup.sa/" "Mozilla/5.0 (iPhone; CPU iPhone OS 16_3_1 like Mac OS X) AppleWebKit/605.1.15 (KHTML, like Gecko) Mobile/20D67 Instagram 387.0.0.24.91 (iPhone12,3; iOS 16_3_1; en_US; en; scale=3.00; 1125x2436; 755087652; IABMV/1)"
2001:16a2:c0c1:a821:bd5d:cc99:a9aa:1fe0 - - [11/Jul/2025:11:19:09 -0400] "GET /wp-content/plugins/elementor/assets/js/frontend.min.js?ver=3.28.4 HTTP/1.1" 304 0 "https://dangroup.sa/" "Mozilla/5.0 (iPhone; CPU iPhone OS 16_3_1 like Mac OS X) AppleWebKit/605.1.15 (KHTML, like Gecko) Mobile/20D67 Instagram 387.0.0.24.91 (iPhone12,3; iOS 16_3_1; en_US; en; scale=3.00; 1125x2436; 755087652; IABMV/1)"
2001:16a2:c0c1:a821:bd5d:cc99:a9aa:1fe0 - - [11/Jul/2025:11:19:09 -0400] "GET /wp-content/plugins/extension-for-animation-addons/assets/lib/ScrollSmoother.min.js?ver=6.8 HTTP/1.1" 304 0 "https://dangroup.sa/" "Mozilla/5.0 (iPhone; CPU iPhone OS 16_3_1 like Mac OS X) AppleWebKit/605.1.15 (KHTML, like Gecko) Mobile/20D67 Instagram 387.0.0.24.91 (iPhone12,3; iOS 16_3_1; en_US; en; scale=3.00; 1125x2436; 755087652; IABMV/1)"
2001:16a2:c0c1:a821:bd5d:cc99:a9aa:1fe0 - - [11/Jul/2025:11:19:09 -0400] "GET /wp-content/plugins/animation-addons-for-elementor/assets/js/wcf-addons.min.js?ver=6.8 HTTP/1.1" 304 0 "https://dangroup.sa/" "Mozilla/5.0 (iPhone; CPU iPhone OS 16_3_1 like Mac OS X) AppleWebKit/605.1.15 (KHTML, like Gecko) Mobile/20D67 Instagram 387.0.0.24.91 (iPhone12,3; iOS 16_3_1; en_US; en; scale=3.00; 1125x2436; 755087652; IABMV/1)"
2001:16a2:c0c1:a821:bd5d:cc99:a9aa:1fe0 - - [11/Jul/2025:11:19:09 -0400] "GET /wp-content/plugins/animation-addons-for-elementor/assets/js/widgets/slider.min.js?ver=6.8 HTTP/1.1" 304 0 "https://dangroup.sa/" "Mozilla/5.0 (iPhone; CPU iPhone OS 16_3_1 like Mac OS X) AppleWebKit/605.1.15 (KHTML, like Gecko) Mobile/20D67 Instagram 387.0.0.24.91 (iPhone12,3; iOS 16_3_1; en_US; en; scale=3.00; 1125x2436; 755087652; IABMV/1)"
2001:16a2:c0c1:a821:bd5d:cc99:a9aa:1fe0 - - [11/Jul/2025:11:19:09 -0400] "GET /wp-content/plugins/animation-addons-for-elementor/assets/js/widgets/counter.min.js?ver=6.8 HTTP/1.1" 304 0 "https://dangroup.sa/" "Mozilla/5.0 (iPhone; CPU iPhone OS 16_3_1 like Mac OS X) AppleWebKit/605.1.15 (KHTML, like Gecko) Mobile/20D67 Instagram 387.0.0.24.91 (iPhone12,3; iOS 16_3_1; en_US; en; scale=3.00; 1125x2436; 755087652; IABMV/1)"
2001:16a2:c0c1:a821:bd5d:cc99:a9aa:1fe0 - - [11/Jul/2025:11:19:09 -0400] "GET /wp-content/plugins/extension-for-animation-addons/assets/lib/ScrollToPlugin.min.js?ver=6.8 HTTP/1.1" 200 1773 "https://dangroup.sa/" "Mozilla/5.0 (iPhone; CPU iPhone OS 16_3_1 like Mac OS X) AppleWebKit/605.1.15 (KHTML, like Gecko) Mobile/20D67 Instagram 387.0.0.24.91 (iPhone12,3; iOS 16_3_1; en_US; en; scale=3.00; 1125x2436; 755087652; IABMV/1)"
2001:16a2:c0c1:a821:bd5d:cc99:a9aa:1fe0 - - [11/Jul/2025:11:19:09 -0400] "GET /wp-content/themes/arolax/assets/js/bootstrap.bundle.min.js?ver=2 HTTP/1.1" 304 0 "https://dangroup.sa/" "Mozilla/5.0 (iPhone; CPU iPhone OS 16_3_1 like Mac OS X) AppleWebKit/605.1.15 (KHTML, like Gecko) Mobile/20D67 Instagram 387.0.0.24.91 (iPhone12,3; iOS 16_3_1; en_US; en; scale=3.00; 1125x2436; 755087652; IABMV/1)"
2001:16a2:c0c1:a821:bd5d:cc99:a9aa:1fe0 - - [11/Jul/2025:11:19:09 -0400] "GET /wp-content/plugins/elementor/assets/js/webpack.runtime.min.js?ver=3.28.4 HTTP/1.1" 304 0 "https://dangroup.sa/" "Mozilla/5.0 (iPhone; CPU iPhone OS 16_3_1 like Mac OS X) AppleWebKit/605.1.15 (KHTML, like Gecko) Mobile/20D67 Instagram 387.0.0.24.91 (iPhone12,3; iOS 16_3_1; en_US; en; scale=3.00; 1125x2436; 755087652; IABMV/1)"
2001:16a2:c0c1:a821:bd5d:cc99:a9aa:1fe0 - - [11/Jul/2025:11:19:09 -0400] "GET /wp-content/themes/arolax/assets/js/script.js?ver=2 HTTP/1.1" 304 0 "https://dangroup.sa/" "Mozilla/5.0 (iPhone; CPU iPhone OS 16_3_1 like Mac OS X) AppleWebKit/605.1.15 (KHTML, like Gecko) Mobile/20D67 Instagram 387.0.0.24.91 (iPhone12,3; iOS 16_3_1; en_US; en; scale=3.00; 1125x2436; 755087652; IABMV/1)"
2001:16a2:c0c1:a821:bd5d:cc99:a9aa:1fe0 - - [11/Jul/2025:11:19:09 -0400] "GET /wp-content/plugins/wp-consent-api/assets/js/wp-consent-api.min.js?ver=1.0.8 HTTP/1.1" 304 0 "https://dangroup.sa/" "Mozilla/5.0 (iPhone; CPU iPhone OS 16_3_1 like Mac OS X) AppleWebKit/605.1.15 (KHTML, like Gecko) Mobile/20D67 Instagram 387.0.0.24.91 (iPhone12,3; iOS 16_3_1; en_US; en; scale=3.00; 1125x2436; 755087652; IABMV/1)"
2001:16a2:c0c1:a821:bd5d:cc99:a9aa:1fe0 - - [11/Jul/2025:11:19:09 -0400] "GET /wp-content/plugins/elementor-pro/assets/js/webpack-pro.runtime.min.js?ver=3.29.1 HTTP/1.1" 304 0 "https://dangroup.sa/" "Mozilla/5.0 (iPhone; CPU iPhone OS 16_3_1 like Mac OS X) AppleWebKit/605.1.15 (KHTML, like Gecko) Mobile/20D67 Instagram 387.0.0.24.91 (iPhone12,3; iOS 16_3_1; en_US; en; scale=3.00; 1125x2436; 755087652; IABMV/1)"
2001:16a2:c0c1:a821:bd5d:cc99:a9aa:1fe0 - - [11/Jul/2025:11:19:09 -0400] "GET /wp-content/plugins/elementor-pro/assets/js/elements-handlers.min.js?ver=3.29.1 HTTP/1.1" 304 0 "https://dangroup.sa/" "Mozilla/5.0 (iPhone; CPU iPhone OS 16_3_1 like Mac OS X) AppleWebKit/605.1.15 (KHTML, like Gecko) Mobile/20D67 Instagram 387.0.0.24.91 (iPhone12,3; iOS 16_3_1; en_US; en; scale=3.00; 1125x2436; 755087652; IABMV/1)"
2001:16a2:c0c1:a821:bd5d:cc99:a9aa:1fe0 - - [11/Jul/2025:11:19:09 -0400] "GET /wp-content/plugins/wcf-addons-pro/assets/js/advance-slider.js?ver=6.8 HTTP/1.1" 304 0 "https://dangroup.sa/" "Mozilla/5.0 (iPhone; CPU iPhone OS 16_3_1 like Mac OS X) AppleWebKit/605.1.15 (KHTML, like Gecko) Mobile/20D67 Instagram 387.0.0.24.91 (iPhone12,3; iOS 16_3_1; en_US; en; scale=3.00; 1125x2436; 755087652; IABMV/1)"
2001:16a2:c0c1:a821:bd5d:cc99:a9aa:1fe0 - - [11/Jul/2025:11:19:09 -0400] "GET /wp-content/plugins/extension-for-animation-addons/assets/lib/mixitup.min.js?ver=6.8 HTTP/1.1" 304 0 "https://dangroup.sa/" "Mozilla/5.0 (iPhone; CPU iPhone OS 16_3_1 like Mac OS X) AppleWebKit/605.1.15 (KHTML, like Gecko) Mobile/20D67 Instagram 387.0.0.24.91 (iPhone12,3; iOS 16_3_1; en_US; en; scale=3.00; 1125x2436; 755087652; IABMV/1)"
2001:16a2:c0c1:a821:bd5d:cc99:a9aa:1fe0 - - [11/Jul/2025:11:19:09 -0400] "GET /wp-content/plugins/extension-for-animation-addons/assets/lib/gsap.min.js?ver=6.8 HTTP/1.1" 304 0 "https://dangroup.sa/" "Mozilla/5.0 (iPhone; CPU iPhone OS 16_3_1 like Mac OS X) AppleWebKit/605.1.15 (KHTML, like Gecko) Mobile/20D67 Instagram 387.0.0.24.91 (iPhone12,3; iOS 16_3_1; en_US; en; scale=3.00; 1125x2436; 755087652; IABMV/1)"
2001:16a2:c0c1:a821:bd5d:cc99:a9aa:1fe0 - - [11/Jul/2025:11:19:09 -0400] "GET /wp-content/plugins/chaty/js/cht-front-script.min.js?ver=3.4.21748763706 HTTP/1.1" 200 22509 "https://dangroup.sa/" "Mozilla/5.0 (iPhone; CPU iPhone OS 16_3_1 like Mac OS X) AppleWebKit/605.1.15 (KHTML, like Gecko) Mobile/20D67 Instagram 387.0.0.24.91 (iPhone12,3; iOS 16_3_1; en_US; en; scale=3.00; 1125x2436; 755087652; IABMV/1)"
2001:16a2:c0c1:a821:bd5d:cc99:a9aa:1fe0 - - [11/Jul/2025:11:19:09 -0400] "GET /wp-content/plugins/wcf-addons-pro/assets/js/wcf-addons-pro.js?ver=6.8 HTTP/1.1" 304 0 "https://dangroup.sa/" "Mozilla/5.0 (iPhone; CPU iPhone OS 16_3_1 like Mac OS X) AppleWebKit/605.1.15 (KHTML, like Gecko) Mobile/20D67 Instagram 387.0.0.24.91 (iPhone12,3; iOS 16_3_1; en_US; en; scale=3.00; 1125x2436; 755087652; IABMV/1)"
2001:16a2:c0c1:a821:bd5d:cc99:a9aa:1fe0 - - [11/Jul/2025:11:19:09 -0400] "GET /wp-content/plugins/extension-for-animation-addons/assets/js/wcf-addons-ex.js?ver=6.8 HTTP/1.1" 304 0 "https://dangroup.sa/" "Mozilla/5.0 (iPhone; CPU iPhone OS 16_3_1 like Mac OS X) AppleWebKit/605.1.15 (KHTML, like Gecko) Mobile/20D67 Instagram 387.0.0.24.91 (iPhone12,3; iOS 16_3_1; en_US; en; scale=3.00; 1125x2436; 755087652; IABMV/1)"
2001:16a2:c0c1:a821:bd5d:cc99:a9aa:1fe0 - - [11/Jul/2025:11:19:09 -0400] "GET /wp-content/plugins/elementor/assets/lib/swiper/v8/swiper.min.js?ver=8.4.5 HTTP/1.1" 304 0 "https://dangroup.sa/" "Mozilla/5.0 (iPhone; CPU iPhone OS 16_3_1 like Mac OS X) AppleWebKit/605.1.15 (KHTML, like Gecko) Mobile/20D67 Instagram 387.0.0.24.91 (iPhone12,3; iOS 16_3_1; en_US; en; scale=3.00; 1125x2436; 755087652; IABMV/1)"
2001:16a2:c0c1:a821:bd5d:cc99:a9aa:1fe0 - - [11/Jul/2025:11:19:09 -0400] "GET /wp-content/plugins/elementor/assets/lib/jquery-numerator/jquery-numerator.min.js?ver=0.2.1 HTTP/1.1" 304 0 "https://dangroup.sa/" "Mozilla/5.0 (iPhone; CPU iPhone OS 16_3_1 like Mac OS X) AppleWebKit/605.1.15 (KHTML, like Gecko) Mobile/20D67 Instagram 387.0.0.24.91 (iPhone12,3; iOS 16_3_1; en_US; en; scale=3.00; 1125x2436; 755087652; IABMV/1)"
2001:16a2:c0c1:a821:bd5d:cc99:a9aa:1fe0 - - [11/Jul/2025:11:19:09 -0400] "GET /wp-content/plugins/contact-form-7/includes/js/index.js?ver=5.9.8 HTTP/1.1" 304 0 "https://dangroup.sa/" "Mozilla/5.0 (iPhone; CPU iPhone OS 16_3_1 like Mac OS X) AppleWebKit/605.1.15 (KHTML, like Gecko) Mobile/20D67 Instagram 387.0.0.24.91 (iPhone12,3; iOS 16_3_1; en_US; en; scale=3.00; 1125x2436; 755087652; IABMV/1)"
2001:16a2:c0c1:a821:bd5d:cc99:a9aa:1fe0 - - [11/Jul/2025:11:19:09 -0400] "GET /wp-content/plugins/elementor/assets/js/frontend-modules.min.js?ver=3.28.4 HTTP/1.1" 304 0 "https://dangroup.sa/" "Mozilla/5.0 (iPhone; CPU iPhone OS 16_3_1 like Mac OS X) AppleWebKit/605.1.15 (KHTML, like Gecko) Mobile/20D67 Instagram 387.0.0.24.91 (iPhone12,3; iOS 16_3_1; en_US; en; scale=3.00; 1125x2436; 755087652; IABMV/1)"
2001:16a2:c0c1:a821:bd5d:cc99:a9aa:1fe0 - - [11/Jul/2025:11:19:09 -0400] "GET /wp-content/plugins/wcf-addons-pro/assets/js/advance-slider-effects.js?ver=6.8 HTTP/1.1" 304 0 "https://dangroup.sa/" "Mozilla/5.0 (iPhone; CPU iPhone OS 16_3_1 like Mac OS X) AppleWebKit/605.1.15 (KHTML, like Gecko) Mobile/20D67 Instagram 387.0.0.24.91 (iPhone12,3; iOS 16_3_1; en_US; en; scale=3.00; 1125x2436; 755087652; IABMV/1)"
2001:16a2:c0c1:a821:bd5d:cc99:a9aa:1fe0 - - [11/Jul/2025:11:19:09 -0400] "GET /wp-content/plugins/google-site-kit/dist/assets/js/googlesitekit-events-provider-contact-form-7-84e9a1056bc4922b7cbd.js HTTP/1.1" 304 0 "https://dangroup.sa/" "Mozilla/5.0 (iPhone; CPU iPhone OS 16_3_1 like Mac OS X) AppleWebKit/605.1.15 (KHTML, like Gecko) Mobile/20D67 Instagram 387.0.0.24.91 (iPhone12,3; iOS 16_3_1; en_US; en; scale=3.00; 1125x2436; 755087652; IABMV/1)"
2001:16a2:c0c1:a821:bd5d:cc99:a9aa:1fe0 - - [11/Jul/2025:11:19:09 -0400] "GET /wp-includes/js/jquery/jquery.min.js?ver=3.7.1 HTTP/1.1" 304 0 "https://dangroup.sa/" "Mozilla/5.0 (iPhone; CPU iPhone OS 16_3_1 like Mac OS X) AppleWebKit/605.1.15 (KHTML, like Gecko) Mobile/20D67 Instagram 387.0.0.24.91 (iPhone12,3; iOS 16_3_1; en_US; en; scale=3.00; 1125x2436; 755087652; IABMV/1)"
2001:16a2:c0c1:a821:bd5d:cc99:a9aa:1fe0 - - [11/Jul/2025:11:19:09 -0400] "GET /wp-content/plugins/extension-for-animation-addons/assets/lib/ScrollTrigger.min.js?ver=6.8 HTTP/1.1" 304 0 "https://dangroup.sa/" "Mozilla/5.0 (iPhone; CPU iPhone OS 16_3_1 like Mac OS X) AppleWebKit/605.1.15 (KHTML, like Gecko) Mobile/20D67 Instagram 387.0.0.24.91 (iPhone12,3; iOS 16_3_1; en_US; en; scale=3.00; 1125x2436; 755087652; IABMV/1)"
2001:16a2:c0c1:a821:bd5d:cc99:a9aa:1fe0 - - [11/Jul/2025:11:19:09 -0400] "GET /wp-content/plugins/contact-form-7/includes/css/styles-rtl.css?ver=5.9.8 HTTP/1.1" 200 152 "https://dangroup.sa/" "Mozilla/5.0 (iPhone; CPU iPhone OS 16_3_1 like Mac OS X) AppleWebKit/605.1.15 (KHTML, like Gecko) Mobile/20D67 Instagram 387.0.0.24.91 (iPhone12,3; iOS 16_3_1; en_US; en; scale=3.00; 1125x2436; 755087652; IABMV/1)"
2001:16a2:c0c1:a821:bd5d:cc99:a9aa:1fe0 - - [11/Jul/2025:11:19:09 -0400] "GET /wp-includes/js/dist/hooks.min.js?ver=4d63a3d491d11ffd8ac6 HTTP/1.1" 304 0 "https://dangroup.sa/" "Mozilla/5.0 (iPhone; CPU iPhone OS 16_3_1 like Mac OS X) AppleWebKit/605.1.15 (KHTML, like Gecko) Mobile/20D67 Instagram 387.0.0.24.91 (iPhone12,3; iOS 16_3_1; en_US; en; scale=3.00; 1125x2436; 755087652; IABMV/1)"
2001:16a2:c0c1:a821:bd5d:cc99:a9aa:1fe0 - - [11/Jul/2025:11:19:09 -0400] "GET /wp-includes/js/jquery/ui/core.min.js?ver=1.13.3 HTTP/1.1" 304 0 "https://dangroup.sa/" "Mozilla/5.0 (iPhone; CPU iPhone OS 16_3_1 like Mac OS X) AppleWebKit/605.1.15 (KHTML, like Gecko) Mobile/20D67 Instagram 387.0.0.24.91 (iPhone12,3; iOS 16_3_1; en_US; en; scale=3.00; 1125x2436; 755087652; IABMV/1)"
2001:16a2:c0c1:a821:bd5d:cc99:a9aa:1fe0 - - [11/Jul/2025:11:19:09 -0400] "GET /wp-content/plugins/elementor-pro/assets/js/frontend.min.js?ver=3.29.1 HTTP/1.1" 304 0 "https://dangroup.sa/" "Mozilla/5.0 (iPhone; CPU iPhone OS 16_3_1 like Mac OS X) AppleWebKit/605.1.15 (KHTML, like Gecko) Mobile/20D67 Instagram 387.0.0.24.91 (iPhone12,3; iOS 16_3_1; en_US; en; scale=3.00; 1125x2436; 755087652; IABMV/1)"
2001:16a2:c0c1:a821:bd5d:cc99:a9aa:1fe0 - - [11/Jul/2025:11:19:09 -0400] "GET /wp-content/plugins/google-site-kit/dist/assets/js/googlesitekit-consent-mode-8917f4bdb6ac659920cf.js HTTP/1.1" 304 0 "https://dangroup.sa/" "Mozilla/5.0 (iPhone; CPU iPhone OS 16_3_1 like Mac OS X) AppleWebKit/605.1.15 (KHTML, like Gecko) Mobile/20D67 Instagram 387.0.0.24.91 (iPhone12,3; iOS 16_3_1; en_US; en; scale=3.00; 1125x2436; 755087652; IABMV/1)"
2001:16a2:c0c1:a821:bd5d:cc99:a9aa:1fe0 - - [11/Jul/2025:11:19:12 -0400] "GET /wp-content/uploads/2024/11/Group-258.png HTTP/1.1" 200 11295 "https://dangroup.sa/" "Mozilla/5.0 (iPhone; CPU iPhone OS 16_3_1 like Mac OS X) AppleWebKit/605.1.15 (KHTML, like Gecko) Mobile/20D67 Instagram 387.0.0.24.91 (iPhone12,3; iOS 16_3_1; en_US; en; scale=3.00; 1125x2436; 755087652; IABMV/1)"
2001:16a2:c0c1:a821:bd5d:cc99:a9aa:1fe0 - - [11/Jul/2025:11:19:12 -0400] "GET /wp-content/uploads/2024/11/Group-303.png HTTP/1.1" 200 16534 "https://dangroup.sa/" "Mozilla/5.0 (iPhone; CPU iPhone OS 16_3_1 like Mac OS X) AppleWebKit/605.1.15 (KHTML, like Gecko) Mobile/20D67 Instagram 387.0.0.24.91 (iPhone12,3; iOS 16_3_1; en_US; en; scale=3.00; 1125x2436; 755087652; IABMV/1)"
2001:16a2:c0c1:a821:bd5d:cc99:a9aa:1fe0 - - [11/Jul/2025:11:19:12 -0400] "GET /wp-content/uploads/2024/11/Group-66.png HTTP/1.1" 200 11964 "https://dangroup.sa/" "Mozilla/5.0 (iPhone; CPU iPhone OS 16_3_1 like Mac OS X) AppleWebKit/605.1.15 (KHTML, like Gecko) Mobile/20D67 Instagram 387.0.0.24.91 (iPhone12,3; iOS 16_3_1; en_US; en; scale=3.00; 1125x2436; 755087652; IABMV/1)"
2001:16a2:c0c1:a821:bd5d:cc99:a9aa:1fe0 - - [11/Jul/2025:11:19:12 -0400] "GET /wp-content/uploads/2024/11/Group-49.png HTTP/1.1" 200 17331 "https://dangroup.sa/" "Mozilla/5.0 (iPhone; CPU iPhone OS 16_3_1 like Mac OS X) AppleWebKit/605.1.15 (KHTML, like Gecko) Mobile/20D67 Instagram 387.0.0.24.91 (iPhone12,3; iOS 16_3_1; en_US; en; scale=3.00; 1125x2436; 755087652; IABMV/1)"
2001:16a2:c0c1:a821:bd5d:cc99:a9aa:1fe0 - - [11/Jul/2025:11:19:12 -0400] "GET /wp-content/uploads/2024/11/Group-176.png HTTP/1.1" 200 11813 "https://dangroup.sa/" "Mozilla/5.0 (iPhone; CPU iPhone OS 16_3_1 like Mac OS X) AppleWebKit/605.1.15 (KHTML, like Gecko) Mobile/20D67 Instagram 387.0.0.24.91 (iPhone12,3; iOS 16_3_1; en_US; en; scale=3.00; 1125x2436; 755087652; IABMV/1)"
2001:16a2:c0c1:a821:bd5d:cc99:a9aa:1fe0 - - [11/Jul/2025:11:19:12 -0400] "GET /wp-content/uploads/2024/11/Group-139.png HTTP/1.1" 200 21370 "https://dangroup.sa/" "Mozilla/5.0 (iPhone; CPU iPhone OS 16_3_1 like Mac OS X) AppleWebKit/605.1.15 (KHTML, like Gecko) Mobile/20D67 Instagram 387.0.0.24.91 (iPhone12,3; iOS 16_3_1; en_US; en; scale=3.00; 1125x2436; 755087652; IABMV/1)"
2001:16a2:c0c1:a821:bd5d:cc99:a9aa:1fe0 - - [11/Jul/2025:11:19:12 -0400] "GET /wp-content/uploads/2024/11/Group-356.png HTTP/1.1" 304 0 "https://dangroup.sa/" "Mozilla/5.0 (iPhone; CPU iPhone OS 16_3_1 like Mac OS X) AppleWebKit/605.1.15 (KHTML, like Gecko) Mobile/20D67 Instagram 387.0.0.24.91 (iPhone12,3; iOS 16_3_1; en_US; en; scale=3.00; 1125x2436; 755087652; IABMV/1)"
136.243.228.194 - - [11/Jul/2025:11:19:09 -0400] "GET /items/dptuq202/51720?key=feeling HTTP/1.1" 404 23128 "-" "Mozilla/5.0 (compatible; DataForSeoBot/1.0; +https://dataforseo.com/dataforseo-bot)"
2001:16a2:c0c1:a821:bd5d:cc99:a9aa:1fe0 - - [11/Jul/2025:11:19:12 -0400] "GET /wp-content/uploads/2024/11/Group-204.png HTTP/1.1" 200 11061 "https://dangroup.sa/" "Mozilla/5.0 (iPhone; CPU iPhone OS 16_3_1 like Mac OS X) AppleWebKit/605.1.15 (KHTML, like Gecko) Mobile/20D67 Instagram 387.0.0.24.91 (iPhone12,3; iOS 16_3_1; en_US; en; scale=3.00; 1125x2436; 755087652; IABMV/1)"
2001:16a2:c0c1:a821:bd5d:cc99:a9aa:1fe0 - - [11/Jul/2025:11:19:12 -0400] "GET /wp-content/uploads/2024/11/Group-129.png HTTP/1.1" 304 0 "https://dangroup.sa/" "Mozilla/5.0 (iPhone; CPU iPhone OS 16_3_1 like Mac OS X) AppleWebKit/605.1.15 (KHTML, like Gecko) Mobile/20D67 Instagram 387.0.0.24.91 (iPhone12,3; iOS 16_3_1; en_US; en; scale=3.00; 1125x2436; 755087652; IABMV/1)"
2001:16a2:c0c1:a821:bd5d:cc99:a9aa:1fe0 - - [11/Jul/2025:11:19:12 -0400] "GET /wp-content/uploads/2024/11/Group-141.png HTTP/1.1" 200 10511 "https://dangroup.sa/" "Mozilla/5.0 (iPhone; CPU iPhone OS 16_3_1 like Mac OS X) AppleWebKit/605.1.15 (KHTML, like Gecko) Mobile/20D67 Instagram 387.0.0.24.91 (iPhone12,3; iOS 16_3_1; en_US; en; scale=3.00; 1125x2436; 755087652; IABMV/1)"
2001:16a2:c0c1:a821:bd5d:cc99:a9aa:1fe0 - - [11/Jul/2025:11:19:12 -0400] "GET /wp-content/uploads/2024/11/Group-77.png HTTP/1.1" 200 13817 "https://dangroup.sa/" "Mozilla/5.0 (iPhone; CPU iPhone OS 16_3_1 like Mac OS X) AppleWebKit/605.1.15 (KHTML, like Gecko) Mobile/20D67 Instagram 387.0.0.24.91 (iPhone12,3; iOS 16_3_1; en_US; en; scale=3.00; 1125x2436; 755087652; IABMV/1)"
2001:16a2:c0c1:a821:bd5d:cc99:a9aa:1fe0 - - [11/Jul/2025:11:19:12 -0400] "GET /wp-content/uploads/2024/11/Group-144.png HTTP/1.1" 200 15926 "https://dangroup.sa/" "Mozilla/5.0 (iPhone; CPU iPhone OS 16_3_1 like Mac OS X) AppleWebKit/605.1.15 (KHTML, like Gecko) Mobile/20D67 Instagram 387.0.0.24.91 (iPhone12,3; iOS 16_3_1; en_US; en; scale=3.00; 1125x2436; 755087652; IABMV/1)"
2001:16a2:c0c1:a821:bd5d:cc99:a9aa:1fe0 - - [11/Jul/2025:11:19:13 -0400] "GET /wp-content/uploads/2024/11/Group-211.png HTTP/1.1" 304 0 "https://dangroup.sa/" "Mozilla/5.0 (iPhone; CPU iPhone OS 16_3_1 like Mac OS X) AppleWebKit/605.1.15 (KHTML, like Gecko) Mobile/20D67 Instagram 387.0.0.24.91 (iPhone12,3; iOS 16_3_1; en_US; en; scale=3.00; 1125x2436; 755087652; IABMV/1)"
2001:16a2:c0c1:a821:bd5d:cc99:a9aa:1fe0 - - [11/Jul/2025:11:19:13 -0400] "GET /wp-includes/js/wp-emoji-release.min.js?ver=6.8 HTTP/1.1" 304 0 "https://dangroup.sa/" "Mozilla/5.0 (iPhone; CPU iPhone OS 16_3_1 like Mac OS X) AppleWebKit/605.1.15 (KHTML, like Gecko) Mobile/20D67 Instagram 387.0.0.24.91 (iPhone12,3; iOS 16_3_1; en_US; en; scale=3.00; 1125x2436; 755087652; IABMV/1)"
2001:16a2:c0c1:a821:bd5d:cc99:a9aa:1fe0 - - [11/Jul/2025:11:19:13 -0400] "GET /wp-content/uploads/2024/11/Group-308.png HTTP/1.1" 200 12656 "https://dangroup.sa/" "Mozilla/5.0 (iPhone; CPU iPhone OS 16_3_1 like Mac OS X) AppleWebKit/605.1.15 (KHTML, like Gecko) Mobile/20D67 Instagram 387.0.0.24.91 (iPhone12,3; iOS 16_3_1; en_US; en; scale=3.00; 1125x2436; 755087652; IABMV/1)"
2001:16a2:c0c1:a821:bd5d:cc99:a9aa:1fe0 - - [11/Jul/2025:11:19:14 -0400] "GET /wp-content/uploads/2024/11/Group-346.png HTTP/1.1" 200 13613 "https://dangroup.sa/" "Mozilla/5.0 (iPhone; CPU iPhone OS 16_3_1 like Mac OS X) AppleWebKit/605.1.15 (KHTML, like Gecko) Mobile/20D67 Instagram 387.0.0.24.91 (iPhone12,3; iOS 16_3_1; en_US; en; scale=3.00; 1125x2436; 755087652; IABMV/1)"
2001:16a2:c0c1:a821:bd5d:cc99:a9aa:1fe0 - - [11/Jul/2025:11:19:14 -0400] "GET /wp-content/plugins/elementor/assets/js/text-editor.c084ef86600b6f11690d.bundle.min.js HTTP/1.1" 304 0 "https://dangroup.sa/" "Mozilla/5.0 (iPhone; CPU iPhone OS 16_3_1 like Mac OS X) AppleWebKit/605.1.15 (KHTML, like Gecko) Mobile/20D67 Instagram 387.0.0.24.91 (iPhone12,3; iOS 16_3_1; en_US; en; scale=3.00; 1125x2436; 755087652; IABMV/1)"
2001:16a2:c0c1:a821:bd5d:cc99:a9aa:1fe0 - - [11/Jul/2025:11:19:14 -0400] "GET /wp-content/uploads/2024/12/dan_1.mp4 HTTP/1.1" 304 0 "https://dangroup.sa/" "Mozilla/5.0 (iPhone; CPU iPhone OS 16_3_1 like Mac OS X) AppleWebKit/605.1.15 (KHTML, like Gecko) Mobile/20D67 Instagram 387.0.0.24.91 (iPhone12,3; iOS 16_3_1; en_US; en; scale=3.00; 1125x2436; 755087652; IABMV/1)"
2001:16a2:c0c1:a821:bd5d:cc99:a9aa:1fe0 - - [11/Jul/2025:11:19:14 -0400] "GET /wp-content/uploads/2024/11/Group-118.png HTTP/1.1" 304 0 "https://dangroup.sa/" "Mozilla/5.0 (iPhone; CPU iPhone OS 16_3_1 like Mac OS X) AppleWebKit/605.1.15 (KHTML, like Gecko) Mobile/20D67 Instagram 387.0.0.24.91 (iPhone12,3; iOS 16_3_1; en_US; en; scale=3.00; 1125x2436; 755087652; IABMV/1)"
2001:16a2:c0c1:a821:bd5d:cc99:a9aa:1fe0 - - [11/Jul/2025:11:19:18 -0400] "GET / HTTP/1.1" 200 33221 "https://dangroup.sa/" "Mozilla/5.0 (iPhone; CPU iPhone OS 16_3_1 like Mac OS X) AppleWebKit/605.1.15 (KHTML, like Gecko) Mobile/20D67 Instagram 387.0.0.24.91 (iPhone12,3; iOS 16_3_1; en_US; en; scale=3.00; 1125x2436; 755087652; IABMV/1)"
66.249.79.136 - - [11/Jul/2025:11:19:35 -0400] "GET /pcmypage?callback=product%2Fdetail%2Fsupersportsxebio-108468906011 HTTP/1.1" 200 87791 "-" "Mozilla/5.0 (Linux; Android 6.0.1; Nexus 5X Build/MMB29P) AppleWebKit/537.36 (KHTML, like Gecko) Chrome/137.0.7151.103 Mobile Safari/537.36 (compatible; Googlebot/2.1; +http://www.google.com/bot.html)"
66.249.68.132 - - [11/Jul/2025:11:19:46 -0400] "GET /222bgj30357.html HTTP/1.1" 200 86894 "-" "Mozilla/5.0 (Linux; Android 6.0.1; Nexus 5X Build/MMB29P) AppleWebKit/537.36 (KHTML, like Gecko) Chrome/137.0.7151.103 Mobile Safari/537.36 (compatible; Googlebot/2.1; +http://www.google.com/bot.html)"
66.29.146.47 - - [11/Jul/2025:11:19:53 -0400] "POST /wp-cron.php?doing_wp_cron=1752247193.2655780315399169921875 HTTP/1.1" 403 1242 "-" "WordPress/6.8; https://dangroup.sa"
66.249.68.132 - - [11/Jul/2025:11:19:57 -0400] "GET /items/gsiar92/61246?key=altogether HTTP/1.1" 200 85916 "-" "Mozilla/5.0 (Linux; Android 6.0.1; Nexus 5X Build/MMB29P) AppleWebKit/537.36 (KHTML, like Gecko) Chrome/137.0.7151.103 Mobile Safari/537.36 (compatible; Googlebot/2.1; +http://www.google.com/bot.html)"
20.171.207.82 - - [11/Jul/2025:11:19:52 -0400] "GET /85vtak18712.html HTTP/1.1" 404 23130 "-" "Mozilla/5.0 AppleWebKit/537.36 (KHTML, like Gecko; compatible; GPTBot/1.2; +https://openai.com/gptbot)"
136.243.228.194 - - [11/Jul/2025:11:20:00 -0400] "GET /70nyag5277.html HTTP/1.1" 404 23128 "-" "Mozilla/5.0 (compatible; DataForSeoBot/1.0; +https://dataforseo.com/dataforseo-bot)"
136.243.228.194 - - [11/Jul/2025:11:20:09 -0400] "GET /items/lfmag26/33136?key=unknown HTTP/1.1" 404 23128 "-" "Mozilla/5.0 (compatible; DataForSeoBot/1.0; +https://dataforseo.com/dataforseo-bot)"
47.82.60.11 - - [11/Jul/2025:11:20:10 -0400] "GET /items/qntzg172/46180?key=economy HTTP/1.1" 404 23130 "https://dangroup.sa/items/qntzg172/46180?key=economy" "Mozilla/5.0 (Windows NT 10.0; Win64; x64) AppleWebKit/537.36 (KHTML, like Gecko) Chrome/114.0.0.0 Safari/537.36 Edg/114.0.1823.43"
136.243.228.194 - - [11/Jul/2025:11:20:21 -0400] "GET /items/haoky147/42281?key=layer HTTP/1.1" 404 23128 "-" "Mozilla/5.0 (compatible; DataForSeoBot/1.0; +https://dataforseo.com/dataforseo-bot)"
136.243.228.194 - - [11/Jul/2025:11:20:27 -0400] "GET /items/fvmgo125/28691?key=towel HTTP/1.1" 404 23128 "-" "Mozilla/5.0 (compatible; DataForSeoBot/1.0; +https://dataforseo.com/dataforseo-bot)"
66.249.68.133 - - [11/Jul/2025:11:20:31 -0400] "GET /20tgxj13729.html HTTP/1.1" 200 86325 "-" "Mozilla/5.0 (Linux; Android 6.0.1; Nexus 5X Build/MMB29P) AppleWebKit/537.36 (KHTML, like Gecko) Chrome/137.0.7151.103 Mobile Safari/537.36 (compatible; Googlebot/2.1; +http://www.google.com/bot.html)"
66.249.68.133 - - [11/Jul/2025:11:20:33 -0400] "GET /items/tsskq89/24143?key=money HTTP/1.1" 200 86943 "-" "Mozilla/5.0 (Linux; Android 6.0.1; Nexus 5X Build/MMB29P) AppleWebKit/537.36 (KHTML, like Gecko) Chrome/137.0.7151.103 Mobile Safari/537.36 (compatible; Googlebot/2.1; +http://www.google.com/bot.html)"
136.243.228.194 - - [11/Jul/2025:11:20:32 -0400] "GET /173bnnp43644.html HTTP/1.1" 404 23128 "-" "Mozilla/5.0 (compatible; DataForSeoBot/1.0; +https://dataforseo.com/dataforseo-bot)"
136.243.228.194 - - [11/Jul/2025:11:20:36 -0400] "GET /13nbdlh36762.html HTTP/1.1" 404 23128 "-" "Mozilla/5.0 (compatible; DataForSeoBot/1.0; +https://dataforseo.com/dataforseo-bot)"
66.249.68.133 - - [11/Jul/2025:11:20:43 -0400] "GET /items/tgnnq21/17087?key=Latin HTTP/1.1" 200 86409 "-" "Mozilla/5.0 (Linux; Android 6.0.1; Nexus 5X Build/MMB29P) AppleWebKit/537.36 (KHTML, like Gecko) Chrome/137.0.7151.103 Mobile Safari/537.36 (compatible; Googlebot/2.1; +http://www.google.com/bot.html)"
136.243.228.194 - - [11/Jul/2025:11:20:41 -0400] "GET /121rcp41586.html HTTP/1.1" 404 23128 "-" "Mozilla/5.0 (compatible; DataForSeoBot/1.0; +https://dataforseo.com/dataforseo-bot)"
