66.249.68.133 - - [11/Jul/2025:11:50:21 -0400] "GET /273urnn39594.html HTTP/1.1" 200 87153 "-" "Mozilla/5.0 (Linux; Android 6.0.1; Nexus 5X Build/MMB29P) AppleWebKit/537.36 (KHTML, like Gecko) Chrome/137.0.7151.103 Mobile Safari/537.36 (compatible; Googlebot/2.1; +http://www.google.com/bot.html)"
20.171.207.22 - - [11/Jul/2025:11:50:15 -0400] "GET /49rmbj23940.html HTTP/1.1" 404 23128 "-" "Mozilla/5.0 AppleWebKit/537.36 (KHTML, like Gecko; compatible; GPTBot/1.2; +https://openai.com/gptbot)"
47.82.60.21 - - [11/Jul/2025:11:50:14 -0400] "GET /items/ozmeb60/460?key=promote HTTP/1.1" 404 23128 "https://www.dangroup.sa/items/ozmeb60/460?key=promote" "Mozilla/5.0 (Windows NT 10.0; Win64; x64) AppleWebKit/537.36 (KHTML, like Gecko) Chrome/114.0.0.0 Safari/537.36 Edg/114.0.1823.43"
185.177.72.16 - - [11/Jul/2025:11:50:17 -0400] "GET /helpers/utility.js HTTP/1.1" 404 23128 "-" "Mozilla/5.0 (Windows NT 10.0; Win64; x64) AppleWebKit/537.36 (KHTML, like Gecko) Chrome/91.0.4472.124 Safari/537.36"
136.243.228.194 - - [11/Jul/2025:11:50:23 -0400] "GET /items/ciinn275/41855?key=cattle HTTP/1.1" 404 23128 "-" "Mozilla/5.0 (compatible; DataForSeoBot/1.0; +https://dataforseo.com/dataforseo-bot)"
20.171.207.22 - - [11/Jul/2025:11:50:26 -0400] "GET /59iyvg48498.html HTTP/1.1" 404 23128 "-" "Mozilla/5.0 AppleWebKit/537.36 (KHTML, like Gecko; compatible; GPTBot/1.2; +https://openai.com/gptbot)"
185.177.72.16 - - [11/Jul/2025:11:50:26 -0400] "GET /helper.js HTTP/1.1" 404 23128 "-" "Mozilla/5.0 (Windows NT 10.0; Win64; x64) AppleWebKit/537.36 (KHTML, like Gecko) Chrome/91.0.4472.124 Safari/537.36"
136.243.228.194 - - [11/Jul/2025:11:50:31 -0400] "GET /254ash6173.html HTTP/1.1" 404 23197 "-" "Mozilla/5.0 (compatible; DataForSeoBot/1.0; +https://dataforseo.com/dataforseo-bot)"
20.171.207.22 - - [11/Jul/2025:11:50:33 -0400] "GET /54lpvb36439.html HTTP/1.1" 404 23128 "-" "Mozilla/5.0 AppleWebKit/537.36 (KHTML, like Gecko; compatible; GPTBot/1.2; +https://openai.com/gptbot)"
185.177.72.16 - - [11/Jul/2025:11:50:33 -0400] "GET /helper/EmailHelper.js HTTP/1.1" 404 23128 "-" "Mozilla/5.0 (Windows NT 10.0; Win64; x64) AppleWebKit/537.36 (KHTML, like Gecko) Chrome/91.0.4472.124 Safari/537.36"
136.243.228.194 - - [11/Jul/2025:11:50:38 -0400] "GET /288hyaui36653.html HTTP/1.1" 404 23128 "-" "Mozilla/5.0 (compatible; DataForSeoBot/1.0; +https://dataforseo.com/dataforseo-bot)"
20.171.207.22 - - [11/Jul/2025:11:50:40 -0400] "GET /74cjgd45571.html HTTP/1.1" 404 23128 "-" "Mozilla/5.0 AppleWebKit/537.36 (KHTML, like Gecko; compatible; GPTBot/1.2; +https://openai.com/gptbot)"
185.177.72.16 - - [11/Jul/2025:11:50:40 -0400] "GET /scripts/nodemailer.js HTTP/1.1" 404 23128 "-" "Mozilla/5.0 (Windows NT 10.0; Win64; x64) AppleWebKit/537.36 (KHTML, like Gecko) Chrome/91.0.4472.124 Safari/537.36"
136.243.228.194 - - [11/Jul/2025:11:50:45 -0400] "GET /299zqb23174.html HTTP/1.1" 404 23130 "-" "Mozilla/5.0 (compatible; DataForSeoBot/1.0; +https://dataforseo.com/dataforseo-bot)"
185.177.72.16 - - [11/Jul/2025:11:50:47 -0400] "GET /app.js HTTP/1.1" 404 23128 "-" "Mozilla/5.0 (Windows NT 10.0; Win64; x64) AppleWebKit/537.36 (KHTML, like Gecko) Chrome/91.0.4472.124 Safari/537.36"
20.171.207.22 - - [11/Jul/2025:11:50:47 -0400] "GET /229cuhk3044.html HTTP/1.1" 404 23128 "-" "Mozilla/5.0 AppleWebKit/537.36 (KHTML, like Gecko; compatible; GPTBot/1.2; +https://openai.com/gptbot)"
66.249.68.134 - - [11/Jul/2025:11:51:04 -0400] "GET /269zyxdl22548.html HTTP/1.1" 200 87747 "-" "Mozilla/5.0 (Linux; Android 6.0.1; Nexus 5X Build/MMB29P) AppleWebKit/537.36 (KHTML, like Gecko) Chrome/137.0.7151.103 Mobile Safari/537.36 (compatible; Googlebot/2.1; +http://www.google.com/bot.html)"
66.249.68.134 - - [11/Jul/2025:11:51:06 -0400] "GET /items/aijgk81/19?key=professional HTTP/1.1" 200 86626 "-" "Mozilla/5.0 (Linux; Android 6.0.1; Nexus 5X Build/MMB29P) AppleWebKit/537.36 (KHTML, like Gecko) Chrome/137.0.7151.103 Mobile Safari/537.36 (compatible; Googlebot/2.1; +http://www.google.com/bot.html)"
136.243.228.194 - - [11/Jul/2025:11:50:58 -0400] "GET /items/qouze299/4983?key=company HTTP/1.1" 404 23128 "-" "Mozilla/5.0 (compatible; DataForSeoBot/1.0; +https://dataforseo.com/dataforseo-bot)"
185.177.72.16 - - [11/Jul/2025:11:51:00 -0400] "GET /api/config.js HTTP/1.1" 404 23128 "-" "Mozilla/5.0 (Windows NT 10.0; Win64; x64) AppleWebKit/537.36 (KHTML, like Gecko) Chrome/91.0.4472.124 Safari/537.36"
66.29.146.47 - - [11/Jul/2025:11:51:14 -0400] "POST /wp-cron.php?doing_wp_cron=1752249073.8629250526428222656250 HTTP/1.1" 403 1242 "-" "WordPress/6.8; https://dangroup.sa"
20.171.207.22 - - [11/Jul/2025:11:51:01 -0400] "GET /89xyjp19138.html HTTP/1.1" 404 23128 "-" "Mozilla/5.0 AppleWebKit/537.36 (KHTML, like Gecko; compatible; GPTBot/1.2; +https://openai.com/gptbot)"
66.29.146.47 - - [11/Jul/2025:11:51:14 -0400] "POST /wp-cron.php?doing_wp_cron=1752249074.3532779216766357421875 HTTP/1.1" 403 1242 "-" "WordPress/6.8; https://dangroup.sa"
66.249.68.132 - - [11/Jul/2025:11:51:15 -0400] "GET /66vjjga13679.html HTTP/1.1" 200 87255 "-" "Mozilla/5.0 (Linux; Android 6.0.1; Nexus 5X Build/MMB29P) AppleWebKit/537.36 (KHTML, like Gecko) Chrome/137.0.7151.103 Mobile Safari/537.36 (compatible; Googlebot/2.1; +http://www.google.com/bot.html)"
185.177.72.16 - - [11/Jul/2025:11:51:12 -0400] "GET /controller/admin/post.js HTTP/1.1" 404 23128 "-" "Mozilla/5.0 (Windows NT 10.0; Win64; x64) AppleWebKit/537.36 (KHTML, like Gecko) Chrome/91.0.4472.124 Safari/537.36"
136.243.228.194 - - [11/Jul/2025:11:51:12 -0400] "GET /items/zyljm48/14192?key=via HTTP/1.1" 404 23128 "-" "Mozilla/5.0 (compatible; DataForSeoBot/1.0; +https://dataforseo.com/dataforseo-bot)"
20.171.207.22 - - [11/Jul/2025:11:51:15 -0400] "GET /271myyz9682.html HTTP/1.1" 404 23128 "-" "Mozilla/5.0 AppleWebKit/537.36 (KHTML, like Gecko; compatible; GPTBot/1.2; +https://openai.com/gptbot)"
185.177.72.16 - - [11/Jul/2025:11:51:19 -0400] "GET /controller/api/post.js HTTP/1.1" 404 23128 "-" "Mozilla/5.0 (Windows NT 10.0; Win64; x64) AppleWebKit/537.36 (KHTML, like Gecko) Chrome/91.0.4472.124 Safari/537.36"
193.19.109.53 - - [11/Jul/2025:11:51:25 -0400] "GET /.env HTTP/1.1" 403 1242 "-" "Mozilla/5.0 (Macintosh; Intel Mac OS X 10.15; rv:77.0) Gecko/20100101 Firefox/77.0"
173.239.254.189 - - [11/Jul/2025:11:51:26 -0400] "GET /wp-content/ HTTP/1.1" 200 0 "-" "Mozilla/5.0 (Macintosh; Intel Mac OS X 10.15; rv:77.0) Gecko/20100101 Firefox/77.0"
136.243.228.194 - - [11/Jul/2025:11:51:21 -0400] "GET /21cjp29186.html HTTP/1.1" 404 23128 "-" "Mozilla/5.0 (compatible; DataForSeoBot/1.0; +https://dataforseo.com/dataforseo-bot)"
66.249.68.132 - - [11/Jul/2025:11:51:28 -0400] "GET /223zrlh7234.html HTTP/1.1" 200 88060 "-" "Mozilla/5.0 (Linux; Android 6.0.1; Nexus 5X Build/MMB29P) AppleWebKit/537.36 (KHTML, like Gecko) Chrome/137.0.7151.103 Mobile Safari/537.36 (compatible; Googlebot/2.1; +http://www.google.com/bot.html)"
20.171.207.22 - - [11/Jul/2025:11:51:22 -0400] "GET /23nkks31256.html HTTP/1.1" 404 23129 "-" "Mozilla/5.0 AppleWebKit/537.36 (KHTML, like Gecko; compatible; GPTBot/1.2; +https://openai.com/gptbot)"
185.177.72.16 - - [11/Jul/2025:11:51:24 -0400] "GET /controllers/settings.js HTTP/1.1" 404 23128 "-" "Mozilla/5.0 (Windows NT 10.0; Win64; x64) AppleWebKit/537.36 (KHTML, like Gecko) Chrome/91.0.4472.124 Safari/537.36"
136.243.228.194 - - [11/Jul/2025:11:51:29 -0400] "GET /192kkez323.html HTTP/1.1" 404 23130 "-" "Mozilla/5.0 (compatible; DataForSeoBot/1.0; +https://dataforseo.com/dataforseo-bot)"
20.171.207.22 - - [11/Jul/2025:11:51:31 -0400] "GET /211iylc4050.html HTTP/1.1" 404 23129 "-" "Mozilla/5.0 AppleWebKit/537.36 (KHTML, like Gecko; compatible; GPTBot/1.2; +https://openai.com/gptbot)"
185.177.72.16 - - [11/Jul/2025:11:51:31 -0400] "GET /user/controllers/index.js HTTP/1.1" 404 23128 "-" "Mozilla/5.0 (Windows NT 10.0; Win64; x64) AppleWebKit/537.36 (KHTML, like Gecko) Chrome/91.0.4472.124 Safari/537.36"
136.243.228.194 - - [11/Jul/2025:11:51:37 -0400] "GET /items/ocgun79/34667?key=cousin HTTP/1.1" 404 23128 "-" "Mozilla/5.0 (compatible; DataForSeoBot/1.0; +https://dataforseo.com/dataforseo-bot)"
20.171.207.22 - - [11/Jul/2025:11:51:38 -0400] "GET /213tkrk4538.html HTTP/1.1" 404 23128 "-" "Mozilla/5.0 AppleWebKit/537.36 (KHTML, like Gecko; compatible; GPTBot/1.2; +https://openai.com/gptbot)"
66.249.68.133 - - [11/Jul/2025:11:51:51 -0400] "GET /97mpwaj9946.html HTTP/1.1" 200 86899 "-" "Mozilla/5.0 (Linux; Android 6.0.1; Nexus 5X Build/MMB29P) AppleWebKit/537.36 (KHTML, like Gecko) Chrome/137.0.7151.103 Mobile Safari/537.36 (compatible; Googlebot/2.1; +http://www.google.com/bot.html)"
185.177.72.16 - - [11/Jul/2025:11:51:39 -0400] "GET /admin/controllers/merchant.js HTTP/1.1" 404 23128 "-" "Mozilla/5.0 (Windows NT 10.0; Win64; x64) AppleWebKit/537.36 (KHTML, like Gecko) Chrome/91.0.4472.124 Safari/537.36"
5.161.110.226 - - [11/Jul/2025:11:51:43 -0400] "GET /items/trqyl184/46546?key=underlying HTTP/1.1" 404 23130 "-" "Mozilla/5.0 (Windows NT 10.0; Win64; x64) AppleWebKit/537.36 (KHTML, like Gecko) Chrome/84.0.4147.105 Safari/537.36"
47.82.60.1 - - [11/Jul/2025:11:51:46 -0400] "GET /items/gkrcq1/21355?key=fever HTTP/1.1" 404 23128 "https://dangroup.sa/items/gkrcq1/21355?key=fever" "Mozilla/5.0 (Windows NT 10.0; Win64; x64) AppleWebKit/537.36 (KHTML, like Gecko) Chrome/114.0.0.0 Safari/537.36 Edg/114.0.1823.43"
66.249.68.134 - - [11/Jul/2025:11:52:01 -0400] "GET /95hwhk35602.html HTTP/1.1" 200 87172 "-" "Mozilla/5.0 (compatible; Googlebot/2.1; +http://www.google.com/bot.html)"
66.249.68.132 - - [11/Jul/2025:11:52:06 -0400] "GET /product/edit/kg-maido-tr-8563279 HTTP/1.1" 200 86341 "-" "Mozilla/5.0 (Linux; Android 6.0.1; Nexus 5X Build/MMB29P) AppleWebKit/537.36 (KHTML, like Gecko) Chrome/137.0.7151.103 Mobile Safari/537.36 (compatible; GoogleOther)"
136.243.228.194 - - [11/Jul/2025:11:51:52 -0400] "GET /131xphj59954.html HTTP/1.1" 404 23128 "-" "Mozilla/5.0 (compatible; DataForSeoBot/1.0; +https://dataforseo.com/dataforseo-bot)"
185.177.72.16 - - [11/Jul/2025:11:51:57 -0400] "GET /admin/controllers/partner.js HTTP/1.1" 404 23128 "-" "Mozilla/5.0 (Windows NT 10.0; Win64; x64) AppleWebKit/537.36 (KHTML, like Gecko) Chrome/91.0.4472.124 Safari/537.36"
20.171.207.22 - - [11/Jul/2025:11:51:54 -0400] "GET /40ggph38299.html HTTP/1.1" 404 23128 "-" "Mozilla/5.0 AppleWebKit/537.36 (KHTML, like Gecko; compatible; GPTBot/1.2; +https://openai.com/gptbot)"
185.177.72.16 - - [11/Jul/2025:11:52:09 -0400] "GET /api/objects/codes.php.save HTTP/1.1" 404 23128 "-" "Mozilla/5.0 (Windows NT 10.0; Win64; x64) AppleWebKit/537.36 (KHTML, like Gecko) Chrome/91.0.4472.124 Safari/537.36"
66.249.68.132 - - [11/Jul/2025:11:52:14 -0400] "GET /35utrq4074.html HTTP/1.1" 200 86988 "-" "Mozilla/5.0 (Linux; Android 6.0.1; Nexus 5X Build/MMB29P) AppleWebKit/537.36 (KHTML, like Gecko) Chrome/137.0.7151.103 Mobile Safari/537.36 (compatible; Googlebot/2.1; +http://www.google.com/bot.html)"
136.243.228.194 - - [11/Jul/2025:11:52:10 -0400] "GET /items/ltqml300/16462?key=ideology HTTP/1.1" 404 23128 "-" "Mozilla/5.0 (compatible; DataForSeoBot/1.0; +https://dataforseo.com/dataforseo-bot)"
20.171.207.22 - - [11/Jul/2025:11:52:11 -0400] "GET /117jtlg4980.html HTTP/1.1" 404 23130 "-" "Mozilla/5.0 AppleWebKit/537.36 (KHTML, like Gecko; compatible; GPTBot/1.2; +https://openai.com/gptbot)"
66.29.146.47 - - [11/Jul/2025:11:52:17 -0400] "POST /wp-cron.php?doing_wp_cron=1752249137.7631669044494628906250 HTTP/1.1" 403 1242 "-" "WordPress/6.8; https://dangroup.sa"
185.177.72.16 - - [11/Jul/2025:11:52:11 -0400] "GET /vendor/phpunit/phpunit/src/Util/PHP/eval-stdin.php HTTP/1.1" 404 23128 "-" "Mozilla/5.0 (Windows NT 10.0; Win64; x64) AppleWebKit/537.36 (KHTML, like Gecko) Chrome/91.0.4472.124 Safari/537.36"
136.243.228.194 - - [11/Jul/2025:11:52:16 -0400] "GET /3reuq43752.html HTTP/1.1" 404 23128 "-" "Mozilla/5.0 (compatible; DataForSeoBot/1.0; +https://dataforseo.com/dataforseo-bot)"
47.82.60.29 - - [11/Jul/2025:11:52:20 -0400] "GET /pcmypage?callback=product/detail/orange-benri-orb6105114 HTTP/1.1" 301 0 "https://www.dangroup.sa/pcmypage?callback=product%2Fdetail%2Forange-benri-orb6105114" "Mozilla/5.0 (Windows NT 10.0; Win64; x64) AppleWebKit/537.36 (KHTML, like Gecko) Chrome/114.0.0.0 Safari/537.36 Edg/114.0.1823.43"
185.177.72.16 - - [11/Jul/2025:11:52:18 -0400] "GET /gatsby-config.js HTTP/1.1" 404 23128 "-" "Mozilla/5.0 (Windows NT 10.0; Win64; x64) AppleWebKit/537.36 (KHTML, like Gecko) Chrome/91.0.4472.124 Safari/537.36"
47.82.60.24 - - [11/Jul/2025:11:52:24 -0400] "GET /items/sexxz281/33631?key=outfit HTTP/1.1" 301 0 "https://www.dangroup.sa/items/sexxz281/33631?key=outfit" "Mozilla/5.0 (Windows NT 10.0; Win64; x64) AppleWebKit/537.36 (KHTML, like Gecko) Chrome/114.0.0.0 Safari/537.36 Edg/114.0.1823.43"
47.82.60.52 - - [11/Jul/2025:11:52:19 -0400] "GET /pcmypage?callback=product/detail/locondo-ma5093em000216-1 HTTP/1.1" 404 23130 "https://dangroup.sa/pcmypage?callback=product%2Fdetail%2Flocondo-ma5093em000216-1" "Mozilla/5.0 (Windows NT 10.0; Win64; x64) AppleWebKit/537.36 (KHTML, like Gecko) Chrome/114.0.0.0 Safari/537.36 Edg/114.0.1823.43"
20.171.207.22 - - [11/Jul/2025:11:52:19 -0400] "GET /55lciv44178.html HTTP/1.1" 404 23130 "-" "Mozilla/5.0 AppleWebKit/537.36 (KHTML, like Gecko; compatible; GPTBot/1.2; +https://openai.com/gptbot)"
47.82.60.29 - - [11/Jul/2025:11:52:22 -0400] "GET /pcmypage?callback=product/detail/orange-benri-orb6105114 HTTP/1.1" 404 23130 "https://www.dangroup.sa/pcmypage?callback=product%2Fdetail%2Forange-benri-orb6105114" "Mozilla/5.0 (Windows NT 10.0; Win64; x64) AppleWebKit/537.36 (KHTML, like Gecko) Chrome/114.0.0.0 Safari/537.36 Edg/114.0.1823.43"
66.249.68.132 - - [11/Jul/2025:11:52:38 -0400] "GET /82zpk17713.html HTTP/1.1" 200 86960 "-" "Mozilla/5.0 (Linux; Android 6.0.1; Nexus 5X Build/MMB29P) AppleWebKit/537.36 (KHTML, like Gecko) Chrome/137.0.7151.103 Mobile Safari/537.36 (compatible; Googlebot/2.1; +http://www.google.com/bot.html)"
136.243.228.194 - - [11/Jul/2025:11:52:23 -0400] "GET /items/damux63/6809?key=enforce HTTP/1.1" 404 23128 "-" "Mozilla/5.0 (compatible; DataForSeoBot/1.0; +https://dataforseo.com/dataforseo-bot)"
47.82.60.24 - - [11/Jul/2025:11:52:28 -0400] "GET /items/sexxz281/33631?key=outfit HTTP/1.1" 404 23130 "https://www.dangroup.sa/items/sexxz281/33631?key=outfit" "Mozilla/5.0 (Windows NT 10.0; Win64; x64) AppleWebKit/537.36 (KHTML, like Gecko) Chrome/114.0.0.0 Safari/537.36 Edg/114.0.1823.43"
185.177.72.16 - - [11/Jul/2025:11:52:26 -0400] "GET /storage/logs/laravel.log HTTP/1.1" 404 23128 "-" "Mozilla/5.0 (Windows NT 10.0; Win64; x64) AppleWebKit/537.36 (KHTML, like Gecko) Chrome/91.0.4472.124 Safari/537.36"
47.82.60.9 - - [11/Jul/2025:11:52:29 -0400] "GET /pcmypage?callback=product/detail/bola1027-4961348010280 HTTP/1.1" 404 23128 "https://dangroup.sa/pcmypage?callback=product%2Fdetail%2Fbola1027-4961348010280" "Mozilla/5.0 (Windows NT 10.0; Win64; x64) AppleWebKit/537.36 (KHTML, like Gecko) Chrome/114.0.0.0 Safari/537.36 Edg/114.0.1823.43"
20.171.207.22 - - [11/Jul/2025:11:52:35 -0400] "GET /162pljh8005.html HTTP/1.1" 404 23128 "-" "Mozilla/5.0 AppleWebKit/537.36 (KHTML, like Gecko; compatible; GPTBot/1.2; +https://openai.com/gptbot)"
136.243.228.194 - - [11/Jul/2025:11:52:42 -0400] "GET /items/tpypa257/12001?key=stop HTTP/1.1" 404 23128 "-" "Mozilla/5.0 (compatible; DataForSeoBot/1.0; +https://dataforseo.com/dataforseo-bot)"
185.177.72.16 - - [11/Jul/2025:11:52:46 -0400] "GET /karma.conf.json HTTP/1.1" 404 23128 "-" "Mozilla/5.0 (Windows NT 10.0; Win64; x64) AppleWebKit/537.36 (KHTML, like Gecko) Chrome/91.0.4472.124 Safari/537.36"
208.110.64.178 - - [11/Jul/2025:11:52:58 -0400] "GET /wp-content/install.php HTTP/1.1" 200 10 "https://dangroup.sa/wp-content/install.php" "Mozilla/5.0 (Windows NT 10.0; Win64; x64) AppleWebKit/537.36 (KHTML, like Gecko) Chrome/58.0.3029.110 Safari/537.3"
66.249.79.134 - - [11/Jul/2025:11:52:59 -0400] "GET /pcmypage?callback=/product%2Fdetail%2tenpos2-ax1-01270058 HTTP/1.1" 403 1242 "-" "Mozilla/5.0 (Linux; Android 6.0.1; Nexus 5X Build/MMB29P) AppleWebKit/537.36 (KHTML, like Gecko) Chrome/137.0.7151.103 Mobile Safari/537.36 (compatible; Googlebot/2.1; +http://www.google.com/bot.html)"
20.171.207.22 - - [11/Jul/2025:11:52:53 -0400] "GET /17gjgy22668.html HTTP/1.1" 404 23129 "-" "Mozilla/5.0 AppleWebKit/537.36 (KHTML, like Gecko; compatible; GPTBot/1.2; +https://openai.com/gptbot)"
136.243.228.194 - - [11/Jul/2025:11:52:57 -0400] "GET /70arvd32233.html HTTP/1.1" 404 23130 "-" "Mozilla/5.0 (compatible; DataForSeoBot/1.0; +https://dataforseo.com/dataforseo-bot)"
185.177.72.16 - - [11/Jul/2025:11:52:58 -0400] "GET /swagger.json HTTP/1.1" 404 23128 "-" "Mozilla/5.0 (Windows NT 10.0; Win64; x64) AppleWebKit/537.36 (KHTML, like Gecko) Chrome/91.0.4472.124 Safari/537.36"
20.171.207.22 - - [11/Jul/2025:11:53:03 -0400] "GET /27wrto43420.html HTTP/1.1" 404 23130 "-" "Mozilla/5.0 AppleWebKit/537.36 (KHTML, like Gecko; compatible; GPTBot/1.2; +https://openai.com/gptbot)"
136.243.228.194 - - [11/Jul/2025:11:53:05 -0400] "GET /93lrpl32202.html HTTP/1.1" 404 23130 "-" "Mozilla/5.0 (compatible; DataForSeoBot/1.0; +https://dataforseo.com/dataforseo-bot)"
185.177.72.16 - - [11/Jul/2025:11:53:04 -0400] "GET /swagger.js HTTP/1.1" 404 23130 "-" "Mozilla/5.0 (Windows NT 10.0; Win64; x64) AppleWebKit/537.36 (KHTML, like Gecko) Chrome/91.0.4472.124 Safari/537.36"
47.82.60.20 - - [11/Jul/2025:11:53:07 -0400] "GET /items/utwzx157/10999?key=AM HTTP/1.1" 404 23128 "https://dangroup.sa/items/utwzx157/10999?key=AM" "Mozilla/5.0 (Windows NT 10.0; Win64; x64) AppleWebKit/537.36 (KHTML, like Gecko) Chrome/114.0.0.0 Safari/537.36 Edg/114.0.1823.43"
20.171.207.22 - - [11/Jul/2025:11:53:09 -0400] "GET /46arsm40561.html HTTP/1.1" 404 23129 "-" "Mozilla/5.0 AppleWebKit/537.36 (KHTML, like Gecko; compatible; GPTBot/1.2; +https://openai.com/gptbot)"
66.29.146.47 - - [11/Jul/2025:11:53:23 -0400] "POST /wp-cron.php?doing_wp_cron=1752249202.5740880966186523437500 HTTP/1.1" 403 1242 "-" "WordPress/6.8; https://dangroup.sa"
185.177.72.16 - - [11/Jul/2025:11:53:12 -0400] "GET /application.properties HTTP/1.1" 404 23128 "-" "Mozilla/5.0 (Windows NT 10.0; Win64; x64) AppleWebKit/537.36 (KHTML, like Gecko) Chrome/91.0.4472.124 Safari/537.36"
136.243.228.194 - - [11/Jul/2025:11:53:14 -0400] "GET /91qbith27106.html HTTP/1.1" 404 23130 "-" "Mozilla/5.0 (compatible; DataForSeoBot/1.0; +https://dataforseo.com/dataforseo-bot)"
47.82.60.33 - - [11/Jul/2025:11:53:19 -0400] "GET /items/ykoqw145/63465?key=author HTTP/1.1" 404 23128 "https://dangroup.sa/items/ykoqw145/63465?key=author" "Mozilla/5.0 (Windows NT 10.0; Win64; x64) AppleWebKit/537.36 (KHTML, like Gecko) Chrome/114.0.0.0 Safari/537.36 Edg/114.0.1823.43"
185.177.72.16 - - [11/Jul/2025:11:53:25 -0400] "GET /main.yml HTTP/1.1" 404 23128 "-" "Mozilla/5.0 (Windows NT 10.0; Win64; x64) AppleWebKit/537.36 (KHTML, like Gecko) Chrome/91.0.4472.124 Safari/537.36"
20.171.207.22 - - [11/Jul/2025:11:53:22 -0400] "GET /93grrc32248.html HTTP/1.1" 404 23129 "-" "Mozilla/5.0 AppleWebKit/537.36 (KHTML, like Gecko; compatible; GPTBot/1.2; +https://openai.com/gptbot)"
136.243.228.194 - - [11/Jul/2025:11:53:28 -0400] "GET /items/giejr203/33017?key=girlfriend HTTP/1.1" 404 23128 "-" "Mozilla/5.0 (compatible; DataForSeoBot/1.0; +https://dataforseo.com/dataforseo-bot)"
185.177.72.16 - - [11/Jul/2025:11:53:38 -0400] "GET /getcpuutil.php-bakworking HTTP/1.1" 404 23128 "-" "Mozilla/5.0 (Windows NT 10.0; Win64; x64) AppleWebKit/537.36 (KHTML, like Gecko) Chrome/91.0.4472.124 Safari/537.36"
47.82.60.19 - - [11/Jul/2025:11:53:39 -0400] "GET /items/ofwkk169/35259?key=gesture HTTP/1.1" 404 23128 "https://dangroup.sa/items/ofwkk169/35259?key=gesture" "Mozilla/5.0 (Windows NT 10.0; Win64; x64) AppleWebKit/537.36 (KHTML, like Gecko) Chrome/114.0.0.0 Safari/537.36 Edg/114.0.1823.43"
20.171.207.22 - - [11/Jul/2025:11:53:40 -0400] "GET /80hbdt28459.html HTTP/1.1" 404 23128 "-" "Mozilla/5.0 AppleWebKit/537.36 (KHTML, like Gecko; compatible; GPTBot/1.2; +https://openai.com/gptbot)"
136.243.228.194 - - [11/Jul/2025:11:53:42 -0400] "GET /items/bzjco209/31485?key=girlfriend HTTP/1.1" 404 23130 "-" "Mozilla/5.0 (compatible; DataForSeoBot/1.0; +https://dataforseo.com/dataforseo-bot)"
185.177.72.16 - - [11/Jul/2025:11:53:45 -0400] "GET /partner/config/config.js HTTP/1.1" 404 23128 "-" "Mozilla/5.0 (Windows NT 10.0; Win64; x64) AppleWebKit/537.36 (KHTML, like Gecko) Chrome/91.0.4472.124 Safari/537.36"
20.171.207.22 - - [11/Jul/2025:11:53:48 -0400] "GET /58yrim17271.html HTTP/1.1" 404 8131 "-" "Mozilla/5.0 AppleWebKit/537.36 (KHTML, like Gecko; compatible; GPTBot/1.2; +https://openai.com/gptbot)"
136.243.228.194 - - [11/Jul/2025:11:53:51 -0400] "GET /items/koyzt26/41750?key=child HTTP/1.1" 404 23130 "-" "Mozilla/5.0 (compatible; DataForSeoBot/1.0; +https://dataforseo.com/dataforseo-bot)"
66.249.68.133 - - [11/Jul/2025:11:53:57 -0400] "GET /pcmypage?callback=/product%2Fdetail%2Autopartsdirect-1165931631127441101 HTTP/1.1" 200 87098 "-" "Mozilla/5.0 (Linux; Android 6.0.1; Nexus 5X Build/MMB29P) AppleWebKit/537.36 (KHTML, like Gecko) Chrome/137.0.7151.103 Mobile Safari/537.36 (compatible; Googlebot/2.1; +http://www.google.com/bot.html)"
20.171.207.22 - - [11/Jul/2025:11:53:56 -0400] "GET /67vhsy10460.html HTTP/1.1" 404 23128 "-" "Mozilla/5.0 AppleWebKit/537.36 (KHTML, like Gecko; compatible; GPTBot/1.2; +https://openai.com/gptbot)"
136.243.228.194 - - [11/Jul/2025:11:53:57 -0400] "GET /30uwcsq12391.html HTTP/1.1" 404 23128 "-" "Mozilla/5.0 (compatible; DataForSeoBot/1.0; +https://dataforseo.com/dataforseo-bot)"
47.82.60.10 - - [11/Jul/2025:11:54:04 -0400] "GET /items/wrawl251/36807?key=jump HTTP/1.1" 301 0 "https://www.dangroup.sa/items/wrawl251/36807?key=jump" "Mozilla/5.0 (Windows NT 10.0; Win64; x64) AppleWebKit/537.36 (KHTML, like Gecko) Chrome/114.0.0.0 Safari/537.36 Edg/114.0.1823.43"
20.171.207.22 - - [11/Jul/2025:11:54:02 -0400] "GET /50qjms40159.html HTTP/1.1" 404 23128 "-" "Mozilla/5.0 AppleWebKit/537.36 (KHTML, like Gecko; compatible; GPTBot/1.2; +https://openai.com/gptbot)"
47.82.60.18 - - [11/Jul/2025:11:54:07 -0400] "GET /pcmypage?callback=product/detail/brand-theatron-19403 HTTP/1.1" 301 0 "https://www.dangroup.sa/pcmypage?callback=product%2Fdetail%2Fbrand-theatron-19403" "Mozilla/5.0 (Windows NT 10.0; Win64; x64) AppleWebKit/537.36 (KHTML, like Gecko) Chrome/114.0.0.0 Safari/537.36 Edg/114.0.1823.43"
136.243.228.194 - - [11/Jul/2025:11:54:04 -0400] "GET /57kcdr474.html HTTP/1.1" 404 23128 "-" "Mozilla/5.0 (compatible; DataForSeoBot/1.0; +https://dataforseo.com/dataforseo-bot)"
47.82.60.10 - - [11/Jul/2025:11:54:06 -0400] "GET /items/wrawl251/36807?key=jump HTTP/1.1" 404 23128 "https://www.dangroup.sa/items/wrawl251/36807?key=jump" "Mozilla/5.0 (Windows NT 10.0; Win64; x64) AppleWebKit/537.36 (KHTML, like Gecko) Chrome/114.0.0.0 Safari/537.36 Edg/114.0.1823.43"
47.82.60.18 - - [11/Jul/2025:11:54:12 -0400] "GET /pcmypage?callback=product/detail/brand-theatron-19403 HTTP/1.1" 404 23130 "https://www.dangroup.sa/pcmypage?callback=product%2Fdetail%2Fbrand-theatron-19403" "Mozilla/5.0 (Windows NT 10.0; Win64; x64) AppleWebKit/537.36 (KHTML, like Gecko) Chrome/114.0.0.0 Safari/537.36 Edg/114.0.1823.43"
66.29.146.47 - - [11/Jul/2025:11:54:26 -0400] "POST /wp-cron.php?doing_wp_cron=1752249266.0554358959197998046875 HTTP/1.1" 403 1242 "-" "WordPress/6.8; https://dangroup.sa"
47.82.60.28 - - [11/Jul/2025:11:54:22 -0400] "GET /items/aspif87/16201?key=closer HTTP/1.1" 301 0 "https://www.dangroup.sa/items/aspif87/16201?key=closer" "Mozilla/5.0 (Windows NT 10.0; Win64; x64) AppleWebKit/537.36 (KHTML, like Gecko) Chrome/114.0.0.0 Safari/537.36 Edg/114.0.1823.43"
20.171.207.22 - - [11/Jul/2025:11:54:13 -0400] "GET /278zmrg2819.html HTTP/1.1" 404 23129 "-" "Mozilla/5.0 AppleWebKit/537.36 (KHTML, like Gecko; compatible; GPTBot/1.2; +https://openai.com/gptbot)"
136.243.228.194 - - [11/Jul/2025:11:54:17 -0400] "GET /220xdyz15957.html HTTP/1.1" 404 23128 "-" "Mozilla/5.0 (compatible; DataForSeoBot/1.0; +https://dataforseo.com/dataforseo-bot)"
47.82.60.28 - - [11/Jul/2025:11:54:27 -0400] "GET /items/aspif87/16201?key=closer HTTP/1.1" 404 23128 "https://www.dangroup.sa/items/aspif87/16201?key=closer" "Mozilla/5.0 (Windows NT 10.0; Win64; x64) AppleWebKit/537.36 (KHTML, like Gecko) Chrome/114.0.0.0 Safari/537.36 Edg/114.0.1823.43"
20.171.207.22 - - [11/Jul/2025:11:54:30 -0400] "GET /83phrb42298.html HTTP/1.1" 404 23129 "-" "Mozilla/5.0 AppleWebKit/537.36 (KHTML, like Gecko; compatible; GPTBot/1.2; +https://openai.com/gptbot)"
136.243.228.194 - - [11/Jul/2025:11:54:34 -0400] "GET /218pcqle13099.html HTTP/1.1" 404 23128 "-" "Mozilla/5.0 (compatible; DataForSeoBot/1.0; +https://dataforseo.com/dataforseo-bot)"
47.82.60.11 - - [11/Jul/2025:11:54:36 -0400] "GET /items/jhfvg51/17583?key=wrong HTTP/1.1" 404 23128 "https://dangroup.sa/items/jhfvg51/17583?key=wrong" "Mozilla/5.0 (Windows NT 10.0; Win64; x64) AppleWebKit/537.36 (KHTML, like Gecko) Chrome/114.0.0.0 Safari/537.36 Edg/114.0.1823.43"
20.171.207.22 - - [11/Jul/2025:11:54:41 -0400] "GET /82dfft35001.html HTTP/1.1" 404 23128 "-" "Mozilla/5.0 AppleWebKit/537.36 (KHTML, like Gecko; compatible; GPTBot/1.2; +https://openai.com/gptbot)"
136.243.228.194 - - [11/Jul/2025:11:54:43 -0400] "GET /169ikf9342.html HTTP/1.1" 404 23128 "-" "Mozilla/5.0 (compatible; DataForSeoBot/1.0; +https://dataforseo.com/dataforseo-bot)"
20.171.207.22 - - [11/Jul/2025:11:54:47 -0400] "GET /242zjdq9779.html HTTP/1.1" 404 23128 "-" "Mozilla/5.0 AppleWebKit/537.36 (KHTML, like Gecko; compatible; GPTBot/1.2; +https://openai.com/gptbot)"
136.243.228.194 - - [11/Jul/2025:11:54:48 -0400] "GET /items/lwpnj158/9120?key=left HTTP/1.1" 404 23128 "-" "Mozilla/5.0 (compatible; DataForSeoBot/1.0; +https://dataforseo.com/dataforseo-bot)"
66.249.79.136 - - [11/Jul/2025:11:54:56 -0400] "GET /zhHant/product/surugaya/marutsuelec-2229742?campaign_uid=f64d716db5e979ed2f947dbaf4296895b951ae7f HTTP/1.1" 200 86734 "-" "Mozilla/5.0 (Linux; Android 6.0.1; Nexus 5X Build/MMB29P) AppleWebKit/537.36 (KHTML, like Gecko) Chrome/137.0.7151.103 Mobile Safari/537.36 (compatible; Googlebot/2.1; +http://www.google.com/bot.html)"
20.171.207.22 - - [11/Jul/2025:11:54:54 -0400] "GET /104aggp9545.html HTTP/1.1" 404 23128 "-" "Mozilla/5.0 AppleWebKit/537.36 (KHTML, like Gecko; compatible; GPTBot/1.2; +https://openai.com/gptbot)"
66.249.68.132 - - [11/Jul/2025:11:54:58 -0400] "GET /241myi18842.html HTTP/1.1" 200 89081 "-" "Mozilla/5.0 (Linux; Android 6.0.1; Nexus 5X Build/MMB29P) AppleWebKit/537.36 (KHTML, like Gecko) Chrome/137.0.7151.103 Mobile Safari/537.36 (compatible; Googlebot/2.1; +http://www.google.com/bot.html)"
136.243.228.194 - - [11/Jul/2025:11:54:54 -0400] "GET /items/ktiey181/48737?key=properly HTTP/1.1" 404 23130 "-" "Mozilla/5.0 (compatible; DataForSeoBot/1.0; +https://dataforseo.com/dataforseo-bot)"
20.171.207.22 - - [11/Jul/2025:11:55:00 -0400] "GET /84nuez33411.html HTTP/1.1" 404 23128 "-" "Mozilla/5.0 AppleWebKit/537.36 (KHTML, like Gecko; compatible; GPTBot/1.2; +https://openai.com/gptbot)"
136.243.228.194 - - [11/Jul/2025:11:55:02 -0400] "GET /items/uaisd297/43549?key=household HTTP/1.1" 404 23128 "-" "Mozilla/5.0 (compatible; DataForSeoBot/1.0; +https://dataforseo.com/dataforseo-bot)"
2a03:2880:f800:e:: - - [11/Jul/2025:11:55:11 -0400] "GET /index.html HTTP/1.1" 301 0 "-" "meta-externalagent/1.1 (+https://developers.facebook.com/docs/sharing/webmasters/crawler)"
66.249.68.133 - - [11/Jul/2025:11:55:12 -0400] "GET /pcmypage?callback=product/review/hcvalor-eshop-trusco-6445576 HTTP/1.1" 200 87267 "-" "Mozilla/5.0 (Linux; Android 6.0.1; Nexus 5X Build/MMB29P) AppleWebKit/537.36 (KHTML, like Gecko) Chrome/137.0.7151.103 Mobile Safari/537.36 (compatible; GoogleOther)"
20.171.207.22 - - [11/Jul/2025:11:55:11 -0400] "GET /92qsnm21695.html HTTP/1.1" 404 23128 "-" "Mozilla/5.0 AppleWebKit/537.36 (KHTML, like Gecko; compatible; GPTBot/1.2; +https://openai.com/gptbot)"
47.82.60.55 - - [11/Jul/2025:11:55:19 -0400] "GET /20yyehd45587.html HTTP/1.1" 301 0 "https://www.dangroup.sa/20yyehd45587.html" "Mozilla/5.0 (Windows NT 10.0; Win64; x64) AppleWebKit/537.36 (KHTML, like Gecko) Chrome/114.0.0.0 Safari/537.36 Edg/114.0.1823.43"
136.243.228.194 - - [11/Jul/2025:11:55:13 -0400] "GET /246tlzv16421.html HTTP/1.1" 404 23130 "-" "Mozilla/5.0 (compatible; DataForSeoBot/1.0; +https://dataforseo.com/dataforseo-bot)"
66.29.146.47 - - [11/Jul/2025:11:55:29 -0400] "POST /wp-cron.php?doing_wp_cron=1752249328.7619180679321289062500 HTTP/1.1" 403 1242 "-" "WordPress/6.8; https://dangroup.sa"
20.171.207.22 - - [11/Jul/2025:11:55:21 -0400] "GET /11xqgp40022.html HTTP/1.1" 404 23128 "-" "Mozilla/5.0 AppleWebKit/537.36 (KHTML, like Gecko; compatible; GPTBot/1.2; +https://openai.com/gptbot)"
47.82.60.55 - - [11/Jul/2025:11:55:22 -0400] "GET /20yyehd45587.html HTTP/1.1" 404 23128 "https://www.dangroup.sa/20yyehd45587.html" "Mozilla/5.0 (Windows NT 10.0; Win64; x64) AppleWebKit/537.36 (KHTML, like Gecko) Chrome/114.0.0.0 Safari/537.36 Edg/114.0.1823.43"
47.82.60.66 - - [11/Jul/2025:11:55:37 -0400] "GET /items/zofar21/1309?key=rental HTTP/1.1" 301 0 "https://www.dangroup.sa/items/zofar21/1309?key=rental" "Mozilla/5.0 (Windows NT 10.0; Win64; x64) AppleWebKit/537.36 (KHTML, like Gecko) Chrome/114.0.0.0 Safari/537.36 Edg/114.0.1823.43"
136.243.228.194 - - [11/Jul/2025:11:55:26 -0400] "GET /249hjyl18466.html HTTP/1.1" 404 23130 "-" "Mozilla/5.0 (compatible; DataForSeoBot/1.0; +https://dataforseo.com/dataforseo-bot)"
20.171.207.22 - - [11/Jul/2025:11:55:39 -0400] "GET /15pbsh25026.html HTTP/1.1" 404 23128 "-" "Mozilla/5.0 AppleWebKit/537.36 (KHTML, like Gecko; compatible; GPTBot/1.2; +https://openai.com/gptbot)"
47.82.60.66 - - [11/Jul/2025:11:55:39 -0400] "GET /items/zofar21/1309?key=rental HTTP/1.1" 404 23128 "https://www.dangroup.sa/items/zofar21/1309?key=rental" "Mozilla/5.0 (Windows NT 10.0; Win64; x64) AppleWebKit/537.36 (KHTML, like Gecko) Chrome/114.0.0.0 Safari/537.36 Edg/114.0.1823.43"
136.243.228.194 - - [11/Jul/2025:11:55:42 -0400] "GET /299tclrh46414.html HTTP/1.1" 404 23128 "-" "Mozilla/5.0 (compatible; DataForSeoBot/1.0; +https://dataforseo.com/dataforseo-bot)"
47.82.60.23 - - [11/Jul/2025:11:55:44 -0400] "GET /items/shlsx170/16238?key=junior HTTP/1.1" 404 23128 "https://dangroup.sa/items/shlsx170/16238?key=junior" "Mozilla/5.0 (Windows NT 10.0; Win64; x64) AppleWebKit/537.36 (KHTML, like Gecko) Chrome/114.0.0.0 Safari/537.36 Edg/114.0.1823.43"
20.171.207.22 - - [11/Jul/2025:11:55:49 -0400] "GET /36yfme15031.html HTTP/1.1" 404 23128 "-" "Mozilla/5.0 AppleWebKit/537.36 (KHTML, like Gecko; compatible; GPTBot/1.2; +https://openai.com/gptbot)"
136.243.228.194 - - [11/Jul/2025:11:55:51 -0400] "GET /99ndzhf5864.html HTTP/1.1" 404 23128 "-" "Mozilla/5.0 (compatible; DataForSeoBot/1.0; +https://dataforseo.com/dataforseo-bot)"
20.171.207.22 - - [11/Jul/2025:11:55:57 -0400] "GET /76tziz31821.html HTTP/1.1" 404 23128 "-" "Mozilla/5.0 AppleWebKit/537.36 (KHTML, like Gecko; compatible; GPTBot/1.2; +https://openai.com/gptbot)"
136.243.228.194 - - [11/Jul/2025:11:55:58 -0400] "GET /252ddz2701.html HTTP/1.1" 404 23128 "-" "Mozilla/5.0 (compatible; DataForSeoBot/1.0; +https://dataforseo.com/dataforseo-bot)"
20.171.207.22 - - [11/Jul/2025:11:56:10 -0400] "GET /83phrb42298.html HTTP/1.1" 404 23130 "-" "Mozilla/5.0 AppleWebKit/537.36 (KHTML, like Gecko; compatible; GPTBot/1.2; +https://openai.com/gptbot)"
47.82.60.14 - - [11/Jul/2025:11:56:19 -0400] "GET /items/wotie120/36630?key=tear HTTP/1.1" 301 0 "https://www.dangroup.sa/items/wotie120/36630?key=tear" "Mozilla/5.0 (Windows NT 10.0; Win64; x64) AppleWebKit/537.36 (KHTML, like Gecko) Chrome/114.0.0.0 Safari/537.36 Edg/114.0.1823.43"
136.243.228.194 - - [11/Jul/2025:11:56:10 -0400] "GET /165jjftj2778.html HTTP/1.1" 404 23128 "-" "Mozilla/5.0 (compatible; DataForSeoBot/1.0; +https://dataforseo.com/dataforseo-bot)"
47.82.60.14 - - [11/Jul/2025:11:56:23 -0400] "GET /items/wotie120/36630?key=tear HTTP/1.1" 404 23128 "https://www.dangroup.sa/items/wotie120/36630?key=tear" "Mozilla/5.0 (Windows NT 10.0; Win64; x64) AppleWebKit/537.36 (KHTML, like Gecko) Chrome/114.0.0.0 Safari/537.36 Edg/114.0.1823.43"
20.171.207.22 - - [11/Jul/2025:11:56:24 -0400] "GET /71pdhy48172.html HTTP/1.1" 404 23128 "-" "Mozilla/5.0 AppleWebKit/537.36 (KHTML, like Gecko; compatible; GPTBot/1.2; +https://openai.com/gptbot)"
136.243.228.194 - - [11/Jul/2025:11:56:24 -0400] "GET /items/lmrsi30/3468?key=approach HTTP/1.1" 404 23130 "-" "Mozilla/5.0 (compatible; DataForSeoBot/1.0; +https://dataforseo.com/dataforseo-bot)"
66.29.146.47 - - [11/Jul/2025:11:56:35 -0400] "POST /wp-cron.php?doing_wp_cron=1752249395.2122108936309814453125 HTTP/1.1" 403 1242 "-" "WordPress/6.8; https://dangroup.sa"
136.243.228.194 - - [11/Jul/2025:11:56:34 -0400] "GET /110wygtz31625.html HTTP/1.1" 404 23128 "-" "Mozilla/5.0 (compatible; DataForSeoBot/1.0; +https://dataforseo.com/dataforseo-bot)"
20.171.207.22 - - [11/Jul/2025:11:56:35 -0400] "GET /41cctv19352.html HTTP/1.1" 404 23128 "-" "Mozilla/5.0 AppleWebKit/537.36 (KHTML, like Gecko; compatible; GPTBot/1.2; +https://openai.com/gptbot)"
47.82.60.18 - - [11/Jul/2025:11:56:37 -0400] "GET /items/zwkue43/2233?key=useful HTTP/1.1" 404 23128 "https://dangroup.sa/items/zwkue43/2233?key=useful" "Mozilla/5.0 (Windows NT 10.0; Win64; x64) AppleWebKit/537.36 (KHTML, like Gecko) Chrome/114.0.0.0 Safari/537.36 Edg/114.0.1823.43"
136.243.228.194 - - [11/Jul/2025:11:56:42 -0400] "GET /items/zxoqt22/48354?key=mine HTTP/1.1" 404 23128 "-" "Mozilla/5.0 (compatible; DataForSeoBot/1.0; +https://dataforseo.com/dataforseo-bot)"
20.171.207.22 - - [11/Jul/2025:11:56:44 -0400] "GET /56pfky22651.html HTTP/1.1" 404 23128 "-" "Mozilla/5.0 AppleWebKit/537.36 (KHTML, like Gecko; compatible; GPTBot/1.2; +https://openai.com/gptbot)"
136.243.228.194 - - [11/Jul/2025:11:56:48 -0400] "GET /12hbh8989.html HTTP/1.1" 404 23128 "-" "Mozilla/5.0 (compatible; DataForSeoBot/1.0; +https://dataforseo.com/dataforseo-bot)"
66.249.68.133 - - [11/Jul/2025:11:56:54 -0400] "GET /31eabln35542.html HTTP/1.1" 200 86518 "-" "Mozilla/5.0 (Linux; Android 6.0.1; Nexus 5X Build/MMB29P) AppleWebKit/537.36 (KHTML, like Gecko) Chrome/137.0.7151.103 Mobile Safari/537.36 (compatible; Googlebot/2.1; +http://www.google.com/bot.html)"
20.171.207.22 - - [11/Jul/2025:11:56:50 -0400] "GET /48thbn26679.html HTTP/1.1" 404 23128 "-" "Mozilla/5.0 AppleWebKit/537.36 (KHTML, like Gecko; compatible; GPTBot/1.2; +https://openai.com/gptbot)"
136.243.228.194 - - [11/Jul/2025:11:56:55 -0400] "GET /256cegca45981.html HTTP/1.1" 404 23128 "-" "Mozilla/5.0 (compatible; DataForSeoBot/1.0; +https://dataforseo.com/dataforseo-bot)"
20.171.207.22 - - [11/Jul/2025:11:56:58 -0400] "GET /174gfag1699.html HTTP/1.1" 404 23128 "-" "Mozilla/5.0 AppleWebKit/537.36 (KHTML, like Gecko; compatible; GPTBot/1.2; +https://openai.com/gptbot)"
136.243.228.194 - - [11/Jul/2025:11:57:01 -0400] "GET /181gcah30466.html HTTP/1.1" 404 23128 "-" "Mozilla/5.0 (compatible; DataForSeoBot/1.0; +https://dataforseo.com/dataforseo-bot)"
20.171.207.22 - - [11/Jul/2025:11:57:04 -0400] "GET /92qsnm21695.html HTTP/1.1" 404 23128 "-" "Mozilla/5.0 AppleWebKit/537.36 (KHTML, like Gecko; compatible; GPTBot/1.2; +https://openai.com/gptbot)"
47.82.60.31 - - [11/Jul/2025:11:57:22 -0400] "GET /7zss28976.html HTTP/1.1" 301 0 "https://www.dangroup.sa/7zss28976.html" "Mozilla/5.0 (Windows NT 10.0; Win64; x64) AppleWebKit/537.36 (KHTML, like Gecko) Chrome/114.0.0.0 Safari/537.36 Edg/114.0.1823.43"
47.82.60.42 - - [11/Jul/2025:11:57:08 -0400] "GET /items/tjxxl218/31334?key=connection HTTP/1.1" 404 23130 "https://dangroup.sa/items/tjxxl218/31334?key=connection" "Mozilla/5.0 (Windows NT 10.0; Win64; x64) AppleWebKit/537.36 (KHTML, like Gecko) Chrome/114.0.0.0 Safari/537.36 Edg/114.0.1823.43"
136.243.228.194 - - [11/Jul/2025:11:57:08 -0400] "GET /231hsow22302.html HTTP/1.1" 404 23128 "-" "Mozilla/5.0 (compatible; DataForSeoBot/1.0; +https://dataforseo.com/dataforseo-bot)"
47.82.60.24 - - [11/Jul/2025:11:57:12 -0400] "GET /items/uligz53/879?key=could HTTP/1.1" 404 23130 "https://dangroup.sa/items/uligz53/879?key=could" "Mozilla/5.0 (Windows NT 10.0; Win64; x64) AppleWebKit/537.36 (KHTML, like Gecko) Chrome/114.0.0.0 Safari/537.36 Edg/114.0.1823.43"
20.171.207.22 - - [11/Jul/2025:11:57:16 -0400] "GET /41wwxi30170.html HTTP/1.1" 404 23128 "-" "Mozilla/5.0 AppleWebKit/537.36 (KHTML, like Gecko; compatible; GPTBot/1.2; +https://openai.com/gptbot)"
47.82.60.3 - - [11/Jul/2025:11:57:32 -0400] "GET /items/xfjqc1/63?key=mineral HTTP/1.1" 301 0 "https://www.dangroup.sa/items/xfjqc1/63?key=mineral" "Mozilla/5.0 (Windows NT 10.0; Win64; x64) AppleWebKit/537.36 (KHTML, like Gecko) Chrome/114.0.0.0 Safari/537.36 Edg/114.0.1823.43"
66.29.146.47 - - [11/Jul/2025:11:57:37 -0400] "POST /wp-cron.php?doing_wp_cron=1752249456.8125340938568115234375 HTTP/1.1" 403 1242 "-" "WordPress/6.8; https://dangroup.sa"
66.29.146.47 - - [11/Jul/2025:11:57:38 -0400] "POST /wp-cron.php?doing_wp_cron=1752249457.8794510364532470703125 HTTP/1.1" 403 1242 "-" "WordPress/6.8; https://dangroup.sa"
47.82.60.31 - - [11/Jul/2025:11:57:27 -0400] "GET /7zss28976.html HTTP/1.1" 404 23128 "https://www.dangroup.sa/7zss28976.html" "Mozilla/5.0 (Windows NT 10.0; Win64; x64) AppleWebKit/537.36 (KHTML, like Gecko) Chrome/114.0.0.0 Safari/537.36 Edg/114.0.1823.43"
47.82.60.3 - - [11/Jul/2025:11:57:35 -0400] "GET /items/xfjqc1/63?key=mineral HTTP/1.1" 404 23130 "https://www.dangroup.sa/items/xfjqc1/63?key=mineral" "Mozilla/5.0 (Windows NT 10.0; Win64; x64) AppleWebKit/537.36 (KHTML, like Gecko) Chrome/114.0.0.0 Safari/537.36 Edg/114.0.1823.43"
20.171.207.22 - - [11/Jul/2025:11:57:36 -0400] "GET /16jhww30755.html HTTP/1.1" 404 23128 "-" "Mozilla/5.0 AppleWebKit/537.36 (KHTML, like Gecko; compatible; GPTBot/1.2; +https://openai.com/gptbot)"
20.171.207.22 - - [11/Jul/2025:11:57:45 -0400] "GET /88ifab30535.html HTTP/1.1" 404 23128 "-" "Mozilla/5.0 AppleWebKit/537.36 (KHTML, like Gecko; compatible; GPTBot/1.2; +https://openai.com/gptbot)"
20.171.207.22 - - [11/Jul/2025:11:57:51 -0400] "GET /238mepv1255.html HTTP/1.1" 404 23128 "-" "Mozilla/5.0 AppleWebKit/537.36 (KHTML, like Gecko; compatible; GPTBot/1.2; +https://openai.com/gptbot)"
20.171.207.22 - - [11/Jul/2025:11:57:56 -0400] "GET /183dszh4128.html HTTP/1.1" 404 23128 "-" "Mozilla/5.0 AppleWebKit/537.36 (KHTML, like Gecko; compatible; GPTBot/1.2; +https://openai.com/gptbot)"
136.243.228.194 - - [11/Jul/2025:11:57:57 -0400] "GET /136rcto20181.html HTTP/1.1" 404 23128 "-" "Mozilla/5.0 (compatible; DataForSeoBot/1.0; +https://dataforseo.com/dataforseo-bot)"
20.171.207.22 - - [11/Jul/2025:11:58:02 -0400] "GET /17lfgw17846.html HTTP/1.1" 404 23129 "-" "Mozilla/5.0 AppleWebKit/537.36 (KHTML, like Gecko; compatible; GPTBot/1.2; +https://openai.com/gptbot)"
136.243.228.194 - - [11/Jul/2025:11:58:06 -0400] "GET /123tgl11058.html HTTP/1.1" 404 23128 "-" "Mozilla/5.0 (compatible; DataForSeoBot/1.0; +https://dataforseo.com/dataforseo-bot)"
66.249.68.134 - - [11/Jul/2025:11:58:18 -0400] "GET /items/ledbl290/40730?key=ancient HTTP/1.1" 200 87305 "-" "Mozilla/5.0 (Linux; Android 6.0.1; Nexus 5X Build/MMB29P) AppleWebKit/537.36 (KHTML, like Gecko) Chrome/137.0.7151.103 Mobile Safari/537.36 (compatible; GoogleOther)"
20.171.207.22 - - [11/Jul/2025:11:58:15 -0400] "GET /271rkna2474.html HTTP/1.1" 404 23128 "-" "Mozilla/5.0 AppleWebKit/537.36 (KHTML, like Gecko; compatible; GPTBot/1.2; +https://openai.com/gptbot)"
136.243.228.194 - - [11/Jul/2025:11:58:19 -0400] "GET /items/mryuu128/16822?key=institutional HTTP/1.1" 404 23128 "-" "Mozilla/5.0 (compatible; DataForSeoBot/1.0; +https://dataforseo.com/dataforseo-bot)"
20.171.207.22 - - [11/Jul/2025:11:58:29 -0400] "GET /60rrsj40861.html HTTP/1.1" 404 23128 "-" "Mozilla/5.0 AppleWebKit/537.36 (KHTML, like Gecko; compatible; GPTBot/1.2; +https://openai.com/gptbot)"
136.243.228.194 - - [11/Jul/2025:11:58:31 -0400] "GET /items/wuuto272/38466?key=airport HTTP/1.1" 404 23128 "-" "Mozilla/5.0 (compatible; DataForSeoBot/1.0; +https://dataforseo.com/dataforseo-bot)"
20.171.207.22 - - [11/Jul/2025:11:58:34 -0400] "GET /43harp43256.html HTTP/1.1" 404 23129 "-" "Mozilla/5.0 AppleWebKit/537.36 (KHTML, like Gecko; compatible; GPTBot/1.2; +https://openai.com/gptbot)"
136.243.228.194 - - [11/Jul/2025:11:58:35 -0400] "GET /items/ejzua229/36545?key=mate HTTP/1.1" 404 23128 "-" "Mozilla/5.0 (compatible; DataForSeoBot/1.0; +https://dataforseo.com/dataforseo-bot)"
66.29.146.47 - - [11/Jul/2025:11:58:41 -0400] "POST /wp-cron.php?doing_wp_cron=1752249521.4873619079589843750000 HTTP/1.1" 403 1242 "-" "WordPress/6.8; https://dangroup.sa"
20.171.207.22 - - [11/Jul/2025:11:58:40 -0400] "GET /12cffc47091.html HTTP/1.1" 404 23128 "-" "Mozilla/5.0 AppleWebKit/537.36 (KHTML, like Gecko; compatible; GPTBot/1.2; +https://openai.com/gptbot)"
136.243.228.194 - - [11/Jul/2025:11:58:41 -0400] "GET /items/npckd15/40399?key=result HTTP/1.1" 404 23128 "-" "Mozilla/5.0 (compatible; DataForSeoBot/1.0; +https://dataforseo.com/dataforseo-bot)"
66.249.68.132 - - [11/Jul/2025:11:58:50 -0400] "GET /174zumb40549.html HTTP/1.1" 200 87620 "-" "Mozilla/5.0 (Linux; Android 6.0.1; Nexus 5X Build/MMB29P) AppleWebKit/537.36 (KHTML, like Gecko) Chrome/137.0.7151.103 Mobile Safari/537.36 (compatible; Googlebot/2.1; +http://www.google.com/bot.html)"
66.249.79.134 - - [11/Jul/2025:11:58:51 -0400] "GET /items/zbqcu81/1635?key=harmony HTTP/1.1" 200 87329 "-" "Mozilla/5.0 (Linux; Android 6.0.1; Nexus 5X Build/MMB29P) AppleWebKit/537.36 (KHTML, like Gecko) Chrome/137.0.7151.103 Mobile Safari/537.36 (compatible; Googlebot/2.1; +http://www.google.com/bot.html)"
66.249.68.132 - - [11/Jul/2025:11:58:51 -0400] "GET /114pxpic28347.html HTTP/1.1" 200 86526 "-" "Mozilla/5.0 (Linux; Android 6.0.1; Nexus 5X Build/MMB29P) AppleWebKit/537.36 (KHTML, like Gecko) Chrome/137.0.7151.103 Mobile Safari/537.36 (compatible; Googlebot/2.1; +http://www.google.com/bot.html)"
66.249.79.135 - - [11/Jul/2025:11:58:53 -0400] "GET /230wfep8957.html HTTP/1.1" 200 86625 "-" "Mozilla/5.0 (Linux; Android 6.0.1; Nexus 5X Build/MMB29P) AppleWebKit/537.36 (KHTML, like Gecko) Chrome/137.0.7151.103 Mobile Safari/537.36 (compatible; Googlebot/2.1; +http://www.google.com/bot.html)"
66.249.79.134 - - [11/Jul/2025:11:58:54 -0400] "GET /pcmypage?callback=/product%2Fdetail%2sweetrag-031aab3fb50db940 HTTP/1.1" 403 1242 "-" "Mozilla/5.0 (Linux; Android 6.0.1; Nexus 5X Build/MMB29P) AppleWebKit/537.36 (KHTML, like Gecko) Chrome/137.0.7151.103 Mobile Safari/537.36 (compatible; Googlebot/2.1; +http://www.google.com/bot.html)"
136.243.228.194 - - [11/Jul/2025:11:58:47 -0400] "GET /items/mgzvf154/35570?key=historian HTTP/1.1" 404 23128 "-" "Mozilla/5.0 (compatible; DataForSeoBot/1.0; +https://dataforseo.com/dataforseo-bot)"
20.171.207.22 - - [11/Jul/2025:11:58:47 -0400] "GET /114eebz7807.html HTTP/1.1" 404 23128 "-" "Mozilla/5.0 AppleWebKit/537.36 (KHTML, like Gecko; compatible; GPTBot/1.2; +https://openai.com/gptbot)"
136.243.228.194 - - [11/Jul/2025:11:58:57 -0400] "GET /208qrm44147.html HTTP/1.1" 404 23128 "-" "Mozilla/5.0 (compatible; DataForSeoBot/1.0; +https://dataforseo.com/dataforseo-bot)"
20.171.207.22 - - [11/Jul/2025:11:58:58 -0400] "GET /122xpcl7975.html HTTP/1.1" 404 23129 "-" "Mozilla/5.0 AppleWebKit/537.36 (KHTML, like Gecko; compatible; GPTBot/1.2; +https://openai.com/gptbot)"
136.243.228.194 - - [11/Jul/2025:11:59:10 -0400] "GET /items/tdazn272/22692?key=artistic HTTP/1.1" 404 23128 "-" "Mozilla/5.0 (compatible; DataForSeoBot/1.0; +https://dataforseo.com/dataforseo-bot)"
20.171.207.22 - - [11/Jul/2025:11:59:13 -0400] "GET /99rwto13688.html HTTP/1.1" 404 23128 "-" "Mozilla/5.0 AppleWebKit/537.36 (KHTML, like Gecko; compatible; GPTBot/1.2; +https://openai.com/gptbot)"
136.243.228.194 - - [11/Jul/2025:11:59:23 -0400] "GET /items/rsaou45/26749?key=label HTTP/1.1" 404 23128 "-" "Mozilla/5.0 (compatible; DataForSeoBot/1.0; +https://dataforseo.com/dataforseo-bot)"
20.171.207.22 - - [11/Jul/2025:11:59:25 -0400] "GET /290accp6925.html HTTP/1.1" 404 23128 "-" "Mozilla/5.0 AppleWebKit/537.36 (KHTML, like Gecko; compatible; GPTBot/1.2; +https://openai.com/gptbot)"
136.243.228.194 - - [11/Jul/2025:11:59:29 -0400] "GET /243ejpqm612.html HTTP/1.1" 404 23130 "-" "Mozilla/5.0 (compatible; DataForSeoBot/1.0; +https://dataforseo.com/dataforseo-bot)"
20.171.207.22 - - [11/Jul/2025:11:59:32 -0400] "GET /57xytl17246.html HTTP/1.1" 404 23128 "-" "Mozilla/5.0 AppleWebKit/537.36 (KHTML, like Gecko; compatible; GPTBot/1.2; +https://openai.com/gptbot)"
136.243.228.194 - - [11/Jul/2025:11:59:36 -0400] "GET /items/ucrgv2/29288?key=throughout HTTP/1.1" 404 23128 "-" "Mozilla/5.0 (compatible; DataForSeoBot/1.0; +https://dataforseo.com/dataforseo-bot)"
66.29.146.47 - - [11/Jul/2025:11:59:43 -0400] "POST /wp-cron.php?doing_wp_cron=1752249582.5676820278167724609375 HTTP/1.1" 403 1242 "-" "WordPress/6.8; https://dangroup.sa"
20.171.207.22 - - [11/Jul/2025:11:59:39 -0400] "GET /99qxjf43834.html HTTP/1.1" 404 23128 "-" "Mozilla/5.0 AppleWebKit/537.36 (KHTML, like Gecko; compatible; GPTBot/1.2; +https://openai.com/gptbot)"
136.243.228.194 - - [11/Jul/2025:11:59:41 -0400] "GET /items/zjfva248/31224?key=departure HTTP/1.1" 404 23128 "-" "Mozilla/5.0 (compatible; DataForSeoBot/1.0; +https://dataforseo.com/dataforseo-bot)"
20.171.207.22 - - [11/Jul/2025:11:59:46 -0400] "GET /212fdct5193.html HTTP/1.1" 404 23128 "-" "Mozilla/5.0 AppleWebKit/537.36 (KHTML, like Gecko; compatible; GPTBot/1.2; +https://openai.com/gptbot)"
66.249.68.133 - - [11/Jul/2025:11:59:52 -0400] "GET /279qpl150.html HTTP/1.1" 200 86849 "-" "Mozilla/5.0 (Linux; Android 6.0.1; Nexus 5X Build/MMB29P) AppleWebKit/537.36 (KHTML, like Gecko) Chrome/137.0.7151.103 Mobile Safari/537.36 (compatible; Googlebot/2.1; +http://www.google.com/bot.html)"
136.243.228.194 - - [11/Jul/2025:11:59:47 -0400] "GET /233biqe17488.html HTTP/1.1" 404 23128 "-" "Mozilla/5.0 (compatible; DataForSeoBot/1.0; +https://dataforseo.com/dataforseo-bot)"
20.171.207.22 - - [11/Jul/2025:11:59:53 -0400] "GET /168qrel7851.html HTTP/1.1" 404 23128 "-" "Mozilla/5.0 AppleWebKit/537.36 (KHTML, like Gecko; compatible; GPTBot/1.2; +https://openai.com/gptbot)"
136.243.228.194 - - [11/Jul/2025:11:59:55 -0400] "GET /items/shyog235/47585?key=terribly HTTP/1.1" 404 23130 "-" "Mozilla/5.0 (compatible; DataForSeoBot/1.0; +https://dataforseo.com/dataforseo-bot)"
20.171.207.22 - - [11/Jul/2025:11:59:59 -0400] "GET /127jblg1704.html HTTP/1.1" 404 23128 "-" "Mozilla/5.0 AppleWebKit/537.36 (KHTML, like Gecko; compatible; GPTBot/1.2; +https://openai.com/gptbot)"
136.243.228.194 - - [11/Jul/2025:12:00:01 -0400] "GET /159oeg17240.html HTTP/1.1" 404 23128 "-" "Mozilla/5.0 (compatible; DataForSeoBot/1.0; +https://dataforseo.com/dataforseo-bot)"
20.171.207.22 - - [11/Jul/2025:12:00:06 -0400] "GET /12cffc47091.html HTTP/1.1" 404 23128 "-" "Mozilla/5.0 AppleWebKit/537.36 (KHTML, like Gecko; compatible; GPTBot/1.2; +https://openai.com/gptbot)"
136.243.228.194 - - [11/Jul/2025:12:00:08 -0400] "GET /items/nwovp82/17194?key=functional HTTP/1.1" 404 23128 "-" "Mozilla/5.0 (compatible; DataForSeoBot/1.0; +https://dataforseo.com/dataforseo-bot)"
20.171.207.22 - - [11/Jul/2025:12:00:18 -0400] "GET /26mfzn36811.html HTTP/1.1" 404 23128 "-" "Mozilla/5.0 AppleWebKit/537.36 (KHTML, like Gecko; compatible; GPTBot/1.2; +https://openai.com/gptbot)"
136.243.228.194 - - [11/Jul/2025:12:00:19 -0400] "GET /items/sxlpr294/32278?key=supposed HTTP/1.1" 404 23128 "-" "Mozilla/5.0 (compatible; DataForSeoBot/1.0; +https://dataforseo.com/dataforseo-bot)"
66.249.68.133 - - [11/Jul/2025:12:00:33 -0400] "GET /items/opzcc274/15410?key=others HTTP/1.1" 200 87071 "-" "Mozilla/5.0 (Linux; Android 6.0.1; Nexus 5X Build/MMB29P) AppleWebKit/537.36 (KHTML, like Gecko) Chrome/137.0.7151.103 Mobile Safari/537.36 (compatible; GoogleOther)"
20.171.207.22 - - [11/Jul/2025:12:00:29 -0400] "GET /114eebz7807.html HTTP/1.1" 404 23128 "-" "Mozilla/5.0 AppleWebKit/537.36 (KHTML, like Gecko; compatible; GPTBot/1.2; +https://openai.com/gptbot)"
136.243.228.194 - - [11/Jul/2025:12:00:32 -0400] "GET /items/ucuzv73/12287?key=distance HTTP/1.1" 404 23128 "-" "Mozilla/5.0 (compatible; DataForSeoBot/1.0; +https://dataforseo.com/dataforseo-bot)"
136.243.228.194 - - [11/Jul/2025:12:00:42 -0400] "GET /145tqqd25392.html HTTP/1.1" 404 23128 "-" "Mozilla/5.0 (compatible; DataForSeoBot/1.0; +https://dataforseo.com/dataforseo-bot)"
20.171.207.22 - - [11/Jul/2025:12:00:42 -0400] "GET /27ijpi11808.html HTTP/1.1" 404 23128 "-" "Mozilla/5.0 AppleWebKit/537.36 (KHTML, like Gecko; compatible; GPTBot/1.2; +https://openai.com/gptbot)"
66.249.68.132 - - [11/Jul/2025:12:00:51 -0400] "GET /129bsqp14102.html HTTP/1.1" 200 86769 "-" "Mozilla/5.0 (Linux; Android 6.0.1; Nexus 5X Build/MMB29P) AppleWebKit/537.36 (KHTML, like Gecko) Chrome/137.0.7151.103 Mobile Safari/537.36 (compatible; Googlebot/2.1; +http://www.google.com/bot.html)"
66.249.79.136 - - [11/Jul/2025:12:00:53 -0400] "GET /pcmypage?callback=/product%2Fdetail%2halloc-esco-ea952b-387 HTTP/1.1" 403 1242 "-" "Mozilla/5.0 (Linux; Android 6.0.1; Nexus 5X Build/MMB29P) AppleWebKit/537.36 (KHTML, like Gecko) Chrome/137.0.7151.103 Mobile Safari/537.36 (compatible; Googlebot/2.1; +http://www.google.com/bot.html)"
136.243.228.194 - - [11/Jul/2025:12:00:51 -0400] "GET /items/nlkmt294/19878?key=Indian HTTP/1.1" 404 23128 "-" "Mozilla/5.0 (compatible; DataForSeoBot/1.0; +https://dataforseo.com/dataforseo-bot)"
20.171.207.22 - - [11/Jul/2025:12:00:52 -0400] "GET /50gleo38103.html HTTP/1.1" 404 23128 "-" "Mozilla/5.0 AppleWebKit/537.36 (KHTML, like Gecko; compatible; GPTBot/1.2; +https://openai.com/gptbot)"
136.243.228.194 - - [11/Jul/2025:12:01:01 -0400] "GET /items/wzsod136/17574?key=taxpayer HTTP/1.1" 404 23128 "-" "Mozilla/5.0 (compatible; DataForSeoBot/1.0; +https://dataforseo.com/dataforseo-bot)"
