66.249.68.128 - - [12/Jul/2025:08:31:19 -0400] "GET /items/ppozx51/13702?key=lung HTTP/1.1" 404 1251 "-" "Mozilla/5.0 (compatible; Googlebot/2.1; +http://www.google.com/bot.html)"
66.249.79.206 - - [12/Jul/2025:08:31:21 -0400] "GET /items/188027910.html?srsltid=AfmBOohooJSjFLmRLOXBUIczZsbytbOMFuR5e2TWga42iKGXtXT5 HTTP/1.1" 404 1251 "-" "Mozilla/5.0 (Linux; Android 6.0.1; Nexus 5X Build/MMB29P) AppleWebKit/537.36 (KHTML, like Gecko) Chrome/137.0.7151.103 Mobile Safari/537.36 (compatible; Googlebot/2.1; +http://www.google.com/bot.html)"
66.249.82.7 - - [12/Jul/2025:08:31:21 -0400] "GET /.well-known/traffic-advice HTTP/1.1" 404 1251 "-" "Chrome Privacy Preserving Prefetch Proxy"
2001:4860:7:807::d6 - - [12/Jul/2025:08:31:22 -0400] "GET /items/117023895.html?srsltid=AfmBOomrfcdFPIXoqyLLDdRsIVbvxcZDsHkOyRrcFxyRwUFumxIO HTTP/1.1" 404 1251 "https://www.google.com/" "Mozilla/5.0 (Windows NT 10.0; Win64; x64) AppleWebKit/537.36 (KHTML, like Gecko) Chrome/138.0.0.0 Safari/537.36"
47.82.60.22 - - [12/Jul/2025:08:31:23 -0400] "GET /items/oycyn247/21800?key=neck HTTP/1.1" 404 1251 "https://www.first-gulf.com.sa/items/oycyn247/21800?key=neck" "Mozilla/5.0 (Windows NT 10.0; Win64; x64) AppleWebKit/537.36 (KHTML, like Gecko) Chrome/114.0.0.0 Safari/537.36 Edg/114.0.1823.43"
52.167.144.137 - - [12/Jul/2025:08:31:32 -0400] "GET /cheesygq4/kzws336859.htm HTTP/1.1" 404 1251 "-" "Mozilla/5.0 AppleWebKit/537.36 (KHTML, like Gecko; compatible; bingbot/2.0; +http://www.bing.com/bingbot.htm) Chrome/116.0.1938.76 Safari/537.36"
66.249.79.206 - - [12/Jul/2025:08:31:37 -0400] "GET /pcmypage?callback=product/review/murauchi-dvd-4589520020638 HTTP/1.1" 404 1251 "-" "Mozilla/5.0 (Linux; Android 6.0.1; Nexus 5X Build/MMB29P) AppleWebKit/537.36 (KHTML, like Gecko) Chrome/137.0.7151.103 Mobile Safari/537.36 (compatible; Googlebot/2.1; +http://www.google.com/bot.html)"
66.249.79.192 - - [12/Jul/2025:08:31:37 -0400] "GET /pcmypage?callback=product/review/murauchi-dvd-4589520020638 HTTP/1.1" 404 1251 "-" "Mozilla/5.0 (compatible; Googlebot/2.1; +http://www.google.com/bot.html)"
66.249.68.137 - - [12/Jul/2025:08:31:43 -0400] "GET /items/gcxkc126/16833?key=ritual HTTP/1.1" 404 1251 "-" "Mozilla/5.0 (compatible; Googlebot/2.1; +http://www.google.com/bot.html)"
172.178.141.129 - - [12/Jul/2025:08:31:51 -0400] "GET /search.php?pcmypage?callback=product/detail/haikanshop-un-117884 HTTP/1.1" 404 1251 "-" "Mozilla/5.0 AppleWebKit/537.36 (KHTML, like Gecko); compatible; ChatGPT-User/1.0; +https://openai.com/bot"
172.178.141.137 - - [12/Jul/2025:08:31:54 -0400] "GET / HTTP/1.1" 200 1436 "-" "Mozilla/5.0 AppleWebKit/537.36 (KHTML, like Gecko); compatible; ChatGPT-User/1.0; +https://openai.com/bot"
47.82.60.75 - - [12/Jul/2025:08:31:55 -0400] "GET /items/279035029.html HTTP/1.1" 404 1251 "https://first-gulf.com.sa/items/279035029.html" "Mozilla/5.0 (Windows NT 10.0; Win64; x64) AppleWebKit/537.36 (KHTML, like Gecko) Chrome/114.0.0.0 Safari/537.36 Edg/114.0.1823.43"
47.82.60.26 - - [12/Jul/2025:08:31:59 -0400] "GET /items/258046590.html HTTP/1.1" 404 1251 "https://first-gulf.com.sa/items/258046590.html" "Mozilla/5.0 (Windows NT 10.0; Win64; x64) AppleWebKit/537.36 (KHTML, like Gecko) Chrome/114.0.0.0 Safari/537.36 Edg/114.0.1823.43"
66.249.79.193 - - [12/Jul/2025:08:32:02 -0400] "GET /search.php?22xwa735.html HTTP/1.1" 404 1251 "-" "Mozilla/5.0 (Linux; Android 6.0.1; Nexus 5X Build/MMB29P) AppleWebKit/537.36 (KHTML, like Gecko) Chrome/137.0.7151.103 Mobile Safari/537.36 (compatible; Googlebot/2.1; +http://www.google.com/bot.html)"
66.249.68.137 - - [12/Jul/2025:08:32:04 -0400] "GET /items/djozg147/36384?key=bear HTTP/1.1" 404 1251 "-" "Mozilla/5.0 (Linux; Android 6.0.1; Nexus 5X Build/MMB29P) AppleWebKit/537.36 (KHTML, like Gecko) Chrome/137.0.7151.103 Mobile Safari/537.36 (compatible; Googlebot/2.1; +http://www.google.com/bot.html)"
47.82.60.73 - - [12/Jul/2025:08:32:08 -0400] "GET /pcmypage?callback=product/detail/geak-ldg19240040000016 HTTP/1.1" 404 1251 "https://first-gulf.com.sa/pcmypage?callback=product%2Fdetail%2Fgeak-ldg19240040000016" "Mozilla/5.0 (Windows NT 10.0; Win64; x64) AppleWebKit/537.36 (KHTML, like Gecko) Chrome/114.0.0.0 Safari/537.36 Edg/114.0.1823.43"
47.82.60.61 - - [12/Jul/2025:08:32:19 -0400] "GET /items/lxram13/48334?key=underlying HTTP/1.1" 404 1251 "https://first-gulf.com.sa/items/lxram13/48334?key=underlying" "Mozilla/5.0 (Windows NT 10.0; Win64; x64) AppleWebKit/537.36 (KHTML, like Gecko) Chrome/114.0.0.0 Safari/537.36 Edg/114.0.1823.43"
66.249.68.128 - - [12/Jul/2025:08:32:21 -0400] "GET /items/094017470.html?srsltid=AfmBOorlvuTpIUxMKaMIwRyoIyejutcuQsAeDQK07oW9WoIaHLDv HTTP/1.1" 404 1251 "-" "Mozilla/5.0 (Linux; Android 6.0.1; Nexus 5X Build/MMB29P) AppleWebKit/537.36 (KHTML, like Gecko) Chrome/137.0.7151.103 Mobile Safari/537.36 (compatible; Googlebot/2.1; +http://www.google.com/bot.html)"
205.185.122.222 - - [12/Jul/2025:08:32:08 -0400] "GET /wp-login.php HTTP/1.1" 200 0 "-" "Mozilla/5.0 (X11; Linux x86_64) AppleWebKit/537.36 (KHTML, like Gecko) Chrome/36.0.1985.143 Safari/537.36"
66.29.146.47 - - [12/Jul/2025:08:32:33 -0400] "POST /wp-cron.php?doing_wp_cron=1752323552.6452300548553466796875 HTTP/1.1" 403 1242 "-" "WordPress/6.8; https://first-gulf.com.sa"
47.82.60.6 - - [12/Jul/2025:08:32:43 -0400] "GET /pcmypage?callback=product/review/denzaido-2200261067707 HTTP/1.1" 404 1251 "https://www.first-gulf.com.sa/pcmypage?callback=product/review/denzaido-2200261067707" "Mozilla/5.0 (Windows NT 10.0; Win64; x64) AppleWebKit/537.36 (KHTML, like Gecko) Chrome/114.0.0.0 Safari/537.36 Edg/114.0.1823.43"
66.249.79.206 - - [12/Jul/2025:08:32:56 -0400] "GET /items/194016736.html?srsltid=AfmBOoeruzREAnEBAwnR1ao8ZaRkpaKRTseF6qoOfdIkmOGWvaBV HTTP/1.1" 404 1251 "-" "Mozilla/5.0 (compatible; Googlebot/2.1; +http://www.google.com/bot.html)"
66.249.79.193 - - [12/Jul/2025:08:33:35 -0400] "GET /search.php?pcmypage?callback=product/review/interiorworks-to-4911-1 HTTP/1.1" 404 1251 "-" "Mozilla/5.0 (Linux; Android 6.0.1; Nexus 5X Build/MMB29P) AppleWebKit/537.36 (KHTML, like Gecko) Chrome/137.0.7151.103 Mobile Safari/537.36 (compatible; Googlebot/2.1; +http://www.google.com/bot.html)"
66.249.68.137 - - [12/Jul/2025:08:33:36 -0400] "GET /items/171010159.html?srsltid=AfmBOotgoRrDmnlGWSDcDHxOXxKQdmAiv5wKBhqq42CCsB5rnJjq HTTP/1.1" 404 1251 "-" "Mozilla/5.0 (Linux; Android 6.0.1; Nexus 5X Build/MMB29P) AppleWebKit/537.36 (KHTML, like Gecko) Chrome/137.0.7151.103 Mobile Safari/537.36 (compatible; Googlebot/2.1; +http://www.google.com/bot.html)"
66.249.68.128 - - [12/Jul/2025:08:33:36 -0400] "GET /items/jjchl106/16391?key=sensitivity HTTP/1.1" 404 1251 "-" "Mozilla/5.0 (Linux; Android 6.0.1; Nexus 5X Build/MMB29P) AppleWebKit/537.36 (KHTML, like Gecko) Chrome/137.0.7151.103 Mobile Safari/537.36 (compatible; Googlebot/2.1; +http://www.google.com/bot.html)"
66.249.68.137 - - [12/Jul/2025:08:33:48 -0400] "GET /items/bqsgi16/8055?key=tag HTTP/1.1" 404 1251 "-" "Mozilla/5.0 (compatible; Googlebot/2.1; +http://www.google.com/bot.html)"
66.249.68.137 - - [12/Jul/2025:08:33:52 -0400] "GET /pcmypage?callback=product%2Fdetail%2Fhcvalor-eshop-trusco-1199614 HTTP/1.1" 404 1251 "-" "Mozilla/5.0 (compatible; Googlebot/2.1; +http://www.google.com/bot.html)"
66.249.68.137 - - [12/Jul/2025:08:33:55 -0400] "GET /pcmypage?callback=product%2Fdetail%2Fbiggate-34055969400 HTTP/1.1" 404 1251 "-" "Mozilla/5.0 (Linux; Android 6.0.1; Nexus 5X Build/MMB29P) AppleWebKit/537.36 (KHTML, like Gecko) Chrome/137.0.7151.103 Mobile Safari/537.36 (compatible; Googlebot/2.1; +http://www.google.com/bot.html)"
66.249.68.137 - - [12/Jul/2025:08:34:03 -0400] "GET /pcmypage?callback=product/review/dreamers-shop-clazzio-center00335 HTTP/1.1" 404 1251 "-" "Mozilla/5.0 (compatible; Googlebot/2.1; +http://www.google.com/bot.html)"
66.249.68.137 - - [12/Jul/2025:08:34:17 -0400] "GET /pcmypage?callback=product/review/jism-4582678510846-21-18846-n HTTP/1.1" 404 1251 "-" "Mozilla/5.0 (Linux; Android 6.0.1; Nexus 5X Build/MMB29P) AppleWebKit/537.36 (KHTML, like Gecko) Chrome/137.0.7151.103 Mobile Safari/537.36 (compatible; Googlebot/2.1; +http://www.google.com/bot.html)"
66.249.68.137 - - [12/Jul/2025:08:34:23 -0400] "GET /items/ouzfq87/2066?key=automatically HTTP/1.1" 404 1251 "-" "Mozilla/5.0 (compatible; Googlebot/2.1; +http://www.google.com/bot.html)"
66.249.79.194 - - [12/Jul/2025:08:34:28 -0400] "GET /pcmypage?callback=product%2Fdetail%2Fre-vida-51-19872348-black HTTP/1.1" 404 1251 "-" "Mozilla/5.0 (Linux; Android 6.0.1; Nexus 5X Build/MMB29P) AppleWebKit/537.36 (KHTML, like Gecko) Chrome/137.0.7151.103 Mobile Safari/537.36 (compatible; Googlebot/2.1; +http://www.google.com/bot.html)"
66.249.68.137 - - [12/Jul/2025:08:34:47 -0400] "GET /robots.txt HTTP/1.1" 304 0 "-" "Mozilla/5.0 (compatible; Googlebot/2.1; +http://www.google.com/bot.html)"
66.249.68.137 - - [12/Jul/2025:08:34:48 -0400] "GET /items/zkqoj81/16166?key=celebrate HTTP/1.1" 404 1251 "-" "Mozilla/5.0 (Linux; Android 6.0.1; Nexus 5X Build/MMB29P) AppleWebKit/537.36 (KHTML, like Gecko) Chrome/137.0.7151.103 Mobile Safari/537.36 (compatible; Googlebot/2.1; +http://www.google.com/bot.html)"
66.249.68.129 - - [12/Jul/2025:08:35:06 -0400] "GET /items/bkoai299/210?key=two-thirds HTTP/1.1" 404 1251 "-" "Mozilla/5.0 (Linux; Android 6.0.1; Nexus 5X Build/MMB29P) AppleWebKit/537.36 (KHTML, like Gecko) Chrome/137.0.7151.119 Mobile Safari/537.36 (compatible; Googlebot/2.1; +http://www.google.com/bot.html)"
66.249.79.195 - - [12/Jul/2025:08:35:09 -0400] "GET /items/flzpe29/744?key=grandparent HTTP/1.1" 404 1251 "-" "Mozilla/5.0 (Linux; Android 6.0.1; Nexus 5X Build/MMB29P) AppleWebKit/537.36 (KHTML, like Gecko) Chrome/137.0.7151.103 Mobile Safari/537.36 (compatible; Googlebot/2.1; +http://www.google.com/bot.html)"
66.249.79.195 - - [12/Jul/2025:08:35:17 -0400] "GET /items/sytto267/15802?key=annually HTTP/1.1" 404 1251 "-" "Mozilla/5.0 (Linux; Android 6.0.1; Nexus 5X Build/MMB29P) AppleWebKit/537.36 (KHTML, like Gecko) Chrome/137.0.7151.103 Mobile Safari/537.36 (compatible; Googlebot/2.1; +http://www.google.com/bot.html)"
196.251.84.106 - - [12/Jul/2025:08:35:19 -0400] "POST /wp-login.php HTTP/1.1" 200 2988 "-" "Mozilla/5.0"
66.249.68.128 - - [12/Jul/2025:08:35:36 -0400] "GET /pcmypage?callback=product%2Fdetail%2Fhoridashistore-aaio0157ahaa HTTP/1.1" 404 1251 "-" "Mozilla/5.0 (Linux; Android 6.0.1; Nexus 5X Build/MMB29P) AppleWebKit/537.36 (KHTML, like Gecko) Chrome/137.0.7151.103 Mobile Safari/537.36 (compatible; Googlebot/2.1; +http://www.google.com/bot.html)"
66.249.68.137 - - [12/Jul/2025:08:35:45 -0400] "GET /items/299040073.html?srsltid=AfmBOouqqccjOoRTWdwMrp43CfnAQFRYmOfr7yG4AKqgOrEchGOZ HTTP/1.1" 404 1251 "-" "Mozilla/5.0 (Linux; Android 6.0.1; Nexus 5X Build/MMB29P) AppleWebKit/537.36 (KHTML, like Gecko) Chrome/137.0.7151.103 Mobile Safari/537.36 (compatible; Googlebot/2.1; +http://www.google.com/bot.html)"
66.249.68.137 - - [12/Jul/2025:08:35:54 -0400] "GET /items/072020720.html?srsltid=AfmBOoqruzOZgSerrwhWptJnREYBiixAyZ33cC6cNQlQlpIx7L3w HTTP/1.1" 404 1251 "-" "Mozilla/5.0 (Linux; Android 6.0.1; Nexus 5X Build/MMB29P) AppleWebKit/537.36 (KHTML, like Gecko) Chrome/137.0.7151.103 Mobile Safari/537.36 (compatible; Googlebot/2.1; +http://www.google.com/bot.html)"
66.249.68.137 - - [12/Jul/2025:08:35:56 -0400] "GET /pcmypage?callback=/product%2Fdetail%2Asty-shop-c1-avy397nn5u-c752 HTTP/1.1" 404 1251 "-" "Mozilla/5.0 (Linux; Android 6.0.1; Nexus 5X Build/MMB29P) AppleWebKit/537.36 (KHTML, like Gecko) Chrome/137.0.7151.103 Mobile Safari/537.36 (compatible; Googlebot/2.1; +http://www.google.com/bot.html)"
66.249.79.194 - - [12/Jul/2025:08:35:57 -0400] "GET /search.php?pcmypage?callback=product%2Fdetail%2Fhirochishop-2-lb128790-tn HTTP/1.1" 404 1251 "-" "Mozilla/5.0 (compatible; Googlebot/2.1; +http://www.google.com/bot.html)"
66.249.68.137 - - [12/Jul/2025:08:36:17 -0400] "GET /pcmypage?callback=product/review/asty-shop-k0-1dxwxcvjrm-4651 HTTP/1.1" 404 1251 "-" "Mozilla/5.0 (Linux; Android 6.0.1; Nexus 5X Build/MMB29P) AppleWebKit/537.36 (KHTML, like Gecko) Chrome/137.0.7151.103 Mobile Safari/537.36 (compatible; Googlebot/2.1; +http://www.google.com/bot.html)"
66.249.68.128 - - [12/Jul/2025:08:36:37 -0400] "GET /pcmypage?callback=product/review/hokushinco-11563965 HTTP/1.1" 404 1251 "-" "Mozilla/5.0 (Linux; Android 6.0.1; Nexus 5X Build/MMB29P) AppleWebKit/537.36 (KHTML, like Gecko) Chrome/137.0.7151.103 Mobile Safari/537.36 (compatible; Googlebot/2.1; +http://www.google.com/bot.html)"
66.249.68.137 - - [12/Jul/2025:08:36:58 -0400] "GET /robots.txt HTTP/1.1" 304 0 "-" "Mozilla/5.0 (compatible; Googlebot/2.1; +http://www.google.com/bot.html)"
66.249.68.137 - - [12/Jul/2025:08:36:58 -0400] "GET /items/rbxnd35/1622?key=attendance HTTP/1.1" 404 1251 "-" "Mozilla/5.0 (Linux; Android 6.0.1; Nexus 5X Build/MMB29P) AppleWebKit/537.36 (KHTML, like Gecko) Chrome/137.0.7151.103 Mobile Safari/537.36 (compatible; Googlebot/2.1; +http://www.google.com/bot.html)"
66.249.68.137 - - [12/Jul/2025:08:37:01 -0400] "GET /items/061000597.html?srsltid=AfmBOooyfmCPxRCXyodxQFCAAHqtpJIh8U2TdL2kW5qNNkT3vzCI HTTP/1.1" 404 1251 "-" "Mozilla/5.0 (compatible; Googlebot/2.1; +http://www.google.com/bot.html)"
66.249.68.137 - - [12/Jul/2025:08:37:01 -0400] "GET /items/061000597.html?srsltid=AfmBOooyfmCPxRCXyodxQFCAAHqtpJIh8U2TdL2kW5qNNkT3vzCI HTTP/1.1" 404 1251 "-" "Mozilla/5.0 (Linux; Android 6.0.1; Nexus 5X Build/MMB29P) AppleWebKit/537.36 (KHTML, like Gecko) Chrome/137.0.7151.103 Mobile Safari/537.36 (compatible; Googlebot/2.1; +http://www.google.com/bot.html)"
66.249.79.195 - - [12/Jul/2025:08:37:19 -0400] "GET /pcmypage?callback=product/review/stylifemen-nv2094 HTTP/1.1" 404 1251 "-" "Mozilla/5.0 (Linux; Android 6.0.1; Nexus 5X Build/MMB29P) AppleWebKit/537.36 (KHTML, like Gecko) Chrome/137.0.7151.103 Mobile Safari/537.36 (compatible; Googlebot/2.1; +http://www.google.com/bot.html)"
66.249.79.194 - - [12/Jul/2025:08:37:22 -0400] "GET /items/264018906.html?srsltid=AfmBOoerucMMShisVYOV0O0jBZpwxkXlxb51qmgKVqjNblhACGQ8 HTTP/1.1" 404 1251 "-" "Mozilla/5.0 (compatible; Googlebot/2.1; +http://www.google.com/bot.html)"
66.249.68.129 - - [12/Jul/2025:08:38:06 -0400] "GET /items/179018961.html?srsltid=AfmBOowuacFnuIoUBmcFUsbEKAfCmcxPFZlHQrlRSFxVf1m7dQcI HTTP/1.1" 404 1251 "-" "Mozilla/5.0 (compatible; Googlebot/2.1; +http://www.google.com/bot.html)"
66.249.68.137 - - [12/Jul/2025:08:38:11 -0400] "GET /items/zwzpu57/39384?key=grant HTTP/1.1" 404 1251 "-" "Mozilla/5.0 (Linux; Android 6.0.1; Nexus 5X Build/MMB29P) AppleWebKit/537.36 (KHTML, like Gecko) Chrome/137.0.7151.103 Mobile Safari/537.36 (compatible; Googlebot/2.1; +http://www.google.com/bot.html)"
66.249.79.194 - - [12/Jul/2025:08:38:12 -0400] "GET /pcmypage?callback=product/review/kiro-p22543701 HTTP/1.1" 404 1251 "-" "Mozilla/5.0 (compatible; Googlebot/2.1; +http://www.google.com/bot.html)"
52.230.163.46 - - [12/Jul/2025:08:38:26 -0400] "GET /items/ksxxp10/31841?key=select HTTP/1.1" 404 1251 "-" "Mozilla/5.0 AppleWebKit/537.36 (KHTML, like Gecko); compatible; ChatGPT-User/1.0; +https://openai.com/bot"
66.249.68.137 - - [12/Jul/2025:08:38:52 -0400] "GET /items/vojll96/43121?key=fisherman HTTP/1.1" 404 1251 "-" "Mozilla/5.0 (Linux; Android 6.0.1; Nexus 5X Build/MMB29P) AppleWebKit/537.36 (KHTML, like Gecko) Chrome/137.0.7151.103 Mobile Safari/537.36 (compatible; Googlebot/2.1; +http://www.google.com/bot.html)"
66.249.68.128 - - [12/Jul/2025:08:39:11 -0400] "GET /items/tjqys250/33863?key=pair HTTP/1.1" 404 1251 "-" "Mozilla/5.0 (Linux; Android 6.0.1; Nexus 5X Build/MMB29P) AppleWebKit/537.36 (KHTML, like Gecko) Chrome/137.0.7151.103 Mobile Safari/537.36 (compatible; Googlebot/2.1; +http://www.google.com/bot.html)"
66.249.79.194 - - [12/Jul/2025:08:39:14 -0400] "GET /pcmypage?callback=product/review/hcvalor-eshop-trusco-4430658 HTTP/1.1" 404 1251 "-" "Mozilla/5.0 (compatible; Googlebot/2.1; +http://www.google.com/bot.html)"
66.249.68.128 - - [12/Jul/2025:08:39:21 -0400] "GET /items/147045801.html?srsltid=AfmBOoxygBsnQANOrQmXgDBfRPjNWYPnvsRst8V0rVFLqbTTpuxs HTTP/1.1" 404 1251 "-" "Mozilla/5.0 (compatible; Googlebot/2.1; +http://www.google.com/bot.html)"
66.249.68.128 - - [12/Jul/2025:08:39:22 -0400] "GET /items/147045801.html?srsltid=AfmBOoxygBsnQANOrQmXgDBfRPjNWYPnvsRst8V0rVFLqbTTpuxs HTTP/1.1" 404 1251 "-" "Mozilla/5.0 (Linux; Android 6.0.1; Nexus 5X Build/MMB29P) AppleWebKit/537.36 (KHTML, like Gecko) Chrome/137.0.7151.103 Mobile Safari/537.36 (compatible; Googlebot/2.1; +http://www.google.com/bot.html)"
66.249.79.194 - - [12/Jul/2025:08:39:23 -0400] "GET /items/196043626.html?srsltid=AfmBOoiilzuDLyDXZYZmJ9u0ZmWJAeBenPi0U1AADOANCVRDhA3N HTTP/1.1" 404 1251 "-" "Mozilla/5.0 (Linux; Android 6.0.1; Nexus 5X Build/MMB29P) AppleWebKit/537.36 (KHTML, like Gecko) Chrome/137.0.7151.103 Mobile Safari/537.36 (compatible; Googlebot/2.1; +http://www.google.com/bot.html)"
66.249.68.137 - - [12/Jul/2025:08:39:34 -0400] "GET /items/210012132.html?srsltid=AfmBOomuvrWjCZptBCJQgjTnJWQidCWRPazxyG9lFl44JFIHZUzn HTTP/1.1" 404 1251 "-" "Mozilla/5.0 (Linux; Android 6.0.1; Nexus 5X Build/MMB29P) AppleWebKit/537.36 (KHTML, like Gecko) Chrome/137.0.7151.103 Mobile Safari/537.36 (compatible; Googlebot/2.1; +http://www.google.com/bot.html)"
66.249.79.194 - - [12/Jul/2025:08:39:34 -0400] "GET /pcmypage?callback=product/review/denzaido-0427000000487 HTTP/1.1" 404 1251 "-" "Mozilla/5.0 (compatible; Googlebot/2.1; +http://www.google.com/bot.html)"
172.182.224.3 - - [12/Jul/2025:08:39:35 -0400] "GET /items/ksxxp10/31841?key=select HTTP/1.1" 404 1251 "-" "Mozilla/5.0 (Macintosh; Intel Mac OS X 10_15_7) AppleWebKit/537.36 (KHTML, like Gecko) Chrome/131.0.0.0 Safari/537.36; compatible; OAI-SearchBot/1.0; +https://openai.com/searchbot"
47.82.60.73 - - [12/Jul/2025:08:40:06 -0400] "GET /items/fvhov167/220?key=fucking HTTP/1.1" 404 1251 "https://www.first-gulf.com.sa/items/fvhov167/220?key=fucking" "Mozilla/5.0 (Windows NT 10.0; Win64; x64) AppleWebKit/537.36 (KHTML, like Gecko) Chrome/114.0.0.0 Safari/537.36 Edg/114.0.1823.43"
66.249.68.128 - - [12/Jul/2025:08:40:07 -0400] "GET /items/089008781.html?srsltid=AfmBOovmgtrujNNSAlglh6XcMMmmuUlbyGR6aw1PSGniZe1pdfGb HTTP/1.1" 404 1251 "-" "Mozilla/5.0 (Linux; Android 6.0.1; Nexus 5X Build/MMB29P) AppleWebKit/537.36 (KHTML, like Gecko) Chrome/137.0.7151.103 Mobile Safari/537.36 (compatible; Googlebot/2.1; +http://www.google.com/bot.html)"
66.249.68.129 - - [12/Jul/2025:08:40:08 -0400] "GET /items/011031979.html?srsltid=AfmBOodhcjHvVyLTCfMUNQonOrjwubIVREW9BVgtcUTkt2grXAQK HTTP/1.1" 404 1251 "-" "Mozilla/5.0 (Linux; Android 6.0.1; Nexus 5X Build/MMB29P) AppleWebKit/537.36 (KHTML, like Gecko) Chrome/137.0.7151.103 Mobile Safari/537.36 (compatible; Googlebot/2.1; +http://www.google.com/bot.html)"
66.249.79.195 - - [12/Jul/2025:08:40:12 -0400] "GET /search.php?196vimz14807.html HTTP/1.1" 404 1251 "-" "Mozilla/5.0 (Linux; Android 6.0.1; Nexus 5X Build/MMB29P) AppleWebKit/537.36 (KHTML, like Gecko) Chrome/137.0.7151.103 Mobile Safari/537.36 (compatible; Googlebot/2.1; +http://www.google.com/bot.html)"
66.249.68.128 - - [12/Jul/2025:08:40:13 -0400] "GET /items/070013236.html?srsltid=AfmBOoyhgPESlTbekNvUfXSkRgRpjXvthSsxAGlaZeNUd44ZFh6d HTTP/1.1" 404 1251 "-" "Mozilla/5.0 (compatible; Googlebot/2.1; +http://www.google.com/bot.html)"
66.249.68.128 - - [12/Jul/2025:08:40:15 -0400] "GET /items/wteay192/13355?key=ready HTTP/1.1" 404 1251 "-" "Mozilla/5.0 (Linux; Android 6.0.1; Nexus 5X Build/MMB29P) AppleWebKit/537.36 (KHTML, like Gecko) Chrome/137.0.7151.103 Mobile Safari/537.36 (compatible; Googlebot/2.1; +http://www.google.com/bot.html)"
47.82.60.87 - - [12/Jul/2025:08:40:38 -0400] "GET /items/198033790.html HTTP/1.1" 404 1251 "https://first-gulf.com.sa/items/198033790.html" "Mozilla/5.0 (Windows NT 10.0; Win64; x64) AppleWebKit/537.36 (KHTML, like Gecko) Chrome/114.0.0.0 Safari/537.36 Edg/114.0.1823.43"
66.249.68.137 - - [12/Jul/2025:08:40:40 -0400] "GET /items/jmbxn83/38326?key=seemingly HTTP/1.1" 404 1251 "-" "Mozilla/5.0 (compatible; Googlebot/2.1; +http://www.google.com/bot.html)"
66.249.68.137 - - [12/Jul/2025:08:40:46 -0400] "GET /items/flucn56/35837?key=dynamic HTTP/1.1" 404 1251 "-" "Mozilla/5.0 (compatible; Googlebot/2.1; +http://www.google.com/bot.html)"
66.249.68.137 - - [12/Jul/2025:08:40:47 -0400] "GET /items/flucn56/35837?key=dynamic HTTP/1.1" 404 1251 "-" "Mozilla/5.0 (Linux; Android 6.0.1; Nexus 5X Build/MMB29P) AppleWebKit/537.36 (KHTML, like Gecko) Chrome/137.0.7151.103 Mobile Safari/537.36 (compatible; Googlebot/2.1; +http://www.google.com/bot.html)"
66.249.68.137 - - [12/Jul/2025:08:40:48 -0400] "GET /items/091000343.html?srsltid=AfmBOoaccsLGLLQOfZaxdraRTggbIyldd3gjbY5Jloqh8vW86Fnl HTTP/1.1" 404 1251 "-" "Mozilla/5.0 (compatible; Googlebot/2.1; +http://www.google.com/bot.html)"
66.249.68.137 - - [12/Jul/2025:08:40:58 -0400] "GET /items/suxvo13/46156?key=chef HTTP/1.1" 404 1251 "-" "Mozilla/5.0 (Linux; Android 6.0.1; Nexus 5X Build/MMB29P) AppleWebKit/537.36 (KHTML, like Gecko) Chrome/137.0.7151.103 Mobile Safari/537.36 (compatible; Googlebot/2.1; +http://www.google.com/bot.html)"
47.82.60.54 - - [12/Jul/2025:08:41:01 -0400] "GET /items/dfwtd118/38133?key=present HTTP/1.1" 404 1251 "https://first-gulf.com.sa/items/dfwtd118/38133?key=present" "Mozilla/5.0 (Windows NT 10.0; Win64; x64) AppleWebKit/537.36 (KHTML, like Gecko) Chrome/114.0.0.0 Safari/537.36 Edg/114.0.1823.43"
66.249.68.129 - - [12/Jul/2025:08:41:18 -0400] "GET /items/ckndr138/66691?key=original HTTP/1.1" 404 1251 "-" "Mozilla/5.0 (compatible; Googlebot/2.1; +http://www.google.com/bot.html)"
66.249.68.129 - - [12/Jul/2025:08:41:18 -0400] "GET /items/ckndr138/66691?key=original HTTP/1.1" 404 1251 "-" "Mozilla/5.0 (Linux; Android 6.0.1; Nexus 5X Build/MMB29P) AppleWebKit/537.36 (KHTML, like Gecko) Chrome/137.0.7151.103 Mobile Safari/537.36 (compatible; Googlebot/2.1; +http://www.google.com/bot.html)"
66.249.68.137 - - [12/Jul/2025:08:41:25 -0400] "GET /items/rgvvd167/40800?key=ah HTTP/1.1" 404 1251 "-" "Mozilla/5.0 (Linux; Android 6.0.1; Nexus 5X Build/MMB29P) AppleWebKit/537.36 (KHTML, like Gecko) Chrome/137.0.7151.103 Mobile Safari/537.36 (compatible; Googlebot/2.1; +http://www.google.com/bot.html)"
66.249.79.195 - - [12/Jul/2025:08:41:25 -0400] "GET /search.php?125nbyj48362.html HTTP/1.1" 404 1251 "-" "Mozilla/5.0 (Linux; Android 6.0.1; Nexus 5X Build/MMB29P) AppleWebKit/537.36 (KHTML, like Gecko) Chrome/137.0.7151.103 Mobile Safari/537.36 (compatible; Googlebot/2.1; +http://www.google.com/bot.html)"
66.249.79.196 - - [12/Jul/2025:08:41:28 -0400] "GET /search.php?177qjmk35392.html HTTP/1.1" 404 1251 "-" "Mozilla/5.0 (Linux; Android 6.0.1; Nexus 5X Build/MMB29P) AppleWebKit/537.36 (KHTML, like Gecko) Chrome/137.0.7151.103 Mobile Safari/537.36 (compatible; Googlebot/2.1; +http://www.google.com/bot.html)"
66.249.68.137 - - [12/Jul/2025:08:41:34 -0400] "GET /items/iikkq82/10933?key=confusion HTTP/1.1" 404 1251 "-" "Mozilla/5.0 (Linux; Android 6.0.1; Nexus 5X Build/MMB29P) AppleWebKit/537.36 (KHTML, like Gecko) Chrome/137.0.7151.103 Mobile Safari/537.36 (compatible; Googlebot/2.1; +http://www.google.com/bot.html)"
34.214.106.53 - - [12/Jul/2025:08:41:50 -0400] "GET /ar/wp-content/themes/first-theme/js/js.js?ver=0.0.2 HTTP/1.1" 404 1251 "http://first-gulf.com.sa/ar/wp-content/themes/first-theme/js/js.js?ver=0.0.2" "Mozilla/5.0 (Linux; Android 8.0.0; SM-G965U Build/R16NW) AppleWebKit/537.36 (KHTML, like Gecko) Chrome/63.0.3239.111 Mobile Safari/537.36"
34.214.106.53 - - [12/Jul/2025:08:41:50 -0400] "GET /ar/wp-content/themes/first-theme/js/js.js?ver=0.0.2 HTTP/1.1" 404 1251 "-" "Mozilla/5.0 (Linux; Android 8.0.0; SM-G965U Build/R16NW) AppleWebKit/537.36 (KHTML, like Gecko) Chrome/63.0.3239.111 Mobile Safari/537.36"
34.214.106.53 - - [12/Jul/2025:08:41:50 -0400] "GET /ar/wp-content/themes/first-theme/js/js.js?ver=0.0.2 HTTP/1.1" 404 1251 "http://first-gulf.com.sa/ar/wp-content/themes/first-theme/js/js.js?ver=0.0.2" "Mozilla/5.0 (Linux; Android 8.0.0; SM-G965U Build/R16NW) AppleWebKit/537.36 (KHTML, like Gecko) Chrome/63.0.3239.111 Mobile Safari/537.36"
34.214.106.53 - - [12/Jul/2025:08:41:50 -0400] "GET /ar/wp-content/themes/first-theme/js/js.js?ver=0.0.2 HTTP/1.1" 404 1251 "-" "Mozilla/5.0 (Linux; Android 8.0.0; SM-G965U Build/R16NW) AppleWebKit/537.36 (KHTML, like Gecko) Chrome/63.0.3239.111 Mobile Safari/537.36"
34.214.106.53 - - [12/Jul/2025:08:41:50 -0400] "GET /ar/wp-content/themes/first-theme/js/js.js?ver=0.0.2 HTTP/1.1" 404 1251 "http://first-gulf.com.sa/ar/wp-content/themes/first-theme/js/js.js?ver=0.0.2" "Mozilla/5.0 (Linux; Android 8.0.0; SM-G965U Build/R16NW) AppleWebKit/537.36 (KHTML, like Gecko) Chrome/63.0.3239.111 Mobile Safari/537.36"
34.214.106.53 - - [12/Jul/2025:08:41:50 -0400] "GET /ar/wp-content/themes/first-theme/js/js.js?ver=0.0.2 HTTP/1.1" 404 1251 "-" "Mozilla/5.0 (Linux; Android 8.0.0; SM-G965U Build/R16NW) AppleWebKit/537.36 (KHTML, like Gecko) Chrome/63.0.3239.111 Mobile Safari/537.36"
66.249.68.137 - - [12/Jul/2025:08:41:50 -0400] "GET /items/wrjoe50/39275?key=wisdom HTTP/1.1" 404 1251 "-" "Mozilla/5.0 (compatible; Googlebot/2.1; +http://www.google.com/bot.html)"
34.214.106.53 - - [12/Jul/2025:08:41:50 -0400] "GET /ar/wp-content/themes/first-theme/js/js.js?ver=0.0.2 HTTP/1.1" 404 1251 "http://first-gulf.com.sa/ar/wp-content/themes/first-theme/js/js.js?ver=0.0.2" "Mozilla/5.0 (Linux; Android 8.0.0; SM-G965U Build/R16NW) AppleWebKit/537.36 (KHTML, like Gecko) Chrome/63.0.3239.111 Mobile Safari/537.36"
34.214.106.53 - - [12/Jul/2025:08:41:50 -0400] "GET /ar/wp-content/themes/first-theme/js/js.js?ver=0.0.2 HTTP/1.1" 404 1251 "-" "Mozilla/5.0 (Linux; Android 8.0.0; SM-G965U Build/R16NW) AppleWebKit/537.36 (KHTML, like Gecko) Chrome/63.0.3239.111 Mobile Safari/537.36"
34.214.106.53 - - [12/Jul/2025:08:41:51 -0400] "GET /ar/wp-content/themes/first-theme/js/js.js?ver=0.0.2 HTTP/1.1" 404 1251 "http://first-gulf.com.sa/ar/wp-content/themes/first-theme/js/js.js?ver=0.0.2" "Mozilla/5.0 (Linux; Android 8.0.0; SM-G965U Build/R16NW) AppleWebKit/537.36 (KHTML, like Gecko) Chrome/63.0.3239.111 Mobile Safari/537.36"
34.214.106.53 - - [12/Jul/2025:08:41:51 -0400] "GET /ar/wp-content/themes/first-theme/js/js.js?ver=0.0.2 HTTP/1.1" 404 1251 "-" "Mozilla/5.0 (Linux; Android 8.0.0; SM-G965U Build/R16NW) AppleWebKit/537.36 (KHTML, like Gecko) Chrome/63.0.3239.111 Mobile Safari/537.36"
47.82.60.53 - - [12/Jul/2025:08:42:02 -0400] "GET /xmlrpc.php HTTP/1.1" 403 1242 "https://www.first-gulf.com.sa/xmlrpc.php" "Mozilla/5.0 (Windows NT 10.0; Win64; x64) AppleWebKit/537.36 (KHTML, like Gecko) Chrome/114.0.0.0 Safari/537.36 Edg/114.0.1823.43"
66.249.68.129 - - [12/Jul/2025:08:42:03 -0400] "GET /items/ddxgd66/41813?key=rehabilitation HTTP/1.1" 404 1251 "-" "Mozilla/5.0 (Linux; Android 6.0.1; Nexus 5X Build/MMB29P) AppleWebKit/537.36 (KHTML, like Gecko) Chrome/137.0.7151.103 Mobile Safari/537.36 (compatible; Googlebot/2.1; +http://www.google.com/bot.html)"
66.249.68.129 - - [12/Jul/2025:08:42:06 -0400] "GET /items/034030062.html?srsltid=AfmBOohqoOxzYKwUqMhjI0gkYcsVdCSYWWE8toFqOUSTHaJWT2hC HTTP/1.1" 404 1251 "-" "Mozilla/5.0 (Linux; Android 6.0.1; Nexus 5X Build/MMB29P) AppleWebKit/537.36 (KHTML, like Gecko) Chrome/137.0.7151.103 Mobile Safari/537.36 (compatible; Googlebot/2.1; +http://www.google.com/bot.html)"
66.249.68.137 - - [12/Jul/2025:08:42:07 -0400] "GET /items/065013925.html?srsltid=AfmBOogzfcsBkBlCcJKcM3dpWJSGPdKm8nRvJiIXh5Tq6C96CKzj HTTP/1.1" 404 1251 "-" "Mozilla/5.0 (Linux; Android 6.0.1; Nexus 5X Build/MMB29P) AppleWebKit/537.36 (KHTML, like Gecko) Chrome/137.0.7151.103 Mobile Safari/537.36 (compatible; Googlebot/2.1; +http://www.google.com/bot.html)"
66.249.68.137 - - [12/Jul/2025:08:42:07 -0400] "GET /items/ntzph299/43962?key=method HTTP/1.1" 404 1251 "-" "Mozilla/5.0 (Linux; Android 6.0.1; Nexus 5X Build/MMB29P) AppleWebKit/537.36 (KHTML, like Gecko) Chrome/137.0.7151.103 Mobile Safari/537.36 (compatible; Googlebot/2.1; +http://www.google.com/bot.html)"
66.249.68.128 - - [12/Jul/2025:08:42:08 -0400] "GET /items/ntzph299/43962?key=method HTTP/1.1" 404 1251 "-" "Mozilla/5.0 (compatible; Googlebot/2.1; +http://www.google.com/bot.html)"
66.249.79.196 - - [12/Jul/2025:08:42:09 -0400] "GET /pcmypage?callback=product%2Fdetail%2Ftenpos2-dm1-bshdx-044h HTTP/1.1" 404 1251 "-" "Mozilla/5.0 (Linux; Android 6.0.1; Nexus 5X Build/MMB29P) AppleWebKit/537.36 (KHTML, like Gecko) Chrome/137.0.7151.103 Mobile Safari/537.36 (compatible; Googlebot/2.1; +http://www.google.com/bot.html)"
66.249.68.137 - - [12/Jul/2025:08:42:11 -0400] "GET /pcmypage?callback=/product%2Fdetail*uc-partsking-10180343 HTTP/1.1" 404 1251 "-" "Mozilla/5.0 (Linux; Android 6.0.1; Nexus 5X Build/MMB29P) AppleWebKit/537.36 (KHTML, like Gecko) Chrome/137.0.7151.103 Mobile Safari/537.36 (compatible; Googlebot/2.1; +http://www.google.com/bot.html)"
47.82.60.71 - - [12/Jul/2025:08:42:18 -0400] "GET /items/274034410.html HTTP/1.1" 404 1251 "https://www.first-gulf.com.sa/items/274034410.html" "Mozilla/5.0 (Windows NT 10.0; Win64; x64) AppleWebKit/537.36 (KHTML, like Gecko) Chrome/114.0.0.0 Safari/537.36 Edg/114.0.1823.43"
66.249.68.137 - - [12/Jul/2025:08:42:24 -0400] "GET /items/fqaun79/18168?key=overnight HTTP/1.1" 404 1251 "-" "Mozilla/5.0 (Linux; Android 6.0.1; Nexus 5X Build/MMB29P) AppleWebKit/537.36 (KHTML, like Gecko) Chrome/137.0.7151.103 Mobile Safari/537.36 (compatible; Googlebot/2.1; +http://www.google.com/bot.html)"
47.82.60.54 - - [12/Jul/2025:08:42:31 -0400] "GET /items/kyuoq267/36308?key=wage HTTP/1.1" 404 1251 "https://first-gulf.com.sa/items/kyuoq267/36308?key=wage" "Mozilla/5.0 (Windows NT 10.0; Win64; x64) AppleWebKit/537.36 (KHTML, like Gecko) Chrome/114.0.0.0 Safari/537.36 Edg/114.0.1823.43"
66.249.68.137 - - [12/Jul/2025:08:42:34 -0400] "GET /search?category=501&search_word= HTTP/1.1" 404 1251 "-" "Mozilla/5.0 (compatible; Googlebot/2.1; +http://www.google.com/bot.html)"
47.82.60.4 - - [12/Jul/2025:08:42:36 -0400] "GET /items/olqqa35/45750?key=talented HTTP/1.1" 404 1251 "https://first-gulf.com.sa/items/olqqa35/45750?key=talented" "Mozilla/5.0 (Windows NT 10.0; Win64; x64) AppleWebKit/537.36 (KHTML, like Gecko) Chrome/114.0.0.0 Safari/537.36 Edg/114.0.1823.43"
47.82.60.91 - - [12/Jul/2025:08:42:39 -0400] "GET /items/209010635.html HTTP/1.1" 404 1251 "https://first-gulf.com.sa/items/209010635.html" "Mozilla/5.0 (Windows NT 10.0; Win64; x64) AppleWebKit/537.36 (KHTML, like Gecko) Chrome/114.0.0.0 Safari/537.36 Edg/114.0.1823.43"
66.249.68.137 - - [12/Jul/2025:08:42:46 -0400] "GET /zhHant/product/surugaya/kaientai-2-a-11732?campaign_uid=f64d716db5e979ed2f947dbaf4296895b951ae7f HTTP/1.1" 404 1251 "-" "Mozilla/5.0 (Linux; Android 6.0.1; Nexus 5X Build/MMB29P) AppleWebKit/537.36 (KHTML, like Gecko) Chrome/137.0.7151.103 Mobile Safari/537.36 (compatible; Googlebot/2.1; +http://www.google.com/bot.html)"
66.249.68.137 - - [12/Jul/2025:08:42:47 -0400] "GET /zhHant/product/surugaya/kaientai-2-a-11732?campaign_uid=f64d716db5e979ed2f947dbaf4296895b951ae7f HTTP/1.1" 404 1251 "-" "Mozilla/5.0 (Linux; Android 6.0.1; Nexus 5X Build/MMB29P) AppleWebKit/537.36 (KHTML, like Gecko) Chrome/137.0.7151.103 Mobile Safari/537.36 (compatible; Googlebot/2.1; +http://www.google.com/bot.html)"
69.197.135.226 - - [12/Jul/2025:08:42:49 -0400] "GET /wp-content/install.php HTTP/1.1" 404 1251 "https://first-gulf.com.sa/wp-content/install.php" "Mozilla/5.0 (Windows NT 10.0; Win64; x64) AppleWebKit/537.36 (KHTML, like Gecko) Chrome/58.0.3029.110 Safari/537.3"
66.249.79.194 - - [12/Jul/2025:08:42:49 -0400] "GET /search.php?254obwdc14831.html HTTP/1.1" 404 1251 "-" "Mozilla/5.0 (Linux; Android 6.0.1; Nexus 5X Build/MMB29P) AppleWebKit/537.36 (KHTML, like Gecko) Chrome/137.0.7151.103 Mobile Safari/537.36 (compatible; Googlebot/2.1; +http://www.google.com/bot.html)"
66.249.68.137 - - [12/Jul/2025:08:42:50 -0400] "GET /items/xubbi15/18670?key=who HTTP/1.1" 404 1251 "-" "Mozilla/5.0 (Linux; Android 6.0.1; Nexus 5X Build/MMB29P) AppleWebKit/537.36 (KHTML, like Gecko) Chrome/137.0.7151.103 Mobile Safari/537.36 (compatible; Googlebot/2.1; +http://www.google.com/bot.html)"
66.249.68.137 - - [12/Jul/2025:08:43:10 -0400] "GET /items/pouuv12/4611?key=knife HTTP/1.1" 404 1251 "-" "Mozilla/5.0 (Linux; Android 6.0.1; Nexus 5X Build/MMB29P) AppleWebKit/537.36 (KHTML, like Gecko) Chrome/137.0.7151.103 Mobile Safari/537.36 (compatible; Googlebot/2.1; +http://www.google.com/bot.html)"
47.82.60.4 - - [12/Jul/2025:08:43:12 -0400] "GET /pcmypage?callback=product/review/shopsoleil-8127461 HTTP/1.1" 404 1251 "https://www.first-gulf.com.sa/pcmypage?callback=product/review/shopsoleil-8127461" "Mozilla/5.0 (Windows NT 10.0; Win64; x64) AppleWebKit/537.36 (KHTML, like Gecko) Chrome/114.0.0.0 Safari/537.36 Edg/114.0.1823.43"
66.249.68.128 - - [12/Jul/2025:08:43:21 -0400] "GET /items/ezitx81/32454?key=moreover HTTP/1.1" 404 1251 "-" "Mozilla/5.0 (compatible; Googlebot/2.1; +http://www.google.com/bot.html)"
66.249.68.137 - - [12/Jul/2025:08:43:40 -0400] "GET /items/oodnh207/13608?key=pine HTTP/1.1" 404 1251 "-" "Mozilla/5.0 (Linux; Android 6.0.1; Nexus 5X Build/MMB29P) AppleWebKit/537.36 (KHTML, like Gecko) Chrome/137.0.7151.103 Mobile Safari/537.36 (compatible; Googlebot/2.1; +http://www.google.com/bot.html)"
66.249.79.194 - - [12/Jul/2025:08:43:45 -0400] "GET /pcmypage?callback=product/review/rcmdva-e6-3022700 HTTP/1.1" 404 1251 "-" "Mozilla/5.0 (compatible; Googlebot/2.1; +http://www.google.com/bot.html)"
66.249.68.137 - - [12/Jul/2025:08:43:46 -0400] "GET /items/ocovz272/16205?key=chip HTTP/1.1" 404 1251 "-" "Mozilla/5.0 (compatible; Googlebot/2.1; +http://www.google.com/bot.html)"
66.249.68.129 - - [12/Jul/2025:08:44:19 -0400] "GET /items/ydqjz264/10927?key=meal HTTP/1.1" 404 1251 "-" "Mozilla/5.0 (compatible; Googlebot/2.1; +http://www.google.com/bot.html)"
66.249.79.195 - - [12/Jul/2025:08:44:20 -0400] "GET /search.php?twist/industrial37/2zu1l-219/ HTTP/1.1" 404 1251 "-" "Mozilla/5.0 (Linux; Android 6.0.1; Nexus 5X Build/MMB29P) AppleWebKit/537.36 (KHTML, like Gecko) Chrome/137.0.7151.103 Mobile Safari/537.36 (compatible; Googlebot/2.1; +http://www.google.com/bot.html)"
66.249.79.194 - - [12/Jul/2025:08:44:20 -0400] "GET /pcmypage?callback=product/review/wagyugift-1519001 HTTP/1.1" 404 1251 "-" "Mozilla/5.0 (Linux; Android 6.0.1; Nexus 5X Build/MMB29P) AppleWebKit/537.36 (KHTML, like Gecko) Chrome/137.0.7151.103 Mobile Safari/537.36 (compatible; Googlebot/2.1; +http://www.google.com/bot.html)"
47.82.60.6 - - [12/Jul/2025:08:44:36 -0400] "GET /items/kvjmw85/38372?key=supporter HTTP/1.1" 404 1251 "https://first-gulf.com.sa/items/kvjmw85/38372?key=supporter" "Mozilla/5.0 (Windows NT 10.0; Win64; x64) AppleWebKit/537.36 (KHTML, like Gecko) Chrome/114.0.0.0 Safari/537.36 Edg/114.0.1823.43"
52.255.111.112 - - [12/Jul/2025:08:44:47 -0400] "GET /zhHant/product/surugaya/first34-trusco-1072468?campaign_uid=f64d716db5e979ed2f947dbaf4296895b951ae7f HTTP/1.1" 404 1251 "-" "Mozilla/5.0 AppleWebKit/537.36 (KHTML, like Gecko); compatible; ChatGPT-User/1.0; +https://openai.com/bot"
66.249.68.137 - - [12/Jul/2025:08:44:47 -0400] "GET /items/lthzw45/20364?key=shareholder HTTP/1.1" 404 1251 "-" "Mozilla/5.0 (Linux; Android 6.0.1; Nexus 5X Build/MMB29P) AppleWebKit/537.36 (KHTML, like Gecko) Chrome/137.0.7151.103 Mobile Safari/537.36 (compatible; Googlebot/2.1; +http://www.google.com/bot.html)"
66.249.79.206 - - [12/Jul/2025:08:45:19 -0400] "GET /search.php?pcmypage?callback=product%2Fdetail%2Ftanachu-rpc-gp112rhn4 HTTP/1.1" 404 1251 "-" "Mozilla/5.0 (Linux; Android 6.0.1; Nexus 5X Build/MMB29P) AppleWebKit/537.36 (KHTML, like Gecko) Chrome/137.0.7151.103 Mobile Safari/537.36 (compatible; Googlebot/2.1; +http://www.google.com/bot.html)"
66.249.79.192 - - [12/Jul/2025:08:45:34 -0400] "GET /pcmypage?callback=product%2Fdetail%2Ff012262-sunagawa-12260282 HTTP/1.1" 404 1251 "-" "Mozilla/5.0 (Linux; Android 6.0.1; Nexus 5X Build/MMB29P) AppleWebKit/537.36 (KHTML, like Gecko) Chrome/137.0.7151.103 Mobile Safari/537.36 (compatible; Googlebot/2.1; +http://www.google.com/bot.html)"
66.249.68.137 - - [12/Jul/2025:08:45:35 -0400] "GET /items/wuzfh269/42778?key=forehead HTTP/1.1" 404 1251 "-" "Mozilla/5.0 (Linux; Android 6.0.1; Nexus 5X Build/MMB29P) AppleWebKit/537.36 (KHTML, like Gecko) Chrome/137.0.7151.103 Mobile Safari/537.36 (compatible; Googlebot/2.1; +http://www.google.com/bot.html)"
66.249.68.128 - - [12/Jul/2025:08:45:36 -0400] "GET /items/yrjbq66/33983?key=episode HTTP/1.1" 404 1251 "-" "Mozilla/5.0 (compatible; Googlebot/2.1; +http://www.google.com/bot.html)"
66.249.68.128 - - [12/Jul/2025:08:45:45 -0400] "GET /items/255048703.html?srsltid=AfmBOoxqwxPjpmaWfZkt9MXECMeUGalsSLLqW2RbV8PqLahZVeqn HTTP/1.1" 404 1251 "-" "Mozilla/5.0 (Linux; Android 6.0.1; Nexus 5X Build/MMB29P) AppleWebKit/537.36 (KHTML, like Gecko) Chrome/137.0.7151.103 Mobile Safari/537.36 (compatible; Googlebot/2.1; +http://www.google.com/bot.html)"
66.249.68.129 - - [12/Jul/2025:08:46:02 -0400] "GET /product/edit/florence-ashiya-10029633-2 HTTP/1.1" 404 1251 "-" "Mozilla/5.0 (Linux; Android 6.0.1; Nexus 5X Build/MMB29P) AppleWebKit/537.36 (KHTML, like Gecko) Chrome/137.0.7151.103 Mobile Safari/537.36 (compatible; Googlebot/2.1; +http://www.google.com/bot.html)"
66.249.79.192 - - [12/Jul/2025:08:46:13 -0400] "GET /pcmypage?callback=/product%2Fdetail%2First34-trusco-3197343 HTTP/1.1" 404 1251 "-" "Mozilla/5.0 (compatible; Googlebot/2.1; +http://www.google.com/bot.html)"
66.249.68.130 - - [12/Jul/2025:08:46:21 -0400] "GET /items/110016350.html?srsltid=AfmBOoeomAxwSkRfMkrrAWqYCgZkmTZbn5d4g97hZ40WEuqUaN9m HTTP/1.1" 404 1251 "-" "Mozilla/5.0 (Linux; Android 6.0.1; Nexus 5X Build/MMB29P) AppleWebKit/537.36 (KHTML, like Gecko) Chrome/137.0.7151.103 Mobile Safari/537.36 (compatible; Googlebot/2.1; +http://www.google.com/bot.html)"
66.249.68.129 - - [12/Jul/2025:08:46:22 -0400] "GET /items/271020863.html?srsltid=AfmBOoxjjuuvvsWpVzHtDkWCQmUurZfVxluwU8dMD1IFg2Z3fYw9 HTTP/1.1" 404 1251 "-" "Mozilla/5.0 (Linux; Android 6.0.1; Nexus 5X Build/MMB29P) AppleWebKit/537.36 (KHTML, like Gecko) Chrome/137.0.7151.103 Mobile Safari/537.36 (compatible; Googlebot/2.1; +http://www.google.com/bot.html)"
66.249.68.130 - - [12/Jul/2025:08:46:22 -0400] "GET /items/ejqoi65/3096?key=period HTTP/1.1" 404 1251 "-" "Mozilla/5.0 (Linux; Android 6.0.1; Nexus 5X Build/MMB29P) AppleWebKit/537.36 (KHTML, like Gecko) Chrome/137.0.7151.103 Mobile Safari/537.36 (compatible; Googlebot/2.1; +http://www.google.com/bot.html)"
66.249.68.129 - - [12/Jul/2025:08:46:53 -0400] "GET /items/chvko86/11?key=consider HTTP/1.1" 404 1251 "-" "Mozilla/5.0 (Linux; Android 6.0.1; Nexus 5X Build/MMB29P) AppleWebKit/537.36 (KHTML, like Gecko) Chrome/137.0.7151.103 Mobile Safari/537.36 (compatible; Googlebot/2.1; +http://www.google.com/bot.html)"
66.249.68.129 - - [12/Jul/2025:08:46:57 -0400] "GET /items/ywjnk92/27635?key=hug HTTP/1.1" 404 1251 "-" "Mozilla/5.0 (compatible; Googlebot/2.1; +http://www.google.com/bot.html)"
66.249.79.193 - - [12/Jul/2025:08:47:01 -0400] "GET /search.php?category/1_90_3048/1 HTTP/1.1" 404 1251 "-" "Mozilla/5.0 (compatible; Googlebot/2.1; +http://www.google.com/bot.html)"
66.249.79.206 - - [12/Jul/2025:08:47:02 -0400] "GET /search.php?category/1_90_3048/1 HTTP/1.1" 404 1251 "-" "Mozilla/5.0 (Linux; Android 6.0.1; Nexus 5X Build/MMB29P) AppleWebKit/537.36 (KHTML, like Gecko) Chrome/137.0.7151.103 Mobile Safari/537.36 (compatible; Googlebot/2.1; +http://www.google.com/bot.html)"
66.249.68.131 - - [12/Jul/2025:08:47:04 -0400] "GET /items/003001365.html?srsltid=AfmBOoqvqZuOfuOPzgFEDbygMXfyCUec0lSNpYj3Uq7E6008oiI1 HTTP/1.1" 404 1251 "-" "Mozilla/5.0 (Linux; Android 6.0.1; Nexus 5X Build/MMB29P) AppleWebKit/537.36 (KHTML, like Gecko) Chrome/137.0.7151.103 Mobile Safari/537.36 (compatible; Googlebot/2.1; +http://www.google.com/bot.html)"
66.249.68.130 - - [12/Jul/2025:08:47:13 -0400] "GET /items/211010141.html?srsltid=AfmBOotvjjbZUiPHBlEVoXnMUXsnhqCTKF0VJCYfdftGFA3dwdxE HTTP/1.1" 404 1251 "-" "Mozilla/5.0 (Linux; Android 6.0.1; Nexus 5X Build/MMB29P) AppleWebKit/537.36 (KHTML, like Gecko) Chrome/137.0.7151.103 Mobile Safari/537.36 (compatible; Googlebot/2.1; +http://www.google.com/bot.html)"
66.249.68.129 - - [12/Jul/2025:08:47:20 -0400] "GET /pcmypage?callback=product/review/sakan8man-trus-2682998 HTTP/1.1" 404 1251 "-" "Mozilla/5.0 (compatible; Googlebot/2.1; +http://www.google.com/bot.html)"
66.249.79.192 - - [12/Jul/2025:08:47:25 -0400] "GET /pcmypage?callback=/product%2Fdetail%2First34-trusco-1542075 HTTP/1.1" 404 1251 "-" "Mozilla/5.0 (compatible; Googlebot/2.1; +http://www.google.com/bot.html)"
66.249.79.206 - - [12/Jul/2025:08:47:25 -0400] "GET /pcmypage?callback=/product%2Fdetail%2First34-trusco-1542075 HTTP/1.1" 404 1251 "-" "Mozilla/5.0 (Linux; Android 6.0.1; Nexus 5X Build/MMB29P) AppleWebKit/537.36 (KHTML, like Gecko) Chrome/137.0.7151.103 Mobile Safari/537.36 (compatible; Googlebot/2.1; +http://www.google.com/bot.html)"
66.249.68.129 - - [12/Jul/2025:08:48:09 -0400] "GET /items/qvnjy86/38277?key=relieve HTTP/1.1" 404 1251 "-" "Mozilla/5.0 (Linux; Android 6.0.1; Nexus 5X Build/MMB29P) AppleWebKit/537.36 (KHTML, like Gecko) Chrome/137.0.7151.103 Mobile Safari/537.36 (compatible; Googlebot/2.1; +http://www.google.com/bot.html)"
66.249.79.206 - - [12/Jul/2025:08:48:12 -0400] "GET /pcmypage?callback=product/review/first34-asone-63-5529-26 HTTP/1.1" 404 1251 "-" "Mozilla/5.0 (Linux; Android 6.0.1; Nexus 5X Build/MMB29P) AppleWebKit/537.36 (KHTML, like Gecko) Chrome/137.0.7151.103 Mobile Safari/537.36 (compatible; Googlebot/2.1; +http://www.google.com/bot.html)"
66.249.68.129 - - [12/Jul/2025:08:48:27 -0400] "GET /pcmypage?callback=/product%2Fdetail%2Auc-dream-diy-lv02fn-lgh HTTP/1.1" 404 1251 "-" "Mozilla/5.0 (Linux; Android 6.0.1; Nexus 5X Build/MMB29P) AppleWebKit/537.36 (KHTML, like Gecko) Chrome/137.0.7151.103 Mobile Safari/537.36 (compatible; Googlebot/2.1; +http://www.google.com/bot.html)"
66.249.68.130 - - [12/Jul/2025:08:48:30 -0400] "GET /pcmypage?callback=product/review/shichikai-skkm-907115e08f-1 HTTP/1.1" 404 1251 "-" "Mozilla/5.0 (compatible; Googlebot/2.1; +http://www.google.com/bot.html)"
66.249.68.131 - - [12/Jul/2025:08:49:14 -0400] "GET /items/054043052.html?srsltid=AfmBOoffsGvLhohbyiDlXgkzKlUlMTiJpWARsxxPozqxBqrxyAvA HTTP/1.1" 404 1251 "-" "Mozilla/5.0 (Linux; Android 6.0.1; Nexus 5X Build/MMB29P) AppleWebKit/537.36 (KHTML, like Gecko) Chrome/137.0.7151.103 Mobile Safari/537.36 (compatible; Googlebot/2.1; +http://www.google.com/bot.html)"
66.249.68.129 - - [12/Jul/2025:08:49:14 -0400] "GET /pcmypage?callback=/product%2Fdetail%2Autopartsdirect-031103847457769501 HTTP/1.1" 404 1251 "-" "Mozilla/5.0 (Linux; Android 6.0.1; Nexus 5X Build/MMB29P) AppleWebKit/537.36 (KHTML, like Gecko) Chrome/137.0.7151.103 Mobile Safari/537.36 (compatible; Googlebot/2.1; +http://www.google.com/bot.html)"
66.249.79.206 - - [12/Jul/2025:08:49:18 -0400] "GET /items/014003198.html?srsltid=AfmBOoxmcZDnqSDgPoxBOjiAJETxHQWIFkE8usjMyc6o1kTUZjLz HTTP/1.1" 404 1251 "-" "Mozilla/5.0 (Linux; Android 6.0.1; Nexus 5X Build/MMB29P) AppleWebKit/537.36 (KHTML, like Gecko) Chrome/137.0.7151.103 Mobile Safari/537.36 (compatible; Googlebot/2.1; +http://www.google.com/bot.html)"
66.249.79.192 - - [12/Jul/2025:08:49:33 -0400] "GET /pcmypage?callback=product/review/schik-dresscolor_470-1 HTTP/1.1" 404 1251 "-" "Mozilla/5.0 (Linux; Android 6.0.1; Nexus 5X Build/MMB29P) AppleWebKit/537.36 (KHTML, like Gecko) Chrome/137.0.7151.103 Mobile Safari/537.36 (compatible; Googlebot/2.1; +http://www.google.com/bot.html)"
66.249.68.130 - - [12/Jul/2025:08:49:39 -0400] "GET /items/243003057.html?srsltid=AfmBOozutaTSfNFjpeMYUFFmXlQhnioG8sScNIpSQnh4ZPGN6wos HTTP/1.1" 404 1251 "-" "Mozilla/5.0 (compatible; Googlebot/2.1; +http://www.google.com/bot.html)"
66.249.68.129 - - [12/Jul/2025:08:49:42 -0400] "GET /pcmypage?callback=product%2Fdetail%2Fparusu-uefan-384491-450-- HTTP/1.1" 404 1251 "-" "Mozilla/5.0 (Linux; Android 6.0.1; Nexus 5X Build/MMB29P) AppleWebKit/537.36 (KHTML, like Gecko) Chrome/137.0.7151.103 Mobile Safari/537.36 (compatible; Googlebot/2.1; +http://www.google.com/bot.html)"
66.249.68.129 - - [12/Jul/2025:08:49:58 -0400] "GET /safe_search/config?return_url=%2Fproduct%2Fdetail%2Fwagato-lzy91356ntf_daiko HTTP/1.1" 404 1251 "-" "Mozilla/5.0 (Linux; Android 6.0.1; Nexus 5X Build/MMB29P) AppleWebKit/537.36 (KHTML, like Gecko) Chrome/137.0.7151.103 Mobile Safari/537.36 (compatible; Googlebot/2.1; +http://www.google.com/bot.html)"
66.249.79.206 - - [12/Jul/2025:08:50:01 -0400] "GET /items/jqkof257/30906?key=development HTTP/1.1" 404 1251 "-" "Mozilla/5.0 (Linux; Android 6.0.1; Nexus 5X Build/MMB29P) AppleWebKit/537.36 (KHTML, like Gecko) Chrome/137.0.7151.103 Mobile Safari/537.36 (compatible; Googlebot/2.1; +http://www.google.com/bot.html)"
66.249.68.130 - - [12/Jul/2025:08:50:02 -0400] "GET /pcmypage?callback=product%2Fdetail%2Fmandai-2100020000383127 HTTP/1.1" 404 1251 "-" "Mozilla/5.0 (Linux; Android 6.0.1; Nexus 5X Build/MMB29P) AppleWebKit/537.36 (KHTML, like Gecko) Chrome/137.0.7151.103 Mobile Safari/537.36 (compatible; Googlebot/2.1; +http://www.google.com/bot.html)"
40.84.221.213 - - [12/Jul/2025:08:50:20 -0400] "GET /pcmypage?callback=product/detail/rubbermark-3241-1132703 HTTP/1.1" 404 1251 "-" "Mozilla/5.0 AppleWebKit/537.36 (KHTML, like Gecko); compatible; ChatGPT-User/1.0; +https://openai.com/bot"
66.249.79.192 - - [12/Jul/2025:08:50:20 -0400] "GET /pcmypage?callback=product/review/partsisland-wed000000001371 HTTP/1.1" 404 1251 "-" "Mozilla/5.0 (compatible; Googlebot/2.1; +http://www.google.com/bot.html)"
66.249.68.129 - - [12/Jul/2025:08:50:22 -0400] "GET /items/217015181.html?srsltid=AfmBOoxupaVMfGXfIhpgq14pTEHWEPngAhK0U4kqOaM6WDukUap0 HTTP/1.1" 404 1251 "-" "Mozilla/5.0 (Linux; Android 6.0.1; Nexus 5X Build/MMB29P) AppleWebKit/537.36 (KHTML, like Gecko) Chrome/137.0.7151.103 Mobile Safari/537.36 (compatible; Googlebot/2.1; +http://www.google.com/bot.html)"
47.82.60.84 - - [12/Jul/2025:08:50:23 -0400] "GET /items/rokxc288/18009?key=arm HTTP/1.1" 404 1251 "https://first-gulf.com.sa/items/rokxc288/18009?key=arm" "Mozilla/5.0 (Windows NT 10.0; Win64; x64) AppleWebKit/537.36 (KHTML, like Gecko) Chrome/114.0.0.0 Safari/537.36 Edg/114.0.1823.43"
66.249.68.129 - - [12/Jul/2025:08:50:36 -0400] "GET /search?category=65002&search_word= HTTP/1.1" 404 1251 "-" "Mozilla/5.0 (compatible; Googlebot/2.1; +http://www.google.com/bot.html)"
66.249.79.206 - - [12/Jul/2025:08:50:39 -0400] "GET /pcmypage?callback=product%2Fdetail%2Fyukei-85208v HTTP/1.1" 404 1251 "-" "Mozilla/5.0 (Linux; Android 6.0.1; Nexus 5X Build/MMB29P) AppleWebKit/537.36 (KHTML, like Gecko) Chrome/137.0.7151.103 Mobile Safari/537.36 (compatible; Googlebot/2.1; +http://www.google.com/bot.html)"
2001:4860:7:b07::d4 - - [12/Jul/2025:08:50:40 -0400] "GET /items/znvgq6/403?key=ocean HTTP/1.1" 404 1251 "https://www.google.com/" "Mozilla/5.0 (Windows NT 10.0; Win64; x64) AppleWebKit/537.36 (KHTML, like Gecko) Chrome/138.0.0.0 Safari/537.36"
66.249.68.129 - - [12/Jul/2025:08:50:51 -0400] "GET /items/060017006.html?srsltid=AfmBOorbnNffBnVbWMbFJbWYSLbYgzngpgrM28urzcKsECIIG3l5 HTTP/1.1" 404 1251 "-" "Mozilla/5.0 (Linux; Android 6.0.1; Nexus 5X Build/MMB29P) AppleWebKit/537.36 (KHTML, like Gecko) Chrome/137.0.7151.103 Mobile Safari/537.36 (compatible; Googlebot/2.1; +http://www.google.com/bot.html)"
66.249.68.129 - - [12/Jul/2025:08:50:58 -0400] "GET /items/lewrp64/685?key=bus HTTP/1.1" 404 1251 "-" "Mozilla/5.0 (Linux; Android 6.0.1; Nexus 5X Build/MMB29P) AppleWebKit/537.36 (KHTML, like Gecko) Chrome/137.0.7151.103 Mobile Safari/537.36 (compatible; Googlebot/2.1; +http://www.google.com/bot.html)"
66.29.146.47 - - [12/Jul/2025:08:51:05 -0400] "POST /wp-cron.php?doing_wp_cron=1752324665.0579099655151367187500 HTTP/1.1" 403 1242 "-" "WordPress/6.8; https://first-gulf.com.sa"
196.251.84.106 - - [12/Jul/2025:08:50:57 -0400] "POST /wp-login.php HTTP/1.1" 200 3022 "-" "Mozilla/5.0"
66.249.68.130 - - [12/Jul/2025:08:51:09 -0400] "GET /items/mrbfm186/2925?key=fitness HTTP/1.1" 404 1251 "-" "Mozilla/5.0 (Linux; Android 6.0.1; Nexus 5X Build/MMB29P) AppleWebKit/537.36 (KHTML, like Gecko) Chrome/137.0.7151.103 Mobile Safari/537.36 (compatible; Googlebot/2.1; +http://www.google.com/bot.html)"
66.249.79.206 - - [12/Jul/2025:08:51:14 -0400] "GET /search.php?pcmypage?callback=product/review/first34-trusco-1271589 HTTP/1.1" 404 1251 "-" "Mozilla/5.0 (compatible; Googlebot/2.1; +http://www.google.com/bot.html)"
66.249.68.128 - - [12/Jul/2025:08:51:28 -0400] "GET /items/104027852.html?srsltid=AfmBOojryKzfTCSZTlJZe2wCFMwtxMzyJRHe9Za0CbYix9jB1wuG HTTP/1.1" 404 1251 "-" "Mozilla/5.0 (Linux; Android 6.0.1; Nexus 5X Build/MMB29P) AppleWebKit/537.36 (KHTML, like Gecko) Chrome/137.0.7151.103 Mobile Safari/537.36 (compatible; Googlebot/2.1; +http://www.google.com/bot.html)"
66.249.68.137 - - [12/Jul/2025:08:51:29 -0400] "GET /items/104027852.html?srsltid=AfmBOojryKzfTCSZTlJZe2wCFMwtxMzyJRHe9Za0CbYix9jB1wuG HTTP/1.1" 404 1251 "-" "Mozilla/5.0 (compatible; Googlebot/2.1; +http://www.google.com/bot.html)"
66.249.68.137 - - [12/Jul/2025:08:51:30 -0400] "GET /items/swgjy278/11511?key=outline HTTP/1.1" 404 1251 "-" "Mozilla/5.0 (Linux; Android 6.0.1; Nexus 5X Build/MMB29P) AppleWebKit/537.36 (KHTML, like Gecko) Chrome/137.0.7151.103 Mobile Safari/537.36 (compatible; Googlebot/2.1; +http://www.google.com/bot.html)"
47.82.60.61 - - [12/Jul/2025:08:51:35 -0400] "GET /items/humtb75/19810?key=operator HTTP/1.1" 404 1251 "https://first-gulf.com.sa/items/humtb75/19810?key=operator" "Mozilla/5.0 (Windows NT 10.0; Win64; x64) AppleWebKit/537.36 (KHTML, like Gecko) Chrome/114.0.0.0 Safari/537.36 Edg/114.0.1823.43"
47.82.60.22 - - [12/Jul/2025:08:51:49 -0400] "GET /pcmypage?callback=product/detail/m-brand-240822008 HTTP/1.1" 404 1251 "https://www.first-gulf.com.sa/pcmypage?callback=product%2Fdetail%2Fm-brand-240822008" "Mozilla/5.0 (Windows NT 10.0; Win64; x64) AppleWebKit/537.36 (KHTML, like Gecko) Chrome/114.0.0.0 Safari/537.36 Edg/114.0.1823.43"
