66.249.74.15 - - [12/Jul/2025:16:28:52 -0400] "GET /pcmypage?callback=/product%2Fdetail%2m74122863618 HTTP/1.1" 404 1251 "-" "Mozilla/5.0 (Linux; Android 6.0.1; Nexus 5X Build/MMB29P) AppleWebKit/537.36 (KHTML, like Gecko) Chrome/137.0.7151.103 Mobile Safari/537.36 (compatible; Googlebot/2.1; +http://www.google.com/bot.html)"
66.249.74.15 - - [12/Jul/2025:16:28:57 -0400] "GET /q-~27vRqoSk3vQBhhuUn6fVR3J30InxBzsp47178/ HTTP/1.1" 404 1251 "-" "Mozilla/5.0 (Linux; Android 6.0.1; Nexus 5X Build/MMB29P) AppleWebKit/537.36 (KHTML, like Gecko) Chrome/137.0.7151.103 Mobile Safari/537.36 (compatible; GoogleOther)"
66.249.74.2 - - [12/Jul/2025:16:29:09 -0400] "GET /q-~144jOy8jFabJXoEpgovZIqomoiOHmxb4t36907/ HTTP/1.1" 404 1251 "-" "Mozilla/5.0 (Linux; Android 6.0.1; Nexus 5X Build/MMB29P) AppleWebKit/537.36 (KHTML, like Gecko) Chrome/137.0.7151.103 Mobile Safari/537.36 (compatible; GoogleOther)"
20.171.207.24 - - [12/Jul/2025:16:29:18 -0400] "GET /hermitship/hhHcEn4yr.htm HTTP/1.1" 404 1251 "-" "Mozilla/5.0 AppleWebKit/537.36 (KHTML, like Gecko; compatible; GPTBot/1.2; +https://openai.com/gptbot)"
66.249.74.15 - - [12/Jul/2025:16:29:21 -0400] "GET /q-~73bVOKdYCIM0GWtpufGmrsD9XWCOYcIm46520/ HTTP/1.1" 404 1251 "-" "Mozilla/5.0 (Linux; Android 6.0.1; Nexus 5X Build/MMB29P) AppleWebKit/537.36 (KHTML, like Gecko) Chrome/137.0.7151.103 Mobile Safari/537.36 (compatible; GoogleOther)"
66.249.74.15 - - [12/Jul/2025:16:29:24 -0400] "GET /q-~57oIIul7oiHZdmCuxlsadD8bNSWmbElH12388/ HTTP/1.1" 404 1251 "-" "Mozilla/5.0 (Linux; Android 6.0.1; Nexus 5X Build/MMB29P) AppleWebKit/537.36 (KHTML, like Gecko) Chrome/137.0.7151.103 Mobile Safari/537.36 (compatible; GoogleOther)"
66.249.74.15 - - [12/Jul/2025:16:29:33 -0400] "GET /q-~105A4H4bZRB9xdT3T5GRf2Xig7kuaNAgZ7032/ HTTP/1.1" 404 1251 "-" "Mozilla/5.0 (Linux; Android 6.0.1; Nexus 5X Build/MMB29P) AppleWebKit/537.36 (KHTML, like Gecko) Chrome/137.0.7151.103 Mobile Safari/537.36 (compatible; GoogleOther)"
66.249.74.15 - - [12/Jul/2025:16:29:45 -0400] "GET /q-~112EQ8DKUFad5xuFFVrEXyTkxL8ZPwlRI40629/ HTTP/1.1" 404 1251 "-" "Mozilla/5.0 (Linux; Android 6.0.1; Nexus 5X Build/MMB29P) AppleWebKit/537.36 (KHTML, like Gecko) Chrome/137.0.7151.103 Mobile Safari/537.36 (compatible; GoogleOther)"
66.249.74.15 - - [12/Jul/2025:16:29:48 -0400] "GET /q-~194MKEkQBT3HiyGuHmG5ReZvXiS2PM4Ui16327/ HTTP/1.1" 404 1251 "-" "Mozilla/5.0 (Linux; Android 6.0.1; Nexus 5X Build/MMB29P) AppleWebKit/537.36 (KHTML, like Gecko) Chrome/137.0.7151.103 Mobile Safari/537.36 (compatible; GoogleOther)"
66.249.74.15 - - [12/Jul/2025:16:29:57 -0400] "GET /items/dexsh23/3745?key=death HTTP/1.1" 404 1251 "-" "Mozilla/5.0 (Linux; Android 6.0.1; Nexus 5X Build/MMB29P) AppleWebKit/537.36 (KHTML, like Gecko) Chrome/137.0.7151.103 Mobile Safari/537.36 (compatible; GoogleOther)"
66.249.74.2 - - [12/Jul/2025:16:30:08 -0400] "GET /items/gkiiu205/35471?key=garbage HTTP/1.1" 404 1251 "-" "Mozilla/5.0 (compatible; Googlebot/2.1; +http://www.google.com/bot.html)"
66.249.74.15 - - [12/Jul/2025:16:30:10 -0400] "GET /q-~44OcYscOrMWUHIuU5ygviXrIDO0lBl9F6017/ HTTP/1.1" 404 1251 "-" "Mozilla/5.0 (Linux; Android 6.0.1; Nexus 5X Build/MMB29P) AppleWebKit/537.36 (KHTML, like Gecko) Chrome/137.0.7151.103 Mobile Safari/537.36 (compatible; GoogleOther)"
66.249.74.1 - - [12/Jul/2025:16:30:21 -0400] "GET /items/xybzp132/2350?key=army HTTP/1.1" 404 1251 "-" "Mozilla/5.0 (Linux; Android 6.0.1; Nexus 5X Build/MMB29P) AppleWebKit/537.36 (KHTML, like Gecko) Chrome/137.0.7151.103 Mobile Safari/537.36 (compatible; GoogleOther)"
66.249.74.15 - - [12/Jul/2025:16:30:33 -0400] "GET /items/zjovv93/20017?key=smell HTTP/1.1" 404 1251 "-" "Mozilla/5.0 (Linux; Android 6.0.1; Nexus 5X Build/MMB29P) AppleWebKit/537.36 (KHTML, like Gecko) Chrome/137.0.7151.103 Mobile Safari/537.36 (compatible; GoogleOther)"
66.249.74.15 - - [12/Jul/2025:16:30:45 -0400] "GET /items/qifkk266/7992?key=eight HTTP/1.1" 404 1251 "-" "Mozilla/5.0 (Linux; Android 6.0.1; Nexus 5X Build/MMB29P) AppleWebKit/537.36 (KHTML, like Gecko) Chrome/137.0.7151.103 Mobile Safari/537.36 (compatible; GoogleOther)"
66.249.74.15 - - [12/Jul/2025:16:30:57 -0400] "GET /items/qqabx216/34208?key=butterfly HTTP/1.1" 404 1251 "-" "Mozilla/5.0 (Linux; Android 6.0.1; Nexus 5X Build/MMB29P) AppleWebKit/537.36 (KHTML, like Gecko) Chrome/137.0.7151.103 Mobile Safari/537.36 (compatible; GoogleOther)"
66.249.74.15 - - [12/Jul/2025:16:31:09 -0400] "GET /q-~107qOqI3bS7MKFsz5t7mHsNjoCPat7J9z924/ HTTP/1.1" 404 1251 "-" "Mozilla/5.0 (Linux; Android 6.0.1; Nexus 5X Build/MMB29P) AppleWebKit/537.36 (KHTML, like Gecko) Chrome/137.0.7151.103 Mobile Safari/537.36 (compatible; GoogleOther)"
66.249.74.15 - - [12/Jul/2025:16:31:21 -0400] "GET /items/ppuhs241/24391?key=form HTTP/1.1" 404 1251 "-" "Mozilla/5.0 (Linux; Android 6.0.1; Nexus 5X Build/MMB29P) AppleWebKit/537.36 (KHTML, like Gecko) Chrome/137.0.7151.103 Mobile Safari/537.36 (compatible; GoogleOther)"
66.249.74.15 - - [12/Jul/2025:16:31:26 -0400] "GET /q-~64YK56QGEtAAFJb4RVPNtJT3vSXRO0qd37935/ HTTP/1.1" 404 1251 "-" "Mozilla/5.0 (compatible; Googlebot/2.1; +http://www.google.com/bot.html)"
66.249.74.15 - - [12/Jul/2025:16:31:34 -0400] "GET /items/pmylc215/40759?key=bishop HTTP/1.1" 404 1251 "-" "Mozilla/5.0 (Linux; Android 6.0.1; Nexus 5X Build/MMB29P) AppleWebKit/537.36 (KHTML, like Gecko) Chrome/137.0.7151.103 Mobile Safari/537.36 (compatible; GoogleOther)"
66.249.74.15 - - [12/Jul/2025:16:31:36 -0400] "GET /items/enjlt221/35787?key=sexuality HTTP/1.1" 404 1251 "-" "Mozilla/5.0 (Linux; Android 6.0.1; Nexus 5X Build/MMB29P) AppleWebKit/537.36 (KHTML, like Gecko) Chrome/137.0.7151.103 Mobile Safari/537.36 (compatible; GoogleOther)"
66.249.74.15 - - [12/Jul/2025:16:31:46 -0400] "GET /items/uvnxs189/33475?key=shelter HTTP/1.1" 404 1251 "-" "Mozilla/5.0 (Linux; Android 6.0.1; Nexus 5X Build/MMB29P) AppleWebKit/537.36 (KHTML, like Gecko) Chrome/137.0.7151.103 Mobile Safari/537.36 (compatible; GoogleOther)"
204.12.252.98 - - [12/Jul/2025:16:31:54 -0400] "GET /wp-content/admin.php HTTP/1.1" 404 1251 "https://nas-yemen.org/wp-content/admin.php" "Mozilla/5.0 (Windows NT 10.0; Win64; x64) AppleWebKit/537.36 (KHTML, like Gecko) Chrome/58.0.3029.110 Safari/537.3"
66.249.74.15 - - [12/Jul/2025:16:31:58 -0400] "GET /items/nmyrc51/11825?key=book HTTP/1.1" 404 1251 "-" "Mozilla/5.0 (Linux; Android 6.0.1; Nexus 5X Build/MMB29P) AppleWebKit/537.36 (KHTML, like Gecko) Chrome/137.0.7151.103 Mobile Safari/537.36 (compatible; GoogleOther)"
47.82.60.43 - - [12/Jul/2025:16:32:04 -0400] "GET /items/lcijc291/36895?key=continued HTTP/1.1" 404 1251 "https://nas-yemen.org/items/lcijc291/36895?key=continued" "Mozilla/5.0 (Windows NT 10.0; Win64; x64) AppleWebKit/537.36 (KHTML, like Gecko) Chrome/114.0.0.0 Safari/537.36 Edg/114.0.1823.43"
66.249.74.1 - - [12/Jul/2025:16:32:10 -0400] "GET /q-~26qizQQFQQl5bC0d5jhHlG3kVsD4cWGN2895/ HTTP/1.1" 404 1251 "-" "Mozilla/5.0 (Linux; Android 6.0.1; Nexus 5X Build/MMB29P) AppleWebKit/537.36 (KHTML, like Gecko) Chrome/137.0.7151.103 Mobile Safari/537.36 (compatible; GoogleOther)"
66.249.74.1 - - [12/Jul/2025:16:32:22 -0400] "GET /items/ufnjd120/40996?key=modern HTTP/1.1" 404 1251 "-" "Mozilla/5.0 (Linux; Android 6.0.1; Nexus 5X Build/MMB29P) AppleWebKit/537.36 (KHTML, like Gecko) Chrome/137.0.7151.103 Mobile Safari/537.36 (compatible; GoogleOther)"
66.249.74.15 - - [12/Jul/2025:16:32:28 -0400] "GET /q-~79hboSzs7eOuToaqvYApOzcY7GLGO7SA41684/ HTTP/1.1" 404 1251 "-" "Mozilla/5.0 (Linux; Android 6.0.1; Nexus 5X Build/MMB29P) AppleWebKit/537.36 (KHTML, like Gecko) Chrome/137.0.7151.103 Mobile Safari/537.36 (compatible; GoogleOther)"
66.249.74.15 - - [12/Jul/2025:16:32:34 -0400] "GET /items/gpnzf231/32345?key=kind HTTP/1.1" 404 1251 "-" "Mozilla/5.0 (Linux; Android 6.0.1; Nexus 5X Build/MMB29P) AppleWebKit/537.36 (KHTML, like Gecko) Chrome/137.0.7151.103 Mobile Safari/537.36 (compatible; GoogleOther)"
66.249.74.15 - - [12/Jul/2025:16:32:46 -0400] "GET /q-~55n3MOBgXEgoBYiQmlSxMIZskk4bUdWV35516/ HTTP/1.1" 404 1251 "-" "Mozilla/5.0 (Linux; Android 6.0.1; Nexus 5X Build/MMB29P) AppleWebKit/537.36 (KHTML, like Gecko) Chrome/137.0.7151.103 Mobile Safari/537.36 (compatible; GoogleOther)"
66.249.74.15 - - [12/Jul/2025:16:32:58 -0400] "GET /q-~192FzktyAlkZZJlKq4LTdbsIWWUVJnuGk49439/ HTTP/1.1" 404 1251 "-" "Mozilla/5.0 (Linux; Android 6.0.1; Nexus 5X Build/MMB29P) AppleWebKit/537.36 (KHTML, like Gecko) Chrome/137.0.7151.103 Mobile Safari/537.36 (compatible; GoogleOther)"
66.249.74.2 - - [12/Jul/2025:16:33:10 -0400] "GET /q-~265h49wGpqzDSkkPwaj6IE62jSRYN1wpn36362/ HTTP/1.1" 404 1251 "-" "Mozilla/5.0 (Linux; Android 6.0.1; Nexus 5X Build/MMB29P) AppleWebKit/537.36 (KHTML, like Gecko) Chrome/137.0.7151.103 Mobile Safari/537.36 (compatible; GoogleOther)"
47.82.60.36 - - [12/Jul/2025:16:33:17 -0400] "GET /wp-includes/css/dist/patterns/style-rtl.css HTTP/1.1" 200 619 "https://www.nas-yemen.org/wp-includes/css/dist/patterns/style-rtl.css" "Mozilla/5.0 (Windows NT 10.0; Win64; x64) AppleWebKit/537.36 (KHTML, like Gecko) Chrome/114.0.0.0 Safari/537.36 Edg/114.0.1823.43"
47.82.60.34 - - [12/Jul/2025:16:33:21 -0400] "GET /wp-includes/css/dist/block-library/editor-elements-rtl.min.css HTTP/1.1" 200 78 "https://www.nas-yemen.org/wp-includes/css/dist/block-library/editor-elements-rtl.min.css" "Mozilla/5.0 (Windows NT 10.0; Win64; x64) AppleWebKit/537.36 (KHTML, like Gecko) Chrome/114.0.0.0 Safari/537.36 Edg/114.0.1823.43"
66.249.74.1 - - [12/Jul/2025:16:33:22 -0400] "GET /q-~132ji7kSWcuWttH5bCtys9bvVSZ1UiEGv10463/ HTTP/1.1" 404 1251 "-" "Mozilla/5.0 (Linux; Android 6.0.1; Nexus 5X Build/MMB29P) AppleWebKit/537.36 (KHTML, like Gecko) Chrome/137.0.7151.103 Mobile Safari/537.36 (compatible; GoogleOther)"
47.82.60.12 - - [12/Jul/2025:16:33:23 -0400] "GET /wp-includes/css/dist/edit-widgets/style-rtl.min.css HTTP/1.1" 200 3814 "https://www.nas-yemen.org/wp-includes/css/dist/edit-widgets/style-rtl.min.css" "Mozilla/5.0 (Windows NT 10.0; Win64; x64) AppleWebKit/537.36 (KHTML, like Gecko) Chrome/114.0.0.0 Safari/537.36 Edg/114.0.1823.43"
66.249.74.15 - - [12/Jul/2025:16:33:34 -0400] "GET /q-~160nii2jb37UQfGHZqEtn9ZViR92hAL2C13061/ HTTP/1.1" 404 1251 "-" "Mozilla/5.0 (Linux; Android 6.0.1; Nexus 5X Build/MMB29P) AppleWebKit/537.36 (KHTML, like Gecko) Chrome/137.0.7151.103 Mobile Safari/537.36 (compatible; GoogleOther)"
66.249.74.15 - - [12/Jul/2025:16:33:35 -0400] "GET /pcmypage?callback=/product%2Fdetail%2m79071342285 HTTP/1.1" 404 1251 "-" "Mozilla/5.0 (Linux; Android 6.0.1; Nexus 5X Build/MMB29P) AppleWebKit/537.36 (KHTML, like Gecko) Chrome/137.0.7151.103 Mobile Safari/537.36 (compatible; Googlebot/2.1; +http://www.google.com/bot.html)"
66.249.74.15 - - [12/Jul/2025:16:33:46 -0400] "GET /items/bubqv224/20456?key=attempt HTTP/1.1" 404 1251 "-" "Mozilla/5.0 (Linux; Android 6.0.1; Nexus 5X Build/MMB29P) AppleWebKit/537.36 (KHTML, like Gecko) Chrome/137.0.7151.103 Mobile Safari/537.36 (compatible; GoogleOther)"
66.249.74.15 - - [12/Jul/2025:16:33:58 -0400] "GET /q-~270N32LgYUCqj5ajCpCkw9jqxc1p6qcrV33779/ HTTP/1.1" 404 1251 "-" "Mozilla/5.0 (Linux; Android 6.0.1; Nexus 5X Build/MMB29P) AppleWebKit/537.36 (KHTML, like Gecko) Chrome/137.0.7151.103 Mobile Safari/537.36 (compatible; GoogleOther)"
34.205.170.13 - - [12/Jul/2025:16:33:59 -0400] "GET /robots.txt HTTP/1.1" 304 0 "-" "Mozilla/5.0 AppleWebKit/537.36 (KHTML, like Gecko; compatible; Amazonbot/0.1; +https://developer.amazon.com/support/amazonbot) Chrome/119.0.6045.214 Safari/537.36"
34.236.41.241 - - [12/Jul/2025:16:34:01 -0400] "GET /wp-includes/fonts/ HTTP/1.1" 200 1160 "-" "Mozilla/5.0 AppleWebKit/537.36 (KHTML, like Gecko; compatible; Amazonbot/0.1; +https://developer.amazon.com/support/amazonbot) Chrome/119.0.6045.214 Safari/537.36"
35.169.240.53 - - [12/Jul/2025:16:34:05 -0400] "GET /wp-includes/default-widgets.php HTTP/1.1" 403 1242 "-" "Mozilla/5.0 AppleWebKit/537.36 (KHTML, like Gecko; compatible; Amazonbot/0.1; +https://developer.amazon.com/support/amazonbot) Chrome/119.0.6045.214 Safari/537.36"
98.82.59.253 - - [12/Jul/2025:16:34:09 -0400] "GET /wp-includes/class-wp-block-template.php HTTP/1.1" 403 1242 "-" "Mozilla/5.0 AppleWebKit/537.36 (KHTML, like Gecko; compatible; Amazonbot/0.1; +https://developer.amazon.com/support/amazonbot) Chrome/119.0.6045.214 Safari/537.36"
66.249.74.1 - - [12/Jul/2025:16:34:10 -0400] "GET /items/cnjcy278/2582?key=conclusion HTTP/1.1" 404 1251 "-" "Mozilla/5.0 (Linux; Android 6.0.1; Nexus 5X Build/MMB29P) AppleWebKit/537.36 (KHTML, like Gecko) Chrome/137.0.7151.103 Mobile Safari/537.36 (compatible; GoogleOther)"
54.147.182.90 - - [12/Jul/2025:16:34:13 -0400] "GET /wp-includes/class-wp-object-cache.php HTTP/1.1" 403 1242 "-" "Mozilla/5.0 AppleWebKit/537.36 (KHTML, like Gecko; compatible; Amazonbot/0.1; +https://developer.amazon.com/support/amazonbot) Chrome/119.0.6045.214 Safari/537.36"
44.221.105.234 - - [12/Jul/2025:16:34:18 -0400] "GET /wp-includes/class-wp-ajax-response.php HTTP/1.1" 403 1242 "-" "Mozilla/5.0 AppleWebKit/537.36 (KHTML, like Gecko; compatible; Amazonbot/0.1; +https://developer.amazon.com/support/amazonbot) Chrome/119.0.6045.214 Safari/537.36"
52.204.174.139 - - [12/Jul/2025:16:34:21 -0400] "GET /wp-includes/class-wp-theme-json-resolver.php HTTP/1.1" 403 1242 "-" "Mozilla/5.0 AppleWebKit/537.36 (KHTML, like Gecko; compatible; Amazonbot/0.1; +https://developer.amazon.com/support/amazonbot) Chrome/119.0.6045.214 Safari/537.36"
66.249.74.15 - - [12/Jul/2025:16:34:22 -0400] "GET /items/ycdvq182/48388?key=measurement HTTP/1.1" 404 1251 "-" "Mozilla/5.0 (Linux; Android 6.0.1; Nexus 5X Build/MMB29P) AppleWebKit/537.36 (KHTML, like Gecko) Chrome/137.0.7151.103 Mobile Safari/537.36 (compatible; GoogleOther)"
44.215.235.20 - - [12/Jul/2025:16:34:25 -0400] "GET /wp-includes/class-IXR.php HTTP/1.1" 403 1242 "-" "Mozilla/5.0 AppleWebKit/537.36 (KHTML, like Gecko; compatible; Amazonbot/0.1; +https://developer.amazon.com/support/amazonbot) Chrome/119.0.6045.214 Safari/537.36"
66.249.74.15 - - [12/Jul/2025:16:34:34 -0400] "GET /q-~154d2uZebymZFWjh1fsyf9rVyXkbzIPEy24775/ HTTP/1.1" 404 1251 "-" "Mozilla/5.0 (Linux; Android 6.0.1; Nexus 5X Build/MMB29P) AppleWebKit/537.36 (KHTML, like Gecko) Chrome/137.0.7151.103 Mobile Safari/537.36 (compatible; GoogleOther)"
66.249.74.15 - - [12/Jul/2025:16:34:37 -0400] "GET /items/zfrdh275/25603?key=signature HTTP/1.1" 404 1251 "-" "Mozilla/5.0 (Linux; Android 6.0.1; Nexus 5X Build/MMB29P) AppleWebKit/537.36 (KHTML, like Gecko) Chrome/137.0.7151.103 Mobile Safari/537.36 (compatible; Googlebot/2.1; +http://www.google.com/bot.html)"
66.249.74.8 - - [12/Jul/2025:16:34:46 -0400] "GET /q-~143jjNDgxYm64VZC6cmmjG0t3wVXSVHUe9456/ HTTP/1.1" 404 1251 "-" "Mozilla/5.0 (Linux; Android 6.0.1; Nexus 5X Build/MMB29P) AppleWebKit/537.36 (KHTML, like Gecko) Chrome/137.0.7151.103 Mobile Safari/537.36 (compatible; GoogleOther)"
66.249.74.8 - - [12/Jul/2025:16:34:58 -0400] "GET /items/oltkq284/8368?key=inmate HTTP/1.1" 404 1251 "-" "Mozilla/5.0 (Linux; Android 6.0.1; Nexus 5X Build/MMB29P) AppleWebKit/537.36 (KHTML, like Gecko) Chrome/137.0.7151.103 Mobile Safari/537.36 (compatible; GoogleOther)"
208.110.64.178 - - [12/Jul/2025:16:35:00 -0400] "GET /wp-content/admin.php HTTP/1.1" 404 1251 "https://nas-yemen.org/wp-content/admin.php" "Mozilla/5.0 (Windows NT 10.0; Win64; x64) AppleWebKit/537.36 (KHTML, like Gecko) Chrome/58.0.3029.110 Safari/537.3"
66.249.74.8 - - [12/Jul/2025:16:35:10 -0400] "GET /items/hlinv69/41111?key=background HTTP/1.1" 404 1251 "-" "Mozilla/5.0 (Linux; Android 6.0.1; Nexus 5X Build/MMB29P) AppleWebKit/537.36 (KHTML, like Gecko) Chrome/137.0.7151.103 Mobile Safari/537.36 (compatible; GoogleOther)"
66.249.74.9 - - [12/Jul/2025:16:35:22 -0400] "GET /items/zxwub168/39354?key=promising HTTP/1.1" 404 1251 "-" "Mozilla/5.0 (Linux; Android 6.0.1; Nexus 5X Build/MMB29P) AppleWebKit/537.36 (KHTML, like Gecko) Chrome/137.0.7151.103 Mobile Safari/537.36 (compatible; GoogleOther)"
66.249.74.8 - - [12/Jul/2025:16:35:34 -0400] "GET /q-~219HQstpjFxkeKWtxA82eKQoQMu6EtL3T29038/ HTTP/1.1" 404 1251 "-" "Mozilla/5.0 (Linux; Android 6.0.1; Nexus 5X Build/MMB29P) AppleWebKit/537.36 (KHTML, like Gecko) Chrome/137.0.7151.103 Mobile Safari/537.36 (compatible; GoogleOther)"
66.249.74.8 - - [12/Jul/2025:16:35:46 -0400] "GET /items/fztmx59/10379?key=strength HTTP/1.1" 404 1251 "-" "Mozilla/5.0 (Linux; Android 6.0.1; Nexus 5X Build/MMB29P) AppleWebKit/537.36 (KHTML, like Gecko) Chrome/137.0.7151.103 Mobile Safari/537.36 (compatible; GoogleOther)"
51.222.253.19 - - [12/Jul/2025:16:35:52 -0400] "GET /?sitemapindex.xml HTTP/1.1" 200 1470 "-" "Mozilla/5.0 (compatible; AhrefsBot/7.0; +http://ahrefs.com/robot/)"
66.249.74.8 - - [12/Jul/2025:16:35:58 -0400] "GET /q-~170XdfiXQ1RcJ1SamZwzYOX2HoJsirc2v23665/ HTTP/1.1" 404 1251 "-" "Mozilla/5.0 (Linux; Android 6.0.1; Nexus 5X Build/MMB29P) AppleWebKit/537.36 (KHTML, like Gecko) Chrome/137.0.7151.103 Mobile Safari/537.36 (compatible; GoogleOther)"
66.249.74.10 - - [12/Jul/2025:16:36:11 -0400] "GET /items/whdmu89/40125?key=equity HTTP/1.1" 404 1251 "-" "Mozilla/5.0 (Linux; Android 6.0.1; Nexus 5X Build/MMB29P) AppleWebKit/537.36 (KHTML, like Gecko) Chrome/137.0.7151.103 Mobile Safari/537.36 (compatible; GoogleOther)"
66.249.74.8 - - [12/Jul/2025:16:36:23 -0400] "GET /q-~124uyx6Mye9cHU1vPXjZFilmxHO7EFX2y42529/ HTTP/1.1" 404 1251 "-" "Mozilla/5.0 (Linux; Android 6.0.1; Nexus 5X Build/MMB29P) AppleWebKit/537.36 (KHTML, like Gecko) Chrome/137.0.7151.103 Mobile Safari/537.36 (compatible; GoogleOther)"
66.249.74.8 - - [12/Jul/2025:16:36:35 -0400] "GET /q-~15WoQk6QArHfl0SmRgHKK8y1ZudKgsRH3142/ HTTP/1.1" 404 1251 "-" "Mozilla/5.0 (Linux; Android 6.0.1; Nexus 5X Build/MMB29P) AppleWebKit/537.36 (KHTML, like Gecko) Chrome/137.0.7151.103 Mobile Safari/537.36 (compatible; GoogleOther)"
66.249.74.8 - - [12/Jul/2025:16:36:47 -0400] "GET /q-~241Hn2bM70L3fhm9jTgB7ZRvWKTV1MNUt21990/ HTTP/1.1" 404 1251 "-" "Mozilla/5.0 (Linux; Android 6.0.1; Nexus 5X Build/MMB29P) AppleWebKit/537.36 (KHTML, like Gecko) Chrome/137.0.7151.103 Mobile Safari/537.36 (compatible; GoogleOther)"
66.249.74.8 - - [12/Jul/2025:16:36:59 -0400] "GET /q-~226b9g1TEeIXWc7zMRrUWX05eMtNkXEOA41623/ HTTP/1.1" 404 1251 "-" "Mozilla/5.0 (Linux; Android 6.0.1; Nexus 5X Build/MMB29P) AppleWebKit/537.36 (KHTML, like Gecko) Chrome/137.0.7151.103 Mobile Safari/537.36 (compatible; GoogleOther)"
66.249.74.9 - - [12/Jul/2025:16:37:11 -0400] "GET /q-~291yzjliF72N1TEIeGACo4UjHGfyCCixH42542/ HTTP/1.1" 404 1251 "-" "Mozilla/5.0 (Linux; Android 6.0.1; Nexus 5X Build/MMB29P) AppleWebKit/537.36 (KHTML, like Gecko) Chrome/137.0.7151.103 Mobile Safari/537.36 (compatible; GoogleOther)"
66.249.74.9 - - [12/Jul/2025:16:37:23 -0400] "GET /items/gczpp80/39588?key=guest HTTP/1.1" 404 1251 "-" "Mozilla/5.0 (Linux; Android 6.0.1; Nexus 5X Build/MMB29P) AppleWebKit/537.36 (KHTML, like Gecko) Chrome/137.0.7151.103 Mobile Safari/537.36 (compatible; GoogleOther)"
66.249.74.8 - - [12/Jul/2025:16:37:35 -0400] "GET /items/zlcfv235/559?key=parent HTTP/1.1" 404 1251 "-" "Mozilla/5.0 (Linux; Android 6.0.1; Nexus 5X Build/MMB29P) AppleWebKit/537.36 (KHTML, like Gecko) Chrome/137.0.7151.103 Mobile Safari/537.36 (compatible; GoogleOther)"
66.249.74.8 - - [12/Jul/2025:16:37:47 -0400] "GET /q-~85nIVqfN76Jje4LY6lRPvaWClySqIMwE1966/ HTTP/1.1" 404 1251 "-" "Mozilla/5.0 (Linux; Android 6.0.1; Nexus 5X Build/MMB29P) AppleWebKit/537.36 (KHTML, like Gecko) Chrome/137.0.7151.103 Mobile Safari/537.36 (compatible; GoogleOther)"
66.249.74.8 - - [12/Jul/2025:16:37:59 -0400] "GET /items/eowfc37/31033?key=extent HTTP/1.1" 404 1251 "-" "Mozilla/5.0 (Linux; Android 6.0.1; Nexus 5X Build/MMB29P) AppleWebKit/537.36 (KHTML, like Gecko) Chrome/137.0.7151.103 Mobile Safari/537.36 (compatible; GoogleOther)"
66.249.74.8 - - [12/Jul/2025:16:38:10 -0400] "GET /q-~194gPlPcp8O3u2su3I3TxHV97sMNzSFrI141/ HTTP/1.1" 404 1251 "-" "Mozilla/5.0 (Linux; Android 6.0.1; Nexus 5X Build/MMB29P) AppleWebKit/537.36 (KHTML, like Gecko) Chrome/137.0.7151.103 Mobile Safari/537.36 (compatible; GoogleOther)"
66.249.74.9 - - [12/Jul/2025:16:38:12 -0400] "GET /q-~95YsaNWKgBMlq4u9ieUYlz8Dbu2H8Zwl5282/ HTTP/1.1" 404 1251 "-" "Mozilla/5.0 (Linux; Android 6.0.1; Nexus 5X Build/MMB29P) AppleWebKit/537.36 (KHTML, like Gecko) Chrome/137.0.7151.103 Mobile Safari/537.36 (compatible; GoogleOther)"
66.249.74.9 - - [12/Jul/2025:16:38:15 -0400] "GET /items/voqeq294/7580?key=light HTTP/1.1" 404 1251 "-" "Mozilla/5.0 (Linux; Android 6.0.1; Nexus 5X Build/MMB29P) AppleWebKit/537.36 (KHTML, like Gecko) Chrome/137.0.7151.103 Mobile Safari/537.36 (compatible; GoogleOther)"
66.249.74.8 - - [12/Jul/2025:16:38:23 -0400] "GET /q-~124qo1JZZTSj4CTHyBSrcx0CRlAWYaehE27627/ HTTP/1.1" 404 1251 "-" "Mozilla/5.0 (Linux; Android 6.0.1; Nexus 5X Build/MMB29P) AppleWebKit/537.36 (KHTML, like Gecko) Chrome/137.0.7151.103 Mobile Safari/537.36 (compatible; GoogleOther)"
66.249.74.8 - - [12/Jul/2025:16:38:35 -0400] "GET /q-~81gTPNnyqp3IZ97dlyXOJY2kNmzISGpe26148/ HTTP/1.1" 404 1251 "-" "Mozilla/5.0 (Linux; Android 6.0.1; Nexus 5X Build/MMB29P) AppleWebKit/537.36 (KHTML, like Gecko) Chrome/137.0.7151.103 Mobile Safari/537.36 (compatible; GoogleOther)"
66.249.74.8 - - [12/Jul/2025:16:38:47 -0400] "GET /items/qvxet95/33073?key=regret HTTP/1.1" 404 1251 "-" "Mozilla/5.0 (Linux; Android 6.0.1; Nexus 5X Build/MMB29P) AppleWebKit/537.36 (KHTML, like Gecko) Chrome/137.0.7151.103 Mobile Safari/537.36 (compatible; GoogleOther)"
66.249.74.8 - - [12/Jul/2025:16:38:49 -0400] "GET /q-~1bWIVMiwfKUVtWEr2peXK5M5W3oJy9m40648/ HTTP/1.1" 404 1251 "-" "Mozilla/5.0 (Linux; Android 6.0.1; Nexus 5X Build/MMB29P) AppleWebKit/537.36 (KHTML, like Gecko) Chrome/137.0.7151.103 Mobile Safari/537.36 (compatible; Googlebot/2.1; +http://www.google.com/bot.html)"
66.249.74.8 - - [12/Jul/2025:16:38:59 -0400] "GET /items/nkvdo22/6786?key=formation HTTP/1.1" 404 1251 "-" "Mozilla/5.0 (Linux; Android 6.0.1; Nexus 5X Build/MMB29P) AppleWebKit/537.36 (KHTML, like Gecko) Chrome/137.0.7151.103 Mobile Safari/537.36 (compatible; Googlebot/2.1; +http://www.google.com/bot.html)"
66.249.74.8 - - [12/Jul/2025:16:38:59 -0400] "GET /q-~240LlndTSTbSYTXPivoJOTWFbTgK5cStX8859/ HTTP/1.1" 404 1251 "-" "Mozilla/5.0 (Linux; Android 6.0.1; Nexus 5X Build/MMB29P) AppleWebKit/537.36 (KHTML, like Gecko) Chrome/137.0.7151.103 Mobile Safari/537.36 (compatible; GoogleOther)"
66.249.74.10 - - [12/Jul/2025:16:39:11 -0400] "GET /q-~295vLNHOOuSc6a8Q36V2ZmcVjSnBIDgnE930/ HTTP/1.1" 404 1251 "-" "Mozilla/5.0 (Linux; Android 6.0.1; Nexus 5X Build/MMB29P) AppleWebKit/537.36 (KHTML, like Gecko) Chrome/137.0.7151.103 Mobile Safari/537.36 (compatible; GoogleOther)"
66.249.74.8 - - [12/Jul/2025:16:39:14 -0400] "GET /q-~196F9d3Nz3DT8BXFwKYJLM0FHTh0B3vuM27583/ HTTP/1.1" 404 1251 "-" "Mozilla/5.0 (Linux; Android 6.0.1; Nexus 5X Build/MMB29P) AppleWebKit/537.36 (KHTML, like Gecko) Chrome/137.0.7151.103 Mobile Safari/537.36 (compatible; GoogleOther)"
66.249.74.9 - - [12/Jul/2025:16:39:14 -0400] "GET /items/tdsfx108/40638?key=decline HTTP/1.1" 404 1251 "-" "Mozilla/5.0 (Linux; Android 6.0.1; Nexus 5X Build/MMB29P) AppleWebKit/537.36 (KHTML, like Gecko) Chrome/137.0.7151.103 Mobile Safari/537.36 (compatible; Googlebot/2.1; +http://www.google.com/bot.html)"
66.249.74.8 - - [12/Jul/2025:16:39:18 -0400] "GET /q-~185CY77MsZQA1fwnreiXFL6xm7gIuDxsv45574/ HTTP/1.1" 404 1251 "-" "Mozilla/5.0 (compatible; Googlebot/2.1; +http://www.google.com/bot.html)"
66.249.74.9 - - [12/Jul/2025:16:39:20 -0400] "GET /category/452_1721/1 HTTP/1.1" 404 1251 "-" "Mozilla/5.0 (Linux; Android 6.0.1; Nexus 5X Build/MMB29P) AppleWebKit/537.36 (KHTML, like Gecko) Chrome/137.0.7151.103 Mobile Safari/537.36 (compatible; Googlebot/2.1; +http://www.google.com/bot.html)"
66.249.74.8 - - [12/Jul/2025:16:39:23 -0400] "GET /q-~161IXyexSQJ6lFOfN6h1T5cJ5ePGncqxR39744/ HTTP/1.1" 404 1251 "-" "Mozilla/5.0 (Linux; Android 6.0.1; Nexus 5X Build/MMB29P) AppleWebKit/537.36 (KHTML, like Gecko) Chrome/137.0.7151.103 Mobile Safari/537.36 (compatible; GoogleOther)"
66.249.74.8 - - [12/Jul/2025:16:39:35 -0400] "GET /items/syoke299/45921?key=incredibly HTTP/1.1" 404 1251 "-" "Mozilla/5.0 (Linux; Android 6.0.1; Nexus 5X Build/MMB29P) AppleWebKit/537.36 (KHTML, like Gecko) Chrome/137.0.7151.103 Mobile Safari/537.36 (compatible; GoogleOther)"
66.249.74.8 - - [12/Jul/2025:16:39:47 -0400] "GET /items/zrnvc108/31674?key=foster HTTP/1.1" 404 1251 "-" "Mozilla/5.0 (Linux; Android 6.0.1; Nexus 5X Build/MMB29P) AppleWebKit/537.36 (KHTML, like Gecko) Chrome/137.0.7151.103 Mobile Safari/537.36 (compatible; GoogleOther)"
20.171.207.24 - - [12/Jul/2025:16:39:49 -0400] "GET /morillo/67d.shtml HTTP/1.1" 404 1251 "-" "Mozilla/5.0 AppleWebKit/537.36 (KHTML, like Gecko; compatible; GPTBot/1.2; +https://openai.com/gptbot)"
69.197.135.226 - - [12/Jul/2025:16:39:57 -0400] "GET /wp-content/admin.php HTTP/1.1" 404 1251 "https://nas-yemen.org/wp-content/admin.php" "Mozilla/5.0 (Windows NT 10.0; Win64; x64) AppleWebKit/537.36 (KHTML, like Gecko) Chrome/58.0.3029.110 Safari/537.3"
66.249.74.8 - - [12/Jul/2025:16:39:59 -0400] "GET /q-~221Len3BeN0NheHet8zeBdbJ8yJmkfPOp29138/ HTTP/1.1" 404 1251 "-" "Mozilla/5.0 (Linux; Android 6.0.1; Nexus 5X Build/MMB29P) AppleWebKit/537.36 (KHTML, like Gecko) Chrome/137.0.7151.103 Mobile Safari/537.36 (compatible; GoogleOther)"
66.249.74.8 - - [12/Jul/2025:16:40:11 -0400] "GET /q-~79xNsJgMIRWcglumkVRa6Vt4dBxmJCes6788/ HTTP/1.1" 404 1251 "-" "Mozilla/5.0 (Linux; Android 6.0.1; Nexus 5X Build/MMB29P) AppleWebKit/537.36 (KHTML, like Gecko) Chrome/137.0.7151.103 Mobile Safari/537.36 (compatible; GoogleOther)"
66.249.74.9 - - [12/Jul/2025:16:40:23 -0400] "GET /q-~51QDx05XeFdy8yIsntcuSqIG3aKQeLPy36908/ HTTP/1.1" 404 1251 "-" "Mozilla/5.0 (Linux; Android 6.0.1; Nexus 5X Build/MMB29P) AppleWebKit/537.36 (KHTML, like Gecko) Chrome/137.0.7151.103 Mobile Safari/537.36 (compatible; GoogleOther)"
66.249.74.8 - - [12/Jul/2025:16:40:35 -0400] "GET /q-~197xJNFgODOX1vBItlSYsZgnBUqwimiAM39882/ HTTP/1.1" 404 1251 "-" "Mozilla/5.0 (Linux; Android 6.0.1; Nexus 5X Build/MMB29P) AppleWebKit/537.36 (KHTML, like Gecko) Chrome/137.0.7151.103 Mobile Safari/537.36 (compatible; GoogleOther)"
66.249.74.8 - - [12/Jul/2025:16:40:47 -0400] "GET /q-~78MODoUIOPEo1opkpWqQUATyyD2semwi40413/ HTTP/1.1" 404 1251 "-" "Mozilla/5.0 (Linux; Android 6.0.1; Nexus 5X Build/MMB29P) AppleWebKit/537.36 (KHTML, like Gecko) Chrome/137.0.7151.103 Mobile Safari/537.36 (compatible; GoogleOther)"
66.249.74.8 - - [12/Jul/2025:16:40:59 -0400] "GET /q-~276fk8FB16v3jQOpVBBK3Zfh4NuIOBLQm25127/ HTTP/1.1" 404 1251 "-" "Mozilla/5.0 (Linux; Android 6.0.1; Nexus 5X Build/MMB29P) AppleWebKit/537.36 (KHTML, like Gecko) Chrome/137.0.7151.103 Mobile Safari/537.36 (compatible; GoogleOther)"
66.249.74.10 - - [12/Jul/2025:16:41:12 -0400] "GET /q-~126jILX4n1KVavu1hxE743CzQ9EINkGIo27777/ HTTP/1.1" 404 1251 "-" "Mozilla/5.0 (Linux; Android 6.0.1; Nexus 5X Build/MMB29P) AppleWebKit/537.36 (KHTML, like Gecko) Chrome/137.0.7151.103 Mobile Safari/537.36 (compatible; GoogleOther)"
66.249.74.8 - - [12/Jul/2025:16:41:24 -0400] "GET /q-~278VGUJRzLwTXD7zUqZEBsKjJtIBUXblq42151/ HTTP/1.1" 404 1251 "-" "Mozilla/5.0 (Linux; Android 6.0.1; Nexus 5X Build/MMB29P) AppleWebKit/537.36 (KHTML, like Gecko) Chrome/137.0.7151.103 Mobile Safari/537.36 (compatible; GoogleOther)"
208.110.64.178 - - [12/Jul/2025:16:41:25 -0400] "GET /wp-content/admin.php HTTP/1.1" 404 1251 "https://nas-yemen.org/wp-content/admin.php" "Mozilla/5.0 (Windows NT 10.0; Win64; x64) AppleWebKit/537.36 (KHTML, like Gecko) Chrome/58.0.3029.110 Safari/537.3"
66.249.74.8 - - [12/Jul/2025:16:41:35 -0400] "GET /items/mrrzs275/21561?key=warehouse HTTP/1.1" 404 1251 "-" "Mozilla/5.0 (Linux; Android 6.0.1; Nexus 5X Build/MMB29P) AppleWebKit/537.36 (KHTML, like Gecko) Chrome/137.0.7151.103 Mobile Safari/537.36 (compatible; GoogleOther)"
66.249.74.8 - - [12/Jul/2025:16:41:48 -0400] "GET /q-~226ctgJEocGoiqf9nCujKq4NZmNJKH9nM6355/ HTTP/1.1" 404 1251 "-" "Mozilla/5.0 (Linux; Android 6.0.1; Nexus 5X Build/MMB29P) AppleWebKit/537.36 (KHTML, like Gecko) Chrome/137.0.7151.103 Mobile Safari/537.36 (compatible; GoogleOther)"
66.249.74.8 - - [12/Jul/2025:16:41:52 -0400] "GET /q-~201cnAXsdabpwpEtz6bfNxwjcJHmlrzTq3274/ HTTP/1.1" 404 1251 "-" "Mozilla/5.0 (Linux; Android 6.0.1; Nexus 5X Build/MMB29P) AppleWebKit/537.36 (KHTML, like Gecko) Chrome/137.0.7151.103 Mobile Safari/537.36 (compatible; Googlebot/2.1; +http://www.google.com/bot.html)"
66.249.74.8 - - [12/Jul/2025:16:42:00 -0400] "GET /q-~59wsijEgu4y0SZUtbjnHDIPdIzl5OluM21372/ HTTP/1.1" 404 1251 "-" "Mozilla/5.0 (Linux; Android 6.0.1; Nexus 5X Build/MMB29P) AppleWebKit/537.36 (KHTML, like Gecko) Chrome/137.0.7151.103 Mobile Safari/537.36 (compatible; GoogleOther)"
66.249.74.8 - - [12/Jul/2025:16:42:06 -0400] "GET /items/rtcph55/16847?key=administer HTTP/1.1" 404 1251 "-" "Mozilla/5.0 (Linux; Android 6.0.1; Nexus 5X Build/MMB29P) AppleWebKit/537.36 (KHTML, like Gecko) Chrome/137.0.7151.103 Mobile Safari/537.36 (compatible; GoogleOther)"
66.249.74.8 - - [12/Jul/2025:16:42:12 -0400] "GET /items/gzpfo256/35316?key=report HTTP/1.1" 404 1251 "-" "Mozilla/5.0 (Linux; Android 6.0.1; Nexus 5X Build/MMB29P) AppleWebKit/537.36 (KHTML, like Gecko) Chrome/137.0.7151.103 Mobile Safari/537.36 (compatible; GoogleOther)"
66.249.74.8 - - [12/Jul/2025:16:42:21 -0400] "GET /q-~201vNLTJTSSvWo2hQBmBsMP1tjQ11AfxA40346/ HTTP/1.1" 404 1251 "-" "Mozilla/5.0 (Linux; Android 6.0.1; Nexus 5X Build/MMB29P) AppleWebKit/537.36 (KHTML, like Gecko) Chrome/137.0.7151.103 Mobile Safari/537.36 (compatible; Googlebot/2.1; +http://www.google.com/bot.html)"
66.249.74.8 - - [12/Jul/2025:16:42:24 -0400] "GET /items/dwmho159/24793?key=public HTTP/1.1" 404 1251 "-" "Mozilla/5.0 (Linux; Android 6.0.1; Nexus 5X Build/MMB29P) AppleWebKit/537.36 (KHTML, like Gecko) Chrome/137.0.7151.103 Mobile Safari/537.36 (compatible; GoogleOther)"
66.249.74.8 - - [12/Jul/2025:16:42:31 -0400] "GET /q-~97EfFk5MDvNLolmucoaScJvbNTd2HbeW38958/ HTTP/1.1" 404 1251 "-" "Mozilla/5.0 (compatible; Googlebot/2.1; +http://www.google.com/bot.html)"
66.249.74.8 - - [12/Jul/2025:16:42:36 -0400] "GET /q-~56YvO4m5SjC5u4PE5k9cZHEwQSyt0N2q21959/ HTTP/1.1" 404 1251 "-" "Mozilla/5.0 (Linux; Android 6.0.1; Nexus 5X Build/MMB29P) AppleWebKit/537.36 (KHTML, like Gecko) Chrome/137.0.7151.103 Mobile Safari/537.36 (compatible; GoogleOther)"
66.249.74.8 - - [12/Jul/2025:16:42:45 -0400] "GET /q-~87L0UoFrxqPCBu7c3YHYV4raolQDZKMM39982/ HTTP/1.1" 404 1251 "-" "Mozilla/5.0 (compatible; Googlebot/2.1; +http://www.google.com/bot.html)"
66.249.74.8 - - [12/Jul/2025:16:42:48 -0400] "GET /q-~72WyigCH8BS60GzneScBumDJEbAaGO5l23121/ HTTP/1.1" 404 1251 "-" "Mozilla/5.0 (Linux; Android 6.0.1; Nexus 5X Build/MMB29P) AppleWebKit/537.36 (KHTML, like Gecko) Chrome/137.0.7151.103 Mobile Safari/537.36 (compatible; GoogleOther)"
157.55.39.11 - - [12/Jul/2025:16:42:51 -0400] "GET /flows HTTP/1.1" 404 1251 "-" "Mozilla/5.0 AppleWebKit/537.36 (KHTML, like Gecko; compatible; bingbot/2.0; +http://www.bing.com/bingbot.htm) Chrome/116.0.1938.76 Safari/537.36"
47.82.60.66 - - [12/Jul/2025:16:42:59 -0400] "GET /wp-includes/css/dist/nux/style-rtl.min.css HTTP/1.1" 200 689 "https://www.nas-yemen.org/wp-includes/css/dist/nux/style-rtl.min.css" "Mozilla/5.0 (Windows NT 10.0; Win64; x64) AppleWebKit/537.36 (KHTML, like Gecko) Chrome/114.0.0.0 Safari/537.36 Edg/114.0.1823.43"
66.249.74.10 - - [12/Jul/2025:16:43:00 -0400] "GET /q-~173WL2BpzEVuwMF077I7FyVQFj0H7WzRJ2556/ HTTP/1.1" 404 1251 "-" "Mozilla/5.0 (Linux; Android 6.0.1; Nexus 5X Build/MMB29P) AppleWebKit/537.36 (KHTML, like Gecko) Chrome/137.0.7151.103 Mobile Safari/537.36 (compatible; GoogleOther)"
66.249.74.8 - - [12/Jul/2025:16:43:10 -0400] "GET /q-~187SYDQRIYouYdX3WIDBtyHXrca87enDL34358/ HTTP/1.1" 404 1251 "-" "Mozilla/5.0 (Linux; Android 6.0.1; Nexus 5X Build/MMB29P) AppleWebKit/537.36 (KHTML, like Gecko) Chrome/137.0.7151.103 Mobile Safari/537.36 (compatible; GoogleOther)"
66.249.74.8 - - [12/Jul/2025:16:43:12 -0400] "GET /q-~215tdmKu27RcOJhGiKn8Tkfjt0Ie8eXVb30836/ HTTP/1.1" 404 1251 "-" "Mozilla/5.0 (Linux; Android 6.0.1; Nexus 5X Build/MMB29P) AppleWebKit/537.36 (KHTML, like Gecko) Chrome/137.0.7151.103 Mobile Safari/537.36 (compatible; GoogleOther)"
66.249.74.8 - - [12/Jul/2025:16:43:24 -0400] "GET /items/sszgc17/47265?key=lift HTTP/1.1" 404 1251 "-" "Mozilla/5.0 (Linux; Android 6.0.1; Nexus 5X Build/MMB29P) AppleWebKit/537.36 (KHTML, like Gecko) Chrome/137.0.7151.103 Mobile Safari/537.36 (compatible; GoogleOther)"
66.249.74.8 - - [12/Jul/2025:16:43:26 -0400] "GET /q-~16BESXljwUvUynfgivnH7AVZ8iA0VeZX20949/ HTTP/1.1" 404 1251 "-" "Mozilla/5.0 (Linux; Android 6.0.1; Nexus 5X Build/MMB29P) AppleWebKit/537.36 (KHTML, like Gecko) Chrome/137.0.7151.103 Mobile Safari/537.36 (compatible; GoogleOther)"
66.249.74.8 - - [12/Jul/2025:16:43:29 -0400] "GET /items/xjoam26/5516?key=fame HTTP/1.1" 404 1251 "-" "Mozilla/5.0 (Linux; Android 6.0.1; Nexus 5X Build/MMB29P) AppleWebKit/537.36 (KHTML, like Gecko) Chrome/137.0.7151.103 Mobile Safari/537.36 (compatible; GoogleOther)"
66.249.74.8 - - [12/Jul/2025:16:43:32 -0400] "GET /q-~278jNrkhOLaelrp730QrymQEjs2mbGk8W47217/ HTTP/1.1" 404 1251 "-" "Mozilla/5.0 (Linux; Android 6.0.1; Nexus 5X Build/MMB29P) AppleWebKit/537.36 (KHTML, like Gecko) Chrome/137.0.7151.103 Mobile Safari/537.36 (compatible; GoogleOther)"
66.249.74.8 - - [12/Jul/2025:16:43:34 -0400] "GET /q-~54Hy4cASk3aR6nP97WyNBWiFFPgExTsf46187/ HTTP/1.1" 404 1251 "-" "Mozilla/5.0 (Linux; Android 6.0.1; Nexus 5X Build/MMB29P) AppleWebKit/537.36 (KHTML, like Gecko) Chrome/137.0.7151.103 Mobile Safari/537.36 (compatible; GoogleOther)"
66.249.74.8 - - [12/Jul/2025:16:43:41 -0400] "GET /items/fztot63/3343?key=exciting HTTP/1.1" 404 1251 "-" "Mozilla/5.0 (Linux; Android 6.0.1; Nexus 5X Build/MMB29P) AppleWebKit/537.36 (KHTML, like Gecko) Chrome/137.0.7151.103 Mobile Safari/537.36 (compatible; GoogleOther)"
20.171.207.24 - - [12/Jul/2025:16:43:47 -0400] "GET /?p=46 HTTP/1.1" 200 1470 "-" "Mozilla/5.0 AppleWebKit/537.36 (KHTML, like Gecko; compatible; GPTBot/1.2; +https://openai.com/gptbot)"
66.249.74.8 - - [12/Jul/2025:16:43:51 -0400] "GET /q-~263DqVzfGsPUQ6SLx7obonasmjtD8aSrL21638/ HTTP/1.1" 404 1251 "-" "Mozilla/5.0 (Linux; Android 6.0.1; Nexus 5X Build/MMB29P) AppleWebKit/537.36 (KHTML, like Gecko) Chrome/137.0.7151.103 Mobile Safari/537.36 (compatible; GoogleOther)"
66.249.74.9 - - [12/Jul/2025:16:44:01 -0400] "GET /items/fswdm205/28659?key=into HTTP/1.1" 404 1251 "-" "Mozilla/5.0 (Linux; Android 6.0.1; Nexus 5X Build/MMB29P) AppleWebKit/537.36 (KHTML, like Gecko) Chrome/137.0.7151.103 Mobile Safari/537.36 (compatible; GoogleOther)"
66.249.74.9 - - [12/Jul/2025:16:44:10 -0400] "GET /q-~55tSiDDsiVXiuLiJklArZSPcPT0XbOSX7490/ HTTP/1.1" 404 1251 "-" "Mozilla/5.0 (Linux; Android 6.0.1; Nexus 5X Build/MMB29P) AppleWebKit/537.36 (KHTML, like Gecko) Chrome/137.0.7151.103 Mobile Safari/537.36 (compatible; GoogleOther)"
47.82.60.52 - - [12/Jul/2025:16:44:12 -0400] "GET /wp-includes/css/dist/block-editor/default-editor-styles.css HTTP/1.1" 200 369 "https://www.nas-yemen.org/wp-includes/css/dist/block-editor/default-editor-styles.css" "Mozilla/5.0 (Windows NT 10.0; Win64; x64) AppleWebKit/537.36 (KHTML, like Gecko) Chrome/114.0.0.0 Safari/537.36 Edg/114.0.1823.43"
66.249.74.8 - - [12/Jul/2025:16:44:20 -0400] "GET /q-~210RIh6w4sfAnzUwr9lZmAGydHF0A3PGq1301/ HTTP/1.1" 404 1251 "-" "Mozilla/5.0 (Linux; Android 6.0.1; Nexus 5X Build/MMB29P) AppleWebKit/537.36 (KHTML, like Gecko) Chrome/137.0.7151.103 Mobile Safari/537.36 (compatible; GoogleOther)"
66.249.74.8 - - [12/Jul/2025:16:44:30 -0400] "GET /items/ojvha292/5902?key=signal HTTP/1.1" 404 1251 "-" "Mozilla/5.0 (Linux; Android 6.0.1; Nexus 5X Build/MMB29P) AppleWebKit/537.36 (KHTML, like Gecko) Chrome/137.0.7151.103 Mobile Safari/537.36 (compatible; GoogleOther)"
66.249.74.8 - - [12/Jul/2025:16:44:39 -0400] "GET /items/ndzzq9/18089?key=practice HTTP/1.1" 404 1251 "-" "Mozilla/5.0 (Linux; Android 6.0.1; Nexus 5X Build/MMB29P) AppleWebKit/537.36 (KHTML, like Gecko) Chrome/137.0.7151.103 Mobile Safari/537.36 (compatible; GoogleOther)"
66.249.74.8 - - [12/Jul/2025:16:44:49 -0400] "GET /q-~118gSBD7ghlvBN7uHhmoZoVvgYKZzYL0B6079/ HTTP/1.1" 404 1251 "-" "Mozilla/5.0 (Linux; Android 6.0.1; Nexus 5X Build/MMB29P) AppleWebKit/537.36 (KHTML, like Gecko) Chrome/137.0.7151.103 Mobile Safari/537.36 (compatible; GoogleOther)"
66.249.74.8 - - [12/Jul/2025:16:44:59 -0400] "GET /items/hhilf263/38083?key=gifted HTTP/1.1" 404 1251 "-" "Mozilla/5.0 (Linux; Android 6.0.1; Nexus 5X Build/MMB29P) AppleWebKit/537.36 (KHTML, like Gecko) Chrome/137.0.7151.103 Mobile Safari/537.36 (compatible; GoogleOther)"
66.249.74.9 - - [12/Jul/2025:16:45:09 -0400] "GET /q-~177pqjmynVgKf1SfK8qwbtOVhXKLthHmb32364/ HTTP/1.1" 404 1251 "-" "Mozilla/5.0 (Linux; Android 6.0.1; Nexus 5X Build/MMB29P) AppleWebKit/537.36 (KHTML, like Gecko) Chrome/137.0.7151.103 Mobile Safari/537.36 (compatible; GoogleOther)"
66.249.74.9 - - [12/Jul/2025:16:45:18 -0400] "GET /items/qujqs223/9373?key=resistance HTTP/1.1" 404 1251 "-" "Mozilla/5.0 (Linux; Android 6.0.1; Nexus 5X Build/MMB29P) AppleWebKit/537.36 (KHTML, like Gecko) Chrome/137.0.7151.103 Mobile Safari/537.36 (compatible; GoogleOther)"
66.249.74.8 - - [12/Jul/2025:16:45:28 -0400] "GET /items/gbhyg240/32272?key=education HTTP/1.1" 404 1251 "-" "Mozilla/5.0 (Linux; Android 6.0.1; Nexus 5X Build/MMB29P) AppleWebKit/537.36 (KHTML, like Gecko) Chrome/137.0.7151.103 Mobile Safari/537.36 (compatible; GoogleOther)"
66.249.74.8 - - [12/Jul/2025:16:45:38 -0400] "GET /items/plfkk146/30030?key=sacrifice HTTP/1.1" 404 1251 "-" "Mozilla/5.0 (Linux; Android 6.0.1; Nexus 5X Build/MMB29P) AppleWebKit/537.36 (KHTML, like Gecko) Chrome/137.0.7151.103 Mobile Safari/537.36 (compatible; GoogleOther)"
66.249.74.8 - - [12/Jul/2025:16:45:47 -0400] "GET /q-~167KBc1CA4gZXuXMXtgjJkW3HuiTs8Zks4668/ HTTP/1.1" 404 1251 "-" "Mozilla/5.0 (Linux; Android 6.0.1; Nexus 5X Build/MMB29P) AppleWebKit/537.36 (KHTML, like Gecko) Chrome/137.0.7151.103 Mobile Safari/537.36 (compatible; GoogleOther)"
66.249.74.8 - - [12/Jul/2025:16:45:49 -0400] "GET /q-~66Z97pSKPjzWAlzyJrO2j1S3nWHlsH8W23617/ HTTP/1.1" 404 1251 "-" "Mozilla/5.0 (Linux; Android 6.0.1; Nexus 5X Build/MMB29P) AppleWebKit/537.36 (KHTML, like Gecko) Chrome/137.0.7151.103 Mobile Safari/537.36 (compatible; GoogleOther)"
66.249.74.8 - - [12/Jul/2025:16:45:57 -0400] "GET /q-~173L3Riqm6w8Q2QuRyZlSuLcxnGUa7ZGL4574/ HTTP/1.1" 404 1251 "-" "Mozilla/5.0 (Linux; Android 6.0.1; Nexus 5X Build/MMB29P) AppleWebKit/537.36 (KHTML, like Gecko) Chrome/137.0.7151.103 Mobile Safari/537.36 (compatible; GoogleOther)"
66.249.74.10 - - [12/Jul/2025:16:46:08 -0400] "GET /items/fvmdw263/47383?key=item HTTP/1.1" 404 1251 "-" "Mozilla/5.0 (Linux; Android 6.0.1; Nexus 5X Build/MMB29P) AppleWebKit/537.36 (KHTML, like Gecko) Chrome/137.0.7151.103 Mobile Safari/537.36 (compatible; GoogleOther)"
66.249.74.9 - - [12/Jul/2025:16:46:19 -0400] "GET /q-~279xD8pvyOrhDt5ZecvNGjCIFBLtrTscc37730/ HTTP/1.1" 404 1251 "-" "Mozilla/5.0 (Linux; Android 6.0.1; Nexus 5X Build/MMB29P) AppleWebKit/537.36 (KHTML, like Gecko) Chrome/137.0.7151.103 Mobile Safari/537.36 (compatible; GoogleOther)"
66.249.74.8 - - [12/Jul/2025:16:46:28 -0400] "GET /items/hvpgq299/12325?key=action HTTP/1.1" 404 1251 "-" "Mozilla/5.0 (Linux; Android 6.0.1; Nexus 5X Build/MMB29P) AppleWebKit/537.36 (KHTML, like Gecko) Chrome/137.0.7151.103 Mobile Safari/537.36 (compatible; GoogleOther)"
66.249.74.8 - - [12/Jul/2025:16:46:37 -0400] "GET /items/ofjik103/38609?key=deck HTTP/1.1" 404 1251 "-" "Mozilla/5.0 (Linux; Android 6.0.1; Nexus 5X Build/MMB29P) AppleWebKit/537.36 (KHTML, like Gecko) Chrome/137.0.7151.103 Mobile Safari/537.36 (compatible; GoogleOther)"
66.249.74.8 - - [12/Jul/2025:16:46:46 -0400] "GET /q-~189TxymK72uGoqkwWQNFI4eBmG12qaxXW12846/ HTTP/1.1" 404 1251 "-" "Mozilla/5.0 (Linux; Android 6.0.1; Nexus 5X Build/MMB29P) AppleWebKit/537.36 (KHTML, like Gecko) Chrome/137.0.7151.103 Mobile Safari/537.36 (compatible; GoogleOther)"
66.249.74.8 - - [12/Jul/2025:16:46:56 -0400] "GET /items/tztiv38/46656?key=pride HTTP/1.1" 404 1251 "-" "Mozilla/5.0 (Linux; Android 6.0.1; Nexus 5X Build/MMB29P) AppleWebKit/537.36 (KHTML, like Gecko) Chrome/137.0.7151.103 Mobile Safari/537.36 (compatible; GoogleOther)"
66.249.74.9 - - [12/Jul/2025:16:47:06 -0400] "GET /q-~233VGx1LdiHpw5smvHV9YgFZz9YauZ7WN44092/ HTTP/1.1" 404 1251 "-" "Mozilla/5.0 (Linux; Android 6.0.1; Nexus 5X Build/MMB29P) AppleWebKit/537.36 (KHTML, like Gecko) Chrome/137.0.7151.103 Mobile Safari/537.36 (compatible; GoogleOther)"
66.249.74.9 - - [12/Jul/2025:16:47:15 -0400] "GET /q-~35YkxEkiwO4o3gw9ADI6dag3G0PtT8ZJ39178/ HTTP/1.1" 404 1251 "-" "Mozilla/5.0 (Linux; Android 6.0.1; Nexus 5X Build/MMB29P) AppleWebKit/537.36 (KHTML, like Gecko) Chrome/137.0.7151.103 Mobile Safari/537.36 (compatible; GoogleOther)"
66.249.74.8 - - [12/Jul/2025:16:47:25 -0400] "GET /items/wojhs264/33736?key=cholesterol HTTP/1.1" 404 1251 "-" "Mozilla/5.0 (Linux; Android 6.0.1; Nexus 5X Build/MMB29P) AppleWebKit/537.36 (KHTML, like Gecko) Chrome/137.0.7151.103 Mobile Safari/537.36 (compatible; GoogleOther)"
66.249.74.8 - - [12/Jul/2025:16:47:35 -0400] "GET /q-~61s8XMncpcevE79szKCAndkY4fRgkyWs7286/ HTTP/1.1" 404 1251 "-" "Mozilla/5.0 (Linux; Android 6.0.1; Nexus 5X Build/MMB29P) AppleWebKit/537.36 (KHTML, like Gecko) Chrome/137.0.7151.103 Mobile Safari/537.36 (compatible; GoogleOther)"
66.249.74.8 - - [12/Jul/2025:16:47:44 -0400] "GET /q-~172iHCWktHSLdPyHtnbxd4dLcEKW2GPmW41377/ HTTP/1.1" 404 1251 "-" "Mozilla/5.0 (Linux; Android 6.0.1; Nexus 5X Build/MMB29P) AppleWebKit/537.36 (KHTML, like Gecko) Chrome/137.0.7151.103 Mobile Safari/537.36 (compatible; GoogleOther)"
69.197.182.50 - - [12/Jul/2025:16:47:54 -0400] "GET /wp-content/admin.php HTTP/1.1" 404 1251 "https://nas-yemen.org/wp-content/admin.php" "Mozilla/5.0 (Windows NT 10.0; Win64; x64) AppleWebKit/537.36 (KHTML, like Gecko) Chrome/58.0.3029.110 Safari/537.3"
66.249.74.8 - - [12/Jul/2025:16:47:54 -0400] "GET /items/kynha10/17256?key=creative HTTP/1.1" 404 1251 "-" "Mozilla/5.0 (Linux; Android 6.0.1; Nexus 5X Build/MMB29P) AppleWebKit/537.36 (KHTML, like Gecko) Chrome/137.0.7151.103 Mobile Safari/537.36 (compatible; GoogleOther)"
66.249.74.8 - - [12/Jul/2025:16:47:55 -0400] "GET /items/yotwk95/30853?key=distinguish HTTP/1.1" 404 1251 "-" "Mozilla/5.0 (compatible; Googlebot/2.1; +http://www.google.com/bot.html)"
66.249.74.8 - - [12/Jul/2025:16:48:04 -0400] "GET /q-~44GdWUWllAWHZWb5WcdTzNMULqLrfZYt7499/ HTTP/1.1" 404 1251 "-" "Mozilla/5.0 (Linux; Android 6.0.1; Nexus 5X Build/MMB29P) AppleWebKit/537.36 (KHTML, like Gecko) Chrome/137.0.7151.103 Mobile Safari/537.36 (compatible; GoogleOther)"
66.249.74.9 - - [12/Jul/2025:16:48:14 -0400] "GET /q-~256QQ2YZVncD6nis0Lo53DkTEBUJYtunw42351/ HTTP/1.1" 404 1251 "-" "Mozilla/5.0 (Linux; Android 6.0.1; Nexus 5X Build/MMB29P) AppleWebKit/537.36 (KHTML, like Gecko) Chrome/137.0.7151.103 Mobile Safari/537.36 (compatible; GoogleOther)"
66.249.74.8 - - [12/Jul/2025:16:48:23 -0400] "GET /q-~120q22kN5b8OUZJtchxN0dV1KzGGqZDSD23753/ HTTP/1.1" 404 1251 "-" "Mozilla/5.0 (Linux; Android 6.0.1; Nexus 5X Build/MMB29P) AppleWebKit/537.36 (KHTML, like Gecko) Chrome/137.0.7151.103 Mobile Safari/537.36 (compatible; GoogleOther)"
66.249.74.8 - - [12/Jul/2025:16:48:33 -0400] "GET /q-~205OUV3HdFJeZtmJfIby5o3AMKvoSnZOC26138/ HTTP/1.1" 404 1251 "-" "Mozilla/5.0 (Linux; Android 6.0.1; Nexus 5X Build/MMB29P) AppleWebKit/537.36 (KHTML, like Gecko) Chrome/137.0.7151.103 Mobile Safari/537.36 (compatible; GoogleOther)"
66.249.74.8 - - [12/Jul/2025:16:48:43 -0400] "GET /q-~51Egj7ajgyVYrGeHmITlRFJjNq3cZn9o47384/ HTTP/1.1" 404 1251 "-" "Mozilla/5.0 (Linux; Android 6.0.1; Nexus 5X Build/MMB29P) AppleWebKit/537.36 (KHTML, like Gecko) Chrome/137.0.7151.103 Mobile Safari/537.36 (compatible; GoogleOther)"
66.249.74.8 - - [12/Jul/2025:16:48:53 -0400] "GET /q-~235ki4Wt0LLyIdokyx3qkwLJItq6e0mhh33124/ HTTP/1.1" 404 1251 "-" "Mozilla/5.0 (Linux; Android 6.0.1; Nexus 5X Build/MMB29P) AppleWebKit/537.36 (KHTML, like Gecko) Chrome/137.0.7151.103 Mobile Safari/537.36 (compatible; GoogleOther)"
66.249.74.8 - - [12/Jul/2025:16:49:02 -0400] "GET /q-~171quJ6L0zTIhr617fsL1iq0MY4Ft8qII46824/ HTTP/1.1" 404 1251 "-" "Mozilla/5.0 (Linux; Android 6.0.1; Nexus 5X Build/MMB29P) AppleWebKit/537.36 (KHTML, like Gecko) Chrome/137.0.7151.103 Mobile Safari/537.36 (compatible; GoogleOther)"
66.249.74.8 - - [12/Jul/2025:16:49:12 -0400] "GET /items/tqbxn151/39669?key=enter HTTP/1.1" 404 1251 "-" "Mozilla/5.0 (Linux; Android 6.0.1; Nexus 5X Build/MMB29P) AppleWebKit/537.36 (KHTML, like Gecko) Chrome/137.0.7151.103 Mobile Safari/537.36 (compatible; GoogleOther)"
66.249.74.8 - - [12/Jul/2025:16:49:13 -0400] "GET /items/ruvxp188/24088?key=serious HTTP/1.1" 404 1251 "-" "Mozilla/5.0 (Linux; Android 6.0.1; Nexus 5X Build/MMB29P) AppleWebKit/537.36 (KHTML, like Gecko) Chrome/137.0.7151.103 Mobile Safari/537.36 (compatible; Googlebot/2.1; +http://www.google.com/bot.html)"
66.249.74.8 - - [12/Jul/2025:16:49:22 -0400] "GET /items/ipduh284/36102?key=row HTTP/1.1" 404 1251 "-" "Mozilla/5.0 (Linux; Android 6.0.1; Nexus 5X Build/MMB29P) AppleWebKit/537.36 (KHTML, like Gecko) Chrome/137.0.7151.103 Mobile Safari/537.36 (compatible; GoogleOther)"
204.12.252.98 - - [12/Jul/2025:16:49:30 -0400] "GET /wp-content/admin.php HTTP/1.1" 404 1251 "https://nas-yemen.org/wp-content/admin.php" "Mozilla/5.0 (Windows NT 10.0; Win64; x64) AppleWebKit/537.36 (KHTML, like Gecko) Chrome/58.0.3029.110 Safari/537.3"
66.249.74.8 - - [12/Jul/2025:16:49:32 -0400] "GET /items/rfofz21/23113?key=profession HTTP/1.1" 404 1251 "-" "Mozilla/5.0 (Linux; Android 6.0.1; Nexus 5X Build/MMB29P) AppleWebKit/537.36 (KHTML, like Gecko) Chrome/137.0.7151.103 Mobile Safari/537.36 (compatible; GoogleOther)"
66.249.74.8 - - [12/Jul/2025:16:49:41 -0400] "GET /items/uchqu70/49022?key=title HTTP/1.1" 404 1251 "-" "Mozilla/5.0 (Linux; Android 6.0.1; Nexus 5X Build/MMB29P) AppleWebKit/537.36 (KHTML, like Gecko) Chrome/137.0.7151.103 Mobile Safari/537.36 (compatible; GoogleOther)"
66.249.74.8 - - [12/Jul/2025:16:49:51 -0400] "GET /items/qdcxk82/22870?key=openly HTTP/1.1" 404 1251 "-" "Mozilla/5.0 (Linux; Android 6.0.1; Nexus 5X Build/MMB29P) AppleWebKit/537.36 (KHTML, like Gecko) Chrome/137.0.7151.103 Mobile Safari/537.36 (compatible; GoogleOther)"
66.249.74.10 - - [12/Jul/2025:16:50:01 -0400] "GET /items/kdtmh176/4942?key=actress HTTP/1.1" 404 1251 "-" "Mozilla/5.0 (Linux; Android 6.0.1; Nexus 5X Build/MMB29P) AppleWebKit/537.36 (KHTML, like Gecko) Chrome/137.0.7151.103 Mobile Safari/537.36 (compatible; GoogleOther)"
47.82.60.42 - - [12/Jul/2025:16:50:09 -0400] "GET /items/aywvr240/37176?key=prescription HTTP/1.1" 404 1251 "https://nas-yemen.org/items/aywvr240/37176?key=prescription" "Mozilla/5.0 (Windows NT 10.0; Win64; x64) AppleWebKit/537.36 (KHTML, like Gecko) Chrome/114.0.0.0 Safari/537.36 Edg/114.0.1823.43"
66.249.74.9 - - [12/Jul/2025:16:50:11 -0400] "GET /items/mwgnc118/48328?key=piece HTTP/1.1" 404 1251 "-" "Mozilla/5.0 (Linux; Android 6.0.1; Nexus 5X Build/MMB29P) AppleWebKit/537.36 (KHTML, like Gecko) Chrome/137.0.7151.103 Mobile Safari/537.36 (compatible; GoogleOther)"
47.82.60.45 - - [12/Jul/2025:16:50:13 -0400] "GET /wp-includes/css/dist/edit-widgets/style.min.css HTTP/1.1" 200 3810 "https://www.nas-yemen.org/wp-includes/css/dist/edit-widgets/style.min.css" "Mozilla/5.0 (Windows NT 10.0; Win64; x64) AppleWebKit/537.36 (KHTML, like Gecko) Chrome/114.0.0.0 Safari/537.36 Edg/114.0.1823.43"
66.249.74.8 - - [12/Jul/2025:16:50:20 -0400] "GET /q-~155JeOX96CV8x7ZAHbvSMAYffDie1UiDd47302/ HTTP/1.1" 404 1251 "-" "Mozilla/5.0 (Linux; Android 6.0.1; Nexus 5X Build/MMB29P) AppleWebKit/537.36 (KHTML, like Gecko) Chrome/137.0.7151.103 Mobile Safari/537.36 (compatible; GoogleOther)"
66.249.74.8 - - [12/Jul/2025:16:50:24 -0400] "GET /q-~234vbSPeYJNqlxi9Vyn7IGBBvufQ1phXn43929/ HTTP/1.1" 404 1251 "-" "Mozilla/5.0 (compatible; Googlebot/2.1; +http://www.google.com/bot.html)"
66.249.74.8 - - [12/Jul/2025:16:50:30 -0400] "GET /q-~5RbSTTmMdWXU4B9ppmNIB7Kpuv5IusI21212/ HTTP/1.1" 404 1251 "-" "Mozilla/5.0 (Linux; Android 6.0.1; Nexus 5X Build/MMB29P) AppleWebKit/537.36 (KHTML, like Gecko) Chrome/137.0.7151.103 Mobile Safari/537.36 (compatible; GoogleOther)"
66.249.74.8 - - [12/Jul/2025:16:50:40 -0400] "GET /items/yokjl1/6183?key=leave HTTP/1.1" 404 1251 "-" "Mozilla/5.0 (Linux; Android 6.0.1; Nexus 5X Build/MMB29P) AppleWebKit/537.36 (KHTML, like Gecko) Chrome/137.0.7151.103 Mobile Safari/537.36 (compatible; GoogleOther)"
66.249.74.8 - - [12/Jul/2025:16:50:49 -0400] "GET /q-~180CiaZBJ7R1UIo4MQC1JE4AHIcJ899kI18575/ HTTP/1.1" 404 1251 "-" "Mozilla/5.0 (Linux; Android 6.0.1; Nexus 5X Build/MMB29P) AppleWebKit/537.36 (KHTML, like Gecko) Chrome/137.0.7151.103 Mobile Safari/537.36 (compatible; GoogleOther)"
47.82.60.12 - - [12/Jul/2025:16:50:53 -0400] "GET /items/aevmi127/24113?key=library HTTP/1.1" 404 1251 "https://nas-yemen.org/items/aevmi127/24113?key=library" "Mozilla/5.0 (Windows NT 10.0; Win64; x64) AppleWebKit/537.36 (KHTML, like Gecko) Chrome/114.0.0.0 Safari/537.36 Edg/114.0.1823.43"
66.249.74.8 - - [12/Jul/2025:16:50:59 -0400] "GET /q-~6HU2KBANNcK0P93VqpfF3zkqzh7rHzL20073/ HTTP/1.1" 404 1251 "-" "Mozilla/5.0 (Linux; Android 6.0.1; Nexus 5X Build/MMB29P) AppleWebKit/537.36 (KHTML, like Gecko) Chrome/137.0.7151.103 Mobile Safari/537.36 (compatible; GoogleOther)"
66.249.74.8 - - [12/Jul/2025:16:51:10 -0400] "GET /q-~16muOnkl6KMyAcaxBaIDEgevKRxLnlXZ24605/ HTTP/1.1" 404 1251 "-" "Mozilla/5.0 (Linux; Android 6.0.1; Nexus 5X Build/MMB29P) AppleWebKit/537.36 (KHTML, like Gecko) Chrome/137.0.7151.103 Mobile Safari/537.36 (compatible; GoogleOther)"
20.171.207.24 - - [12/Jul/2025:16:51:14 -0400] "GET /?fluoroform/1I7v7bwp_html HTTP/1.1" 200 1470 "-" "Mozilla/5.0 AppleWebKit/537.36 (KHTML, like Gecko; compatible; GPTBot/1.2; +https://openai.com/gptbot)"
