66.249.74.1 - - [12/Jul/2025:14:04:16 -0400] "GET /q-~93rQUNFO4JEUezIbdRzn1lzOFvwAMM7L29912/ HTTP/1.1" 404 1251 "-" "Mozilla/5.0 (compatible; Googlebot/2.1; +http://www.google.com/bot.html)"
66.249.74.15 - - [12/Jul/2025:14:04:37 -0400] "GET /q-~221RYEozkseopXoEo5HsuXfxWdKRE9X3m20058/ HTTP/1.1" 404 1251 "-" "Mozilla/5.0 (Linux; Android 6.0.1; Nexus 5X Build/MMB29P) AppleWebKit/537.36 (KHTML, like Gecko) Chrome/137.0.7151.103 Mobile Safari/537.36 (compatible; GoogleOther)"
66.249.74.15 - - [12/Jul/2025:14:04:58 -0400] "GET /items/aqamk260/7596?key=should HTTP/1.1" 404 1251 "-" "Mozilla/5.0 (Linux; Android 6.0.1; Nexus 5X Build/MMB29P) AppleWebKit/537.36 (KHTML, like Gecko) Chrome/137.0.7151.103 Mobile Safari/537.36 (compatible; Googlebot/2.1; +http://www.google.com/bot.html)"
66.249.74.1 - - [12/Jul/2025:14:05:58 -0400] "GET /q-~191I7I1ZjvMRSiVFju0pYXsIpzKZ1KxTU9664/ HTTP/1.1" 404 1251 "-" "Mozilla/5.0 (Linux; Android 6.0.1; Nexus 5X Build/MMB29P) AppleWebKit/537.36 (KHTML, like Gecko) Chrome/137.0.7151.103 Mobile Safari/537.36 (compatible; GoogleOther)"
66.249.74.15 - - [12/Jul/2025:14:06:28 -0400] "GET /items/ytmac139/6543?key=growing HTTP/1.1" 404 1251 "-" "Mozilla/5.0 (compatible; Googlebot/2.1; +http://www.google.com/bot.html)"
66.249.74.8 - - [12/Jul/2025:14:07:19 -0400] "GET /items/dnont122/24132?key=historically HTTP/1.1" 404 1251 "-" "Mozilla/5.0 (Linux; Android 6.0.1; Nexus 5X Build/MMB29P) AppleWebKit/537.36 (KHTML, like Gecko) Chrome/137.0.7151.103 Mobile Safari/537.36 (compatible; GoogleOther)"
69.197.182.50 - - [12/Jul/2025:14:08:04 -0400] "GET /wp-content/admin.php HTTP/1.1" 404 1251 "https://nas-yemen.org/wp-content/admin.php" "Mozilla/5.0 (Windows NT 10.0; Win64; x64) AppleWebKit/537.36 (KHTML, like Gecko) Chrome/58.0.3029.110 Safari/537.3"
66.249.74.10 - - [12/Jul/2025:14:08:18 -0400] "GET /items/ycuof142/22082?key=carve HTTP/1.1" 404 1251 "-" "Mozilla/5.0 (Linux; Android 6.0.1; Nexus 5X Build/MMB29P) AppleWebKit/537.36 (KHTML, like Gecko) Chrome/137.0.7151.103 Mobile Safari/537.36 (compatible; Googlebot/2.1; +http://www.google.com/bot.html)"
66.249.74.8 - - [12/Jul/2025:14:08:25 -0400] "GET /q-~65PO8VDCFLn14K2myyN6IhzIdbDIQV5X46132/ HTTP/1.1" 404 1251 "-" "Mozilla/5.0 (Linux; Android 6.0.1; Nexus 5X Build/MMB29P) AppleWebKit/537.36 (KHTML, like Gecko) Chrome/137.0.7151.103 Mobile Safari/537.36 (compatible; GoogleOther)"
66.249.74.8 - - [12/Jul/2025:14:08:40 -0400] "GET /q-~54hVzTMX9yiDO6Cy6Aims9SXF7y34kmr47713/ HTTP/1.1" 404 1251 "-" "Mozilla/5.0 (Linux; Android 6.0.1; Nexus 5X Build/MMB29P) AppleWebKit/537.36 (KHTML, like Gecko) Chrome/137.0.7151.103 Mobile Safari/537.36 (compatible; GoogleOther)"
66.249.74.8 - - [12/Jul/2025:14:09:47 -0400] "GET /q-~93QpmVYKKRwlnqIoSN608zZoJpXnGtOM30796/ HTTP/1.1" 404 1251 "-" "Mozilla/5.0 (Linux; Android 6.0.1; Nexus 5X Build/MMB29P) AppleWebKit/537.36 (KHTML, like Gecko) Chrome/137.0.7151.103 Mobile Safari/537.36 (compatible; Googlebot/2.1; +http://www.google.com/bot.html)"
66.249.74.10 - - [12/Jul/2025:14:10:01 -0400] "GET /items/mzqgn231/31437?key=cling HTTP/1.1" 404 1251 "-" "Mozilla/5.0 (Linux; Android 6.0.1; Nexus 5X Build/MMB29P) AppleWebKit/537.36 (KHTML, like Gecko) Chrome/137.0.7151.103 Mobile Safari/537.36 (compatible; GoogleOther)"
66.249.74.8 - - [12/Jul/2025:14:10:26 -0400] "GET /items/mgyyu282/48004?key=tolerance HTTP/1.1" 404 1251 "-" "Mozilla/5.0 (compatible; Googlebot/2.1; +http://www.google.com/bot.html)"
66.249.74.9 - - [12/Jul/2025:14:11:23 -0400] "GET /q-~127OVtJsTg6E6xGC7ygJ7Dk3IOERCq6Eg35132/ HTTP/1.1" 404 1251 "-" "Mozilla/5.0 (Linux; Android 6.0.1; Nexus 5X Build/MMB29P) AppleWebKit/537.36 (KHTML, like Gecko) Chrome/137.0.7151.103 Mobile Safari/537.36 (compatible; GoogleOther)"
66.249.74.8 - - [12/Jul/2025:14:12:44 -0400] "GET /q-~53jAojuB7Nev5XqV05toouHQgHaDdPES46350/ HTTP/1.1" 404 1251 "-" "Mozilla/5.0 (Linux; Android 6.0.1; Nexus 5X Build/MMB29P) AppleWebKit/537.36 (KHTML, like Gecko) Chrome/137.0.7151.103 Mobile Safari/537.36 (compatible; GoogleOther)"
66.249.74.9 - - [12/Jul/2025:14:13:05 -0400] "GET /q-~13E09gDmODPWRp0lvwh0w830gAnnCEBo15340/ HTTP/1.1" 404 1251 "-" "Mozilla/5.0 (Linux; Android 6.0.1; Nexus 5X Build/MMB29P) AppleWebKit/537.36 (KHTML, like Gecko) Chrome/137.0.7151.103 Mobile Safari/537.36 (compatible; GoogleOther)"
47.82.60.60 - - [12/Jul/2025:14:13:51 -0400] "GET /wp-includes/sodium_compat/src/Core/XChaCha20.php HTTP/1.1" 403 1242 "https://nas-yemen.org/wp-includes/sodium_compat/src/Core/XChaCha20.php" "Mozilla/5.0 (Windows NT 10.0; Win64; x64) AppleWebKit/537.36 (KHTML, like Gecko) Chrome/114.0.0.0 Safari/537.36 Edg/114.0.1823.43"
66.249.74.8 - - [12/Jul/2025:14:14:05 -0400] "GET /q-~243a0HQSgb9zAu1LeFYyx7ZEuhxTwgIER20004/ HTTP/1.1" 404 1251 "-" "Mozilla/5.0 (Linux; Android 6.0.1; Nexus 5X Build/MMB29P) AppleWebKit/537.36 (KHTML, like Gecko) Chrome/137.0.7151.103 Mobile Safari/537.36 (compatible; GoogleOther)"
66.249.74.9 - - [12/Jul/2025:14:14:10 -0400] "GET /q-~160aLTwOYawnl9SHHcz4Jpwnr3PKnBLGq31641/ HTTP/1.1" 404 1251 "-" "Mozilla/5.0 (Linux; Android 6.0.1; Nexus 5X Build/MMB29P) AppleWebKit/537.36 (KHTML, like Gecko) Chrome/137.0.7151.103 Mobile Safari/537.36 (compatible; GoogleOther)"
66.249.74.9 - - [12/Jul/2025:14:14:12 -0400] "GET /q-~168MNiToL9Hibtw9cBzZ0aLMNiK8lqwYq25147/ HTTP/1.1" 404 1251 "-" "Mozilla/5.0 (Linux; Android 6.0.1; Nexus 5X Build/MMB29P) AppleWebKit/537.36 (KHTML, like Gecko) Chrome/137.0.7151.103 Mobile Safari/537.36 (compatible; GoogleOther)"
66.249.74.8 - - [12/Jul/2025:14:14:18 -0400] "GET /items/ycjfw189/19663?key=grain HTTP/1.1" 404 1251 "-" "Mozilla/5.0 (compatible; Googlebot/2.1; +http://www.google.com/bot.html)"
66.249.74.8 - - [12/Jul/2025:14:14:24 -0400] "GET /q-~259fIudFrNc1TFu20DLOANKCo1GTJfXbR5720/ HTTP/1.1" 404 1251 "-" "Mozilla/5.0 (Linux; Android 6.0.1; Nexus 5X Build/MMB29P) AppleWebKit/537.36 (KHTML, like Gecko) Chrome/137.0.7151.103 Mobile Safari/537.36 (compatible; GoogleOther)"
66.249.74.8 - - [12/Jul/2025:14:14:38 -0400] "GET /q-~217tqwPAHiKxIOdJ0TaSCxVxahCl4RnJp28774/ HTTP/1.1" 404 1251 "-" "Mozilla/5.0 (Linux; Android 6.0.1; Nexus 5X Build/MMB29P) AppleWebKit/537.36 (KHTML, like Gecko) Chrome/137.0.7151.103 Mobile Safari/537.36 (compatible; GoogleOther)"
66.249.74.8 - - [12/Jul/2025:14:14:50 -0400] "GET /q-~142TYcda4hPEFnkLohizN6wQPNfkMCRub12307/ HTTP/1.1" 404 1251 "-" "Mozilla/5.0 (Linux; Android 6.0.1; Nexus 5X Build/MMB29P) AppleWebKit/537.36 (KHTML, like Gecko) Chrome/137.0.7151.103 Mobile Safari/537.36 (compatible; GoogleOther)"
66.249.74.9 - - [12/Jul/2025:14:15:26 -0400] "GET /items/nbkme147/41523?key=assign HTTP/1.1" 404 1251 "-" "Mozilla/5.0 (Linux; Android 6.0.1; Nexus 5X Build/MMB29P) AppleWebKit/537.36 (KHTML, like Gecko) Chrome/137.0.7151.103 Mobile Safari/537.36 (compatible; GoogleOther)"
47.82.60.14 - - [12/Jul/2025:14:15:27 -0400] "GET /wp-includes/css/dist/block-directory/style.css HTTP/1.1" 200 985 "https://www.nas-yemen.org/wp-includes/css/dist/block-directory/style.css" "Mozilla/5.0 (Windows NT 10.0; Win64; x64) AppleWebKit/537.36 (KHTML, like Gecko) Chrome/114.0.0.0 Safari/537.36 Edg/114.0.1823.43"
66.249.74.8 - - [12/Jul/2025:14:16:34 -0400] "GET /q-~151GLUSymTYDGWrEp5zP17CwG0KryxUgy29626/ HTTP/1.1" 404 1251 "-" "Mozilla/5.0 (Linux; Android 6.0.1; Nexus 5X Build/MMB29P) AppleWebKit/537.36 (KHTML, like Gecko) Chrome/137.0.7151.103 Mobile Safari/537.36 (compatible; GoogleOther)"
66.249.74.8 - - [12/Jul/2025:14:16:47 -0400] "GET /q-~40X2lrZyplqM4wX42W4EjI07U6htpQof22647/ HTTP/1.1" 404 1251 "-" "Mozilla/5.0 (Linux; Android 6.0.1; Nexus 5X Build/MMB29P) AppleWebKit/537.36 (KHTML, like Gecko) Chrome/137.0.7151.103 Mobile Safari/537.36 (compatible; GoogleOther)"
2001:4ca0:108:42::24 - - [12/Jul/2025:14:17:04 -0400] "GET /robots.txt HTTP/1.1" 304 0 "-" "Mozilla/5.0 (Windows NT 10.0; Win64; x64) AppleWebKit/537.36 (KHTML, like Gecko) Chrome/103.0.5060.134 Safari/537.36"
66.249.74.10 - - [12/Jul/2025:14:17:28 -0400] "GET /q-~171BodU0YSVfhJzHYtFnq1TN0nGYK8wvx8300/ HTTP/1.1" 404 1251 "-" "Mozilla/5.0 (Linux; Android 6.0.1; Nexus 5X Build/MMB29P) AppleWebKit/537.36 (KHTML, like Gecko) Chrome/137.0.7151.103 Mobile Safari/537.36 (compatible; GoogleOther)"
66.249.74.10 - - [12/Jul/2025:14:18:09 -0400] "GET /q-~162z21PJncSJJnJyOSrsTu3SfaHdvE5sT14325/ HTTP/1.1" 404 1251 "-" "Mozilla/5.0 (Linux; Android 6.0.1; Nexus 5X Build/MMB29P) AppleWebKit/537.36 (KHTML, like Gecko) Chrome/137.0.7151.103 Mobile Safari/537.36 (compatible; GoogleOther)"
161.97.82.217 - - [12/Jul/2025:14:18:11 -0400] "POST /xmlrpc.php HTTP/1.1" 403 1242 "-" "Mozilla/5.0 (X11; Ubuntu; Linux x86_64; rv:85.0) Gecko/20100101 Firefox/91.0"
66.249.74.9 - - [12/Jul/2025:14:19:01 -0400] "GET /items/xnwka78/46818?key=hold HTTP/1.1" 404 1251 "-" "Mozilla/5.0 (Linux; Android 6.0.1; Nexus 5X Build/MMB29P) AppleWebKit/537.36 (KHTML, like Gecko) Chrome/137.0.7151.119 Mobile Safari/537.36 (compatible; Googlebot/2.1; +http://www.google.com/bot.html)"
66.249.74.9 - - [12/Jul/2025:14:19:24 -0400] "GET /q-~178k3tE9zlDtyrEzvPvr7VHARw4KU3bOe14277/ HTTP/1.1" 404 1251 "-" "Mozilla/5.0 (Linux; Android 6.0.1; Nexus 5X Build/MMB29P) AppleWebKit/537.36 (KHTML, like Gecko) Chrome/137.0.7151.103 Mobile Safari/537.36 (compatible; Googlebot/2.1; +http://www.google.com/bot.html)"
66.249.74.8 - - [12/Jul/2025:14:19:30 -0400] "GET /q-~180ZbEAGpbYXRVpmk901P7nsHCZ7U0Gse38057/ HTTP/1.1" 404 1251 "-" "Mozilla/5.0 (Linux; Android 6.0.1; Nexus 5X Build/MMB29P) AppleWebKit/537.36 (KHTML, like Gecko) Chrome/137.0.7151.103 Mobile Safari/537.36 (compatible; GoogleOther)"
66.249.74.8 - - [12/Jul/2025:14:19:40 -0400] "GET /items/phvym48/22958?key=decision HTTP/1.1" 404 1251 "-" "Mozilla/5.0 (compatible; Googlebot/2.1; +http://www.google.com/bot.html)"
50.30.32.22 - - [12/Jul/2025:14:19:41 -0400] "GET /xmlrpc.php HTTP/1.1" 403 1242 "http://nas-yemen.org/xmlrpc.php" "Mozilla/5.0 (X11; Ubuntu; Linux x86_64; rv:85.0) Gecko/20100101 Firefox/91.0"
66.249.74.9 - - [12/Jul/2025:14:20:51 -0400] "GET /items/jykhf230/9562?key=address HTTP/1.1" 404 1251 "-" "Mozilla/5.0 (Linux; Android 6.0.1; Nexus 5X Build/MMB29P) AppleWebKit/537.36 (KHTML, like Gecko) Chrome/137.0.7151.103 Mobile Safari/537.36 (compatible; GoogleOther)"
117.62.235.53 - - [12/Jul/2025:14:21:20 -0400] "GET / HTTP/1.1" 200 1473 "http://www.nas-yemen.org" "Mozilla/5.0 (iPhone; CPU iPhone OS 13_2_3 like Mac OS X) AppleWebKit/605.1.15 (KHTML, like Gecko) Version/13.0.3 Mobile/15E148 Safari/604.1"
66.249.74.9 - - [12/Jul/2025:14:21:29 -0400] "GET /items/flylr30/23076?key=small HTTP/1.1" 404 1251 "-" "Mozilla/5.0 (Linux; Android 6.0.1; Nexus 5X Build/MMB29P) AppleWebKit/537.36 (KHTML, like Gecko) Chrome/137.0.7151.119 Mobile Safari/537.36 (compatible; Googlebot/2.1; +http://www.google.com/bot.html)"
66.249.74.10 - - [12/Jul/2025:14:22:12 -0400] "GET /items/lmgxh38/46540?key=nod HTTP/1.1" 404 1251 "-" "Mozilla/5.0 (Linux; Android 6.0.1; Nexus 5X Build/MMB29P) AppleWebKit/537.36 (KHTML, like Gecko) Chrome/137.0.7151.103 Mobile Safari/537.36 (compatible; GoogleOther)"
47.82.60.26 - - [12/Jul/2025:14:23:07 -0400] "GET /wp-includes/js/tinymce/plugins/image HTTP/1.1" 301 795 "https://nas-yemen.org/wp-includes/js/tinymce/plugins/image" "Mozilla/5.0 (Windows NT 10.0; Win64; x64) AppleWebKit/537.36 (KHTML, like Gecko) Chrome/114.0.0.0 Safari/537.36 Edg/114.0.1823.43"
47.82.60.26 - - [12/Jul/2025:14:23:08 -0400] "GET /wp-includes/js/tinymce/plugins/image/ HTTP/1.1" 200 659 "https://nas-yemen.org/wp-includes/js/tinymce/plugins/image" "Mozilla/5.0 (Windows NT 10.0; Win64; x64) AppleWebKit/537.36 (KHTML, like Gecko) Chrome/114.0.0.0 Safari/537.36 Edg/114.0.1823.43"
66.249.74.15 - - [12/Jul/2025:14:23:33 -0400] "GET /items/adusz215/47331?key=security HTTP/1.1" 404 1251 "-" "Mozilla/5.0 (Linux; Android 6.0.1; Nexus 5X Build/MMB29P) AppleWebKit/537.36 (KHTML, like Gecko) Chrome/137.0.7151.103 Mobile Safari/537.36 (compatible; GoogleOther)"
47.82.60.31 - - [12/Jul/2025:14:24:06 -0400] "GET /wp-includes/css/dist/editor/style-rtl.min.css HTTP/1.1" 200 9095 "https://www.nas-yemen.org/wp-includes/css/dist/editor/style-rtl.min.css" "Mozilla/5.0 (Windows NT 10.0; Win64; x64) AppleWebKit/537.36 (KHTML, like Gecko) Chrome/114.0.0.0 Safari/537.36 Edg/114.0.1823.43"
47.82.60.24 - - [12/Jul/2025:14:24:14 -0400] "GET /wp-includes/css/dist/nux/style.min.css HTTP/1.1" 200 709 "https://www.nas-yemen.org/wp-includes/css/dist/nux/style.min.css" "Mozilla/5.0 (Windows NT 10.0; Win64; x64) AppleWebKit/537.36 (KHTML, like Gecko) Chrome/114.0.0.0 Safari/537.36 Edg/114.0.1823.43"
66.249.74.1 - - [12/Jul/2025:14:24:55 -0400] "GET /items/idguj181/19949?key=existence HTTP/1.1" 404 1251 "-" "Mozilla/5.0 (Linux; Android 6.0.1; Nexus 5X Build/MMB29P) AppleWebKit/537.36 (KHTML, like Gecko) Chrome/137.0.7151.103 Mobile Safari/537.36 (compatible; GoogleOther)"
66.249.74.1 - - [12/Jul/2025:14:25:12 -0400] "GET /items/crysj155/28573?key=intelligent HTTP/1.1" 404 1251 "-" "Mozilla/5.0 (Linux; Android 6.0.1; Nexus 5X Build/MMB29P) AppleWebKit/537.36 (KHTML, like Gecko) Chrome/137.0.7151.103 Mobile Safari/537.36 (compatible; Googlebot/2.1; +http://www.google.com/bot.html)"
66.249.74.15 - - [12/Jul/2025:14:25:43 -0400] "GET /items/kjena97/49423?key=awareness HTTP/1.1" 404 1251 "-" "Mozilla/5.0 (compatible; Googlebot/2.1; +http://www.google.com/bot.html)"
66.249.74.1 - - [12/Jul/2025:14:25:43 -0400] "GET /items/kjena97/49423?key=awareness HTTP/1.1" 404 1251 "-" "Mozilla/5.0 (Linux; Android 6.0.1; Nexus 5X Build/MMB29P) AppleWebKit/537.36 (KHTML, like Gecko) Chrome/137.0.7151.103 Mobile Safari/537.36 (compatible; Googlebot/2.1; +http://www.google.com/bot.html)"
66.249.74.15 - - [12/Jul/2025:14:25:55 -0400] "GET /q-~80a2tTBpSqIqj4mIhblv6ULxjmLVupfO43/ HTTP/1.1" 404 1251 "-" "Mozilla/5.0 (Linux; Android 6.0.1; Nexus 5X Build/MMB29P) AppleWebKit/537.36 (KHTML, like Gecko) Chrome/137.0.7151.103 Mobile Safari/537.36 (compatible; Googlebot/2.1; +http://www.google.com/bot.html)"
66.249.74.2 - - [12/Jul/2025:14:26:16 -0400] "GET /q-~135Pie3MKuQ4KB5H9pS6seO1vykoL2W3m19240/ HTTP/1.1" 404 1251 "-" "Mozilla/5.0 (Linux; Android 6.0.1; Nexus 5X Build/MMB29P) AppleWebKit/537.36 (KHTML, like Gecko) Chrome/137.0.7151.103 Mobile Safari/537.36 (compatible; GoogleOther)"
69.197.135.226 - - [12/Jul/2025:14:26:24 -0400] "GET /wp-content/admin.php HTTP/1.1" 404 1251 "https://nas-yemen.org/wp-content/admin.php" "Mozilla/5.0 (Windows NT 10.0; Win64; x64) AppleWebKit/537.36 (KHTML, like Gecko) Chrome/58.0.3029.110 Safari/537.3"
66.249.74.2 - - [12/Jul/2025:14:27:06 -0400] "GET /items/hdvfd260/30156?key=historian HTTP/1.1" 404 1251 "-" "Mozilla/5.0 (compatible; Googlebot/2.1; +http://www.google.com/bot.html)"
34.226.89.140 - - [12/Jul/2025:14:27:29 -0400] "GET /wp-includes/class-json.php HTTP/1.1" 403 1242 "-" "Mozilla/5.0 AppleWebKit/537.36 (KHTML, like Gecko; compatible; Amazonbot/0.1; +https://developer.amazon.com/support/amazonbot) Chrome/119.0.6045.214 Safari/537.36"
18.207.79.144 - - [12/Jul/2025:14:27:33 -0400] "GET /wp-includes/category-template.php HTTP/1.1" 403 1242 "-" "Mozilla/5.0 AppleWebKit/537.36 (KHTML, like Gecko; compatible; Amazonbot/0.1; +https://developer.amazon.com/support/amazonbot) Chrome/119.0.6045.214 Safari/537.36"
66.249.74.15 - - [12/Jul/2025:14:27:37 -0400] "GET /q-~138tmH4nlWDYfQNBxDqiduKzoEICHFjqJ1921/ HTTP/1.1" 404 1251 "-" "Mozilla/5.0 (Linux; Android 6.0.1; Nexus 5X Build/MMB29P) AppleWebKit/537.36 (KHTML, like Gecko) Chrome/137.0.7151.103 Mobile Safari/537.36 (compatible; GoogleOther)"
18.214.138.148 - - [12/Jul/2025:14:27:37 -0400] "GET /wp-includes/class-feed.php HTTP/1.1" 403 1242 "-" "Mozilla/5.0 AppleWebKit/537.36 (KHTML, like Gecko; compatible; Amazonbot/0.1; +https://developer.amazon.com/support/amazonbot) Chrome/119.0.6045.214 Safari/537.36"
107.20.181.148 - - [12/Jul/2025:14:27:41 -0400] "GET /wp-includes/block-template.php HTTP/1.1" 403 1242 "-" "Mozilla/5.0 AppleWebKit/537.36 (KHTML, like Gecko; compatible; Amazonbot/0.1; +https://developer.amazon.com/support/amazonbot) Chrome/119.0.6045.214 Safari/537.36"
66.249.74.15 - - [12/Jul/2025:14:27:46 -0400] "GET /pcmypage?callback=/product%2Fdetail%2m23534380285 HTTP/1.1" 404 1251 "-" "Mozilla/5.0 (Linux; Android 6.0.1; Nexus 5X Build/MMB29P) AppleWebKit/537.36 (KHTML, like Gecko) Chrome/137.0.7151.103 Mobile Safari/537.36 (compatible; Googlebot/2.1; +http://www.google.com/bot.html)"
66.249.74.1 - - [12/Jul/2025:14:28:58 -0400] "GET /items/yuusk104/8716?key=ill HTTP/1.1" 404 1251 "-" "Mozilla/5.0 (Linux; Android 6.0.1; Nexus 5X Build/MMB29P) AppleWebKit/537.36 (KHTML, like Gecko) Chrome/137.0.7151.103 Mobile Safari/537.36 (compatible; GoogleOther)"
66.249.74.2 - - [12/Jul/2025:14:30:00 -0400] "GET /items/bvbsr206/21744?key=weave HTTP/1.1" 404 1251 "-" "Mozilla/5.0 (compatible; Googlebot/2.1; +http://www.google.com/bot.html)"
66.249.74.1 - - [12/Jul/2025:14:30:19 -0400] "GET /q-~190Aajr5hDBBOy3giAtXOgpwwsS1CEkwT37113/ HTTP/1.1" 404 1251 "-" "Mozilla/5.0 (Linux; Android 6.0.1; Nexus 5X Build/MMB29P) AppleWebKit/537.36 (KHTML, like Gecko) Chrome/137.0.7151.103 Mobile Safari/537.36 (compatible; GoogleOther)"
2001:4ca0:108:42::24 - - [12/Jul/2025:14:30:35 -0400] "GET /robots.txt HTTP/1.1" 304 0 "-" "Mozilla/5.0 (Windows NT 10.0; Win64; x64) AppleWebKit/537.36 (KHTML, like Gecko) Chrome/103.0.5060.134 Safari/537.36"
47.82.60.22 - - [12/Jul/2025:14:31:26 -0400] "GET /q-~6kfSnIA9bhRj7liiupk1UEF0Bldu9mI47719/ HTTP/1.1" 404 1251 "https://nas-yemen.org/q-~6kfSnIA9bhRj7liiupk1UEF0Bldu9mI47719/" "Mozilla/5.0 (Windows NT 10.0; Win64; x64) AppleWebKit/537.36 (KHTML, like Gecko) Chrome/114.0.0.0 Safari/537.36 Edg/114.0.1823.43"
66.249.74.2 - - [12/Jul/2025:14:31:34 -0400] "GET /q-~38oAdej7TRaPJak0RaI5vipohGkOxO5F41139/ HTTP/1.1" 404 1251 "-" "Mozilla/5.0 (compatible; Googlebot/2.1; +http://www.google.com/bot.html)"
66.249.74.1 - - [12/Jul/2025:14:31:41 -0400] "GET /q-~293v2Xo9t032Mp6Mml237l7MqWhK13RgY39586/ HTTP/1.1" 404 1251 "-" "Mozilla/5.0 (Linux; Android 6.0.1; Nexus 5X Build/MMB29P) AppleWebKit/537.36 (KHTML, like Gecko) Chrome/137.0.7151.103 Mobile Safari/537.36 (compatible; GoogleOther)"
124.5.117.5 - - [12/Jul/2025:14:32:44 -0400] "POST /xmlrpc.php HTTP/1.1" 403 1242 "-" "Mozilla/5.0 (Windows NT 6.2; x64) AppleWebKit/537.36 (KHTML, like Gecko) Edge/83.0.0.0 Safari/537.36"
66.249.74.15 - - [12/Jul/2025:14:33:02 -0400] "GET /items/lojvc299/8325?key=confession HTTP/1.1" 404 1251 "-" "Mozilla/5.0 (Linux; Android 6.0.1; Nexus 5X Build/MMB29P) AppleWebKit/537.36 (KHTML, like Gecko) Chrome/137.0.7151.103 Mobile Safari/537.36 (compatible; GoogleOther)"
47.82.60.2 - - [12/Jul/2025:14:33:06 -0400] "GET /wp-includes/css/dist/block-library/reset-rtl.css HTTP/1.1" 200 426 "https://www.nas-yemen.org/wp-includes/css/dist/block-library/reset-rtl.css" "Mozilla/5.0 (Windows NT 10.0; Win64; x64) AppleWebKit/537.36 (KHTML, like Gecko) Chrome/114.0.0.0 Safari/537.36 Edg/114.0.1823.43"
66.249.74.8 - - [12/Jul/2025:14:34:23 -0400] "GET /items/smjtz70/16240?key=forth HTTP/1.1" 404 1251 "-" "Mozilla/5.0 (Linux; Android 6.0.1; Nexus 5X Build/MMB29P) AppleWebKit/537.36 (KHTML, like Gecko) Chrome/137.0.7151.103 Mobile Safari/537.36 (compatible; GoogleOther)"
66.249.74.9 - - [12/Jul/2025:14:34:35 -0400] "GET /q-~239XRA5iaBn6uRKXLLgxiyBbpbOjorwZt25230/ HTTP/1.1" 404 1251 "-" "Mozilla/5.0 (Linux; Android 6.0.1; Nexus 5X Build/MMB29P) AppleWebKit/537.36 (KHTML, like Gecko) Chrome/137.0.7151.103 Mobile Safari/537.36 (compatible; GoogleOther)"
66.249.74.10 - - [12/Jul/2025:14:35:01 -0400] "GET /q-~1zZE69H1hrH0Y9GbDxEL8ItYLkiaCIk25642/ HTTP/1.1" 404 1251 "-" "Mozilla/5.0 (compatible; Googlebot/2.1; +http://www.google.com/bot.html)"
66.249.74.9 - - [12/Jul/2025:14:35:44 -0400] "GET /q-~151cGfMzf9HGyaK8jpFUJwwSHnQV17hPg46542/ HTTP/1.1" 404 1251 "-" "Mozilla/5.0 (Linux; Android 6.0.1; Nexus 5X Build/MMB29P) AppleWebKit/537.36 (KHTML, like Gecko) Chrome/137.0.7151.103 Mobile Safari/537.36 (compatible; GoogleOther)"
66.249.74.8 - - [12/Jul/2025:14:36:24 -0400] "GET /q-~280qmzIA7F3nCHuk4qZRIXohspOeIDOSy47381/ HTTP/1.1" 404 1251 "-" "Mozilla/5.0 (Linux; Android 6.0.1; Nexus 5X Build/MMB29P) AppleWebKit/537.36 (KHTML, like Gecko) Chrome/137.0.7151.103 Mobile Safari/537.36 (compatible; GoogleOther)"
66.249.74.10 - - [12/Jul/2025:14:36:26 -0400] "GET /q-~224YpP718DSjYJitj9VnRKK9J9uTa1j9G48101/ HTTP/1.1" 404 1251 "-" "Mozilla/5.0 (compatible; Googlebot/2.1; +http://www.google.com/bot.html)"
66.249.74.9 - - [12/Jul/2025:14:36:39 -0400] "GET /items/chmfw76/24982?key=consistent HTTP/1.1" 404 1251 "-" "Mozilla/5.0 (Linux; Android 6.0.1; Nexus 5X Build/MMB29P) AppleWebKit/537.36 (KHTML, like Gecko) Chrome/137.0.7151.103 Mobile Safari/537.36 (compatible; Googlebot/2.1; +http://www.google.com/bot.html)"
66.249.74.8 - - [12/Jul/2025:14:36:57 -0400] "GET /q-~261mY5PGsKE7GBrDfKPJhxId9foUNlCnd25396/ HTTP/1.1" 404 1251 "-" "Mozilla/5.0 (Linux; Android 6.0.1; Nexus 5X Build/MMB29P) AppleWebKit/537.36 (KHTML, like Gecko) Chrome/137.0.7151.103 Mobile Safari/537.36 (compatible; GoogleOther)"
66.249.74.10 - - [12/Jul/2025:14:37:05 -0400] "GET /q-~41lZoxbnjLueoy9xwrG5gCw5yS2QiSCT8524/ HTTP/1.1" 404 1251 "-" "Mozilla/5.0 (Linux; Android 6.0.1; Nexus 5X Build/MMB29P) AppleWebKit/537.36 (KHTML, like Gecko) Chrome/137.0.7151.103 Mobile Safari/537.36 (compatible; GoogleOther)"
98.81.231.236 - - [12/Jul/2025:14:37:23 -0400] "GET /.git/config HTTP/1.1" 403 1242 "-" "Opera/9.5 (Microsoft Windows; PPC; Opera Mobi; U) SonyEricssonX1i/R2AA Profile/MIDP-2.0 Configuration/CLDC-1.1"
66.249.74.10 - - [12/Jul/2025:14:38:27 -0400] "GET /q-~121s9nhFIcZgaPmZfx9bwI7S0Y1BqQXeZ29530/ HTTP/1.1" 404 1251 "-" "Mozilla/5.0 (Linux; Android 6.0.1; Nexus 5X Build/MMB29P) AppleWebKit/537.36 (KHTML, like Gecko) Chrome/137.0.7151.103 Mobile Safari/537.36 (compatible; GoogleOther)"
208.110.64.178 - - [12/Jul/2025:14:39:21 -0400] "GET /wp-content/admin.php HTTP/1.1" 404 1251 "https://nas-yemen.org/wp-content/admin.php" "Mozilla/5.0 (Windows NT 10.0; Win64; x64) AppleWebKit/537.36 (KHTML, like Gecko) Chrome/58.0.3029.110 Safari/537.3"
66.249.74.8 - - [12/Jul/2025:14:39:23 -0400] "GET /items/ikjye171/28675?key=encounter HTTP/1.1" 404 1251 "-" "Mozilla/5.0 (Linux; Android 6.0.1; Nexus 5X Build/MMB29P) AppleWebKit/537.36 (KHTML, like Gecko) Chrome/137.0.7151.103 Mobile Safari/537.36 (compatible; GoogleOther)"
66.249.74.8 - - [12/Jul/2025:14:39:48 -0400] "GET /q-~243GymfkbIRAjYFYlUVelmYPHxk6n7EAQ22624/ HTTP/1.1" 404 1251 "-" "Mozilla/5.0 (Linux; Android 6.0.1; Nexus 5X Build/MMB29P) AppleWebKit/537.36 (KHTML, like Gecko) Chrome/137.0.7151.103 Mobile Safari/537.36 (compatible; GoogleOther)"
66.249.74.9 - - [12/Jul/2025:14:39:50 -0400] "GET /q-~127OiUzjQrwjiCh8nLpbXBJgsdVbKIVKR21500/ HTTP/1.1" 404 1251 "-" "Mozilla/5.0 (Linux; Android 6.0.1; Nexus 5X Build/MMB29P) AppleWebKit/537.36 (KHTML, like Gecko) Chrome/137.0.7151.103 Mobile Safari/537.36 (compatible; GoogleOther)"
66.249.74.8 - - [12/Jul/2025:14:39:52 -0400] "GET /q-~30zCAZ8XIWJpVdrNvUp88PJB9lBoPy7b16449/ HTTP/1.1" 404 1251 "-" "Mozilla/5.0 (Linux; Android 6.0.1; Nexus 5X Build/MMB29P) AppleWebKit/537.36 (KHTML, like Gecko) Chrome/137.0.7151.103 Mobile Safari/537.36 (compatible; GoogleOther)"
66.249.74.8 - - [12/Jul/2025:14:39:55 -0400] "GET /q-~233aucJfurfBTtMQZ8dKohtCnKTPZDubX39786/ HTTP/1.1" 404 1251 "-" "Mozilla/5.0 (Linux; Android 6.0.1; Nexus 5X Build/MMB29P) AppleWebKit/537.36 (KHTML, like Gecko) Chrome/137.0.7151.103 Mobile Safari/537.36 (compatible; GoogleOther)"
66.249.74.8 - - [12/Jul/2025:14:39:57 -0400] "GET /items/iwcsb49/37293?key=lobby HTTP/1.1" 404 1251 "-" "Mozilla/5.0 (Linux; Android 6.0.1; Nexus 5X Build/MMB29P) AppleWebKit/537.36 (KHTML, like Gecko) Chrome/137.0.7151.103 Mobile Safari/537.36 (compatible; GoogleOther)"
66.249.74.8 - - [12/Jul/2025:14:39:59 -0400] "GET /items/vbqqc137/9739?key=pair HTTP/1.1" 404 1251 "-" "Mozilla/5.0 (Linux; Android 6.0.1; Nexus 5X Build/MMB29P) AppleWebKit/537.36 (KHTML, like Gecko) Chrome/137.0.7151.103 Mobile Safari/537.36 (compatible; GoogleOther)"
66.249.74.10 - - [12/Jul/2025:14:40:02 -0400] "GET /q-~157sT6iggS7DmeNzPS6ILlfLC4wtUKWpk18892/ HTTP/1.1" 404 1251 "-" "Mozilla/5.0 (Linux; Android 6.0.1; Nexus 5X Build/MMB29P) AppleWebKit/537.36 (KHTML, like Gecko) Chrome/137.0.7151.103 Mobile Safari/537.36 (compatible; GoogleOther)"
66.249.74.9 - - [12/Jul/2025:14:40:06 -0400] "GET /q-~189NlOIYc9F8oJHJKO1S3sTZtJiroAIOt4988/ HTTP/1.1" 404 1251 "-" "Mozilla/5.0 (Linux; Android 6.0.1; Nexus 5X Build/MMB29P) AppleWebKit/537.36 (KHTML, like Gecko) Chrome/137.0.7151.103 Mobile Safari/537.36 (compatible; GoogleOther)"
66.249.74.8 - - [12/Jul/2025:14:40:12 -0400] "GET /q-~42NslADddoCeXURX5TjUqVpgsDpsJqHB49347/ HTTP/1.1" 404 1251 "-" "Mozilla/5.0 (Linux; Android 6.0.1; Nexus 5X Build/MMB29P) AppleWebKit/537.36 (KHTML, like Gecko) Chrome/137.0.7151.103 Mobile Safari/537.36 (compatible; GoogleOther)"
66.249.74.8 - - [12/Jul/2025:14:40:18 -0400] "GET /items/kmpzm108/17372?key=crisis HTTP/1.1" 404 1251 "-" "Mozilla/5.0 (Linux; Android 6.0.1; Nexus 5X Build/MMB29P) AppleWebKit/537.36 (KHTML, like Gecko) Chrome/137.0.7151.103 Mobile Safari/537.36 (compatible; GoogleOther)"
66.249.74.8 - - [12/Jul/2025:14:40:23 -0400] "GET /q-~240OzNw2fm0YoGdsB51azJumaCcj5QNWa34127/ HTTP/1.1" 404 1251 "-" "Mozilla/5.0 (compatible; Googlebot/2.1; +http://www.google.com/bot.html)"
66.249.74.8 - - [12/Jul/2025:14:40:24 -0400] "GET /q-~91B3255QcQCHmOs7v9NTBil0snbxa4HK48446/ HTTP/1.1" 404 1251 "-" "Mozilla/5.0 (Linux; Android 6.0.1; Nexus 5X Build/MMB29P) AppleWebKit/537.36 (KHTML, like Gecko) Chrome/137.0.7151.103 Mobile Safari/537.36 (compatible; GoogleOther)"
66.249.74.8 - - [12/Jul/2025:14:40:36 -0400] "GET /items/zvpey16/38632?key=phone HTTP/1.1" 404 1251 "-" "Mozilla/5.0 (Linux; Android 6.0.1; Nexus 5X Build/MMB29P) AppleWebKit/537.36 (KHTML, like Gecko) Chrome/137.0.7151.103 Mobile Safari/537.36 (compatible; GoogleOther)"
66.249.74.8 - - [12/Jul/2025:14:40:48 -0400] "GET /q-~266cVHIfLQdn9iEgvcfNGrXCc0AAidGSX35227/ HTTP/1.1" 404 1251 "-" "Mozilla/5.0 (Linux; Android 6.0.1; Nexus 5X Build/MMB29P) AppleWebKit/537.36 (KHTML, like Gecko) Chrome/137.0.7151.103 Mobile Safari/537.36 (compatible; GoogleOther)"
66.249.74.8 - - [12/Jul/2025:14:40:51 -0400] "GET /q-~245vr0uYXtuMyx0nboQrrWnWnjjeMBiEc40458/ HTTP/1.1" 404 1251 "-" "Mozilla/5.0 (compatible; Googlebot/2.1; +http://www.google.com/bot.html)"
66.249.74.8 - - [12/Jul/2025:14:41:00 -0400] "GET /items/twacc74/30644?key=retail HTTP/1.1" 404 1251 "-" "Mozilla/5.0 (Linux; Android 6.0.1; Nexus 5X Build/MMB29P) AppleWebKit/537.36 (KHTML, like Gecko) Chrome/137.0.7151.103 Mobile Safari/537.36 (compatible; GoogleOther)"
66.249.74.9 - - [12/Jul/2025:14:41:09 -0400] "GET /items/qvgcb212/5658?key=somebody HTTP/1.1" 404 1251 "-" "Mozilla/5.0 (compatible; Googlebot/2.1; +http://www.google.com/bot.html)"
66.249.74.9 - - [12/Jul/2025:14:41:12 -0400] "GET /q-~97VGgtpHBktLHwF4l3aHrPbg3oswuw8z14180/ HTTP/1.1" 404 1251 "-" "Mozilla/5.0 (Linux; Android 6.0.1; Nexus 5X Build/MMB29P) AppleWebKit/537.36 (KHTML, like Gecko) Chrome/137.0.7151.103 Mobile Safari/537.36 (compatible; GoogleOther)"
66.249.74.8 - - [12/Jul/2025:14:41:24 -0400] "GET /items/alnsc10/17204?key=Senate HTTP/1.1" 404 1251 "-" "Mozilla/5.0 (Linux; Android 6.0.1; Nexus 5X Build/MMB29P) AppleWebKit/537.36 (KHTML, like Gecko) Chrome/137.0.7151.103 Mobile Safari/537.36 (compatible; GoogleOther)"
66.249.74.8 - - [12/Jul/2025:14:41:36 -0400] "GET /q-~292tSDIINu6tGMzS085eVbZOuhbec1Yxb4069/ HTTP/1.1" 404 1251 "-" "Mozilla/5.0 (Linux; Android 6.0.1; Nexus 5X Build/MMB29P) AppleWebKit/537.36 (KHTML, like Gecko) Chrome/137.0.7151.103 Mobile Safari/537.36 (compatible; GoogleOther)"
66.249.74.8 - - [12/Jul/2025:14:41:40 -0400] "GET /items/pssic176/29226?key=mostly HTTP/1.1" 404 1251 "-" "Mozilla/5.0 (Linux; Android 6.0.1; Nexus 5X Build/MMB29P) AppleWebKit/537.36 (KHTML, like Gecko) Chrome/137.0.7151.103 Mobile Safari/537.36 (compatible; Googlebot/2.1; +http://www.google.com/bot.html)"
66.249.74.8 - - [12/Jul/2025:14:41:48 -0400] "GET /q-~30j91KTWO4DGium2RKet7D5cs8H4vdgv3185/ HTTP/1.1" 404 1251 "-" "Mozilla/5.0 (Linux; Android 6.0.1; Nexus 5X Build/MMB29P) AppleWebKit/537.36 (KHTML, like Gecko) Chrome/137.0.7151.103 Mobile Safari/537.36 (compatible; GoogleOther)"
66.249.74.9 - - [12/Jul/2025:14:42:00 -0400] "GET /q-~202Uv7byBJPopV4wW6TYoaUltmkPu0loZ3749/ HTTP/1.1" 404 1251 "-" "Mozilla/5.0 (Linux; Android 6.0.1; Nexus 5X Build/MMB29P) AppleWebKit/537.36 (KHTML, like Gecko) Chrome/137.0.7151.103 Mobile Safari/537.36 (compatible; GoogleOther)"
2a03:2880:11ff:5:: - - [12/Jul/2025:14:42:01 -0400] "GET /robots.txt HTTP/1.1" 304 0 "-" "facebookexternalhit/1.1 (+http://www.facebook.com/externalhit_uatext.php)"
66.249.74.9 - - [12/Jul/2025:14:42:12 -0400] "GET /q-~57dNksJJaXcx6pQwiI9DJvbtE1pw4P4u22148/ HTTP/1.1" 404 1251 "-" "Mozilla/5.0 (Linux; Android 6.0.1; Nexus 5X Build/MMB29P) AppleWebKit/537.36 (KHTML, like Gecko) Chrome/137.0.7151.103 Mobile Safari/537.36 (compatible; GoogleOther)"
66.249.74.8 - - [12/Jul/2025:14:42:24 -0400] "GET /q-~111a0KRH4qDLXM5z5InQzLE4e0xM87EKb26392/ HTTP/1.1" 404 1251 "-" "Mozilla/5.0 (Linux; Android 6.0.1; Nexus 5X Build/MMB29P) AppleWebKit/537.36 (KHTML, like Gecko) Chrome/137.0.7151.103 Mobile Safari/537.36 (compatible; GoogleOther)"
47.82.60.2 - - [12/Jul/2025:14:42:34 -0400] "GET /items/zxsoj6/3192?key=bank HTTP/1.1" 404 1251 "https://nas-yemen.org/items/zxsoj6/3192?key=bank" "Mozilla/5.0 (Windows NT 10.0; Win64; x64) AppleWebKit/537.36 (KHTML, like Gecko) Chrome/114.0.0.0 Safari/537.36 Edg/114.0.1823.43"
66.249.74.8 - - [12/Jul/2025:14:42:36 -0400] "GET /items/yyfap157/17835?key=birthday HTTP/1.1" 404 1251 "-" "Mozilla/5.0 (Linux; Android 6.0.1; Nexus 5X Build/MMB29P) AppleWebKit/537.36 (KHTML, like Gecko) Chrome/137.0.7151.103 Mobile Safari/537.36 (compatible; GoogleOther)"
66.249.74.8 - - [12/Jul/2025:14:42:45 -0400] "GET /q-~259eq9ArhWaknAeBOkUlS6RAYjaMjNjND14254/ HTTP/1.1" 404 1251 "-" "Mozilla/5.0 (compatible; Googlebot/2.1; +http://www.google.com/bot.html)"
47.82.60.79 - - [12/Jul/2025:14:42:46 -0400] "GET /wp-includes/css/dist/components/style.css HTTP/1.1" 200 12600 "https://www.nas-yemen.org/wp-includes/css/dist/components/style.css" "Mozilla/5.0 (Windows NT 10.0; Win64; x64) AppleWebKit/537.36 (KHTML, like Gecko) Chrome/114.0.0.0 Safari/537.36 Edg/114.0.1823.43"
66.249.74.8 - - [12/Jul/2025:14:42:48 -0400] "GET /q-~163uyx6Mye9cHU1vPXjZFilmxHO7EFX2y42490/ HTTP/1.1" 404 1251 "-" "Mozilla/5.0 (Linux; Android 6.0.1; Nexus 5X Build/MMB29P) AppleWebKit/537.36 (KHTML, like Gecko) Chrome/137.0.7151.103 Mobile Safari/537.36 (compatible; GoogleOther)"
66.249.74.8 - - [12/Jul/2025:14:43:00 -0400] "GET /q-~132V7OGQRuuzJLD97OSI2yO5exVlXf0Lr31675/ HTTP/1.1" 404 1251 "-" "Mozilla/5.0 (Linux; Android 6.0.1; Nexus 5X Build/MMB29P) AppleWebKit/537.36 (KHTML, like Gecko) Chrome/137.0.7151.103 Mobile Safari/537.36 (compatible; GoogleOther)"
66.249.74.8 - - [12/Jul/2025:14:43:12 -0400] "GET /q-~46F2TMlpe3pu43k3l6VqGFX9pX8BxeCn10355/ HTTP/1.1" 404 1251 "-" "Mozilla/5.0 (Linux; Android 6.0.1; Nexus 5X Build/MMB29P) AppleWebKit/537.36 (KHTML, like Gecko) Chrome/137.0.7151.103 Mobile Safari/537.36 (compatible; GoogleOther)"
66.249.74.8 - - [12/Jul/2025:14:43:21 -0400] "GET /q-~144i3aGWB7epE6tE3CMAfyhT2WB4nywOd19091/ HTTP/1.1" 404 1251 "-" "Mozilla/5.0 (Linux; Android 6.0.1; Nexus 5X Build/MMB29P) AppleWebKit/537.36 (KHTML, like Gecko) Chrome/137.0.7151.103 Mobile Safari/537.36 (compatible; Googlebot/2.1; +http://www.google.com/bot.html)"
66.249.74.8 - - [12/Jul/2025:14:43:24 -0400] "GET /items/npofc57/39245?key=secondary HTTP/1.1" 404 1251 "-" "Mozilla/5.0 (Linux; Android 6.0.1; Nexus 5X Build/MMB29P) AppleWebKit/537.36 (KHTML, like Gecko) Chrome/137.0.7151.103 Mobile Safari/537.36 (compatible; GoogleOther)"
47.82.60.60 - - [12/Jul/2025:14:43:36 -0400] "GET /wp-includes/Requests/src/Proxy/Http.php HTTP/1.1" 403 1242 "https://nas-yemen.org/wp-includes/Requests/src/Proxy/Http.php" "Mozilla/5.0 (Windows NT 10.0; Win64; x64) AppleWebKit/537.36 (KHTML, like Gecko) Chrome/114.0.0.0 Safari/537.36 Edg/114.0.1823.43"
66.249.74.8 - - [12/Jul/2025:14:43:36 -0400] "GET /q-~74f1ZrE2LfBhBRzfSeFzp6azYqV6RpNQ28971/ HTTP/1.1" 404 1251 "-" "Mozilla/5.0 (Linux; Android 6.0.1; Nexus 5X Build/MMB29P) AppleWebKit/537.36 (KHTML, like Gecko) Chrome/137.0.7151.103 Mobile Safari/537.36 (compatible; GoogleOther)"
66.249.74.8 - - [12/Jul/2025:14:43:49 -0400] "GET /items/okhhu188/16280?key=contract HTTP/1.1" 404 1251 "-" "Mozilla/5.0 (Linux; Android 6.0.1; Nexus 5X Build/MMB29P) AppleWebKit/537.36 (KHTML, like Gecko) Chrome/137.0.7151.103 Mobile Safari/537.36 (compatible; GoogleOther)"
66.249.74.10 - - [12/Jul/2025:14:44:01 -0400] "GET /q-~69VdWSesTePFkE0hPJI0J6NVLv7scBGj9292/ HTTP/1.1" 404 1251 "-" "Mozilla/5.0 (Linux; Android 6.0.1; Nexus 5X Build/MMB29P) AppleWebKit/537.36 (KHTML, like Gecko) Chrome/137.0.7151.103 Mobile Safari/537.36 (compatible; GoogleOther)"
66.249.74.9 - - [12/Jul/2025:14:44:11 -0400] "GET /items/ksisv271/25993?key=content HTTP/1.1" 404 1251 "-" "Mozilla/5.0 (compatible; Googlebot/2.1; +http://www.google.com/bot.html)"
66.249.74.8 - - [12/Jul/2025:14:44:13 -0400] "GET /items/jdbfi126/11500?key=flash HTTP/1.1" 404 1251 "-" "Mozilla/5.0 (Linux; Android 6.0.1; Nexus 5X Build/MMB29P) AppleWebKit/537.36 (KHTML, like Gecko) Chrome/137.0.7151.103 Mobile Safari/537.36 (compatible; GoogleOther)"
35.172.125.172 - - [12/Jul/2025:14:44:17 -0400] "GET /wp-includes/class-wp-customize-section.php HTTP/1.1" 403 1242 "-" "Mozilla/5.0 AppleWebKit/537.36 (KHTML, like Gecko; compatible; Amazonbot/0.1; +https://developer.amazon.com/support/amazonbot) Chrome/119.0.6045.214 Safari/537.36"
44.220.2.97 - - [12/Jul/2025:14:44:22 -0400] "GET /wp-includes/comment-template.php HTTP/1.1" 403 1242 "-" "Mozilla/5.0 AppleWebKit/537.36 (KHTML, like Gecko; compatible; Amazonbot/0.1; +https://developer.amazon.com/support/amazonbot) Chrome/119.0.6045.214 Safari/537.36"
66.249.74.15 - - [12/Jul/2025:14:44:25 -0400] "GET /q-~235kzO8vkqlY8gmwK9JWCUSQV1EhE9OyS28296/ HTTP/1.1" 404 1251 "-" "Mozilla/5.0 (Linux; Android 6.0.1; Nexus 5X Build/MMB29P) AppleWebKit/537.36 (KHTML, like Gecko) Chrome/137.0.7151.103 Mobile Safari/537.36 (compatible; GoogleOther)"
34.195.248.30 - - [12/Jul/2025:14:44:25 -0400] "GET /wp-includes/class-wp-http-requests-response.php HTTP/1.1" 403 1242 "-" "Mozilla/5.0 AppleWebKit/537.36 (KHTML, like Gecko; compatible; Amazonbot/0.1; +https://developer.amazon.com/support/amazonbot) Chrome/119.0.6045.214 Safari/537.36"
47.82.60.75 - - [12/Jul/2025:14:44:36 -0400] "GET /wp-includes/css/dist/edit-site/style-rtl.css HTTP/1.1" 200 13715 "https://www.nas-yemen.org/wp-includes/css/dist/edit-site/style-rtl.css" "Mozilla/5.0 (Windows NT 10.0; Win64; x64) AppleWebKit/537.36 (KHTML, like Gecko) Chrome/114.0.0.0 Safari/537.36 Edg/114.0.1823.43"
66.249.74.15 - - [12/Jul/2025:14:44:37 -0400] "GET /items/ddhxk64/12002?key=minister HTTP/1.1" 404 1251 "-" "Mozilla/5.0 (Linux; Android 6.0.1; Nexus 5X Build/MMB29P) AppleWebKit/537.36 (KHTML, like Gecko) Chrome/137.0.7151.103 Mobile Safari/537.36 (compatible; GoogleOther)"
66.249.74.15 - - [12/Jul/2025:14:44:39 -0400] "GET /q-~227pOcHzgi54Eea1LHBsc4PXePmgAh3dH12370/ HTTP/1.1" 404 1251 "-" "Mozilla/5.0 (Linux; Android 6.0.1; Nexus 5X Build/MMB29P) AppleWebKit/537.36 (KHTML, like Gecko) Chrome/137.0.7151.103 Mobile Safari/537.36 (compatible; Googlebot/2.1; +http://www.google.com/bot.html)"
66.249.74.15 - - [12/Jul/2025:14:44:49 -0400] "GET /items/ufvax34/39722?key=persist HTTP/1.1" 404 1251 "-" "Mozilla/5.0 (Linux; Android 6.0.1; Nexus 5X Build/MMB29P) AppleWebKit/537.36 (KHTML, like Gecko) Chrome/137.0.7151.103 Mobile Safari/537.36 (compatible; GoogleOther)"
66.249.74.15 - - [12/Jul/2025:14:45:01 -0400] "GET /q-~234QGkmzcHPl617KRLpIxmKQEbvVTIFzM3193/ HTTP/1.1" 404 1251 "-" "Mozilla/5.0 (Linux; Android 6.0.1; Nexus 5X Build/MMB29P) AppleWebKit/537.36 (KHTML, like Gecko) Chrome/137.0.7151.103 Mobile Safari/537.36 (compatible; GoogleOther)"
66.249.74.1 - - [12/Jul/2025:14:45:13 -0400] "GET /q-~19r0SA1p6CsgxvGCwGSEB0Ygat4wjAkr6638/ HTTP/1.1" 404 1251 "-" "Mozilla/5.0 (Linux; Android 6.0.1; Nexus 5X Build/MMB29P) AppleWebKit/537.36 (KHTML, like Gecko) Chrome/137.0.7151.103 Mobile Safari/537.36 (compatible; GoogleOther)"
66.249.74.15 - - [12/Jul/2025:14:45:25 -0400] "GET /q-~101xU53F7ub3meAYvBmgVqS2JxBWr1kCr7538/ HTTP/1.1" 404 1251 "-" "Mozilla/5.0 (Linux; Android 6.0.1; Nexus 5X Build/MMB29P) AppleWebKit/537.36 (KHTML, like Gecko) Chrome/137.0.7151.103 Mobile Safari/537.36 (compatible; GoogleOther)"
66.249.74.15 - - [12/Jul/2025:14:45:37 -0400] "GET /items/ofzas36/29910?key=photographer HTTP/1.1" 404 1251 "-" "Mozilla/5.0 (Linux; Android 6.0.1; Nexus 5X Build/MMB29P) AppleWebKit/537.36 (KHTML, like Gecko) Chrome/137.0.7151.103 Mobile Safari/537.36 (compatible; GoogleOther)"
66.249.74.15 - - [12/Jul/2025:14:45:49 -0400] "GET /q-~158LQf7DXWnhuSZxjNoZy3vsBZ59uo7xp34131/ HTTP/1.1" 404 1251 "-" "Mozilla/5.0 (Linux; Android 6.0.1; Nexus 5X Build/MMB29P) AppleWebKit/537.36 (KHTML, like Gecko) Chrome/137.0.7151.103 Mobile Safari/537.36 (compatible; GoogleOther)"
66.249.74.2 - - [12/Jul/2025:14:46:01 -0400] "GET /q-~25AuTaU3tYY9DjEgfKZoGRrJjB2bv9bU27380/ HTTP/1.1" 404 1251 "-" "Mozilla/5.0 (Linux; Android 6.0.1; Nexus 5X Build/MMB29P) AppleWebKit/537.36 (KHTML, like Gecko) Chrome/137.0.7151.103 Mobile Safari/537.36 (compatible; GoogleOther)"
66.249.74.15 - - [12/Jul/2025:14:46:13 -0400] "GET /items/uuiqt30/46416?key=internal HTTP/1.1" 404 1251 "-" "Mozilla/5.0 (Linux; Android 6.0.1; Nexus 5X Build/MMB29P) AppleWebKit/537.36 (KHTML, like Gecko) Chrome/137.0.7151.103 Mobile Safari/537.36 (compatible; GoogleOther)"
66.249.74.15 - - [12/Jul/2025:14:46:25 -0400] "GET /q-~108LpPJcq27IM3Gg6Tlmn8xfEnqHCwhXV34695/ HTTP/1.1" 404 1251 "-" "Mozilla/5.0 (Linux; Android 6.0.1; Nexus 5X Build/MMB29P) AppleWebKit/537.36 (KHTML, like Gecko) Chrome/137.0.7151.103 Mobile Safari/537.36 (compatible; GoogleOther)"
66.249.74.15 - - [12/Jul/2025:14:46:37 -0400] "GET /q-~29nwDSjjSh2c3bOPSKQJydVH17NX2SdS31988/ HTTP/1.1" 404 1251 "-" "Mozilla/5.0 (Linux; Android 6.0.1; Nexus 5X Build/MMB29P) AppleWebKit/537.36 (KHTML, like Gecko) Chrome/137.0.7151.103 Mobile Safari/537.36 (compatible; GoogleOther)"
66.249.74.15 - - [12/Jul/2025:14:46:49 -0400] "GET /items/yoskg26/48784?key=explore HTTP/1.1" 404 1251 "-" "Mozilla/5.0 (Linux; Android 6.0.1; Nexus 5X Build/MMB29P) AppleWebKit/537.36 (KHTML, like Gecko) Chrome/137.0.7151.103 Mobile Safari/537.36 (compatible; GoogleOther)"
66.249.74.15 - - [12/Jul/2025:14:46:51 -0400] "GET /items/smzyf191/37901?key=shrug HTTP/1.1" 404 1251 "-" "Mozilla/5.0 (Linux; Android 6.0.1; Nexus 5X Build/MMB29P) AppleWebKit/537.36 (KHTML, like Gecko) Chrome/137.0.7151.103 Mobile Safari/537.36 (compatible; Googlebot/2.1; +http://www.google.com/bot.html)"
66.249.74.1 - - [12/Jul/2025:14:47:01 -0400] "GET /q-~204TF4S7nA8bLBFIffaX9IUVHMyWR8T7f32639/ HTTP/1.1" 404 1251 "-" "Mozilla/5.0 (Linux; Android 6.0.1; Nexus 5X Build/MMB29P) AppleWebKit/537.36 (KHTML, like Gecko) Chrome/137.0.7151.103 Mobile Safari/537.36 (compatible; GoogleOther)"
66.249.74.1 - - [12/Jul/2025:14:47:09 -0400] "GET /q-~263mtpy5C7jThF9BYWSCD32OlTOdniSDj15074/ HTTP/1.1" 404 1251 "-" "Mozilla/5.0 (Linux; Android 6.0.1; Nexus 5X Build/MMB29P) AppleWebKit/537.36 (KHTML, like Gecko) Chrome/137.0.7151.103 Mobile Safari/537.36 (compatible; Googlebot/2.1; +http://www.google.com/bot.html)"
66.249.74.15 - - [12/Jul/2025:14:47:13 -0400] "GET /q-~20KsSlpCzEdk88KwsTvnBxVjuaYmihwq29799/ HTTP/1.1" 404 1251 "-" "Mozilla/5.0 (Linux; Android 6.0.1; Nexus 5X Build/MMB29P) AppleWebKit/537.36 (KHTML, like Gecko) Chrome/137.0.7151.103 Mobile Safari/537.36 (compatible; GoogleOther)"
66.249.74.15 - - [12/Jul/2025:14:47:18 -0400] "GET /q-~182fRT7ABdYo6OMrOSy9zhPTDIy7FcmYT16467/ HTTP/1.1" 404 1251 "-" "Mozilla/5.0 (Linux; Android 6.0.1; Nexus 5X Build/MMB29P) AppleWebKit/537.36 (KHTML, like Gecko) Chrome/137.0.7151.103 Mobile Safari/537.36 (compatible; GoogleOther)"
66.249.74.15 - - [12/Jul/2025:14:47:25 -0400] "GET /pcmypage?callback=/product%2Fdetail%2m25318200282 HTTP/1.1" 404 1251 "-" "Mozilla/5.0 (Linux; Android 6.0.1; Nexus 5X Build/MMB29P) AppleWebKit/537.36 (KHTML, like Gecko) Chrome/137.0.7151.103 Mobile Safari/537.36 (compatible; GoogleOther)"
66.249.74.15 - - [12/Jul/2025:14:47:37 -0400] "GET /items/veurg206/33446?key=circumstance HTTP/1.1" 404 1251 "-" "Mozilla/5.0 (Linux; Android 6.0.1; Nexus 5X Build/MMB29P) AppleWebKit/537.36 (KHTML, like Gecko) Chrome/137.0.7151.103 Mobile Safari/537.36 (compatible; GoogleOther)"
66.249.74.15 - - [12/Jul/2025:14:47:49 -0400] "GET /q-~250C1Pc0LxQm664EwjxDXLySj6tJCIsNz44347/ HTTP/1.1" 404 1251 "-" "Mozilla/5.0 (Linux; Android 6.0.1; Nexus 5X Build/MMB29P) AppleWebKit/537.36 (KHTML, like Gecko) Chrome/137.0.7151.103 Mobile Safari/537.36 (compatible; GoogleOther)"
66.249.74.15 - - [12/Jul/2025:14:47:59 -0400] "GET /q-~283xgXfDoAPCK5smAvwAIsYGiED7tCJWb14750/ HTTP/1.1" 404 1251 "-" "Mozilla/5.0 (Linux; Android 6.0.1; Nexus 5X Build/MMB29P) AppleWebKit/537.36 (KHTML, like Gecko) Chrome/137.0.7151.103 Mobile Safari/537.36 (compatible; GoogleOther)"
66.249.74.15 - - [12/Jul/2025:14:48:01 -0400] "GET /q-~279tkaX17mVtTTm5qylrZjfSo8Yc96W0Z12634/ HTTP/1.1" 404 1251 "-" "Mozilla/5.0 (Linux; Android 6.0.1; Nexus 5X Build/MMB29P) AppleWebKit/537.36 (KHTML, like Gecko) Chrome/137.0.7151.103 Mobile Safari/537.36 (compatible; GoogleOther)"
66.249.74.15 - - [12/Jul/2025:14:48:09 -0400] "GET /q-~176uZtE7x4ONwTNJ8ghFzZbBBaFB19Fxe4359/ HTTP/1.1" 404 1251 "-" "Mozilla/5.0 (compatible; Googlebot/2.1; +http://www.google.com/bot.html)"
66.249.74.15 - - [12/Jul/2025:14:48:13 -0400] "GET /q-~44XXf4JCeYQDixyjOfrRW56uco2yTeAd44229/ HTTP/1.1" 404 1251 "-" "Mozilla/5.0 (Linux; Android 6.0.1; Nexus 5X Build/MMB29P) AppleWebKit/537.36 (KHTML, like Gecko) Chrome/137.0.7151.103 Mobile Safari/537.36 (compatible; GoogleOther)"
66.249.74.15 - - [12/Jul/2025:14:48:25 -0400] "GET /q-~71ILGiBovGskh3pdccjFDm6q0aefxVuk17000/ HTTP/1.1" 404 1251 "-" "Mozilla/5.0 (Linux; Android 6.0.1; Nexus 5X Build/MMB29P) AppleWebKit/537.36 (KHTML, like Gecko) Chrome/137.0.7151.103 Mobile Safari/537.36 (compatible; GoogleOther)"
66.249.74.15 - - [12/Jul/2025:14:48:37 -0400] "GET /items/amuph152/47852?key=dad HTTP/1.1" 404 1251 "-" "Mozilla/5.0 (Linux; Android 6.0.1; Nexus 5X Build/MMB29P) AppleWebKit/537.36 (KHTML, like Gecko) Chrome/137.0.7151.103 Mobile Safari/537.36 (compatible; GoogleOther)"
66.249.74.15 - - [12/Jul/2025:14:48:49 -0400] "GET /q-~1IPgw5nsRaSLwSoVGN0yEdrluow2BUw7392/ HTTP/1.1" 404 1251 "-" "Mozilla/5.0 (Linux; Android 6.0.1; Nexus 5X Build/MMB29P) AppleWebKit/537.36 (KHTML, like Gecko) Chrome/137.0.7151.103 Mobile Safari/537.36 (compatible; GoogleOther)"
162.254.150.228 - - [12/Jul/2025:14:48:55 -0400] "GET /wp-login.php HTTP/1.1" 200 0 "http://nas-yemen.org/wp-login.php" "Mozilla/5.0 (Windows NT 10.0; Win64; x64; rv:137.0) Gecko/20100101 Firefox/137.0"
66.249.74.15 - - [12/Jul/2025:14:49:02 -0400] "GET /items/gteqq98/40034?key=steam HTTP/1.1" 404 1251 "-" "Mozilla/5.0 (Linux; Android 6.0.1; Nexus 5X Build/MMB29P) AppleWebKit/537.36 (KHTML, like Gecko) Chrome/137.0.7151.103 Mobile Safari/537.36 (compatible; GoogleOther)"
66.29.146.47 - - [12/Jul/2025:14:49:06 -0400] "POST /wp-cron.php?doing_wp_cron=1752346145.6672708988189697265625 HTTP/1.1" 403 1242 "-" "WordPress/6.8; https://nas-yemen.org"
66.29.146.47 - - [12/Jul/2025:14:49:06 -0400] "POST /wp-cron.php?doing_wp_cron=1752346145.6595430374145507812500 HTTP/1.1" 403 1242 "-" "WordPress/6.8; https://nas-yemen.org"
162.254.150.228 - - [12/Jul/2025:14:49:02 -0400] "GET /wp-login.php HTTP/1.1" 200 1945 "http://www.nas-yemen.org/wp-login.php" "Mozilla/5.0 (Windows NT 10.0; Win64; x64; rv:137.0) Gecko/20100101 Firefox/137.0"
162.254.150.228 - - [12/Jul/2025:14:49:06 -0400] "GET /wp-json/wp/v2/users HTTP/1.1" 404 1251 "http://www.nas-yemen.org/wp-login.php" "Mozilla/5.0 (Windows NT 10.0; Win64; x64; rv:137.0) Gecko/20100101 Firefox/137.0"
162.254.150.228 - - [12/Jul/2025:14:49:07 -0400] "POST /wp-login.php HTTP/1.1" 200 2094 "https://www.nas-yemen.org/wp-login.php?redirect_to=https%3A%2F%2Fwww.nas-yemen.org%2Fwp-admin%2F" "Mozilla/5.0 (Windows NT 10.0; Win64; x64; rv:137.0) Gecko/20100101 Firefox/137.0"
66.249.74.1 - - [12/Jul/2025:14:49:14 -0400] "GET /q-~267W945DRXZXPaOt0Q2Qgwz1DHHYrHYNA3182/ HTTP/1.1" 404 1251 "-" "Mozilla/5.0 (Linux; Android 6.0.1; Nexus 5X Build/MMB29P) AppleWebKit/537.36 (KHTML, like Gecko) Chrome/137.0.7151.103 Mobile Safari/537.36 (compatible; GoogleOther)"
66.249.74.15 - - [12/Jul/2025:14:49:26 -0400] "GET /q-~69vf9EvLe2KSz72Q05iLeax6yukKhneu6390/ HTTP/1.1" 404 1251 "-" "Mozilla/5.0 (Linux; Android 6.0.1; Nexus 5X Build/MMB29P) AppleWebKit/537.36 (KHTML, like Gecko) Chrome/137.0.7151.103 Mobile Safari/537.36 (compatible; GoogleOther)"
66.249.74.15 - - [12/Jul/2025:14:49:38 -0400] "GET /items/zszfh69/44255?key=he HTTP/1.1" 404 1251 "-" "Mozilla/5.0 (Linux; Android 6.0.1; Nexus 5X Build/MMB29P) AppleWebKit/537.36 (KHTML, like Gecko) Chrome/137.0.7151.103 Mobile Safari/537.36 (compatible; GoogleOther)"
66.249.74.15 - - [12/Jul/2025:14:49:50 -0400] "GET /q-~72qT64cDO2vong0fxTKdz0HNG9Jc9tOg19649/ HTTP/1.1" 404 1251 "-" "Mozilla/5.0 (Linux; Android 6.0.1; Nexus 5X Build/MMB29P) AppleWebKit/537.36 (KHTML, like Gecko) Chrome/137.0.7151.103 Mobile Safari/537.36 (compatible; GoogleOther)"
66.249.74.15 - - [12/Jul/2025:14:49:50 -0400] "GET /items/suykw141/26161?key=self HTTP/1.1" 404 1251 "-" "Mozilla/5.0 (Linux; Android 6.0.1; Nexus 5X Build/MMB29P) AppleWebKit/537.36 (KHTML, like Gecko) Chrome/137.0.7151.119 Mobile Safari/537.36 (compatible; Googlebot/2.1; +http://www.google.com/bot.html)"
216.73.216.145 - - [12/Jul/2025:14:50:02 -0400] "GET /robots.txt HTTP/1.1" 304 0 "-" "Mozilla/5.0 AppleWebKit/537.36 (KHTML, like Gecko; compatible; ClaudeBot/1.0; +claudebot@anthropic.com)"
66.249.74.1 - - [12/Jul/2025:14:50:02 -0400] "GET /q-~229m3lXNXufCDkRUap97k1q3YnBboWHpk30956/ HTTP/1.1" 404 1251 "-" "Mozilla/5.0 (Linux; Android 6.0.1; Nexus 5X Build/MMB29P) AppleWebKit/537.36 (KHTML, like Gecko) Chrome/137.0.7151.103 Mobile Safari/537.36 (compatible; GoogleOther)"
216.73.216.145 - - [12/Jul/2025:14:50:02 -0400] "GET /pages.php HTTP/1.1" 404 1251 "-" "Mozilla/5.0 AppleWebKit/537.36 (KHTML, like Gecko; compatible; ClaudeBot/1.0; +claudebot@anthropic.com)"
66.249.74.1 - - [12/Jul/2025:14:50:10 -0400] "GET /q-~203vajlRHk5me3Ai78wDDrH9hjU5w53kS44084/ HTTP/1.1" 404 1251 "-" "Mozilla/5.0 (Linux; Android 6.0.1; Nexus 5X Build/MMB29P) AppleWebKit/537.36 (KHTML, like Gecko) Chrome/137.0.7151.103 Mobile Safari/537.36 (compatible; GoogleOther)"
66.249.74.15 - - [12/Jul/2025:14:50:12 -0400] "GET /q-~88ccAGeNQGdoc16HV3ntk2KwRLbRgONH47063/ HTTP/1.1" 404 1251 "-" "Mozilla/5.0 (Linux; Android 6.0.1; Nexus 5X Build/MMB29P) AppleWebKit/537.36 (KHTML, like Gecko) Chrome/137.0.7151.103 Mobile Safari/537.36 (compatible; GoogleOther)"
66.249.74.15 - - [12/Jul/2025:14:50:15 -0400] "GET /items/sfopg5/47015?key=watch HTTP/1.1" 404 1251 "-" "Mozilla/5.0 (Linux; Android 6.0.1; Nexus 5X Build/MMB29P) AppleWebKit/537.36 (KHTML, like Gecko) Chrome/137.0.7151.103 Mobile Safari/537.36 (compatible; GoogleOther)"
66.249.74.15 - - [12/Jul/2025:14:50:26 -0400] "GET /items/jqgte112/33628?key=happily HTTP/1.1" 404 1251 "-" "Mozilla/5.0 (Linux; Android 6.0.1; Nexus 5X Build/MMB29P) AppleWebKit/537.36 (KHTML, like Gecko) Chrome/137.0.7151.103 Mobile Safari/537.36 (compatible; GoogleOther)"
66.249.74.15 - - [12/Jul/2025:14:50:38 -0400] "GET /items/knwop72/38648?key=publish HTTP/1.1" 404 1251 "-" "Mozilla/5.0 (Linux; Android 6.0.1; Nexus 5X Build/MMB29P) AppleWebKit/537.36 (KHTML, like Gecko) Chrome/137.0.7151.103 Mobile Safari/537.36 (compatible; GoogleOther)"
66.249.74.15 - - [12/Jul/2025:14:50:50 -0400] "GET /items/cjwmp14/23210?key=able HTTP/1.1" 404 1251 "-" "Mozilla/5.0 (Linux; Android 6.0.1; Nexus 5X Build/MMB29P) AppleWebKit/537.36 (KHTML, like Gecko) Chrome/137.0.7151.103 Mobile Safari/537.36 (compatible; GoogleOther)"
66.249.74.15 - - [12/Jul/2025:14:51:02 -0400] "GET /q-~133PCmdQnxRqwlJZB6uU3xDJnKeAoJMBq32100/ HTTP/1.1" 404 1251 "-" "Mozilla/5.0 (Linux; Android 6.0.1; Nexus 5X Build/MMB29P) AppleWebKit/537.36 (KHTML, like Gecko) Chrome/137.0.7151.103 Mobile Safari/537.36 (compatible; GoogleOther)"
66.249.74.15 - - [12/Jul/2025:14:51:15 -0400] "GET /q-~233ZHxQ9qtoMxwnQcpIC91MNmoAhxQxFI32756/ HTTP/1.1" 404 1251 "-" "Mozilla/5.0 (Linux; Android 6.0.1; Nexus 5X Build/MMB29P) AppleWebKit/537.36 (KHTML, like Gecko) Chrome/137.0.7151.103 Mobile Safari/537.36 (compatible; GoogleOther)"
66.249.74.15 - - [12/Jul/2025:14:51:26 -0400] "GET /items/kxjct17/38893?key=resolve HTTP/1.1" 404 1251 "-" "Mozilla/5.0 (Linux; Android 6.0.1; Nexus 5X Build/MMB29P) AppleWebKit/537.36 (KHTML, like Gecko) Chrome/137.0.7151.103 Mobile Safari/537.36 (compatible; GoogleOther)"
66.249.74.15 - - [12/Jul/2025:14:51:38 -0400] "GET /q-~46a5iMxhnTZtNrHnjxfDnbm7OGdtUr2J48095/ HTTP/1.1" 404 1251 "-" "Mozilla/5.0 (Linux; Android 6.0.1; Nexus 5X Build/MMB29P) AppleWebKit/537.36 (KHTML, like Gecko) Chrome/137.0.7151.103 Mobile Safari/537.36 (compatible; GoogleOther)"
66.249.74.15 - - [12/Jul/2025:14:51:40 -0400] "GET /items/tccjs186/1342?key=widespread HTTP/1.1" 404 1251 "-" "Mozilla/5.0 (compatible; Googlebot/2.1; +http://www.google.com/bot.html)"
66.249.74.15 - - [12/Jul/2025:14:51:50 -0400] "GET /q-~70pK5WctkFFSVanzspaSSIkz0KEQwtug26301/ HTTP/1.1" 404 1251 "-" "Mozilla/5.0 (Linux; Android 6.0.1; Nexus 5X Build/MMB29P) AppleWebKit/537.36 (KHTML, like Gecko) Chrome/137.0.7151.103 Mobile Safari/537.36 (compatible; GoogleOther)"
47.82.60.84 - - [12/Jul/2025:14:52:01 -0400] "GET /wp-includes/css/dist/patterns/style.min.css HTTP/1.1" 200 602 "https://www.nas-yemen.org/wp-includes/css/dist/patterns/style.min.css" "Mozilla/5.0 (Windows NT 10.0; Win64; x64) AppleWebKit/537.36 (KHTML, like Gecko) Chrome/114.0.0.0 Safari/537.36 Edg/114.0.1823.43"
