66.249.74.15 - - [12/Jul/2025:17:57:39 -0400] "GET /pcmypage?callback=/product%2Fdetail%2m99483516457 HTTP/1.1" 404 1251 "-" "Mozilla/5.0 (Linux; Android 6.0.1; Nexus 5X Build/MMB29P) AppleWebKit/537.36 (KHTML, like Gecko) Chrome/137.0.7151.103 Mobile Safari/537.36 (compatible; GoogleOther)"
66.249.74.15 - - [12/Jul/2025:17:57:49 -0400] "GET /items/yqtuf257/27123?key=cop HTTP/1.1" 404 1251 "-" "Mozilla/5.0 (Linux; Android 6.0.1; Nexus 5X Build/MMB29P) AppleWebKit/537.36 (KHTML, like Gecko) Chrome/137.0.7151.103 Mobile Safari/537.36 (compatible; GoogleOther)"
66.249.74.15 - - [12/Jul/2025:17:57:59 -0400] "GET /q-~62zsdUdQor2yzHwGR5j8UMjCAQl92q3N17115/ HTTP/1.1" 404 1251 "-" "Mozilla/5.0 (Linux; Android 6.0.1; Nexus 5X Build/MMB29P) AppleWebKit/537.36 (KHTML, like Gecko) Chrome/137.0.7151.103 Mobile Safari/537.36 (compatible; GoogleOther)"
66.249.74.2 - - [12/Jul/2025:17:58:09 -0400] "GET /items/zolca279/13763?key=bit HTTP/1.1" 404 1251 "-" "Mozilla/5.0 (Linux; Android 6.0.1; Nexus 5X Build/MMB29P) AppleWebKit/537.36 (KHTML, like Gecko) Chrome/137.0.7151.103 Mobile Safari/537.36 (compatible; GoogleOther)"
66.249.74.15 - - [12/Jul/2025:17:58:18 -0400] "GET /q-~295t4x7uXB45cKS6kOGWhVwTovQFoQP1X27734/ HTTP/1.1" 404 1251 "-" "Mozilla/5.0 (Linux; Android 6.0.1; Nexus 5X Build/MMB29P) AppleWebKit/537.36 (KHTML, like Gecko) Chrome/137.0.7151.103 Mobile Safari/537.36 (compatible; GoogleOther)"
66.249.74.15 - - [12/Jul/2025:17:58:28 -0400] "GET /q-~44vxpdhOzyc7ncg0Y37rYjdR5KW4vFmq37887/ HTTP/1.1" 404 1251 "-" "Mozilla/5.0 (Linux; Android 6.0.1; Nexus 5X Build/MMB29P) AppleWebKit/537.36 (KHTML, like Gecko) Chrome/137.0.7151.103 Mobile Safari/537.36 (compatible; GoogleOther)"
66.249.74.15 - - [12/Jul/2025:17:58:38 -0400] "GET /q-~253riKBzgTpsM3EtMfUM8nfWrl5gOOC9X242/ HTTP/1.1" 404 1251 "-" "Mozilla/5.0 (Linux; Android 6.0.1; Nexus 5X Build/MMB29P) AppleWebKit/537.36 (KHTML, like Gecko) Chrome/137.0.7151.103 Mobile Safari/537.36 (compatible; GoogleOther)"
66.249.74.15 - - [12/Jul/2025:17:58:48 -0400] "GET /items/zaadv293/49325?key=elder HTTP/1.1" 404 1251 "-" "Mozilla/5.0 (Linux; Android 6.0.1; Nexus 5X Build/MMB29P) AppleWebKit/537.36 (KHTML, like Gecko) Chrome/137.0.7151.103 Mobile Safari/537.36 (compatible; GoogleOther)"
66.249.74.15 - - [12/Jul/2025:17:58:57 -0400] "GET /q-~149INiEaSMTX3RMADDcXTmEVZrkzJLrSe16886/ HTTP/1.1" 404 1251 "-" "Mozilla/5.0 (Linux; Android 6.0.1; Nexus 5X Build/MMB29P) AppleWebKit/537.36 (KHTML, like Gecko) Chrome/137.0.7151.103 Mobile Safari/537.36 (compatible; GoogleOther)"
66.249.74.15 - - [12/Jul/2025:17:59:07 -0400] "GET /items/sqplr214/386?key=distinction HTTP/1.1" 404 1251 "-" "Mozilla/5.0 (Linux; Android 6.0.1; Nexus 5X Build/MMB29P) AppleWebKit/537.36 (KHTML, like Gecko) Chrome/137.0.7151.103 Mobile Safari/537.36 (compatible; GoogleOther)"
66.249.74.15 - - [12/Jul/2025:17:59:17 -0400] "GET /items/yhscr202/12770?key=state HTTP/1.1" 404 1251 "-" "Mozilla/5.0 (Linux; Android 6.0.1; Nexus 5X Build/MMB29P) AppleWebKit/537.36 (KHTML, like Gecko) Chrome/137.0.7151.103 Mobile Safari/537.36 (compatible; GoogleOther)"
66.249.74.15 - - [12/Jul/2025:17:59:27 -0400] "GET /items/htzxp236/41472?key=vital HTTP/1.1" 404 1251 "-" "Mozilla/5.0 (Linux; Android 6.0.1; Nexus 5X Build/MMB29P) AppleWebKit/537.36 (KHTML, like Gecko) Chrome/137.0.7151.103 Mobile Safari/537.36 (compatible; GoogleOther)"
66.249.74.15 - - [12/Jul/2025:17:59:36 -0400] "GET /q-~274QXyfS7ZAEf5UGbnVyW0dBEFVKrVmna45631/ HTTP/1.1" 404 1251 "-" "Mozilla/5.0 (Linux; Android 6.0.1; Nexus 5X Build/MMB29P) AppleWebKit/537.36 (KHTML, like Gecko) Chrome/137.0.7151.103 Mobile Safari/537.36 (compatible; GoogleOther)"
66.249.74.15 - - [12/Jul/2025:17:59:46 -0400] "GET /q-~242PQHeuk3kLU3sLFJeXzM5iFMeQYzoOt27041/ HTTP/1.1" 404 1251 "-" "Mozilla/5.0 (Linux; Android 6.0.1; Nexus 5X Build/MMB29P) AppleWebKit/537.36 (KHTML, like Gecko) Chrome/137.0.7151.103 Mobile Safari/537.36 (compatible; GoogleOther)"
66.249.74.15 - - [12/Jul/2025:17:59:56 -0400] "GET /q-~131xkMco15MXj0ovJoZXWQ5XWR91I1E1h1034/ HTTP/1.1" 404 1251 "-" "Mozilla/5.0 (Linux; Android 6.0.1; Nexus 5X Build/MMB29P) AppleWebKit/537.36 (KHTML, like Gecko) Chrome/137.0.7151.103 Mobile Safari/537.36 (compatible; GoogleOther)"
66.249.74.2 - - [12/Jul/2025:18:00:06 -0400] "GET /items/dplmc66/14474?key=lip HTTP/1.1" 404 1251 "-" "Mozilla/5.0 (Linux; Android 6.0.1; Nexus 5X Build/MMB29P) AppleWebKit/537.36 (KHTML, like Gecko) Chrome/137.0.7151.103 Mobile Safari/537.36 (compatible; GoogleOther)"
66.249.74.9 - - [12/Jul/2025:18:00:15 -0400] "GET /items/wczlm86/3830?key=recent HTTP/1.1" 404 1251 "-" "Mozilla/5.0 (Linux; Android 6.0.1; Nexus 5X Build/MMB29P) AppleWebKit/537.36 (KHTML, like Gecko) Chrome/137.0.7151.103 Mobile Safari/537.36 (compatible; GoogleOther)"
66.249.74.8 - - [12/Jul/2025:18:00:25 -0400] "GET /q-~161kDm64wPrvg76bQf5Wz1kQMzcQJdYuO47160/ HTTP/1.1" 404 1251 "-" "Mozilla/5.0 (Linux; Android 6.0.1; Nexus 5X Build/MMB29P) AppleWebKit/537.36 (KHTML, like Gecko) Chrome/137.0.7151.103 Mobile Safari/537.36 (compatible; GoogleOther)"
66.249.74.8 - - [12/Jul/2025:18:00:35 -0400] "GET /items/odnmh85/4551?key=catch HTTP/1.1" 404 1251 "-" "Mozilla/5.0 (Linux; Android 6.0.1; Nexus 5X Build/MMB29P) AppleWebKit/537.36 (KHTML, like Gecko) Chrome/137.0.7151.103 Mobile Safari/537.36 (compatible; GoogleOther)"
66.249.74.8 - - [12/Jul/2025:18:00:44 -0400] "GET /q-~131cBxs1KtfRI8ldPYGRSmoArjRkiafmU560/ HTTP/1.1" 404 1251 "-" "Mozilla/5.0 (Linux; Android 6.0.1; Nexus 5X Build/MMB29P) AppleWebKit/537.36 (KHTML, like Gecko) Chrome/137.0.7151.103 Mobile Safari/537.36 (compatible; GoogleOther)"
66.249.74.8 - - [12/Jul/2025:18:00:54 -0400] "GET /items/kldac71/31873?key=specialist HTTP/1.1" 404 1251 "-" "Mozilla/5.0 (Linux; Android 6.0.1; Nexus 5X Build/MMB29P) AppleWebKit/537.36 (KHTML, like Gecko) Chrome/137.0.7151.103 Mobile Safari/537.36 (compatible; GoogleOther)"
66.249.74.10 - - [12/Jul/2025:18:01:04 -0400] "GET /q-~250uwIjnDXpZkvFNaEhSRpk8UzHgZB0kM47153/ HTTP/1.1" 404 1251 "-" "Mozilla/5.0 (Linux; Android 6.0.1; Nexus 5X Build/MMB29P) AppleWebKit/537.36 (KHTML, like Gecko) Chrome/137.0.7151.103 Mobile Safari/537.36 (compatible; GoogleOther)"
66.249.74.8 - - [12/Jul/2025:18:01:14 -0400] "GET /q-~180FgSo42p5VWcgew05AhkONx2BBZ2kUH16943/ HTTP/1.1" 404 1251 "-" "Mozilla/5.0 (Linux; Android 6.0.1; Nexus 5X Build/MMB29P) AppleWebKit/537.36 (KHTML, like Gecko) Chrome/137.0.7151.103 Mobile Safari/537.36 (compatible; GoogleOther)"
66.249.74.8 - - [12/Jul/2025:18:01:23 -0400] "GET /q-~27QyKe5SfJJzgx2fGyoDNJ3oJBpB9PbW43230/ HTTP/1.1" 404 1251 "-" "Mozilla/5.0 (Linux; Android 6.0.1; Nexus 5X Build/MMB29P) AppleWebKit/537.36 (KHTML, like Gecko) Chrome/137.0.7151.103 Mobile Safari/537.36 (compatible; GoogleOther)"
66.249.74.8 - - [12/Jul/2025:18:01:34 -0400] "GET /items/exluy196/24028?key=fatal HTTP/1.1" 404 1251 "-" "Mozilla/5.0 (Linux; Android 6.0.1; Nexus 5X Build/MMB29P) AppleWebKit/537.36 (KHTML, like Gecko) Chrome/137.0.7151.103 Mobile Safari/537.36 (compatible; GoogleOther)"
66.249.74.8 - - [12/Jul/2025:18:01:43 -0400] "GET /q-~54OrH8o0X3r5JV3XzQONUaADAEHCJixf43575/ HTTP/1.1" 404 1251 "-" "Mozilla/5.0 (Linux; Android 6.0.1; Nexus 5X Build/MMB29P) AppleWebKit/537.36 (KHTML, like Gecko) Chrome/137.0.7151.103 Mobile Safari/537.36 (compatible; GoogleOther)"
66.249.74.8 - - [12/Jul/2025:18:01:53 -0400] "GET /q-~33NDRJoGxomqGd0vFJ6EGWtRCul2ZEQk16556/ HTTP/1.1" 404 1251 "-" "Mozilla/5.0 (Linux; Android 6.0.1; Nexus 5X Build/MMB29P) AppleWebKit/537.36 (KHTML, like Gecko) Chrome/137.0.7151.103 Mobile Safari/537.36 (compatible; GoogleOther)"
66.249.74.9 - - [12/Jul/2025:18:02:02 -0400] "GET /items/mdtaj270/6076?key=asleep HTTP/1.1" 404 1251 "-" "Mozilla/5.0 (Linux; Android 6.0.1; Nexus 5X Build/MMB29P) AppleWebKit/537.36 (KHTML, like Gecko) Chrome/137.0.7151.103 Mobile Safari/537.36 (compatible; GoogleOther)"
47.82.60.63 - - [12/Jul/2025:18:02:03 -0400] "GET /items/fpnss135/44259?key=class HTTP/1.1" 404 1251 "https://nas-yemen.org/items/fpnss135/44259?key=class" "Mozilla/5.0 (Windows NT 10.0; Win64; x64) AppleWebKit/537.36 (KHTML, like Gecko) Chrome/114.0.0.0 Safari/537.36 Edg/114.0.1823.43"
66.249.74.8 - - [12/Jul/2025:18:02:06 -0400] "GET /items/hfhey132/32522?key=scenario HTTP/1.1" 404 1251 "-" "Mozilla/5.0 (Linux; Android 6.0.1; Nexus 5X Build/MMB29P) AppleWebKit/537.36 (KHTML, like Gecko) Chrome/137.0.7151.103 Mobile Safari/537.36 (compatible; GoogleOther)"
66.249.74.8 - - [12/Jul/2025:18:02:12 -0400] "GET /q-~58Cf91a4AHZThfsxWbYG1nLIvcAlwBWU46779/ HTTP/1.1" 404 1251 "-" "Mozilla/5.0 (Linux; Android 6.0.1; Nexus 5X Build/MMB29P) AppleWebKit/537.36 (KHTML, like Gecko) Chrome/137.0.7151.103 Mobile Safari/537.36 (compatible; GoogleOther)"
66.249.74.8 - - [12/Jul/2025:18:02:22 -0400] "GET /items/kthqs57/35255?key=pork HTTP/1.1" 404 1251 "-" "Mozilla/5.0 (Linux; Android 6.0.1; Nexus 5X Build/MMB29P) AppleWebKit/537.36 (KHTML, like Gecko) Chrome/137.0.7151.103 Mobile Safari/537.36 (compatible; GoogleOther)"
47.82.60.64 - - [12/Jul/2025:18:02:28 -0400] "GET /wp-includes/js/tinymce/utils/validate.js HTTP/1.1" 200 1771 "https://nas-yemen.org/wp-includes/js/tinymce/utils/validate.js" "Mozilla/5.0 (Windows NT 10.0; Win64; x64) AppleWebKit/537.36 (KHTML, like Gecko) Chrome/114.0.0.0 Safari/537.36 Edg/114.0.1823.43"
66.249.74.8 - - [12/Jul/2025:18:02:32 -0400] "GET /q-~32iJtJ4y5Fstyd3hrOushZrqOPLIU1gd20939/ HTTP/1.1" 404 1251 "-" "Mozilla/5.0 (Linux; Android 6.0.1; Nexus 5X Build/MMB29P) AppleWebKit/537.36 (KHTML, like Gecko) Chrome/137.0.7151.103 Mobile Safari/537.36 (compatible; GoogleOther)"
66.249.74.8 - - [12/Jul/2025:18:02:32 -0400] "GET /q-~226Svq45RffoSOd8Du8WSlAQoHFLmRSop10483/ HTTP/1.1" 404 1251 "-" "Mozilla/5.0 (Linux; Android 6.0.1; Nexus 5X Build/MMB29P) AppleWebKit/537.36 (KHTML, like Gecko) Chrome/137.0.7151.103 Mobile Safari/537.36 (compatible; Googlebot/2.1; +http://www.google.com/bot.html)"
66.249.74.8 - - [12/Jul/2025:18:02:41 -0400] "GET /q-~179of7aXz9g9laMJ7L6VsmjULqzEspl2h18052/ HTTP/1.1" 404 1251 "-" "Mozilla/5.0 (Linux; Android 6.0.1; Nexus 5X Build/MMB29P) AppleWebKit/537.36 (KHTML, like Gecko) Chrome/137.0.7151.103 Mobile Safari/537.36 (compatible; GoogleOther)"
66.249.74.8 - - [12/Jul/2025:18:02:51 -0400] "GET /q-~274vixoAzb4VSGvtbETqwV9mDP84cYxee13243/ HTTP/1.1" 404 1251 "-" "Mozilla/5.0 (Linux; Android 6.0.1; Nexus 5X Build/MMB29P) AppleWebKit/537.36 (KHTML, like Gecko) Chrome/137.0.7151.103 Mobile Safari/537.36 (compatible; GoogleOther)"
66.249.74.10 - - [12/Jul/2025:18:03:01 -0400] "GET /q-~83lx6qzkYGJbNF8srFQLdjdVFnmrlgoM18136/ HTTP/1.1" 404 1251 "-" "Mozilla/5.0 (Linux; Android 6.0.1; Nexus 5X Build/MMB29P) AppleWebKit/537.36 (KHTML, like Gecko) Chrome/137.0.7151.103 Mobile Safari/537.36 (compatible; GoogleOther)"
66.249.74.9 - - [12/Jul/2025:18:03:10 -0400] "GET /q-~20pekNYFUyKhKJJ1K6EKr7KgyPVTHh9f7517/ HTTP/1.1" 404 1251 "-" "Mozilla/5.0 (Linux; Android 6.0.1; Nexus 5X Build/MMB29P) AppleWebKit/537.36 (KHTML, like Gecko) Chrome/137.0.7151.103 Mobile Safari/537.36 (compatible; GoogleOther)"
66.249.74.9 - - [12/Jul/2025:18:03:12 -0400] "GET /items/dzvep148/27678?key=pin HTTP/1.1" 404 1251 "-" "Mozilla/5.0 (Linux; Android 6.0.1; Nexus 5X Build/MMB29P) AppleWebKit/537.36 (KHTML, like Gecko) Chrome/137.0.7151.103 Mobile Safari/537.36 (compatible; GoogleOther)"
66.249.74.8 - - [12/Jul/2025:18:03:15 -0400] "GET /items/gwaac26/20670?key=explode HTTP/1.1" 404 1251 "-" "Mozilla/5.0 (Linux; Android 6.0.1; Nexus 5X Build/MMB29P) AppleWebKit/537.36 (KHTML, like Gecko) Chrome/137.0.7151.103 Mobile Safari/537.36 (compatible; GoogleOther)"
66.249.74.8 - - [12/Jul/2025:18:03:20 -0400] "GET /items/hnzsz57/42769?key=lock HTTP/1.1" 404 1251 "-" "Mozilla/5.0 (Linux; Android 6.0.1; Nexus 5X Build/MMB29P) AppleWebKit/537.36 (KHTML, like Gecko) Chrome/137.0.7151.103 Mobile Safari/537.36 (compatible; GoogleOther)"
66.249.74.8 - - [12/Jul/2025:18:03:30 -0400] "GET /items/inlcq124/37418?key=float HTTP/1.1" 404 1251 "-" "Mozilla/5.0 (Linux; Android 6.0.1; Nexus 5X Build/MMB29P) AppleWebKit/537.36 (KHTML, like Gecko) Chrome/137.0.7151.103 Mobile Safari/537.36 (compatible; GoogleOther)"
66.249.74.8 - - [12/Jul/2025:18:03:40 -0400] "GET /q-~123Vapqgm3K4GNVKBJv1SSOOWN36lndxM26478/ HTTP/1.1" 404 1251 "-" "Mozilla/5.0 (Linux; Android 6.0.1; Nexus 5X Build/MMB29P) AppleWebKit/537.36 (KHTML, like Gecko) Chrome/137.0.7151.103 Mobile Safari/537.36 (compatible; GoogleOther)"
66.249.74.8 - - [12/Jul/2025:18:03:49 -0400] "GET /q-~15pWOXtRgNLP7wmsdJdGnECyb8vfbypY45958/ HTTP/1.1" 404 1251 "-" "Mozilla/5.0 (Linux; Android 6.0.1; Nexus 5X Build/MMB29P) AppleWebKit/537.36 (KHTML, like Gecko) Chrome/137.0.7151.103 Mobile Safari/537.36 (compatible; GoogleOther)"
54.156.248.117 - - [12/Jul/2025:18:03:50 -0400] "GET /wp-includes/block-supports/ HTTP/1.1" 200 1301 "-" "Mozilla/5.0 AppleWebKit/537.36 (KHTML, like Gecko; compatible; Amazonbot/0.1; +https://developer.amazon.com/support/amazonbot) Chrome/119.0.6045.214 Safari/537.36"
66.249.74.8 - - [12/Jul/2025:18:03:51 -0400] "GET /q-~245gDv8g6mhth7TzWH8oPeuJEZK0DiCDO18974/ HTTP/1.1" 404 1251 "-" "Mozilla/5.0 (compatible; Googlebot/2.1; +http://www.google.com/bot.html)"
44.205.192.249 - - [12/Jul/2025:18:03:53 -0400] "GET /wp-includes/shortcodes.php HTTP/1.1" 403 1242 "-" "Mozilla/5.0 AppleWebKit/537.36 (KHTML, like Gecko; compatible; Amazonbot/0.1; +https://developer.amazon.com/support/amazonbot) Chrome/119.0.6045.214 Safari/537.36"
66.249.74.8 - - [12/Jul/2025:18:03:59 -0400] "GET /q-~29zpbb3tQljnbtQZnMaJ4RoajnIpYsIA29708/ HTTP/1.1" 404 1251 "-" "Mozilla/5.0 (Linux; Android 6.0.1; Nexus 5X Build/MMB29P) AppleWebKit/537.36 (KHTML, like Gecko) Chrome/137.0.7151.103 Mobile Safari/537.36 (compatible; GoogleOther)"
44.209.187.99 - - [12/Jul/2025:18:04:00 -0400] "GET /wp-includes/class-wp-url-pattern-prefixer.php HTTP/1.1" 403 1242 "-" "Mozilla/5.0 AppleWebKit/537.36 (KHTML, like Gecko; compatible; Amazonbot/0.1; +https://developer.amazon.com/support/amazonbot) Chrome/119.0.6045.214 Safari/537.36"
66.249.74.9 - - [12/Jul/2025:18:04:04 -0400] "GET /items/ugbwo264/49572?key=bias HTTP/1.1" 404 1251 "-" "Mozilla/5.0 (compatible; Googlebot/2.1; +http://www.google.com/bot.html)"
66.249.74.8 - - [12/Jul/2025:18:04:09 -0400] "GET /items/krwft79/8689?key=wake HTTP/1.1" 404 1251 "-" "Mozilla/5.0 (Linux; Android 6.0.1; Nexus 5X Build/MMB29P) AppleWebKit/537.36 (KHTML, like Gecko) Chrome/137.0.7151.103 Mobile Safari/537.36 (compatible; GoogleOther)"
66.249.74.8 - - [12/Jul/2025:18:04:19 -0400] "GET /items/cmbmb106/23002?key=recording HTTP/1.1" 404 1251 "-" "Mozilla/5.0 (Linux; Android 6.0.1; Nexus 5X Build/MMB29P) AppleWebKit/537.36 (KHTML, like Gecko) Chrome/137.0.7151.103 Mobile Safari/537.36 (compatible; GoogleOther)"
66.249.74.8 - - [12/Jul/2025:18:04:28 -0400] "GET /q-~2OfYy9Zh9ajXhVNF0dwMLyHeOHFMDmx24937/ HTTP/1.1" 404 1251 "-" "Mozilla/5.0 (Linux; Android 6.0.1; Nexus 5X Build/MMB29P) AppleWebKit/537.36 (KHTML, like Gecko) Chrome/137.0.7151.103 Mobile Safari/537.36 (compatible; GoogleOther)"
66.249.74.8 - - [12/Jul/2025:18:04:31 -0400] "GET /q-~59z1NdGYNi5cqKmHNUwvmC15r7icwEnM35372/ HTTP/1.1" 404 1251 "-" "Mozilla/5.0 (Linux; Android 6.0.1; Nexus 5X Build/MMB29P) AppleWebKit/537.36 (KHTML, like Gecko) Chrome/137.0.7151.103 Mobile Safari/537.36 (compatible; GoogleOther)"
66.249.74.8 - - [12/Jul/2025:18:04:38 -0400] "GET /items/lmvaz134/22460?key=working HTTP/1.1" 404 1251 "-" "Mozilla/5.0 (Linux; Android 6.0.1; Nexus 5X Build/MMB29P) AppleWebKit/537.36 (KHTML, like Gecko) Chrome/137.0.7151.103 Mobile Safari/537.36 (compatible; GoogleOther)"
66.249.74.8 - - [12/Jul/2025:18:04:48 -0400] "GET /q-~20NJlXmHSXpVEGoGIBdKAFd3Mj7dZWLw9643/ HTTP/1.1" 404 1251 "-" "Mozilla/5.0 (Linux; Android 6.0.1; Nexus 5X Build/MMB29P) AppleWebKit/537.36 (KHTML, like Gecko) Chrome/137.0.7151.103 Mobile Safari/537.36 (compatible; GoogleOther)"
66.249.74.8 - - [12/Jul/2025:18:04:58 -0400] "GET /q-~129dokpEmQRqopR02pbOtWR4YxPCqdR8k24906/ HTTP/1.1" 404 1251 "-" "Mozilla/5.0 (Linux; Android 6.0.1; Nexus 5X Build/MMB29P) AppleWebKit/537.36 (KHTML, like Gecko) Chrome/137.0.7151.103 Mobile Safari/537.36 (compatible; GoogleOther)"
204.12.252.98 - - [12/Jul/2025:18:04:59 -0400] "GET /wp-content/admin.php HTTP/1.1" 404 1251 "https://nas-yemen.org/wp-content/admin.php" "Mozilla/5.0 (Windows NT 10.0; Win64; x64) AppleWebKit/537.36 (KHTML, like Gecko) Chrome/58.0.3029.110 Safari/537.3"
66.249.74.8 - - [12/Jul/2025:18:05:07 -0400] "GET /pcmypage?callback=/product%2Fdetail%2m15486949611 HTTP/1.1" 404 1251 "-" "Mozilla/5.0 (Linux; Android 6.0.1; Nexus 5X Build/MMB29P) AppleWebKit/537.36 (KHTML, like Gecko) Chrome/137.0.7151.103 Mobile Safari/537.36 (compatible; GoogleOther)"
66.249.74.1 - - [12/Jul/2025:18:05:17 -0400] "GET /q-~277SJLK5JwmjQK7SPHu43Ip4NTjCvMAqV27782/ HTTP/1.1" 404 1251 "-" "Mozilla/5.0 (Linux; Android 6.0.1; Nexus 5X Build/MMB29P) AppleWebKit/537.36 (KHTML, like Gecko) Chrome/137.0.7151.103 Mobile Safari/537.36 (compatible; GoogleOther)"
66.249.74.15 - - [12/Jul/2025:18:05:19 -0400] "GET /q-~57obf7Dsq1vnEZ2bLcuPh8gIFFh0LPie38306/ HTTP/1.1" 404 1251 "-" "Mozilla/5.0 (Linux; Android 6.0.1; Nexus 5X Build/MMB29P) AppleWebKit/537.36 (KHTML, like Gecko) Chrome/137.0.7151.103 Mobile Safari/537.36 (compatible; GoogleOther)"
66.249.74.15 - - [12/Jul/2025:18:05:27 -0400] "GET /q-~269J4QEs5waIV9v9mMRQOVgQiYfI6S2OW26148/ HTTP/1.1" 404 1251 "-" "Mozilla/5.0 (Linux; Android 6.0.1; Nexus 5X Build/MMB29P) AppleWebKit/537.36 (KHTML, like Gecko) Chrome/137.0.7151.103 Mobile Safari/537.36 (compatible; GoogleOther)"
66.249.74.15 - - [12/Jul/2025:18:05:37 -0400] "GET /q-~1gvlnZftdrpGk6kts3oa3DY0KrrnmIK45942/ HTTP/1.1" 404 1251 "-" "Mozilla/5.0 (Linux; Android 6.0.1; Nexus 5X Build/MMB29P) AppleWebKit/537.36 (KHTML, like Gecko) Chrome/137.0.7151.103 Mobile Safari/537.36 (compatible; GoogleOther)"
66.249.74.15 - - [12/Jul/2025:18:05:46 -0400] "GET /q-~168gZUCQh8q1QAVGkEIUqgmJu1UNgzyzy33943/ HTTP/1.1" 404 1251 "-" "Mozilla/5.0 (Linux; Android 6.0.1; Nexus 5X Build/MMB29P) AppleWebKit/537.36 (KHTML, like Gecko) Chrome/137.0.7151.103 Mobile Safari/537.36 (compatible; GoogleOther)"
66.249.74.15 - - [12/Jul/2025:18:05:56 -0400] "GET /q-~175MiKB1kp4qFoFWAv8WmtBfmmtcbQFgj13646/ HTTP/1.1" 404 1251 "-" "Mozilla/5.0 (Linux; Android 6.0.1; Nexus 5X Build/MMB29P) AppleWebKit/537.36 (KHTML, like Gecko) Chrome/137.0.7151.103 Mobile Safari/537.36 (compatible; GoogleOther)"
66.249.74.15 - - [12/Jul/2025:18:06:06 -0400] "GET /items/dawix241/40995?key=observation HTTP/1.1" 404 1251 "-" "Mozilla/5.0 (Linux; Android 6.0.1; Nexus 5X Build/MMB29P) AppleWebKit/537.36 (KHTML, like Gecko) Chrome/137.0.7151.103 Mobile Safari/537.36 (compatible; GoogleOther)"
66.249.74.15 - - [12/Jul/2025:18:06:16 -0400] "GET /q-~200rY26B3hr2sMKSaeM3jOcg6Wtkae3Ri38273/ HTTP/1.1" 404 1251 "-" "Mozilla/5.0 (Linux; Android 6.0.1; Nexus 5X Build/MMB29P) AppleWebKit/537.36 (KHTML, like Gecko) Chrome/137.0.7151.103 Mobile Safari/537.36 (compatible; GoogleOther)"
66.249.74.15 - - [12/Jul/2025:18:06:20 -0400] "GET /q-~261ONBoriUHTJAjIoCZlGcvsmp1a9OlUH33008/ HTTP/1.1" 404 1251 "-" "Mozilla/5.0 (Linux; Android 6.0.1; Nexus 5X Build/MMB29P) AppleWebKit/537.36 (KHTML, like Gecko) Chrome/137.0.7151.103 Mobile Safari/537.36 (compatible; GoogleOther)"
66.249.74.15 - - [12/Jul/2025:18:06:25 -0400] "GET /items/vvjjq187/19881?key=obviously HTTP/1.1" 404 1251 "-" "Mozilla/5.0 (Linux; Android 6.0.1; Nexus 5X Build/MMB29P) AppleWebKit/537.36 (KHTML, like Gecko) Chrome/137.0.7151.103 Mobile Safari/537.36 (compatible; GoogleOther)"
66.249.74.15 - - [12/Jul/2025:18:06:35 -0400] "GET /q-~180BgbmU2HYD3IL8tXZnpzzse3Eps4Czs36257/ HTTP/1.1" 404 1251 "-" "Mozilla/5.0 (Linux; Android 6.0.1; Nexus 5X Build/MMB29P) AppleWebKit/537.36 (KHTML, like Gecko) Chrome/137.0.7151.103 Mobile Safari/537.36 (compatible; GoogleOther)"
66.249.74.15 - - [12/Jul/2025:18:06:45 -0400] "GET /q-~268zORgFu87ji2kCZaiy5X5Ib9r32INnq9703/ HTTP/1.1" 404 1251 "-" "Mozilla/5.0 (Linux; Android 6.0.1; Nexus 5X Build/MMB29P) AppleWebKit/537.36 (KHTML, like Gecko) Chrome/137.0.7151.103 Mobile Safari/537.36 (compatible; GoogleOther)"
66.249.74.15 - - [12/Jul/2025:18:06:46 -0400] "GET /q-~281jZ4iOaXhJFsrTndKeHvrdZ4I1NOWcg34064/ HTTP/1.1" 404 1251 "-" "Mozilla/5.0 (compatible; Googlebot/2.1; +http://www.google.com/bot.html)"
66.249.74.15 - - [12/Jul/2025:18:06:54 -0400] "GET /q-~258a9tjJeYBy18LYmMySZizdmJ42NAtZB22325/ HTTP/1.1" 404 1251 "-" "Mozilla/5.0 (Linux; Android 6.0.1; Nexus 5X Build/MMB29P) AppleWebKit/537.36 (KHTML, like Gecko) Chrome/137.0.7151.103 Mobile Safari/537.36 (compatible; Googlebot/2.1; +http://www.google.com/bot.html)"
66.249.74.15 - - [12/Jul/2025:18:06:54 -0400] "GET /q-~253xZKzr6zczUQZ8GIyW2ZPo04ezarkFH22770/ HTTP/1.1" 404 1251 "-" "Mozilla/5.0 (Linux; Android 6.0.1; Nexus 5X Build/MMB29P) AppleWebKit/537.36 (KHTML, like Gecko) Chrome/137.0.7151.103 Mobile Safari/537.36 (compatible; GoogleOther)"
66.249.74.1 - - [12/Jul/2025:18:07:04 -0400] "GET /items/jzars123/25671?key=me HTTP/1.1" 404 1251 "-" "Mozilla/5.0 (Linux; Android 6.0.1; Nexus 5X Build/MMB29P) AppleWebKit/537.36 (KHTML, like Gecko) Chrome/137.0.7151.103 Mobile Safari/537.36 (compatible; GoogleOther)"
66.249.74.15 - - [12/Jul/2025:18:07:14 -0400] "GET /q-~62oyHJZsp3FGwYtsEsNefxFNAUHqQY4n32675/ HTTP/1.1" 404 1251 "-" "Mozilla/5.0 (Linux; Android 6.0.1; Nexus 5X Build/MMB29P) AppleWebKit/537.36 (KHTML, like Gecko) Chrome/137.0.7151.103 Mobile Safari/537.36 (compatible; GoogleOther)"
66.249.74.15 - - [12/Jul/2025:18:07:24 -0400] "GET /items/scvfh100/17788?key=early HTTP/1.1" 404 1251 "-" "Mozilla/5.0 (Linux; Android 6.0.1; Nexus 5X Build/MMB29P) AppleWebKit/537.36 (KHTML, like Gecko) Chrome/137.0.7151.103 Mobile Safari/537.36 (compatible; GoogleOther)"
66.249.74.15 - - [12/Jul/2025:18:07:33 -0400] "GET /items/noroc141/32031?key=contribute HTTP/1.1" 404 1251 "-" "Mozilla/5.0 (Linux; Android 6.0.1; Nexus 5X Build/MMB29P) AppleWebKit/537.36 (KHTML, like Gecko) Chrome/137.0.7151.103 Mobile Safari/537.36 (compatible; GoogleOther)"
66.249.74.15 - - [12/Jul/2025:18:07:38 -0400] "GET /q-~15ZjjSos1ccCigjTXbxGOsVEZ0eM3IvH39402/ HTTP/1.1" 404 1251 "-" "Mozilla/5.0 (compatible; Googlebot/2.1; +http://www.google.com/bot.html)"
66.249.74.15 - - [12/Jul/2025:18:07:43 -0400] "GET /items/hnzql7/40777?key=manual HTTP/1.1" 404 1251 "-" "Mozilla/5.0 (Linux; Android 6.0.1; Nexus 5X Build/MMB29P) AppleWebKit/537.36 (KHTML, like Gecko) Chrome/137.0.7151.103 Mobile Safari/537.36 (compatible; GoogleOther)"
66.249.74.15 - - [12/Jul/2025:18:07:53 -0400] "GET /items/sidgx7/43383?key=friendly HTTP/1.1" 404 1251 "-" "Mozilla/5.0 (Linux; Android 6.0.1; Nexus 5X Build/MMB29P) AppleWebKit/537.36 (KHTML, like Gecko) Chrome/137.0.7151.103 Mobile Safari/537.36 (compatible; GoogleOther)"
66.249.74.1 - - [12/Jul/2025:18:08:03 -0400] "GET /items/zkovt235/45537?key=magazine HTTP/1.1" 404 1251 "-" "Mozilla/5.0 (Linux; Android 6.0.1; Nexus 5X Build/MMB29P) AppleWebKit/537.36 (KHTML, like Gecko) Chrome/137.0.7151.103 Mobile Safari/537.36 (compatible; GoogleOther)"
66.249.74.1 - - [12/Jul/2025:18:08:10 -0400] "GET /q-~108MMy1nV04of7qzO23u7dK6lQMZtC6ts4501/ HTTP/1.1" 404 1251 "-" "Mozilla/5.0 (Linux; Android 6.0.1; Nexus 5X Build/MMB29P) AppleWebKit/537.36 (KHTML, like Gecko) Chrome/137.0.7151.103 Mobile Safari/537.36 (compatible; GoogleOther)"
66.249.74.15 - - [12/Jul/2025:18:08:12 -0400] "GET /q-~230JeOsT6LG72OCSIJgoLvVibO9eWckDk22759/ HTTP/1.1" 404 1251 "-" "Mozilla/5.0 (Linux; Android 6.0.1; Nexus 5X Build/MMB29P) AppleWebKit/537.36 (KHTML, like Gecko) Chrome/137.0.7151.103 Mobile Safari/537.36 (compatible; GoogleOther)"
66.249.74.15 - - [12/Jul/2025:18:08:22 -0400] "GET /items/vwktn252/412?key=fare HTTP/1.1" 404 1251 "-" "Mozilla/5.0 (Linux; Android 6.0.1; Nexus 5X Build/MMB29P) AppleWebKit/537.36 (KHTML, like Gecko) Chrome/137.0.7151.103 Mobile Safari/537.36 (compatible; GoogleOther)"
208.110.64.178 - - [12/Jul/2025:18:08:24 -0400] "GET /wp-content/admin.php HTTP/1.1" 404 1251 "https://nas-yemen.org/wp-content/admin.php" "Mozilla/5.0 (Windows NT 10.0; Win64; x64) AppleWebKit/537.36 (KHTML, like Gecko) Chrome/58.0.3029.110 Safari/537.3"
66.249.74.15 - - [12/Jul/2025:18:08:32 -0400] "GET /q-~161nctZjkuxPsSa89tnJtM14fNSIzj7YN40244/ HTTP/1.1" 404 1251 "-" "Mozilla/5.0 (Linux; Android 6.0.1; Nexus 5X Build/MMB29P) AppleWebKit/537.36 (KHTML, like Gecko) Chrome/137.0.7151.103 Mobile Safari/537.36 (compatible; GoogleOther)"
66.249.74.15 - - [12/Jul/2025:18:08:42 -0400] "GET /items/ntfmk246/33464?key=bathroom HTTP/1.1" 404 1251 "-" "Mozilla/5.0 (Linux; Android 6.0.1; Nexus 5X Build/MMB29P) AppleWebKit/537.36 (KHTML, like Gecko) Chrome/137.0.7151.103 Mobile Safari/537.36 (compatible; GoogleOther)"
66.249.74.15 - - [12/Jul/2025:18:08:51 -0400] "GET /items/plcum287/20931?key=AM HTTP/1.1" 404 1251 "-" "Mozilla/5.0 (Linux; Android 6.0.1; Nexus 5X Build/MMB29P) AppleWebKit/537.36 (KHTML, like Gecko) Chrome/137.0.7151.103 Mobile Safari/537.36 (compatible; GoogleOther)"
66.249.74.2 - - [12/Jul/2025:18:09:01 -0400] "GET /items/mkzpm192/9926?key=balloon HTTP/1.1" 404 1251 "-" "Mozilla/5.0 (Linux; Android 6.0.1; Nexus 5X Build/MMB29P) AppleWebKit/537.36 (KHTML, like Gecko) Chrome/137.0.7151.103 Mobile Safari/537.36 (compatible; GoogleOther)"
66.249.74.15 - - [12/Jul/2025:18:09:11 -0400] "GET /items/edmjd274/23440?key=well-being HTTP/1.1" 404 1251 "-" "Mozilla/5.0 (Linux; Android 6.0.1; Nexus 5X Build/MMB29P) AppleWebKit/537.36 (KHTML, like Gecko) Chrome/137.0.7151.103 Mobile Safari/537.36 (compatible; GoogleOther)"
66.249.74.15 - - [12/Jul/2025:18:09:20 -0400] "GET /zhHant/product/surugaya/m90255751102?campaign_uid=f64d716db5e979ed2f947dbaf4296895b951ae7f HTTP/1.1" 404 1251 "-" "Mozilla/5.0 (Linux; Android 6.0.1; Nexus 5X Build/MMB29P) AppleWebKit/537.36 (KHTML, like Gecko) Chrome/137.0.7151.103 Mobile Safari/537.36 (compatible; Googlebot/2.1; +http://www.google.com/bot.html)"
66.249.74.15 - - [12/Jul/2025:18:09:20 -0400] "GET /items/dmnhm103/20803?key=replace HTTP/1.1" 404 1251 "-" "Mozilla/5.0 (Linux; Android 6.0.1; Nexus 5X Build/MMB29P) AppleWebKit/537.36 (KHTML, like Gecko) Chrome/137.0.7151.103 Mobile Safari/537.36 (compatible; GoogleOther)"
66.249.74.15 - - [12/Jul/2025:18:09:29 -0400] "GET /q-~131SJhj2EB2b2OohqBXzfy8NbdB6X6FLD20152/ HTTP/1.1" 404 1251 "-" "Mozilla/5.0 (Linux; Android 6.0.1; Nexus 5X Build/MMB29P) AppleWebKit/537.36 (KHTML, like Gecko) Chrome/137.0.7151.103 Mobile Safari/537.36 (compatible; Googlebot/2.1; +http://www.google.com/bot.html)"
66.249.74.15 - - [12/Jul/2025:18:09:30 -0400] "GET /q-~243VrJ2Eq2Ql75HJxIE1jTSrdwJl3ieko31912/ HTTP/1.1" 404 1251 "-" "Mozilla/5.0 (Linux; Android 6.0.1; Nexus 5X Build/MMB29P) AppleWebKit/537.36 (KHTML, like Gecko) Chrome/137.0.7151.103 Mobile Safari/537.36 (compatible; GoogleOther)"
47.82.60.44 - - [12/Jul/2025:18:10:38 -0400] "GET /items/byljy123/40463?key=finding HTTP/1.1" 404 1251 "https://nas-yemen.org/items/byljy123/40463?key=finding" "Mozilla/5.0 (Windows NT 10.0; Win64; x64) AppleWebKit/537.36 (KHTML, like Gecko) Chrome/114.0.0.0 Safari/537.36 Edg/114.0.1823.43"
66.249.74.1 - - [12/Jul/2025:18:11:51 -0400] "GET /q-~278ZwxXkGfmwzxYo7iYaKGB5oB6VhdEbk48737/ HTTP/1.1" 404 1251 "-" "Mozilla/5.0 (Linux; Android 6.0.1; Nexus 5X Build/MMB29P) AppleWebKit/537.36 (KHTML, like Gecko) Chrome/137.0.7151.103 Mobile Safari/537.36 (compatible; GoogleOther)"
47.82.60.73 - - [12/Jul/2025:18:14:24 -0400] "GET /wp-includes/css/dist/block-library/editor-elements-rtl.css HTTP/1.1" 200 89 "https://www.nas-yemen.org/wp-includes/css/dist/block-library/editor-elements-rtl.css" "Mozilla/5.0 (Windows NT 10.0; Win64; x64) AppleWebKit/537.36 (KHTML, like Gecko) Chrome/114.0.0.0 Safari/537.36 Edg/114.0.1823.43"
66.249.74.1 - - [12/Jul/2025:18:14:53 -0400] "GET /items/hclhd215/13697?key=violent HTTP/1.1" 404 1251 "-" "Mozilla/5.0 (compatible; Googlebot/2.1; +http://www.google.com/bot.html)"
47.82.60.45 - - [12/Jul/2025:18:15:05 -0400] "GET /wp-includes/sodium_compat/src/Core32/XSalsa20.php HTTP/1.1" 403 1242 "https://nas-yemen.org/wp-includes/sodium_compat/src/Core32/XSalsa20.php" "Mozilla/5.0 (Windows NT 10.0; Win64; x64) AppleWebKit/537.36 (KHTML, like Gecko) Chrome/114.0.0.0 Safari/537.36 Edg/114.0.1823.43"
207.46.13.36 - - [12/Jul/2025:18:15:51 -0400] "GET /wp/wp-content/uploads/2018/01/ipadnavi.pdf HTTP/1.1" 404 1251 "-" "Mozilla/5.0 AppleWebKit/537.36 (KHTML, like Gecko; compatible; bingbot/2.0; +http://www.bing.com/bingbot.htm) Chrome/116.0.1938.76 Safari/537.36"
66.249.74.10 - - [12/Jul/2025:18:18:29 -0400] "GET /q-~258pxPKRvgcWrCrNtOS0sIwUA959NBCdm7171/ HTTP/1.1" 404 1251 "-" "Mozilla/5.0 (Linux; Android 6.0.1; Nexus 5X Build/MMB29P) AppleWebKit/537.36 (KHTML, like Gecko) Chrome/137.0.7151.119 Mobile Safari/537.36 (compatible; Googlebot/2.1; +http://www.google.com/bot.html)"
207.46.13.141 - - [12/Jul/2025:18:18:39 -0400] "GET /index.php/member/index.html HTTP/1.1" 404 1251 "-" "Mozilla/5.0 AppleWebKit/537.36 (KHTML, like Gecko; compatible; bingbot/2.0; +http://www.bing.com/bingbot.htm) Chrome/116.0.1938.76 Safari/537.36"
69.197.182.50 - - [12/Jul/2025:18:19:02 -0400] "GET /wp-content/admin.php HTTP/1.1" 404 1251 "https://nas-yemen.org/wp-content/admin.php" "Mozilla/5.0 (Windows NT 10.0; Win64; x64) AppleWebKit/537.36 (KHTML, like Gecko) Chrome/58.0.3029.110 Safari/537.3"
66.249.74.8 - - [12/Jul/2025:18:19:14 -0400] "GET /q-~88PGQlQAVnKntipWPugY75mPG0ADHFym31093/ HTTP/1.1" 404 1251 "-" "Mozilla/5.0 (compatible; Googlebot/2.1; +http://www.google.com/bot.html)"
66.249.74.8 - - [12/Jul/2025:18:20:07 -0400] "GET /items/xzhub97/41999?key=considerably HTTP/1.1" 404 1251 "-" "Mozilla/5.0 (compatible; Googlebot/2.1; +http://www.google.com/bot.html)"
66.249.74.8 - - [12/Jul/2025:18:20:07 -0400] "GET /items/xzhub97/41999?key=considerably HTTP/1.1" 404 1251 "-" "Mozilla/5.0 (Linux; Android 6.0.1; Nexus 5X Build/MMB29P) AppleWebKit/537.36 (KHTML, like Gecko) Chrome/137.0.7151.103 Mobile Safari/537.36 (compatible; Googlebot/2.1; +http://www.google.com/bot.html)"
66.249.74.9 - - [12/Jul/2025:18:20:11 -0400] "GET /items/mgvzz166/24324?key=ban HTTP/1.1" 404 1251 "-" "Mozilla/5.0 (Linux; Android 6.0.1; Nexus 5X Build/MMB29P) AppleWebKit/537.36 (KHTML, like Gecko) Chrome/137.0.7151.103 Mobile Safari/537.36 (compatible; GoogleOther)"
66.249.74.8 - - [12/Jul/2025:18:21:01 -0400] "GET /q-~265aD9ZKFhDL8y8iOxDAbLKR76CsIJzel1768/ HTTP/1.1" 404 1251 "-" "Mozilla/5.0 (Linux; Android 6.0.1; Nexus 5X Build/MMB29P) AppleWebKit/537.36 (KHTML, like Gecko) Chrome/137.0.7151.103 Mobile Safari/537.36 (compatible; GoogleOther)"
66.249.74.9 - - [12/Jul/2025:18:22:04 -0400] "GET /items/sutkk126/16404?key=ambitious HTTP/1.1" 404 1251 "-" "Mozilla/5.0 (compatible; Googlebot/2.1; +http://www.google.com/bot.html)"
66.249.74.10 - - [12/Jul/2025:18:22:04 -0400] "GET /items/sutkk126/16404?key=ambitious HTTP/1.1" 404 1251 "-" "Mozilla/5.0 (compatible; Googlebot/2.1; +http://www.google.com/bot.html)"
66.249.74.10 - - [12/Jul/2025:18:22:04 -0400] "GET /items/sutkk126/16404?key=ambitious HTTP/1.1" 404 1251 "-" "Mozilla/5.0 (Linux; Android 6.0.1; Nexus 5X Build/MMB29P) AppleWebKit/537.36 (KHTML, like Gecko) Chrome/137.0.7151.103 Mobile Safari/537.36 (compatible; Googlebot/2.1; +http://www.google.com/bot.html)"
66.249.74.9 - - [12/Jul/2025:18:22:06 -0400] "GET /q-~83USDydurGoX2ErFk1GhzKaPsPgteccn2788/ HTTP/1.1" 404 1251 "-" "Mozilla/5.0 (Linux; Android 6.0.1; Nexus 5X Build/MMB29P) AppleWebKit/537.36 (KHTML, like Gecko) Chrome/137.0.7151.103 Mobile Safari/537.36 (compatible; GoogleOther)"
204.12.252.98 - - [12/Jul/2025:18:22:22 -0400] "GET /wp-content/admin.php HTTP/1.1" 404 1251 "https://nas-yemen.org/wp-content/admin.php" "Mozilla/5.0 (Windows NT 10.0; Win64; x64) AppleWebKit/537.36 (KHTML, like Gecko) Chrome/58.0.3029.110 Safari/537.3"
216.73.216.145 - - [12/Jul/2025:18:23:06 -0400] "GET /pages.php HTTP/1.1" 404 1251 "-" "Mozilla/5.0 AppleWebKit/537.36 (KHTML, like Gecko; compatible; ClaudeBot/1.0; +claudebot@anthropic.com)"
66.249.74.9 - - [12/Jul/2025:18:23:10 -0400] "GET /q-~149cNAfUr1522tvjKqKNB43rFpgag6O4P6976/ HTTP/1.1" 404 1251 "-" "Mozilla/5.0 (Linux; Android 6.0.1; Nexus 5X Build/MMB29P) AppleWebKit/537.36 (KHTML, like Gecko) Chrome/137.0.7151.103 Mobile Safari/537.36 (compatible; GoogleOther)"
47.82.60.33 - - [12/Jul/2025:18:23:29 -0400] "GET /wp-includes/js/tinymce/plugins/media HTTP/1.1" 301 795 "https://nas-yemen.org/wp-includes/js/tinymce/plugins/media" "Mozilla/5.0 (Windows NT 10.0; Win64; x64) AppleWebKit/537.36 (KHTML, like Gecko) Chrome/114.0.0.0 Safari/537.36 Edg/114.0.1823.43"
47.82.60.33 - - [12/Jul/2025:18:23:29 -0400] "GET /wp-includes/js/tinymce/plugins/media/ HTTP/1.1" 200 659 "https://nas-yemen.org/wp-includes/js/tinymce/plugins/media" "Mozilla/5.0 (Windows NT 10.0; Win64; x64) AppleWebKit/537.36 (KHTML, like Gecko) Chrome/114.0.0.0 Safari/537.36 Edg/114.0.1823.43"
47.82.60.52 - - [12/Jul/2025:18:23:56 -0400] "GET /wp-includes/Requests/src/Transport/Curl.php HTTP/1.1" 403 1242 "https://www.nas-yemen.org/wp-includes/Requests/src/Transport/Curl.php" "Mozilla/5.0 (Windows NT 10.0; Win64; x64) AppleWebKit/537.36 (KHTML, like Gecko) Chrome/114.0.0.0 Safari/537.36 Edg/114.0.1823.43"
66.249.74.2 - - [12/Jul/2025:18:26:20 -0400] "GET /q-~245ZEua1MTk3OaInmhmugrdhgXpT713ST21672/ HTTP/1.1" 404 1251 "-" "Mozilla/5.0 (compatible; Googlebot/2.1; +http://www.google.com/bot.html)"
66.249.74.2 - - [12/Jul/2025:18:26:21 -0400] "GET /q-~245ZEua1MTk3OaInmhmugrdhgXpT713ST21672/ HTTP/1.1" 404 1251 "-" "Mozilla/5.0 (Linux; Android 6.0.1; Nexus 5X Build/MMB29P) AppleWebKit/537.36 (KHTML, like Gecko) Chrome/137.0.7151.103 Mobile Safari/537.36 (compatible; Googlebot/2.1; +http://www.google.com/bot.html)"
57.141.0.18 - - [12/Jul/2025:18:26:24 -0400] "GET /wp-includes/rest-api/endpoints/class-wp-rest-menu-locations-controller.php HTTP/1.1" 403 1242 "-" "meta-externalagent/1.1 (+https://developers.facebook.com/docs/sharing/webmasters/crawler)"
66.249.74.15 - - [12/Jul/2025:18:26:48 -0400] "GET /q-~18iVMsdFW0rWkNsbtXGxu7GSvioGLGYK37027/ HTTP/1.1" 404 1251 "-" "Mozilla/5.0 (Linux; Android 6.0.1; Nexus 5X Build/MMB29P) AppleWebKit/537.36 (KHTML, like Gecko) Chrome/137.0.7151.103 Mobile Safari/537.36 (compatible; Googlebot/2.1; +http://www.google.com/bot.html)"
66.249.74.15 - - [12/Jul/2025:18:26:58 -0400] "GET /q-~272xgiI5Bfpx2aXYk0TWZt1gdcHoz8KIo5727/ HTTP/1.1" 404 1251 "-" "Mozilla/5.0 (Linux; Android 6.0.1; Nexus 5X Build/MMB29P) AppleWebKit/537.36 (KHTML, like Gecko) Chrome/137.0.7151.103 Mobile Safari/537.36 (compatible; GoogleOther)"
66.249.74.1 - - [12/Jul/2025:18:27:03 -0400] "GET /q-~281kfi4bjJbFNLMYOaGjvPuHE7dKr6YWf24348/ HTTP/1.1" 404 1251 "-" "Mozilla/5.0 (compatible; Googlebot/2.1; +http://www.google.com/bot.html)"
66.249.74.2 - - [12/Jul/2025:18:28:02 -0400] "GET /q-~78mYm21vmONaOTuRDWQF7A2qyFfoMyPC18719/ HTTP/1.1" 404 1251 "-" "Mozilla/5.0 (Linux; Android 6.0.1; Nexus 5X Build/MMB29P) AppleWebKit/537.36 (KHTML, like Gecko) Chrome/137.0.7151.103 Mobile Safari/537.36 (compatible; Googlebot/2.1; +http://www.google.com/bot.html)"
66.249.74.1 - - [12/Jul/2025:18:28:02 -0400] "GET /q-~78mYm21vmONaOTuRDWQF7A2qyFfoMyPC18719/ HTTP/1.1" 404 1251 "-" "Mozilla/5.0 (compatible; Googlebot/2.1; +http://www.google.com/bot.html)"
66.249.74.2 - - [12/Jul/2025:18:29:47 -0400] "GET /q-~161XYklcaYTuEJucuTQiuNlCGV7Ngaf6c20676/ HTTP/1.1" 404 1251 "-" "Mozilla/5.0 (Linux; Android 6.0.1; Nexus 5X Build/MMB29P) AppleWebKit/537.36 (KHTML, like Gecko) Chrome/137.0.7151.103 Mobile Safari/537.36 (compatible; GoogleOther)"
69.197.135.226 - - [12/Jul/2025:18:30:31 -0400] "GET /wp-content/admin.php HTTP/1.1" 404 1251 "https://nas-yemen.org/wp-content/admin.php" "Mozilla/5.0 (Windows NT 10.0; Win64; x64) AppleWebKit/537.36 (KHTML, like Gecko) Chrome/58.0.3029.110 Safari/537.3"
66.249.74.15 - - [12/Jul/2025:18:30:40 -0400] "GET /q-~221h3P0N9LZAwBL09KwtBiAmtbJpGrsix41442/ HTTP/1.1" 404 1251 "-" "Mozilla/5.0 (Linux; Android 6.0.1; Nexus 5X Build/MMB29P) AppleWebKit/537.36 (KHTML, like Gecko) Chrome/137.0.7151.103 Mobile Safari/537.36 (compatible; GoogleOther)"
47.82.60.28 - - [12/Jul/2025:18:30:59 -0400] "GET /items/diovu81/42285?key=within HTTP/1.1" 404 1251 "https://nas-yemen.org/items/diovu81/42285?key=within" "Mozilla/5.0 (Windows NT 10.0; Win64; x64) AppleWebKit/537.36 (KHTML, like Gecko) Chrome/114.0.0.0 Safari/537.36 Edg/114.0.1823.43"
66.249.74.15 - - [12/Jul/2025:18:31:06 -0400] "GET /q-~273NXwyVFpiH3GrbRyUx8uX8V5EzsUyHC27140/ HTTP/1.1" 404 1251 "-" "Mozilla/5.0 (Linux; Android 6.0.1; Nexus 5X Build/MMB29P) AppleWebKit/537.36 (KHTML, like Gecko) Chrome/137.0.7151.103 Mobile Safari/537.36 (compatible; Googlebot/2.1; +http://www.google.com/bot.html)"
47.82.60.5 - - [12/Jul/2025:18:31:21 -0400] "GET /q-~65uDqMb9OZdciLZYTh3tUB1e3A2Ic35h33818/ HTTP/1.1" 404 1251 "https://nas-yemen.org/q-~65uDqMb9OZdciLZYTh3tUB1e3A2Ic35h33818/" "Mozilla/5.0 (Windows NT 10.0; Win64; x64) AppleWebKit/537.36 (KHTML, like Gecko) Chrome/114.0.0.0 Safari/537.36 Edg/114.0.1823.43"
47.82.60.21 - - [12/Jul/2025:18:31:28 -0400] "GET /items/axhnx240/34556?key=cruise HTTP/1.1" 404 1251 "https://nas-yemen.org/items/axhnx240/34556?key=cruise" "Mozilla/5.0 (Windows NT 10.0; Win64; x64) AppleWebKit/537.36 (KHTML, like Gecko) Chrome/114.0.0.0 Safari/537.36 Edg/114.0.1823.43"
66.249.74.1 - - [12/Jul/2025:18:32:06 -0400] "GET /items/nzdda160/2098?key=reservation HTTP/1.1" 404 1251 "-" "Mozilla/5.0 (compatible; Googlebot/2.1; +http://www.google.com/bot.html)"
47.82.60.28 - - [12/Jul/2025:18:32:31 -0400] "GET /q-~115ShLBmjzrug6PwBHTyz0GdGnAW246uc5380/ HTTP/1.1" 404 1251 "https://nas-yemen.org/q-~115ShLBmjzrug6PwBHTyz0GdGnAW246uc5380/" "Mozilla/5.0 (Windows NT 10.0; Win64; x64) AppleWebKit/537.36 (KHTML, like Gecko) Chrome/114.0.0.0 Safari/537.36 Edg/114.0.1823.43"
66.249.74.1 - - [12/Jul/2025:18:32:50 -0400] "GET /q-~78vFaC7kQpgkgtGYXJ001CGI5TFeYwqm20337/ HTTP/1.1" 404 1251 "-" "Mozilla/5.0 (compatible; Googlebot/2.1; +http://www.google.com/bot.html)"
44.209.187.99 - - [12/Jul/2025:18:33:01 -0400] "GET /wp-includes/class-wp-editor.php HTTP/1.1" 403 1242 "-" "Mozilla/5.0 AppleWebKit/537.36 (KHTML, like Gecko; compatible; Amazonbot/0.1; +https://developer.amazon.com/support/amazonbot) Chrome/119.0.6045.214 Safari/537.36"
44.214.19.8 - - [12/Jul/2025:18:33:05 -0400] "GET /wp-includes/kses.php HTTP/1.1" 403 1242 "-" "Mozilla/5.0 AppleWebKit/537.36 (KHTML, like Gecko; compatible; Amazonbot/0.1; +https://developer.amazon.com/support/amazonbot) Chrome/119.0.6045.214 Safari/537.36"
66.249.74.2 - - [12/Jul/2025:18:34:01 -0400] "GET /q-~8vJFfQwerR1HKtldSyoZ1qWbXYKnuaa28923/ HTTP/1.1" 404 1251 "-" "Mozilla/5.0 (Linux; Android 6.0.1; Nexus 5X Build/MMB29P) AppleWebKit/537.36 (KHTML, like Gecko) Chrome/137.0.7151.103 Mobile Safari/537.36 (compatible; GoogleOther)"
66.249.74.1 - - [12/Jul/2025:18:34:41 -0400] "GET /items/nwpeu174/40050?key=queen HTTP/1.1" 404 1251 "-" "Mozilla/5.0 (Linux; Android 6.0.1; Nexus 5X Build/MMB29P) AppleWebKit/537.36 (KHTML, like Gecko) Chrome/137.0.7151.103 Mobile Safari/537.36 (compatible; Googlebot/2.1; +http://www.google.com/bot.html)"
66.249.74.2 - - [12/Jul/2025:18:36:09 -0400] "GET /q-~178xRICiAVNNmLoLiIt12pYqhds2lZbHR7817/ HTTP/1.1" 404 1251 "-" "Mozilla/5.0 (Linux; Android 6.0.1; Nexus 5X Build/MMB29P) AppleWebKit/537.36 (KHTML, like Gecko) Chrome/137.0.7151.103 Mobile Safari/537.36 (compatible; Googlebot/2.1; +http://www.google.com/bot.html)"
164.92.238.124 - - [12/Jul/2025:18:38:35 -0400] "POST /xmlrpc.php HTTP/1.1" 403 1242 "-" "Mozilla/5.0 (X11; Ubuntu; Linux x86_64; rv:85.0) Gecko/20100101 Firefox/91.0"
204.12.252.98 - - [12/Jul/2025:18:39:48 -0400] "GET /wp-content/admin.php HTTP/1.1" 404 1251 "https://nas-yemen.org/wp-content/admin.php" "Mozilla/5.0 (Windows NT 10.0; Win64; x64) AppleWebKit/537.36 (KHTML, like Gecko) Chrome/58.0.3029.110 Safari/537.3"
66.249.74.15 - - [12/Jul/2025:18:39:55 -0400] "GET /q-~175MPtQuRZxuLuEiZyQaIJHyZQ0QVJHEZ41100/ HTTP/1.1" 404 1251 "-" "Mozilla/5.0 (Linux; Android 6.0.1; Nexus 5X Build/MMB29P) AppleWebKit/537.36 (KHTML, like Gecko) Chrome/137.0.7151.103 Mobile Safari/537.36 (compatible; Googlebot/2.1; +http://www.google.com/bot.html)"
2a01:4f8:10a:4595::2 - - [12/Jul/2025:18:40:29 -0400] "GET /xmlrpc.php HTTP/1.1" 403 1242 "http://nas-yemen.org/xmlrpc.php" "Mozilla/5.0 (X11; Ubuntu; Linux x86_64; rv:85.0) Gecko/20100101 Firefox/91.0"
66.249.74.2 - - [12/Jul/2025:18:41:17 -0400] "GET /q-~63e33TFGj4W3VGh2ihf4qufD6s1iMhYw26414/ HTTP/1.1" 404 1251 "-" "Mozilla/5.0 (Linux; Android 6.0.1; Nexus 5X Build/MMB29P) AppleWebKit/537.36 (KHTML, like Gecko) Chrome/137.0.7151.103 Mobile Safari/537.36 (compatible; Googlebot/2.1; +http://www.google.com/bot.html)"
66.249.74.1 - - [12/Jul/2025:18:41:21 -0400] "GET /q-~6aA7hqLzVTT6MJjgXa5f3w5PHedwzah46101/ HTTP/1.1" 404 1251 "-" "Mozilla/5.0 (Linux; Android 6.0.1; Nexus 5X Build/MMB29P) AppleWebKit/537.36 (KHTML, like Gecko) Chrome/137.0.7151.103 Mobile Safari/537.36 (compatible; GoogleOther)"
66.249.74.15 - - [12/Jul/2025:18:42:06 -0400] "GET /q-~222cQbfJnPY09k3hJWEARYR3PsjyFqyPk11849/ HTTP/1.1" 404 1251 "-" "Mozilla/5.0 (Linux; Android 6.0.1; Nexus 5X Build/MMB29P) AppleWebKit/537.36 (KHTML, like Gecko) Chrome/137.0.7151.103 Mobile Safari/537.36 (compatible; GoogleOther)"
47.82.60.15 - - [12/Jul/2025:18:42:14 -0400] "GET /items/birzh40/24270?key=leather HTTP/1.1" 404 1251 "https://nas-yemen.org/items/birzh40/24270?key=leather" "Mozilla/5.0 (Windows NT 10.0; Win64; x64) AppleWebKit/537.36 (KHTML, like Gecko) Chrome/114.0.0.0 Safari/537.36 Edg/114.0.1823.43"
47.82.60.86 - - [12/Jul/2025:18:42:17 -0400] "GET /wp-includes/css/dist/block-library/elements.min.css HTTP/1.1" 200 34 "https://www.nas-yemen.org/wp-includes/css/dist/block-library/elements.min.css" "Mozilla/5.0 (Windows NT 10.0; Win64; x64) AppleWebKit/537.36 (KHTML, like Gecko) Chrome/114.0.0.0 Safari/537.36 Edg/114.0.1823.43"
66.249.74.15 - - [12/Jul/2025:18:43:04 -0400] "GET /q-~5s9Lh9fqFPlspY70Ux1WZRlEyXlojwh28702/ HTTP/1.1" 404 1251 "-" "Mozilla/5.0 (Linux; Android 6.0.1; Nexus 5X Build/MMB29P) AppleWebKit/537.36 (KHTML, like Gecko) Chrome/137.0.7151.103 Mobile Safari/537.36 (compatible; GoogleOther)"
66.249.74.15 - - [12/Jul/2025:18:43:10 -0400] "GET /items/ieqrn111/47901?key=any HTTP/1.1" 404 1251 "-" "Mozilla/5.0 (Linux; Android 6.0.1; Nexus 5X Build/MMB29P) AppleWebKit/537.36 (KHTML, like Gecko) Chrome/137.0.7151.103 Mobile Safari/537.36 (compatible; GoogleOther)"
66.249.74.15 - - [12/Jul/2025:18:43:46 -0400] "GET /items/kfcuq285/23717?key=peak HTTP/1.1" 404 1251 "-" "Mozilla/5.0 (compatible; Googlebot/2.1; +http://www.google.com/bot.html)"
66.249.74.15 - - [12/Jul/2025:18:43:46 -0400] "GET /items/kfcuq285/23717?key=peak HTTP/1.1" 404 1251 "-" "Mozilla/5.0 (Linux; Android 6.0.1; Nexus 5X Build/MMB29P) AppleWebKit/537.36 (KHTML, like Gecko) Chrome/137.0.7151.103 Mobile Safari/537.36 (compatible; Googlebot/2.1; +http://www.google.com/bot.html)"
66.249.74.15 - - [12/Jul/2025:18:43:53 -0400] "GET /items/uleqz213/46125?key=written HTTP/1.1" 404 1251 "-" "Mozilla/5.0 (Linux; Android 6.0.1; Nexus 5X Build/MMB29P) AppleWebKit/537.36 (KHTML, like Gecko) Chrome/137.0.7151.103 Mobile Safari/537.36 (compatible; GoogleOther)"
66.249.74.1 - - [12/Jul/2025:18:44:11 -0400] "GET /items/jejvn208/16350?key=several HTTP/1.1" 404 1251 "-" "Mozilla/5.0 (compatible; Googlebot/2.1; +http://www.google.com/bot.html)"
47.82.60.1 - - [12/Jul/2025:18:44:12 -0400] "GET /wp-includes/Requests/src/Auth/Basic.php HTTP/1.1" 403 1242 "https://nas-yemen.org/wp-includes/Requests/src/Auth/Basic.php" "Mozilla/5.0 (Windows NT 10.0; Win64; x64) AppleWebKit/537.36 (KHTML, like Gecko) Chrome/114.0.0.0 Safari/537.36 Edg/114.0.1823.43"
47.82.60.16 - - [12/Jul/2025:18:44:34 -0400] "GET /wp-includes/sodium_compat/src/Core/Ed25519.php HTTP/1.1" 403 1242 "https://nas-yemen.org/wp-includes/sodium_compat/src/Core/Ed25519.php" "Mozilla/5.0 (Windows NT 10.0; Win64; x64) AppleWebKit/537.36 (KHTML, like Gecko) Chrome/114.0.0.0 Safari/537.36 Edg/114.0.1823.43"
66.249.74.15 - - [12/Jul/2025:18:45:12 -0400] "GET /q-~149YoGUjw847fldDSrekvDD5WRinu4lSD3630/ HTTP/1.1" 404 1251 "-" "Mozilla/5.0 (Linux; Android 6.0.1; Nexus 5X Build/MMB29P) AppleWebKit/537.36 (KHTML, like Gecko) Chrome/137.0.7151.103 Mobile Safari/537.36 (compatible; GoogleOther)"
66.249.74.1 - - [12/Jul/2025:18:46:44 -0400] "GET /q-~217LdZui2vBn9GlXyaXKcCABjrk8vCsST42320/ HTTP/1.1" 404 1251 "-" "Mozilla/5.0 (Linux; Android 6.0.1; Nexus 5X Build/MMB29P) AppleWebKit/537.36 (KHTML, like Gecko) Chrome/137.0.7151.103 Mobile Safari/537.36 (compatible; GoogleOther)"
66.249.74.2 - - [12/Jul/2025:18:47:34 -0400] "GET /q-~166hq8Dz3bbQ0z9b4wtcCD3GXJzHDeOvv15771/ HTTP/1.1" 404 1251 "-" "Mozilla/5.0 (Linux; Android 6.0.1; Nexus 5X Build/MMB29P) AppleWebKit/537.36 (KHTML, like Gecko) Chrome/137.0.7151.103 Mobile Safari/537.36 (compatible; GoogleOther)"
66.249.74.1 - - [12/Jul/2025:18:47:52 -0400] "GET /q-~217YY9N0NEQrTplPtRIaKaEB0SO3ihjYD7218/ HTTP/1.1" 404 1251 "-" "Mozilla/5.0 (Linux; Android 6.0.1; Nexus 5X Build/MMB29P) AppleWebKit/537.36 (KHTML, like Gecko) Chrome/137.0.7151.103 Mobile Safari/537.36 (compatible; GoogleOther)"
69.197.135.226 - - [12/Jul/2025:18:48:16 -0400] "GET /wp-content/admin.php HTTP/1.1" 404 1251 "https://nas-yemen.org/wp-content/admin.php" "Mozilla/5.0 (Windows NT 10.0; Win64; x64) AppleWebKit/537.36 (KHTML, like Gecko) Chrome/58.0.3029.110 Safari/537.3"
66.249.74.2 - - [12/Jul/2025:18:48:37 -0400] "GET /items/erudp229/16701?key=jurisdiction HTTP/1.1" 404 1251 "-" "Mozilla/5.0 (Linux; Android 6.0.1; Nexus 5X Build/MMB29P) AppleWebKit/537.36 (KHTML, like Gecko) Chrome/137.0.7151.103 Mobile Safari/537.36 (compatible; Googlebot/2.1; +http://www.google.com/bot.html)"
66.249.74.1 - - [12/Jul/2025:18:51:39 -0400] "GET /items/zsyry188/48350?key=influence HTTP/1.1" 404 1251 "-" "Mozilla/5.0 (Linux; Android 6.0.1; Nexus 5X Build/MMB29P) AppleWebKit/537.36 (KHTML, like Gecko) Chrome/137.0.7151.103 Mobile Safari/537.36 (compatible; Googlebot/2.1; +http://www.google.com/bot.html)"
66.249.74.1 - - [12/Jul/2025:18:51:40 -0400] "GET /items/zsyry188/48350?key=influence HTTP/1.1" 404 1251 "-" "Mozilla/5.0 (compatible; Googlebot/2.1; +http://www.google.com/bot.html)"
66.249.74.1 - - [12/Jul/2025:18:51:40 -0400] "GET /q-~264bZf0W1u5g2DVx46NRrCI9zTzb9s94N3275/ HTTP/1.1" 404 1251 "-" "Mozilla/5.0 (compatible; Googlebot/2.1; +http://www.google.com/bot.html)"
47.82.60.7 - - [12/Jul/2025:18:52:47 -0400] "GET /wp-includes/sodium_compat/src/Core/Curve25519.php HTTP/1.1" 403 1242 "https://nas-yemen.org/wp-includes/sodium_compat/src/Core/Curve25519.php" "Mozilla/5.0 (Windows NT 10.0; Win64; x64) AppleWebKit/537.36 (KHTML, like Gecko) Chrome/114.0.0.0 Safari/537.36 Edg/114.0.1823.43"
66.249.74.2 - - [12/Jul/2025:18:52:52 -0400] "GET /q-~77VuRkgRcCTk7cIw5PqpV2WT37sC36JE38702/ HTTP/1.1" 404 1251 "-" "Mozilla/5.0 (Linux; Android 6.0.1; Nexus 5X Build/MMB29P) AppleWebKit/537.36 (KHTML, like Gecko) Chrome/137.0.7151.103 Mobile Safari/537.36 (compatible; GoogleOther)"
66.249.74.15 - - [12/Jul/2025:18:52:54 -0400] "GET /items/gzeui241/4233?key=marry HTTP/1.1" 404 1251 "-" "Mozilla/5.0 (Linux; Android 6.0.1; Nexus 5X Build/MMB29P) AppleWebKit/537.36 (KHTML, like Gecko) Chrome/137.0.7151.103 Mobile Safari/537.36 (compatible; GoogleOther)"
18.232.36.1 - - [12/Jul/2025:18:53:22 -0400] "GET /wp-includes/rss-functions.php HTTP/1.1" 403 1242 "-" "Mozilla/5.0 AppleWebKit/537.36 (KHTML, like Gecko; compatible; Amazonbot/0.1; +https://developer.amazon.com/support/amazonbot) Chrome/119.0.6045.214 Safari/537.36"
54.147.182.90 - - [12/Jul/2025:18:53:25 -0400] "GET /wp-includes/update.php HTTP/1.1" 403 1242 "-" "Mozilla/5.0 AppleWebKit/537.36 (KHTML, like Gecko; compatible; Amazonbot/0.1; +https://developer.amazon.com/support/amazonbot) Chrome/119.0.6045.214 Safari/537.36"
3.218.103.254 - - [12/Jul/2025:18:53:30 -0400] "GET /wp-includes/feed.php HTTP/1.1" 403 1242 "-" "Mozilla/5.0 AppleWebKit/537.36 (KHTML, like Gecko; compatible; Amazonbot/0.1; +https://developer.amazon.com/support/amazonbot) Chrome/119.0.6045.214 Safari/537.36"
3.213.213.161 - - [12/Jul/2025:18:53:33 -0400] "GET /wp-includes/class-wp-speculation-rules.php HTTP/1.1" 403 1242 "-" "Mozilla/5.0 AppleWebKit/537.36 (KHTML, like Gecko; compatible; Amazonbot/0.1; +https://developer.amazon.com/support/amazonbot) Chrome/119.0.6045.214 Safari/537.36"
47.82.60.11 - - [12/Jul/2025:18:53:35 -0400] "GET /items/hojyb245/34343?key=stake HTTP/1.1" 404 1251 "https://nas-yemen.org/items/hojyb245/34343?key=stake" "Mozilla/5.0 (Windows NT 10.0; Win64; x64) AppleWebKit/537.36 (KHTML, like Gecko) Chrome/114.0.0.0 Safari/537.36 Edg/114.0.1823.43"
54.85.109.140 - - [12/Jul/2025:18:53:37 -0400] "GET /wp-includes/class-wp-comment-query.php HTTP/1.1" 403 1242 "-" "Mozilla/5.0 AppleWebKit/537.36 (KHTML, like Gecko; compatible; Amazonbot/0.1; +https://developer.amazon.com/support/amazonbot) Chrome/119.0.6045.214 Safari/537.36"
66.249.74.15 - - [12/Jul/2025:18:54:56 -0400] "GET /q-~83c4FWktv9RSwEPRv4nFwR2CO9WBtonZ27888/ HTTP/1.1" 404 1251 "-" "Mozilla/5.0 (Linux; Android 6.0.1; Nexus 5X Build/MMB29P) AppleWebKit/537.36 (KHTML, like Gecko) Chrome/137.0.7151.103 Mobile Safari/537.36 (compatible; Googlebot/2.1; +http://www.google.com/bot.html)"
66.249.74.1 - - [12/Jul/2025:18:56:23 -0400] "GET /q-~10avp6820MOtoAlzkihKuSv5V0AFr6lO5659/ HTTP/1.1" 404 1251 "-" "Mozilla/5.0 (Linux; Android 6.0.1; Nexus 5X Build/MMB29P) AppleWebKit/537.36 (KHTML, like Gecko) Chrome/137.0.7151.103 Mobile Safari/537.36 (compatible; GoogleOther)"
204.12.252.98 - - [12/Jul/2025:18:56:37 -0400] "GET /wp-content/admin.php HTTP/1.1" 404 1251 "https://nas-yemen.org/wp-content/admin.php" "Mozilla/5.0 (Windows NT 10.0; Win64; x64) AppleWebKit/537.36 (KHTML, like Gecko) Chrome/58.0.3029.110 Safari/537.3"
