66.249.74.8 - - [12/Jul/2025:12:02:28 -0400] "GET /q-~298ttaEcocjbx29p6Lkxh2TX35yY4ZJPE12495/ HTTP/1.1" 404 1251 "-" "Mozilla/5.0 (Linux; Android 6.0.1; Nexus 5X Build/MMB29P) AppleWebKit/537.36 (KHTML, like Gecko) Chrome/137.0.7151.103 Mobile Safari/537.36 (compatible; GoogleOther)"
74.225.209.11 - - [12/Jul/2025:12:02:35 -0400] "GET /wp-includes/Text/ HTTP/1.1" 200 694 "binance.com" "Mozilla/5.0 (Windows NT 10.0; Win64; x64) AppleWebKit/537.36 (KHTML, like Gecko) Chrome/90.0.4430.85 Safari/537.36"
66.249.74.8 - - [12/Jul/2025:12:02:43 -0400] "GET /q-~151aCZw2zIl79MHUWgomdc8j8MKSeR6VK28384/ HTTP/1.1" 404 1251 "-" "Mozilla/5.0 (Linux; Android 6.0.1; Nexus 5X Build/MMB29P) AppleWebKit/537.36 (KHTML, like Gecko) Chrome/137.0.7151.103 Mobile Safari/537.36 (compatible; GoogleOther)"
74.225.209.11 - - [12/Jul/2025:12:02:44 -0400] "GET /wp-includes/Text/ HTTP/1.1" 200 694 "binance.com" "Mozilla/5.0 (Windows NT 10.0; Win64; x64) AppleWebKit/537.36 (KHTML, like Gecko) Chrome/90.0.4430.85 Safari/537.36"
66.249.74.8 - - [12/Jul/2025:12:02:57 -0400] "GET /q-~66mEiFqNpS2P1QpqrXM8el2zEG1nQg7f5911/ HTTP/1.1" 404 1251 "-" "Mozilla/5.0 (Linux; Android 6.0.1; Nexus 5X Build/MMB29P) AppleWebKit/537.36 (KHTML, like Gecko) Chrome/137.0.7151.103 Mobile Safari/537.36 (compatible; GoogleOther)"
74.225.209.11 - - [12/Jul/2025:12:02:58 -0400] "GET /wp-includes/Text/Diff/ HTTP/1.1" 200 686 "binance.com" "Mozilla/5.0 (Windows NT 10.0; Win64; x64) AppleWebKit/537.36 (KHTML, like Gecko) Chrome/90.0.4430.85 Safari/537.36"
66.249.74.8 - - [12/Jul/2025:12:03:00 -0400] "GET /q-~215kjjmqH7Lp4rHFuCvmUnQYBDsFfbwiq11640/ HTTP/1.1" 404 1251 "-" "Mozilla/5.0 (Linux; Android 6.0.1; Nexus 5X Build/MMB29P) AppleWebKit/537.36 (KHTML, like Gecko) Chrome/137.0.7151.103 Mobile Safari/537.36 (compatible; GoogleOther)"
47.82.60.29 - - [12/Jul/2025:12:03:03 -0400] "GET /wp-includes/sodium_compat/src/Core/AEGIS HTTP/1.1" 301 795 "https://nas-yemen.org/wp-includes/sodium_compat/src/Core/AEGIS" "Mozilla/5.0 (Windows NT 10.0; Win64; x64) AppleWebKit/537.36 (KHTML, like Gecko) Chrome/114.0.0.0 Safari/537.36 Edg/114.0.1823.43"
47.82.60.29 - - [12/Jul/2025:12:03:03 -0400] "GET /wp-includes/sodium_compat/src/Core/AEGIS/ HTTP/1.1" 200 675 "https://nas-yemen.org/wp-includes/sodium_compat/src/Core/AEGIS" "Mozilla/5.0 (Windows NT 10.0; Win64; x64) AppleWebKit/537.36 (KHTML, like Gecko) Chrome/114.0.0.0 Safari/537.36 Edg/114.0.1823.43"
74.225.209.11 - - [12/Jul/2025:12:03:07 -0400] "GET /wp-includes/Text/Diff/ HTTP/1.1" 200 686 "binance.com" "Mozilla/5.0 (Windows NT 10.0; Win64; x64) AppleWebKit/537.36 (KHTML, like Gecko) Chrome/90.0.4430.85 Safari/537.36"
66.249.74.8 - - [12/Jul/2025:12:03:12 -0400] "GET /items/taqcc173/22083?key=absence HTTP/1.1" 404 1251 "-" "Mozilla/5.0 (Linux; Android 6.0.1; Nexus 5X Build/MMB29P) AppleWebKit/537.36 (KHTML, like Gecko) Chrome/137.0.7151.103 Mobile Safari/537.36 (compatible; GoogleOther)"
74.225.209.11 - - [12/Jul/2025:12:03:16 -0400] "GET /wp-includes/Text/Diff/Engine/ HTTP/1.1" 200 697 "binance.com" "Mozilla/5.0 (Windows NT 10.0; Win64; x64) AppleWebKit/537.36 (KHTML, like Gecko) Chrome/90.0.4430.85 Safari/537.36"
66.249.74.8 - - [12/Jul/2025:12:03:17 -0400] "GET /q-~186vyGvIV4U2h6sDz2qdFs9KwhbQZaY9O34895/ HTTP/1.1" 404 1251 "-" "Mozilla/5.0 (Linux; Android 6.0.1; Nexus 5X Build/MMB29P) AppleWebKit/537.36 (KHTML, like Gecko) Chrome/137.0.7151.103 Mobile Safari/537.36 (compatible; GoogleOther)"
66.249.74.8 - - [12/Jul/2025:12:03:19 -0400] "GET /q-~234ALJUbd19yhMWsNEPyB5qdxmK60uHxr8517/ HTTP/1.1" 404 1251 "-" "Mozilla/5.0 (Linux; Android 6.0.1; Nexus 5X Build/MMB29P) AppleWebKit/537.36 (KHTML, like Gecko) Chrome/137.0.7151.103 Mobile Safari/537.36 (compatible; GoogleOther)"
66.249.74.8 - - [12/Jul/2025:12:03:22 -0400] "GET /items/zlqpu219/39189?key=butter HTTP/1.1" 404 1251 "-" "Mozilla/5.0 (Linux; Android 6.0.1; Nexus 5X Build/MMB29P) AppleWebKit/537.36 (KHTML, like Gecko) Chrome/137.0.7151.103 Mobile Safari/537.36 (compatible; Googlebot/2.1; +http://www.google.com/bot.html)"
74.225.209.11 - - [12/Jul/2025:12:03:25 -0400] "GET /wp-includes/Text/Diff/Engine/ HTTP/1.1" 200 697 "binance.com" "Mozilla/5.0 (Windows NT 10.0; Win64; x64) AppleWebKit/537.36 (KHTML, like Gecko) Chrome/90.0.4430.85 Safari/537.36"
66.249.74.8 - - [12/Jul/2025:12:03:27 -0400] "GET /items/squym63/20905?key=reduction HTTP/1.1" 404 1251 "-" "Mozilla/5.0 (Linux; Android 6.0.1; Nexus 5X Build/MMB29P) AppleWebKit/537.36 (KHTML, like Gecko) Chrome/137.0.7151.103 Mobile Safari/537.36 (compatible; GoogleOther)"
74.225.209.11 - - [12/Jul/2025:12:03:34 -0400] "GET /wp-includes/Text/Diff/Renderer/ HTTP/1.1" 200 631 "binance.com" "Mozilla/5.0 (Windows NT 10.0; Win64; x64) AppleWebKit/537.36 (KHTML, like Gecko) Chrome/90.0.4430.85 Safari/537.36"
66.249.74.8 - - [12/Jul/2025:12:03:38 -0400] "GET /q-~114BSjRtepxEVoQuekEbg4H2V6fSDSrAc27253/ HTTP/1.1" 404 1251 "-" "Mozilla/5.0 (Linux; Android 6.0.1; Nexus 5X Build/MMB29P) AppleWebKit/537.36 (KHTML, like Gecko) Chrome/137.0.7151.103 Mobile Safari/537.36 (compatible; Googlebot/2.1; +http://www.google.com/bot.html)"
66.249.74.8 - - [12/Jul/2025:12:03:39 -0400] "GET /q-~240czsCeQevoOScwDmYAd8Bf7V2NA8gqR39395/ HTTP/1.1" 404 1251 "-" "Mozilla/5.0 (Linux; Android 6.0.1; Nexus 5X Build/MMB29P) AppleWebKit/537.36 (KHTML, like Gecko) Chrome/137.0.7151.103 Mobile Safari/537.36 (compatible; GoogleOther)"
66.249.74.8 - - [12/Jul/2025:12:03:41 -0400] "GET /q-~153ZVypTHo3CiNAObTaeiOSg8COUKIdru21986/ HTTP/1.1" 404 1251 "-" "Mozilla/5.0 (compatible; Googlebot/2.1; +http://www.google.com/bot.html)"
66.249.74.8 - - [12/Jul/2025:12:03:42 -0400] "GET /q-~289JLua2PjksOA5BumlHSVc3Jj25ZhLyQ49738/ HTTP/1.1" 404 1251 "-" "Mozilla/5.0 (Linux; Android 6.0.1; Nexus 5X Build/MMB29P) AppleWebKit/537.36 (KHTML, like Gecko) Chrome/137.0.7151.103 Mobile Safari/537.36 (compatible; GoogleOther)"
74.225.209.11 - - [12/Jul/2025:12:03:45 -0400] "GET /wp-includes/Text/Diff/Renderer/ HTTP/1.1" 200 631 "binance.com" "Mozilla/5.0 (Windows NT 10.0; Win64; x64) AppleWebKit/537.36 (KHTML, like Gecko) Chrome/90.0.4430.85 Safari/537.36"
66.249.74.8 - - [12/Jul/2025:12:03:57 -0400] "GET /q-~251k5D3kKIIiJJQafYmzraMf9GmOO2R9K27262/ HTTP/1.1" 404 1251 "-" "Mozilla/5.0 (Linux; Android 6.0.1; Nexus 5X Build/MMB29P) AppleWebKit/537.36 (KHTML, like Gecko) Chrome/137.0.7151.103 Mobile Safari/537.36 (compatible; GoogleOther)"
74.225.209.11 - - [12/Jul/2025:12:03:57 -0400] "GET /wp-includes/blocks/ HTTP/1.1" 200 6 "binance.com" "Mozilla/5.0 (Windows NT 10.0; Win64; x64) AppleWebKit/537.36 (KHTML, like Gecko) Chrome/90.0.4430.85 Safari/537.36"
74.225.209.11 - - [12/Jul/2025:12:04:07 -0400] "GET /wp-includes/pomo/ HTTP/1.1" 200 1023 "binance.com" "Mozilla/5.0 (Windows NT 10.0; Win64; x64) AppleWebKit/537.36 (KHTML, like Gecko) Chrome/90.0.4430.85 Safari/537.36"
66.249.74.9 - - [12/Jul/2025:12:04:12 -0400] "GET /q-~166eALacZVDhli0DI2MLEmYou472lvImS39109/ HTTP/1.1" 404 1251 "-" "Mozilla/5.0 (Linux; Android 6.0.1; Nexus 5X Build/MMB29P) AppleWebKit/537.36 (KHTML, like Gecko) Chrome/137.0.7151.103 Mobile Safari/537.36 (compatible; GoogleOther)"
66.249.74.9 - - [12/Jul/2025:12:04:16 -0400] "GET /view/ HTTP/1.1" 404 1251 "-" "Googlebot/2.1 (+http://www.google.com/bot.html)"
74.225.209.11 - - [12/Jul/2025:12:04:17 -0400] "GET /wp-includes/pomo/ HTTP/1.1" 200 1023 "binance.com" "Mozilla/5.0 (Windows NT 10.0; Win64; x64) AppleWebKit/537.36 (KHTML, like Gecko) Chrome/90.0.4430.85 Safari/537.36"
66.249.74.8 - - [12/Jul/2025:12:04:22 -0400] "GET /q-~4SNJOHG1Jav305WGcMXY4RV1vstiRqr19709/ HTTP/1.1" 404 1251 "-" "Mozilla/5.0 (Linux; Android 6.0.1; Nexus 5X Build/MMB29P) AppleWebKit/537.36 (KHTML, like Gecko) Chrome/137.0.7151.103 Mobile Safari/537.36 (compatible; GoogleOther)"
66.249.74.8 - - [12/Jul/2025:12:04:26 -0400] "GET /q-~44E0m17Ns63RJvLEphpMjtQrbnQJN4tK23239/ HTTP/1.1" 404 1251 "-" "Mozilla/5.0 (Linux; Android 6.0.1; Nexus 5X Build/MMB29P) AppleWebKit/537.36 (KHTML, like Gecko) Chrome/137.0.7151.103 Mobile Safari/537.36 (compatible; GoogleOther)"
74.225.209.11 - - [12/Jul/2025:12:04:37 -0400] "GET /wp-includes/sitemaps/ HTTP/1.1" 200 1059 "binance.com" "Mozilla/5.0 (Windows NT 10.0; Win64; x64) AppleWebKit/537.36 (KHTML, like Gecko) Chrome/90.0.4430.85 Safari/537.36"
66.249.74.8 - - [12/Jul/2025:12:04:41 -0400] "GET /items/dwtzb195/17293?key=cool HTTP/1.1" 404 1251 "-" "Mozilla/5.0 (Linux; Android 6.0.1; Nexus 5X Build/MMB29P) AppleWebKit/537.36 (KHTML, like Gecko) Chrome/137.0.7151.103 Mobile Safari/537.36 (compatible; GoogleOther)"
74.225.209.11 - - [12/Jul/2025:12:04:46 -0400] "GET /wp-includes/sitemaps/ HTTP/1.1" 200 1059 "binance.com" "Mozilla/5.0 (Windows NT 10.0; Win64; x64) AppleWebKit/537.36 (KHTML, like Gecko) Chrome/90.0.4430.85 Safari/537.36"
74.225.209.11 - - [12/Jul/2025:12:04:55 -0400] "GET /wp-includes/sitemaps/providers/ HTTP/1.1" 200 688 "binance.com" "Mozilla/5.0 (Windows NT 10.0; Win64; x64) AppleWebKit/537.36 (KHTML, like Gecko) Chrome/90.0.4430.85 Safari/537.36"
66.249.74.8 - - [12/Jul/2025:12:04:56 -0400] "GET /q-~204embT3XxT77PIaE841sfThlxZ0RNPhX14881/ HTTP/1.1" 404 1251 "-" "Mozilla/5.0 (Linux; Android 6.0.1; Nexus 5X Build/MMB29P) AppleWebKit/537.36 (KHTML, like Gecko) Chrome/137.0.7151.103 Mobile Safari/537.36 (compatible; GoogleOther)"
74.225.209.11 - - [12/Jul/2025:12:05:04 -0400] "GET /wp-includes/sitemaps/providers/ HTTP/1.1" 200 688 "binance.com" "Mozilla/5.0 (Windows NT 10.0; Win64; x64) AppleWebKit/537.36 (KHTML, like Gecko) Chrome/90.0.4430.85 Safari/537.36"
66.249.74.8 - - [12/Jul/2025:12:05:04 -0400] "GET /q-~7iDw1UrDeUL3pBgOejuydh12lq7ey8v448/ HTTP/1.1" 404 1251 "-" "Mozilla/5.0 (Linux; Android 6.0.1; Nexus 5X Build/MMB29P) AppleWebKit/537.36 (KHTML, like Gecko) Chrome/137.0.7151.103 Mobile Safari/537.36 (compatible; GoogleOther)"
66.249.74.8 - - [12/Jul/2025:12:05:10 -0400] "GET /items/yurhy38/46650?key=arrangement HTTP/1.1" 404 1251 "-" "Mozilla/5.0 (Linux; Android 6.0.1; Nexus 5X Build/MMB29P) AppleWebKit/537.36 (KHTML, like Gecko) Chrome/137.0.7151.103 Mobile Safari/537.36 (compatible; GoogleOther)"
74.225.209.11 - - [12/Jul/2025:12:05:15 -0400] "GET /wp-includes/widgets/ HTTP/1.1" 200 1344 "binance.com" "Mozilla/5.0 (Windows NT 10.0; Win64; x64) AppleWebKit/537.36 (KHTML, like Gecko) Chrome/90.0.4430.85 Safari/537.36"
66.249.74.8 - - [12/Jul/2025:12:05:25 -0400] "GET /items/qqiod236/28130?key=forehead HTTP/1.1" 404 1251 "-" "Mozilla/5.0 (Linux; Android 6.0.1; Nexus 5X Build/MMB29P) AppleWebKit/537.36 (KHTML, like Gecko) Chrome/137.0.7151.103 Mobile Safari/537.36 (compatible; GoogleOther)"
74.225.209.11 - - [12/Jul/2025:12:05:31 -0400] "GET /wp-includes/widgets/ HTTP/1.1" 200 1344 "binance.com" "Mozilla/5.0 (Windows NT 10.0; Win64; x64) AppleWebKit/537.36 (KHTML, like Gecko) Chrome/90.0.4430.85 Safari/537.36"
66.249.74.8 - - [12/Jul/2025:12:05:32 -0400] "GET /q-~75RT14ygoLa5b5xHurM9QHqga7ePG67a28186/ HTTP/1.1" 404 1251 "-" "Mozilla/5.0 (compatible; Googlebot/2.1; +http://www.google.com/bot.html)"
66.249.74.8 - - [12/Jul/2025:12:05:38 -0400] "GET /q-~295KrghMALfJx3JEuQepDEvgpv7PXmbsE9062/ HTTP/1.1" 404 1251 "-" "Mozilla/5.0 (Linux; Android 6.0.1; Nexus 5X Build/MMB29P) AppleWebKit/537.36 (KHTML, like Gecko) Chrome/137.0.7151.103 Mobile Safari/537.36 (compatible; GoogleOther)"
74.225.209.11 - - [12/Jul/2025:12:05:38 -0400] "GET /wp-includes/widgets/class-wp-widget-block.php HTTP/1.1" 403 1242 "binance.com" "Mozilla/5.0 (Windows NT 10.0; Win64; x64) AppleWebKit/537.36 (KHTML, like Gecko) Chrome/90.0.4430.85 Safari/537.36"
66.249.74.8 - - [12/Jul/2025:12:05:41 -0400] "GET /items/srild99/46425?key=tribal HTTP/1.1" 404 1251 "-" "Mozilla/5.0 (Linux; Android 6.0.1; Nexus 5X Build/MMB29P) AppleWebKit/537.36 (KHTML, like Gecko) Chrome/137.0.7151.103 Mobile Safari/537.36 (compatible; GoogleOther)"
66.249.74.8 - - [12/Jul/2025:12:05:46 -0400] "GET /items/dcdwx25/31109?key=profit HTTP/1.1" 404 1251 "-" "Mozilla/5.0 (Linux; Android 6.0.1; Nexus 5X Build/MMB29P) AppleWebKit/537.36 (KHTML, like Gecko) Chrome/137.0.7151.103 Mobile Safari/537.36 (compatible; GoogleOther)"
74.225.209.11 - - [12/Jul/2025:12:05:46 -0400] "GET /wp-includes/css/ HTTP/1.1" 200 1698 "binance.com" "Mozilla/5.0 (Windows NT 10.0; Win64; x64) AppleWebKit/537.36 (KHTML, like Gecko) Chrome/90.0.4430.85 Safari/537.36"
66.249.74.8 - - [12/Jul/2025:12:05:55 -0400] "GET /items/kkpaw106/24668?key=conceive HTTP/1.1" 404 1251 "-" "Mozilla/5.0 (Linux; Android 6.0.1; Nexus 5X Build/MMB29P) AppleWebKit/537.36 (KHTML, like Gecko) Chrome/137.0.7151.103 Mobile Safari/537.36 (compatible; GoogleOther)"
74.225.209.11 - - [12/Jul/2025:12:05:56 -0400] "GET /wp-includes/css/dist/ HTTP/1.1" 200 1145 "binance.com" "Mozilla/5.0 (Windows NT 10.0; Win64; x64) AppleWebKit/537.36 (KHTML, like Gecko) Chrome/90.0.4430.85 Safari/537.36"
74.225.209.11 - - [12/Jul/2025:12:06:03 -0400] "GET /wp-includes/fonts/ HTTP/1.1" 200 1154 "binance.com" "Mozilla/5.0 (Windows NT 10.0; Win64; x64) AppleWebKit/537.36 (KHTML, like Gecko) Chrome/90.0.4430.85 Safari/537.36"
66.249.74.8 - - [12/Jul/2025:12:06:09 -0400] "GET /items/napsn150/22866?key=per HTTP/1.1" 404 1251 "-" "Mozilla/5.0 (Linux; Android 6.0.1; Nexus 5X Build/MMB29P) AppleWebKit/537.36 (KHTML, like Gecko) Chrome/137.0.7151.103 Mobile Safari/537.36 (compatible; GoogleOther)"
66.249.74.1 - - [12/Jul/2025:12:06:24 -0400] "GET /q-~37fkctu7OCLwp9J9Pj0qqoxmKdjP8Hkb2844/ HTTP/1.1" 404 1251 "-" "Mozilla/5.0 (Linux; Android 6.0.1; Nexus 5X Build/MMB29P) AppleWebKit/537.36 (KHTML, like Gecko) Chrome/137.0.7151.103 Mobile Safari/537.36 (compatible; GoogleOther)"
74.225.209.11 - - [12/Jul/2025:12:06:26 -0400] "GET /wp-includes/fonts/ HTTP/1.1" 200 1154 "binance.com" "Mozilla/5.0 (Windows NT 10.0; Win64; x64) AppleWebKit/537.36 (KHTML, like Gecko) Chrome/90.0.4430.85 Safari/537.36"
66.249.74.15 - - [12/Jul/2025:12:06:29 -0400] "GET /items/caiub165/43149?key=regard HTTP/1.1" 404 1251 "-" "Mozilla/5.0 (Linux; Android 6.0.1; Nexus 5X Build/MMB29P) AppleWebKit/537.36 (KHTML, like Gecko) Chrome/137.0.7151.103 Mobile Safari/537.36 (compatible; GoogleOther)"
74.225.209.11 - - [12/Jul/2025:12:06:36 -0400] "GET /wp-includes/fonts/class-wp-font-collection.php HTTP/1.1" 403 1242 "binance.com" "Mozilla/5.0 (Windows NT 10.0; Win64; x64) AppleWebKit/537.36 (KHTML, like Gecko) Chrome/90.0.4430.85 Safari/537.36"
66.249.74.15 - - [12/Jul/2025:12:06:39 -0400] "GET /items/mzfem38/43000?key=Latin HTTP/1.1" 404 1251 "-" "Mozilla/5.0 (Linux; Android 6.0.1; Nexus 5X Build/MMB29P) AppleWebKit/537.36 (KHTML, like Gecko) Chrome/137.0.7151.103 Mobile Safari/537.36 (compatible; GoogleOther)"
66.249.74.15 - - [12/Jul/2025:12:06:54 -0400] "GET /q-~12IwmiD0NuM9TLW15bQtzN65mMlfeGMZ33649/ HTTP/1.1" 404 1251 "-" "Mozilla/5.0 (Linux; Android 6.0.1; Nexus 5X Build/MMB29P) AppleWebKit/537.36 (KHTML, like Gecko) Chrome/137.0.7151.103 Mobile Safari/537.36 (compatible; GoogleOther)"
74.225.209.11 - - [12/Jul/2025:12:06:57 -0400] "GET /wp-includes/fonts/class-wp-font-face-resolver.php HTTP/1.1" 403 1242 "binance.com" "Mozilla/5.0 (Windows NT 10.0; Win64; x64) AppleWebKit/537.36 (KHTML, like Gecko) Chrome/90.0.4430.85 Safari/537.36"
74.225.209.11 - - [12/Jul/2025:12:07:05 -0400] "GET /wp-includes/fonts/class-wp-font-face.php HTTP/1.1" 403 1242 "binance.com" "Mozilla/5.0 (Windows NT 10.0; Win64; x64) AppleWebKit/537.36 (KHTML, like Gecko) Chrome/90.0.4430.85 Safari/537.36"
66.249.74.1 - - [12/Jul/2025:12:07:09 -0400] "GET /items/bgzly48/27776?key=participate HTTP/1.1" 404 1251 "-" "Mozilla/5.0 (Linux; Android 6.0.1; Nexus 5X Build/MMB29P) AppleWebKit/537.36 (KHTML, like Gecko) Chrome/137.0.7151.103 Mobile Safari/537.36 (compatible; GoogleOther)"
66.249.74.1 - - [12/Jul/2025:12:07:11 -0400] "GET /q-~226zoNLdrU6OabrciP0MaIsteOiHMCwJn17063/ HTTP/1.1" 404 1251 "-" "Mozilla/5.0 (Linux; Android 6.0.1; Nexus 5X Build/MMB29P) AppleWebKit/537.36 (KHTML, like Gecko) Chrome/137.0.7151.103 Mobile Safari/537.36 (compatible; GoogleOther)"
74.225.209.11 - - [12/Jul/2025:12:07:14 -0400] "GET /wp-includes/fonts/class-wp-font-library.php HTTP/1.1" 403 1242 "binance.com" "Mozilla/5.0 (Windows NT 10.0; Win64; x64) AppleWebKit/537.36 (KHTML, like Gecko) Chrome/90.0.4430.85 Safari/537.36"
66.249.74.15 - - [12/Jul/2025:12:07:23 -0400] "GET /items/xtyss24/34392?key=branch HTTP/1.1" 404 1251 "-" "Mozilla/5.0 (Linux; Android 6.0.1; Nexus 5X Build/MMB29P) AppleWebKit/537.36 (KHTML, like Gecko) Chrome/137.0.7151.103 Mobile Safari/537.36 (compatible; GoogleOther)"
74.225.209.11 - - [12/Jul/2025:12:07:25 -0400] "GET /wp-includes/fonts/class-wp-font-utils.php HTTP/1.1" 403 1242 "binance.com" "Mozilla/5.0 (Windows NT 10.0; Win64; x64) AppleWebKit/537.36 (KHTML, like Gecko) Chrome/90.0.4430.85 Safari/537.36"
74.225.209.11 - - [12/Jul/2025:12:07:35 -0400] "GET /wp-includes/images/ HTTP/1.1" 200 1444 "binance.com" "Mozilla/5.0 (Windows NT 10.0; Win64; x64) AppleWebKit/537.36 (KHTML, like Gecko) Chrome/90.0.4430.85 Safari/537.36"
66.249.74.15 - - [12/Jul/2025:12:07:38 -0400] "GET /q-~274BwNDkTmvFArAMWG2XXBLUBCkOdxwkK41253/ HTTP/1.1" 404 1251 "-" "Mozilla/5.0 (Linux; Android 6.0.1; Nexus 5X Build/MMB29P) AppleWebKit/537.36 (KHTML, like Gecko) Chrome/137.0.7151.103 Mobile Safari/537.36 (compatible; GoogleOther)"
74.225.209.11 - - [12/Jul/2025:12:07:42 -0400] "GET /wp-includes/images/crystal/ HTTP/1.1" 200 1125 "binance.com" "Mozilla/5.0 (Windows NT 10.0; Win64; x64) AppleWebKit/537.36 (KHTML, like Gecko) Chrome/90.0.4430.85 Safari/537.36"
74.225.209.11 - - [12/Jul/2025:12:07:49 -0400] "GET /wp-includes/images/media/ HTTP/1.1" 200 1197 "binance.com" "Mozilla/5.0 (Windows NT 10.0; Win64; x64) AppleWebKit/537.36 (KHTML, like Gecko) Chrome/90.0.4430.85 Safari/537.36"
66.249.74.15 - - [12/Jul/2025:12:07:53 -0400] "GET /q-~58MVRrhdz8ACNxJUYVe8xe9xMcXaazon21137/ HTTP/1.1" 404 1251 "-" "Mozilla/5.0 (Linux; Android 6.0.1; Nexus 5X Build/MMB29P) AppleWebKit/537.36 (KHTML, like Gecko) Chrome/137.0.7151.103 Mobile Safari/537.36 (compatible; GoogleOther)"
66.249.74.15 - - [12/Jul/2025:12:07:55 -0400] "GET /q-~127Bngeu5TnA2VHbcPnLIOdfcc3Bok23Q26882/ HTTP/1.1" 404 1251 "-" "Mozilla/5.0 (Linux; Android 6.0.1; Nexus 5X Build/MMB29P) AppleWebKit/537.36 (KHTML, like Gecko) Chrome/137.0.7151.103 Mobile Safari/537.36 (compatible; GoogleOther)"
74.225.209.11 - - [12/Jul/2025:12:07:57 -0400] "GET /wp-includes/images/smilies/ HTTP/1.1" 200 1363 "binance.com" "Mozilla/5.0 (Windows NT 10.0; Win64; x64) AppleWebKit/537.36 (KHTML, like Gecko) Chrome/90.0.4430.85 Safari/537.36"
74.225.209.11 - - [12/Jul/2025:12:08:06 -0400] "GET /wp-includes/images/wlw/ HTTP/1.1" 404 1251 "binance.com" "Mozilla/5.0 (Windows NT 10.0; Win64; x64) AppleWebKit/537.36 (KHTML, like Gecko) Chrome/90.0.4430.85 Safari/537.36"
66.249.74.2 - - [12/Jul/2025:12:08:08 -0400] "GET /items/jxtkv256/11780?key=meat HTTP/1.1" 404 1251 "-" "Mozilla/5.0 (Linux; Android 6.0.1; Nexus 5X Build/MMB29P) AppleWebKit/537.36 (KHTML, like Gecko) Chrome/137.0.7151.103 Mobile Safari/537.36 (compatible; GoogleOther)"
66.249.74.2 - - [12/Jul/2025:12:08:10 -0400] "GET /q-~7hfSlpW42yDxdRDWBdRE2DiSf3YY6Mc44392/ HTTP/1.1" 404 1251 "-" "Mozilla/5.0 (Linux; Android 6.0.1; Nexus 5X Build/MMB29P) AppleWebKit/537.36 (KHTML, like Gecko) Chrome/137.0.7151.103 Mobile Safari/537.36 (compatible; Googlebot/2.1; +http://www.google.com/bot.html)"
74.225.209.11 - - [12/Jul/2025:12:08:17 -0400] "GET /wp-includes/js/%20 HTTP/1.1" 404 1251 "binance.com" "Mozilla/5.0 (Windows NT 10.0; Win64; x64) AppleWebKit/537.36 (KHTML, like Gecko) Chrome/90.0.4430.85 Safari/537.36"
66.249.74.1 - - [12/Jul/2025:12:08:22 -0400] "GET /q-~33phO2Z8RpCK23ruNjv44H8LQCJFTW4P25472/ HTTP/1.1" 404 1251 "-" "Mozilla/5.0 (Linux; Android 6.0.1; Nexus 5X Build/MMB29P) AppleWebKit/537.36 (KHTML, like Gecko) Chrome/137.0.7151.103 Mobile Safari/537.36 (compatible; GoogleOther)"
74.225.209.11 - - [12/Jul/2025:12:08:26 -0400] "GET /wp-includes/js/codemirror/ HTTP/1.1" 200 1087 "binance.com" "Mozilla/5.0 (Windows NT 10.0; Win64; x64) AppleWebKit/537.36 (KHTML, like Gecko) Chrome/90.0.4430.85 Safari/537.36"
74.225.209.11 - - [12/Jul/2025:12:08:36 -0400] "GET /wp-includes/js/plupload/ HTTP/1.1" 200 1098 "binance.com" "Mozilla/5.0 (Windows NT 10.0; Win64; x64) AppleWebKit/537.36 (KHTML, like Gecko) Chrome/90.0.4430.85 Safari/537.36"
66.249.74.15 - - [12/Jul/2025:12:08:36 -0400] "GET /q-~255WieWXoyFxuts3vbXsdVisu9FM4LLHL13882/ HTTP/1.1" 404 1251 "-" "Mozilla/5.0 (Linux; Android 6.0.1; Nexus 5X Build/MMB29P) AppleWebKit/537.36 (KHTML, like Gecko) Chrome/137.0.7151.103 Mobile Safari/537.36 (compatible; GoogleOther)"
66.249.74.15 - - [12/Jul/2025:12:08:38 -0400] "GET /items/ogoxh120/18470?key=owe HTTP/1.1" 404 1251 "-" "Mozilla/5.0 (Linux; Android 6.0.1; Nexus 5X Build/MMB29P) AppleWebKit/537.36 (KHTML, like Gecko) Chrome/137.0.7151.103 Mobile Safari/537.36 (compatible; GoogleOther)"
74.225.209.11 - - [12/Jul/2025:12:08:46 -0400] "GET /.well-known/ HTTP/1.1" 404 1251 "binance.com" "Mozilla/5.0 (Windows NT 10.0; Win64; x64) AppleWebKit/537.36 (KHTML, like Gecko) Chrome/90.0.4430.85 Safari/537.36"
66.249.74.15 - - [12/Jul/2025:12:08:52 -0400] "GET /q-~92eqUo3wfH1aISu3nASEpnsVdJgHyBRg15355/ HTTP/1.1" 404 1251 "-" "Mozilla/5.0 (Linux; Android 6.0.1; Nexus 5X Build/MMB29P) AppleWebKit/537.36 (KHTML, like Gecko) Chrome/137.0.7151.103 Mobile Safari/537.36 (compatible; GoogleOther)"
66.249.74.15 - - [12/Jul/2025:12:09:02 -0400] "GET /items/xusrc81/5101?key=harassment HTTP/1.1" 404 1251 "-" "Mozilla/5.0 (Linux; Android 6.0.1; Nexus 5X Build/MMB29P) AppleWebKit/537.36 (KHTML, like Gecko) Chrome/137.0.7151.103 Mobile Safari/537.36 (compatible; GoogleOther)"
66.249.74.15 - - [12/Jul/2025:12:09:06 -0400] "GET /q-~110vrschyGybRlooMajNyNXBQaNCKAVYp34737/ HTTP/1.1" 404 1251 "-" "Mozilla/5.0 (Linux; Android 6.0.1; Nexus 5X Build/MMB29P) AppleWebKit/537.36 (KHTML, like Gecko) Chrome/137.0.7151.103 Mobile Safari/537.36 (compatible; GoogleOther)"
66.249.74.15 - - [12/Jul/2025:12:09:17 -0400] "GET /q-~116QiVkQi0F2EnRNWkbZwR4GMgui7zMIv32239/ HTTP/1.1" 404 1251 "-" "Mozilla/5.0 (Linux; Android 6.0.1; Nexus 5X Build/MMB29P) AppleWebKit/537.36 (KHTML, like Gecko) Chrome/137.0.7151.103 Mobile Safari/537.36 (compatible; GoogleOther)"
66.249.74.15 - - [12/Jul/2025:12:09:19 -0400] "GET /q-~18X5mBbse9iL2JmKzDkMi9In5d3Vj0cI47925/ HTTP/1.1" 404 1251 "-" "Mozilla/5.0 (Linux; Android 6.0.1; Nexus 5X Build/MMB29P) AppleWebKit/537.36 (KHTML, like Gecko) Chrome/137.0.7151.103 Mobile Safari/537.36 (compatible; GoogleOther)"
66.249.74.15 - - [12/Jul/2025:12:09:22 -0400] "GET /items/zkwoq86/4470?key=actor HTTP/1.1" 404 1251 "-" "Mozilla/5.0 (Linux; Android 6.0.1; Nexus 5X Build/MMB29P) AppleWebKit/537.36 (KHTML, like Gecko) Chrome/137.0.7151.103 Mobile Safari/537.36 (compatible; GoogleOther)"
66.249.74.15 - - [12/Jul/2025:12:09:30 -0400] "GET /items/eeefv145/31191?key=laser HTTP/1.1" 404 1251 "-" "Mozilla/5.0 (Linux; Android 6.0.1; Nexus 5X Build/MMB29P) AppleWebKit/537.36 (KHTML, like Gecko) Chrome/137.0.7151.103 Mobile Safari/537.36 (compatible; GoogleOther)"
66.249.74.15 - - [12/Jul/2025:12:09:36 -0400] "GET /q-~64IU2GUpqqQUWp5WzbZEuRDGD1qI6r2f36597/ HTTP/1.1" 404 1251 "-" "Mozilla/5.0 (Linux; Android 6.0.1; Nexus 5X Build/MMB29P) AppleWebKit/537.36 (KHTML, like Gecko) Chrome/137.0.7151.103 Mobile Safari/537.36 (compatible; GoogleOther)"
66.249.74.15 - - [12/Jul/2025:12:09:47 -0400] "GET /q-~71kDWbhbFm5mfus18A4aXvqC8yl8vN1Z3596/ HTTP/1.1" 404 1251 "-" "Mozilla/5.0 (compatible; Googlebot/2.1; +http://www.google.com/bot.html)"
66.249.74.15 - - [12/Jul/2025:12:09:47 -0400] "GET /items/syura273/9341?key=physics HTTP/1.1" 404 1251 "-" "Mozilla/5.0 (compatible; Googlebot/2.1; +http://www.google.com/bot.html)"
66.249.74.15 - - [12/Jul/2025:12:09:51 -0400] "GET /q-~164JI0jx7hz69dQHrk2wlie7rSyQoTgRV8205/ HTTP/1.1" 404 1251 "-" "Mozilla/5.0 (Linux; Android 6.0.1; Nexus 5X Build/MMB29P) AppleWebKit/537.36 (KHTML, like Gecko) Chrome/137.0.7151.103 Mobile Safari/537.36 (compatible; GoogleOther)"
69.197.135.226 - - [12/Jul/2025:12:09:53 -0400] "GET /wp-content/admin.php HTTP/1.1" 404 1251 "https://nas-yemen.org/wp-content/admin.php" "Mozilla/5.0 (Windows NT 10.0; Win64; x64) AppleWebKit/537.36 (KHTML, like Gecko) Chrome/58.0.3029.110 Safari/537.3"
66.249.74.1 - - [12/Jul/2025:12:10:01 -0400] "GET /q-~106K8mpNOF1aHvS2lP6gPud55YQiMc9wu27513/ HTTP/1.1" 404 1251 "-" "Mozilla/5.0 (Linux; Android 6.0.1; Nexus 5X Build/MMB29P) AppleWebKit/537.36 (KHTML, like Gecko) Chrome/137.0.7151.103 Mobile Safari/537.36 (compatible; GoogleOther)"
66.249.74.15 - - [12/Jul/2025:12:10:06 -0400] "GET /q-~269e3RR5hBy6aZ3K28AGDjFQeLnLXTetA49522/ HTTP/1.1" 404 1251 "-" "Mozilla/5.0 (Linux; Android 6.0.1; Nexus 5X Build/MMB29P) AppleWebKit/537.36 (KHTML, like Gecko) Chrome/137.0.7151.103 Mobile Safari/537.36 (compatible; GoogleOther)"
66.249.74.15 - - [12/Jul/2025:12:10:20 -0400] "GET /q-~158r9nFAsZzLKSZPTSgJsW13hARv1SZIK8743/ HTTP/1.1" 404 1251 "-" "Mozilla/5.0 (Linux; Android 6.0.1; Nexus 5X Build/MMB29P) AppleWebKit/537.36 (KHTML, like Gecko) Chrome/137.0.7151.103 Mobile Safari/537.36 (compatible; GoogleOther)"
66.249.74.15 - - [12/Jul/2025:12:10:25 -0400] "GET /items/nikpi15/15517?key=train HTTP/1.1" 404 1251 "-" "Mozilla/5.0 (Linux; Android 6.0.1; Nexus 5X Build/MMB29P) AppleWebKit/537.36 (KHTML, like Gecko) Chrome/137.0.7151.103 Mobile Safari/537.36 (compatible; GoogleOther)"
66.249.74.15 - - [12/Jul/2025:12:10:27 -0400] "GET /q-~31lgHm5qZb76iLcRDDAmqzUXNFvyZfSO39564/ HTTP/1.1" 404 1251 "-" "Mozilla/5.0 (Linux; Android 6.0.1; Nexus 5X Build/MMB29P) AppleWebKit/537.36 (KHTML, like Gecko) Chrome/137.0.7151.103 Mobile Safari/537.36 (compatible; GoogleOther)"
66.249.74.15 - - [12/Jul/2025:12:10:30 -0400] "GET /q-~166xN5lXtmJzvwOGPrzn7xSHLmwFC9wWf25039/ HTTP/1.1" 404 1251 "-" "Mozilla/5.0 (Linux; Android 6.0.1; Nexus 5X Build/MMB29P) AppleWebKit/537.36 (KHTML, like Gecko) Chrome/137.0.7151.103 Mobile Safari/537.36 (compatible; GoogleOther)"
66.249.74.15 - - [12/Jul/2025:12:10:35 -0400] "GET /items/eplnv178/11782?key=skip HTTP/1.1" 404 1251 "-" "Mozilla/5.0 (Linux; Android 6.0.1; Nexus 5X Build/MMB29P) AppleWebKit/537.36 (KHTML, like Gecko) Chrome/137.0.7151.103 Mobile Safari/537.36 (compatible; GoogleOther)"
66.249.74.15 - - [12/Jul/2025:12:10:39 -0400] "GET /q-~300nRDUId3RECOxMgswRck8buVqp6Gn9r38129/ HTTP/1.1" 404 1251 "-" "Mozilla/5.0 (Linux; Android 6.0.1; Nexus 5X Build/MMB29P) AppleWebKit/537.36 (KHTML, like Gecko) Chrome/137.0.7151.103 Mobile Safari/537.36 (compatible; GoogleOther)"
66.249.74.15 - - [12/Jul/2025:12:10:43 -0400] "GET /q-~15WejaBY5a4PeQJRQTk9JuhhJd2cyJAb41290/ HTTP/1.1" 404 1251 "-" "Mozilla/5.0 (Linux; Android 6.0.1; Nexus 5X Build/MMB29P) AppleWebKit/537.36 (KHTML, like Gecko) Chrome/137.0.7151.103 Mobile Safari/537.36 (compatible; GoogleOther)"
66.249.74.15 - - [12/Jul/2025:12:10:50 -0400] "GET /items/hcmee258/15890?key=triumph HTTP/1.1" 404 1251 "-" "Mozilla/5.0 (Linux; Android 6.0.1; Nexus 5X Build/MMB29P) AppleWebKit/537.36 (KHTML, like Gecko) Chrome/137.0.7151.103 Mobile Safari/537.36 (compatible; GoogleOther)"
66.249.74.15 - - [12/Jul/2025:12:10:56 -0400] "GET /items/scnfy227/45435?key=hint HTTP/1.1" 404 1251 "-" "Mozilla/5.0 (compatible; Googlebot/2.1; +http://www.google.com/bot.html)"
66.249.74.15 - - [12/Jul/2025:12:11:04 -0400] "GET /q-~248lpPBcIW7gmvlAvGVLGAQV0w7CzeBCs36273/ HTTP/1.1" 404 1251 "-" "Mozilla/5.0 (Linux; Android 6.0.1; Nexus 5X Build/MMB29P) AppleWebKit/537.36 (KHTML, like Gecko) Chrome/137.0.7151.103 Mobile Safari/537.36 (compatible; GoogleOther)"
66.249.74.15 - - [12/Jul/2025:12:11:07 -0400] "GET /q-~104GjCG8jZx4GHaB98ep7BT2Tw5fk1KFA14449/ HTTP/1.1" 404 1251 "-" "Mozilla/5.0 (Linux; Android 6.0.1; Nexus 5X Build/MMB29P) AppleWebKit/537.36 (KHTML, like Gecko) Chrome/137.0.7151.103 Mobile Safari/537.36 (compatible; GoogleOther)"
66.249.74.15 - - [12/Jul/2025:12:11:21 -0400] "GET /q-~55TM7ALsK6WyhUABvjHDmfKKMtPxht3j14696/ HTTP/1.1" 404 1251 "-" "Mozilla/5.0 (Linux; Android 6.0.1; Nexus 5X Build/MMB29P) AppleWebKit/537.36 (KHTML, like Gecko) Chrome/137.0.7151.103 Mobile Safari/537.36 (compatible; GoogleOther)"
66.249.74.15 - - [12/Jul/2025:12:11:25 -0400] "GET /q-~233KJ49ukumVYuKgNzV7zcyiWjAcQwW7Z29132/ HTTP/1.1" 404 1251 "-" "Mozilla/5.0 (Linux; Android 6.0.1; Nexus 5X Build/MMB29P) AppleWebKit/537.36 (KHTML, like Gecko) Chrome/137.0.7151.103 Mobile Safari/537.36 (compatible; GoogleOther)"
66.249.74.15 - - [12/Jul/2025:12:11:34 -0400] "GET /q-~130YXTti0HmXpDHIj37ZdL5KRosbLpyoA16257/ HTTP/1.1" 404 1251 "-" "Mozilla/5.0 (Linux; Android 6.0.1; Nexus 5X Build/MMB29P) AppleWebKit/537.36 (KHTML, like Gecko) Chrome/137.0.7151.103 Mobile Safari/537.36 (compatible; GoogleOther)"
66.249.74.15 - - [12/Jul/2025:12:11:48 -0400] "GET /items/ofiyb235/24967?key=offense HTTP/1.1" 404 1251 "-" "Mozilla/5.0 (Linux; Android 6.0.1; Nexus 5X Build/MMB29P) AppleWebKit/537.36 (KHTML, like Gecko) Chrome/137.0.7151.103 Mobile Safari/537.36 (compatible; Googlebot/2.1; +http://www.google.com/bot.html)"
66.249.74.15 - - [12/Jul/2025:12:11:49 -0400] "GET /q-~214r9nFAsZzLKSZPTSgJsW13hARv1SZIK8687/ HTTP/1.1" 404 1251 "-" "Mozilla/5.0 (Linux; Android 6.0.1; Nexus 5X Build/MMB29P) AppleWebKit/537.36 (KHTML, like Gecko) Chrome/137.0.7151.103 Mobile Safari/537.36 (compatible; GoogleOther)"
66.249.74.2 - - [12/Jul/2025:12:12:04 -0400] "GET /items/cikop15/6467?key=near HTTP/1.1" 404 1251 "-" "Mozilla/5.0 (Linux; Android 6.0.1; Nexus 5X Build/MMB29P) AppleWebKit/537.36 (KHTML, like Gecko) Chrome/137.0.7151.103 Mobile Safari/537.36 (compatible; GoogleOther)"
66.249.74.15 - - [12/Jul/2025:12:12:08 -0400] "GET /q-~57sPaAifuktsA5YYnm5R3Z3s8yBfS4yG18712/ HTTP/1.1" 404 1251 "-" "Mozilla/5.0 (Linux; Android 6.0.1; Nexus 5X Build/MMB29P) AppleWebKit/537.36 (KHTML, like Gecko) Chrome/137.0.7151.103 Mobile Safari/537.36 (compatible; GoogleOther)"
66.249.74.15 - - [12/Jul/2025:12:12:18 -0400] "GET /items/lgdjh181/36527?key=earthquake HTTP/1.1" 404 1251 "-" "Mozilla/5.0 (Linux; Android 6.0.1; Nexus 5X Build/MMB29P) AppleWebKit/537.36 (KHTML, like Gecko) Chrome/137.0.7151.103 Mobile Safari/537.36 (compatible; GoogleOther)"
47.82.60.76 - - [12/Jul/2025:12:12:27 -0400] "GET /wp-includes/sodium_compat/src/Core32/Curve25519/Fe.php HTTP/1.1" 403 1242 "https://www.nas-yemen.org/wp-includes/sodium_compat/src/Core32/Curve25519/Fe.php" "Mozilla/5.0 (Windows NT 10.0; Win64; x64) AppleWebKit/537.36 (KHTML, like Gecko) Chrome/114.0.0.0 Safari/537.36 Edg/114.0.1823.43"
173.239.254.204 - - [12/Jul/2025:12:12:28 -0400] "GET /.env HTTP/1.1" 404 1251 "-" "Mozilla/5.0 (Macintosh; Intel Mac OS X 10.15; rv:77.0) Gecko/20100101 Firefox/77.0"
193.19.109.55 - - [12/Jul/2025:12:12:29 -0400] "GET /wp-content/ HTTP/1.1" 200 0 "-" "Mozilla/5.0 (Macintosh; Intel Mac OS X 10.15; rv:77.0) Gecko/20100101 Firefox/77.0"
66.249.74.15 - - [12/Jul/2025:12:12:33 -0400] "GET /q-~174T4johbe9pz4IZB4wEieBXlL8CkQsZO7337/ HTTP/1.1" 404 1251 "-" "Mozilla/5.0 (Linux; Android 6.0.1; Nexus 5X Build/MMB29P) AppleWebKit/537.36 (KHTML, like Gecko) Chrome/137.0.7151.103 Mobile Safari/537.36 (compatible; GoogleOther)"
66.249.74.15 - - [12/Jul/2025:12:12:48 -0400] "GET /q-~245yzAFVsZtORsRXJ0RKnW1tImx7Zqlev2698/ HTTP/1.1" 404 1251 "-" "Mozilla/5.0 (Linux; Android 6.0.1; Nexus 5X Build/MMB29P) AppleWebKit/537.36 (KHTML, like Gecko) Chrome/137.0.7151.103 Mobile Safari/537.36 (compatible; GoogleOther)"
47.82.60.96 - - [12/Jul/2025:12:12:50 -0400] "GET /q-~79DMhTPwDeoYxp212atOnnOaS4nxdFjF12790/ HTTP/1.1" 404 1251 "https://nas-yemen.org/q-~79DMhTPwDeoYxp212atOnnOaS4nxdFjF12790/" "Mozilla/5.0 (Windows NT 10.0; Win64; x64) AppleWebKit/537.36 (KHTML, like Gecko) Chrome/114.0.0.0 Safari/537.36 Edg/114.0.1823.43"
66.249.74.15 - - [12/Jul/2025:12:12:50 -0400] "GET /q-~32BiF3gAy35SSlPyBB6ujcYNcd8cIzyb49815/ HTTP/1.1" 404 1251 "-" "Mozilla/5.0 (Linux; Android 6.0.1; Nexus 5X Build/MMB29P) AppleWebKit/537.36 (KHTML, like Gecko) Chrome/137.0.7151.103 Mobile Safari/537.36 (compatible; GoogleOther)"
66.249.74.15 - - [12/Jul/2025:12:12:53 -0400] "GET /q-~89WYoJSBHY9sssJajywSWMpawSN6I7zd49202/ HTTP/1.1" 404 1251 "-" "Mozilla/5.0 (Linux; Android 6.0.1; Nexus 5X Build/MMB29P) AppleWebKit/537.36 (KHTML, like Gecko) Chrome/137.0.7151.103 Mobile Safari/537.36 (compatible; GoogleOther)"
66.249.74.15 - - [12/Jul/2025:12:12:57 -0400] "GET /q-~155q1FFF8DU1gG036Nw3eERp4MRsI9FuD15976/ HTTP/1.1" 404 1251 "-" "Mozilla/5.0 (Linux; Android 6.0.1; Nexus 5X Build/MMB29P) AppleWebKit/537.36 (KHTML, like Gecko) Chrome/137.0.7151.103 Mobile Safari/537.36 (compatible; GoogleOther)"
66.249.74.1 - - [12/Jul/2025:12:13:03 -0400] "GET /q-~291ghQckVGaNA6msjJwmKg39wF19709SO6330/ HTTP/1.1" 404 1251 "-" "Mozilla/5.0 (Linux; Android 6.0.1; Nexus 5X Build/MMB29P) AppleWebKit/537.36 (KHTML, like Gecko) Chrome/137.0.7151.103 Mobile Safari/537.36 (compatible; GoogleOther)"
66.249.74.1 - - [12/Jul/2025:12:13:17 -0400] "GET /items/lxrsz129/14873?key=blast HTTP/1.1" 404 1251 "-" "Mozilla/5.0 (Linux; Android 6.0.1; Nexus 5X Build/MMB29P) AppleWebKit/537.36 (KHTML, like Gecko) Chrome/137.0.7151.103 Mobile Safari/537.36 (compatible; GoogleOther)"
66.249.74.15 - - [12/Jul/2025:12:13:32 -0400] "GET /q-~11C9gImNcvQHYreGLtaLfE4ehkTFDPCQ42902/ HTTP/1.1" 404 1251 "-" "Mozilla/5.0 (Linux; Android 6.0.1; Nexus 5X Build/MMB29P) AppleWebKit/537.36 (KHTML, like Gecko) Chrome/137.0.7151.103 Mobile Safari/537.36 (compatible; GoogleOther)"
66.249.74.15 - - [12/Jul/2025:12:13:35 -0400] "GET /q-~133A9CiwyFIEdGMxIE1FCGig7bhhn26KU12410/ HTTP/1.1" 404 1251 "-" "Mozilla/5.0 (Linux; Android 6.0.1; Nexus 5X Build/MMB29P) AppleWebKit/537.36 (KHTML, like Gecko) Chrome/137.0.7151.103 Mobile Safari/537.36 (compatible; GoogleOther)"
66.249.74.15 - - [12/Jul/2025:12:13:47 -0400] "GET /q-~36QLexGkOjri5Uu7oWJLNioZWK1Ez0oY48513/ HTTP/1.1" 404 1251 "-" "Mozilla/5.0 (Linux; Android 6.0.1; Nexus 5X Build/MMB29P) AppleWebKit/537.36 (KHTML, like Gecko) Chrome/137.0.7151.103 Mobile Safari/537.36 (compatible; GoogleOther)"
47.82.60.60 - - [12/Jul/2025:12:13:55 -0400] "GET /wp-includes/sodium_compat/namespaced/Core/ChaCha20 HTTP/1.1" 301 795 "https://nas-yemen.org/wp-includes/sodium_compat/namespaced/Core/ChaCha20" "Mozilla/5.0 (Windows NT 10.0; Win64; x64) AppleWebKit/537.36 (KHTML, like Gecko) Chrome/114.0.0.0 Safari/537.36 Edg/114.0.1823.43"
47.82.60.60 - - [12/Jul/2025:12:13:55 -0400] "GET /wp-includes/sodium_compat/namespaced/Core/ChaCha20/ HTTP/1.1" 200 674 "https://nas-yemen.org/wp-includes/sodium_compat/namespaced/Core/ChaCha20" "Mozilla/5.0 (Windows NT 10.0; Win64; x64) AppleWebKit/537.36 (KHTML, like Gecko) Chrome/114.0.0.0 Safari/537.36 Edg/114.0.1823.43"
66.249.74.15 - - [12/Jul/2025:12:14:02 -0400] "GET /items/lspij67/22711?key=fall HTTP/1.1" 404 1251 "-" "Mozilla/5.0 (Linux; Android 6.0.1; Nexus 5X Build/MMB29P) AppleWebKit/537.36 (KHTML, like Gecko) Chrome/137.0.7151.103 Mobile Safari/537.36 (compatible; GoogleOther)"
66.249.74.15 - - [12/Jul/2025:12:14:15 -0400] "GET /q-~203rw7i0D8lMrzY9CKD6oh8faKX23x86F24472/ HTTP/1.1" 404 1251 "-" "Mozilla/5.0 (Linux; Android 6.0.1; Nexus 5X Build/MMB29P) AppleWebKit/537.36 (KHTML, like Gecko) Chrome/137.0.7151.103 Mobile Safari/537.36 (compatible; GoogleOther)"
66.249.74.15 - - [12/Jul/2025:12:14:16 -0400] "GET /q-~111RhlpTDPhsXmqyxoPVAiB7jSh8cB25E7536/ HTTP/1.1" 404 1251 "-" "Mozilla/5.0 (compatible; Googlebot/2.1; +http://www.google.com/bot.html)"
66.249.74.1 - - [12/Jul/2025:12:14:17 -0400] "GET /q-~292m5IxUItNxwBwJBIA8rtPTbJ8FFqk8U2291/ HTTP/1.1" 404 1251 "-" "Mozilla/5.0 (Linux; Android 6.0.1; Nexus 5X Build/MMB29P) AppleWebKit/537.36 (KHTML, like Gecko) Chrome/137.0.7151.103 Mobile Safari/537.36 (compatible; GoogleOther)"
66.249.74.15 - - [12/Jul/2025:12:14:31 -0400] "GET /q-~271ACDvimSteiDyon0EIUKoJlnekVN0LW32708/ HTTP/1.1" 404 1251 "-" "Mozilla/5.0 (Linux; Android 6.0.1; Nexus 5X Build/MMB29P) AppleWebKit/537.36 (KHTML, like Gecko) Chrome/137.0.7151.103 Mobile Safari/537.36 (compatible; GoogleOther)"
66.249.74.15 - - [12/Jul/2025:12:14:46 -0400] "GET /q-~118dV09mRwbI4s2THUKKYaJJu5YZV6quQ9875/ HTTP/1.1" 404 1251 "-" "Mozilla/5.0 (Linux; Android 6.0.1; Nexus 5X Build/MMB29P) AppleWebKit/537.36 (KHTML, like Gecko) Chrome/137.0.7151.103 Mobile Safari/537.36 (compatible; GoogleOther)"
66.249.74.15 - - [12/Jul/2025:12:14:57 -0400] "GET /items/tkbbf234/32812?key=almost HTTP/1.1" 404 1251 "-" "Mozilla/5.0 (Linux; Android 6.0.1; Nexus 5X Build/MMB29P) AppleWebKit/537.36 (KHTML, like Gecko) Chrome/137.0.7151.103 Mobile Safari/537.36 (compatible; GoogleOther)"
66.249.74.15 - - [12/Jul/2025:12:15:01 -0400] "GET /q-~195X9olQxOd39vgSVKKJ9ia04dcFeSutE20888/ HTTP/1.1" 404 1251 "-" "Mozilla/5.0 (Linux; Android 6.0.1; Nexus 5X Build/MMB29P) AppleWebKit/537.36 (KHTML, like Gecko) Chrome/137.0.7151.103 Mobile Safari/537.36 (compatible; GoogleOther)"
66.249.74.15 - - [12/Jul/2025:12:15:17 -0400] "GET /q-~21D95eVYVgw9UJaQIwAYlwBfQky6kxvE41272/ HTTP/1.1" 404 1251 "-" "Mozilla/5.0 (Linux; Android 6.0.1; Nexus 5X Build/MMB29P) AppleWebKit/537.36 (KHTML, like Gecko) Chrome/137.0.7151.103 Mobile Safari/537.36 (compatible; GoogleOther)"
66.249.74.15 - - [12/Jul/2025:12:15:30 -0400] "GET /items/hywij55/6587?key=season HTTP/1.1" 404 1251 "-" "Mozilla/5.0 (Linux; Android 6.0.1; Nexus 5X Build/MMB29P) AppleWebKit/537.36 (KHTML, like Gecko) Chrome/137.0.7151.103 Mobile Safari/537.36 (compatible; GoogleOther)"
66.249.74.15 - - [12/Jul/2025:12:15:35 -0400] "GET /q-~265ouNBWP7D2uKS09OiQkkEQ03w8CiaDq16864/ HTTP/1.1" 404 1251 "-" "Mozilla/5.0 (Linux; Android 6.0.1; Nexus 5X Build/MMB29P) AppleWebKit/537.36 (KHTML, like Gecko) Chrome/137.0.7151.103 Mobile Safari/537.36 (compatible; Googlebot/2.1; +http://www.google.com/bot.html)"
47.82.60.6 - - [12/Jul/2025:12:15:39 -0400] "GET /wp-includes/sodium_compat/namespaced/Core/ChaCha20/Ctx.php HTTP/1.1" 403 1242 "https://www.nas-yemen.org/wp-includes/sodium_compat/namespaced/Core/ChaCha20/Ctx.php" "Mozilla/5.0 (Windows NT 10.0; Win64; x64) AppleWebKit/537.36 (KHTML, like Gecko) Chrome/114.0.0.0 Safari/537.36 Edg/114.0.1823.43"
66.249.74.15 - - [12/Jul/2025:12:15:39 -0400] "GET /items/eaiup164/31178?key=science HTTP/1.1" 404 1251 "-" "Mozilla/5.0 (Linux; Android 6.0.1; Nexus 5X Build/MMB29P) AppleWebKit/537.36 (KHTML, like Gecko) Chrome/137.0.7151.103 Mobile Safari/537.36 (compatible; GoogleOther)"
66.249.74.15 - - [12/Jul/2025:12:15:45 -0400] "GET /items/gkzgk112/40530?key=flood HTTP/1.1" 404 1251 "-" "Mozilla/5.0 (Linux; Android 6.0.1; Nexus 5X Build/MMB29P) AppleWebKit/537.36 (KHTML, like Gecko) Chrome/137.0.7151.103 Mobile Safari/537.36 (compatible; GoogleOther)"
47.82.60.8 - - [12/Jul/2025:12:15:46 -0400] "GET /wp-includes/css/dist/nux/style-rtl.css HTTP/1.1" 200 742 "https://www.nas-yemen.org/wp-includes/css/dist/nux/style-rtl.css" "Mozilla/5.0 (Windows NT 10.0; Win64; x64) AppleWebKit/537.36 (KHTML, like Gecko) Chrome/114.0.0.0 Safari/537.36 Edg/114.0.1823.43"
66.249.74.2 - - [12/Jul/2025:12:16:00 -0400] "GET /q-~204QkFJbycgWkRnyfefNHuSF7FlpfrvYc33353/ HTTP/1.1" 404 1251 "-" "Mozilla/5.0 (Linux; Android 6.0.1; Nexus 5X Build/MMB29P) AppleWebKit/537.36 (KHTML, like Gecko) Chrome/137.0.7151.103 Mobile Safari/537.36 (compatible; GoogleOther)"
66.249.74.1 - - [12/Jul/2025:12:16:14 -0400] "GET /q-~200LcAUNT7XexKSWsny7ckTKwmFi7Qyld39083/ HTTP/1.1" 404 1251 "-" "Mozilla/5.0 (Linux; Android 6.0.1; Nexus 5X Build/MMB29P) AppleWebKit/537.36 (KHTML, like Gecko) Chrome/137.0.7151.103 Mobile Safari/537.36 (compatible; GoogleOther)"
66.249.74.15 - - [12/Jul/2025:12:16:22 -0400] "GET /q-~231GC4iOTIT5gxh6GQp5rozld4qj5rjpW36732/ HTTP/1.1" 404 1251 "-" "Mozilla/5.0 (Linux; Android 6.0.1; Nexus 5X Build/MMB29P) AppleWebKit/537.36 (KHTML, like Gecko) Chrome/137.0.7151.103 Mobile Safari/537.36 (compatible; GoogleOther)"
66.249.74.15 - - [12/Jul/2025:12:16:29 -0400] "GET /q-~207iYDKoaA6g7QFc9TdhbsPiRg8JMbrCR7168/ HTTP/1.1" 404 1251 "-" "Mozilla/5.0 (Linux; Android 6.0.1; Nexus 5X Build/MMB29P) AppleWebKit/537.36 (KHTML, like Gecko) Chrome/137.0.7151.103 Mobile Safari/537.36 (compatible; GoogleOther)"
66.249.74.15 - - [12/Jul/2025:12:16:44 -0400] "GET /items/icupe180/26894?key=yeah HTTP/1.1" 404 1251 "-" "Mozilla/5.0 (Linux; Android 6.0.1; Nexus 5X Build/MMB29P) AppleWebKit/537.36 (KHTML, like Gecko) Chrome/137.0.7151.103 Mobile Safari/537.36 (compatible; GoogleOther)"
66.249.74.15 - - [12/Jul/2025:12:16:53 -0400] "GET /q-~131N1NvoIRv5SfweCvdgTMQ86wTRSmSxs36188/ HTTP/1.1" 404 1251 "-" "Mozilla/5.0 (Linux; Android 6.0.1; Nexus 5X Build/MMB29P) AppleWebKit/537.36 (KHTML, like Gecko) Chrome/137.0.7151.103 Mobile Safari/537.36 (compatible; GoogleOther)"
66.249.74.15 - - [12/Jul/2025:12:16:59 -0400] "GET /q-~57D0aAruUP075Ofz3VIOmKJv6U9lMd0x48440/ HTTP/1.1" 404 1251 "-" "Mozilla/5.0 (Linux; Android 6.0.1; Nexus 5X Build/MMB29P) AppleWebKit/537.36 (KHTML, like Gecko) Chrome/137.0.7151.103 Mobile Safari/537.36 (compatible; GoogleOther)"
66.249.74.15 - - [12/Jul/2025:12:17:04 -0400] "GET /q-~128q2xzvJ0G7SSkkxjIwomimQEAB7YEbe27539/ HTTP/1.1" 404 1251 "-" "Mozilla/5.0 (Linux; Android 6.0.1; Nexus 5X Build/MMB29P) AppleWebKit/537.36 (KHTML, like Gecko) Chrome/137.0.7151.103 Mobile Safari/537.36 (compatible; GoogleOther)"
66.249.74.2 - - [12/Jul/2025:12:17:05 -0400] "GET /q-~178rSnRj6GvrwepQoSvE4Fp7hHCh0vNdu3213/ HTTP/1.1" 404 1251 "-" "Mozilla/5.0 (Linux; Android 6.0.1; Nexus 5X Build/MMB29P) AppleWebKit/537.36 (KHTML, like Gecko) Chrome/137.0.7151.103 Mobile Safari/537.36 (compatible; Googlebot/2.1; +http://www.google.com/bot.html)"
66.249.74.15 - - [12/Jul/2025:12:17:08 -0400] "GET /q-~233cihoB8smU3ttgt3qUqal0sZCkouEnL25930/ HTTP/1.1" 404 1251 "-" "Mozilla/5.0 (compatible; Googlebot/2.1; +http://www.google.com/bot.html)"
66.249.74.15 - - [12/Jul/2025:12:17:09 -0400] "GET /q-~233cihoB8smU3ttgt3qUqal0sZCkouEnL25930/ HTTP/1.1" 404 1251 "-" "Mozilla/5.0 (Linux; Android 6.0.1; Nexus 5X Build/MMB29P) AppleWebKit/537.36 (KHTML, like Gecko) Chrome/137.0.7151.103 Mobile Safari/537.36 (compatible; Googlebot/2.1; +http://www.google.com/bot.html)"
66.249.74.15 - - [12/Jul/2025:12:17:13 -0400] "GET /q-~262ZDzFhwXbqwbS8LlOPo6nJLBuxcHTmZ21383/ HTTP/1.1" 404 1251 "-" "Mozilla/5.0 (Linux; Android 6.0.1; Nexus 5X Build/MMB29P) AppleWebKit/537.36 (KHTML, like Gecko) Chrome/137.0.7151.103 Mobile Safari/537.36 (compatible; GoogleOther)"
66.249.74.15 - - [12/Jul/2025:12:17:28 -0400] "GET /q-~212tSiDDsiVXiuLiJklArZSPcPT0XbOSX7333/ HTTP/1.1" 404 1251 "-" "Mozilla/5.0 (Linux; Android 6.0.1; Nexus 5X Build/MMB29P) AppleWebKit/537.36 (KHTML, like Gecko) Chrome/137.0.7151.103 Mobile Safari/537.36 (compatible; GoogleOther)"
66.249.74.15 - - [12/Jul/2025:12:17:33 -0400] "GET /q-~52kiprzGGwR3lnNbzpezx20ZqvAALzNX8015/ HTTP/1.1" 404 1251 "-" "Mozilla/5.0 (compatible; Googlebot/2.1; +http://www.google.com/bot.html)"
66.249.74.15 - - [12/Jul/2025:12:17:43 -0400] "GET /items/jsnjl202/35014?key=male HTTP/1.1" 404 1251 "-" "Mozilla/5.0 (Linux; Android 6.0.1; Nexus 5X Build/MMB29P) AppleWebKit/537.36 (KHTML, like Gecko) Chrome/137.0.7151.103 Mobile Safari/537.36 (compatible; GoogleOther)"
66.249.74.15 - - [12/Jul/2025:12:17:46 -0400] "GET /q-~147ZEECSv5OKgyWOzv5sSwAaTs9uBoSVi38944/ HTTP/1.1" 404 1251 "-" "Mozilla/5.0 (Linux; Android 6.0.1; Nexus 5X Build/MMB29P) AppleWebKit/537.36 (KHTML, like Gecko) Chrome/137.0.7151.103 Mobile Safari/537.36 (compatible; GoogleOther)"
66.249.74.15 - - [12/Jul/2025:12:17:58 -0400] "GET /items/qqtpt53/8897?key=mother HTTP/1.1" 404 1251 "-" "Mozilla/5.0 (Linux; Android 6.0.1; Nexus 5X Build/MMB29P) AppleWebKit/537.36 (KHTML, like Gecko) Chrome/137.0.7151.103 Mobile Safari/537.36 (compatible; GoogleOther)"
66.249.74.1 - - [12/Jul/2025:12:18:08 -0400] "GET /q-~115YoSHu38uz8FXi4uWszQMEokhWjrzBD43420/ HTTP/1.1" 404 1251 "-" "Mozilla/5.0 (compatible; Googlebot/2.1; +http://www.google.com/bot.html)"
66.249.74.1 - - [12/Jul/2025:12:18:08 -0400] "GET /q-~17waiPSIdc7IljjKjjXYG0chYCwVXFqI2896/ HTTP/1.1" 404 1251 "-" "Mozilla/5.0 (Linux; Android 6.0.1; Nexus 5X Build/MMB29P) AppleWebKit/537.36 (KHTML, like Gecko) Chrome/137.0.7151.103 Mobile Safari/537.36 (compatible; GoogleOther)"
66.249.74.15 - - [12/Jul/2025:12:18:12 -0400] "GET /items/vbsfi1/17485?key=bone HTTP/1.1" 404 1251 "-" "Mozilla/5.0 (Linux; Android 6.0.1; Nexus 5X Build/MMB29P) AppleWebKit/537.36 (KHTML, like Gecko) Chrome/137.0.7151.103 Mobile Safari/537.36 (compatible; GoogleOther)"
66.249.74.15 - - [12/Jul/2025:12:18:17 -0400] "GET /q-~141dyaLUSNnlJWT2IJb1bJHqX9lC3iKnG38788/ HTTP/1.1" 404 1251 "-" "Mozilla/5.0 (Linux; Android 6.0.1; Nexus 5X Build/MMB29P) AppleWebKit/537.36 (KHTML, like Gecko) Chrome/137.0.7151.103 Mobile Safari/537.36 (compatible; GoogleOther)"
3.210.29.96 - - [12/Jul/2025:12:18:17 -0400] "GET /wp-includes/pluggable.php HTTP/1.1" 403 1242 "-" "Mozilla/5.0 AppleWebKit/537.36 (KHTML, like Gecko; compatible; Amazonbot/0.1; +https://developer.amazon.com/support/amazonbot) Chrome/119.0.6045.214 Safari/537.36"
66.249.74.15 - - [12/Jul/2025:12:18:19 -0400] "GET /q-~252koukEs2QzC1o0CHWznoJufJzRlqQ3m38943/ HTTP/1.1" 404 1251 "-" "Mozilla/5.0 (Linux; Android 6.0.1; Nexus 5X Build/MMB29P) AppleWebKit/537.36 (KHTML, like Gecko) Chrome/137.0.7151.119 Mobile Safari/537.36 (compatible; Googlebot/2.1; +http://www.google.com/bot.html)"
54.84.250.51 - - [12/Jul/2025:12:18:21 -0400] "GET /wp-includes/default-filters.php HTTP/1.1" 403 1242 "-" "Mozilla/5.0 AppleWebKit/537.36 (KHTML, like Gecko; compatible; Amazonbot/0.1; +https://developer.amazon.com/support/amazonbot) Chrome/119.0.6045.214 Safari/537.36"
100.25.120.246 - - [12/Jul/2025:12:18:26 -0400] "GET /wp-includes/rss.php HTTP/1.1" 403 1242 "-" "Mozilla/5.0 AppleWebKit/537.36 (KHTML, like Gecko; compatible; Amazonbot/0.1; +https://developer.amazon.com/support/amazonbot) Chrome/119.0.6045.214 Safari/537.36"
66.249.74.15 - - [12/Jul/2025:12:18:27 -0400] "GET /items/hzucz168/20380?key=columnist HTTP/1.1" 404 1251 "-" "Mozilla/5.0 (Linux; Android 6.0.1; Nexus 5X Build/MMB29P) AppleWebKit/537.36 (KHTML, like Gecko) Chrome/137.0.7151.103 Mobile Safari/537.36 (compatible; GoogleOther)"
66.249.74.15 - - [12/Jul/2025:12:18:30 -0400] "GET /q-~181bsxKATk1HULsxNrJR0liZmeGffArCq16700/ HTTP/1.1" 404 1251 "-" "Mozilla/5.0 (Linux; Android 6.0.1; Nexus 5X Build/MMB29P) AppleWebKit/537.36 (KHTML, like Gecko) Chrome/137.0.7151.103 Mobile Safari/537.36 (compatible; GoogleOther)"
18.206.47.187 - - [12/Jul/2025:12:18:30 -0400] "GET /wp-includes/post.php HTTP/1.1" 403 1242 "-" "Mozilla/5.0 AppleWebKit/537.36 (KHTML, like Gecko; compatible; Amazonbot/0.1; +https://developer.amazon.com/support/amazonbot) Chrome/119.0.6045.214 Safari/537.36"
98.84.70.201 - - [12/Jul/2025:12:18:33 -0400] "GET /wp-includes/functions.wp-styles.php HTTP/1.1" 403 1242 "-" "Mozilla/5.0 AppleWebKit/537.36 (KHTML, like Gecko; compatible; Amazonbot/0.1; +https://developer.amazon.com/support/amazonbot) Chrome/119.0.6045.214 Safari/537.36"
34.195.60.66 - - [12/Jul/2025:12:18:38 -0400] "GET /wp-includes/class-wp-block-parser-frame.php HTTP/1.1" 403 1242 "-" "Mozilla/5.0 AppleWebKit/537.36 (KHTML, like Gecko; compatible; Amazonbot/0.1; +https://developer.amazon.com/support/amazonbot) Chrome/119.0.6045.214 Safari/537.36"
66.249.74.15 - - [12/Jul/2025:12:18:42 -0400] "GET /items/xziga81/9889?key=instrument HTTP/1.1" 404 1251 "-" "Mozilla/5.0 (Linux; Android 6.0.1; Nexus 5X Build/MMB29P) AppleWebKit/537.36 (KHTML, like Gecko) Chrome/137.0.7151.103 Mobile Safari/537.36 (compatible; GoogleOther)"
52.2.4.213 - - [12/Jul/2025:12:18:43 -0400] "GET /wp-includes/class-wp-tax-query.php HTTP/1.1" 403 1242 "-" "Mozilla/5.0 AppleWebKit/537.36 (KHTML, like Gecko; compatible; Amazonbot/0.1; +https://developer.amazon.com/support/amazonbot) Chrome/119.0.6045.214 Safari/537.36"
44.221.227.90 - - [12/Jul/2025:12:18:45 -0400] "GET /wp-includes/class-wp-network-query.php HTTP/1.1" 403 1242 "-" "Mozilla/5.0 AppleWebKit/537.36 (KHTML, like Gecko; compatible; Amazonbot/0.1; +https://developer.amazon.com/support/amazonbot) Chrome/119.0.6045.214 Safari/537.36"
23.20.178.124 - - [12/Jul/2025:12:18:50 -0400] "GET /wp-includes/class-wp-session-tokens.php HTTP/1.1" 403 1242 "-" "Mozilla/5.0 AppleWebKit/537.36 (KHTML, like Gecko; compatible; Amazonbot/0.1; +https://developer.amazon.com/support/amazonbot) Chrome/119.0.6045.214 Safari/537.36"
3.209.174.110 - - [12/Jul/2025:12:18:54 -0400] "GET /wp-includes/class-oembed.php HTTP/1.1" 403 1242 "-" "Mozilla/5.0 AppleWebKit/537.36 (KHTML, like Gecko; compatible; Amazonbot/0.1; +https://developer.amazon.com/support/amazonbot) Chrome/119.0.6045.214 Safari/537.36"
66.249.74.15 - - [12/Jul/2025:12:18:57 -0400] "GET /q-~17ed1utiqRiMbQ9K2cFBkdwC2rH6brVg19222/ HTTP/1.1" 404 1251 "-" "Mozilla/5.0 (Linux; Android 6.0.1; Nexus 5X Build/MMB29P) AppleWebKit/537.36 (KHTML, like Gecko) Chrome/137.0.7151.103 Mobile Safari/537.36 (compatible; GoogleOther)"
204.12.252.98 - - [12/Jul/2025:12:19:10 -0400] "GET /wp-content/admin.php HTTP/1.1" 404 1251 "https://nas-yemen.org/wp-content/admin.php" "Mozilla/5.0 (Windows NT 10.0; Win64; x64) AppleWebKit/537.36 (KHTML, like Gecko) Chrome/58.0.3029.110 Safari/537.3"
66.249.74.1 - - [12/Jul/2025:12:19:11 -0400] "GET /items/asfnn198/31710?key=sail HTTP/1.1" 404 1251 "-" "Mozilla/5.0 (Linux; Android 6.0.1; Nexus 5X Build/MMB29P) AppleWebKit/537.36 (KHTML, like Gecko) Chrome/137.0.7151.103 Mobile Safari/537.36 (compatible; GoogleOther)"
66.249.74.1 - - [12/Jul/2025:12:19:14 -0400] "GET /q-~57PsCHAawFdQSxIGrcEwjQ5a9B3Pfhei9320/ HTTP/1.1" 404 1251 "-" "Mozilla/5.0 (Linux; Android 6.0.1; Nexus 5X Build/MMB29P) AppleWebKit/537.36 (KHTML, like Gecko) Chrome/137.0.7151.103 Mobile Safari/537.36 (compatible; GoogleOther)"
66.249.74.15 - - [12/Jul/2025:12:19:26 -0400] "GET /q-~167PRuETyCPIlCBVYnX2Vl9MazXpcg0pZ49298/ HTTP/1.1" 404 1251 "-" "Mozilla/5.0 (Linux; Android 6.0.1; Nexus 5X Build/MMB29P) AppleWebKit/537.36 (KHTML, like Gecko) Chrome/137.0.7151.103 Mobile Safari/537.36 (compatible; GoogleOther)"
