66.249.74.1 - - [12/Jul/2025:12:41:04 -0400] "GET /items/grjsn187/46703?key=excellent HTTP/1.1" 404 1251 "-" "Mozilla/5.0 (Linux; Android 6.0.1; Nexus 5X Build/MMB29P) AppleWebKit/537.36 (KHTML, like Gecko) Chrome/137.0.7151.103 Mobile Safari/537.36 (compatible; GoogleOther)"
66.249.74.15 - - [12/Jul/2025:12:41:07 -0400] "GET /items/zxcld88/37324?key=bishop HTTP/1.1" 404 1251 "-" "Mozilla/5.0 (Linux; Android 6.0.1; Nexus 5X Build/MMB29P) AppleWebKit/537.36 (KHTML, like Gecko) Chrome/137.0.7151.103 Mobile Safari/537.36 (compatible; GoogleOther)"
66.249.74.15 - - [12/Jul/2025:12:41:21 -0400] "GET /q-~107ftuv9dEOr7LhWMwEerXBQNRNAX40Hu27214/ HTTP/1.1" 404 1251 "-" "Mozilla/5.0 (Linux; Android 6.0.1; Nexus 5X Build/MMB29P) AppleWebKit/537.36 (KHTML, like Gecko) Chrome/137.0.7151.103 Mobile Safari/537.36 (compatible; GoogleOther)"
66.249.74.15 - - [12/Jul/2025:12:41:34 -0400] "GET /items/oppzq157/33329?key=OK HTTP/1.1" 404 1251 "-" "Mozilla/5.0 (Linux; Android 6.0.1; Nexus 5X Build/MMB29P) AppleWebKit/537.36 (KHTML, like Gecko) Chrome/137.0.7151.103 Mobile Safari/537.36 (compatible; GoogleOther)"
66.249.74.15 - - [12/Jul/2025:12:41:46 -0400] "GET /q-~240l6eYH3NKwdE7uq80o5lfLKW5zXz7nj7973/ HTTP/1.1" 404 1251 "-" "Mozilla/5.0 (Linux; Android 6.0.1; Nexus 5X Build/MMB29P) AppleWebKit/537.36 (KHTML, like Gecko) Chrome/137.0.7151.103 Mobile Safari/537.36 (compatible; GoogleOther)"
66.249.74.15 - - [12/Jul/2025:12:41:49 -0400] "GET /items/szepi113/7951?key=commonly HTTP/1.1" 404 1251 "-" "Mozilla/5.0 (Linux; Android 6.0.1; Nexus 5X Build/MMB29P) AppleWebKit/537.36 (KHTML, like Gecko) Chrome/137.0.7151.103 Mobile Safari/537.36 (compatible; GoogleOther)"
66.249.74.9 - - [12/Jul/2025:12:42:04 -0400] "GET /q-~230KPJxBCYozcE0JOGXu4r95guxi6chcq26811/ HTTP/1.1" 404 1251 "-" "Mozilla/5.0 (Linux; Android 6.0.1; Nexus 5X Build/MMB29P) AppleWebKit/537.36 (KHTML, like Gecko) Chrome/137.0.7151.103 Mobile Safari/537.36 (compatible; GoogleOther)"
66.249.74.9 - - [12/Jul/2025:12:42:18 -0400] "GET /q-~93XcUbgnCSs7Xp4yB8kP67Ywa9r97Q9t21650/ HTTP/1.1" 404 1251 "-" "Mozilla/5.0 (Linux; Android 6.0.1; Nexus 5X Build/MMB29P) AppleWebKit/537.36 (KHTML, like Gecko) Chrome/137.0.7151.103 Mobile Safari/537.36 (compatible; GoogleOther)"
66.249.74.8 - - [12/Jul/2025:12:42:29 -0400] "GET /q-~240QWNB1OhSMoW5crK0lFRThcYnkFi6fu18717/ HTTP/1.1" 404 1251 "-" "Mozilla/5.0 (Linux; Android 6.0.1; Nexus 5X Build/MMB29P) AppleWebKit/537.36 (KHTML, like Gecko) Chrome/137.0.7151.103 Mobile Safari/537.36 (compatible; GoogleOther)"
66.249.74.8 - - [12/Jul/2025:12:42:31 -0400] "GET /items/vtffx60/34584?key=undergo HTTP/1.1" 404 1251 "-" "Mozilla/5.0 (Linux; Android 6.0.1; Nexus 5X Build/MMB29P) AppleWebKit/537.36 (KHTML, like Gecko) Chrome/137.0.7151.103 Mobile Safari/537.36 (compatible; Googlebot/2.1; +http://www.google.com/bot.html)"
66.249.74.8 - - [12/Jul/2025:12:42:33 -0400] "GET /q-~284jzuIpvjE1WtKocqocE7VOJSLv9dR5Z15137/ HTTP/1.1" 404 1251 "-" "Mozilla/5.0 (Linux; Android 6.0.1; Nexus 5X Build/MMB29P) AppleWebKit/537.36 (KHTML, like Gecko) Chrome/137.0.7151.103 Mobile Safari/537.36 (compatible; GoogleOther)"
66.249.74.8 - - [12/Jul/2025:12:42:48 -0400] "GET /q-~112t499zzzSJh9AKcTVM7TtdY5qGYeXNq16017/ HTTP/1.1" 404 1251 "-" "Mozilla/5.0 (Linux; Android 6.0.1; Nexus 5X Build/MMB29P) AppleWebKit/537.36 (KHTML, like Gecko) Chrome/137.0.7151.103 Mobile Safari/537.36 (compatible; GoogleOther)"
66.249.74.8 - - [12/Jul/2025:12:42:48 -0400] "GET /items/hpwjg297/34571?key=monument HTTP/1.1" 404 1251 "-" "Mozilla/5.0 (compatible; Googlebot/2.1; +http://www.google.com/bot.html)"
66.249.74.8 - - [12/Jul/2025:12:43:02 -0400] "GET /q-~78FGucvXlZZxluJrYnXywlZduMQEpyqJ17061/ HTTP/1.1" 404 1251 "-" "Mozilla/5.0 (Linux; Android 6.0.1; Nexus 5X Build/MMB29P) AppleWebKit/537.36 (KHTML, like Gecko) Chrome/137.0.7151.103 Mobile Safari/537.36 (compatible; GoogleOther)"
66.249.74.8 - - [12/Jul/2025:12:43:04 -0400] "GET /items/xtyks200/8454?key=table HTTP/1.1" 404 1251 "-" "Mozilla/5.0 (Linux; Android 6.0.1; Nexus 5X Build/MMB29P) AppleWebKit/537.36 (KHTML, like Gecko) Chrome/137.0.7151.103 Mobile Safari/537.36 (compatible; GoogleOther)"
66.249.74.9 - - [12/Jul/2025:12:43:11 -0400] "GET /items/ovyme174/11342?key=sensation HTTP/1.1" 404 1251 "-" "Mozilla/5.0 (Linux; Android 6.0.1; Nexus 5X Build/MMB29P) AppleWebKit/537.36 (KHTML, like Gecko) Chrome/137.0.7151.103 Mobile Safari/537.36 (compatible; GoogleOther)"
66.249.74.8 - - [12/Jul/2025:12:43:15 -0400] "GET /q-~78YV4fGmtKyu0AJTe5zSzvnvhzdS8Adw28683/ HTTP/1.1" 404 1251 "-" "Mozilla/5.0 (Linux; Android 6.0.1; Nexus 5X Build/MMB29P) AppleWebKit/537.36 (KHTML, like Gecko) Chrome/137.0.7151.103 Mobile Safari/537.36 (compatible; GoogleOther)"
66.249.74.8 - - [12/Jul/2025:12:43:18 -0400] "GET /q-~290bP9XhMqNnyuY1J0qBCifkUEAbkiJpD27669/ HTTP/1.1" 404 1251 "-" "Mozilla/5.0 (Linux; Android 6.0.1; Nexus 5X Build/MMB29P) AppleWebKit/537.36 (KHTML, like Gecko) Chrome/137.0.7151.103 Mobile Safari/537.36 (compatible; GoogleOther)"
66.249.74.8 - - [12/Jul/2025:12:43:32 -0400] "GET /q-~282sgMXXPdLE8cadGGbGPQyi6yI0eKfku12401/ HTTP/1.1" 404 1251 "-" "Mozilla/5.0 (Linux; Android 6.0.1; Nexus 5X Build/MMB29P) AppleWebKit/537.36 (KHTML, like Gecko) Chrome/137.0.7151.103 Mobile Safari/537.36 (compatible; GoogleOther)"
66.249.74.8 - - [12/Jul/2025:12:43:47 -0400] "GET /q-~153JopyB9Dje9FXhCI9uSoCRATu6CbHxt16468/ HTTP/1.1" 404 1251 "-" "Mozilla/5.0 (Linux; Android 6.0.1; Nexus 5X Build/MMB29P) AppleWebKit/537.36 (KHTML, like Gecko) Chrome/137.0.7151.103 Mobile Safari/537.36 (compatible; GoogleOther)"
66.249.74.8 - - [12/Jul/2025:12:43:53 -0400] "GET /q-~183hZNAVQNFSAvsQrAytws8c96qyQk7dH34970/ HTTP/1.1" 404 1251 "-" "Mozilla/5.0 (Linux; Android 6.0.1; Nexus 5X Build/MMB29P) AppleWebKit/537.36 (KHTML, like Gecko) Chrome/137.0.7151.103 Mobile Safari/537.36 (compatible; GoogleOther)"
66.249.74.10 - - [12/Jul/2025:12:44:02 -0400] "GET /items/batbh50/37396?key=gray HTTP/1.1" 404 1251 "-" "Mozilla/5.0 (Linux; Android 6.0.1; Nexus 5X Build/MMB29P) AppleWebKit/537.36 (KHTML, like Gecko) Chrome/137.0.7151.103 Mobile Safari/537.36 (compatible; GoogleOther)"
66.249.74.8 - - [12/Jul/2025:12:44:10 -0400] "GET /q-~208xOaohJa08KSLIgcpnvMJTVtDUI1kKJ9747/ HTTP/1.1" 404 1251 "-" "Mozilla/5.0 (Linux; Android 6.0.1; Nexus 5X Build/MMB29P) AppleWebKit/537.36 (KHTML, like Gecko) Chrome/137.0.7151.103 Mobile Safari/537.36 (compatible; GoogleOther)"
66.249.74.9 - - [12/Jul/2025:12:44:12 -0400] "GET /items/abkyh104/2766?key=visit HTTP/1.1" 404 1251 "-" "Mozilla/5.0 (Linux; Android 6.0.1; Nexus 5X Build/MMB29P) AppleWebKit/537.36 (KHTML, like Gecko) Chrome/137.0.7151.103 Mobile Safari/537.36 (compatible; GoogleOther)"
66.249.74.8 - - [12/Jul/2025:12:44:15 -0400] "GET /q-~215lMPTj70M16X8K3IaAELbKYjSNHnpjx26560/ HTTP/1.1" 404 1251 "-" "Mozilla/5.0 (Linux; Android 6.0.1; Nexus 5X Build/MMB29P) AppleWebKit/537.36 (KHTML, like Gecko) Chrome/137.0.7151.103 Mobile Safari/537.36 (compatible; GoogleOther)"
66.249.74.8 - - [12/Jul/2025:12:44:17 -0400] "GET /pcmypage?callback=/product%2Fdetail%2m46787263061 HTTP/1.1" 404 1251 "-" "Mozilla/5.0 (Linux; Android 6.0.1; Nexus 5X Build/MMB29P) AppleWebKit/537.36 (KHTML, like Gecko) Chrome/137.0.7151.103 Mobile Safari/537.36 (compatible; GoogleOther)"
66.249.74.8 - - [12/Jul/2025:12:44:24 -0400] "GET /q-~78TpZZVmcMV7cJCSaVye0ZuH4z4EE64P37731/ HTTP/1.1" 404 1251 "-" "Mozilla/5.0 (Linux; Android 6.0.1; Nexus 5X Build/MMB29P) AppleWebKit/537.36 (KHTML, like Gecko) Chrome/137.0.7151.103 Mobile Safari/537.36 (compatible; GoogleOther)"
66.249.74.8 - - [12/Jul/2025:12:44:31 -0400] "GET /q-~165vPF772ZCKfw8ktEC2u0l6gk4nYtK2f17292/ HTTP/1.1" 404 1251 "-" "Mozilla/5.0 (Linux; Android 6.0.1; Nexus 5X Build/MMB29P) AppleWebKit/537.36 (KHTML, like Gecko) Chrome/137.0.7151.103 Mobile Safari/537.36 (compatible; GoogleOther)"
66.249.74.8 - - [12/Jul/2025:12:44:35 -0400] "GET /items/emata69/12725?key=coverage HTTP/1.1" 404 1251 "-" "Mozilla/5.0 (Linux; Android 6.0.1; Nexus 5X Build/MMB29P) AppleWebKit/537.36 (KHTML, like Gecko) Chrome/137.0.7151.103 Mobile Safari/537.36 (compatible; Googlebot/2.1; +http://www.google.com/bot.html)"
66.249.74.8 - - [12/Jul/2025:12:44:36 -0400] "GET /q-~13peceE3Kn1TErxqc2HK0Zgw6YcTVIFB39310/ HTTP/1.1" 404 1251 "-" "Mozilla/5.0 (Linux; Android 6.0.1; Nexus 5X Build/MMB29P) AppleWebKit/537.36 (KHTML, like Gecko) Chrome/137.0.7151.103 Mobile Safari/537.36 (compatible; GoogleOther)"
66.249.74.8 - - [12/Jul/2025:12:44:38 -0400] "GET /q-~249SSwNDSaokWWm9oxzsJDybVihZOyARa44814/ HTTP/1.1" 404 1251 "-" "Mozilla/5.0 (Linux; Android 6.0.1; Nexus 5X Build/MMB29P) AppleWebKit/537.36 (KHTML, like Gecko) Chrome/137.0.7151.103 Mobile Safari/537.36 (compatible; GoogleOther)"
47.82.60.76 - - [12/Jul/2025:12:44:42 -0400] "GET /q-~280UGK5w6NheDCpp5W5gYxEn8byRXf6Jm48249/ HTTP/1.1" 404 1251 "https://nas-yemen.org/q-~280UGK5w6NheDCpp5W5gYxEn8byRXf6Jm48249/" "Mozilla/5.0 (Windows NT 10.0; Win64; x64) AppleWebKit/537.36 (KHTML, like Gecko) Chrome/114.0.0.0 Safari/537.36 Edg/114.0.1823.43"
66.249.74.8 - - [12/Jul/2025:12:44:46 -0400] "GET /items/xdoch261/7981?key=woman HTTP/1.1" 404 1251 "-" "Mozilla/5.0 (Linux; Android 6.0.1; Nexus 5X Build/MMB29P) AppleWebKit/537.36 (KHTML, like Gecko) Chrome/137.0.7151.103 Mobile Safari/537.36 (compatible; GoogleOther)"
66.249.74.8 - - [12/Jul/2025:12:44:50 -0400] "GET /q-~190VXoU8Pp7l8Sg9P2tUGX6ac8O0amSoD44799/ HTTP/1.1" 404 1251 "-" "Mozilla/5.0 (Linux; Android 6.0.1; Nexus 5X Build/MMB29P) AppleWebKit/537.36 (KHTML, like Gecko) Chrome/137.0.7151.103 Mobile Safari/537.36 (compatible; GoogleOther)"
66.249.74.10 - - [12/Jul/2025:12:45:00 -0400] "GET /q-~19aiTkhZBIvQEn5r6sPihigomScESWSY32978/ HTTP/1.1" 404 1251 "-" "Mozilla/5.0 (Linux; Android 6.0.1; Nexus 5X Build/MMB29P) AppleWebKit/537.36 (KHTML, like Gecko) Chrome/137.0.7151.103 Mobile Safari/537.36 (compatible; GoogleOther)"
66.249.74.9 - - [12/Jul/2025:12:45:15 -0400] "GET /items/ksybe195/26955?key=family HTTP/1.1" 404 1251 "-" "Mozilla/5.0 (Linux; Android 6.0.1; Nexus 5X Build/MMB29P) AppleWebKit/537.36 (KHTML, like Gecko) Chrome/137.0.7151.103 Mobile Safari/537.36 (compatible; GoogleOther)"
66.249.74.9 - - [12/Jul/2025:12:45:18 -0400] "GET /q-~205t7s8xTeE8lH4HKroBucrOv6r8pKksA34406/ HTTP/1.1" 404 1251 "-" "Mozilla/5.0 (Linux; Android 6.0.1; Nexus 5X Build/MMB29P) AppleWebKit/537.36 (KHTML, like Gecko) Chrome/137.0.7151.103 Mobile Safari/537.36 (compatible; GoogleOther)"
66.249.74.8 - - [12/Jul/2025:12:45:30 -0400] "GET /items/alvpk187/8079?key=steep HTTP/1.1" 404 1251 "-" "Mozilla/5.0 (Linux; Android 6.0.1; Nexus 5X Build/MMB29P) AppleWebKit/537.36 (KHTML, like Gecko) Chrome/137.0.7151.103 Mobile Safari/537.36 (compatible; GoogleOther)"
66.249.74.8 - - [12/Jul/2025:12:45:45 -0400] "GET /items/lhjke277/30125?key=and/or HTTP/1.1" 404 1251 "-" "Mozilla/5.0 (Linux; Android 6.0.1; Nexus 5X Build/MMB29P) AppleWebKit/537.36 (KHTML, like Gecko) Chrome/137.0.7151.103 Mobile Safari/537.36 (compatible; GoogleOther)"
66.249.74.8 - - [12/Jul/2025:12:45:59 -0400] "GET /q-~174FeEgoNI8jE5qiruTkmFS974nJMag1k21139/ HTTP/1.1" 404 1251 "-" "Mozilla/5.0 (Linux; Android 6.0.1; Nexus 5X Build/MMB29P) AppleWebKit/537.36 (KHTML, like Gecko) Chrome/137.0.7151.103 Mobile Safari/537.36 (compatible; GoogleOther)"
66.249.74.8 - - [12/Jul/2025:12:46:02 -0400] "GET /q-~64dp2FiEhZFytZozxRcD01yJ2jyfik1C25005/ HTTP/1.1" 404 1251 "-" "Mozilla/5.0 (Linux; Android 6.0.1; Nexus 5X Build/MMB29P) AppleWebKit/537.36 (KHTML, like Gecko) Chrome/137.0.7151.103 Mobile Safari/537.36 (compatible; GoogleOther)"
66.249.74.8 - - [12/Jul/2025:12:46:15 -0400] "GET /q-~7YoSSGadaCrM26ZAL7H5YbMZ6mOgKqe386/ HTTP/1.1" 404 1251 "-" "Mozilla/5.0 (Linux; Android 6.0.1; Nexus 5X Build/MMB29P) AppleWebKit/537.36 (KHTML, like Gecko) Chrome/137.0.7151.103 Mobile Safari/537.36 (compatible; GoogleOther)"
66.249.74.8 - - [12/Jul/2025:12:46:26 -0400] "GET /q-~185tjtjmrHvHiFfSSJkkPtVxZbwtqVTUB27322/ HTTP/1.1" 404 1251 "-" "Mozilla/5.0 (compatible; Googlebot/2.1; +http://www.google.com/bot.html)"
66.249.74.8 - - [12/Jul/2025:12:46:28 -0400] "GET /items/iylcw95/8683?key=reception HTTP/1.1" 404 1251 "-" "Mozilla/5.0 (Linux; Android 6.0.1; Nexus 5X Build/MMB29P) AppleWebKit/537.36 (KHTML, like Gecko) Chrome/137.0.7151.103 Mobile Safari/537.36 (compatible; Googlebot/2.1; +http://www.google.com/bot.html)"
66.249.74.8 - - [12/Jul/2025:12:46:29 -0400] "GET /q-~178QzwfiEJZx1MCfXVUmFlZZ9eEP7M26S13551/ HTTP/1.1" 404 1251 "-" "Mozilla/5.0 (Linux; Android 6.0.1; Nexus 5X Build/MMB29P) AppleWebKit/537.36 (KHTML, like Gecko) Chrome/137.0.7151.103 Mobile Safari/537.36 (compatible; GoogleOther)"
66.249.74.8 - - [12/Jul/2025:12:46:34 -0400] "GET /q-~106W6GrNmnh3ZF0ISrFDo9ewf2BOgesGQ23511/ HTTP/1.1" 404 1251 "-" "Mozilla/5.0 (Linux; Android 6.0.1; Nexus 5X Build/MMB29P) AppleWebKit/537.36 (KHTML, like Gecko) Chrome/137.0.7151.103 Mobile Safari/537.36 (compatible; GoogleOther)"
66.249.74.8 - - [12/Jul/2025:12:46:36 -0400] "GET /items/vbcmn146/4306?key=edition HTTP/1.1" 404 1251 "-" "Mozilla/5.0 (compatible; Googlebot/2.1; +http://www.google.com/bot.html)"
66.249.74.8 - - [12/Jul/2025:12:46:43 -0400] "GET /q-~176q4azatdqMifw7LbvTM932qfZhI5izn32495/ HTTP/1.1" 404 1251 "-" "Mozilla/5.0 (Linux; Android 6.0.1; Nexus 5X Build/MMB29P) AppleWebKit/537.36 (KHTML, like Gecko) Chrome/137.0.7151.103 Mobile Safari/537.36 (compatible; GoogleOther)"
66.249.74.8 - - [12/Jul/2025:12:46:45 -0400] "GET /q-~138kHc2HOznffzgNTeHeDBxMbCn0FxmMl12645/ HTTP/1.1" 404 1251 "-" "Mozilla/5.0 (Linux; Android 6.0.1; Nexus 5X Build/MMB29P) AppleWebKit/537.36 (KHTML, like Gecko) Chrome/137.0.7151.103 Mobile Safari/537.36 (compatible; GoogleOther)"
69.197.182.50 - - [12/Jul/2025:12:46:47 -0400] "GET /wp-content/admin.php HTTP/1.1" 404 1251 "https://nas-yemen.org/wp-content/admin.php" "Mozilla/5.0 (Windows NT 10.0; Win64; x64) AppleWebKit/537.36 (KHTML, like Gecko) Chrome/58.0.3029.110 Safari/537.3"
66.249.74.8 - - [12/Jul/2025:12:46:58 -0400] "GET /items/xmhvg191/32827?key=homeless HTTP/1.1" 404 1251 "-" "Mozilla/5.0 (Linux; Android 6.0.1; Nexus 5X Build/MMB29P) AppleWebKit/537.36 (KHTML, like Gecko) Chrome/137.0.7151.103 Mobile Safari/537.36 (compatible; GoogleOther)"
66.249.74.15 - - [12/Jul/2025:12:47:13 -0400] "GET /items/rgpkb102/28798?key=rarely HTTP/1.1" 404 1251 "-" "Mozilla/5.0 (compatible; Googlebot/2.1; +http://www.google.com/bot.html)"
66.249.74.15 - - [12/Jul/2025:12:47:13 -0400] "GET /items/rgpkb102/28798?key=rarely HTTP/1.1" 404 1251 "-" "Mozilla/5.0 (Linux; Android 6.0.1; Nexus 5X Build/MMB29P) AppleWebKit/537.36 (KHTML, like Gecko) Chrome/137.0.7151.103 Mobile Safari/537.36 (compatible; Googlebot/2.1; +http://www.google.com/bot.html)"
66.249.74.15 - - [12/Jul/2025:12:47:14 -0400] "GET /q-~62tdJjLFlw2b69np5SxGzSe61CfIMO0W43677/ HTTP/1.1" 404 1251 "-" "Mozilla/5.0 (Linux; Android 6.0.1; Nexus 5X Build/MMB29P) AppleWebKit/537.36 (KHTML, like Gecko) Chrome/137.0.7151.103 Mobile Safari/537.36 (compatible; GoogleOther)"
66.249.74.15 - - [12/Jul/2025:12:47:21 -0400] "GET /items/bhlrk49/30199?key=uncertain HTTP/1.1" 404 1251 "-" "Mozilla/5.0 (compatible; Googlebot/2.1; +http://www.google.com/bot.html)"
66.249.74.15 - - [12/Jul/2025:12:47:25 -0400] "GET /q-~197QT5uJ9K0wYiPCXVaIA1chyGq8BI8Lp27348/ HTTP/1.1" 404 1251 "-" "Mozilla/5.0 (Linux; Android 6.0.1; Nexus 5X Build/MMB29P) AppleWebKit/537.36 (KHTML, like Gecko) Chrome/137.0.7151.103 Mobile Safari/537.36 (compatible; GoogleOther)"
66.249.74.15 - - [12/Jul/2025:12:47:28 -0400] "GET /items/brakh156/34406?key=therapy HTTP/1.1" 404 1251 "-" "Mozilla/5.0 (Linux; Android 6.0.1; Nexus 5X Build/MMB29P) AppleWebKit/537.36 (KHTML, like Gecko) Chrome/137.0.7151.103 Mobile Safari/537.36 (compatible; GoogleOther)"
66.249.74.15 - - [12/Jul/2025:12:48:09 -0400] "GET /q-~77r6NZu3W1DKBfnvmPzEG0lvvFLUlgOf3146/ HTTP/1.1" 404 1251 "-" "Mozilla/5.0 (Linux; Android 6.0.1; Nexus 5X Build/MMB29P) AppleWebKit/537.36 (KHTML, like Gecko) Chrome/137.0.7151.103 Mobile Safari/537.36 (compatible; GoogleOther)"
66.249.74.15 - - [12/Jul/2025:12:48:26 -0400] "GET /q-~118I6ArCuIUOYmtMq8M3744UjBrvczVwZ13211/ HTTP/1.1" 404 1251 "-" "Mozilla/5.0 (Linux; Android 6.0.1; Nexus 5X Build/MMB29P) AppleWebKit/537.36 (KHTML, like Gecko) Chrome/137.0.7151.119 Mobile Safari/537.36 (compatible; Googlebot/2.1; +http://www.google.com/bot.html)"
66.249.74.15 - - [12/Jul/2025:12:48:49 -0400] "GET /items/svjhd240/2224?key=remember HTTP/1.1" 404 1251 "-" "Mozilla/5.0 (Linux; Android 6.0.1; Nexus 5X Build/MMB29P) AppleWebKit/537.36 (KHTML, like Gecko) Chrome/137.0.7151.103 Mobile Safari/537.36 (compatible; GoogleOther)"
66.249.74.15 - - [12/Jul/2025:12:48:53 -0400] "GET /q-~101Kd4vrxCNhxJBFhUaBW9i9Cr2yPIsQh22004/ HTTP/1.1" 404 1251 "-" "Mozilla/5.0 (Linux; Android 6.0.1; Nexus 5X Build/MMB29P) AppleWebKit/537.36 (KHTML, like Gecko) Chrome/137.0.7151.103 Mobile Safari/537.36 (compatible; GoogleOther)"
143.198.191.145 - - [12/Jul/2025:12:49:09 -0400] "GET /.git/config HTTP/1.1" 403 1242 "-" "Mozilla/5.0 (Macintosh; Intel Mac OS X 10_13_6; rv:57.0) Gecko/20100101 Firefox/57.0"
66.249.74.15 - - [12/Jul/2025:12:49:37 -0400] "GET /q-~193qMOjgF5CHP3Nxdh0GrqVhnGTZ6eR3Y19450/ HTTP/1.1" 404 1251 "-" "Mozilla/5.0 (Linux; Android 6.0.1; Nexus 5X Build/MMB29P) AppleWebKit/537.36 (KHTML, like Gecko) Chrome/137.0.7151.103 Mobile Safari/537.36 (compatible; GoogleOther)"
47.82.60.45 - - [12/Jul/2025:12:50:04 -0400] "GET /items/wjzgk37/46443?key=withdrawal HTTP/1.1" 404 1251 "https://nas-yemen.org/items/wjzgk37/46443?key=withdrawal" "Mozilla/5.0 (Windows NT 10.0; Win64; x64) AppleWebKit/537.36 (KHTML, like Gecko) Chrome/114.0.0.0 Safari/537.36 Edg/114.0.1823.43"
47.82.60.43 - - [12/Jul/2025:12:50:10 -0400] "GET /q-~66bh3eaRqSQniDIIMc2ogxAY6YwmzDpP2371/ HTTP/1.1" 404 1251 "https://nas-yemen.org/q-~66bh3eaRqSQniDIIMc2ogxAY6YwmzDpP2371/" "Mozilla/5.0 (Windows NT 10.0; Win64; x64) AppleWebKit/537.36 (KHTML, like Gecko) Chrome/114.0.0.0 Safari/537.36 Edg/114.0.1823.43"
66.249.74.2 - - [12/Jul/2025:12:50:11 -0400] "GET /pcmypage?callback=/product%2Fdetail%2m32910330357 HTTP/1.1" 404 1251 "-" "Mozilla/5.0 (Linux; Android 6.0.1; Nexus 5X Build/MMB29P) AppleWebKit/537.36 (KHTML, like Gecko) Chrome/137.0.7151.103 Mobile Safari/537.36 (compatible; GoogleOther)"
66.249.74.15 - - [12/Jul/2025:12:50:21 -0400] "GET /q-~5MXi3qm6oU2YtZRtU0Up9hxjtO3OTWO11754/ HTTP/1.1" 404 1251 "-" "Mozilla/5.0 (Linux; Android 6.0.1; Nexus 5X Build/MMB29P) AppleWebKit/537.36 (KHTML, like Gecko) Chrome/137.0.7151.103 Mobile Safari/537.36 (compatible; GoogleOther)"
66.249.74.1 - - [12/Jul/2025:12:50:22 -0400] "GET /items/cdscx116/44994?key=furthermore HTTP/1.1" 404 1251 "-" "Mozilla/5.0 (Linux; Android 6.0.1; Nexus 5X Build/MMB29P) AppleWebKit/537.36 (KHTML, like Gecko) Chrome/137.0.7151.103 Mobile Safari/537.36 (compatible; Googlebot/2.1; +http://www.google.com/bot.html)"
66.249.74.1 - - [12/Jul/2025:12:50:22 -0400] "GET /items/wrdww136/37466?key=doctor HTTP/1.1" 404 1251 "-" "Mozilla/5.0 (Linux; Android 6.0.1; Nexus 5X Build/MMB29P) AppleWebKit/537.36 (KHTML, like Gecko) Chrome/137.0.7151.103 Mobile Safari/537.36 (compatible; Googlebot/2.1; +http://www.google.com/bot.html)"
66.249.74.2 - - [12/Jul/2025:12:51:05 -0400] "GET /q-~1nleQduz4pWYvEg0z40u8rfaQyTJeDt36972/ HTTP/1.1" 404 1251 "-" "Mozilla/5.0 (Linux; Android 6.0.1; Nexus 5X Build/MMB29P) AppleWebKit/537.36 (KHTML, like Gecko) Chrome/137.0.7151.103 Mobile Safari/537.36 (compatible; GoogleOther)"
66.249.74.1 - - [12/Jul/2025:12:51:32 -0400] "GET /items/yelfy300/39752?key=bulk HTTP/1.1" 404 1251 "-" "Mozilla/5.0 (Linux; Android 6.0.1; Nexus 5X Build/MMB29P) AppleWebKit/537.36 (KHTML, like Gecko) Chrome/137.0.7151.103 Mobile Safari/537.36 (compatible; GoogleOther)"
66.249.74.15 - - [12/Jul/2025:12:51:49 -0400] "GET /items/ipxcm288/24560?key=pure HTTP/1.1" 404 1251 "-" "Mozilla/5.0 (Linux; Android 6.0.1; Nexus 5X Build/MMB29P) AppleWebKit/537.36 (KHTML, like Gecko) Chrome/137.0.7151.103 Mobile Safari/537.36 (compatible; GoogleOther)"
47.82.60.78 - - [12/Jul/2025:12:52:14 -0400] "GET /wp-includes/SimplePie/src/Cache/Redis.php HTTP/1.1" 403 1242 "https://www.nas-yemen.org/wp-includes/SimplePie/src/Cache/Redis.php" "Mozilla/5.0 (Windows NT 10.0; Win64; x64) AppleWebKit/537.36 (KHTML, like Gecko) Chrome/114.0.0.0 Safari/537.36 Edg/114.0.1823.43"
66.249.74.15 - - [12/Jul/2025:12:52:33 -0400] "GET /q-~196gadc96TUm2PhcCQzbI3p5GVruaLA0a38237/ HTTP/1.1" 404 1251 "-" "Mozilla/5.0 (Linux; Android 6.0.1; Nexus 5X Build/MMB29P) AppleWebKit/537.36 (KHTML, like Gecko) Chrome/137.0.7151.103 Mobile Safari/537.36 (compatible; GoogleOther)"
47.82.60.1 - - [12/Jul/2025:12:52:37 -0400] "GET /wp-includes/Requests/src/Exception/Transport HTTP/1.1" 301 795 "https://nas-yemen.org/wp-includes/Requests/src/Exception/Transport" "Mozilla/5.0 (Windows NT 10.0; Win64; x64) AppleWebKit/537.36 (KHTML, like Gecko) Chrome/114.0.0.0 Safari/537.36 Edg/114.0.1823.43"
47.82.60.1 - - [12/Jul/2025:12:52:37 -0400] "GET /wp-includes/Requests/src/Exception/Transport/ HTTP/1.1" 200 642 "https://nas-yemen.org/wp-includes/Requests/src/Exception/Transport" "Mozilla/5.0 (Windows NT 10.0; Win64; x64) AppleWebKit/537.36 (KHTML, like Gecko) Chrome/114.0.0.0 Safari/537.36 Edg/114.0.1823.43"
66.249.74.15 - - [12/Jul/2025:12:52:53 -0400] "GET /items/ooppp113/39415?key=bat HTTP/1.1" 404 1251 "-" "Mozilla/5.0 (Linux; Android 6.0.1; Nexus 5X Build/MMB29P) AppleWebKit/537.36 (KHTML, like Gecko) Chrome/137.0.7151.103 Mobile Safari/537.36 (compatible; GoogleOther)"
66.249.74.15 - - [12/Jul/2025:12:52:54 -0400] "GET /items/wmrsf273/44575?key=stroke HTTP/1.1" 404 1251 "-" "Mozilla/5.0 (Linux; Android 6.0.1; Nexus 5X Build/MMB29P) AppleWebKit/537.36 (KHTML, like Gecko) Chrome/137.0.7151.103 Mobile Safari/537.36 (compatible; Googlebot/2.1; +http://www.google.com/bot.html)"
66.249.74.1 - - [12/Jul/2025:12:53:16 -0400] "GET /q-~190hOEsOlJ7Is6WBCZqitsSadouY2vhmn38237/ HTTP/1.1" 404 1251 "-" "Mozilla/5.0 (Linux; Android 6.0.1; Nexus 5X Build/MMB29P) AppleWebKit/537.36 (KHTML, like Gecko) Chrome/137.0.7151.103 Mobile Safari/537.36 (compatible; GoogleOther)"
66.249.74.15 - - [12/Jul/2025:12:53:21 -0400] "GET /items/hqdsr205/12707?key=secret HTTP/1.1" 404 1251 "-" "Mozilla/5.0 (compatible; Googlebot/2.1; +http://www.google.com/bot.html)"
204.12.252.98 - - [12/Jul/2025:12:53:50 -0400] "GET /wp-content/admin.php HTTP/1.1" 404 1251 "https://nas-yemen.org/wp-content/admin.php" "Mozilla/5.0 (Windows NT 10.0; Win64; x64) AppleWebKit/537.36 (KHTML, like Gecko) Chrome/58.0.3029.110 Safari/537.3"
66.249.74.41 - - [12/Jul/2025:12:53:55 -0400] "GET /toreka/figure_menu.html HTTP/1.1" 404 1251 "-" "Mozilla/5.0 (Linux; Android 6.0.1; Nexus 5X Build/MMB29P) AppleWebKit/537.36 (KHTML, like Gecko) Chrome/137.0.7151.103 Mobile Safari/537.36 (compatible; Googlebot/2.1; +http://www.google.com/bot.html)"
66.249.74.2 - - [12/Jul/2025:12:54:00 -0400] "GET /items/ebrzi143/29055?key=occupation HTTP/1.1" 404 1251 "-" "Mozilla/5.0 (Linux; Android 6.0.1; Nexus 5X Build/MMB29P) AppleWebKit/537.36 (KHTML, like Gecko) Chrome/137.0.7151.103 Mobile Safari/537.36 (compatible; GoogleOther)"
66.249.74.1 - - [12/Jul/2025:12:54:14 -0400] "GET /q-~199RkWrvXFRmgiQzdteYTsXuQYAR4dVZk13744/ HTTP/1.1" 404 1251 "-" "Mozilla/5.0 (Linux; Android 6.0.1; Nexus 5X Build/MMB29P) AppleWebKit/537.36 (KHTML, like Gecko) Chrome/137.0.7151.103 Mobile Safari/537.36 (compatible; GoogleOther)"
207.46.13.92 - - [12/Jul/2025:12:54:28 -0400] "GET /ir_expo/index.html HTTP/1.1" 404 1251 "-" "Mozilla/5.0 AppleWebKit/537.36 (KHTML, like Gecko; compatible; bingbot/2.0; +http://www.bing.com/bingbot.htm) Chrome/116.0.1938.76 Safari/537.36"
66.249.74.15 - - [12/Jul/2025:12:54:44 -0400] "GET /q-~295hiGUF5qwiD7RCJERj4sJcrpiPAjHFk34612/ HTTP/1.1" 404 1251 "-" "Mozilla/5.0 (Linux; Android 6.0.1; Nexus 5X Build/MMB29P) AppleWebKit/537.36 (KHTML, like Gecko) Chrome/137.0.7151.103 Mobile Safari/537.36 (compatible; GoogleOther)"
207.46.13.54 - - [12/Jul/2025:12:54:58 -0400] "GET /index.php/search_line/ HTTP/1.1" 404 1251 "-" "Mozilla/5.0 AppleWebKit/537.36 (KHTML, like Gecko; compatible; bingbot/2.0; +http://www.bing.com/bingbot.htm) Chrome/116.0.1938.76 Safari/537.36"
52.7.142.23 - - [12/Jul/2025:12:55:06 -0400] "GET /wp-login.php HTTP/1.1" 200 0 "http://nas-yemen.org/wp-login.php" "Mozilla/5.0 (Windows NT 10.0; Win64; x64; rv:137.0) Gecko/20100101 Firefox/137.0"
52.255.111.120 - - [12/Jul/2025:12:55:19 -0400] "GET /items/uwzim181/15719?key=stomach HTTP/1.1" 404 1251 "-" "Mozilla/5.0 AppleWebKit/537.36 (KHTML, like Gecko); compatible; ChatGPT-User/1.0; +https://openai.com/bot"
52.7.142.23 - - [12/Jul/2025:12:55:13 -0400] "GET /wp-login.php HTTP/1.1" 200 0 "http://www.nas-yemen.org/wp-login.php" "Mozilla/5.0 (Windows NT 10.0; Win64; x64; rv:137.0) Gecko/20100101 Firefox/137.0"
66.29.146.47 - - [12/Jul/2025:12:55:21 -0400] "POST /wp-cron.php?doing_wp_cron=1752339321.5530929565429687500000 HTTP/1.1" 403 1242 "-" "WordPress/6.8; https://nas-yemen.org"
66.29.146.47 - - [12/Jul/2025:12:55:21 -0400] "POST /wp-cron.php?doing_wp_cron=1752339321.5538671016693115234375 HTTP/1.1" 403 1242 "-" "WordPress/6.8; https://nas-yemen.org"
66.29.146.47 - - [12/Jul/2025:12:55:21 -0400] "POST /wp-cron.php?doing_wp_cron=1752339321.5548429489135742187500 HTTP/1.1" 403 1242 "-" "WordPress/6.8; https://nas-yemen.org"
52.7.142.23 - - [12/Jul/2025:12:55:20 -0400] "GET /wp-login.php HTTP/1.1" 200 1945 "http://www.nas-yemen.org/wp-login.php" "Mozilla/5.0 (Windows NT 10.0; Win64; x64; rv:137.0) Gecko/20100101 Firefox/137.0"
52.7.142.23 - - [12/Jul/2025:12:55:22 -0400] "GET /wp-json/wp/v2/users HTTP/1.1" 404 1251 "http://www.nas-yemen.org/wp-login.php" "Mozilla/5.0 (Windows NT 10.0; Win64; x64; rv:137.0) Gecko/20100101 Firefox/137.0"
52.7.142.23 - - [12/Jul/2025:12:55:23 -0400] "POST /wp-login.php HTTP/1.1" 200 2102 "https://www.nas-yemen.org/wp-login.php?redirect_to=https%3A%2F%2Fwww.nas-yemen.org%2Fwp-admin%2F" "Mozilla/5.0 (Windows NT 10.0; Win64; x64; rv:137.0) Gecko/20100101 Firefox/137.0"
52.255.111.116 - - [12/Jul/2025:12:55:26 -0400] "GET / HTTP/1.1" 200 1470 "-" "Mozilla/5.0 AppleWebKit/537.36 (KHTML, like Gecko); compatible; ChatGPT-User/1.0; +https://openai.com/bot"
66.249.74.1 - - [12/Jul/2025:12:55:28 -0400] "GET /q-~245eHjZNnJqrt35Mg6e0TKcJ3KrR9As8v5710/ HTTP/1.1" 404 1251 "-" "Mozilla/5.0 (Linux; Android 6.0.1; Nexus 5X Build/MMB29P) AppleWebKit/537.36 (KHTML, like Gecko) Chrome/137.0.7151.103 Mobile Safari/537.36 (compatible; GoogleOther)"
66.249.74.15 - - [12/Jul/2025:12:55:35 -0400] "GET /items/tvqmx70/49058?key=reliability HTTP/1.1" 404 1251 "-" "Mozilla/5.0 (Linux; Android 6.0.1; Nexus 5X Build/MMB29P) AppleWebKit/537.36 (KHTML, like Gecko) Chrome/137.0.7151.103 Mobile Safari/537.36 (compatible; GoogleOther)"
66.249.74.15 - - [12/Jul/2025:12:55:41 -0400] "GET /items/dglat283/15179?key=against HTTP/1.1" 404 1251 "-" "Mozilla/5.0 (compatible; Googlebot/2.1; +http://www.google.com/bot.html)"
66.249.74.15 - - [12/Jul/2025:12:55:41 -0400] "GET /items/dglat283/15179?key=against HTTP/1.1" 404 1251 "-" "Mozilla/5.0 (Linux; Android 6.0.1; Nexus 5X Build/MMB29P) AppleWebKit/537.36 (KHTML, like Gecko) Chrome/137.0.7151.103 Mobile Safari/537.36 (compatible; Googlebot/2.1; +http://www.google.com/bot.html)"
66.249.74.15 - - [12/Jul/2025:12:55:55 -0400] "GET /items/cyiqr209/24091?key=check HTTP/1.1" 404 1251 "-" "Mozilla/5.0 (Linux; Android 6.0.1; Nexus 5X Build/MMB29P) AppleWebKit/537.36 (KHTML, like Gecko) Chrome/137.0.7151.103 Mobile Safari/537.36 (compatible; Googlebot/2.1; +http://www.google.com/bot.html)"
66.249.74.2 - - [12/Jul/2025:12:56:08 -0400] "GET /items/bzrjw116/44724?key=circle HTTP/1.1" 404 1251 "-" "Mozilla/5.0 (compatible; Googlebot/2.1; +http://www.google.com/bot.html)"
66.249.74.15 - - [12/Jul/2025:12:56:14 -0400] "GET /q-~130IGu0mIqA0rOi8nDWwoixLKeWAaZBDI12449/ HTTP/1.1" 404 1251 "-" "Mozilla/5.0 (Linux; Android 6.0.1; Nexus 5X Build/MMB29P) AppleWebKit/537.36 (KHTML, like Gecko) Chrome/137.0.7151.103 Mobile Safari/537.36 (compatible; GoogleOther)"
66.249.74.15 - - [12/Jul/2025:12:56:56 -0400] "GET /q-~266EHZenkM2JhaiLWYAEpnuzETV5LaFIF24993/ HTTP/1.1" 404 1251 "-" "Mozilla/5.0 (Linux; Android 6.0.1; Nexus 5X Build/MMB29P) AppleWebKit/537.36 (KHTML, like Gecko) Chrome/137.0.7151.103 Mobile Safari/537.36 (compatible; GoogleOther)"
66.249.74.15 - - [12/Jul/2025:12:56:58 -0400] "GET /q-~104yA5K06RkawPzao7V736X8J9ShL8Afa33695/ HTTP/1.1" 404 1251 "-" "Mozilla/5.0 (Linux; Android 6.0.1; Nexus 5X Build/MMB29P) AppleWebKit/537.36 (KHTML, like Gecko) Chrome/137.0.7151.103 Mobile Safari/537.36 (compatible; GoogleOther)"
66.249.74.15 - - [12/Jul/2025:12:57:40 -0400] "GET /q-~89TIykipfwmzdraj4Rpq7tcBlx7p84iO31626/ HTTP/1.1" 404 1251 "-" "Mozilla/5.0 (Linux; Android 6.0.1; Nexus 5X Build/MMB29P) AppleWebKit/537.36 (KHTML, like Gecko) Chrome/137.0.7151.103 Mobile Safari/537.36 (compatible; GoogleOther)"
66.249.74.2 - - [12/Jul/2025:12:58:03 -0400] "GET /items/zjrtz195/11151?key=installation HTTP/1.1" 404 1251 "-" "Mozilla/5.0 (compatible; Googlebot/2.1; +http://www.google.com/bot.html)"
66.249.74.15 - - [12/Jul/2025:12:58:03 -0400] "GET /items/zjrtz195/11151?key=installation HTTP/1.1" 404 1251 "-" "Mozilla/5.0 (Linux; Android 6.0.1; Nexus 5X Build/MMB29P) AppleWebKit/537.36 (KHTML, like Gecko) Chrome/137.0.7151.103 Mobile Safari/537.36 (compatible; Googlebot/2.1; +http://www.google.com/bot.html)"
66.249.74.1 - - [12/Jul/2025:12:58:18 -0400] "GET /items/jkpyd221/15253?key=bring HTTP/1.1" 404 1251 "-" "Mozilla/5.0 (Linux; Android 6.0.1; Nexus 5X Build/MMB29P) AppleWebKit/537.36 (KHTML, like Gecko) Chrome/137.0.7151.103 Mobile Safari/537.36 (compatible; GoogleOther)"
66.249.74.15 - - [12/Jul/2025:12:58:24 -0400] "GET /items/vbagb158/21082?key=method HTTP/1.1" 404 1251 "-" "Mozilla/5.0 (Linux; Android 6.0.1; Nexus 5X Build/MMB29P) AppleWebKit/537.36 (KHTML, like Gecko) Chrome/137.0.7151.103 Mobile Safari/537.36 (compatible; GoogleOther)"
66.249.74.1 - - [12/Jul/2025:12:59:05 -0400] "GET /q-~245fGGaBNMVwGAgHTVASAUZHdDlDcYBps2928/ HTTP/1.1" 404 1251 "-" "Mozilla/5.0 (Linux; Android 6.0.1; Nexus 5X Build/MMB29P) AppleWebKit/537.36 (KHTML, like Gecko) Chrome/137.0.7151.103 Mobile Safari/537.36 (compatible; Googlebot/2.1; +http://www.google.com/bot.html)"
66.249.74.2 - - [12/Jul/2025:12:59:08 -0400] "GET /items/zhhnn170/15518?key=language HTTP/1.1" 404 1251 "-" "Mozilla/5.0 (Linux; Android 6.0.1; Nexus 5X Build/MMB29P) AppleWebKit/537.36 (KHTML, like Gecko) Chrome/137.0.7151.103 Mobile Safari/537.36 (compatible; GoogleOther)"
66.249.74.1 - - [12/Jul/2025:12:59:29 -0400] "GET /q-~183SAQTNlRM4CKKjlAnq3UIZ97hx7yXIS30678/ HTTP/1.1" 404 1251 "-" "Mozilla/5.0 (Linux; Android 6.0.1; Nexus 5X Build/MMB29P) AppleWebKit/537.36 (KHTML, like Gecko) Chrome/137.0.7151.103 Mobile Safari/537.36 (compatible; Googlebot/2.1; +http://www.google.com/bot.html)"
66.249.74.15 - - [12/Jul/2025:12:59:39 -0400] "GET /q-~114UG5XUAD35ORujPOkoWVGJDMhVRM6eY11819/ HTTP/1.1" 404 1251 "-" "Mozilla/5.0 (Linux; Android 6.0.1; Nexus 5X Build/MMB29P) AppleWebKit/537.36 (KHTML, like Gecko) Chrome/137.0.7151.103 Mobile Safari/537.36 (compatible; GoogleOther)"
66.249.74.15 - - [12/Jul/2025:12:59:52 -0400] "GET /q-~245PIlA6Oq38abhfB4JOI0DeDzyICU0ct29550/ HTTP/1.1" 404 1251 "-" "Mozilla/5.0 (Linux; Android 6.0.1; Nexus 5X Build/MMB29P) AppleWebKit/537.36 (KHTML, like Gecko) Chrome/137.0.7151.103 Mobile Safari/537.36 (compatible; GoogleOther)"
66.249.74.15 - - [12/Jul/2025:13:00:36 -0400] "GET /q-~192IW0MEzZiK7ahiYR7LHdjp37gJhl78e21335/ HTTP/1.1" 404 1251 "-" "Mozilla/5.0 (Linux; Android 6.0.1; Nexus 5X Build/MMB29P) AppleWebKit/537.36 (KHTML, like Gecko) Chrome/137.0.7151.103 Mobile Safari/537.36 (compatible; GoogleOther)"
66.249.74.2 - - [12/Jul/2025:13:01:00 -0400] "GET /items/pinuu268/40842?key=grant HTTP/1.1" 404 1251 "-" "Mozilla/5.0 (Linux; Android 6.0.1; Nexus 5X Build/MMB29P) AppleWebKit/537.36 (KHTML, like Gecko) Chrome/137.0.7151.103 Mobile Safari/537.36 (compatible; GoogleOther)"
66.249.74.15 - - [12/Jul/2025:13:01:21 -0400] "GET /q-~84w8U5uaiCbn9Ex4oSXmvehdsAGZOCeg31741/ HTTP/1.1" 404 1251 "-" "Mozilla/5.0 (Linux; Android 6.0.1; Nexus 5X Build/MMB29P) AppleWebKit/537.36 (KHTML, like Gecko) Chrome/137.0.7151.103 Mobile Safari/537.36 (compatible; GoogleOther)"
66.249.74.15 - - [12/Jul/2025:13:02:03 -0400] "GET /q-~31b0rjJa6ltd6Wp0gSO5WaLm3FmrpHey2152/ HTTP/1.1" 404 1251 "-" "Mozilla/5.0 (Linux; Android 6.0.1; Nexus 5X Build/MMB29P) AppleWebKit/537.36 (KHTML, like Gecko) Chrome/137.0.7151.103 Mobile Safari/537.36 (compatible; GoogleOther)"
47.82.60.45 - - [12/Jul/2025:13:02:14 -0400] "GET /wp-includes/css/dist/block-library/theme-rtl.min.css HTTP/1.1" 200 628 "https://www.nas-yemen.org/wp-includes/css/dist/block-library/theme-rtl.min.css" "Mozilla/5.0 (Windows NT 10.0; Win64; x64) AppleWebKit/537.36 (KHTML, like Gecko) Chrome/114.0.0.0 Safari/537.36 Edg/114.0.1823.43"
66.249.74.15 - - [12/Jul/2025:13:02:21 -0400] "GET /q-~228MVDjNDnzsUW1B9Uz3nsEEaZ5nmVapY6875/ HTTP/1.1" 404 1251 "-" "Mozilla/5.0 (Linux; Android 6.0.1; Nexus 5X Build/MMB29P) AppleWebKit/537.36 (KHTML, like Gecko) Chrome/137.0.7151.103 Mobile Safari/537.36 (compatible; GoogleOther)"
47.82.60.49 - - [12/Jul/2025:13:02:23 -0400] "GET /wp-includes/js/tinymce/plugins/lists HTTP/1.1" 301 795 "https://nas-yemen.org/wp-includes/js/tinymce/plugins/lists" "Mozilla/5.0 (Windows NT 10.0; Win64; x64) AppleWebKit/537.36 (KHTML, like Gecko) Chrome/114.0.0.0 Safari/537.36 Edg/114.0.1823.43"
47.82.60.49 - - [12/Jul/2025:13:02:23 -0400] "GET /wp-includes/js/tinymce/plugins/lists/ HTTP/1.1" 200 660 "https://nas-yemen.org/wp-includes/js/tinymce/plugins/lists" "Mozilla/5.0 (Windows NT 10.0; Win64; x64) AppleWebKit/537.36 (KHTML, like Gecko) Chrome/114.0.0.0 Safari/537.36 Edg/114.0.1823.43"
66.249.74.15 - - [12/Jul/2025:13:02:47 -0400] "GET /items/esqhb220/26746?key=questionnaire HTTP/1.1" 404 1251 "-" "Mozilla/5.0 (Linux; Android 6.0.1; Nexus 5X Build/MMB29P) AppleWebKit/537.36 (KHTML, like Gecko) Chrome/137.0.7151.103 Mobile Safari/537.36 (compatible; GoogleOther)"
47.82.60.73 - - [12/Jul/2025:13:03:10 -0400] "GET /wp-includes/css/dist/edit-post/style-rtl.min.css HTTP/1.1" 200 2485 "https://www.nas-yemen.org/wp-includes/css/dist/edit-post/style-rtl.min.css" "Mozilla/5.0 (Windows NT 10.0; Win64; x64) AppleWebKit/537.36 (KHTML, like Gecko) Chrome/114.0.0.0 Safari/537.36 Edg/114.0.1823.43"
47.82.60.34 - - [12/Jul/2025:13:03:12 -0400] "GET /wp-includes/sodium_compat/namespaced/Core/ChaCha20.php HTTP/1.1" 403 1242 "https://nas-yemen.org/wp-includes/sodium_compat/namespaced/Core/ChaCha20.php" "Mozilla/5.0 (Windows NT 10.0; Win64; x64) AppleWebKit/537.36 (KHTML, like Gecko) Chrome/114.0.0.0 Safari/537.36 Edg/114.0.1823.43"
66.249.74.15 - - [12/Jul/2025:13:03:24 -0400] "GET /items/baugb284/47986?key=locate HTTP/1.1" 404 1251 "-" "Mozilla/5.0 (Linux; Android 6.0.1; Nexus 5X Build/MMB29P) AppleWebKit/537.36 (KHTML, like Gecko) Chrome/137.0.7151.103 Mobile Safari/537.36 (compatible; Googlebot/2.1; +http://www.google.com/bot.html)"
66.249.74.15 - - [12/Jul/2025:13:03:30 -0400] "GET /items/gdssp227/42041?key=concert HTTP/1.1" 404 1251 "-" "Mozilla/5.0 (Linux; Android 6.0.1; Nexus 5X Build/MMB29P) AppleWebKit/537.36 (KHTML, like Gecko) Chrome/137.0.7151.103 Mobile Safari/537.36 (compatible; Googlebot/2.1; +http://www.google.com/bot.html)"
66.249.74.15 - - [12/Jul/2025:13:03:31 -0400] "GET /q-~167Yu8iwqY01ua1ntL393v1NQg3fVuOzQ15824/ HTTP/1.1" 404 1251 "-" "Mozilla/5.0 (Linux; Android 6.0.1; Nexus 5X Build/MMB29P) AppleWebKit/537.36 (KHTML, like Gecko) Chrome/137.0.7151.103 Mobile Safari/537.36 (compatible; GoogleOther)"
66.249.74.15 - - [12/Jul/2025:13:03:42 -0400] "GET /q-~118CHlxPfBAQjV6BPClhfzOuC6tDzF28L31609/ HTTP/1.1" 404 1251 "-" "Mozilla/5.0 (Linux; Android 6.0.1; Nexus 5X Build/MMB29P) AppleWebKit/537.36 (KHTML, like Gecko) Chrome/137.0.7151.103 Mobile Safari/537.36 (compatible; GoogleOther)"
66.249.74.1 - - [12/Jul/2025:13:04:13 -0400] "GET /q-~211i3RZIK2h2g5PdCLwgo0TtxZorEafRU2834/ HTTP/1.1" 404 1251 "-" "Mozilla/5.0 (Linux; Android 6.0.1; Nexus 5X Build/MMB29P) AppleWebKit/537.36 (KHTML, like Gecko) Chrome/137.0.7151.103 Mobile Safari/537.36 (compatible; Googlebot/2.1; +http://www.google.com/bot.html)"
66.249.74.15 - - [12/Jul/2025:13:04:15 -0400] "GET /q-~28PaVdakTzpGv4Z4WcW8hTtRh67un88L12279/ HTTP/1.1" 404 1251 "-" "Mozilla/5.0 (Linux; Android 6.0.1; Nexus 5X Build/MMB29P) AppleWebKit/537.36 (KHTML, like Gecko) Chrome/137.0.7151.103 Mobile Safari/537.36 (compatible; GoogleOther)"
66.249.74.1 - - [12/Jul/2025:13:04:23 -0400] "GET /items/nzcwf118/24222?key=practically HTTP/1.1" 404 1251 "-" "Mozilla/5.0 (Linux; Android 6.0.1; Nexus 5X Build/MMB29P) AppleWebKit/537.36 (KHTML, like Gecko) Chrome/137.0.7151.103 Mobile Safari/537.36 (compatible; Googlebot/2.1; +http://www.google.com/bot.html)"
51.222.253.16 - - [12/Jul/2025:13:04:26 -0400] "GET /?sitemapindex.xml HTTP/1.1" 200 1470 "-" "Mozilla/5.0 (compatible; AhrefsBot/7.0; +http://ahrefs.com/robot/)"
69.197.135.226 - - [12/Jul/2025:13:04:41 -0400] "GET /wp-content/admin.php HTTP/1.1" 404 1251 "https://nas-yemen.org/wp-content/admin.php" "Mozilla/5.0 (Windows NT 10.0; Win64; x64) AppleWebKit/537.36 (KHTML, like Gecko) Chrome/58.0.3029.110 Safari/537.3"
66.249.74.15 - - [12/Jul/2025:13:04:59 -0400] "GET /items/qewyi227/2599?key=catch HTTP/1.1" 404 1251 "-" "Mozilla/5.0 (Linux; Android 6.0.1; Nexus 5X Build/MMB29P) AppleWebKit/537.36 (KHTML, like Gecko) Chrome/137.0.7151.103 Mobile Safari/537.36 (compatible; GoogleOther)"
66.249.74.2 - - [12/Jul/2025:13:05:04 -0400] "GET /q-~258QHDLq5g1hJ89sz4jiZwc3t5eLwjrvR10713/ HTTP/1.1" 404 1251 "-" "Mozilla/5.0 (Linux; Android 6.0.1; Nexus 5X Build/MMB29P) AppleWebKit/537.36 (KHTML, like Gecko) Chrome/137.0.7151.103 Mobile Safari/537.36 (compatible; GoogleOther)"
66.249.74.1 - - [12/Jul/2025:13:05:43 -0400] "GET /q-~203dgWVJkjnJJeUvKfrv3UpjR7ezuIQDg29090/ HTTP/1.1" 404 1251 "-" "Mozilla/5.0 (Linux; Android 6.0.1; Nexus 5X Build/MMB29P) AppleWebKit/537.36 (KHTML, like Gecko) Chrome/137.0.7151.103 Mobile Safari/537.36 (compatible; GoogleOther)"
66.249.74.15 - - [12/Jul/2025:13:06:25 -0400] "GET /items/befgq296/36870?key=overlook HTTP/1.1" 404 1251 "-" "Mozilla/5.0 (Linux; Android 6.0.1; Nexus 5X Build/MMB29P) AppleWebKit/537.36 (KHTML, like Gecko) Chrome/137.0.7151.103 Mobile Safari/537.36 (compatible; GoogleOther)"
66.249.74.15 - - [12/Jul/2025:13:06:27 -0400] "GET /q-~228x2kJfZIrqk4zUpv4qw4UvRflOowm5x16747/ HTTP/1.1" 404 1251 "-" "Mozilla/5.0 (Linux; Android 6.0.1; Nexus 5X Build/MMB29P) AppleWebKit/537.36 (KHTML, like Gecko) Chrome/137.0.7151.103 Mobile Safari/537.36 (compatible; GoogleOther)"
66.249.74.15 - - [12/Jul/2025:13:07:11 -0400] "GET /items/bczxo154/48636?key=very HTTP/1.1" 404 1251 "-" "Mozilla/5.0 (Linux; Android 6.0.1; Nexus 5X Build/MMB29P) AppleWebKit/537.36 (KHTML, like Gecko) Chrome/137.0.7151.103 Mobile Safari/537.36 (compatible; GoogleOther)"
66.249.74.1 - - [12/Jul/2025:13:07:46 -0400] "GET /q-~200uv85SaUpZaiD9PQceIp5CMcxWdKgaV32151/ HTTP/1.1" 404 1251 "-" "Mozilla/5.0 (Linux; Android 6.0.1; Nexus 5X Build/MMB29P) AppleWebKit/537.36 (KHTML, like Gecko) Chrome/137.0.7151.103 Mobile Safari/537.36 (compatible; GoogleOther)"
66.249.74.15 - - [12/Jul/2025:13:07:55 -0400] "GET /q-~263Qnx6ZSi3kP9vUAgQ7pfnjA76ZsBDij34080/ HTTP/1.1" 404 1251 "-" "Mozilla/5.0 (Linux; Android 6.0.1; Nexus 5X Build/MMB29P) AppleWebKit/537.36 (KHTML, like Gecko) Chrome/137.0.7151.103 Mobile Safari/537.36 (compatible; GoogleOther)"
185.2.4.33 - - [12/Jul/2025:13:08:18 -0400] "POST /xmlrpc.php HTTP/1.1" 403 1242 "-" "Mozilla/5.0 (X11; Ubuntu; Linux x86_64; rv:85.0) Gecko/20100101 Firefox/91.0"
66.249.74.15 - - [12/Jul/2025:13:08:38 -0400] "GET /q-~181wwrGZRrtBuMH0djS39Wx8u7BblLCVZ31598/ HTTP/1.1" 404 1251 "-" "Mozilla/5.0 (Linux; Android 6.0.1; Nexus 5X Build/MMB29P) AppleWebKit/537.36 (KHTML, like Gecko) Chrome/137.0.7151.103 Mobile Safari/537.36 (compatible; GoogleOther)"
66.249.74.2 - - [12/Jul/2025:13:08:40 -0400] "GET /items/jejpt217/37885?key=way HTTP/1.1" 404 1251 "-" "Mozilla/5.0 (compatible; Googlebot/2.1; +http://www.google.com/bot.html)"
134.17.14.12 - - [12/Jul/2025:13:08:49 -0400] "GET /wp-content/plugins/yanierin/akc.php?p= HTTP/1.1" 404 1251 "-" "Mozilla/5.0 (Windows NT 10.0; Win64; x64; rv:140.0) Gecko/20100101 Firefox/140.0"
66.249.74.15 - - [12/Jul/2025:13:09:07 -0400] "GET /q-~20HJt0IakcNXoC3toifGVuDz5NFxDPqp113/ HTTP/1.1" 404 1251 "-" "Mozilla/5.0 (Linux; Android 6.0.1; Nexus 5X Build/MMB29P) AppleWebKit/537.36 (KHTML, like Gecko) Chrome/137.0.7151.103 Mobile Safari/537.36 (compatible; GoogleOther)"
66.249.74.1 - - [12/Jul/2025:13:09:22 -0400] "GET /q-~248G7h8r5jtyOso6fj0LYcjNx4QR28nHw42301/ HTTP/1.1" 404 1251 "-" "Mozilla/5.0 (Linux; Android 6.0.1; Nexus 5X Build/MMB29P) AppleWebKit/537.36 (KHTML, like Gecko) Chrome/137.0.7151.103 Mobile Safari/537.36 (compatible; GoogleOther)"
164.92.238.124 - - [12/Jul/2025:13:09:29 -0400] "GET /xmlrpc.php HTTP/1.1" 403 1242 "http://nas-yemen.org/xmlrpc.php" "Mozilla/5.0 (X11; Ubuntu; Linux x86_64; rv:85.0) Gecko/20100101 Firefox/91.0"
66.249.74.15 - - [12/Jul/2025:13:09:59 -0400] "GET /q-~140gzdLR72vZSTm6u9hCIvAteQcK13Cad17697/ HTTP/1.1" 404 1251 "-" "Mozilla/5.0 (Linux; Android 6.0.1; Nexus 5X Build/MMB29P) AppleWebKit/537.36 (KHTML, like Gecko) Chrome/137.0.7151.103 Mobile Safari/537.36 (compatible; Googlebot/2.1; +http://www.google.com/bot.html)"
66.249.74.2 - - [12/Jul/2025:13:10:06 -0400] "GET /q-~110S96U2yOKqwB1uaBIctciKvD8lXnQDy33687/ HTTP/1.1" 404 1251 "-" "Mozilla/5.0 (Linux; Android 6.0.1; Nexus 5X Build/MMB29P) AppleWebKit/537.36 (KHTML, like Gecko) Chrome/137.0.7151.103 Mobile Safari/537.36 (compatible; GoogleOther)"
66.249.74.1 - - [12/Jul/2025:13:10:11 -0400] "GET /items/meaxw28/9094?key=bridge HTTP/1.1" 404 1251 "-" "Mozilla/5.0 (Linux; Android 6.0.1; Nexus 5X Build/MMB29P) AppleWebKit/537.36 (KHTML, like Gecko) Chrome/137.0.7151.103 Mobile Safari/537.36 (compatible; Googlebot/2.1; +http://www.google.com/bot.html)"
66.249.74.15 - - [12/Jul/2025:13:10:28 -0400] "GET /items/qgnuw65/28495?key=relevant HTTP/1.1" 404 1251 "-" "Mozilla/5.0 (Linux; Android 6.0.1; Nexus 5X Build/MMB29P) AppleWebKit/537.36 (KHTML, like Gecko) Chrome/137.0.7151.103 Mobile Safari/537.36 (compatible; GoogleOther)"
66.249.74.15 - - [12/Jul/2025:13:10:50 -0400] "GET /items/jarym68/12520?key=article HTTP/1.1" 404 1251 "-" "Mozilla/5.0 (Linux; Android 6.0.1; Nexus 5X Build/MMB29P) AppleWebKit/537.36 (KHTML, like Gecko) Chrome/137.0.7151.103 Mobile Safari/537.36 (compatible; GoogleOther)"
66.249.74.2 - - [12/Jul/2025:13:11:34 -0400] "GET /q-~162wifpOAh3t3pmpzTF3ssLryrTpJIR6k7823/ HTTP/1.1" 404 1251 "-" "Mozilla/5.0 (Linux; Android 6.0.1; Nexus 5X Build/MMB29P) AppleWebKit/537.36 (KHTML, like Gecko) Chrome/137.0.7151.103 Mobile Safari/537.36 (compatible; GoogleOther)"
66.249.74.15 - - [12/Jul/2025:13:11:50 -0400] "GET /items/uwqde185/7189?key=list HTTP/1.1" 404 1251 "-" "Mozilla/5.0 (Linux; Android 6.0.1; Nexus 5X Build/MMB29P) AppleWebKit/537.36 (KHTML, like Gecko) Chrome/137.0.7151.103 Mobile Safari/537.36 (compatible; GoogleOther)"
44.216.172.204 - - [12/Jul/2025:13:12:01 -0400] "GET /wp-includes/html-api/ HTTP/1.1" 200 1275 "-" "Mozilla/5.0 AppleWebKit/537.36 (KHTML, like Gecko; compatible; Amazonbot/0.1; +https://developer.amazon.com/support/amazonbot) Chrome/119.0.6045.214 Safari/537.36"
44.212.232.231 - - [12/Jul/2025:13:12:05 -0400] "GET /aa48b/?MA HTTP/1.1" 200 539 "-" "Mozilla/5.0 AppleWebKit/537.36 (KHTML, like Gecko; compatible; Amazonbot/0.1; +https://developer.amazon.com/support/amazonbot) Chrome/119.0.6045.214 Safari/537.36"
34.235.239.240 - - [12/Jul/2025:13:12:10 -0400] "GET /wp-includes/functions.php HTTP/1.1" 403 1242 "-" "Mozilla/5.0 AppleWebKit/537.36 (KHTML, like Gecko; compatible; Amazonbot/0.1; +https://developer.amazon.com/support/amazonbot) Chrome/119.0.6045.214 Safari/537.36"
18.233.24.238 - - [12/Jul/2025:13:12:14 -0400] "GET /wp-includes/class-avif-info.php HTTP/1.1" 403 1242 "-" "Mozilla/5.0 AppleWebKit/537.36 (KHTML, like Gecko; compatible; Amazonbot/0.1; +https://developer.amazon.com/support/amazonbot) Chrome/119.0.6045.214 Safari/537.36"
3.211.105.134 - - [12/Jul/2025:13:12:17 -0400] "GET /wp-includes/ms-settings.php HTTP/1.1" 403 1242 "-" "Mozilla/5.0 AppleWebKit/537.36 (KHTML, like Gecko; compatible; Amazonbot/0.1; +https://developer.amazon.com/support/amazonbot) Chrome/119.0.6045.214 Safari/537.36"
66.249.74.1 - - [12/Jul/2025:13:12:18 -0400] "GET /items/brhvt221/7941?key=impossible HTTP/1.1" 404 1251 "-" "Mozilla/5.0 (Linux; Android 6.0.1; Nexus 5X Build/MMB29P) AppleWebKit/537.36 (KHTML, like Gecko) Chrome/137.0.7151.103 Mobile Safari/537.36 (compatible; GoogleOther)"
34.205.163.103 - - [12/Jul/2025:13:12:21 -0400] "GET /wp-includes/Requests/ HTTP/1.1" 200 637 "-" "Mozilla/5.0 AppleWebKit/537.36 (KHTML, like Gecko; compatible; Amazonbot/0.1; +https://developer.amazon.com/support/amazonbot) Chrome/119.0.6045.214 Safari/537.36"
66.249.74.1 - - [12/Jul/2025:13:12:24 -0400] "GET /pcmypage?callback=/product%2Fdetail%2m75275236361 HTTP/1.1" 404 1251 "-" "Mozilla/5.0 (Linux; Android 6.0.1; Nexus 5X Build/MMB29P) AppleWebKit/537.36 (KHTML, like Gecko) Chrome/137.0.7151.103 Mobile Safari/537.36 (compatible; Googlebot/2.1; +http://www.google.com/bot.html)"
52.45.194.165 - - [12/Jul/2025:13:12:26 -0400] "GET /wp-includes/sodium_compat/ HTTP/1.1" 200 1070 "-" "Mozilla/5.0 AppleWebKit/537.36 (KHTML, like Gecko; compatible; Amazonbot/0.1; +https://developer.amazon.com/support/amazonbot) Chrome/119.0.6045.214 Safari/537.36"
18.205.127.11 - - [12/Jul/2025:13:12:30 -0400] "GET /wp-includes/feed-rdf.php HTTP/1.1" 403 1242 "-" "Mozilla/5.0 AppleWebKit/537.36 (KHTML, like Gecko; compatible; Amazonbot/0.1; +https://developer.amazon.com/support/amazonbot) Chrome/119.0.6045.214 Safari/537.36"
44.194.139.149 - - [12/Jul/2025:13:12:33 -0400] "GET /wp-includes/class-wp-styles.php HTTP/1.1" 403 1242 "-" "Mozilla/5.0 AppleWebKit/537.36 (KHTML, like Gecko; compatible; Amazonbot/0.1; +https://developer.amazon.com/support/amazonbot) Chrome/119.0.6045.214 Safari/537.36"
3.222.190.107 - - [12/Jul/2025:13:12:38 -0400] "GET /wp-includes/class-wp-block-list.php HTTP/1.1" 403 1242 "-" "Mozilla/5.0 AppleWebKit/537.36 (KHTML, like Gecko; compatible; Amazonbot/0.1; +https://developer.amazon.com/support/amazonbot) Chrome/119.0.6045.214 Safari/537.36"
3.81.253.213 - - [12/Jul/2025:13:12:41 -0400] "GET /wp-includes/feed-atom-comments.php HTTP/1.1" 403 1242 "-" "Mozilla/5.0 AppleWebKit/537.36 (KHTML, like Gecko; compatible; Amazonbot/0.1; +https://developer.amazon.com/support/amazonbot) Chrome/119.0.6045.214 Safari/537.36"
52.4.76.156 - - [12/Jul/2025:13:12:45 -0400] "GET /wp-includes/PHPMailer/ HTTP/1.1" 200 691 "-" "Mozilla/5.0 AppleWebKit/537.36 (KHTML, like Gecko; compatible; Amazonbot/0.1; +https://developer.amazon.com/support/amazonbot) Chrome/119.0.6045.214 Safari/537.36"
34.231.118.144 - - [12/Jul/2025:13:12:49 -0400] "GET /wp-includes/class-wp-plugin-dependencies.php HTTP/1.1" 403 1242 "-" "Mozilla/5.0 AppleWebKit/537.36 (KHTML, like Gecko; compatible; Amazonbot/0.1; +https://developer.amazon.com/support/amazonbot) Chrome/119.0.6045.214 Safari/537.36"
66.249.74.10 - - [12/Jul/2025:13:13:02 -0400] "GET /items/eoyml204/6586?key=pass HTTP/1.1" 404 1251 "-" "Mozilla/5.0 (Linux; Android 6.0.1; Nexus 5X Build/MMB29P) AppleWebKit/537.36 (KHTML, like Gecko) Chrome/137.0.7151.103 Mobile Safari/537.36 (compatible; GoogleOther)"
66.249.74.10 - - [12/Jul/2025:13:13:04 -0400] "GET /q-~283RxJzvHrbEZMoEKjARyalp1DsBL2vWx15372/ HTTP/1.1" 404 1251 "-" "Mozilla/5.0 (Linux; Android 6.0.1; Nexus 5X Build/MMB29P) AppleWebKit/537.36 (KHTML, like Gecko) Chrome/137.0.7151.103 Mobile Safari/537.36 (compatible; GoogleOther)"
47.82.60.61 - - [12/Jul/2025:13:13:06 -0400] "GET /q-~65AbWIXpE7S6iNC2W52GGW5C5pBNkUqV45782/ HTTP/1.1" 404 1251 "https://nas-yemen.org/q-~65AbWIXpE7S6iNC2W52GGW5C5pBNkUqV45782/" "Mozilla/5.0 (Windows NT 10.0; Win64; x64) AppleWebKit/537.36 (KHTML, like Gecko) Chrome/114.0.0.0 Safari/537.36 Edg/114.0.1823.43"
66.249.74.9 - - [12/Jul/2025:13:13:08 -0400] "GET /q-~137lW4PFHfvRHnohUCQJqc0ic2zTgE9Xd16304/ HTTP/1.1" 404 1251 "-" "Mozilla/5.0 (Linux; Android 6.0.1; Nexus 5X Build/MMB29P) AppleWebKit/537.36 (KHTML, like Gecko) Chrome/137.0.7151.103 Mobile Safari/537.36 (compatible; Googlebot/2.1; +http://www.google.com/bot.html)"
207.46.13.160 - - [12/Jul/2025:13:13:10 -0400] "GET /today/?id=100 HTTP/1.1" 404 1251 "-" "Mozilla/5.0 AppleWebKit/537.36 (KHTML, like Gecko; compatible; bingbot/2.0; +http://www.bing.com/bingbot.htm) Chrome/116.0.1938.76 Safari/537.36"
66.249.74.9 - - [12/Jul/2025:13:13:11 -0400] "GET /items/owcpw2/43006?key=nothing HTTP/1.1" 404 1251 "-" "Mozilla/5.0 (Linux; Android 6.0.1; Nexus 5X Build/MMB29P) AppleWebKit/537.36 (KHTML, like Gecko) Chrome/137.0.7151.103 Mobile Safari/537.36 (compatible; GoogleOther)"
66.249.74.8 - - [12/Jul/2025:13:13:15 -0400] "GET /q-~164vkBld30rS42Kl4xBxNLqzby8IEgcbI32255/ HTTP/1.1" 404 1251 "-" "Mozilla/5.0 (Linux; Android 6.0.1; Nexus 5X Build/MMB29P) AppleWebKit/537.36 (KHTML, like Gecko) Chrome/137.0.7151.103 Mobile Safari/537.36 (compatible; GoogleOther)"
66.249.74.8 - - [12/Jul/2025:13:13:19 -0400] "GET /items/jsalx29/22111?key=region HTTP/1.1" 404 1251 "-" "Mozilla/5.0 (Linux; Android 6.0.1; Nexus 5X Build/MMB29P) AppleWebKit/537.36 (KHTML, like Gecko) Chrome/137.0.7151.103 Mobile Safari/537.36 (compatible; Googlebot/2.1; +http://www.google.com/bot.html)"
66.249.74.8 - - [12/Jul/2025:13:13:19 -0400] "GET /items/jsalx29/22111?key=region HTTP/1.1" 404 1251 "-" "Mozilla/5.0 (compatible; Googlebot/2.1; +http://www.google.com/bot.html)"
47.82.60.6 - - [12/Jul/2025:13:13:19 -0400] "GET /wp-includes/sodium_compat/src/Core/AEGIS128L.php HTTP/1.1" 403 1242 "https://nas-yemen.org/wp-includes/sodium_compat/src/Core/AEGIS128L.php" "Mozilla/5.0 (Windows NT 10.0; Win64; x64) AppleWebKit/537.36 (KHTML, like Gecko) Chrome/114.0.0.0 Safari/537.36 Edg/114.0.1823.43"
