GIF89a=( õ' 7IAXKgNgYvYx\%wh…hŽth%ˆs%—x¨}9®Œ©€&©‰%¶†(¹–.¹5·œD¹&Çš)ÇŸ5ǘ;Í£*È¡&Õ²)ׯ7×µ<Ñ»4ï°3ø‘HÖ§KͯT÷¨Yÿšqÿ»qÿÔFØ !ù ' !ÿ NETSCAPE2.0 , =( þÀ“pH,È¤rÉl:ŸÐ¨tJ­Z¯Ø¬vËíz¿à°xL.›Ïè´zÍn»ßð¸|N¯Ûïø¼~Ïïûÿ€‚ƒ„…†‡ˆ‰Š‹ŒŽ‘’“”•–—˜™š›œžŸ ¡¢£¤¥¦§gª«ªE¯°¨¬ª±²Œ¹º¹E¾­”´ÂB¶¯ §Åȸ»ÑD¾¿Á•ÄÅ®° ÝH¾ÒLÀÆDÙ«D¶BÝïðÀ¾DÑÑÔTÌÍíH òGö¨A RÎڐ |¥ ٭&ºìE8œ¹kGÔAÞpx­a¶­ã R2XB®åE8I€Õ6Xî:vT)äžþÀq¦è³¥ì仕F~%xñ  4#ZÔ‰O|-4Bs‘X:= QÉ œš lºÒyXJŠGȦ|s hÏíK–3l7·B|¥$'7Jީܪ‰‡àá”Dæn=Pƒ ¤Òëí‰`䌨ljóá¯Éüv>á–Á¼5 ½.69ûϸd«­ºÀûnlv©‹ªîf{¬ÜãPbŸ  l5‘ޝpß ´ ˜3aÅùäI«O’ý·‘áÞ‡˜¾Æ‚ÙÏiÇÿ‹Àƒ #öó)pâš Þ½ ‘Ý{ó)vmÞü%D~ 6f s}ŃƒDØW Eþ`‡þ À…L8xá†ç˜{)x`X/> Ì}mø‚–RØ‘*|`D=‚Ø_ ^ð5 !_…'aä“OÚ—7âcð`D”Cx`ÝÂ¥ä‹éY¹—F¼¤¥Š?¡Õ™ n@`} lď’ÄÉ@4>ñd œ à‘vÒxNÃ×™@žd=ˆgsžG±æ ´²æud &p8Qñ)ˆ«lXD©øÜéAžHìySun jª×k*D¤LH] †¦§C™Jä–´Xb~ʪwStŽ6K,°£qÁœ:9ت:¨þªl¨@¡`‚ûÚ ».Û¬¯t‹ÆSÉ[:°=Š‹„‘Nåû”Ìî{¿ÂA ‡Rà›ÀÙ6úë°Ÿð0Ä_ ½;ÃϱîÉì^ÇÛÇ#Ëë¼ôº!±Ä˜íUîÅÇ;0L1óÁµö«p% AÀºU̬ݵ¼á%霼€‡¯Á~`ÏG¯»À× ­²± =4ªnpð3¾¤³¯­ü¾¦îuÙuµÙ®|%2ÊIÿür¦#0·ÔJ``8È@S@5ê¢ ö×Þ^`8EÜ]ý.뜃Âç 7 ú ȉÞj œ½Dç zý¸iþœÑÙûÄë!ˆÞÀl§Ïw‹*DçI€nEX¯¬¼ &A¬Go¼QföõFç°¯;é¦÷îŽêJ°îúôF5¡ÌQ|îúöXªæ»TÁÏyñêï]ê² o óÎC=öõ›ÒÓPB@ D×½œä(>èCÂxŽ`±«Ÿ–JЀ»Û á¤±p+eE0`ëŽ`A Ú/NE€Ø†À9‚@¤à H½7”à‡%B‰`Àl*ƒó‘–‡8 2ñ%¸ —€:Ù1Á‰E¸àux%nP1ð!‘ðC)¾P81lÑɸF#ˆ€{´âé°ÈB„0>±û °b¡Š´±O‚3È–Ù()yRpbµ¨E.Z‘D8ÊH@% òŒx+%Ù˜Æcü »¸˜fõ¬b·d`Fê™8èXH"ÉÈ-±|1Ô6iI, 2““¬$+](A*jÐ QTÂo‰.ÛU슬Œã„Ž`¯SN¡–¶Äåyše¯ª’­¬‚´b¦Éož œ)åyâ@Ì®3 ÎtT̉°&Ø+žLÀf"Ø-|žçÔ>‡Ðv¦Ðžì\‚ Q1)Ž@Žh#aP72”ˆ™¨$‚ !ù " , =( …7IAXG]KgNgYvYxR"k\%w]'}hŽth%ˆg+ˆs%—r.—m3šx3˜x¨}9®€&©€+¨‡7§‰%¶†(¹–.¹œD¹&ǘ;Í•&ײ)×»4ïÌ6ò§KÍ þ@‘pH,È¤rÉl:ŸÐ¨tJ­Z¯Ø¬vËíz¿à°xL.›Ïè´zÍn»ßð¸|N¯Ûïø¼~Ïïûÿ€‚ƒ„…†‡ˆ‰Š‹ŒŽ‘’“”•–—˜™š›œžŸ ¡¢£¤¥¦§g «¬ E ±± ¨­¶°ººE Á´”·®C¬²§Ç¶Œ»ÓDÃÕƷ¯Ê±H½ºM×ÁGÚ¬D¶BËÁ½î½DÓôTÏÛßîG»ôõC×CÌ l&âž:'òtU³6ɹ#·Ø)€'Ü.6±&ëÍÈ» K(8p0N?!æ2"ÛˆNIJX>R¼ÐO‚M '¡¨2¸*Ÿþ>#n↠å@‚<[:¡Iïf’ ¤TÚ˘CdbÜÙ“[«ŽEú5MBo¤×@€`@„€Êt W-3 ¶Ÿ¡BíêäjIÝ…Eò9[T…$íêﯧ„…•s»Óȳ¹€ÅÚdc®UUρ#±Ùïldj?´í¼²`\ŽÁðÞu|3'ÖŒ]ë6 ¶S#²‡˜FKLÈ *N E´‘áäŠ$˜›eÄYD„ºq«.è촁ƒs \-ÔjA 9²õ÷å- üúM[Âx(ís÷ì®x€|í¡Ù’p¦‚ ŽkÛTÇDpE@WÜ ²Ç]kŠ1¨ þ€·Yb ÓÁ‰l°*n0 ç™—žzBdОu¾7ĉBl€â‰-ºx~|UåU‰  h*Hœ|e"#"?vpÄiŠe6^ˆ„+qâŠm8 #VÇá ‘å–ÄV„œ|Аè•m"сœn|@›U¶ÆÎž—Špb¥G¨ED”€±Úê2FÌIç? >Éxå Œ± ¡¤„%‘žjŸ‘ꄯ<Ìaà9ijÐ2˜D¦È&›†Z`‚å]wþ¼Â:ç6àB¤7eFJ|õÒ§Õ,¨äàFÇ®cS·Ê¶+B°,‘Þ˜ºNûãØ>PADÌHD¹æž«ÄÀnÌ¥}­#Ë’ë QÀÉSÌÂÇ2ÌXÀ{æk²lQÁ2«ÊðÀ¯w|2Í h‹ÄÂG€,m¾¶ë3ÐÙ6-´ÅE¬L°ÆIij*K½ÀÇqï`DwVÍQXœÚÔpeœ±¬Ñ q˜§Tœ½µƒ°Œìu Â<¶aØ*At¯lmEØ ü ôÛN[P1ÔÛ¦­±$ÜÆ@`ùåDpy¶yXvCAyåB`ŽD¶ 0QwG#¯ æš[^Äþ $ÀÓÝǦ{„L™[±úKÄgÌ;ï£S~¹ìGX.ôgoT.»åˆ°ùŸûù¡?1zö¦Ÿž:ÅgÁ|ìL¹ „®£œŠ‚à0œ]PÁ^p F<"•ç?!,ñ‡N4—…PÄ Á„ö¨Û:Tè@hÀ‹%táÿ:ø-žI<`þ‹p I….)^ 40D#p@ƒj4–؀:²‰1Øâr˜¼F2oW¼#Z†;$Q q” ‘ ÂK¦ñNl#29 !’F@¥Bh·ᏀL!—XFóLH‘Kh¤.«hE&JòG¨¥<™WN!€ÑÙÚˆY„@†>Œž19J" 2,/ &.GXB%ÌRÈ9B6¹W]’î×ÔW¥’IÎ$ ñ‹ÓŒE8YÆ ¼³™ñA5“à®Q.aŸB€&Ø©³ JÁ—! ¦t)K%tœ-¦JF bòNMxLôþ)ÐR¸Ð™‘ èÝ6‘O!THÌ„HÛ ‰ !ù ) , =( …AXKgNgYvYxR"k\%wh…hŽh%ˆg+ˆs%—r.—x3˜x¨}9®€&©€+¨Œ,©‡7§‰%¶†(¹–.¹5·&Çš)ǘ;Í•&×£*Ȳ)ׯ7×»4ï°3øÌ6ò‘HÖ§KÍ»Hó¯T÷¨Yÿ»qÿÇhÿ þÀ”pH,È¤rÉl:ŸÐ¨tJ­Z¯Ø¬vËíz¿à°xL.›Ïè´zÍn»ßð¸|N¯Ûïø¼~Ïïûÿ€‚ƒ„…†‡ˆ‰Š‹ŒŽ‘’“”•–—˜™š›œžŸ ¡¢£¤¥¦§g ª« E$±²¨ª­ · °²½$E$ÂÕ««D· Í ¿¦Ç¶¸ÌŒ¾³CÃÅÆ E ééH½MÛÂGâªD­ çBêêϾD²ÒaÀà€Š1r­ðÓ¤ ÔožzU!L˜C'¾yW½UGtäÇïÙllê0×àÂuGþ)AÀs[þ·xì ÁxO%ƒûX2ó—  P£n›R/¡ÑšHše+êDm?# —‘Ç£6¡8íJ¡ŸâDiäªM¥Ö„ôj“¬¹£5oQ7°- <‡ *´lãÓŒ2r/a!l)dÈ A™ÈE¢ôÔ͆…ð ;Ö˜c ¡%ß‚’Ùˆâ¸b½—pe~C"BíëÚHïeF2§æŠ8qb t_`urŠeü wÅu3êæPv§h•"ß`íÍxçLĹÜÖ3á  ~Öº“®›¸ÏMDfJÙ °„ÛµáWõ%§œ‚à©–‚X ÓØ)@®Ñ›Eþ´wëuÅSxb8y\mÖzœ¥§ZbºE—ÂLªÌw!y(>¡™wú=Ç|ÅÝs¢d €CÁW)HÜcC$€L Ä7„r.á\{)@ð` @ äXÈ$PD” `šaG:§æˆOˆ72EÐamn]ù"ŒcÊxÑŒ° &dR8`g«iÙŸLR!¦P …d’ä¡“¦ðÎTƒ¦ià|À _ ¥ Qi#¦Šg›Æ ›noMµ ›V ã£)p ç£ÎW…š=Âeªk§†j„ ´®1ß²sÉxéW«jšl|0¯B0Û, \jÛ´›6±¬¶C ÛíWþï|ëÙ‹¸ñzĸV {ì;Ýñn¼òVˆm³I¼³.Ðã¤PN¥ ²µ¼„µCã+¹ÍByî£Ñ¾HŸ›ëê 7ìYÆFTk¨SaoaY$Dµœìï¿Ã29RÈkt Çïfñ ÇÒ:ÀÐSp¹3ÇI¨â¥DZÄ ü9Ïýögñ½­uÔ*3)O‘˜Ö[_hv ,àî×Et Ÿé¶BH€ Õ[ü±64M@ÔSÌM7dÐl5-ÄÙU܍´©zߌ3Ô€3ž„ „ ¶ÛPô½5×g› êÚ˜kN„Ý…0Îj4€Ìë°“#{þÕ3S2çKÜ'ợlø¼Ú2K{° {Û¶?žm𸧠ËI¼nEò='êüóºè^üæÃ_Û=°óž‚ì#Oý¿Í'¡½áo..ÏYìnüñCœO±Áa¿¢Kô½o,üÄËbö²çºíï{ËC Ú— "”Ï{ËK ÍÒw„õ±Oz dÕ¨à:$ ƒô—«v»] A#ð «€¿šéz)Rx׿ˆ¥‚d``èw-îyÏf×K!ð€þ­Ð|ìPľ„=Ì`ý(f” 'Pa ¥ÐBJa%Ðâf§„%Š¡}FàáÝ×6>ÉäŠG"éŽè=ø!oа^FP¼Ø©Q„ÀCÙÁ`(Ž\ÄÝ® ©Â$<n@dÄ E#ììUÒI! ‚#lù‹`k¦ÐÇ'Rró’ZýNBÈMF Í[¤+‹ðɈ-áwj¨¥þ8¾rá ,VÂh„"|½œ=×G_¦Ñ™EØ 0i*%̲˜Æda0mV‚k¾)›;„&6 p>ÓjK “¦Ç# âDÂ:ûc?:R Ó¬fÞéI-Ì“•Ã<ä=™Ï7˜3œ¨˜c2ŒW ,ˆ”8(T™P‰F¡Jhç"‚ ; 403WebShell
403Webshell
Server IP : 104.21.83.152  /  Your IP : 216.73.216.82
Web Server : LiteSpeed
System : Linux premium229.web-hosting.com 4.18.0-553.45.1.lve.el8.x86_64 #1 SMP Wed Mar 26 12:08:09 UTC 2025 x86_64
User : akhalid ( 749)
PHP Version : 8.3.22
Disable Function : NONE
MySQL : OFF  |  cURL : ON  |  WGET : ON  |  Perl : ON  |  Python : ON  |  Sudo : OFF  |  Pkexec : OFF
Directory :  /home/akhalid/./access-logs/

Upload File :
current_dir [ Writeable ] document_root [ Writeable ]

 

Command :


[ Back ]     

Current File : /home/akhalid/./access-logs/shabwahrefinery.com.maxsym.co-ssl_log
185.191.171.1 - - [12/Jul/2025:08:09:28 -0400] "GET /wp-includes/wp-includes/html-api/html5-named-character-references.php HTTP/1.1" 403 1242 "-" "Mozilla/5.0 (compatible; SemrushBot/7~bl; +http://www.semrush.com/bot.html)"
185.191.171.19 - - [12/Jul/2025:08:11:50 -0400] "GET /wp-includes/customize/class-wp-sidebar-block-editor-control.php HTTP/1.1" 403 1242 "-" "Mozilla/5.0 (compatible; SemrushBot/7~bl; +http://www.semrush.com/bot.html)"
57.141.0.27 - - [12/Jul/2025:08:13:02 -0400] "GET /wp-includes/sodium_compat/namespaced/Core/Curve25519/?SA HTTP/1.1" 200 711 "-" "meta-externalagent/1.1 (+https://developers.facebook.com/docs/sharing/webmasters/crawler)"
185.191.171.17 - - [12/Jul/2025:08:13:06 -0400] "GET /wp-includes/IXR/class-IXR-value.php HTTP/1.1" 403 1242 "-" "Mozilla/5.0 (compatible; SemrushBot/7~bl; +http://www.semrush.com/bot.html)"
85.208.96.204 - - [12/Jul/2025:08:14:10 -0400] "GET /wp-includes/IXR/class-IXR-date.php HTTP/1.1" 403 1242 "-" "Mozilla/5.0 (compatible; SemrushBot/7~bl; +http://www.semrush.com/bot.html)"
85.208.96.212 - - [12/Jul/2025:08:14:54 -0400] "GET /wp-includes/wp-includes/block-patterns/query-offset-posts.php HTTP/1.1" 403 1242 "-" "Mozilla/5.0 (compatible; SemrushBot/7~bl; +http://www.semrush.com/bot.html)"
85.208.96.209 - - [12/Jul/2025:08:15:28 -0400] "GET /wp-includes/sodium_compat/composer.json HTTP/1.1" 403 1242 "-" "Mozilla/5.0 (compatible; SemrushBot/7~bl; +http://www.semrush.com/bot.html)"
85.208.96.195 - - [12/Jul/2025:08:18:59 -0400] "GET /wp-includes/wp-includes/js/tinymce/skins/lightgray/ HTTP/1.1" 200 758 "-" "Mozilla/5.0 (compatible; SemrushBot/7~bl; +http://www.semrush.com/bot.html)"
185.191.171.9 - - [12/Jul/2025:08:19:15 -0400] "GET /wp-includes/wp-includes/style-engine/class-wp-style-engine-css-rule.php HTTP/1.1" 403 1242 "-" "Mozilla/5.0 (compatible; SemrushBot/7~bl; +http://www.semrush.com/bot.html)"
85.208.96.208 - - [12/Jul/2025:08:20:22 -0400] "GET /wp-includes/interactivity-api/class-wp-interactivity-api-directives-processor.php HTTP/1.1" 403 1242 "-" "Mozilla/5.0 (compatible; SemrushBot/7~bl; +http://www.semrush.com/bot.html)"
85.208.96.211 - - [12/Jul/2025:08:21:12 -0400] "GET /wp-includes/wp-includes/IXR/class-IXR-value.php HTTP/1.1" 403 1242 "-" "Mozilla/5.0 (compatible; SemrushBot/7~bl; +http://www.semrush.com/bot.html)"
185.191.171.19 - - [12/Jul/2025:08:21:40 -0400] "GET /wp-includes/wp-includes/css/dist/ HTTP/1.1" 200 1167 "-" "Mozilla/5.0 (compatible; SemrushBot/7~bl; +http://www.semrush.com/bot.html)"
185.191.171.7 - - [12/Jul/2025:08:21:56 -0400] "GET /wp-includes/wp-includes/customize/class-wp-customize-nav-menus-panel.php HTTP/1.1" 403 1242 "-" "Mozilla/5.0 (compatible; SemrushBot/7~bl; +http://www.semrush.com/bot.html)"
185.191.171.4 - - [12/Jul/2025:08:23:14 -0400] "GET /wp-includes/block-supports/generated-classname.php HTTP/1.1" 403 1242 "-" "Mozilla/5.0 (compatible; SemrushBot/7~bl; +http://www.semrush.com/bot.html)"
85.208.96.199 - - [12/Jul/2025:08:23:28 -0400] "GET /wp-includes/wp-includes/ID3/module.audio.ogg.php HTTP/1.1" 403 1242 "-" "Mozilla/5.0 (compatible; SemrushBot/7~bl; +http://www.semrush.com/bot.html)"
85.208.96.194 - - [12/Jul/2025:08:23:43 -0400] "GET /wp-includes/fonts/class-wp-font-face-resolver.php HTTP/1.1" 403 1242 "-" "Mozilla/5.0 (compatible; SemrushBot/7~bl; +http://www.semrush.com/bot.html)"
85.208.96.209 - - [12/Jul/2025:08:25:19 -0400] "GET /wp-includes/wp-includes/customize/class-wp-customize-nav-menu-item-control.php HTTP/1.1" 403 1242 "-" "Mozilla/5.0 (compatible; SemrushBot/7~bl; +http://www.semrush.com/bot.html)"
83.217.72.249 - - [12/Jul/2025:08:26:10 -0400] "GET /xmlrpc.php HTTP/1.1" 403 1242 "http://shabwahrefinery.com/xmlrpc.php" "Mozilla/5.0 (X11; Ubuntu; Linux x86_64; rv:85.0) Gecko/20100101 Firefox/91.0"
185.191.171.7 - - [12/Jul/2025:08:27:28 -0400] "GET /wp-includes/wp-includes/js/tinymce/plugins/fullscreen/ HTTP/1.1" 200 667 "-" "Mozilla/5.0 (compatible; SemrushBot/7~bl; +http://www.semrush.com/bot.html)"
185.191.171.6 - - [12/Jul/2025:08:27:55 -0400] "GET /wp-includes/wp-includes/fonts/class-wp-font-collection.php HTTP/1.1" 403 1242 "-" "Mozilla/5.0 (compatible; SemrushBot/7~bl; +http://www.semrush.com/bot.html)"
185.191.171.16 - - [12/Jul/2025:08:27:58 -0400] "GET /wp-includes/wp-includes/theme-compat/sidebar.php HTTP/1.1" 403 1242 "-" "Mozilla/5.0 (compatible; SemrushBot/7~bl; +http://www.semrush.com/bot.html)"
185.191.171.2 - - [12/Jul/2025:08:32:50 -0400] "GET /wp-includes/block-supports/shadow.php HTTP/1.1" 403 1242 "-" "Mozilla/5.0 (compatible; SemrushBot/7~bl; +http://www.semrush.com/bot.html)"
85.208.96.201 - - [12/Jul/2025:08:35:48 -0400] "GET /wp-includes/rest-api/search/ HTTP/1.1" 200 717 "-" "Mozilla/5.0 (compatible; SemrushBot/7~bl; +http://www.semrush.com/bot.html)"
143.244.57.90 - - [12/Jul/2025:08:39:07 -0400] "GET / HTTP/1.1" 200 1278 "-" "Mozilla/5.0 (Windows NT 10.0; Win64; x64) AppleWebKit/537.36 (KHTML, like Gecko) Chrome/78.0.3904.108 Safari/537.36"
143.244.57.90 - - [12/Jul/2025:08:39:07 -0400] "GET //wp-includes/wlwmanifest.xml HTTP/1.1" 404 1251 "-" "Mozilla/5.0 (Windows NT 10.0; Win64; x64) AppleWebKit/537.36 (KHTML, like Gecko) Chrome/78.0.3904.108 Safari/537.36"
143.244.57.90 - - [12/Jul/2025:08:39:07 -0400] "GET //xmlrpc.php?rsd HTTP/1.1" 403 1242 "-" "Mozilla/5.0 (Windows NT 10.0; Win64; x64) AppleWebKit/537.36 (KHTML, like Gecko) Chrome/78.0.3904.108 Safari/537.36"
143.244.57.90 - - [12/Jul/2025:08:39:07 -0400] "GET / HTTP/1.1" 200 1278 "-" "Mozilla/5.0 (Windows NT 10.0; Win64; x64) AppleWebKit/537.36 (KHTML, like Gecko) Chrome/78.0.3904.108 Safari/537.36"
143.244.57.90 - - [12/Jul/2025:08:39:08 -0400] "GET //?author=1 HTTP/1.1" 200 1330 "-" "Mozilla/5.0 (Windows NT 10.0; Win64; x64) AppleWebKit/537.36 (KHTML, like Gecko) Chrome/78.0.3904.108 Safari/537.36"
143.244.57.90 - - [12/Jul/2025:08:39:08 -0400] "GET //?author=2 HTTP/1.1" 200 1330 "-" "Mozilla/5.0 (Windows NT 10.0; Win64; x64) AppleWebKit/537.36 (KHTML, like Gecko) Chrome/78.0.3904.108 Safari/537.36"
143.244.57.90 - - [12/Jul/2025:08:39:08 -0400] "GET //wp-json/wp/v2/users/ HTTP/1.1" 404 1251 "-" "Mozilla/5.0 (Windows NT 10.0; Win64; x64) AppleWebKit/537.36 (KHTML, like Gecko) Chrome/78.0.3904.108 Safari/537.36"
143.244.57.90 - - [12/Jul/2025:08:39:08 -0400] "GET //wp-json/oembed/1.0/embed?url=https://shabwahrefinery.com/ HTTP/1.1" 404 1251 "-" "Mozilla/5.0 (Windows NT 10.0; Win64; x64) AppleWebKit/537.36 (KHTML, like Gecko) Chrome/78.0.3904.108 Safari/537.36"
143.244.57.90 - - [12/Jul/2025:08:39:08 -0400] "POST //xmlrpc.php HTTP/1.1" 403 1242 "-" "Mozilla/5.0 (Windows NT 10.0; Win64; x64) AppleWebKit/537.36 (KHTML, like Gecko) Chrome/78.0.3904.108 Safari/537.36"
185.191.171.6 - - [12/Jul/2025:08:43:00 -0400] "GET /wp-includes/wp-includes/customize/class-wp-customize-site-icon-control.php HTTP/1.1" 403 1242 "-" "Mozilla/5.0 (compatible; SemrushBot/7~bl; +http://www.semrush.com/bot.html)"
2002:b999:c787::b999:c787 - - [12/Jul/2025:08:44:35 -0400] "GET /elfinder/elfinder.html HTTP/1.1" 404 1251 "-" "ALittle Client"
185.191.171.16 - - [12/Jul/2025:08:44:52 -0400] "GET /wp-includes/js/jcrop/ HTTP/1.1" 200 698 "-" "Mozilla/5.0 (compatible; SemrushBot/7~bl; +http://www.semrush.com/bot.html)"
85.208.96.199 - - [12/Jul/2025:08:48:23 -0400] "GET /wp-includes/widgets/class-wp-widget-recent-posts.php HTTP/1.1" 403 1242 "-" "Mozilla/5.0 (compatible; SemrushBot/7~bl; +http://www.semrush.com/bot.html)"
185.191.171.19 - - [12/Jul/2025:08:53:08 -0400] "GET /wp-includes/wp-includes/ID3/module.audio-video.flv.php HTTP/1.1" 403 1242 "-" "Mozilla/5.0 (compatible; SemrushBot/7~bl; +http://www.semrush.com/bot.html)"
85.208.96.205 - - [12/Jul/2025:08:55:32 -0400] "GET /wp-includes/wp-includes/widgets/class-wp-widget-text.php HTTP/1.1" 403 1242 "-" "Mozilla/5.0 (compatible; SemrushBot/7~bl; +http://www.semrush.com/bot.html)"
85.208.96.204 - - [12/Jul/2025:08:56:36 -0400] "GET /wp-includes/assets/script-loader-packages.min.php HTTP/1.1" 403 1242 "-" "Mozilla/5.0 (compatible; SemrushBot/7~bl; +http://www.semrush.com/bot.html)"
85.208.96.202 - - [12/Jul/2025:09:00:53 -0400] "GET /wp-includes/block-supports/custom-classname.php HTTP/1.1" 403 1242 "-" "Mozilla/5.0 (compatible; SemrushBot/7~bl; +http://www.semrush.com/bot.html)"
85.208.96.202 - - [12/Jul/2025:09:04:54 -0400] "GET /robots.txt HTTP/1.1" 404 1251 "-" "Mozilla/5.0 (compatible; SemrushBot/7~bl; +http://www.semrush.com/bot.html)"
185.191.171.7 - - [12/Jul/2025:09:04:54 -0400] "GET /wp-includes/widgets/class-wp-widget-meta.php HTTP/1.1" 403 1242 "-" "Mozilla/5.0 (compatible; SemrushBot/7~bl; +http://www.semrush.com/bot.html)"
85.208.96.199 - - [12/Jul/2025:09:05:53 -0400] "GET /wp-includes/theme-compat/embed-content.php HTTP/1.1" 403 1242 "-" "Mozilla/5.0 (compatible; SemrushBot/7~bl; +http://www.semrush.com/bot.html)"
85.208.96.196 - - [12/Jul/2025:09:06:14 -0400] "GET /wp-includes/wp-includes/sitemaps/class-wp-sitemaps.php HTTP/1.1" 403 1242 "-" "Mozilla/5.0 (compatible; SemrushBot/7~bl; +http://www.semrush.com/bot.html)"
185.191.171.11 - - [12/Jul/2025:09:09:35 -0400] "GET /wp-includes/widgets/class-wp-widget-media.php HTTP/1.1" 403 1242 "-" "Mozilla/5.0 (compatible; SemrushBot/7~bl; +http://www.semrush.com/bot.html)"
2001:818:e8af:1700:15b8:479b:273e:e458 - - [12/Jul/2025:09:10:23 -0400] "POST /xmlrpc.php HTTP/1.1" 403 1242 "-" "Mozilla/5.0 (Windows NT 10.0; Win64; x64) AppleWebKit/537.36 (KHTML, like Gecko) Chrome/91.0.4472.124 Safari/537.36"
85.208.96.211 - - [12/Jul/2025:09:10:33 -0400] "GET /wp-includes/ID3/module.audio.flac.php HTTP/1.1" 403 1242 "-" "Mozilla/5.0 (compatible; SemrushBot/7~bl; +http://www.semrush.com/bot.html)"
85.208.96.209 - - [12/Jul/2025:09:11:12 -0400] "GET /wp-includes/wp-includes/style-engine/class-wp-style-engine.php HTTP/1.1" 403 1242 "-" "Mozilla/5.0 (compatible; SemrushBot/7~bl; +http://www.semrush.com/bot.html)"
85.208.96.209 - - [12/Jul/2025:09:11:59 -0400] "GET /wp-includes/PHPMailer/PHPMailer.php HTTP/1.1" 403 1242 "-" "Mozilla/5.0 (compatible; SemrushBot/7~bl; +http://www.semrush.com/bot.html)"
57.141.0.16 - - [12/Jul/2025:09:13:28 -0400] "GET /wp-includes/sodium_compat/src/Core/Poly1305/?ND HTTP/1.1" 200 652 "-" "meta-externalagent/1.1 (+https://developers.facebook.com/docs/sharing/webmasters/crawler)"
85.208.96.199 - - [12/Jul/2025:09:15:38 -0400] "GET /wp-includes/wp-includes/block-supports/custom-classname.php HTTP/1.1" 403 1242 "-" "Mozilla/5.0 (compatible; SemrushBot/7~bl; +http://www.semrush.com/bot.html)"
185.191.171.16 - - [12/Jul/2025:09:18:05 -0400] "GET /wp-includes/assets/script-loader-react-refresh-runtime.php HTTP/1.1" 403 1242 "-" "Mozilla/5.0 (compatible; SemrushBot/7~bl; +http://www.semrush.com/bot.html)"
85.208.96.199 - - [12/Jul/2025:09:19:58 -0400] "GET /wp-includes/customize/class-wp-customize-nav-menu-item-setting.php HTTP/1.1" 403 1242 "-" "Mozilla/5.0 (compatible; SemrushBot/7~bl; +http://www.semrush.com/bot.html)"
85.208.96.212 - - [12/Jul/2025:09:20:15 -0400] "GET /wp-includes/widgets/class-wp-widget-media-video.php HTTP/1.1" 403 1242 "-" "Mozilla/5.0 (compatible; SemrushBot/7~bl; +http://www.semrush.com/bot.html)"
185.191.171.7 - - [12/Jul/2025:09:20:52 -0400] "GET /wp-includes/wp-includes/widgets/class-wp-widget-meta.php HTTP/1.1" 403 1242 "-" "Mozilla/5.0 (compatible; SemrushBot/7~bl; +http://www.semrush.com/bot.html)"
185.191.171.4 - - [12/Jul/2025:09:21:55 -0400] "GET /wp-includes/wp-includes/html-api/class-wp-html-active-formatting-elements.php HTTP/1.1" 403 1242 "-" "Mozilla/5.0 (compatible; SemrushBot/7~bl; +http://www.semrush.com/bot.html)"
185.191.171.14 - - [12/Jul/2025:09:22:04 -0400] "GET /wp-includes/wp-includes/customize/class-wp-customize-new-menu-section.php HTTP/1.1" 403 1242 "-" "Mozilla/5.0 (compatible; SemrushBot/7~bl; +http://www.semrush.com/bot.html)"
85.208.96.210 - - [12/Jul/2025:09:23:50 -0400] "GET /wp-includes/wp-includes/customize/class-wp-customize-nav-menu-name-control.php HTTP/1.1" 403 1242 "-" "Mozilla/5.0 (compatible; SemrushBot/7~bl; +http://www.semrush.com/bot.html)"
85.208.96.206 - - [12/Jul/2025:09:25:43 -0400] "GET /wp-includes/js/swfupload/ HTTP/1.1" 200 696 "-" "Mozilla/5.0 (compatible; SemrushBot/7~bl; +http://www.semrush.com/bot.html)"
85.208.96.202 - - [12/Jul/2025:09:26:43 -0400] "GET /wp-includes/customize/class-wp-customize-nav-menu-name-control.php HTTP/1.1" 403 1242 "-" "Mozilla/5.0 (compatible; SemrushBot/7~bl; +http://www.semrush.com/bot.html)"
185.191.171.12 - - [12/Jul/2025:09:34:01 -0400] "GET /wp-includes/wp-includes/html-api/class-wp-html-decoder.php HTTP/1.1" 403 1242 "-" "Mozilla/5.0 (compatible; SemrushBot/7~bl; +http://www.semrush.com/bot.html)"
85.208.96.202 - - [12/Jul/2025:09:35:04 -0400] "GET /wp-includes/wp-includes/fonts/class-wp-font-face.php HTTP/1.1" 403 1242 "-" "Mozilla/5.0 (compatible; SemrushBot/7~bl; +http://www.semrush.com/bot.html)"
85.208.96.199 - - [12/Jul/2025:09:35:45 -0400] "GET /wp-includes/wp-includes/js/tinymce/skins/wordpress/ HTTP/1.1" 200 683 "-" "Mozilla/5.0 (compatible; SemrushBot/7~bl; +http://www.semrush.com/bot.html)"
85.208.96.208 - - [12/Jul/2025:09:35:55 -0400] "GET /wp-includes/IXR/class-IXR-error.php HTTP/1.1" 403 1242 "-" "Mozilla/5.0 (compatible; SemrushBot/7~bl; +http://www.semrush.com/bot.html)"
85.208.96.200 - - [12/Jul/2025:09:36:16 -0400] "GET /wp-includes/customize/class-wp-customize-nav-menu-auto-add-control.php HTTP/1.1" 403 1242 "-" "Mozilla/5.0 (compatible; SemrushBot/7~bl; +http://www.semrush.com/bot.html)"
85.208.96.206 - - [12/Jul/2025:09:36:36 -0400] "GET /wp-includes/wp-includes/customize/class-wp-customize-background-image-control.php HTTP/1.1" 403 1242 "-" "Mozilla/5.0 (compatible; SemrushBot/7~bl; +http://www.semrush.com/bot.html)"
185.191.171.16 - - [12/Jul/2025:09:36:45 -0400] "GET /wp-includes/l10n/class-wp-translation-file-mo.php HTTP/1.1" 403 1242 "-" "Mozilla/5.0 (compatible; SemrushBot/7~bl; +http://www.semrush.com/bot.html)"
85.208.96.199 - - [12/Jul/2025:09:39:56 -0400] "GET /wp-includes/customize/class-wp-customize-nav-menus-panel.php HTTP/1.1" 403 1242 "-" "Mozilla/5.0 (compatible; SemrushBot/7~bl; +http://www.semrush.com/bot.html)"
185.191.171.12 - - [12/Jul/2025:09:40:35 -0400] "GET /wp-includes/wp-includes/pomo/entry.php HTTP/1.1" 403 1242 "-" "Mozilla/5.0 (compatible; SemrushBot/7~bl; +http://www.semrush.com/bot.html)"
185.191.171.11 - - [12/Jul/2025:09:41:38 -0400] "GET /wp-includes/wp-includes/interactivity-api/class-wp-interactivity-api-directives-processor.php HTTP/1.1" 403 1242 "-" "Mozilla/5.0 (compatible; SemrushBot/7~bl; +http://www.semrush.com/bot.html)"
185.191.171.9 - - [12/Jul/2025:09:42:50 -0400] "GET /wp-includes/style-engine/class-wp-style-engine.php HTTP/1.1" 403 1242 "-" "Mozilla/5.0 (compatible; SemrushBot/7~bl; +http://www.semrush.com/bot.html)"
85.208.96.212 - - [12/Jul/2025:09:44:49 -0400] "GET /wp-includes/style-engine/class-wp-style-engine-css-rules-store.php HTTP/1.1" 403 1242 "-" "Mozilla/5.0 (compatible; SemrushBot/7~bl; +http://www.semrush.com/bot.html)"
85.208.96.205 - - [12/Jul/2025:09:46:58 -0400] "GET /wp-includes/theme-compat/footer-embed.php HTTP/1.1" 403 1242 "-" "Mozilla/5.0 (compatible; SemrushBot/7~bl; +http://www.semrush.com/bot.html)"
217.160.238.60 - - [12/Jul/2025:09:51:16 -0400] "POST /xmlrpc.php HTTP/1.1" 403 1242 "-" "Mozilla/5.0 (X11; Ubuntu; Linux x86_64; rv:85.0) Gecko/20100101 Firefox/91.0"
85.208.96.210 - - [12/Jul/2025:09:51:42 -0400] "GET /wp-includes/widgets/class-wp-widget-media-gallery.php HTTP/1.1" 403 1242 "-" "Mozilla/5.0 (compatible; SemrushBot/7~bl; +http://www.semrush.com/bot.html)"
185.191.171.18 - - [12/Jul/2025:09:51:47 -0400] "GET /wp-includes/wp-includes/js/tinymce/plugins/paste/ HTTP/1.1" 200 661 "-" "Mozilla/5.0 (compatible; SemrushBot/7~bl; +http://www.semrush.com/bot.html)"
85.208.96.193 - - [12/Jul/2025:09:52:11 -0400] "GET /wp-includes/interactivity-api/interactivity-api.php HTTP/1.1" 403 1242 "-" "Mozilla/5.0 (compatible; SemrushBot/7~bl; +http://www.semrush.com/bot.html)"
85.208.96.204 - - [12/Jul/2025:09:52:14 -0400] "GET /wp-includes/wp-includes/js/tinymce/plugins/charmap/ HTTP/1.1" 200 665 "-" "Mozilla/5.0 (compatible; SemrushBot/7~bl; +http://www.semrush.com/bot.html)"
185.191.171.14 - - [12/Jul/2025:09:53:41 -0400] "GET /wp-includes/wp-includes/pomo/streams.php HTTP/1.1" 403 1242 "-" "Mozilla/5.0 (compatible; SemrushBot/7~bl; +http://www.semrush.com/bot.html)"
185.191.171.18 - - [12/Jul/2025:09:53:59 -0400] "GET /wp-includes/widgets/class-wp-widget-search.php HTTP/1.1" 403 1242 "-" "Mozilla/5.0 (compatible; SemrushBot/7~bl; +http://www.semrush.com/bot.html)"
66.249.66.38 - - [12/Jul/2025:09:57:18 -0400] "GET /en/ HTTP/1.1" 404 1251 "-" "Mozilla/5.0 (Linux; Android 6.0.1; Nexus 5X Build/MMB29P) AppleWebKit/537.36 (KHTML, like Gecko) Chrome/137.0.7151.119 Mobile Safari/537.36 (compatible; Googlebot/2.1; +http://www.google.com/bot.html)"
167.99.86.159 - - [12/Jul/2025:09:58:00 -0400] "GET / HTTP/1.1" 200 1278 "-" "Mozilla/5.0 (X11; Linux x86_64; rv:137.0) Gecko/20100101 Firefox/137.0"
167.99.86.159 - - [12/Jul/2025:09:58:02 -0400] "GET /favicon.ico HTTP/1.1" 404 1251 "https://shabwahrefinery.com/" "Mozilla/5.0 (X11; Linux x86_64; rv:137.0) Gecko/20100101 Firefox/137.0"
85.208.96.207 - - [12/Jul/2025:10:01:46 -0400] "GET /wp-includes/PHPMailer/SMTP.php HTTP/1.1" 403 1242 "-" "Mozilla/5.0 (compatible; SemrushBot/7~bl; +http://www.semrush.com/bot.html)"
185.191.171.12 - - [12/Jul/2025:10:02:14 -0400] "GET /wp-includes/wp-includes/block-bindings/pattern-overrides.php HTTP/1.1" 403 1242 "-" "Mozilla/5.0 (compatible; SemrushBot/7~bl; +http://www.semrush.com/bot.html)"
89.163.242.76 - - [12/Jul/2025:10:02:40 -0400] "GET /gdftps.php HTTP/1.1" 404 1251 "www.google.com" "Mozlila/5.0 (Linux; Android 7.0; SM-G892A Bulid/NRD90M; wv) AppleWebKit/537.36 (KHTML, like Gecko) Version/4.0 Chrome/60.0.3112.107 Moblie Safari/537.36"
185.191.171.16 - - [12/Jul/2025:10:07:53 -0400] "GET /robots.txt HTTP/1.1" 404 1251 "-" "Mozilla/5.0 (compatible; SemrushBot/7~bl; +http://www.semrush.com/bot.html)"
185.191.171.3 - - [12/Jul/2025:10:07:53 -0400] "GET /wp-includes/wp-includes/Requests/src/ HTTP/1.1" 200 1455 "-" "Mozilla/5.0 (compatible; SemrushBot/7~bl; +http://www.semrush.com/bot.html)"
85.208.96.199 - - [12/Jul/2025:10:09:25 -0400] "GET /wp-includes/wp-includes/SimplePie/src/ HTTP/1.1" 200 1595 "-" "Mozilla/5.0 (compatible; SemrushBot/7~bl; +http://www.semrush.com/bot.html)"
85.208.96.212 - - [12/Jul/2025:10:09:57 -0400] "GET /wp-includes/wp-includes/interactivity-api/interactivity-api.php HTTP/1.1" 403 1242 "-" "Mozilla/5.0 (compatible; SemrushBot/7~bl; +http://www.semrush.com/bot.html)"
185.191.171.5 - - [12/Jul/2025:10:13:59 -0400] "GET /wp-includes/wp-includes/ID3/module.audio.flac.php HTTP/1.1" 403 1242 "-" "Mozilla/5.0 (compatible; SemrushBot/7~bl; +http://www.semrush.com/bot.html)"
85.208.96.204 - - [12/Jul/2025:10:14:56 -0400] "GET /wp-includes/widgets/class-wp-widget-block.php HTTP/1.1" 403 1242 "-" "Mozilla/5.0 (compatible; SemrushBot/7~bl; +http://www.semrush.com/bot.html)"
185.191.171.1 - - [12/Jul/2025:10:17:45 -0400] "GET /wp-includes/wp-includes/html-api/class-wp-html-stack-event.php HTTP/1.1" 403 1242 "-" "Mozilla/5.0 (compatible; SemrushBot/7~bl; +http://www.semrush.com/bot.html)"
85.208.96.196 - - [12/Jul/2025:10:20:05 -0400] "GET /wp-includes/wp-includes/Text/Exception.php HTTP/1.1" 403 1242 "-" "Mozilla/5.0 (compatible; SemrushBot/7~bl; +http://www.semrush.com/bot.html)"
185.191.171.5 - - [12/Jul/2025:10:20:13 -0400] "GET /wp-includes/customize/class-wp-customize-site-icon-control.php HTTP/1.1" 403 1242 "-" "Mozilla/5.0 (compatible; SemrushBot/7~bl; +http://www.semrush.com/bot.html)"
85.208.96.211 - - [12/Jul/2025:10:23:02 -0400] "GET /wp-includes/assets/script-loader-react-refresh-entry.php HTTP/1.1" 403 1242 "-" "Mozilla/5.0 (compatible; SemrushBot/7~bl; +http://www.semrush.com/bot.html)"
85.208.96.198 - - [12/Jul/2025:10:23:12 -0400] "GET /wp-includes/wp-includes/IXR/class-IXR-client.php HTTP/1.1" 403 1242 "-" "Mozilla/5.0 (compatible; SemrushBot/7~bl; +http://www.semrush.com/bot.html)"
185.191.171.2 - - [12/Jul/2025:10:25:43 -0400] "GET /wp-includes/block-patterns/query-medium-posts.php HTTP/1.1" 403 1242 "-" "Mozilla/5.0 (compatible; SemrushBot/7~bl; +http://www.semrush.com/bot.html)"
85.208.96.206 - - [12/Jul/2025:10:26:29 -0400] "GET /wp-includes/wp-includes/assets/script-loader-react-refresh-runtime.min.php HTTP/1.1" 403 1242 "-" "Mozilla/5.0 (compatible; SemrushBot/7~bl; +http://www.semrush.com/bot.html)"
85.208.96.212 - - [12/Jul/2025:10:28:10 -0400] "GET /wp-includes/wp-includes/block-supports/shadow.php HTTP/1.1" 403 1242 "-" "Mozilla/5.0 (compatible; SemrushBot/7~bl; +http://www.semrush.com/bot.html)"
185.191.171.9 - - [12/Jul/2025:10:30:18 -0400] "GET /wp-includes/customize/class-wp-customize-image-control.php HTTP/1.1" 403 1242 "-" "Mozilla/5.0 (compatible; SemrushBot/7~bl; +http://www.semrush.com/bot.html)"
185.191.171.12 - - [12/Jul/2025:10:30:42 -0400] "GET /wp-includes/wp-includes/widgets/class-wp-widget-categories.php HTTP/1.1" 403 1242 "-" "Mozilla/5.0 (compatible; SemrushBot/7~bl; +http://www.semrush.com/bot.html)"
85.208.96.199 - - [12/Jul/2025:10:32:13 -0400] "GET /wp-includes/wp-includes/rest-api/fields/ HTTP/1.1" 200 736 "-" "Mozilla/5.0 (compatible; SemrushBot/7~bl; +http://www.semrush.com/bot.html)"
115.79.32.136 - - [12/Jul/2025:10:54:19 -0400] "GET /xmlrpc.php HTTP/1.1" 403 1242 "http://shabwahrefinery.com/xmlrpc.php" "Mozilla/5.0 (X11; Ubuntu; Linux x86_64; rv:85.0) Gecko/20100101 Firefox/91.0"
185.191.171.19 - - [12/Jul/2025:10:41:43 -0400] "GET /wp-includes/wp-includes/js/tinymce/plugins/wpdialogs/ HTTP/1.1" 200 665 "-" "Mozilla/5.0 (compatible; SemrushBot/7~bl; +http://www.semrush.com/bot.html)"
185.191.171.1 - - [12/Jul/2025:10:41:46 -0400] "GET / HTTP/1.1" 200 1278 "-" "Mozilla/5.0 (compatible; SemrushBot/7~bl; +http://www.semrush.com/bot.html)"
185.191.171.14 - - [12/Jul/2025:10:42:42 -0400] "GET /wp-includes/wp-includes/block-patterns/social-links-shared-background-color.php HTTP/1.1" 403 1242 "-" "Mozilla/5.0 (compatible; SemrushBot/7~bl; +http://www.semrush.com/bot.html)"
85.208.96.210 - - [12/Jul/2025:10:43:02 -0400] "GET /wp-includes/widgets/class-wp-widget-tag-cloud.php HTTP/1.1" 403 1242 "-" "Mozilla/5.0 (compatible; SemrushBot/7~bl; +http://www.semrush.com/bot.html)"
85.208.96.203 - - [12/Jul/2025:10:43:31 -0400] "GET /wp-includes/wp-includes/js/tinymce/plugins/tabfocus/ HTTP/1.1" 200 666 "-" "Mozilla/5.0 (compatible; SemrushBot/7~bl; +http://www.semrush.com/bot.html)"
85.208.96.207 - - [12/Jul/2025:10:46:06 -0400] "GET /wp-includes/wp-includes/js/tinymce/plugins/compat3x/ HTTP/1.1" 200 703 "-" "Mozilla/5.0 (compatible; SemrushBot/7~bl; +http://www.semrush.com/bot.html)"
85.208.96.207 - - [12/Jul/2025:10:47:03 -0400] "GET /wp-includes/wp-includes/html-api/class-wp-html-attribute-token.php HTTP/1.1" 403 1242 "-" "Mozilla/5.0 (compatible; SemrushBot/7~bl; +http://www.semrush.com/bot.html)"
185.191.171.11 - - [12/Jul/2025:10:47:17 -0400] "GET /wp-includes/wp-includes/style-engine/class-wp-style-engine-processor.php HTTP/1.1" 403 1242 "-" "Mozilla/5.0 (compatible; SemrushBot/7~bl; +http://www.semrush.com/bot.html)"
85.208.96.212 - - [12/Jul/2025:10:49:06 -0400] "GET /wp-includes/wp-includes/block-patterns/query-grid-posts.php HTTP/1.1" 403 1242 "-" "Mozilla/5.0 (compatible; SemrushBot/7~bl; +http://www.semrush.com/bot.html)"
85.208.96.211 - - [12/Jul/2025:10:51:03 -0400] "GET /wp-includes/fonts/class-wp-font-collection.php HTTP/1.1" 403 1242 "-" "Mozilla/5.0 (compatible; SemrushBot/7~bl; +http://www.semrush.com/bot.html)"
85.208.96.210 - - [12/Jul/2025:10:51:24 -0400] "GET /wp-includes/customize/class-wp-customize-filter-setting.php HTTP/1.1" 403 1242 "-" "Mozilla/5.0 (compatible; SemrushBot/7~bl; +http://www.semrush.com/bot.html)"
185.191.171.9 - - [12/Jul/2025:10:53:54 -0400] "GET /wp-includes/sodium_compat/autoload-php7.php HTTP/1.1" 403 1242 "-" "Mozilla/5.0 (compatible; SemrushBot/7~bl; +http://www.semrush.com/bot.html)"
85.208.96.212 - - [12/Jul/2025:10:55:14 -0400] "GET /wp-includes/widgets/class-wp-widget-calendar.php HTTP/1.1" 403 1242 "-" "Mozilla/5.0 (compatible; SemrushBot/7~bl; +http://www.semrush.com/bot.html)"
85.208.96.193 - - [12/Jul/2025:10:57:14 -0400] "GET /wp-includes/wp-includes/ID3/module.tag.lyrics3.php HTTP/1.1" 403 1242 "-" "Mozilla/5.0 (compatible; SemrushBot/7~bl; +http://www.semrush.com/bot.html)"
85.208.96.193 - - [12/Jul/2025:10:59:11 -0400] "GET /wp-includes/js/thickbox/ HTTP/1.1" 200 732 "-" "Mozilla/5.0 (compatible; SemrushBot/7~bl; +http://www.semrush.com/bot.html)"
185.191.171.10 - - [12/Jul/2025:10:59:15 -0400] "GET /wp-includes/block-supports/duotone.php HTTP/1.1" 403 1242 "-" "Mozilla/5.0 (compatible; SemrushBot/7~bl; +http://www.semrush.com/bot.html)"
85.208.96.211 - - [12/Jul/2025:11:03:33 -0400] "GET /wp-includes/wp-includes/customize/class-wp-customize-themes-panel.php HTTP/1.1" 403 1242 "-" "Mozilla/5.0 (compatible; SemrushBot/7~bl; +http://www.semrush.com/bot.html)"
196.251.86.107 - - [12/Jul/2025:11:09:13 -0400] "GET / HTTP/1.1" 200 1278 "-" "-"
196.251.86.107 - - [12/Jul/2025:11:09:13 -0400] "GET /wp-admin/install.php HTTP/1.1" 403 1242 "-" "-"
196.251.86.107 - - [12/Jul/2025:11:09:14 -0400] "GET /wp-admin/setup-config.php HTTP/1.1" 403 1242 "-" "-"
85.208.96.193 - - [12/Jul/2025:11:09:29 -0400] "GET /robots.txt HTTP/1.1" 404 1251 "-" "Mozilla/5.0 (compatible; SemrushBot/7~bl; +http://www.semrush.com/bot.html)"
85.208.96.200 - - [12/Jul/2025:11:09:29 -0400] "GET /wp-includes/wp-includes/widgets/class-wp-widget-custom-html.php HTTP/1.1" 403 1242 "-" "Mozilla/5.0 (compatible; SemrushBot/7~bl; +http://www.semrush.com/bot.html)"
85.208.96.200 - - [12/Jul/2025:11:11:00 -0400] "GET /wp-includes/wp-includes/assets/script-loader-react-refresh-entry.min.php HTTP/1.1" 403 1242 "-" "Mozilla/5.0 (compatible; SemrushBot/7~bl; +http://www.semrush.com/bot.html)"
185.191.171.6 - - [12/Jul/2025:11:13:45 -0400] "GET /wp-includes/wp-includes/theme-compat/footer.php HTTP/1.1" 403 1242 "-" "Mozilla/5.0 (compatible; SemrushBot/7~bl; +http://www.semrush.com/bot.html)"
85.208.96.202 - - [12/Jul/2025:11:15:06 -0400] "GET /wp-includes/block-supports/utils.php HTTP/1.1" 403 1242 "-" "Mozilla/5.0 (compatible; SemrushBot/7~bl; +http://www.semrush.com/bot.html)"
185.191.171.13 - - [12/Jul/2025:11:15:41 -0400] "GET /wp-includes/js/tinymce/ HTTP/1.1" 200 1123 "-" "Mozilla/5.0 (compatible; SemrushBot/7~bl; +http://www.semrush.com/bot.html)"
185.191.171.4 - - [12/Jul/2025:11:18:06 -0400] "GET /wp-includes/wp-includes/sodium_compat/composer.json HTTP/1.1" 403 1242 "-" "Mozilla/5.0 (compatible; SemrushBot/7~bl; +http://www.semrush.com/bot.html)"
85.208.96.199 - - [12/Jul/2025:11:20:18 -0400] "GET /wp-includes/wp-includes/block-supports/generated-classname.php HTTP/1.1" 403 1242 "-" "Mozilla/5.0 (compatible; SemrushBot/7~bl; +http://www.semrush.com/bot.html)"
185.191.171.18 - - [12/Jul/2025:11:20:38 -0400] "GET /wp-includes/ID3/module.tag.apetag.php HTTP/1.1" 403 1242 "-" "Mozilla/5.0 (compatible; SemrushBot/7~bl; +http://www.semrush.com/bot.html)"
185.191.171.9 - - [12/Jul/2025:11:20:54 -0400] "GET /wp-includes/interactivity-api/class-wp-interactivity-api.php HTTP/1.1" 403 1242 "-" "Mozilla/5.0 (compatible; SemrushBot/7~bl; +http://www.semrush.com/bot.html)"
185.191.171.16 - - [12/Jul/2025:11:22:35 -0400] "GET /wp-includes/wp-includes/js/dist/script-modules/interactivity-router/ HTTP/1.1" 200 677 "-" "Mozilla/5.0 (compatible; SemrushBot/7~bl; +http://www.semrush.com/bot.html)"
185.191.171.1 - - [12/Jul/2025:11:31:47 -0400] "GET /wp-includes/sitemaps/class-wp-sitemaps-provider.php HTTP/1.1" 403 1242 "-" "Mozilla/5.0 (compatible; SemrushBot/7~bl; +http://www.semrush.com/bot.html)"
185.191.171.9 - - [12/Jul/2025:11:31:54 -0400] "GET /wp-includes/wp-includes/sodium_compat/autoload.php HTTP/1.1" 403 1242 "-" "Mozilla/5.0 (compatible; SemrushBot/7~bl; +http://www.semrush.com/bot.html)"
185.191.171.13 - - [12/Jul/2025:11:32:26 -0400] "GET /wp-includes/js/imgareaselect/ HTTP/1.1" 200 737 "-" "Mozilla/5.0 (compatible; SemrushBot/7~bl; +http://www.semrush.com/bot.html)"
185.191.171.14 - - [12/Jul/2025:11:32:51 -0400] "GET /wp-includes/wp-includes/html-api/class-wp-html-text-replacement.php HTTP/1.1" 403 1242 "-" "Mozilla/5.0 (compatible; SemrushBot/7~bl; +http://www.semrush.com/bot.html)"
85.208.96.206 - - [12/Jul/2025:11:35:54 -0400] "GET /wp-includes/wp-includes/widgets/class-wp-widget-calendar.php HTTP/1.1" 403 1242 "-" "Mozilla/5.0 (compatible; SemrushBot/7~bl; +http://www.semrush.com/bot.html)"
34.169.157.174 - - [12/Jul/2025:11:37:09 -0400] "GET /.git/config HTTP/1.1" 403 1242 "-" "-"
85.208.96.194 - - [12/Jul/2025:11:39:52 -0400] "GET /wp-includes/theme-compat/embed.php HTTP/1.1" 403 1242 "-" "Mozilla/5.0 (compatible; SemrushBot/7~bl; +http://www.semrush.com/bot.html)"
85.208.96.211 - - [12/Jul/2025:11:40:04 -0400] "GET /wp-includes/wp-includes/widgets/class-wp-widget-archives.php HTTP/1.1" 403 1242 "-" "Mozilla/5.0 (compatible; SemrushBot/7~bl; +http://www.semrush.com/bot.html)"
80.85.246.214 - - [12/Jul/2025:11:40:07 -0400] "GET / HTTP/1.1" 200 1278 "-" "Mozilla/5.0 (Macintosh; Intel Mac OS X 10_15_7) AppleWebKit/537.36 (KHTML, like Gecko) Chrome/133.0.0.0 Safari/537.36"
80.85.246.214 - - [12/Jul/2025:11:40:09 -0400] "GET /new/ HTTP/1.1" 200 610 "-" "Mozilla/5.0 (Macintosh; Intel Mac OS X 10_15_7) AppleWebKit/537.36 (KHTML, like Gecko) Chrome/133.0.0.0 Safari/537.36"
80.85.246.214 - - [12/Jul/2025:11:40:09 -0400] "GET /new/error_log HTTP/1.1" 403 1242 "-" "Mozilla/5.0 (Macintosh; Intel Mac OS X 10_15_7) AppleWebKit/537.36 (KHTML, like Gecko) Chrome/133.0.0.0 Safari/537.36"
80.85.246.214 - - [12/Jul/2025:11:40:11 -0400] "GET /wp-blog-header.php HTTP/1.1" 403 1242 "-" "Mozilla/5.0 (Macintosh; Intel Mac OS X 10_15_7) AppleWebKit/537.36 (KHTML, like Gecko) Chrome/133.0.0.0 Safari/537.36"
80.85.246.214 - - [12/Jul/2025:11:40:11 -0400] "GET /wp-comments-post.php HTTP/1.1" 403 1242 "-" "Mozilla/5.0 (Macintosh; Intel Mac OS X 10_15_7) AppleWebKit/537.36 (KHTML, like Gecko) Chrome/133.0.0.0 Safari/537.36"
66.29.146.47 - - [12/Jul/2025:11:40:28 -0400] "POST /wp-cron.php?doing_wp_cron=1752334827.6677238941192626953125 HTTP/1.1" 403 1242 "-" "WordPress/6.8; https://shabwahrefinery.com"
80.85.246.214 - - [12/Jul/2025:11:40:12 -0400] "GET /wp-login.php HTTP/1.1" 200 1782 "-" "Mozilla/5.0 (Macintosh; Intel Mac OS X 10_15_7) AppleWebKit/537.36 (KHTML, like Gecko) Chrome/133.0.0.0 Safari/537.36"
80.85.246.214 - - [12/Jul/2025:11:40:29 -0400] "GET /wp-login.php?action=lostpassword HTTP/1.1" 200 992 "-" "Mozilla/5.0 (Macintosh; Intel Mac OS X 10_15_7) AppleWebKit/537.36 (KHTML, like Gecko) Chrome/133.0.0.0 Safari/537.36"
136.228.171.75 - - [12/Jul/2025:11:40:33 -0400] "POST /wp-login.php?action=lostpassword HTTP/1.1" 200 1092 "-" "Mozilla/5.0 (Macintosh; Intel Mac OS X 10_15_7) AppleWebKit/537.36 (KHTML, like Gecko) Chrome/133.0.0.0 Safari/537.36"
80.85.246.214 - - [12/Jul/2025:11:40:48 -0400] "GET /wp-signup.php HTTP/1.1" 403 1242 "-" "Mozilla/5.0 (Macintosh; Intel Mac OS X 10_15_7) AppleWebKit/537.36 (KHTML, like Gecko) Chrome/133.0.0.0 Safari/537.36"
185.191.171.14 - - [12/Jul/2025:11:41:02 -0400] "GET /wp-includes/block-patterns/social-links-shared-background-color.php HTTP/1.1" 403 1242 "-" "Mozilla/5.0 (compatible; SemrushBot/7~bl; +http://www.semrush.com/bot.html)"
185.191.171.9 - - [12/Jul/2025:11:41:16 -0400] "GET /wp-includes/wp-includes/l10n/class-wp-translation-controller.php HTTP/1.1" 403 1242 "-" "Mozilla/5.0 (compatible; SemrushBot/7~bl; +http://www.semrush.com/bot.html)"
185.191.171.11 - - [12/Jul/2025:11:42:54 -0400] "GET /wp-includes/html-api/html5-named-character-references.php HTTP/1.1" 403 1242 "-" "Mozilla/5.0 (compatible; SemrushBot/7~bl; +http://www.semrush.com/bot.html)"
185.191.171.7 - - [12/Jul/2025:11:43:32 -0400] "GET /wp-includes/wp-includes/customize/class-wp-customize-filter-setting.php HTTP/1.1" 403 1242 "-" "Mozilla/5.0 (compatible; SemrushBot/7~bl; +http://www.semrush.com/bot.html)"
85.208.96.206 - - [12/Jul/2025:11:45:02 -0400] "GET /wp-includes/ID3/module.audio-video.riff.php HTTP/1.1" 403 1242 "-" "Mozilla/5.0 (compatible; SemrushBot/7~bl; +http://www.semrush.com/bot.html)"
185.191.171.12 - - [12/Jul/2025:11:49:14 -0400] "GET /wp-includes/wp-includes/widgets/class-wp-widget-media-gallery.php HTTP/1.1" 403 1242 "-" "Mozilla/5.0 (compatible; SemrushBot/7~bl; +http://www.semrush.com/bot.html)"
223.15.245.170 - - [12/Jul/2025:11:49:46 -0400] "GET / HTTP/1.1" 200 1278 "http://shabwahrefinery.com" "Mozilla/5.0 (iPhone; CPU iPhone OS 13_2_3 like Mac OS X) AppleWebKit/605.1.15 (KHTML, like Gecko) Version/13.0.3 Mobile/15E148 Safari/604.1"
52.7.142.23 - - [12/Jul/2025:11:51:58 -0400] "GET /wp-login.php HTTP/1.1" 200 0 "http://shabwahrefinery.com/wp-login.php" "Mozilla/5.0 (Windows NT 10.0; Win64; x64; rv:137.0) Gecko/20100101 Firefox/137.0"
66.29.146.47 - - [12/Jul/2025:11:52:06 -0400] "POST /wp-cron.php?doing_wp_cron=1752335525.8544409275054931640625 HTTP/1.1" 403 1242 "-" "WordPress/6.8; https://shabwahrefinery.com"
66.29.146.47 - - [12/Jul/2025:11:52:06 -0400] "POST /wp-cron.php?doing_wp_cron=1752335525.8745930194854736328125 HTTP/1.1" 403 1242 "-" "WordPress/6.8; https://shabwahrefinery.com"
52.7.142.23 - - [12/Jul/2025:11:52:05 -0400] "GET /wp-login.php HTTP/1.1" 200 1782 "http://www.shabwahrefinery.com/wp-login.php" "Mozilla/5.0 (Windows NT 10.0; Win64; x64; rv:137.0) Gecko/20100101 Firefox/137.0"
52.7.142.23 - - [12/Jul/2025:11:52:06 -0400] "GET /wp-json/wp/v2/users HTTP/1.1" 404 1251 "http://www.shabwahrefinery.com/wp-login.php" "Mozilla/5.0 (Windows NT 10.0; Win64; x64; rv:137.0) Gecko/20100101 Firefox/137.0"
52.7.142.23 - - [12/Jul/2025:11:52:07 -0400] "POST /wp-login.php HTTP/1.1" 200 1933 "https://www.shabwahrefinery.com/wp-login.php?redirect_to=https%3A%2F%2Fwww.shabwahrefinery.com%2Fwp-admin%2F" "Mozilla/5.0 (Windows NT 10.0; Win64; x64; rv:137.0) Gecko/20100101 Firefox/137.0"
185.191.171.9 - - [12/Jul/2025:11:52:25 -0400] "GET /wp-includes/wp-includes/PHPMailer/SMTP.php HTTP/1.1" 403 1242 "-" "Mozilla/5.0 (compatible; SemrushBot/7~bl; +http://www.semrush.com/bot.html)"
85.208.96.212 - - [12/Jul/2025:11:53:45 -0400] "GET /wp-includes/wp-includes/customize/class-wp-customize-cropped-image-control.php HTTP/1.1" 403 1242 "-" "Mozilla/5.0 (compatible; SemrushBot/7~bl; +http://www.semrush.com/bot.html)"
185.191.171.2 - - [12/Jul/2025:11:55:33 -0400] "GET /wp-includes/wp-includes/customize/class-wp-customize-nav-menu-item-setting.php HTTP/1.1" 403 1242 "-" "Mozilla/5.0 (compatible; SemrushBot/7~bl; +http://www.semrush.com/bot.html)"
185.191.171.12 - - [12/Jul/2025:11:57:12 -0400] "GET /wp-includes/Requests/src/ HTTP/1.1" 200 1433 "-" "Mozilla/5.0 (compatible; SemrushBot/7~bl; +http://www.semrush.com/bot.html)"
185.191.171.14 - - [12/Jul/2025:11:57:25 -0400] "GET /wp-includes/wp-includes/js/tinymce/plugins/wptextpattern/ HTTP/1.1" 200 669 "-" "Mozilla/5.0 (compatible; SemrushBot/7~bl; +http://www.semrush.com/bot.html)"
185.191.171.10 - - [12/Jul/2025:11:59:08 -0400] "GET /wp-includes/html-api/class-wp-html-attribute-token.php HTTP/1.1" 403 1242 "-" "Mozilla/5.0 (compatible; SemrushBot/7~bl; +http://www.semrush.com/bot.html)"
85.208.96.212 - - [12/Jul/2025:12:05:15 -0400] "GET /wp-includes/wp-includes/IXR/class-IXR-request.php HTTP/1.1" 403 1242 "-" "Mozilla/5.0 (compatible; SemrushBot/7~bl; +http://www.semrush.com/bot.html)"
104.131.20.165 - - [12/Jul/2025:12:05:38 -0400] "GET /wp-login.php HTTP/1.1" 200 0 "http://shabwahrefinery.com/wp-login.php" "Mozilla/5.0 (Windows NT 10.0; Win64; x64; rv:137.0) Gecko/20100101 Firefox/137.0"
104.131.20.165 - - [12/Jul/2025:12:05:46 -0400] "GET /wp-login.php HTTP/1.1" 200 0 "http://www.shabwahrefinery.com/wp-login.php" "Mozilla/5.0 (Windows NT 10.0; Win64; x64; rv:137.0) Gecko/20100101 Firefox/137.0"
66.29.146.47 - - [12/Jul/2025:12:05:55 -0400] "POST /wp-cron.php?doing_wp_cron=1752336355.3416008949279785156250 HTTP/1.1" 403 1242 "-" "WordPress/6.8; https://shabwahrefinery.com"
66.29.146.47 - - [12/Jul/2025:12:05:55 -0400] "POST /wp-cron.php?doing_wp_cron=1752336355.2479989528656005859375 HTTP/1.1" 403 1242 "-" "WordPress/6.8; https://shabwahrefinery.com"
66.29.146.47 - - [12/Jul/2025:12:05:55 -0400] "POST /wp-cron.php?doing_wp_cron=1752336355.3468840122222900390625 HTTP/1.1" 403 1242 "-" "WordPress/6.8; https://shabwahrefinery.com"
104.131.20.165 - - [12/Jul/2025:12:05:52 -0400] "GET /wp-login.php HTTP/1.1" 200 1782 "http://www.shabwahrefinery.com/wp-login.php" "Mozilla/5.0 (Windows NT 10.0; Win64; x64; rv:137.0) Gecko/20100101 Firefox/137.0"
104.131.20.165 - - [12/Jul/2025:12:05:56 -0400] "GET /wp-json/wp/v2/users HTTP/1.1" 404 1251 "http://www.shabwahrefinery.com/wp-login.php" "Mozilla/5.0 (Windows NT 10.0; Win64; x64; rv:137.0) Gecko/20100101 Firefox/137.0"
104.131.20.165 - - [12/Jul/2025:12:05:56 -0400] "POST /wp-login.php HTTP/1.1" 200 1931 "https://www.shabwahrefinery.com/wp-login.php?redirect_to=https%3A%2F%2Fwww.shabwahrefinery.com%2Fwp-admin%2F" "Mozilla/5.0 (Windows NT 10.0; Win64; x64; rv:137.0) Gecko/20100101 Firefox/137.0"
85.208.96.201 - - [12/Jul/2025:12:07:18 -0400] "GET /wp-includes/block-patterns/query-standard-posts.php HTTP/1.1" 403 1242 "-" "Mozilla/5.0 (compatible; SemrushBot/7~bl; +http://www.semrush.com/bot.html)"
43.155.27.244 - - [12/Jul/2025:12:08:11 -0400] "GET / HTTP/1.1" 200 1284 "http://www.shabwahrefinery.com" "Mozilla/5.0 (iPhone; CPU iPhone OS 13_2_3 like Mac OS X) AppleWebKit/605.1.15 (KHTML, like Gecko) Version/13.0.3 Mobile/15E148 Safari/604.1"
185.191.171.12 - - [12/Jul/2025:12:10:30 -0400] "GET /robots.txt HTTP/1.1" 404 1251 "-" "Mozilla/5.0 (compatible; SemrushBot/7~bl; +http://www.semrush.com/bot.html)"
185.191.171.1 - - [12/Jul/2025:12:10:30 -0400] "GET /wp-includes/ID3/getid3.php HTTP/1.1" 403 1242 "-" "Mozilla/5.0 (compatible; SemrushBot/7~bl; +http://www.semrush.com/bot.html)"
85.208.96.197 - - [12/Jul/2025:12:11:37 -0400] "GET /wp-includes/theme-compat/comments.php HTTP/1.1" 403 1242 "-" "Mozilla/5.0 (compatible; SemrushBot/7~bl; +http://www.semrush.com/bot.html)"
185.191.171.19 - - [12/Jul/2025:12:13:41 -0400] "GET /wp-includes/wp-includes/l10n/class-wp-translation-file.php HTTP/1.1" 403 1242 "-" "Mozilla/5.0 (compatible; SemrushBot/7~bl; +http://www.semrush.com/bot.html)"
85.208.96.211 - - [12/Jul/2025:12:18:46 -0400] "GET /wp-includes/wp-includes/block-supports/block-style-variations.php HTTP/1.1" 403 1242 "-" "Mozilla/5.0 (compatible; SemrushBot/7~bl; +http://www.semrush.com/bot.html)"
85.208.96.198 - - [12/Jul/2025:12:19:28 -0400] "GET /wp-includes/wp-includes/assets/script-loader-react-refresh-entry.php HTTP/1.1" 403 1242 "-" "Mozilla/5.0 (compatible; SemrushBot/7~bl; +http://www.semrush.com/bot.html)"
54.36.148.61 - - [12/Jul/2025:12:20:15 -0400] "GET /robots.txt HTTP/1.1" 404 1251 "-" "Mozilla/5.0 (compatible; AhrefsBot/7.0; +http://ahrefs.com/robot/)"
185.191.171.11 - - [12/Jul/2025:12:23:58 -0400] "GET /wp-includes/widgets/class-wp-widget-categories.php HTTP/1.1" 403 1242 "-" "Mozilla/5.0 (compatible; SemrushBot/7~bl; +http://www.semrush.com/bot.html)"
185.191.171.12 - - [12/Jul/2025:12:24:35 -0400] "GET /wp-includes/customize/class-wp-customize-background-position-control.php HTTP/1.1" 403 1242 "-" "Mozilla/5.0 (compatible; SemrushBot/7~bl; +http://www.semrush.com/bot.html)"
85.208.96.208 - - [12/Jul/2025:12:24:42 -0400] "GET /wp-includes/wp-includes/js/tinymce/plugins/hr/ HTTP/1.1" 200 654 "-" "Mozilla/5.0 (compatible; SemrushBot/7~bl; +http://www.semrush.com/bot.html)"
43.159.148.221 - - [12/Jul/2025:12:25:08 -0400] "GET /wp-mail.php HTTP/1.1" 403 1242 "-" "Mozilla/5.0 (iPhone; CPU iPhone OS 13_2_3 like Mac OS X) AppleWebKit/605.1.15 (KHTML, like Gecko) Version/13.0.3 Mobile/15E148 Safari/604.1"
185.191.171.18 - - [12/Jul/2025:12:25:34 -0400] "GET /wp-includes/block-patterns/query-small-posts.php HTTP/1.1" 403 1242 "-" "Mozilla/5.0 (compatible; SemrushBot/7~bl; +http://www.semrush.com/bot.html)"
85.208.96.204 - - [12/Jul/2025:12:27:42 -0400] "GET /wp-includes/wp-includes/sodium_compat/LICENSE HTTP/1.1" 200 860 "-" "Mozilla/5.0 (compatible; SemrushBot/7~bl; +http://www.semrush.com/bot.html)"
167.71.222.191 - - [12/Jul/2025:12:29:08 -0400] "POST /xmlrpc.php HTTP/1.1" 403 1242 "-" "Mozilla/5.0 (X11; Ubuntu; Linux x86_64; rv:85.0) Gecko/20100101 Firefox/91.0"
85.208.96.194 - - [12/Jul/2025:12:29:38 -0400] "GET /wp-includes/widgets/class-wp-widget-text.php HTTP/1.1" 403 1242 "-" "Mozilla/5.0 (compatible; SemrushBot/7~bl; +http://www.semrush.com/bot.html)"
85.208.96.208 - - [12/Jul/2025:12:29:52 -0400] "GET /wp-includes/wp-includes/widgets/class-wp-nav-menu-widget.php HTTP/1.1" 403 1242 "-" "Mozilla/5.0 (compatible; SemrushBot/7~bl; +http://www.semrush.com/bot.html)"
185.191.171.14 - - [12/Jul/2025:12:30:26 -0400] "GET /wp-includes/ID3/module.tag.id3v2.php HTTP/1.1" 403 1242 "-" "Mozilla/5.0 (compatible; SemrushBot/7~bl; +http://www.semrush.com/bot.html)"
185.191.171.10 - - [12/Jul/2025:12:30:41 -0400] "GET /wp-includes/wp-includes/sitemaps/class-wp-sitemaps-registry.php HTTP/1.1" 403 1242 "-" "Mozilla/5.0 (compatible; SemrushBot/7~bl; +http://www.semrush.com/bot.html)"
85.208.96.206 - - [12/Jul/2025:12:31:34 -0400] "GET /wp-includes/wp-includes/pomo/translations.php HTTP/1.1" 403 1242 "-" "Mozilla/5.0 (compatible; SemrushBot/7~bl; +http://www.semrush.com/bot.html)"
85.208.96.209 - - [12/Jul/2025:12:34:11 -0400] "GET /wp-includes/wp-includes/ID3/getid3.php HTTP/1.1" 403 1242 "-" "Mozilla/5.0 (compatible; SemrushBot/7~bl; +http://www.semrush.com/bot.html)"
185.191.171.4 - - [12/Jul/2025:12:34:16 -0400] "GET /wp-includes/wp-includes/sodium_compat/src/ HTTP/1.1" 200 1104 "-" "Mozilla/5.0 (compatible; SemrushBot/7~bl; +http://www.semrush.com/bot.html)"
85.208.96.201 - - [12/Jul/2025:12:34:17 -0400] "GET /wp-includes/wp-includes/sitemaps/class-wp-sitemaps-provider.php HTTP/1.1" 403 1242 "-" "Mozilla/5.0 (compatible; SemrushBot/7~bl; +http://www.semrush.com/bot.html)"
85.208.96.196 - - [12/Jul/2025:12:34:29 -0400] "GET /wp-includes/wp-includes/customize/class-wp-customize-partial.php HTTP/1.1" 403 1242 "-" "Mozilla/5.0 (compatible; SemrushBot/7~bl; +http://www.semrush.com/bot.html)"
43.130.60.195 - - [12/Jul/2025:12:34:44 -0400] "GET /?MA HTTP/1.1" 200 1273 "-" "Mozilla/5.0 (iPhone; CPU iPhone OS 13_2_3 like Mac OS X) AppleWebKit/605.1.15 (KHTML, like Gecko) Version/13.0.3 Mobile/15E148 Safari/604.1"
3.107.94.245 - - [12/Jul/2025:12:37:36 -0400] "GET /wp-admin/setup-config.php HTTP/1.1" 403 1242 "-" "Mozilla/5.0 (Windows NT 10.0; Win64; x64)"
3.107.94.245 - - [12/Jul/2025:12:37:37 -0400] "GET /wp/wp-admin/setup-config.php HTTP/1.1" 403 1242 "-" "Mozilla/5.0 (Windows NT 10.0; Win64; x64)"
3.107.94.245 - - [12/Jul/2025:12:37:38 -0400] "GET /blog/wp-admin/setup-config.php HTTP/1.1" 403 1242 "-" "Mozilla/5.0 (Windows NT 10.0; Win64; x64)"
3.107.94.245 - - [12/Jul/2025:12:37:39 -0400] "GET /new/wp-admin/setup-config.php HTTP/1.1" 403 1242 "-" "Mozilla/5.0 (Windows NT 10.0; Win64; x64)"
185.191.171.19 - - [12/Jul/2025:12:39:13 -0400] "GET /wp-includes/wp-includes/customize/class-wp-customize-nav-menu-setting.php HTTP/1.1" 403 1242 "-" "Mozilla/5.0 (compatible; SemrushBot/7~bl; +http://www.semrush.com/bot.html)"
85.208.96.206 - - [12/Jul/2025:12:40:38 -0400] "GET /wp-includes/wp-includes/block-supports/colors.php HTTP/1.1" 403 1242 "-" "Mozilla/5.0 (compatible; SemrushBot/7~bl; +http://www.semrush.com/bot.html)"
185.191.171.12 - - [12/Jul/2025:12:40:41 -0400] "GET /wp-includes/customize/class-wp-customize-partial.php HTTP/1.1" 403 1242 "-" "Mozilla/5.0 (compatible; SemrushBot/7~bl; +http://www.semrush.com/bot.html)"
185.191.171.7 - - [12/Jul/2025:12:42:35 -0400] "GET /wp-includes/wp-includes/html-api/class-wp-html-unsupported-exception.php HTTP/1.1" 403 1242 "-" "Mozilla/5.0 (compatible; SemrushBot/7~bl; +http://www.semrush.com/bot.html)"
185.191.171.9 - - [12/Jul/2025:12:42:38 -0400] "GET /wp-includes/wp-includes/customize/class-wp-customize-background-position-control.php HTTP/1.1" 403 1242 "-" "Mozilla/5.0 (compatible; SemrushBot/7~bl; +http://www.semrush.com/bot.html)"
185.191.171.6 - - [12/Jul/2025:12:44:39 -0400] "GET /wp-includes/wp-includes/style-engine/class-wp-style-engine-css-declarations.php HTTP/1.1" 403 1242 "-" "Mozilla/5.0 (compatible; SemrushBot/7~bl; +http://www.semrush.com/bot.html)"
66.29.146.47 - - [12/Jul/2025:12:44:58 -0400] "POST /wp-cron.php?doing_wp_cron=1752338698.2459309101104736328125 HTTP/1.1" 403 1242 "-" "WordPress/6.8; https://shabwahrefinery.com"
66.29.146.47 - - [12/Jul/2025:12:44:58 -0400] "GET /wp-admin/upgrade.php?step=1 HTTP/1.1" 403 1242 "-" "WordPress/6.8; https://shabwahrefinery.com"
43.159.143.187 - - [12/Jul/2025:12:44:41 -0400] "GET /wp-admin/ HTTP/1.1" 302 0 "-" "Mozilla/5.0 (iPhone; CPU iPhone OS 13_2_3 like Mac OS X) AppleWebKit/605.1.15 (KHTML, like Gecko) Version/13.0.3 Mobile/15E148 Safari/604.1"
43.159.143.187 - - [12/Jul/2025:12:45:00 -0400] "GET /wp-login.php?redirect_to=https%3A%2F%2Fwww.shabwahrefinery.com%2Fwp-admin%2F&reauth=1 HTTP/1.1" 200 1779 "https://www.shabwahrefinery.com/wp-admin/" "Mozilla/5.0 (iPhone; CPU iPhone OS 13_2_3 like Mac OS X) AppleWebKit/605.1.15 (KHTML, like Gecko) Version/13.0.3 Mobile/15E148 Safari/604.1"
