82.167.217.81 - - [05/Jul/2025:12:08:02 -0400] "GET /wp-content/uploads/2024/11/Group-324.png HTTP/1.1" 200 27403 "https://dangroup.sa/" "Mozilla/5.0 (Windows NT 10.0; Win64; x64) AppleWebKit/537.36 (KHTML, like Gecko) Chrome/138.0.0.0 Safari/537.36"
82.167.217.81 - - [05/Jul/2025:12:08:02 -0400] "GET /wp-content/uploads/2024/06/DJI_0088-scaled.jpg HTTP/1.1" 200 813519 "https://dangroup.sa/" "Mozilla/5.0 (Windows NT 10.0; Win64; x64) AppleWebKit/537.36 (KHTML, like Gecko) Chrome/138.0.0.0 Safari/537.36"
82.167.217.81 - - [05/Jul/2025:12:08:02 -0400] "GET /wp-content/uploads/2024/11/Group-296.png HTTP/1.1" 200 17423 "https://dangroup.sa/" "Mozilla/5.0 (Windows NT 10.0; Win64; x64) AppleWebKit/537.36 (KHTML, like Gecko) Chrome/138.0.0.0 Safari/537.36"
82.167.217.81 - - [05/Jul/2025:12:08:02 -0400] "GET /wp-content/uploads/2024/11/Group-281.png HTTP/1.1" 200 8497 "https://dangroup.sa/" "Mozilla/5.0 (Windows NT 10.0; Win64; x64) AppleWebKit/537.36 (KHTML, like Gecko) Chrome/138.0.0.0 Safari/537.36"
82.167.217.81 - - [05/Jul/2025:12:08:02 -0400] "GET /wp-content/uploads/2024/11/Group-326.png HTTP/1.1" 200 16665 "https://dangroup.sa/" "Mozilla/5.0 (Windows NT 10.0; Win64; x64) AppleWebKit/537.36 (KHTML, like Gecko) Chrome/138.0.0.0 Safari/537.36"
82.167.217.81 - - [05/Jul/2025:12:08:02 -0400] "GET /wp-content/uploads/2024/11/Group-250.png HTTP/1.1" 200 27842 "https://dangroup.sa/" "Mozilla/5.0 (Windows NT 10.0; Win64; x64) AppleWebKit/537.36 (KHTML, like Gecko) Chrome/138.0.0.0 Safari/537.36"
82.167.217.81 - - [05/Jul/2025:12:08:02 -0400] "GET /wp-content/uploads/2024/11/Group-273.png HTTP/1.1" 200 29610 "https://dangroup.sa/" "Mozilla/5.0 (Windows NT 10.0; Win64; x64) AppleWebKit/537.36 (KHTML, like Gecko) Chrome/138.0.0.0 Safari/537.36"
82.167.217.81 - - [05/Jul/2025:12:08:02 -0400] "GET /wp-content/uploads/2024/11/Group-206.png HTTP/1.1" 200 12458 "https://dangroup.sa/" "Mozilla/5.0 (Windows NT 10.0; Win64; x64) AppleWebKit/537.36 (KHTML, like Gecko) Chrome/138.0.0.0 Safari/537.36"
82.167.217.81 - - [05/Jul/2025:12:08:02 -0400] "GET /wp-content/uploads/2024/11/Group-224.png HTTP/1.1" 200 21937 "https://dangroup.sa/" "Mozilla/5.0 (Windows NT 10.0; Win64; x64) AppleWebKit/537.36 (KHTML, like Gecko) Chrome/138.0.0.0 Safari/537.36"
82.167.217.81 - - [05/Jul/2025:12:08:02 -0400] "GET /wp-content/uploads/2024/11/Group-192.png HTTP/1.1" 200 25219 "https://dangroup.sa/" "Mozilla/5.0 (Windows NT 10.0; Win64; x64) AppleWebKit/537.36 (KHTML, like Gecko) Chrome/138.0.0.0 Safari/537.36"
82.167.217.81 - - [05/Jul/2025:12:08:02 -0400] "GET /wp-content/uploads/2024/11/Group-173.png HTTP/1.1" 200 14779 "https://dangroup.sa/" "Mozilla/5.0 (Windows NT 10.0; Win64; x64) AppleWebKit/537.36 (KHTML, like Gecko) Chrome/138.0.0.0 Safari/537.36"
82.167.217.81 - - [05/Jul/2025:12:08:02 -0400] "GET /wp-content/uploads/2024/11/Group-155.png HTTP/1.1" 200 11785 "https://dangroup.sa/" "Mozilla/5.0 (Windows NT 10.0; Win64; x64) AppleWebKit/537.36 (KHTML, like Gecko) Chrome/138.0.0.0 Safari/537.36"
82.167.217.81 - - [05/Jul/2025:12:08:02 -0400] "GET /wp-content/uploads/2024/11/Group-153.png HTTP/1.1" 200 18062 "https://dangroup.sa/" "Mozilla/5.0 (Windows NT 10.0; Win64; x64) AppleWebKit/537.36 (KHTML, like Gecko) Chrome/138.0.0.0 Safari/537.36"
82.167.217.81 - - [05/Jul/2025:12:08:02 -0400] "GET /wp-content/uploads/2024/11/Group-171.png HTTP/1.1" 200 10758 "https://dangroup.sa/" "Mozilla/5.0 (Windows NT 10.0; Win64; x64) AppleWebKit/537.36 (KHTML, like Gecko) Chrome/138.0.0.0 Safari/537.36"
82.167.217.81 - - [05/Jul/2025:12:08:02 -0400] "GET /wp-content/uploads/2024/11/Group-180.png HTTP/1.1" 200 21916 "https://dangroup.sa/" "Mozilla/5.0 (Windows NT 10.0; Win64; x64) AppleWebKit/537.36 (KHTML, like Gecko) Chrome/138.0.0.0 Safari/537.36"
82.167.217.81 - - [05/Jul/2025:12:08:02 -0400] "GET /wp-content/uploads/2024/11/Group-178.png HTTP/1.1" 200 7714 "https://dangroup.sa/" "Mozilla/5.0 (Windows NT 10.0; Win64; x64) AppleWebKit/537.36 (KHTML, like Gecko) Chrome/138.0.0.0 Safari/537.36"
82.167.217.81 - - [05/Jul/2025:12:08:02 -0400] "GET /wp-content/uploads/2024/11/Group-213.png HTTP/1.1" 200 9850 "https://dangroup.sa/" "Mozilla/5.0 (Windows NT 10.0; Win64; x64) AppleWebKit/537.36 (KHTML, like Gecko) Chrome/138.0.0.0 Safari/537.36"
82.167.217.81 - - [05/Jul/2025:12:08:02 -0400] "GET /wp-content/uploads/2024/11/Group-186.png HTTP/1.1" 200 16025 "https://dangroup.sa/" "Mozilla/5.0 (Windows NT 10.0; Win64; x64) AppleWebKit/537.36 (KHTML, like Gecko) Chrome/138.0.0.0 Safari/537.36"
82.167.217.81 - - [05/Jul/2025:12:08:02 -0400] "GET /wp-content/uploads/2024/11/Group-150.png HTTP/1.1" 200 18079 "https://dangroup.sa/" "Mozilla/5.0 (Windows NT 10.0; Win64; x64) AppleWebKit/537.36 (KHTML, like Gecko) Chrome/138.0.0.0 Safari/537.36"
82.167.217.81 - - [05/Jul/2025:12:08:02 -0400] "GET /wp-content/uploads/2024/11/Group-241.png HTTP/1.1" 200 21847 "https://dangroup.sa/" "Mozilla/5.0 (Windows NT 10.0; Win64; x64) AppleWebKit/537.36 (KHTML, like Gecko) Chrome/138.0.0.0 Safari/537.36"
82.167.217.81 - - [05/Jul/2025:12:08:02 -0400] "GET /wp-content/uploads/2024/11/Group-227.png HTTP/1.1" 200 20439 "https://dangroup.sa/" "Mozilla/5.0 (Windows NT 10.0; Win64; x64) AppleWebKit/537.36 (KHTML, like Gecko) Chrome/138.0.0.0 Safari/537.36"
82.167.217.81 - - [05/Jul/2025:12:08:02 -0400] "GET /wp-content/uploads/2024/11/Group-222.png HTTP/1.1" 200 16622 "https://dangroup.sa/" "Mozilla/5.0 (Windows NT 10.0; Win64; x64) AppleWebKit/537.36 (KHTML, like Gecko) Chrome/138.0.0.0 Safari/537.36"
82.167.217.81 - - [05/Jul/2025:12:08:02 -0400] "GET /wp-content/uploads/2024/11/Group-165.png HTTP/1.1" 200 10989 "https://dangroup.sa/" "Mozilla/5.0 (Windows NT 10.0; Win64; x64) AppleWebKit/537.36 (KHTML, like Gecko) Chrome/138.0.0.0 Safari/537.36"
82.167.217.81 - - [05/Jul/2025:12:08:02 -0400] "GET /wp-content/uploads/2024/11/Group-126.png HTTP/1.1" 200 21459 "https://dangroup.sa/" "Mozilla/5.0 (Windows NT 10.0; Win64; x64) AppleWebKit/537.36 (KHTML, like Gecko) Chrome/138.0.0.0 Safari/537.36"
82.167.217.81 - - [05/Jul/2025:12:08:02 -0400] "GET /wp-content/uploads/2024/12/1.png HTTP/1.1" 200 1592951 "https://dangroup.sa/" "Mozilla/5.0 (Windows NT 10.0; Win64; x64) AppleWebKit/537.36 (KHTML, like Gecko) Chrome/138.0.0.0 Safari/537.36"
82.167.217.81 - - [05/Jul/2025:12:08:02 -0400] "GET /wp-content/uploads/2024/11/Group-315.png HTTP/1.1" 200 11248 "https://dangroup.sa/" "Mozilla/5.0 (Windows NT 10.0; Win64; x64) AppleWebKit/537.36 (KHTML, like Gecko) Chrome/138.0.0.0 Safari/537.36"
82.167.217.81 - - [05/Jul/2025:12:08:02 -0400] "GET /wp-content/uploads/2024/11/Group-266.png HTTP/1.1" 200 22269 "https://dangroup.sa/" "Mozilla/5.0 (Windows NT 10.0; Win64; x64) AppleWebKit/537.36 (KHTML, like Gecko) Chrome/138.0.0.0 Safari/537.36"
82.167.217.81 - - [05/Jul/2025:12:08:02 -0400] "GET /wp-content/uploads/2024/11/Group-232.png HTTP/1.1" 200 8941 "https://dangroup.sa/" "Mozilla/5.0 (Windows NT 10.0; Win64; x64) AppleWebKit/537.36 (KHTML, like Gecko) Chrome/138.0.0.0 Safari/537.36"
82.167.217.81 - - [05/Jul/2025:12:08:02 -0400] "GET /wp-content/uploads/2024/11/Group-303.png HTTP/1.1" 200 16534 "https://dangroup.sa/" "Mozilla/5.0 (Windows NT 10.0; Win64; x64) AppleWebKit/537.36 (KHTML, like Gecko) Chrome/138.0.0.0 Safari/537.36"
82.167.217.81 - - [05/Jul/2025:12:08:02 -0400] "GET /wp-content/uploads/2024/11/Group-308.png HTTP/1.1" 200 12656 "https://dangroup.sa/" "Mozilla/5.0 (Windows NT 10.0; Win64; x64) AppleWebKit/537.36 (KHTML, like Gecko) Chrome/138.0.0.0 Safari/537.36"
82.167.217.81 - - [05/Jul/2025:12:08:02 -0400] "GET /wp-content/uploads/2024/11/Group-299.png HTTP/1.1" 200 8690 "https://dangroup.sa/" "Mozilla/5.0 (Windows NT 10.0; Win64; x64) AppleWebKit/537.36 (KHTML, like Gecko) Chrome/138.0.0.0 Safari/537.36"
82.167.217.81 - - [05/Jul/2025:12:08:02 -0400] "GET /wp-content/uploads/2024/11/Group-144.png HTTP/1.1" 200 15926 "https://dangroup.sa/" "Mozilla/5.0 (Windows NT 10.0; Win64; x64) AppleWebKit/537.36 (KHTML, like Gecko) Chrome/138.0.0.0 Safari/537.36"
82.167.217.81 - - [05/Jul/2025:12:08:02 -0400] "GET /wp-content/uploads/2024/11/Group-211.png HTTP/1.1" 200 12344 "https://dangroup.sa/" "Mozilla/5.0 (Windows NT 10.0; Win64; x64) AppleWebKit/537.36 (KHTML, like Gecko) Chrome/138.0.0.0 Safari/537.36"
82.167.217.81 - - [05/Jul/2025:12:08:02 -0400] "GET /wp-content/uploads/2024/11/Group-182.png HTTP/1.1" 200 16329 "https://dangroup.sa/" "Mozilla/5.0 (Windows NT 10.0; Win64; x64) AppleWebKit/537.36 (KHTML, like Gecko) Chrome/138.0.0.0 Safari/537.36"
82.167.217.81 - - [05/Jul/2025:12:08:02 -0400] "GET /wp-content/uploads/2024/11/Group-334.png HTTP/1.1" 200 18645 "https://dangroup.sa/" "Mozilla/5.0 (Windows NT 10.0; Win64; x64) AppleWebKit/537.36 (KHTML, like Gecko) Chrome/138.0.0.0 Safari/537.36"
82.167.217.81 - - [05/Jul/2025:12:08:02 -0400] "GET /wp-content/uploads/2024/11/Group-201.png HTTP/1.1" 200 19630 "https://dangroup.sa/" "Mozilla/5.0 (Windows NT 10.0; Win64; x64) AppleWebKit/537.36 (KHTML, like Gecko) Chrome/138.0.0.0 Safari/537.36"
82.167.217.81 - - [05/Jul/2025:12:08:02 -0400] "GET /wp-content/uploads/2024/11/Group-278.png HTTP/1.1" 200 9282 "https://dangroup.sa/" "Mozilla/5.0 (Windows NT 10.0; Win64; x64) AppleWebKit/537.36 (KHTML, like Gecko) Chrome/138.0.0.0 Safari/537.36"
82.167.217.81 - - [05/Jul/2025:12:08:02 -0400] "GET /wp-content/uploads/2024/11/Group-218.png HTTP/1.1" 200 8749 "https://dangroup.sa/" "Mozilla/5.0 (Windows NT 10.0; Win64; x64) AppleWebKit/537.36 (KHTML, like Gecko) Chrome/138.0.0.0 Safari/537.36"
82.167.217.81 - - [05/Jul/2025:12:08:02 -0400] "GET /wp-content/uploads/2024/11/Group-129.png HTTP/1.1" 200 16636 "https://dangroup.sa/" "Mozilla/5.0 (Windows NT 10.0; Win64; x64) AppleWebKit/537.36 (KHTML, like Gecko) Chrome/138.0.0.0 Safari/537.36"
82.167.217.81 - - [05/Jul/2025:12:08:02 -0400] "GET /wp-content/uploads/2024/11/Group-311.png HTTP/1.1" 200 11462 "https://dangroup.sa/" "Mozilla/5.0 (Windows NT 10.0; Win64; x64) AppleWebKit/537.36 (KHTML, like Gecko) Chrome/138.0.0.0 Safari/537.36"
82.167.217.81 - - [05/Jul/2025:12:08:02 -0400] "GET /wp-content/uploads/2024/11/Group-237.png HTTP/1.1" 200 16546 "https://dangroup.sa/" "Mozilla/5.0 (Windows NT 10.0; Win64; x64) AppleWebKit/537.36 (KHTML, like Gecko) Chrome/138.0.0.0 Safari/537.36"
82.167.217.81 - - [05/Jul/2025:12:08:02 -0400] "GET /wp-content/uploads/2024/11/Group-204.png HTTP/1.1" 200 11061 "https://dangroup.sa/" "Mozilla/5.0 (Windows NT 10.0; Win64; x64) AppleWebKit/537.36 (KHTML, like Gecko) Chrome/138.0.0.0 Safari/537.36"
82.167.217.81 - - [05/Jul/2025:12:08:02 -0400] "GET /wp-content/uploads/2024/11/Group-216.png HTTP/1.1" 200 36675 "https://dangroup.sa/" "Mozilla/5.0 (Windows NT 10.0; Win64; x64) AppleWebKit/537.36 (KHTML, like Gecko) Chrome/138.0.0.0 Safari/537.36"
82.167.217.81 - - [05/Jul/2025:12:08:02 -0400] "GET /wp-content/uploads/2024/11/Group-261.png HTTP/1.1" 200 8937 "https://dangroup.sa/" "Mozilla/5.0 (Windows NT 10.0; Win64; x64) AppleWebKit/537.36 (KHTML, like Gecko) Chrome/138.0.0.0 Safari/537.36"
82.167.217.81 - - [05/Jul/2025:12:08:02 -0400] "GET /wp-content/uploads/2024/11/Group-247.png HTTP/1.1" 200 20249 "https://dangroup.sa/" "Mozilla/5.0 (Windows NT 10.0; Win64; x64) AppleWebKit/537.36 (KHTML, like Gecko) Chrome/138.0.0.0 Safari/537.36"
82.167.217.81 - - [05/Jul/2025:12:08:02 -0400] "GET /wp-content/uploads/2024/11/Group-263.png HTTP/1.1" 200 25207 "https://dangroup.sa/" "Mozilla/5.0 (Windows NT 10.0; Win64; x64) AppleWebKit/537.36 (KHTML, like Gecko) Chrome/138.0.0.0 Safari/537.36"
82.167.217.81 - - [05/Jul/2025:12:08:02 -0400] "GET /wp-content/uploads/2024/11/Group-198.png HTTP/1.1" 200 17053 "https://dangroup.sa/" "Mozilla/5.0 (Windows NT 10.0; Win64; x64) AppleWebKit/537.36 (KHTML, like Gecko) Chrome/138.0.0.0 Safari/537.36"
82.167.217.81 - - [05/Jul/2025:12:08:02 -0400] "GET /wp-content/uploads/2024/11/Group-229.png HTTP/1.1" 200 22446 "https://dangroup.sa/" "Mozilla/5.0 (Windows NT 10.0; Win64; x64) AppleWebKit/537.36 (KHTML, like Gecko) Chrome/138.0.0.0 Safari/537.36"
82.167.217.81 - - [05/Jul/2025:12:08:02 -0400] "GET /wp-content/uploads/2024/11/Group-169.png HTTP/1.1" 200 12783 "https://dangroup.sa/" "Mozilla/5.0 (Windows NT 10.0; Win64; x64) AppleWebKit/537.36 (KHTML, like Gecko) Chrome/138.0.0.0 Safari/537.36"
82.167.217.81 - - [05/Jul/2025:12:08:02 -0400] "GET /wp-content/uploads/2024/11/Group-284.png HTTP/1.1" 200 10270 "https://dangroup.sa/" "Mozilla/5.0 (Windows NT 10.0; Win64; x64) AppleWebKit/537.36 (KHTML, like Gecko) Chrome/138.0.0.0 Safari/537.36"
82.167.217.81 - - [05/Jul/2025:12:08:02 -0400] "GET /wp-content/uploads/2024/11/Group-176.png HTTP/1.1" 200 11813 "https://dangroup.sa/" "Mozilla/5.0 (Windows NT 10.0; Win64; x64) AppleWebKit/537.36 (KHTML, like Gecko) Chrome/138.0.0.0 Safari/537.36"
82.167.217.81 - - [05/Jul/2025:12:08:02 -0400] "GET /wp-content/uploads/2024/11/Group-188.png HTTP/1.1" 200 12538 "https://dangroup.sa/" "Mozilla/5.0 (Windows NT 10.0; Win64; x64) AppleWebKit/537.36 (KHTML, like Gecko) Chrome/138.0.0.0 Safari/537.36"
82.167.217.81 - - [05/Jul/2025:12:08:02 -0400] "GET /wp-content/uploads/2024/11/Group-234.png HTTP/1.1" 200 24562 "https://dangroup.sa/" "Mozilla/5.0 (Windows NT 10.0; Win64; x64) AppleWebKit/537.36 (KHTML, like Gecko) Chrome/138.0.0.0 Safari/537.36"
82.167.217.81 - - [05/Jul/2025:12:08:02 -0400] "GET /wp-content/uploads/2024/11/Group-253.png HTTP/1.1" 200 15460 "https://dangroup.sa/" "Mozilla/5.0 (Windows NT 10.0; Win64; x64) AppleWebKit/537.36 (KHTML, like Gecko) Chrome/138.0.0.0 Safari/537.36"
82.167.217.81 - - [05/Jul/2025:12:08:02 -0400] "GET /wp-content/uploads/2024/11/Group-157.png HTTP/1.1" 200 10712 "https://dangroup.sa/" "Mozilla/5.0 (Windows NT 10.0; Win64; x64) AppleWebKit/537.36 (KHTML, like Gecko) Chrome/138.0.0.0 Safari/537.36"
82.167.217.81 - - [05/Jul/2025:12:08:02 -0400] "GET /wp-content/uploads/2024/11/Group-287.png HTTP/1.1" 200 7694 "https://dangroup.sa/" "Mozilla/5.0 (Windows NT 10.0; Win64; x64) AppleWebKit/537.36 (KHTML, like Gecko) Chrome/138.0.0.0 Safari/537.36"
82.167.217.81 - - [05/Jul/2025:12:08:02 -0400] "GET /wp-content/uploads/2024/11/Group-123.png HTTP/1.1" 200 16246 "https://dangroup.sa/" "Mozilla/5.0 (Windows NT 10.0; Win64; x64) AppleWebKit/537.36 (KHTML, like Gecko) Chrome/138.0.0.0 Safari/537.36"
82.167.217.81 - - [05/Jul/2025:12:08:02 -0400] "GET /wp-content/uploads/2024/11/Group-167.png HTTP/1.1" 200 21265 "https://dangroup.sa/" "Mozilla/5.0 (Windows NT 10.0; Win64; x64) AppleWebKit/537.36 (KHTML, like Gecko) Chrome/138.0.0.0 Safari/537.36"
82.167.217.81 - - [05/Jul/2025:12:08:02 -0400] "GET /wp-content/uploads/2024/11/Group-148.png HTTP/1.1" 200 25066 "https://dangroup.sa/" "Mozilla/5.0 (Windows NT 10.0; Win64; x64) AppleWebKit/537.36 (KHTML, like Gecko) Chrome/138.0.0.0 Safari/537.36"
82.167.217.81 - - [05/Jul/2025:12:08:03 -0400] "GET /wp-content/uploads/2024/11/Group-141.png HTTP/1.1" 200 10511 "https://dangroup.sa/" "Mozilla/5.0 (Windows NT 10.0; Win64; x64) AppleWebKit/537.36 (KHTML, like Gecko) Chrome/138.0.0.0 Safari/537.36"
82.167.217.81 - - [05/Jul/2025:12:08:03 -0400] "GET /wp-content/uploads/2024/11/Group-139.png HTTP/1.1" 200 21370 "https://dangroup.sa/" "Mozilla/5.0 (Windows NT 10.0; Win64; x64) AppleWebKit/537.36 (KHTML, like Gecko) Chrome/138.0.0.0 Safari/537.36"
82.167.217.81 - - [05/Jul/2025:12:08:03 -0400] "GET /wp-content/uploads/2024/11/Group-109.png HTTP/1.1" 200 10195 "https://dangroup.sa/" "Mozilla/5.0 (Windows NT 10.0; Win64; x64) AppleWebKit/537.36 (KHTML, like Gecko) Chrome/138.0.0.0 Safari/537.36"
82.167.217.81 - - [05/Jul/2025:12:08:03 -0400] "GET /wp-content/uploads/2024/11/Group-132.png HTTP/1.1" 200 14304 "https://dangroup.sa/" "Mozilla/5.0 (Windows NT 10.0; Win64; x64) AppleWebKit/537.36 (KHTML, like Gecko) Chrome/138.0.0.0 Safari/537.36"
82.167.217.81 - - [05/Jul/2025:12:08:03 -0400] "GET /wp-content/uploads/2024/11/Group-116.png HTTP/1.1" 200 15545 "https://dangroup.sa/" "Mozilla/5.0 (Windows NT 10.0; Win64; x64) AppleWebKit/537.36 (KHTML, like Gecko) Chrome/138.0.0.0 Safari/537.36"
82.167.217.81 - - [05/Jul/2025:12:08:03 -0400] "GET /wp-content/uploads/2024/11/Group-118.png HTTP/1.1" 200 20835 "https://dangroup.sa/" "Mozilla/5.0 (Windows NT 10.0; Win64; x64) AppleWebKit/537.36 (KHTML, like Gecko) Chrome/138.0.0.0 Safari/537.36"
82.167.217.81 - - [05/Jul/2025:12:08:03 -0400] "GET /wp-content/uploads/2024/11/Group-101.png HTTP/1.1" 200 9131 "https://dangroup.sa/" "Mozilla/5.0 (Windows NT 10.0; Win64; x64) AppleWebKit/537.36 (KHTML, like Gecko) Chrome/138.0.0.0 Safari/537.36"
82.167.217.81 - - [05/Jul/2025:12:08:03 -0400] "GET /wp-content/uploads/2024/11/Group-112.png HTTP/1.1" 200 11676 "https://dangroup.sa/" "Mozilla/5.0 (Windows NT 10.0; Win64; x64) AppleWebKit/537.36 (KHTML, like Gecko) Chrome/138.0.0.0 Safari/537.36"
82.167.217.81 - - [05/Jul/2025:12:08:03 -0400] "GET /wp-content/uploads/2024/11/Group-136.png HTTP/1.1" 200 20691 "https://dangroup.sa/" "Mozilla/5.0 (Windows NT 10.0; Win64; x64) AppleWebKit/537.36 (KHTML, like Gecko) Chrome/138.0.0.0 Safari/537.36"
82.167.217.81 - - [05/Jul/2025:12:08:03 -0400] "GET /wp-content/uploads/2024/11/Group-105.png HTTP/1.1" 200 6802 "https://dangroup.sa/" "Mozilla/5.0 (Windows NT 10.0; Win64; x64) AppleWebKit/537.36 (KHTML, like Gecko) Chrome/138.0.0.0 Safari/537.36"
136.243.228.194 - - [05/Jul/2025:12:08:01 -0400] "GET /items/zjrbn54/45490?key=trauma HTTP/1.1" 404 23127 "-" "Mozilla/5.0 (compatible; DataForSeoBot/1.0; +https://dataforseo.com/dataforseo-bot)"
82.167.217.81 - - [05/Jul/2025:12:08:04 -0400] "GET /wp-content/uploads/2024/11/Group-95.png HTTP/1.1" 200 22481 "https://dangroup.sa/" "Mozilla/5.0 (Windows NT 10.0; Win64; x64) AppleWebKit/537.36 (KHTML, like Gecko) Chrome/138.0.0.0 Safari/537.36"
82.167.217.81 - - [05/Jul/2025:12:08:04 -0400] "GET /wp-content/uploads/2024/11/Group-58.png HTTP/1.1" 200 12204 "https://dangroup.sa/" "Mozilla/5.0 (Windows NT 10.0; Win64; x64) AppleWebKit/537.36 (KHTML, like Gecko) Chrome/138.0.0.0 Safari/537.36"
82.167.217.81 - - [05/Jul/2025:12:08:04 -0400] "GET /wp-content/uploads/2024/11/Group-83.png HTTP/1.1" 200 9727 "https://dangroup.sa/" "Mozilla/5.0 (Windows NT 10.0; Win64; x64) AppleWebKit/537.36 (KHTML, like Gecko) Chrome/138.0.0.0 Safari/537.36"
82.167.217.81 - - [05/Jul/2025:12:08:04 -0400] "GET /wp-content/uploads/2024/11/Group-80.png HTTP/1.1" 200 13494 "https://dangroup.sa/" "Mozilla/5.0 (Windows NT 10.0; Win64; x64) AppleWebKit/537.36 (KHTML, like Gecko) Chrome/138.0.0.0 Safari/537.36"
82.167.217.81 - - [05/Jul/2025:12:08:04 -0400] "GET /wp-content/uploads/2024/11/Group-61.png HTTP/1.1" 200 10840 "https://dangroup.sa/" "Mozilla/5.0 (Windows NT 10.0; Win64; x64) AppleWebKit/537.36 (KHTML, like Gecko) Chrome/138.0.0.0 Safari/537.36"
82.167.217.81 - - [05/Jul/2025:12:08:04 -0400] "GET /wp-content/uploads/2024/11/Group-69.png HTTP/1.1" 200 9854 "https://dangroup.sa/" "Mozilla/5.0 (Windows NT 10.0; Win64; x64) AppleWebKit/537.36 (KHTML, like Gecko) Chrome/138.0.0.0 Safari/537.36"
82.167.217.81 - - [05/Jul/2025:12:08:04 -0400] "GET /wp-content/uploads/2024/11/Group-66.png HTTP/1.1" 200 11964 "https://dangroup.sa/" "Mozilla/5.0 (Windows NT 10.0; Win64; x64) AppleWebKit/537.36 (KHTML, like Gecko) Chrome/138.0.0.0 Safari/537.36"
82.167.217.81 - - [05/Jul/2025:12:08:04 -0400] "GET /wp-content/uploads/2024/11/Group-77.png HTTP/1.1" 200 13817 "https://dangroup.sa/" "Mozilla/5.0 (Windows NT 10.0; Win64; x64) AppleWebKit/537.36 (KHTML, like Gecko) Chrome/138.0.0.0 Safari/537.36"
82.167.217.81 - - [05/Jul/2025:12:08:04 -0400] "GET /wp-content/uploads/2024/11/Group-89.png HTTP/1.1" 200 19286 "https://dangroup.sa/" "Mozilla/5.0 (Windows NT 10.0; Win64; x64) AppleWebKit/537.36 (KHTML, like Gecko) Chrome/138.0.0.0 Safari/537.36"
82.167.217.81 - - [05/Jul/2025:12:08:04 -0400] "GET /wp-content/uploads/2024/11/Group-54.png HTTP/1.1" 200 15549 "https://dangroup.sa/" "Mozilla/5.0 (Windows NT 10.0; Win64; x64) AppleWebKit/537.36 (KHTML, like Gecko) Chrome/138.0.0.0 Safari/537.36"
82.167.217.81 - - [05/Jul/2025:12:08:04 -0400] "GET /wp-content/uploads/2024/11/Group-56.png HTTP/1.1" 200 20242 "https://dangroup.sa/" "Mozilla/5.0 (Windows NT 10.0; Win64; x64) AppleWebKit/537.36 (KHTML, like Gecko) Chrome/138.0.0.0 Safari/537.36"
82.167.217.81 - - [05/Jul/2025:12:08:04 -0400] "GET /wp-content/uploads/2024/11/Group-73.png HTTP/1.1" 200 12575 "https://dangroup.sa/" "Mozilla/5.0 (Windows NT 10.0; Win64; x64) AppleWebKit/537.36 (KHTML, like Gecko) Chrome/138.0.0.0 Safari/537.36"
82.167.217.81 - - [05/Jul/2025:12:08:04 -0400] "GET /wp-content/uploads/2024/11/Group-92.png HTTP/1.1" 200 10735 "https://dangroup.sa/" "Mozilla/5.0 (Windows NT 10.0; Win64; x64) AppleWebKit/537.36 (KHTML, like Gecko) Chrome/138.0.0.0 Safari/537.36"
82.167.217.81 - - [05/Jul/2025:12:08:04 -0400] "GET /wp-content/uploads/2024/11/Group-86.png HTTP/1.1" 200 20328 "https://dangroup.sa/" "Mozilla/5.0 (Windows NT 10.0; Win64; x64) AppleWebKit/537.36 (KHTML, like Gecko) Chrome/138.0.0.0 Safari/537.36"
82.167.217.81 - - [05/Jul/2025:12:08:04 -0400] "GET /wp-content/uploads/2024/11/Group-98.png HTTP/1.1" 200 14541 "https://dangroup.sa/" "Mozilla/5.0 (Windows NT 10.0; Win64; x64) AppleWebKit/537.36 (KHTML, like Gecko) Chrome/138.0.0.0 Safari/537.36"
82.167.217.81 - - [05/Jul/2025:12:08:04 -0400] "GET /wp-content/uploads/2024/11/Group-64.png HTTP/1.1" 200 22793 "https://dangroup.sa/" "Mozilla/5.0 (Windows NT 10.0; Win64; x64) AppleWebKit/537.36 (KHTML, like Gecko) Chrome/138.0.0.0 Safari/537.36"
82.167.217.81 - - [05/Jul/2025:12:08:04 -0400] "GET /wp-content/uploads/2024/11/Group-49.png HTTP/1.1" 200 17331 "https://dangroup.sa/" "Mozilla/5.0 (Windows NT 10.0; Win64; x64) AppleWebKit/537.36 (KHTML, like Gecko) Chrome/138.0.0.0 Safari/537.36"
82.167.217.81 - - [05/Jul/2025:12:08:04 -0400] "GET /wp-content/uploads/2024/11/Group-48.png HTTP/1.1" 200 13279 "https://dangroup.sa/" "Mozilla/5.0 (Windows NT 10.0; Win64; x64) AppleWebKit/537.36 (KHTML, like Gecko) Chrome/138.0.0.0 Safari/537.36"
82.167.217.81 - - [05/Jul/2025:12:08:04 -0400] "GET /wp-content/uploads/2024/11/Group-51.png HTTP/1.1" 200 14229 "https://dangroup.sa/" "Mozilla/5.0 (Windows NT 10.0; Win64; x64) AppleWebKit/537.36 (KHTML, like Gecko) Chrome/138.0.0.0 Safari/537.36"
82.167.217.81 - - [05/Jul/2025:12:08:04 -0400] "GET /wp-content/uploads/2024/11/Group-71.png HTTP/1.1" 200 10968 "https://dangroup.sa/" "Mozilla/5.0 (Windows NT 10.0; Win64; x64) AppleWebKit/537.36 (KHTML, like Gecko) Chrome/138.0.0.0 Safari/537.36"
82.167.217.81 - - [05/Jul/2025:12:08:02 -0400] "GET /wp-content/uploads/2024/06/DJI_0084.png HTTP/1.1" 200 17888209 "https://dangroup.sa/" "Mozilla/5.0 (Windows NT 10.0; Win64; x64) AppleWebKit/537.36 (KHTML, like Gecko) Chrome/138.0.0.0 Safari/537.36"
136.243.228.194 - - [05/Jul/2025:12:08:05 -0400] "GET /items/gvbma205/21839?key=regard HTTP/1.1" 404 23127 "-" "Mozilla/5.0 (compatible; DataForSeoBot/1.0; +https://dataforseo.com/dataforseo-bot)"
66.249.65.193 - - [05/Jul/2025:12:08:10 -0400] "GET /pcmypage?callback=product/review/tuzukiya-s09-5475 HTTP/1.1" 200 87380 "-" "Mozilla/5.0 (compatible; Googlebot/2.1; +http://www.google.com/bot.html)"
136.243.228.194 - - [05/Jul/2025:12:08:09 -0400] "GET /items/kvgmj170/18072?key=recording HTTP/1.1" 404 23127 "-" "Mozilla/5.0 (compatible; DataForSeoBot/1.0; +https://dataforseo.com/dataforseo-bot)"
136.243.228.194 - - [05/Jul/2025:12:08:14 -0400] "GET /164muzk8663.html HTTP/1.1" 404 23129 "-" "Mozilla/5.0 (compatible; DataForSeoBot/1.0; +https://dataforseo.com/dataforseo-bot)"
66.249.65.192 - - [05/Jul/2025:12:08:16 -0400] "GET /162lps13017.html HTTP/1.1" 200 87429 "-" "Mozilla/5.0 (Linux; Android 6.0.1; Nexus 5X Build/MMB29P) AppleWebKit/537.36 (KHTML, like Gecko) Chrome/137.0.7151.103 Mobile Safari/537.36 (compatible; Googlebot/2.1; +http://www.google.com/bot.html)"
66.249.65.193 - - [05/Jul/2025:12:08:19 -0400] "GET /pcmypage?callback=product%2Fdetail%2Fyumenokoya-c02-ds-2305186 HTTP/1.1" 200 86955 "-" "Mozilla/5.0 (compatible; Googlebot/2.1; +http://www.google.com/bot.html)"
136.243.228.194 - - [05/Jul/2025:12:08:18 -0400] "GET /66cuuqk24745.html HTTP/1.1" 404 23127 "-" "Mozilla/5.0 (compatible; DataForSeoBot/1.0; +https://dataforseo.com/dataforseo-bot)"
66.249.65.192 - - [05/Jul/2025:12:08:24 -0400] "GET /147vvmw36678.html HTTP/1.1" 200 87180 "-" "Mozilla/5.0 (Linux; Android 6.0.1; Nexus 5X Build/MMB29P) AppleWebKit/537.36 (KHTML, like Gecko) Chrome/137.0.7151.103 Mobile Safari/537.36 (compatible; Googlebot/2.1; +http://www.google.com/bot.html)"
136.243.228.194 - - [05/Jul/2025:12:08:24 -0400] "GET /29yufc4568.html HTTP/1.1" 404 23127 "-" "Mozilla/5.0 (compatible; DataForSeoBot/1.0; +https://dataforseo.com/dataforseo-bot)"
82.167.217.81 - - [05/Jul/2025:12:08:05 -0400] "GET /wp-content/uploads/2024/12/dan_1.mp4 HTTP/1.1" 200 76810005 "https://dangroup.sa/" "Mozilla/5.0 (Windows NT 10.0; Win64; x64) AppleWebKit/537.36 (KHTML, like Gecko) Chrome/138.0.0.0 Safari/537.36"
51.222.253.12 - - [05/Jul/2025:12:08:27 -0400] "GET /en/business-resilience-tips/feed/ HTTP/1.1" 304 0 "-" "Mozilla/5.0 (compatible; AhrefsBot/7.0; +http://ahrefs.com/robot/)"
136.243.228.194 - - [05/Jul/2025:12:08:28 -0400] "GET /items/jwjds4/15648?key=fog HTTP/1.1" 404 23127 "-" "Mozilla/5.0 (compatible; DataForSeoBot/1.0; +https://dataforseo.com/dataforseo-bot)"
66.29.146.47 - - [05/Jul/2025:12:08:32 -0400] "POST /wp-cron.php?doing_wp_cron=1751731712.8208479881286621093750 HTTP/1.1" 403 1242 "-" "WordPress/6.8; https://dangroup.sa"
136.243.228.194 - - [05/Jul/2025:12:08:32 -0400] "GET /162eedax29251.html HTTP/1.1" 404 23127 "-" "Mozilla/5.0 (compatible; DataForSeoBot/1.0; +https://dataforseo.com/dataforseo-bot)"
66.249.65.193 - - [05/Jul/2025:12:08:34 -0400] "GET /items/sbegl35/14875?key=brown HTTP/1.1" 200 87287 "-" "Mozilla/5.0 (Linux; Android 6.0.1; Nexus 5X Build/MMB29P) AppleWebKit/537.36 (KHTML, like Gecko) Chrome/137.0.7151.103 Mobile Safari/537.36 (compatible; Googlebot/2.1; +http://www.google.com/bot.html)"
136.243.228.194 - - [05/Jul/2025:12:08:36 -0400] "GET /items/woaax235/49513?key=uncertain HTTP/1.1" 404 23127 "-" "Mozilla/5.0 (compatible; DataForSeoBot/1.0; +https://dataforseo.com/dataforseo-bot)"
66.249.65.193 - - [05/Jul/2025:12:08:39 -0400] "GET /218stsg27487.html HTTP/1.1" 200 86966 "-" "Mozilla/5.0 (compatible; Googlebot/2.1; +http://www.google.com/bot.html)"
136.243.228.194 - - [05/Jul/2025:12:08:40 -0400] "GET /items/lzbvj180/38476?key=bind HTTP/1.1" 404 23127 "-" "Mozilla/5.0 (compatible; DataForSeoBot/1.0; +https://dataforseo.com/dataforseo-bot)"
136.243.228.194 - - [05/Jul/2025:12:08:44 -0400] "GET /items/qqytn110/26072?key=steak HTTP/1.1" 404 23127 "-" "Mozilla/5.0 (compatible; DataForSeoBot/1.0; +https://dataforseo.com/dataforseo-bot)"
136.243.228.194 - - [05/Jul/2025:12:08:49 -0400] "GET /65hvps2420.html HTTP/1.1" 404 23127 "-" "Mozilla/5.0 (compatible; DataForSeoBot/1.0; +https://dataforseo.com/dataforseo-bot)"
66.249.65.196 - - [05/Jul/2025:12:08:53 -0400] "GET /152fkeln27877.html HTTP/1.1" 200 87514 "-" "Mozilla/5.0 (compatible; Googlebot/2.1; +http://www.google.com/bot.html)"
213.231.7.92 - - [05/Jul/2025:12:08:54 -0400] "POST /xmlrpc.php HTTP/1.1" 403 1242 "-" "Mozilla/5.0 (Windows NT 10.0; Win64; x64) AppleWebKit/537.36 (KHTML, like Gecko) Chrome/126.0.0.0 Safari/537.36"
20.171.207.36 - - [05/Jul/2025:12:08:52 -0400] "GET /73qujf29640.html HTTP/1.1" 404 23127 "-" "Mozilla/5.0 AppleWebKit/537.36 (KHTML, like Gecko; compatible; GPTBot/1.2; +https://openai.com/gptbot)"
136.243.228.194 - - [05/Jul/2025:12:08:52 -0400] "GET /items/bhezo113/29867?key=correlation HTTP/1.1" 404 23129 "-" "Mozilla/5.0 (compatible; DataForSeoBot/1.0; +https://dataforseo.com/dataforseo-bot)"
66.249.65.197 - - [05/Jul/2025:12:08:57 -0400] "GET /195yjyjy14526.html HTTP/1.1" 200 87478 "-" "Mozilla/5.0 (Linux; Android 6.0.1; Nexus 5X Build/MMB29P) AppleWebKit/537.36 (KHTML, like Gecko) Chrome/137.0.7151.103 Mobile Safari/537.36 (compatible; Googlebot/2.1; +http://www.google.com/bot.html)"
136.243.228.194 - - [05/Jul/2025:12:08:57 -0400] "GET /187umnh37754.html HTTP/1.1" 404 23129 "-" "Mozilla/5.0 (compatible; DataForSeoBot/1.0; +https://dataforseo.com/dataforseo-bot)"
195.90.98.153 - - [05/Jul/2025:12:09:01 -0400] "POST /xmlrpc.php HTTP/1.1" 403 1242 "-" "Mozilla/5.0 (Windows NT 10.0; Win64; x64) AppleWebKit/537.36 (KHTML, like Gecko) Chrome/126.0.0.0 Safari/537.36"
188.164.198.78 - - [05/Jul/2025:12:09:03 -0400] "POST /xmlrpc.php HTTP/1.1" 403 1242 "-" "Mozilla/5.0 (Windows NT 10.0; Win64; x64) AppleWebKit/537.36 (KHTML, like Gecko) Chrome/126.0.0.0 Safari/537.36"
136.243.228.194 - - [05/Jul/2025:12:09:01 -0400] "GET /items/cexji27/21183?key=ski HTTP/1.1" 404 23129 "-" "Mozilla/5.0 (compatible; DataForSeoBot/1.0; +https://dataforseo.com/dataforseo-bot)"
136.243.228.194 - - [05/Jul/2025:12:09:05 -0400] "GET /items/pzrga61/13965?key=technique HTTP/1.1" 404 23127 "-" "Mozilla/5.0 (compatible; DataForSeoBot/1.0; +https://dataforseo.com/dataforseo-bot)"
66.249.65.198 - - [05/Jul/2025:12:09:05 -0400] "GET /product/edit/tuzukiya-t30-5622 HTTP/1.1" 200 87085 "-" "Mozilla/5.0 (compatible; Googlebot/2.1; +http://www.google.com/bot.html)"
66.249.65.196 - - [05/Jul/2025:12:09:08 -0400] "GET /5mpdbh17172.html HTTP/1.1" 200 87422 "-" "Mozilla/5.0 (Linux; Android 6.0.1; Nexus 5X Build/MMB29P) AppleWebKit/537.36 (KHTML, like Gecko) Chrome/137.0.7151.103 Mobile Safari/537.36 (compatible; Googlebot/2.1; +http://www.google.com/bot.html)"
66.249.65.197 - - [05/Jul/2025:12:09:09 -0400] "GET /18yij36315.html HTTP/1.1" 200 87091 "-" "Mozilla/5.0 (compatible; Googlebot/2.1; +http://www.google.com/bot.html)"
51.195.166.8 - - [05/Jul/2025:12:09:10 -0400] "POST /xmlrpc.php HTTP/1.1" 403 1242 "-" "Mozilla/5.0 (Windows NT 10.0; Win64; x64) AppleWebKit/537.36 (KHTML, like Gecko) Chrome/126.0.0.0 Safari/537.36"
136.243.228.194 - - [05/Jul/2025:12:09:09 -0400] "GET /items/iahvk135/45069?key=layer HTTP/1.1" 404 23129 "-" "Mozilla/5.0 (compatible; DataForSeoBot/1.0; +https://dataforseo.com/dataforseo-bot)"
151.80.19.225 - - [05/Jul/2025:12:09:13 -0400] "POST /xmlrpc.php HTTP/1.1" 403 1242 "-" "Mozilla/5.0 (Windows NT 10.0; Win64; x64) AppleWebKit/537.36 (KHTML, like Gecko) Chrome/126.0.0.0 Safari/537.36"
136.243.228.194 - - [05/Jul/2025:12:09:13 -0400] "GET /157sgmiz32744.html HTTP/1.1" 404 23129 "-" "Mozilla/5.0 (compatible; DataForSeoBot/1.0; +https://dataforseo.com/dataforseo-bot)"
66.249.65.196 - - [05/Jul/2025:12:09:15 -0400] "GET /items/ximdf83/31919?key=once HTTP/1.1" 200 86544 "-" "Mozilla/5.0 (compatible; Googlebot/2.1; +http://www.google.com/bot.html)"
136.243.228.194 - - [05/Jul/2025:12:09:18 -0400] "GET /items/zbetv201/5619?key=job HTTP/1.1" 404 23127 "-" "Mozilla/5.0 (compatible; DataForSeoBot/1.0; +https://dataforseo.com/dataforseo-bot)"
136.243.228.194 - - [05/Jul/2025:12:09:21 -0400] "GET /155gjj6054.html HTTP/1.1" 404 23127 "-" "Mozilla/5.0 (compatible; DataForSeoBot/1.0; +https://dataforseo.com/dataforseo-bot)"
136.243.228.194 - - [05/Jul/2025:12:09:25 -0400] "GET /70cshg19017.html HTTP/1.1" 404 23127 "-" "Mozilla/5.0 (compatible; DataForSeoBot/1.0; +https://dataforseo.com/dataforseo-bot)"
136.243.228.194 - - [05/Jul/2025:12:09:29 -0400] "GET /26nvr22163.html HTTP/1.1" 404 23127 "-" "Mozilla/5.0 (compatible; DataForSeoBot/1.0; +https://dataforseo.com/dataforseo-bot)"
66.249.65.197 - - [05/Jul/2025:12:09:31 -0400] "GET /items/ucedu239/8099?key=set HTTP/1.1" 200 87869 "-" "Mozilla/5.0 (compatible; Googlebot/2.1; +http://www.google.com/bot.html)"
66.29.146.47 - - [05/Jul/2025:12:09:33 -0400] "POST /wp-cron.php?doing_wp_cron=1751731773.6290349960327148437500 HTTP/1.1" 403 1242 "-" "WordPress/6.8; https://dangroup.sa"
136.243.228.194 - - [05/Jul/2025:12:09:33 -0400] "GET /items/fcjck47/30729?key=coastal HTTP/1.1" 404 23129 "-" "Mozilla/5.0 (compatible; DataForSeoBot/1.0; +https://dataforseo.com/dataforseo-bot)"
136.243.228.194 - - [05/Jul/2025:12:09:37 -0400] "GET /items/lrvto150/39874?key=remove HTTP/1.1" 404 23127 "-" "Mozilla/5.0 (compatible; DataForSeoBot/1.0; +https://dataforseo.com/dataforseo-bot)"
66.249.65.197 - - [05/Jul/2025:12:09:39 -0400] "GET /36qqsa14631.html HTTP/1.1" 200 86666 "-" "Mozilla/5.0 (Linux; Android 6.0.1; Nexus 5X Build/MMB29P) AppleWebKit/537.36 (KHTML, like Gecko) Chrome/137.0.7151.103 Mobile Safari/537.36 (compatible; Googlebot/2.1; +http://www.google.com/bot.html)"
66.249.65.197 - - [05/Jul/2025:12:09:41 -0400] "GET /items/xlffi154/39372?key=hire HTTP/1.1" 200 87093 "-" "Mozilla/5.0 (compatible; Googlebot/2.1; +http://www.google.com/bot.html)"
136.243.228.194 - - [05/Jul/2025:12:09:41 -0400] "GET /268rzfja38347.html HTTP/1.1" 404 23129 "-" "Mozilla/5.0 (compatible; DataForSeoBot/1.0; +https://dataforseo.com/dataforseo-bot)"
103.18.247.38 - - [05/Jul/2025:12:09:46 -0400] "POST /xmlrpc.php HTTP/1.1" 403 1242 "-" "Mozilla/5.0 (Windows NT 10.0; Win64; x64) AppleWebKit/537.36 (KHTML, like Gecko) Chrome/126.0.0.0 Safari/537.36"
136.243.228.194 - - [05/Jul/2025:12:09:45 -0400] "GET /items/izxaw144/5780?key=tree HTTP/1.1" 404 23127 "-" "Mozilla/5.0 (compatible; DataForSeoBot/1.0; +https://dataforseo.com/dataforseo-bot)"
66.249.65.196 - - [05/Jul/2025:12:09:52 -0400] "GET /159yrou32510.html HTTP/1.1" 200 87374 "-" "Mozilla/5.0 (Linux; Android 6.0.1; Nexus 5X Build/MMB29P) AppleWebKit/537.36 (KHTML, like Gecko) Chrome/137.0.7151.103 Mobile Safari/537.36 (compatible; Googlebot/2.1; +http://www.google.com/bot.html)"
136.243.228.194 - - [05/Jul/2025:12:09:50 -0400] "GET /184zhsi33367.html HTTP/1.1" 404 23127 "-" "Mozilla/5.0 (compatible; DataForSeoBot/1.0; +https://dataforseo.com/dataforseo-bot)"
193.201.185.171 - - [05/Jul/2025:12:09:53 -0400] "POST /xmlrpc.php HTTP/1.1" 403 1242 "-" "Mozilla/5.0 (Windows NT 10.0; Win64; x64) AppleWebKit/537.36 (KHTML, like Gecko) Chrome/126.0.0.0 Safari/537.36"
20.171.207.36 - - [05/Jul/2025:12:09:53 -0400] "GET /184acye6205.html HTTP/1.1" 404 23127 "-" "Mozilla/5.0 AppleWebKit/537.36 (KHTML, like Gecko; compatible; GPTBot/1.2; +https://openai.com/gptbot)"
145.239.6.212 - - [05/Jul/2025:12:09:57 -0400] "POST /xmlrpc.php HTTP/1.1" 403 1242 "-" "Mozilla/5.0 (Windows NT 10.0; Win64; x64) AppleWebKit/537.36 (KHTML, like Gecko) Chrome/126.0.0.0 Safari/537.36"
136.243.228.194 - - [05/Jul/2025:12:09:55 -0400] "GET /44mrim42567.html HTTP/1.1" 404 23127 "-" "Mozilla/5.0 (compatible; DataForSeoBot/1.0; +https://dataforseo.com/dataforseo-bot)"
46.246.44.99 - - [05/Jul/2025:12:09:58 -0400] "POST /xmlrpc.php HTTP/1.1" 403 1242 "-" "Mozilla/5.0 (Windows NT 10.0; Win64; x64) AppleWebKit/537.36 (KHTML, like Gecko) Chrome/126.0.0.0 Safari/537.36"
136.243.228.194 - - [05/Jul/2025:12:09:59 -0400] "GET /31idndl46662.html HTTP/1.1" 404 23129 "-" "Mozilla/5.0 (compatible; DataForSeoBot/1.0; +https://dataforseo.com/dataforseo-bot)"
66.249.65.197 - - [05/Jul/2025:12:10:03 -0400] "GET /268ladik9531.html HTTP/1.1" 200 86867 "-" "Mozilla/5.0 (Linux; Android 6.0.1; Nexus 5X Build/MMB29P) AppleWebKit/537.36 (KHTML, like Gecko) Chrome/137.0.7151.103 Mobile Safari/537.36 (compatible; Googlebot/2.1; +http://www.google.com/bot.html)"
136.243.228.194 - - [05/Jul/2025:12:10:04 -0400] "GET /items/tnptq170/48596?key=pump HTTP/1.1" 404 23127 "-" "Mozilla/5.0 (compatible; DataForSeoBot/1.0; +https://dataforseo.com/dataforseo-bot)"
66.249.65.197 - - [05/Jul/2025:12:10:10 -0400] "GET /27apr36350.html HTTP/1.1" 200 88141 "-" "Mozilla/5.0 (compatible; Googlebot/2.1; +http://www.google.com/bot.html)"
136.243.228.194 - - [05/Jul/2025:12:10:10 -0400] "GET /items/zxhlq114/28862?key=less HTTP/1.1" 404 23127 "-" "Mozilla/5.0 (compatible; DataForSeoBot/1.0; +https://dataforseo.com/dataforseo-bot)"
66.249.65.197 - - [05/Jul/2025:12:10:12 -0400] "GET /pcmypage?callback=product/review/tarotodenki-xd006035wx HTTP/1.1" 200 87442 "-" "Mozilla/5.0 (compatible; Googlebot/2.1; +http://www.google.com/bot.html)"
136.243.228.194 - - [05/Jul/2025:12:10:13 -0400] "GET /225nkuq34508.html HTTP/1.1" 404 23127 "-" "Mozilla/5.0 (compatible; DataForSeoBot/1.0; +https://dataforseo.com/dataforseo-bot)"
66.249.65.196 - - [05/Jul/2025:12:10:14 -0400] "GET /pcmypage?callback=product%2Fdetail%2Fsakai-fukui-4518160004159 HTTP/1.1" 200 87070 "-" "Mozilla/5.0 (compatible; Googlebot/2.1; +http://www.google.com/bot.html)"
136.243.228.194 - - [05/Jul/2025:12:10:17 -0400] "GET /items/lzges76/2172?key=animal HTTP/1.1" 404 23127 "-" "Mozilla/5.0 (compatible; DataForSeoBot/1.0; +https://dataforseo.com/dataforseo-bot)"
136.243.228.194 - - [05/Jul/2025:12:10:22 -0400] "GET /68zqy21935.html HTTP/1.1" 404 23127 "-" "Mozilla/5.0 (compatible; DataForSeoBot/1.0; +https://dataforseo.com/dataforseo-bot)"
66.249.65.197 - - [05/Jul/2025:12:10:23 -0400] "GET /items/elldn87/31269?key=elect HTTP/1.1" 200 87055 "-" "Mozilla/5.0 (compatible; Googlebot/2.1; +http://www.google.com/bot.html)"
66.249.65.197 - - [05/Jul/2025:12:10:25 -0400] "GET /pcmypage?callback=product/review/perk-up-964630-2185587 HTTP/1.1" 200 86688 "-" "Mozilla/5.0 (compatible; Googlebot/2.1; +http://www.google.com/bot.html)"
66.249.65.197 - - [05/Jul/2025:12:10:26 -0400] "GET /items/jvrpc79/70513?key=hear HTTP/1.1" 200 86447 "-" "Mozilla/5.0 (compatible; Googlebot/2.1; +http://www.google.com/bot.html)"
136.243.228.194 - - [05/Jul/2025:12:10:26 -0400] "GET /items/akesu227/8247?key=slave HTTP/1.1" 404 23127 "-" "Mozilla/5.0 (compatible; DataForSeoBot/1.0; +https://dataforseo.com/dataforseo-bot)"
66.249.65.196 - - [05/Jul/2025:12:10:29 -0400] "GET /items/mfvzt288/33618?key=ideal HTTP/1.1" 200 86766 "-" "Mozilla/5.0 (Linux; Android 6.0.1; Nexus 5X Build/MMB29P) AppleWebKit/537.36 (KHTML, like Gecko) Chrome/137.0.7151.103 Mobile Safari/537.36 (compatible; Googlebot/2.1; +http://www.google.com/bot.html)"
136.243.228.194 - - [05/Jul/2025:12:10:30 -0400] "GET /75xhap46198.html HTTP/1.1" 404 23129 "-" "Mozilla/5.0 (compatible; DataForSeoBot/1.0; +https://dataforseo.com/dataforseo-bot)"
66.29.146.47 - - [05/Jul/2025:12:10:34 -0400] "POST /wp-cron.php?doing_wp_cron=1751731833.8041210174560546875000 HTTP/1.1" 403 1242 "-" "WordPress/6.8; https://dangroup.sa"
136.243.228.194 - - [05/Jul/2025:12:10:33 -0400] "GET /items/wtnxq94/31182?key=knife HTTP/1.1" 404 23127 "-" "Mozilla/5.0 (compatible; DataForSeoBot/1.0; +https://dataforseo.com/dataforseo-bot)"
136.243.228.194 - - [05/Jul/2025:12:10:38 -0400] "GET /245soma13474.html HTTP/1.1" 404 23127 "-" "Mozilla/5.0 (compatible; DataForSeoBot/1.0; +https://dataforseo.com/dataforseo-bot)"
136.243.228.194 - - [05/Jul/2025:12:10:42 -0400] "GET /90tyqtd39377.html HTTP/1.1" 404 23129 "-" "Mozilla/5.0 (compatible; DataForSeoBot/1.0; +https://dataforseo.com/dataforseo-bot)"
136.243.228.194 - - [05/Jul/2025:12:10:46 -0400] "GET /247oskih34472.html HTTP/1.1" 404 23127 "-" "Mozilla/5.0 (compatible; DataForSeoBot/1.0; +https://dataforseo.com/dataforseo-bot)"
136.243.228.194 - - [05/Jul/2025:12:10:50 -0400] "GET /items/twsdv110/21402?key=lion HTTP/1.1" 404 23127 "-" "Mozilla/5.0 (compatible; DataForSeoBot/1.0; +https://dataforseo.com/dataforseo-bot)"
20.171.207.36 - - [05/Jul/2025:12:10:53 -0400] "GET /204cqfv5893.html HTTP/1.1" 404 23127 "-" "Mozilla/5.0 AppleWebKit/537.36 (KHTML, like Gecko; compatible; GPTBot/1.2; +https://openai.com/gptbot)"
136.243.228.194 - - [05/Jul/2025:12:10:54 -0400] "GET /items/gybll49/3761?key=dictate HTTP/1.1" 404 23127 "-" "Mozilla/5.0 (compatible; DataForSeoBot/1.0; +https://dataforseo.com/dataforseo-bot)"
136.243.228.194 - - [05/Jul/2025:12:11:00 -0400] "GET /241otxy1958.html HTTP/1.1" 404 23127 "-" "Mozilla/5.0 (compatible; DataForSeoBot/1.0; +https://dataforseo.com/dataforseo-bot)"
68.178.223.37 - - [05/Jul/2025:12:11:03 -0400] "POST /xmlrpc.php HTTP/1.1" 403 1242 "-" "Mozilla/5.0 (Windows NT 10.0; Win64; x64) AppleWebKit/537.36 (KHTML, like Gecko) Chrome/126.0.0.0 Safari/537.36"
136.243.228.194 - - [05/Jul/2025:12:11:05 -0400] "GET /258nbdgu20071.html HTTP/1.1" 404 23127 "-" "Mozilla/5.0 (compatible; DataForSeoBot/1.0; +https://dataforseo.com/dataforseo-bot)"
147.50.231.109 - - [05/Jul/2025:12:11:12 -0400] "POST /xmlrpc.php HTTP/1.1" 403 1242 "-" "Mozilla/5.0 (Windows NT 10.0; Win64; x64) AppleWebKit/537.36 (KHTML, like Gecko) Chrome/126.0.0.0 Safari/537.36"
66.249.65.197 - - [05/Jul/2025:12:11:12 -0400] "GET /29cnsq32766.html HTTP/1.1" 200 87203 "-" "Mozilla/5.0 (compatible; Googlebot/2.1; +http://www.google.com/bot.html)"
136.243.228.194 - - [05/Jul/2025:12:11:12 -0400] "GET /items/vxkbd60/3034?key=cattle HTTP/1.1" 404 23127 "-" "Mozilla/5.0 (compatible; DataForSeoBot/1.0; +https://dataforseo.com/dataforseo-bot)"
136.243.228.194 - - [05/Jul/2025:12:11:15 -0400] "GET /252ylom14705.html HTTP/1.1" 404 23127 "-" "Mozilla/5.0 (compatible; DataForSeoBot/1.0; +https://dataforseo.com/dataforseo-bot)"
136.243.228.194 - - [05/Jul/2025:12:11:19 -0400] "GET /44zptvb20315.html HTTP/1.1" 404 23127 "-" "Mozilla/5.0 (compatible; DataForSeoBot/1.0; +https://dataforseo.com/dataforseo-bot)"
66.249.74.168 - - [05/Jul/2025:12:11:22 -0400] "GET /robots.txt HTTP/1.1" 304 0 "-" "Mozilla/5.0 (compatible; Googlebot/2.1; +http://www.google.com/bot.html)"
49.12.211.78 - - [05/Jul/2025:12:11:22 -0400] "POST /xmlrpc.php HTTP/1.1" 403 1242 "-" "Mozilla/5.0 (Windows NT 10.0; Win64; x64) AppleWebKit/537.36 (KHTML, like Gecko) Chrome/126.0.0.0 Safari/537.36"
66.249.65.196 - - [05/Jul/2025:12:11:22 -0400] "GET /items/wpzsa18/5434?key=debut HTTP/1.1" 200 86709 "-" "Mozilla/5.0 (Linux; Android 6.0.1; Nexus 5X Build/MMB29P) AppleWebKit/537.36 (KHTML, like Gecko) Chrome/137.0.7151.103 Mobile Safari/537.36 (compatible; Googlebot/2.1; +http://www.google.com/bot.html)"
66.249.74.160 - - [05/Jul/2025:12:11:23 -0400] "GET /pcmypage?callback=product%2Fdetail%2Fr-syo-ei-assy-4560352867790 HTTP/1.1" 200 87145 "-" "Mozilla/5.0 (Linux; Android 6.0.1; Nexus 5X Build/MMB29P) AppleWebKit/537.36 (KHTML, like Gecko) Chrome/137.0.7151.103 Mobile Safari/537.36 (compatible; Googlebot/2.1; +http://www.google.com/bot.html)"
66.249.74.168 - - [05/Jul/2025:12:11:24 -0400] "GET /32jylx923.html HTTP/1.1" 200 86693 "-" "Mozilla/5.0 (Linux; Android 6.0.1; Nexus 5X Build/MMB29P) AppleWebKit/537.36 (KHTML, like Gecko) Chrome/137.0.7151.103 Mobile Safari/537.36 (compatible; Googlebot/2.1; +http://www.google.com/bot.html)"
66.249.65.196 - - [05/Jul/2025:12:11:25 -0400] "GET /items/rxzau291/47965?key=controversy HTTP/1.1" 200 87202 "-" "Mozilla/5.0 (Linux; Android 6.0.1; Nexus 5X Build/MMB29P) AppleWebKit/537.36 (KHTML, like Gecko) Chrome/137.0.7151.103 Mobile Safari/537.36 (compatible; Googlebot/2.1; +http://www.google.com/bot.html)"
136.243.228.194 - - [05/Jul/2025:12:11:23 -0400] "GET /items/oufld85/617?key=grandmother HTTP/1.1" 404 23127 "-" "Mozilla/5.0 (compatible; DataForSeoBot/1.0; +https://dataforseo.com/dataforseo-bot)"
66.249.65.196 - - [05/Jul/2025:12:11:26 -0400] "GET /items/tawzl97/283?key=cargo HTTP/1.1" 200 86703 "-" "Mozilla/5.0 (compatible; Googlebot/2.1; +http://www.google.com/bot.html)"
136.243.228.194 - - [05/Jul/2025:12:11:28 -0400] "GET /items/zuuhy19/11261?key=respondent HTTP/1.1" 404 23127 "-" "Mozilla/5.0 (compatible; DataForSeoBot/1.0; +https://dataforseo.com/dataforseo-bot)"
213.231.7.92 - - [05/Jul/2025:12:11:35 -0400] "POST /xmlrpc.php HTTP/1.1" 403 1242 "-" "Mozilla/5.0 (Windows NT 10.0; Win64; x64) AppleWebKit/537.36 (KHTML, like Gecko) Chrome/126.0.0.0 Safari/537.36"
136.243.228.194 - - [05/Jul/2025:12:11:32 -0400] "GET /172pjh41367.html HTTP/1.1" 404 23127 "-" "Mozilla/5.0 (compatible; DataForSeoBot/1.0; +https://dataforseo.com/dataforseo-bot)"
66.249.65.196 - - [05/Jul/2025:12:11:37 -0400] "GET /items/iqjtt190/27994?key=bid HTTP/1.1" 200 86918 "-" "Mozilla/5.0 (Linux; Android 6.0.1; Nexus 5X Build/MMB29P) AppleWebKit/537.36 (KHTML, like Gecko) Chrome/137.0.7151.103 Mobile Safari/537.36 (compatible; Googlebot/2.1; +http://www.google.com/bot.html)"
66.29.146.47 - - [05/Jul/2025:12:11:38 -0400] "POST /wp-cron.php?doing_wp_cron=1751731898.7630450725555419921875 HTTP/1.1" 403 1242 "-" "WordPress/6.8; https://dangroup.sa"
208.74.151.235 - - [05/Jul/2025:12:11:40 -0400] "POST /xmlrpc.php HTTP/1.1" 403 1242 "-" "Mozilla/5.0 (Windows NT 10.0; Win64; x64) AppleWebKit/537.36 (KHTML, like Gecko) Chrome/126.0.0.0 Safari/537.36"
136.243.228.194 - - [05/Jul/2025:12:11:38 -0400] "GET /items/gppls169/39063?key=individual HTTP/1.1" 404 23127 "-" "Mozilla/5.0 (compatible; DataForSeoBot/1.0; +https://dataforseo.com/dataforseo-bot)"
103.152.79.201 - - [05/Jul/2025:12:11:42 -0400] "POST /xmlrpc.php HTTP/1.1" 403 1242 "-" "Mozilla/5.0 (Windows NT 10.0; Win64; x64) AppleWebKit/537.36 (KHTML, like Gecko) Chrome/126.0.0.0 Safari/537.36"
157.245.99.194 - - [05/Jul/2025:12:11:44 -0400] "POST /xmlrpc.php HTTP/1.1" 403 1242 "-" "Mozilla/5.0 (Windows NT 10.0; Win64; x64) AppleWebKit/537.36 (KHTML, like Gecko) Chrome/126.0.0.0 Safari/537.36"
136.243.228.194 - - [05/Jul/2025:12:11:42 -0400] "GET /210sbvwr14557.html HTTP/1.1" 404 23129 "-" "Mozilla/5.0 (compatible; DataForSeoBot/1.0; +https://dataforseo.com/dataforseo-bot)"
136.243.228.194 - - [05/Jul/2025:12:11:47 -0400] "GET /56pok18883.html HTTP/1.1" 404 23127 "-" "Mozilla/5.0 (compatible; DataForSeoBot/1.0; +https://dataforseo.com/dataforseo-bot)"
216.10.250.105 - - [05/Jul/2025:12:11:49 -0400] "POST /xmlrpc.php HTTP/1.1" 403 1242 "-" "Mozilla/5.0 (Windows NT 10.0; Win64; x64) AppleWebKit/537.36 (KHTML, like Gecko) Chrome/126.0.0.0 Safari/537.36"
66.249.65.196 - - [05/Jul/2025:12:11:50 -0400] "GET /110rjmj43985.html HTTP/1.1" 200 86842 "-" "Mozilla/5.0 (compatible; Googlebot/2.1; +http://www.google.com/bot.html)"
136.243.228.194 - - [05/Jul/2025:12:11:51 -0400] "GET /138aqv62201.html HTTP/1.1" 404 23127 "-" "Mozilla/5.0 (compatible; DataForSeoBot/1.0; +https://dataforseo.com/dataforseo-bot)"
92.205.54.74 - - [05/Jul/2025:12:11:53 -0400] "POST /xmlrpc.php HTTP/1.1" 403 1242 "-" "Mozilla/5.0 (Windows NT 10.0; Win64; x64) AppleWebKit/537.36 (KHTML, like Gecko) Chrome/126.0.0.0 Safari/537.36"
184.154.4.187 - - [05/Jul/2025:12:11:55 -0400] "POST /xmlrpc.php HTTP/1.1" 403 1242 "-" "Mozilla/5.0 (Windows NT 10.0; Win64; x64) AppleWebKit/537.36 (KHTML, like Gecko) Chrome/126.0.0.0 Safari/537.36"
136.243.228.194 - - [05/Jul/2025:12:11:54 -0400] "GET /181cpih25598.html HTTP/1.1" 404 23127 "-" "Mozilla/5.0 (compatible; DataForSeoBot/1.0; +https://dataforseo.com/dataforseo-bot)"
85.190.254.80 - - [05/Jul/2025:12:11:56 -0400] "POST /xmlrpc.php HTTP/1.1" 403 1242 "-" "Mozilla/5.0 (Windows NT 10.0; Win64; x64) AppleWebKit/537.36 (KHTML, like Gecko) Chrome/126.0.0.0 Safari/537.36"
20.171.207.36 - - [05/Jul/2025:12:11:57 -0400] "GET /254vgno8631.html HTTP/1.1" 404 23127 "-" "Mozilla/5.0 AppleWebKit/537.36 (KHTML, like Gecko; compatible; GPTBot/1.2; +https://openai.com/gptbot)"
136.243.228.194 - - [05/Jul/2025:12:11:58 -0400] "GET /137cougc17842.html HTTP/1.1" 404 23127 "-" "Mozilla/5.0 (compatible; DataForSeoBot/1.0; +https://dataforseo.com/dataforseo-bot)"
136.243.228.194 - - [05/Jul/2025:12:12:02 -0400] "GET /140lqsi24917.html HTTP/1.1" 404 23127 "-" "Mozilla/5.0 (compatible; DataForSeoBot/1.0; +https://dataforseo.com/dataforseo-bot)"
66.249.65.198 - - [05/Jul/2025:12:12:04 -0400] "GET /items/dhdyh161/21887?key=delivery HTTP/1.1" 200 87952 "-" "Mozilla/5.0 (compatible; Googlebot/2.1; +http://www.google.com/bot.html)"
66.249.65.198 - - [05/Jul/2025:12:12:07 -0400] "GET /items/tsrph217/26319?key=so-called HTTP/1.1" 200 87248 "-" "Mozilla/5.0 (compatible; Googlebot/2.1; +http://www.google.com/bot.html)"
136.243.228.194 - - [05/Jul/2025:12:12:06 -0400] "GET /70qrz42503.html HTTP/1.1" 404 23129 "-" "Mozilla/5.0 (compatible; DataForSeoBot/1.0; +https://dataforseo.com/dataforseo-bot)"
66.249.65.196 - - [05/Jul/2025:12:12:08 -0400] "GET /21hvae964.html HTTP/1.1" 200 86862 "-" "Mozilla/5.0 (compatible; Googlebot/2.1; +http://www.google.com/bot.html)"
143.244.185.159 - - [05/Jul/2025:12:12:08 -0400] "POST /xmlrpc.php HTTP/1.1" 403 1242 "-" "Mozilla/5.0 (Windows NT 10.0; Win64; x64) AppleWebKit/537.36 (KHTML, like Gecko) Chrome/126.0.0.0 Safari/537.36"
136.243.228.194 - - [05/Jul/2025:12:12:10 -0400] "GET /items/dlhrq62/6434?key=forever HTTP/1.1" 404 23127 "-" "Mozilla/5.0 (compatible; DataForSeoBot/1.0; +https://dataforseo.com/dataforseo-bot)"
66.249.65.197 - - [05/Jul/2025:12:12:15 -0400] "GET /pcmypage?callback=product/review/first34-trusco-5320652 HTTP/1.1" 200 86613 "-" "Mozilla/5.0 (Linux; Android 6.0.1; Nexus 5X Build/MMB29P) AppleWebKit/537.36 (KHTML, like Gecko) Chrome/137.0.7151.103 Mobile Safari/537.36 (compatible; Googlebot/2.1; +http://www.google.com/bot.html)"
136.243.228.194 - - [05/Jul/2025:12:12:14 -0400] "GET /249ocefj5398.html HTTP/1.1" 404 23127 "-" "Mozilla/5.0 (compatible; DataForSeoBot/1.0; +https://dataforseo.com/dataforseo-bot)"
66.249.65.196 - - [05/Jul/2025:12:12:16 -0400] "GET /category/643_2097_22542/1/listing HTTP/1.1" 200 86663 "-" "Mozilla/5.0 (Linux; Android 6.0.1; Nexus 5X Build/MMB29P) AppleWebKit/537.36 (KHTML, like Gecko) Chrome/137.0.7151.103 Mobile Safari/537.36 (compatible; Googlebot/2.1; +http://www.google.com/bot.html)"
162.144.127.41 - - [05/Jul/2025:12:12:17 -0400] "POST /xmlrpc.php HTTP/1.1" 403 1242 "-" "Mozilla/5.0 (Windows NT 10.0; Win64; x64) AppleWebKit/537.36 (KHTML, like Gecko) Chrome/126.0.0.0 Safari/537.36"
136.243.228.194 - - [05/Jul/2025:12:12:18 -0400] "GET /items/jwthz142/56650?key=overall HTTP/1.1" 404 23127 "-" "Mozilla/5.0 (compatible; DataForSeoBot/1.0; +https://dataforseo.com/dataforseo-bot)"
213.199.48.236 - - [05/Jul/2025:12:12:22 -0400] "POST /xmlrpc.php HTTP/1.1" 403 1242 "-" "Mozilla/5.0 (Windows NT 10.0; Win64; x64) AppleWebKit/537.36 (KHTML, like Gecko) Chrome/126.0.0.0 Safari/537.36"
136.243.228.194 - - [05/Jul/2025:12:12:22 -0400] "GET /items/zwynz286/18434?key=cliff HTTP/1.1" 404 23127 "-" "Mozilla/5.0 (compatible; DataForSeoBot/1.0; +https://dataforseo.com/dataforseo-bot)"
