66.249.65.198 - - [05/Jul/2025:08:09:42 -0400] "GET /98nrjb743.html HTTP/1.1" 200 86719 "-" "Mozilla/5.0 (Linux; Android 6.0.1; Nexus 5X Build/MMB29P) AppleWebKit/537.36 (KHTML, like Gecko) Chrome/137.0.7151.103 Mobile Safari/537.36 (compatible; Googlebot/2.1; +http://www.google.com/bot.html)"
203.159.92.34 - - [05/Jul/2025:08:09:44 -0400] "POST /xmlrpc.php HTTP/1.1" 403 1242 "-" "Mozilla/5.0 (Windows NT 10.0; Win64; x64) AppleWebKit/537.36 (KHTML, like Gecko) Chrome/126.0.0.0 Safari/537.36"
20.171.207.36 - - [05/Jul/2025:08:09:34 -0400] "GET /74vcwjn2343.html HTTP/1.1" 404 23128 "-" "Mozilla/5.0 AppleWebKit/537.36 (KHTML, like Gecko; compatible; GPTBot/1.2; +https://openai.com/gptbot)"
136.243.228.194 - - [05/Jul/2025:08:09:36 -0400] "GET /items/ydcmu84/39136?key=legislator HTTP/1.1" 404 23199 "-" "Mozilla/5.0 (compatible; DataForSeoBot/1.0; +https://dataforseo.com/dataforseo-bot)"
13.79.87.25 - - [05/Jul/2025:08:09:36 -0400] "GET /1.php? HTTP/1.1" 404 23129 "-" "-"
51.222.253.15 - - [05/Jul/2025:08:09:37 -0400] "GET /en/portfolio/aramco/ HTTP/1.1" 404 22470 "-" "Mozilla/5.0 (compatible; AhrefsBot/7.0; +http://ahrefs.com/robot/)"
103.4.67.18 - - [05/Jul/2025:08:09:52 -0400] "POST /xmlrpc.php HTTP/1.1" 403 1242 "-" "Mozilla/5.0 (Windows NT 10.0; Win64; x64) AppleWebKit/537.36 (KHTML, like Gecko) Chrome/126.0.0.0 Safari/537.36"
136.243.228.194 - - [05/Jul/2025:08:09:51 -0400] "GET /items/tbqrq191/7233?key=organizational HTTP/1.1" 404 23127 "-" "Mozilla/5.0 (compatible; DataForSeoBot/1.0; +https://dataforseo.com/dataforseo-bot)"
13.79.87.25 - - [05/Jul/2025:08:09:50 -0400] "GET /marijuana.php? HTTP/1.1" 404 23129 "-" "-"
13.79.87.25 - - [05/Jul/2025:08:10:00 -0400] "GET /about/function.php? HTTP/1.1" 404 23129 "-" "-"
66.249.65.197 - - [05/Jul/2025:08:10:09 -0400] "GET /pcmypage/ HTTP/1.1" 200 86855 "-" "Mozilla/5.0 (compatible; Googlebot/2.1; +http://www.google.com/bot.html)"
136.243.228.194 - - [05/Jul/2025:08:10:02 -0400] "GET /items/mfcjl129/21429?key=our HTTP/1.1" 404 23127 "-" "Mozilla/5.0 (compatible; DataForSeoBot/1.0; +https://dataforseo.com/dataforseo-bot)"
66.29.146.47 - - [05/Jul/2025:08:10:12 -0400] "POST /wp-cron.php?doing_wp_cron=1751717411.5747718811035156250000 HTTP/1.1" 403 1242 "-" "WordPress/6.8; https://dangroup.sa"
66.249.65.197 - - [05/Jul/2025:08:10:11 -0400] "GET /273bqc11152.html HTTP/1.1" 200 87256 "-" "Mozilla/5.0 (compatible; Googlebot/2.1; +http://www.google.com/bot.html)"
66.249.65.197 - - [05/Jul/2025:08:10:13 -0400] "GET /items/lffnx39/64861?key=tendency HTTP/1.1" 200 86910 "-" "Mozilla/5.0 (Linux; Android 6.0.1; Nexus 5X Build/MMB29P) AppleWebKit/537.36 (KHTML, like Gecko) Chrome/137.0.7151.103 Mobile Safari/537.36 (compatible; Googlebot/2.1; +http://www.google.com/bot.html)"
66.249.65.197 - - [05/Jul/2025:08:10:15 -0400] "GET /items/vxegk1/693?key=technology HTTP/1.1" 200 87782 "-" "Mozilla/5.0 (Linux; Android 6.0.1; Nexus 5X Build/MMB29P) AppleWebKit/537.36 (KHTML, like Gecko) Chrome/137.0.7151.103 Mobile Safari/537.36 (compatible; Googlebot/2.1; +http://www.google.com/bot.html)"
66.249.65.197 - - [05/Jul/2025:08:10:17 -0400] "GET /?_ga=2.198074345.1955352220.1721329623-968811056.1699381788&_bdsid=dmjl0p.n~UQTRN.1745716790918.1784849964&_bd_prev_page=https://dangroup.sa/api.jsp?75ufpt19384.html HTTP/1.1" 200 86776 "-" "Mozilla/5.0 (Linux; Android 6.0.1; Nexus 5X Build/MMB29P) AppleWebKit/537.36 (KHTML, like Gecko) Chrome/137.0.7151.103 Mobile Safari/537.36 (compatible; Googlebot/2.1; +http://www.google.com/bot.html)"
66.249.65.197 - - [05/Jul/2025:08:10:18 -0400] "GET /items/hhgoh253/18223?key=supposedly HTTP/1.1" 200 86820 "-" "Mozilla/5.0 (compatible; Googlebot/2.1; +http://www.google.com/bot.html)"
136.243.228.194 - - [05/Jul/2025:08:10:12 -0400] "GET /66kjs46637.html HTTP/1.1" 404 23127 "-" "Mozilla/5.0 (compatible; DataForSeoBot/1.0; +https://dataforseo.com/dataforseo-bot)"
66.249.65.197 - - [05/Jul/2025:08:10:20 -0400] "GET /items/cgkbz24/16422?key=worry HTTP/1.1" 200 87811 "-" "Mozilla/5.0 (Linux; Android 6.0.1; Nexus 5X Build/MMB29P) AppleWebKit/537.36 (KHTML, like Gecko) Chrome/137.0.7151.103 Mobile Safari/537.36 (compatible; Googlebot/2.1; +http://www.google.com/bot.html)"
13.79.87.25 - - [05/Jul/2025:08:10:10 -0400] "GET /simple.php HTTP/1.1" 404 23127 "-" "-"
66.249.65.197 - - [05/Jul/2025:08:10:22 -0400] "GET /items/yzuki1/695?key=decorate HTTP/1.1" 200 88131 "-" "Mozilla/5.0 (Linux; Android 6.0.1; Nexus 5X Build/MMB29P) AppleWebKit/537.36 (KHTML, like Gecko) Chrome/137.0.7151.103 Mobile Safari/537.36 (compatible; Googlebot/2.1; +http://www.google.com/bot.html)"
66.249.65.197 - - [05/Jul/2025:08:10:23 -0400] "GET /items/oljij206/25956?key=deserve HTTP/1.1" 200 86968 "-" "Mozilla/5.0 (Linux; Android 6.0.1; Nexus 5X Build/MMB29P) AppleWebKit/537.36 (KHTML, like Gecko) Chrome/137.0.7151.103 Mobile Safari/537.36 (compatible; Googlebot/2.1; +http://www.google.com/bot.html)"
66.249.65.197 - - [05/Jul/2025:08:10:25 -0400] "GET /items/wtlsm224/26472?key=expert HTTP/1.1" 200 86074 "-" "Mozilla/5.0 (compatible; Googlebot/2.1; +http://www.google.com/bot.html)"
66.249.65.197 - - [05/Jul/2025:08:10:26 -0400] "GET /items/otynb52/26138?key=theoretical HTTP/1.1" 200 86704 "-" "Mozilla/5.0 (Linux; Android 6.0.1; Nexus 5X Build/MMB29P) AppleWebKit/537.36 (KHTML, like Gecko) Chrome/137.0.7151.103 Mobile Safari/537.36 (compatible; Googlebot/2.1; +http://www.google.com/bot.html)"
66.249.65.199 - - [05/Jul/2025:08:10:28 -0400] "GET /items/eisya233/28321?key=preach HTTP/1.1" 200 87254 "-" "Mozilla/5.0 (compatible; Googlebot/2.1; +http://www.google.com/bot.html)"
136.243.228.194 - - [05/Jul/2025:08:10:22 -0400] "GET /211rgs46544.html HTTP/1.1" 404 23129 "-" "Mozilla/5.0 (compatible; DataForSeoBot/1.0; +https://dataforseo.com/dataforseo-bot)"
66.249.65.196 - - [05/Jul/2025:08:10:29 -0400] "GET /items/eisya233/28321?key=preach HTTP/1.1" 200 87282 "-" "Mozilla/5.0 (Linux; Android 6.0.1; Nexus 5X Build/MMB29P) AppleWebKit/537.36 (KHTML, like Gecko) Chrome/137.0.7151.103 Mobile Safari/537.36 (compatible; Googlebot/2.1; +http://www.google.com/bot.html)"
13.79.87.25 - - [05/Jul/2025:08:10:21 -0400] "GET /goat1.php HTTP/1.1" 404 23127 "-" "-"
136.243.228.194 - - [05/Jul/2025:08:10:31 -0400] "GET /items/wcvma39/51639?key=arrive HTTP/1.1" 404 23127 "-" "Mozilla/5.0 (compatible; DataForSeoBot/1.0; +https://dataforseo.com/dataforseo-bot)"
13.79.87.25 - - [05/Jul/2025:08:10:31 -0400] "GET /chosen.php? HTTP/1.1" 404 23127 "-" "-"
13.79.87.25 - - [05/Jul/2025:08:10:41 -0400] "GET /wp-cron.php? HTTP/1.1" 403 1242 "-" "-"
66.249.65.198 - - [05/Jul/2025:08:10:43 -0400] "GET /29wwunk912.html HTTP/1.1" 200 86847 "-" "Mozilla/5.0 (Linux; Android 6.0.1; Nexus 5X Build/MMB29P) AppleWebKit/537.36 (KHTML, like Gecko) Chrome/137.0.7151.103 Mobile Safari/537.36 (compatible; Googlebot/2.1; +http://www.google.com/bot.html)"
66.249.65.197 - - [05/Jul/2025:08:10:44 -0400] "GET /items/stuey19/137?key=soap HTTP/1.1" 200 88226 "-" "Mozilla/5.0 (compatible; Googlebot/2.1; +http://www.google.com/bot.html)"
20.171.207.36 - - [05/Jul/2025:08:10:39 -0400] "GET /33umpdn1846.html HTTP/1.1" 404 23128 "-" "Mozilla/5.0 AppleWebKit/537.36 (KHTML, like Gecko; compatible; GPTBot/1.2; +https://openai.com/gptbot)"
13.79.87.25 - - [05/Jul/2025:08:10:41 -0400] "GET /yanz.php HTTP/1.1" 404 23127 "-" "-"
136.243.228.194 - - [05/Jul/2025:08:10:42 -0400] "GET /items/cgogp259/43333?key=appeal HTTP/1.1" 404 23127 "-" "Mozilla/5.0 (compatible; DataForSeoBot/1.0; +https://dataforseo.com/dataforseo-bot)"
66.249.65.196 - - [05/Jul/2025:08:10:51 -0400] "GET /items/hariy41/12047?key=association HTTP/1.1" 200 87482 "-" "Mozilla/5.0 (compatible; Googlebot/2.1; +http://www.google.com/bot.html)"
194.233.74.175 - - [05/Jul/2025:08:10:57 -0400] "POST /xmlrpc.php HTTP/1.1" 403 1242 "-" "Mozilla/5.0 (Windows NT 10.0; Win64; x64) AppleWebKit/537.36 (KHTML, like Gecko) Chrome/126.0.0.0 Safari/537.36"
184.154.4.187 - - [05/Jul/2025:08:10:58 -0400] "POST /xmlrpc.php HTTP/1.1" 403 1242 "-" "Mozilla/5.0 (Windows NT 10.0; Win64; x64) AppleWebKit/537.36 (KHTML, like Gecko) Chrome/126.0.0.0 Safari/537.36"
66.249.65.196 - - [05/Jul/2025:08:10:58 -0400] "GET /pcmypage?callback=product/review/ganbariya-552-0098 HTTP/1.1" 200 86654 "-" "Mozilla/5.0 (compatible; Googlebot/2.1; +http://www.google.com/bot.html)"
13.79.87.25 - - [05/Jul/2025:08:10:51 -0400] "GET /config.php? HTTP/1.1" 404 23129 "-" "-"
103.69.98.45 - - [05/Jul/2025:08:11:00 -0400] "POST /xmlrpc.php HTTP/1.1" 403 1242 "-" "Mozilla/5.0 (Windows NT 10.0; Win64; x64) AppleWebKit/537.36 (KHTML, like Gecko) Chrome/126.0.0.0 Safari/537.36"
136.243.228.194 - - [05/Jul/2025:08:10:52 -0400] "GET /56ljz24711.html HTTP/1.1" 404 23127 "-" "Mozilla/5.0 (compatible; DataForSeoBot/1.0; +https://dataforseo.com/dataforseo-bot)"
66.249.65.198 - - [05/Jul/2025:08:11:01 -0400] "GET /23miw2052.html HTTP/1.1" 200 87374 "-" "Mozilla/5.0 (Linux; Android 6.0.1; Nexus 5X Build/MMB29P) AppleWebKit/537.36 (KHTML, like Gecko) Chrome/137.0.7151.103 Mobile Safari/537.36 (compatible; Googlebot/2.1; +http://www.google.com/bot.html)"
66.249.65.197 - - [05/Jul/2025:08:11:03 -0400] "GET /items/gbyik202/69440?key=pace HTTP/1.1" 200 87603 "-" "Mozilla/5.0 (Linux; Android 6.0.1; Nexus 5X Build/MMB29P) AppleWebKit/537.36 (KHTML, like Gecko) Chrome/137.0.7151.103 Mobile Safari/537.36 (compatible; Googlebot/2.1; +http://www.google.com/bot.html)"
66.249.65.196 - - [05/Jul/2025:08:11:05 -0400] "GET /89vxu6422.html HTTP/1.1" 200 86159 "-" "Mozilla/5.0 (compatible; Googlebot/2.1; +http://www.google.com/bot.html)"
13.79.87.25 - - [05/Jul/2025:08:11:00 -0400] "GET /network.php HTTP/1.1" 404 23127 "-" "-"
66.249.65.196 - - [05/Jul/2025:08:11:06 -0400] "GET /300jieb37297.html HTTP/1.1" 200 86810 "-" "Mozilla/5.0 (Linux; Android 6.0.1; Nexus 5X Build/MMB29P) AppleWebKit/537.36 (KHTML, like Gecko) Chrome/137.0.7151.103 Mobile Safari/537.36 (compatible; Googlebot/2.1; +http://www.google.com/bot.html)"
94.249.151.129 - - [05/Jul/2025:08:11:08 -0400] "POST /xmlrpc.php HTTP/1.1" 403 1242 "-" "Mozilla/5.0 (Windows NT 10.0; Win64; x64) AppleWebKit/537.36 (KHTML, like Gecko) Chrome/126.0.0.0 Safari/537.36"
66.249.65.197 - - [05/Jul/2025:08:11:10 -0400] "GET /61mtm25150.html HTTP/1.1" 200 86924 "-" "Mozilla/5.0 (Linux; Android 6.0.1; Nexus 5X Build/MMB29P) AppleWebKit/537.36 (KHTML, like Gecko) Chrome/137.0.7151.103 Mobile Safari/537.36 (compatible; Googlebot/2.1; +http://www.google.com/bot.html)"
136.243.228.194 - - [05/Jul/2025:08:11:03 -0400] "GET /items/umkci202/31886?key=survivor HTTP/1.1" 404 23129 "-" "Mozilla/5.0 (compatible; DataForSeoBot/1.0; +https://dataforseo.com/dataforseo-bot)"
103.199.18.208 - - [05/Jul/2025:08:11:13 -0400] "POST /xmlrpc.php HTTP/1.1" 403 1242 "-" "Mozilla/5.0 (Windows NT 10.0; Win64; x64) AppleWebKit/537.36 (KHTML, like Gecko) Chrome/126.0.0.0 Safari/537.36"
13.79.87.25 - - [05/Jul/2025:08:11:07 -0400] "GET /wp-2019.php? HTTP/1.1" 404 23129 "-" "-"
66.29.146.47 - - [05/Jul/2025:08:11:16 -0400] "POST /wp-cron.php?doing_wp_cron=1751717476.2440431118011474609375 HTTP/1.1" 403 1242 "-" "WordPress/6.8; https://dangroup.sa"
66.29.146.47 - - [05/Jul/2025:08:11:17 -0400] "POST /wp-cron.php?doing_wp_cron=1751717477.3531990051269531250000 HTTP/1.1" 403 1242 "-" "WordPress/6.8; https://dangroup.sa"
113.192.18.25 - - [05/Jul/2025:08:11:18 -0400] "POST /xmlrpc.php HTTP/1.1" 403 1242 "-" "Mozilla/5.0 (Windows NT 10.0; Win64; x64) AppleWebKit/537.36 (KHTML, like Gecko) Chrome/126.0.0.0 Safari/537.36"
136.243.228.194 - - [05/Jul/2025:08:11:14 -0400] "GET /items/hkstx260/30632?key=appoint HTTP/1.1" 404 23129 "-" "Mozilla/5.0 (compatible; DataForSeoBot/1.0; +https://dataforseo.com/dataforseo-bot)"
13.79.87.25 - - [05/Jul/2025:08:11:16 -0400] "GET /bypass.php HTTP/1.1" 404 23127 "-" "-"
92.205.64.28 - - [05/Jul/2025:08:11:28 -0400] "POST /xmlrpc.php HTTP/1.1" 403 1242 "-" "Mozilla/5.0 (Windows NT 10.0; Win64; x64) AppleWebKit/537.36 (KHTML, like Gecko) Chrome/126.0.0.0 Safari/537.36"
37.27.110.165 - - [05/Jul/2025:08:11:32 -0400] "POST /xmlrpc.php HTTP/1.1" 403 1242 "-" "Mozilla/5.0 (Windows NT 10.0; Win64; x64) AppleWebKit/537.36 (KHTML, like Gecko) Chrome/126.0.0.0 Safari/537.36"
54.164.181.55 - - [05/Jul/2025:08:11:34 -0400] "POST /xmlrpc.php HTTP/1.1" 403 1242 "-" "Mozilla/5.0 (Windows NT 10.0; Win64; x64) AppleWebKit/537.36 (KHTML, like Gecko) Chrome/126.0.0.0 Safari/537.36"
136.243.228.194 - - [05/Jul/2025:08:11:27 -0400] "GET /63grndo13978.html HTTP/1.1" 404 23127 "-" "Mozilla/5.0 (compatible; DataForSeoBot/1.0; +https://dataforseo.com/dataforseo-bot)"
13.79.87.25 - - [05/Jul/2025:08:11:27 -0400] "GET /wp-includes/IXR/admin.php HTTP/1.1" 404 23127 "-" "-"
66.249.65.197 - - [05/Jul/2025:08:11:37 -0400] "GET /items/fqegy50/15058?key=flash HTTP/1.1" 200 86683 "-" "Mozilla/5.0 (Linux; Android 6.0.1; Nexus 5X Build/MMB29P) AppleWebKit/537.36 (KHTML, like Gecko) Chrome/137.0.7151.103 Mobile Safari/537.36 (compatible; Googlebot/2.1; +http://www.google.com/bot.html)"
108.179.253.60 - - [05/Jul/2025:08:11:39 -0400] "POST /xmlrpc.php HTTP/1.1" 403 1242 "-" "Mozilla/5.0 (Windows NT 10.0; Win64; x64) AppleWebKit/537.36 (KHTML, like Gecko) Chrome/126.0.0.0 Safari/537.36"
66.249.65.197 - - [05/Jul/2025:08:11:41 -0400] "GET /items/qmlny236/9338?key=stretch HTTP/1.1" 200 87178 "-" "Mozilla/5.0 (compatible; Googlebot/2.1; +http://www.google.com/bot.html)"
66.249.65.196 - - [05/Jul/2025:08:11:47 -0400] "GET /251miivt15836.html HTTP/1.1" 200 86554 "-" "Mozilla/5.0 (Linux; Android 6.0.1; Nexus 5X Build/MMB29P) AppleWebKit/537.36 (KHTML, like Gecko) Chrome/137.0.7151.103 Mobile Safari/537.36 (compatible; Googlebot/2.1; +http://www.google.com/bot.html)"
68.178.223.37 - - [05/Jul/2025:08:11:48 -0400] "POST /xmlrpc.php HTTP/1.1" 403 1242 "-" "Mozilla/5.0 (Windows NT 10.0; Win64; x64) AppleWebKit/537.36 (KHTML, like Gecko) Chrome/126.0.0.0 Safari/537.36"
20.171.207.36 - - [05/Jul/2025:08:11:39 -0400] "GET /2jliax11345.html HTTP/1.1" 404 23127 "-" "Mozilla/5.0 AppleWebKit/537.36 (KHTML, like Gecko; compatible; GPTBot/1.2; +https://openai.com/gptbot)"
13.79.87.25 - - [05/Jul/2025:08:11:38 -0400] "GET /wp-includes/theme-compat/wp-login.php HTTP/1.1" 404 23129 "-" "-"
136.243.228.194 - - [05/Jul/2025:08:11:39 -0400] "GET /61qbcpk47422.html HTTP/1.1" 404 23127 "-" "Mozilla/5.0 (compatible; DataForSeoBot/1.0; +https://dataforseo.com/dataforseo-bot)"
13.79.87.25 - - [05/Jul/2025:08:11:50 -0400] "GET /tiny.php?p= HTTP/1.1" 301 0 "-" "-"
66.249.74.168 - - [05/Jul/2025:08:11:51 -0400] "GET /11ajqei5914.html HTTP/1.1" 200 86814 "-" "Mozilla/5.0 (Linux; Android 6.0.1; Nexus 5X Build/MMB29P) AppleWebKit/537.36 (KHTML, like Gecko) Chrome/137.0.7151.103 Mobile Safari/537.36 (compatible; Googlebot/2.1; +http://www.google.com/bot.html)"
69.197.182.50 - - [05/Jul/2025:08:11:52 -0400] "GET /wp-content/install.php HTTP/1.1" 200 10 "https://dangroup.sa/wp-content/install.php" "Mozilla/5.0 (Windows NT 10.0; Win64; x64) AppleWebKit/537.36 (KHTML, like Gecko) Chrome/58.0.3029.110 Safari/537.3"
66.249.65.198 - - [05/Jul/2025:08:11:55 -0400] "GET /284avg5627.html HTTP/1.1" 200 86858 "-" "Mozilla/5.0 (compatible; Googlebot/2.1; +http://www.google.com/bot.html)"
167.172.219.235 - - [05/Jul/2025:08:11:58 -0400] "POST /xmlrpc.php HTTP/1.1" 403 1242 "-" "Mozilla/5.0 (Windows NT 10.0; Win64; x64) AppleWebKit/537.36 (KHTML, like Gecko) Chrome/126.0.0.0 Safari/537.36"
136.243.228.194 - - [05/Jul/2025:08:11:51 -0400] "GET /items/zvytv162/43106?key=sentence HTTP/1.1" 404 23129 "-" "Mozilla/5.0 (compatible; DataForSeoBot/1.0; +https://dataforseo.com/dataforseo-bot)"
13.79.87.25 - - [05/Jul/2025:08:11:51 -0400] "GET /tiny.php HTTP/1.1" 404 23129 "-" "-"
66.249.65.197 - - [05/Jul/2025:08:12:01 -0400] "GET /268hlpp31087.html HTTP/1.1" 200 86875 "-" "Mozilla/5.0 (Linux; Android 6.0.1; Nexus 5X Build/MMB29P) AppleWebKit/537.36 (KHTML, like Gecko) Chrome/137.0.7151.103 Mobile Safari/537.36 (compatible; Googlebot/2.1; +http://www.google.com/bot.html)"
173.212.221.77 - - [05/Jul/2025:08:12:05 -0400] "POST /xmlrpc.php HTTP/1.1" 403 1242 "-" "Mozilla/5.0 (Windows NT 10.0; Win64; x64) AppleWebKit/537.36 (KHTML, like Gecko) Chrome/126.0.0.0 Safari/537.36"
66.249.65.196 - - [05/Jul/2025:08:12:06 -0400] "GET /product/edit/hirochishop-4589719016077 HTTP/1.1" 200 86508 "-" "Mozilla/5.0 (Linux; Android 6.0.1; Nexus 5X Build/MMB29P) AppleWebKit/537.36 (KHTML, like Gecko) Chrome/137.0.7151.103 Mobile Safari/537.36 (compatible; Googlebot/2.1; +http://www.google.com/bot.html)"
206.189.18.26 - - [05/Jul/2025:08:12:07 -0400] "POST /xmlrpc.php HTTP/1.1" 403 1242 "-" "Mozilla/5.0 (Windows NT 10.0; Win64; x64) AppleWebKit/537.36 (KHTML, like Gecko) Chrome/126.0.0.0 Safari/537.36"
104.37.86.26 - - [05/Jul/2025:08:12:09 -0400] "POST /xmlrpc.php HTTP/1.1" 403 1242 "-" "Mozilla/5.0 (Windows NT 10.0; Win64; x64) AppleWebKit/537.36 (KHTML, like Gecko) Chrome/126.0.0.0 Safari/537.36"
136.243.228.194 - - [05/Jul/2025:08:12:01 -0400] "GET /items/nifnr264/1830?key=van HTTP/1.1" 404 23127 "-" "Mozilla/5.0 (compatible; DataForSeoBot/1.0; +https://dataforseo.com/dataforseo-bot)"
152.228.229.253 - - [05/Jul/2025:08:12:10 -0400] "POST /xmlrpc.php HTTP/1.1" 403 1242 "-" "Mozilla/5.0 (Windows NT 10.0; Win64; x64) AppleWebKit/537.36 (KHTML, like Gecko) Chrome/126.0.0.0 Safari/537.36"
13.79.87.25 - - [05/Jul/2025:08:12:01 -0400] "GET /lock.php HTTP/1.1" 404 23127 "-" "-"
162.240.233.45 - - [05/Jul/2025:08:12:12 -0400] "POST /xmlrpc.php HTTP/1.1" 403 1242 "-" "Mozilla/5.0 (Windows NT 10.0; Win64; x64) AppleWebKit/537.36 (KHTML, like Gecko) Chrome/126.0.0.0 Safari/537.36"
136.243.228.194 - - [05/Jul/2025:08:12:11 -0400] "GET /199diq21380.html HTTP/1.1" 404 23127 "-" "Mozilla/5.0 (compatible; DataForSeoBot/1.0; +https://dataforseo.com/dataforseo-bot)"
52.15.199.151 - - [05/Jul/2025:08:12:21 -0400] "POST /xmlrpc.php HTTP/1.1" 403 1242 "-" "Mozilla/5.0 (Windows NT 10.0; Win64; x64) AppleWebKit/537.36 (KHTML, like Gecko) Chrome/126.0.0.0 Safari/537.36"
13.79.87.25 - - [05/Jul/2025:08:12:12 -0400] "GET /mail.php? HTTP/1.1" 404 23129 "-" "-"
66.29.146.47 - - [05/Jul/2025:08:12:22 -0400] "POST /wp-cron.php?doing_wp_cron=1751717542.6354410648345947265625 HTTP/1.1" 403 1242 "-" "WordPress/6.8; https://dangroup.sa"
66.29.146.47 - - [05/Jul/2025:08:12:23 -0400] "POST /wp-cron.php?doing_wp_cron=1751717543.0433681011199951171875 HTTP/1.1" 403 1242 "-" "WordPress/6.8; https://dangroup.sa"
136.243.228.194 - - [05/Jul/2025:08:12:21 -0400] "GET /65bloll28306.html HTTP/1.1" 404 23127 "-" "Mozilla/5.0 (compatible; DataForSeoBot/1.0; +https://dataforseo.com/dataforseo-bot)"
66.249.65.196 - - [05/Jul/2025:08:12:29 -0400] "GET /16dovlh489.html HTTP/1.1" 200 87102 "-" "Mozilla/5.0 (compatible; Googlebot/2.1; +http://www.google.com/bot.html)"
167.172.219.235 - - [05/Jul/2025:08:12:31 -0400] "POST /xmlrpc.php HTTP/1.1" 403 1242 "-" "Mozilla/5.0 (Windows NT 10.0; Win64; x64) AppleWebKit/537.36 (KHTML, like Gecko) Chrome/126.0.0.0 Safari/537.36"
66.249.65.196 - - [05/Jul/2025:08:12:30 -0400] "GET /items/dfhdg242/22144?key=sample HTTP/1.1" 200 87470 "-" "Mozilla/5.0 (compatible; Googlebot/2.1; +http://www.google.com/bot.html)"
13.79.87.25 - - [05/Jul/2025:08:12:21 -0400] "GET /wp-includes/system_log.php? HTTP/1.1" 404 23127 "-" "-"
66.249.65.197 - - [05/Jul/2025:08:12:33 -0400] "GET /119wcuog24476.html HTTP/1.1" 200 86456 "-" "Mozilla/5.0 (compatible; Googlebot/2.1; +http://www.google.com/bot.html)"
136.243.228.194 - - [05/Jul/2025:08:12:31 -0400] "GET /items/sphth101/6875?key=branch HTTP/1.1" 404 23127 "-" "Mozilla/5.0 (compatible; DataForSeoBot/1.0; +https://dataforseo.com/dataforseo-bot)"
13.79.87.25 - - [05/Jul/2025:08:12:31 -0400] "GET /file.php? HTTP/1.1" 404 23127 "-" "-"
162.241.2.133 - - [05/Jul/2025:08:12:40 -0400] "POST /xmlrpc.php HTTP/1.1" 403 1242 "-" "Mozilla/5.0 (Windows NT 10.0; Win64; x64) AppleWebKit/537.36 (KHTML, like Gecko) Chrome/126.0.0.0 Safari/537.36"
13.79.87.25 - - [05/Jul/2025:08:12:40 -0400] "GET /as.php HTTP/1.1" 404 23127 "-" "-"
20.171.207.36 - - [05/Jul/2025:08:12:42 -0400] "GET /57tyfaq9918.html HTTP/1.1" 404 23128 "-" "Mozilla/5.0 AppleWebKit/537.36 (KHTML, like Gecko; compatible; GPTBot/1.2; +https://openai.com/gptbot)"
13.79.87.25 - - [05/Jul/2025:08:12:50 -0400] "GET /.well-known/acme-challenge/index.php HTTP/1.1" 301 0 "-" "-"
136.243.228.194 - - [05/Jul/2025:08:12:41 -0400] "GET /items/qouze138/5144?key=blame HTTP/1.1" 404 23127 "-" "Mozilla/5.0 (compatible; DataForSeoBot/1.0; +https://dataforseo.com/dataforseo-bot)"
167.172.219.235 - - [05/Jul/2025:08:12:52 -0400] "POST /xmlrpc.php HTTP/1.1" 403 1242 "-" "Mozilla/5.0 (Windows NT 10.0; Win64; x64) AppleWebKit/537.36 (KHTML, like Gecko) Chrome/126.0.0.0 Safari/537.36"
66.249.65.197 - - [05/Jul/2025:08:12:55 -0400] "GET /6iha489.html HTTP/1.1" 200 87134 "-" "Mozilla/5.0 (Linux; Android 6.0.1; Nexus 5X Build/MMB29P) AppleWebKit/537.36 (KHTML, like Gecko) Chrome/137.0.7151.103 Mobile Safari/537.36 (compatible; Googlebot/2.1; +http://www.google.com/bot.html)"
69.197.182.50 - - [05/Jul/2025:08:12:56 -0400] "GET /wp-content/install.php HTTP/1.1" 200 10 "https://dangroup.sa/wp-content/install.php" "Mozilla/5.0 (Windows NT 10.0; Win64; x64) AppleWebKit/537.36 (KHTML, like Gecko) Chrome/58.0.3029.110 Safari/537.3"
92.205.54.135 - - [05/Jul/2025:08:12:56 -0400] "POST /xmlrpc.php HTTP/1.1" 403 1242 "-" "Mozilla/5.0 (Windows NT 10.0; Win64; x64) AppleWebKit/537.36 (KHTML, like Gecko) Chrome/126.0.0.0 Safari/537.36"
208.109.228.189 - - [05/Jul/2025:08:12:57 -0400] "POST /xmlrpc.php HTTP/1.1" 403 1242 "-" "Mozilla/5.0 (Windows NT 10.0; Win64; x64) AppleWebKit/537.36 (KHTML, like Gecko) Chrome/126.0.0.0 Safari/537.36"
64.91.241.90 - - [05/Jul/2025:08:12:58 -0400] "POST /xmlrpc.php HTTP/1.1" 403 1242 "-" "Mozilla/5.0 (Windows NT 10.0; Win64; x64) AppleWebKit/537.36 (KHTML, like Gecko) Chrome/126.0.0.0 Safari/537.36"
13.79.87.25 - - [05/Jul/2025:08:12:52 -0400] "GET /.well-known/acme-challenge/ HTTP/1.1" 404 23127 "-" "-"
136.243.228.194 - - [05/Jul/2025:08:12:54 -0400] "GET /items/jmsgk114/43908?key=guy HTTP/1.1" 404 23129 "-" "Mozilla/5.0 (compatible; DataForSeoBot/1.0; +https://dataforseo.com/dataforseo-bot)"
72.167.105.194 - - [05/Jul/2025:08:13:03 -0400] "POST /xmlrpc.php HTTP/1.1" 403 1242 "-" "Mozilla/5.0 (Windows NT 10.0; Win64; x64) AppleWebKit/537.36 (KHTML, like Gecko) Chrome/126.0.0.0 Safari/537.36"
66.249.65.197 - - [05/Jul/2025:08:13:05 -0400] "GET /items/ezfkj184/24780?key=journey HTTP/1.1" 200 86740 "-" "Mozilla/5.0 (Linux; Android 6.0.1; Nexus 5X Build/MMB29P) AppleWebKit/537.36 (KHTML, like Gecko) Chrome/137.0.7151.103 Mobile Safari/537.36 (compatible; Googlebot/2.1; +http://www.google.com/bot.html)"
103.1.239.249 - - [05/Jul/2025:08:13:08 -0400] "POST /xmlrpc.php HTTP/1.1" 403 1242 "-" "Mozilla/5.0 (Windows NT 10.0; Win64; x64) AppleWebKit/537.36 (KHTML, like Gecko) Chrome/126.0.0.0 Safari/537.36"
13.79.87.25 - - [05/Jul/2025:08:13:01 -0400] "GET /wp-content/themes/wp-pridmag/init.php? HTTP/1.1" 404 23129 "-" "-"
13.79.87.25 - - [05/Jul/2025:08:13:10 -0400] "GET /manager.php?p= HTTP/1.1" 301 0 "-" "-"
136.243.228.194 - - [05/Jul/2025:08:13:04 -0400] "GET /80wbf2729.html HTTP/1.1" 404 23127 "-" "Mozilla/5.0 (compatible; DataForSeoBot/1.0; +https://dataforseo.com/dataforseo-bot)"
159.100.29.148 - - [05/Jul/2025:08:13:16 -0400] "POST /xmlrpc.php HTTP/1.1" 403 1242 "-" "Mozilla/5.0 (Windows NT 10.0; Win64; x64) AppleWebKit/537.36 (KHTML, like Gecko) Chrome/126.0.0.0 Safari/537.36"
66.249.74.169 - - [05/Jul/2025:08:13:16 -0400] "GET /201xyg4240.html HTTP/1.1" 200 86713 "-" "Mozilla/5.0 (Linux; Android 6.0.1; Nexus 5X Build/MMB29P) AppleWebKit/537.36 (KHTML, like Gecko) Chrome/137.0.7151.103 Mobile Safari/537.36 (compatible; Googlebot/2.1; +http://www.google.com/bot.html)"
66.249.65.196 - - [05/Jul/2025:08:13:17 -0400] "GET /items/insnq140/9218?key=split HTTP/1.1" 200 86587 "-" "Mozilla/5.0 (compatible; Googlebot/2.1; +http://www.google.com/bot.html)"
13.79.87.25 - - [05/Jul/2025:08:13:11 -0400] "GET /manager.php HTTP/1.1" 404 23127 "-" "-"
66.249.65.197 - - [05/Jul/2025:08:13:20 -0400] "GET /204fxo9991.html HTTP/1.1" 200 86655 "-" "Mozilla/5.0 (compatible; Googlebot/2.1; +http://www.google.com/bot.html)"
136.243.228.194 - - [05/Jul/2025:08:13:14 -0400] "GET /items/hrdow255/48473?key=aluminum HTTP/1.1" 404 23129 "-" "Mozilla/5.0 (compatible; DataForSeoBot/1.0; +https://dataforseo.com/dataforseo-bot)"
66.29.146.47 - - [05/Jul/2025:08:13:26 -0400] "POST /wp-cron.php?doing_wp_cron=1751717606.0805089473724365234375 HTTP/1.1" 403 1242 "-" "WordPress/6.8; https://dangroup.sa"
13.79.87.25 - - [05/Jul/2025:08:13:18 -0400] "GET /plugins/pwnd/as.php HTTP/1.1" 404 23129 "-" "-"
220.158.232.245 - - [05/Jul/2025:08:13:27 -0400] "POST /xmlrpc.php HTTP/1.1" 403 1242 "-" "Mozilla/5.0 (Windows NT 10.0; Win64; x64) AppleWebKit/537.36 (KHTML, like Gecko) Chrome/126.0.0.0 Safari/537.36"
66.249.65.196 - - [05/Jul/2025:08:13:31 -0400] "GET /126tvq22231.html HTTP/1.1" 200 86927 "-" "Mozilla/5.0 (compatible; Googlebot/2.1; +http://www.google.com/bot.html)"
136.243.228.194 - - [05/Jul/2025:08:13:24 -0400] "GET /items/zktww110/14250?key=supermarket HTTP/1.1" 404 23127 "-" "Mozilla/5.0 (compatible; DataForSeoBot/1.0; +https://dataforseo.com/dataforseo-bot)"
162.144.127.41 - - [05/Jul/2025:08:13:35 -0400] "POST /xmlrpc.php HTTP/1.1" 403 1242 "-" "Mozilla/5.0 (Windows NT 10.0; Win64; x64) AppleWebKit/537.36 (KHTML, like Gecko) Chrome/126.0.0.0 Safari/537.36"
66.249.65.197 - - [05/Jul/2025:08:13:36 -0400] "GET /221zspca2012.html HTTP/1.1" 200 87743 "-" "Mozilla/5.0 (Linux; Android 6.0.1; Nexus 5X Build/MMB29P) AppleWebKit/537.36 (KHTML, like Gecko) Chrome/137.0.7151.103 Mobile Safari/537.36 (compatible; Googlebot/2.1; +http://www.google.com/bot.html)"
13.79.87.25 - - [05/Jul/2025:08:13:27 -0400] "GET /wp-configs.php? HTTP/1.1" 404 23310 "-" "-"
13.79.87.25 - - [05/Jul/2025:08:13:38 -0400] "GET /wp-includes/html-api/wp-conflg.php?p= HTTP/1.1" 301 0 "-" "-"
51.222.253.18 - - [05/Jul/2025:08:13:29 -0400] "GET /en/portfolio/%D9%85%D8%B2%D8%A7%D8%AF-%D9%82%D9%84%D8%A7%D8%A6%D8%AF/ HTTP/1.1" 404 22470 "-" "Mozilla/5.0 (compatible; AhrefsBot/7.0; +http://ahrefs.com/robot/)"
66.249.65.197 - - [05/Jul/2025:08:13:43 -0400] "GET /201deknh38350.html HTTP/1.1" 200 87081 "-" "Mozilla/5.0 (Linux; Android 6.0.1; Nexus 5X Build/MMB29P) AppleWebKit/537.36 (KHTML, like Gecko) Chrome/137.0.7151.103 Mobile Safari/537.36 (compatible; Googlebot/2.1; +http://www.google.com/bot.html)"
136.243.228.194 - - [05/Jul/2025:08:13:36 -0400] "GET /items/uqybq254/39786?key=march HTTP/1.1" 404 23127 "-" "Mozilla/5.0 (compatible; DataForSeoBot/1.0; +https://dataforseo.com/dataforseo-bot)"
66.249.65.197 - - [05/Jul/2025:08:13:45 -0400] "GET /items/ukpwc256/40876?key=complex HTTP/1.1" 200 86828 "-" "Mozilla/5.0 (Linux; Android 6.0.1; Nexus 5X Build/MMB29P) AppleWebKit/537.36 (KHTML, like Gecko) Chrome/137.0.7151.103 Mobile Safari/537.36 (compatible; Googlebot/2.1; +http://www.google.com/bot.html)"
162.241.224.98 - - [05/Jul/2025:08:13:46 -0400] "POST /xmlrpc.php HTTP/1.1" 403 1242 "-" "Mozilla/5.0 (Windows NT 10.0; Win64; x64) AppleWebKit/537.36 (KHTML, like Gecko) Chrome/126.0.0.0 Safari/537.36"
66.249.65.196 - - [05/Jul/2025:08:13:46 -0400] "GET /289baxxg7844.html HTTP/1.1" 200 86764 "-" "Mozilla/5.0 (compatible; Googlebot/2.1; +http://www.google.com/bot.html)"
66.249.65.197 - - [05/Jul/2025:08:13:47 -0400] "GET /items/ltqml101/16661?key=interpret HTTP/1.1" 200 86647 "-" "Mozilla/5.0 (compatible; Googlebot/2.1; +http://www.google.com/bot.html)"
13.79.87.25 - - [05/Jul/2025:08:13:40 -0400] "GET /wp-includes/html-api/wp-conflg.php HTTP/1.1" 404 23127 "-" "-"
66.249.65.196 - - [05/Jul/2025:08:13:49 -0400] "GET /pcmypage?callback=product/review/machigiya-roh-0002 HTTP/1.1" 200 86436 "-" "Mozilla/5.0 (compatible; Googlebot/2.1; +http://www.google.com/bot.html)"
52.242.231.163 - - [05/Jul/2025:08:13:55 -0400] "POST /xmlrpc.php HTTP/1.1" 403 1242 "-" "Mozilla/5.0 (Windows NT 10.0; Win64; x64) AppleWebKit/537.36 (KHTML, like Gecko) Chrome/126.0.0.0 Safari/537.36"
20.171.207.36 - - [05/Jul/2025:08:13:46 -0400] "GET /3fsiru24660.html HTTP/1.1" 404 23127 "-" "Mozilla/5.0 AppleWebKit/537.36 (KHTML, like Gecko; compatible; GPTBot/1.2; +https://openai.com/gptbot)"
136.243.228.194 - - [05/Jul/2025:08:13:48 -0400] "GET /items/bdofj40/4662?key=full HTTP/1.1" 404 23127 "-" "Mozilla/5.0 (compatible; DataForSeoBot/1.0; +https://dataforseo.com/dataforseo-bot)"
92.205.161.6 - - [05/Jul/2025:08:14:00 -0400] "POST /xmlrpc.php HTTP/1.1" 403 1242 "-" "Mozilla/5.0 (Windows NT 10.0; Win64; x64) AppleWebKit/537.36 (KHTML, like Gecko) Chrome/126.0.0.0 Safari/537.36"
13.79.87.25 - - [05/Jul/2025:08:13:49 -0400] "GET /wp-includes/js/crop/zmFM.php HTTP/1.1" 404 23127 "-" "-"
148.72.25.235 - - [05/Jul/2025:08:14:02 -0400] "POST /xmlrpc.php HTTP/1.1" 403 1242 "-" "Mozilla/5.0 (Windows NT 10.0; Win64; x64) AppleWebKit/537.36 (KHTML, like Gecko) Chrome/126.0.0.0 Safari/537.36"
13.79.87.25 - - [05/Jul/2025:08:14:01 -0400] "GET /wp-includes/rest-api/fields/index.php? HTTP/1.1" 301 0 "-" "-"
13.79.87.25 - - [05/Jul/2025:08:14:03 -0400] "GET /wp-includes/rest-api/fields/ HTTP/1.1" 200 730 "-" "-"
136.243.228.194 - - [05/Jul/2025:08:13:59 -0400] "GET /218tkots48705.html HTTP/1.1" 404 23127 "-" "Mozilla/5.0 (compatible; DataForSeoBot/1.0; +https://dataforseo.com/dataforseo-bot)"
66.249.65.194 - - [05/Jul/2025:08:14:06 -0400] "GET /pcmypage?callback=product/review/perk-up-1278154-2538515 HTTP/1.1" 200 87173 "-" "Mozilla/5.0 (compatible; Googlebot/2.1; +http://www.google.com/bot.html)"
13.79.87.25 - - [05/Jul/2025:08:14:04 -0400] "GET /index/fucku.php HTTP/1.1" 404 23127 "-" "-"
136.243.228.194 - - [05/Jul/2025:08:14:07 -0400] "GET /items/nfvtf259/32287?key=convention HTTP/1.1" 404 23127 "-" "Mozilla/5.0 (compatible; DataForSeoBot/1.0; +https://dataforseo.com/dataforseo-bot)"
13.79.87.25 - - [05/Jul/2025:08:14:12 -0400] "GET /upload/wp-info.php HTTP/1.1" 404 23127 "-" "-"
136.243.228.194 - - [05/Jul/2025:08:14:17 -0400] "GET /items/idnhm98/10480?key=priority HTTP/1.1" 404 23129 "-" "Mozilla/5.0 (compatible; DataForSeoBot/1.0; +https://dataforseo.com/dataforseo-bot)"
66.29.146.47 - - [05/Jul/2025:08:14:28 -0400] "POST /wp-cron.php?doing_wp_cron=1751717668.5420761108398437500000 HTTP/1.1" 403 1242 "-" "WordPress/6.8; https://dangroup.sa"
66.249.65.193 - - [05/Jul/2025:08:14:28 -0400] "GET /category/147_1935_14718/1/listing HTTP/1.1" 200 87332 "-" "Mozilla/5.0 (compatible; Googlebot/2.1; +http://www.google.com/bot.html)"
13.79.87.25 - - [05/Jul/2025:08:14:21 -0400] "GET /post.php HTTP/1.1" 404 23127 "-" "-"
66.249.65.193 - - [05/Jul/2025:08:14:30 -0400] "GET /items/zqiqd151/3561?key=kingdom HTTP/1.1" 200 86586 "-" "Mozilla/5.0 (Linux; Android 6.0.1; Nexus 5X Build/MMB29P) AppleWebKit/537.36 (KHTML, like Gecko) Chrome/137.0.7151.103 Mobile Safari/537.36 (compatible; Googlebot/2.1; +http://www.google.com/bot.html)"
66.249.65.192 - - [05/Jul/2025:08:14:34 -0400] "GET /91hxux47720.html HTTP/1.1" 200 87048 "-" "Mozilla/5.0 (Linux; Android 6.0.1; Nexus 5X Build/MMB29P) AppleWebKit/537.36 (KHTML, like Gecko) Chrome/137.0.7151.103 Mobile Safari/537.36 (compatible; Googlebot/2.1; +http://www.google.com/bot.html)"
136.243.228.194 - - [05/Jul/2025:08:14:26 -0400] "GET /items/mzpln238/8202?key=harm HTTP/1.1" 404 23129 "-" "Mozilla/5.0 (compatible; DataForSeoBot/1.0; +https://dataforseo.com/dataforseo-bot)"
13.79.87.25 - - [05/Jul/2025:08:14:30 -0400] "GET /.well-known/acme-challenge/admin.php HTTP/1.1" 404 23127 "-" "-"
66.249.65.192 - - [05/Jul/2025:08:14:39 -0400] "GET /items/jobsf188/6668?key=create HTTP/1.1" 200 86990 "-" "Mozilla/5.0 (Linux; Android 6.0.1; Nexus 5X Build/MMB29P) AppleWebKit/537.36 (KHTML, like Gecko) Chrome/137.0.7151.103 Mobile Safari/537.36 (compatible; Googlebot/2.1; +http://www.google.com/bot.html)"
66.249.65.192 - - [05/Jul/2025:08:14:41 -0400] "GET /items/eohdp234/1616?key=cope HTTP/1.1" 200 87536 "-" "Mozilla/5.0 (Linux; Android 6.0.1; Nexus 5X Build/MMB29P) AppleWebKit/537.36 (KHTML, like Gecko) Chrome/137.0.7151.103 Mobile Safari/537.36 (compatible; Googlebot/2.1; +http://www.google.com/bot.html)"
66.249.65.193 - - [05/Jul/2025:08:14:44 -0400] "GET /pcmypage?callback=product%2Fdetail%2Ff102075-tatebayashi-1565602 HTTP/1.1" 200 87704 "-" "Mozilla/5.0 (compatible; Googlebot/2.1; +http://www.google.com/bot.html)"
136.243.228.194 - - [05/Jul/2025:08:14:38 -0400] "GET /159wbhln8072.html HTTP/1.1" 404 23127 "-" "Mozilla/5.0 (compatible; DataForSeoBot/1.0; +https://dataforseo.com/dataforseo-bot)"
20.171.207.36 - - [05/Jul/2025:08:14:46 -0400] "GET /17gtyzj2344.html HTTP/1.1" 404 23127 "-" "Mozilla/5.0 AppleWebKit/537.36 (KHTML, like Gecko; compatible; GPTBot/1.2; +https://openai.com/gptbot)"
136.243.228.194 - - [05/Jul/2025:08:14:46 -0400] "GET /items/ezndf162/43714?key=record HTTP/1.1" 404 23127 "-" "Mozilla/5.0 (compatible; DataForSeoBot/1.0; +https://dataforseo.com/dataforseo-bot)"
136.243.228.194 - - [05/Jul/2025:08:14:56 -0400] "GET /159kau28946.html HTTP/1.1" 404 23127 "-" "Mozilla/5.0 (compatible; DataForSeoBot/1.0; +https://dataforseo.com/dataforseo-bot)"
93.114.234.215 - - [05/Jul/2025:08:15:04 -0400] "POST /xmlrpc.php HTTP/1.1" 403 1242 "-" "Mozilla/5.0 (Windows NT 10.0; Win64; x64) AppleWebKit/537.36 (KHTML, like Gecko) Chrome/126.0.0.0 Safari/537.36"
195.251.38.53 - - [05/Jul/2025:08:15:05 -0400] "POST /xmlrpc.php HTTP/1.1" 403 1242 "-" "Mozilla/5.0 (Windows NT 10.0; Win64; x64) AppleWebKit/537.36 (KHTML, like Gecko) Chrome/126.0.0.0 Safari/537.36"
66.249.65.193 - - [05/Jul/2025:08:15:05 -0400] "GET /114umv17231.html HTTP/1.1" 200 87226 "-" "Mozilla/5.0 (Linux; Android 6.0.1; Nexus 5X Build/MMB29P) AppleWebKit/537.36 (KHTML, like Gecko) Chrome/137.0.7151.103 Mobile Safari/537.36 (compatible; Googlebot/2.1; +http://www.google.com/bot.html)"
136.243.228.194 - - [05/Jul/2025:08:15:04 -0400] "GET /items/ajwaw3/39583?key=thumb HTTP/1.1" 404 23127 "-" "Mozilla/5.0 (compatible; DataForSeoBot/1.0; +https://dataforseo.com/dataforseo-bot)"
66.249.65.192 - - [05/Jul/2025:08:15:12 -0400] "GET /119emq25520.html HTTP/1.1" 200 86888 "-" "Mozilla/5.0 (compatible; Googlebot/2.1; +http://www.google.com/bot.html)"
66.249.65.192 - - [05/Jul/2025:08:15:14 -0400] "GET /113jogs36660.html HTTP/1.1" 200 87562 "-" "Mozilla/5.0 (Linux; Android 6.0.1; Nexus 5X Build/MMB29P) AppleWebKit/537.36 (KHTML, like Gecko) Chrome/137.0.7151.103 Mobile Safari/537.36 (compatible; Googlebot/2.1; +http://www.google.com/bot.html)"
66.249.65.193 - - [05/Jul/2025:08:15:16 -0400] "GET /pcmypage?callback=product/review/cometostore-b00ao05aaq HTTP/1.1" 200 86776 "-" "Mozilla/5.0 (compatible; Googlebot/2.1; +http://www.google.com/bot.html)"
194.233.64.35 - - [05/Jul/2025:08:15:18 -0400] "POST /xmlrpc.php HTTP/1.1" 403 1242 "-" "Mozilla/5.0 (Windows NT 10.0; Win64; x64) AppleWebKit/537.36 (KHTML, like Gecko) Chrome/126.0.0.0 Safari/537.36"
136.243.228.194 - - [05/Jul/2025:08:15:13 -0400] "GET /200yarar19511.html HTTP/1.1" 404 23127 "-" "Mozilla/5.0 (compatible; DataForSeoBot/1.0; +https://dataforseo.com/dataforseo-bot)"
162.214.75.164 - - [05/Jul/2025:08:15:21 -0400] "POST /xmlrpc.php HTTP/1.1" 403 1242 "-" "Mozilla/5.0 (Windows NT 10.0; Win64; x64) AppleWebKit/537.36 (KHTML, like Gecko) Chrome/126.0.0.0 Safari/537.36"
166.62.33.230 - - [05/Jul/2025:08:15:23 -0400] "POST /xmlrpc.php HTTP/1.1" 403 1242 "-" "Mozilla/5.0 (Windows NT 10.0; Win64; x64) AppleWebKit/537.36 (KHTML, like Gecko) Chrome/126.0.0.0 Safari/537.36"
66.249.65.192 - - [05/Jul/2025:08:15:22 -0400] "GET /pcmypage?callback=product%2Fdetail%2Fhaikanshop-1754541 HTTP/1.1" 200 86852 "-" "Mozilla/5.0 (compatible; Googlebot/2.1; +http://www.google.com/bot.html)"
66.249.65.192 - - [05/Jul/2025:08:15:26 -0400] "GET /201bpdt33862.html HTTP/1.1" 200 86673 "-" "Mozilla/5.0 (compatible; Googlebot/2.1; +http://www.google.com/bot.html)"
136.243.228.194 - - [05/Jul/2025:08:15:21 -0400] "GET /126bhce4511.html HTTP/1.1" 404 23127 "-" "Mozilla/5.0 (compatible; DataForSeoBot/1.0; +https://dataforseo.com/dataforseo-bot)"
66.249.65.192 - - [05/Jul/2025:08:15:28 -0400] "GET /29mgo522.html HTTP/1.1" 200 85908 "-" "Mozilla/5.0 (compatible; Googlebot/2.1; +http://www.google.com/bot.html)"
66.29.146.47 - - [05/Jul/2025:08:15:29 -0400] "POST /wp-cron.php?doing_wp_cron=1751717729.2544710636138916015625 HTTP/1.1" 403 1242 "-" "WordPress/6.8; https://dangroup.sa"
66.249.65.193 - - [05/Jul/2025:08:15:35 -0400] "GET /items/jzxlv286/19502?key=classify HTTP/1.1" 200 86549 "-" "Mozilla/5.0 (compatible; Googlebot/2.1; +http://www.google.com/bot.html)"
136.243.228.194 - - [05/Jul/2025:08:15:30 -0400] "GET /274tdqiw27879.html HTTP/1.1" 404 23127 "-" "Mozilla/5.0 (compatible; DataForSeoBot/1.0; +https://dataforseo.com/dataforseo-bot)"
43.153.204.189 - - [05/Jul/2025:08:15:27 -0400] "GET / HTTP/1.1" 200 33219 "http://dangroup.sa" "Mozilla/5.0 (iPhone; CPU iPhone OS 13_2_3 like Mac OS X) AppleWebKit/605.1.15 (KHTML, like Gecko) Version/13.0.3 Mobile/15E148 Safari/604.1"
66.249.74.168 - - [05/Jul/2025:08:15:43 -0400] "GET /154jkd7333.html HTTP/1.1" 200 86702 "-" "Mozilla/5.0 (Linux; Android 6.0.1; Nexus 5X Build/MMB29P) AppleWebKit/537.36 (KHTML, like Gecko) Chrome/137.0.7151.103 Mobile Safari/537.36 (compatible; Googlebot/2.1; +http://www.google.com/bot.html)"
66.249.65.193 - - [05/Jul/2025:08:15:45 -0400] "GET /42xoxum255.html HTTP/1.1" 200 88438 "-" "Mozilla/5.0 (Linux; Android 6.0.1; Nexus 5X Build/MMB29P) AppleWebKit/537.36 (KHTML, like Gecko) Chrome/137.0.7151.103 Mobile Safari/537.36 (compatible; Googlebot/2.1; +http://www.google.com/bot.html)"
66.249.65.194 - - [05/Jul/2025:08:15:46 -0400] "GET /items/jxtkv242/11794?key=scared HTTP/1.1" 200 86518 "-" "Mozilla/5.0 (Linux; Android 6.0.1; Nexus 5X Build/MMB29P) AppleWebKit/537.36 (KHTML, like Gecko) Chrome/137.0.7151.103 Mobile Safari/537.36 (compatible; Googlebot/2.1; +http://www.google.com/bot.html)"
66.249.65.193 - - [05/Jul/2025:08:15:47 -0400] "GET /290enfx24429.html HTTP/1.1" 200 86753 "-" "Mozilla/5.0 (Linux; Android 6.0.1; Nexus 5X Build/MMB29P) AppleWebKit/537.36 (KHTML, like Gecko) Chrome/137.0.7151.103 Mobile Safari/537.36 (compatible; Googlebot/2.1; +http://www.google.com/bot.html)"
137.184.18.162 - - [05/Jul/2025:08:15:48 -0400] "POST /xmlrpc.php HTTP/1.1" 403 1242 "-" "Mozilla/5.0 (Windows NT 10.0; Win64; x64) AppleWebKit/537.36 (KHTML, like Gecko) Chrome/126.0.0.0 Safari/537.36"
136.243.228.194 - - [05/Jul/2025:08:15:41 -0400] "GET /items/zcgbx281/43383?key=set HTTP/1.1" 404 23127 "-" "Mozilla/5.0 (compatible; DataForSeoBot/1.0; +https://dataforseo.com/dataforseo-bot)"
66.249.65.193 - - [05/Jul/2025:08:15:48 -0400] "GET /items/xqxbn121/30713?key=female HTTP/1.1" 200 87529 "-" "Mozilla/5.0 (compatible; Googlebot/2.1; +http://www.google.com/bot.html)"
162.241.2.133 - - [05/Jul/2025:08:15:55 -0400] "POST /xmlrpc.php HTTP/1.1" 403 1242 "-" "Mozilla/5.0 (Windows NT 10.0; Win64; x64) AppleWebKit/537.36 (KHTML, like Gecko) Chrome/126.0.0.0 Safari/537.36"
20.171.207.36 - - [05/Jul/2025:08:15:49 -0400] "GET /65efkpw9920.html HTTP/1.1" 404 23127 "-" "Mozilla/5.0 AppleWebKit/537.36 (KHTML, like Gecko; compatible; GPTBot/1.2; +https://openai.com/gptbot)"
136.243.228.194 - - [05/Jul/2025:08:15:50 -0400] "GET /254zktzm16675.html HTTP/1.1" 404 23129 "-" "Mozilla/5.0 (compatible; DataForSeoBot/1.0; +https://dataforseo.com/dataforseo-bot)"
162.144.127.41 - - [05/Jul/2025:08:16:03 -0400] "POST /xmlrpc.php HTTP/1.1" 403 1242 "-" "Mozilla/5.0 (Windows NT 10.0; Win64; x64) AppleWebKit/537.36 (KHTML, like Gecko) Chrome/126.0.0.0 Safari/537.36"
66.249.65.194 - - [05/Jul/2025:08:16:04 -0400] "GET /items/wlckm32/28512?key=particular HTTP/1.1" 200 87523 "-" "Mozilla/5.0 (compatible; Googlebot/2.1; +http://www.google.com/bot.html)"
136.243.228.194 - - [05/Jul/2025:08:16:00 -0400] "GET /items/zqidu40/28268?key=brand HTTP/1.1" 404 23129 "-" "Mozilla/5.0 (compatible; DataForSeoBot/1.0; +https://dataforseo.com/dataforseo-bot)"
162.241.252.197 - - [05/Jul/2025:08:16:09 -0400] "POST /xmlrpc.php HTTP/1.1" 403 1242 "-" "Mozilla/5.0 (Windows NT 10.0; Win64; x64) AppleWebKit/537.36 (KHTML, like Gecko) Chrome/126.0.0.0 Safari/537.36"
136.243.228.194 - - [05/Jul/2025:08:16:08 -0400] "GET /281luqeo26396.html HTTP/1.1" 404 23127 "-" "Mozilla/5.0 (compatible; DataForSeoBot/1.0; +https://dataforseo.com/dataforseo-bot)"
103.231.40.216 - - [05/Jul/2025:08:16:16 -0400] "POST /xmlrpc.php HTTP/1.1" 403 1242 "-" "Mozilla/5.0 (Windows NT 10.0; Win64; x64) AppleWebKit/537.36 (KHTML, like Gecko) Chrome/126.0.0.0 Safari/537.36"
85.10.206.80 - - [05/Jul/2025:08:16:17 -0400] "POST /xmlrpc.php HTTP/1.1" 403 1242 "-" "Mozilla/5.0 (Windows NT 10.0; Win64; x64) AppleWebKit/537.36 (KHTML, like Gecko) Chrome/126.0.0.0 Safari/537.36"
66.249.65.192 - - [05/Jul/2025:08:16:16 -0400] "GET /items/nazpl92/45528?key=decline HTTP/1.1" 200 86730 "-" "Mozilla/5.0 (compatible; Googlebot/2.1; +http://www.google.com/bot.html)"
206.189.18.26 - - [05/Jul/2025:08:16:20 -0400] "POST /xmlrpc.php HTTP/1.1" 403 1242 "-" "Mozilla/5.0 (Windows NT 10.0; Win64; x64) AppleWebKit/537.36 (KHTML, like Gecko) Chrome/126.0.0.0 Safari/537.36"
66.249.65.192 - - [05/Jul/2025:08:16:24 -0400] "GET /119conjx49448.html HTTP/1.1" 200 86736 "-" "Mozilla/5.0 (Linux; Android 6.0.1; Nexus 5X Build/MMB29P) AppleWebKit/537.36 (KHTML, like Gecko) Chrome/137.0.7151.103 Mobile Safari/537.36 (compatible; Googlebot/2.1; +http://www.google.com/bot.html)"
136.243.228.194 - - [05/Jul/2025:08:16:17 -0400] "GET /items/bisyq25/10143?key=shorts HTTP/1.1" 404 23129 "-" "Mozilla/5.0 (compatible; DataForSeoBot/1.0; +https://dataforseo.com/dataforseo-bot)"
172.104.49.163 - - [05/Jul/2025:08:16:27 -0400] "POST /xmlrpc.php HTTP/1.1" 403 1242 "-" "Mozilla/5.0 (Windows NT 10.0; Win64; x64) AppleWebKit/537.36 (KHTML, like Gecko) Chrome/126.0.0.0 Safari/537.36"
66.29.146.47 - - [05/Jul/2025:08:16:29 -0400] "POST /wp-cron.php?doing_wp_cron=1751717789.6401228904724121093750 HTTP/1.1" 403 1242 "-" "WordPress/6.8; https://dangroup.sa"
194.233.74.175 - - [05/Jul/2025:08:16:30 -0400] "POST /xmlrpc.php HTTP/1.1" 403 1242 "-" "Mozilla/5.0 (Windows NT 10.0; Win64; x64) AppleWebKit/537.36 (KHTML, like Gecko) Chrome/126.0.0.0 Safari/537.36"
93.114.234.215 - - [05/Jul/2025:08:16:32 -0400] "POST /xmlrpc.php HTTP/1.1" 403 1242 "-" "Mozilla/5.0 (Windows NT 10.0; Win64; x64) AppleWebKit/537.36 (KHTML, like Gecko) Chrome/126.0.0.0 Safari/537.36"
66.249.65.192 - - [05/Jul/2025:08:16:33 -0400] "GET /items/sjmbt135/4529?key=staff HTTP/1.1" 200 87081 "-" "Mozilla/5.0 (compatible; Googlebot/2.1; +http://www.google.com/bot.html)"
136.243.228.194 - - [05/Jul/2025:08:16:28 -0400] "GET /items/awfqq288/14276?key=adjust HTTP/1.1" 404 23129 "-" "Mozilla/5.0 (compatible; DataForSeoBot/1.0; +https://dataforseo.com/dataforseo-bot)"
192.99.63.151 - - [05/Jul/2025:08:16:39 -0400] "POST /xmlrpc.php HTTP/1.1" 403 1242 "-" "Mozilla/5.0 (Windows NT 10.0; Win64; x64) AppleWebKit/537.36 (KHTML, like Gecko) Chrome/126.0.0.0 Safari/537.36"
66.249.74.160 - - [05/Jul/2025:08:16:38 -0400] "GET /104zqwej8565.html HTTP/1.1" 200 87080 "-" "Mozilla/5.0 (Linux; Android 6.0.1; Nexus 5X Build/MMB29P) AppleWebKit/537.36 (KHTML, like Gecko) Chrome/137.0.7151.103 Mobile Safari/537.36 (compatible; Googlebot/2.1; +http://www.google.com/bot.html)"
66.249.65.192 - - [05/Jul/2025:08:16:39 -0400] "GET /263vqqg49618.html HTTP/1.1" 200 86983 "-" "Mozilla/5.0 (Linux; Android 6.0.1; Nexus 5X Build/MMB29P) AppleWebKit/537.36 (KHTML, like Gecko) Chrome/137.0.7151.103 Mobile Safari/537.36 (compatible; Googlebot/2.1; +http://www.google.com/bot.html)"
136.243.228.194 - - [05/Jul/2025:08:16:37 -0400] "GET /109pis244.html HTTP/1.1" 404 23129 "-" "Mozilla/5.0 (compatible; DataForSeoBot/1.0; +https://dataforseo.com/dataforseo-bot)"
40.77.167.27 - - [05/Jul/2025:08:16:44 -0400] "GET /wp-content/uploads/2024/06/BlogDetailsA.webp HTTP/1.1" 200 15220 "-" "Mozilla/5.0 AppleWebKit/537.36 (KHTML, like Gecko; compatible; bingbot/2.0; +http://www.bing.com/bingbot.htm) Chrome/116.0.1938.76 Safari/537.36"
203.88.144.75 - - [05/Jul/2025:08:16:45 -0400] "POST /xmlrpc.php HTTP/1.1" 403 1242 "-" "Mozilla/5.0 (Windows NT 10.0; Win64; x64) AppleWebKit/537.36 (KHTML, like Gecko) Chrome/126.0.0.0 Safari/537.36"
66.249.65.192 - - [05/Jul/2025:08:16:48 -0400] "GET /239eoeqe38964.html HTTP/1.1" 200 86978 "-" "Mozilla/5.0 (compatible; Googlebot/2.1; +http://www.google.com/bot.html)"
136.243.228.194 - - [05/Jul/2025:08:16:45 -0400] "GET /106shpgh6005.html HTTP/1.1" 404 23129 "-" "Mozilla/5.0 (compatible; DataForSeoBot/1.0; +https://dataforseo.com/dataforseo-bot)"
66.249.65.193 - - [05/Jul/2025:08:16:52 -0400] "GET /items/tycgz258/14540?key=apartment HTTP/1.1" 200 87794 "-" "Mozilla/5.0 (Linux; Android 6.0.1; Nexus 5X Build/MMB29P) AppleWebKit/537.36 (KHTML, like Gecko) Chrome/137.0.7151.103 Mobile Safari/537.36 (compatible; Googlebot/2.1; +http://www.google.com/bot.html)"
109.205.46.4 - - [05/Jul/2025:08:16:55 -0400] "POST /xmlrpc.php HTTP/1.1" 403 1242 "-" "Mozilla/5.0 (Windows NT 10.0; Win64; x64) AppleWebKit/537.36 (KHTML, like Gecko) Chrome/126.0.0.0 Safari/537.36"
51.222.253.2 - - [05/Jul/2025:08:16:57 -0400] "GET /robots.txt HTTP/1.1" 304 0 "-" "Mozilla/5.0 (compatible; AhrefsBot/7.0; +http://ahrefs.com/robot/)"
20.171.207.36 - - [05/Jul/2025:08:16:49 -0400] "GET /45xtnvp8608.html HTTP/1.1" 404 23129 "-" "Mozilla/5.0 AppleWebKit/537.36 (KHTML, like Gecko; compatible; GPTBot/1.2; +https://openai.com/gptbot)"
37.27.110.165 - - [05/Jul/2025:08:17:00 -0400] "POST /xmlrpc.php HTTP/1.1" 403 1242 "-" "Mozilla/5.0 (Windows NT 10.0; Win64; x64) AppleWebKit/537.36 (KHTML, like Gecko) Chrome/126.0.0.0 Safari/537.36"
66.249.65.193 - - [05/Jul/2025:08:16:59 -0400] "GET /items/qgrhz263/14735?key=ever HTTP/1.1" 200 87067 "-" "Mozilla/5.0 (Linux; Android 6.0.1; Nexus 5X Build/MMB29P) AppleWebKit/537.36 (KHTML, like Gecko) Chrome/137.0.7151.103 Mobile Safari/537.36 (compatible; Googlebot/2.1; +http://www.google.com/bot.html)"
136.243.228.194 - - [05/Jul/2025:08:16:55 -0400] "GET /192amh42663.html HTTP/1.1" 404 23129 "-" "Mozilla/5.0 (compatible; DataForSeoBot/1.0; +https://dataforseo.com/dataforseo-bot)"
66.249.65.192 - - [05/Jul/2025:08:17:02 -0400] "GET /89sgsse39186.html HTTP/1.1" 200 86681 "-" "Mozilla/5.0 (Linux; Android 6.0.1; Nexus 5X Build/MMB29P) AppleWebKit/537.36 (KHTML, like Gecko) Chrome/137.0.7151.103 Mobile Safari/537.36 (compatible; Googlebot/2.1; +http://www.google.com/bot.html)"
51.222.253.17 - - [05/Jul/2025:08:17:00 -0400] "GET /en/portfolio/globe/ HTTP/1.1" 404 22468 "-" "Mozilla/5.0 (compatible; AhrefsBot/7.0; +http://ahrefs.com/robot/)"
66.249.65.192 - - [05/Jul/2025:08:17:09 -0400] "GET /3unmy28968.html HTTP/1.1" 200 86131 "-" "Mozilla/5.0 (Linux; Android 6.0.1; Nexus 5X Build/MMB29P) AppleWebKit/537.36 (KHTML, like Gecko) Chrome/137.0.7151.103 Mobile Safari/537.36 (compatible; Googlebot/2.1; +http://www.google.com/bot.html)"
57.129.1.133 - - [05/Jul/2025:08:17:10 -0400] "POST /xmlrpc.php HTTP/1.1" 403 1242 "-" "Mozilla/5.0 (Windows NT 10.0; Win64; x64) AppleWebKit/537.36 (KHTML, like Gecko) Chrome/126.0.0.0 Safari/537.36"
136.243.228.194 - - [05/Jul/2025:08:17:04 -0400] "GET /items/yanyv59/1565?key=indeed HTTP/1.1" 404 23127 "-" "Mozilla/5.0 (compatible; DataForSeoBot/1.0; +https://dataforseo.com/dataforseo-bot)"
166.62.33.230 - - [05/Jul/2025:08:17:16 -0400] "POST /xmlrpc.php HTTP/1.1" 403 1242 "-" "Mozilla/5.0 (Windows NT 10.0; Win64; x64) AppleWebKit/537.36 (KHTML, like Gecko) Chrome/126.0.0.0 Safari/537.36"
66.249.74.168 - - [05/Jul/2025:08:17:19 -0400] "GET /299ohau33824.html HTTP/1.1" 200 86986 "-" "Mozilla/5.0 (Linux; Android 6.0.1; Nexus 5X Build/MMB29P) AppleWebKit/537.36 (KHTML, like Gecko) Chrome/137.0.7151.103 Mobile Safari/537.36 (compatible; Googlebot/2.1; +http://www.google.com/bot.html)"
136.243.228.194 - - [05/Jul/2025:08:17:15 -0400] "GET /items/ozzhk163/45807?key=mood HTTP/1.1" 404 23129 "-" "Mozilla/5.0 (compatible; DataForSeoBot/1.0; +https://dataforseo.com/dataforseo-bot)"
173.249.42.121 - - [05/Jul/2025:08:17:22 -0400] "POST /xmlrpc.php HTTP/1.1" 403 1242 "-" "Mozilla/5.0 (Windows NT 10.0; Win64; x64) AppleWebKit/537.36 (KHTML, like Gecko) Chrome/126.0.0.0 Safari/537.36"
136.243.228.194 - - [05/Jul/2025:08:17:23 -0400] "GET /1egg11038.html HTTP/1.1" 404 23127 "-" "Mozilla/5.0 (compatible; DataForSeoBot/1.0; +https://dataforseo.com/dataforseo-bot)"
23.236.181.171 - - [05/Jul/2025:08:17:35 -0400] "POST /xmlrpc.php HTTP/1.1" 403 1242 "-" "Mozilla/5.0 (Windows NT 10.0; Win64; x64) AppleWebKit/537.36 (KHTML, like Gecko) Chrome/126.0.0.0 Safari/537.36"
66.29.146.47 - - [05/Jul/2025:08:17:35 -0400] "POST /wp-cron.php?doing_wp_cron=1751717855.5698139667510986328125 HTTP/1.1" 403 1242 "-" "WordPress/6.8; https://dangroup.sa"
66.249.65.192 - - [05/Jul/2025:08:17:36 -0400] "GET /items/hrieb257/27883?key=market HTTP/1.1" 200 86762 "-" "Mozilla/5.0 (Linux; Android 6.0.1; Nexus 5X Build/MMB29P) AppleWebKit/537.36 (KHTML, like Gecko) Chrome/137.0.7151.103 Mobile Safari/537.36 (compatible; Googlebot/2.1; +http://www.google.com/bot.html)"
136.243.228.194 - - [05/Jul/2025:08:17:33 -0400] "GET /12kjfrz43095.html HTTP/1.1" 404 23129 "-" "Mozilla/5.0 (compatible; DataForSeoBot/1.0; +https://dataforseo.com/dataforseo-bot)"
66.249.65.193 - - [05/Jul/2025:08:17:41 -0400] "GET /217esji17564.html HTTP/1.1" 200 86800 "-" "Mozilla/5.0 (compatible; Googlebot/2.1; +http://www.google.com/bot.html)"
159.100.29.148 - - [05/Jul/2025:08:17:43 -0400] "POST /xmlrpc.php HTTP/1.1" 403 1242 "-" "Mozilla/5.0 (Windows NT 10.0; Win64; x64) AppleWebKit/537.36 (KHTML, like Gecko) Chrome/126.0.0.0 Safari/537.36"
213.199.48.236 - - [05/Jul/2025:08:17:46 -0400] "POST /xmlrpc.php HTTP/1.1" 403 1242 "-" "Mozilla/5.0 (Windows NT 10.0; Win64; x64) AppleWebKit/537.36 (KHTML, like Gecko) Chrome/126.0.0.0 Safari/537.36"
