2a02:c206:3015:2326::1 - - [05/Jul/2025:10:57:58 -0400] "GET / HTTP/1.1" 200 33219 "-" "Mozilla/5.0 (Windows NT 10.0; Win64; x64) AppleWebKit/537.36 (KHTML, like Gecko) Chrome/91.0.4472.114 Safari/537.36 Edg/91.0.864.54"
136.243.228.194 - - [05/Jul/2025:10:58:01 -0400] "GET /items/qktvj152/31684?key=sentiment HTTP/1.1" 404 23127 "-" "Mozilla/5.0 (compatible; DataForSeoBot/1.0; +https://dataforseo.com/dataforseo-bot)"
136.243.228.194 - - [05/Jul/2025:10:58:05 -0400] "GET /items/iqbvx258/45416?key=assert HTTP/1.1" 404 23129 "-" "Mozilla/5.0 (compatible; DataForSeoBot/1.0; +https://dataforseo.com/dataforseo-bot)"
136.243.228.194 - - [05/Jul/2025:10:58:09 -0400] "GET /180xnz4459.html HTTP/1.1" 404 23127 "-" "Mozilla/5.0 (compatible; DataForSeoBot/1.0; +https://dataforseo.com/dataforseo-bot)"
66.249.65.198 - - [05/Jul/2025:10:58:12 -0400] "GET /product/edit/bbtown-1ajcr32800-0949 HTTP/1.1" 200 86760 "-" "Mozilla/5.0 (Linux; Android 6.0.1; Nexus 5X Build/MMB29P) AppleWebKit/537.36 (KHTML, like Gecko) Chrome/137.0.7151.103 Mobile Safari/537.36 (compatible; Googlebot/2.1; +http://www.google.com/bot.html)"
136.243.228.194 - - [05/Jul/2025:10:58:15 -0400] "GET /235owzmg27624.html HTTP/1.1" 404 23127 "-" "Mozilla/5.0 (compatible; DataForSeoBot/1.0; +https://dataforseo.com/dataforseo-bot)"
66.249.65.197 - - [05/Jul/2025:10:58:18 -0400] "GET /274yamf9927.html HTTP/1.1" 200 86779 "-" "Mozilla/5.0 (Linux; Android 6.0.1; Nexus 5X Build/MMB29P) AppleWebKit/537.36 (KHTML, like Gecko) Chrome/137.0.7151.103 Mobile Safari/537.36 (compatible; Googlebot/2.1; +http://www.google.com/bot.html)"
136.243.228.194 - - [05/Jul/2025:10:58:19 -0400] "GET /items/qbdii83/40287?key=ruling HTTP/1.1" 404 23127 "-" "Mozilla/5.0 (compatible; DataForSeoBot/1.0; +https://dataforseo.com/dataforseo-bot)"
66.249.65.196 - - [05/Jul/2025:10:58:21 -0400] "GET /pcmypage?callback=product/review/naturum-3457324 HTTP/1.1" 200 87725 "-" "Mozilla/5.0 (compatible; Googlebot/2.1; +http://www.google.com/bot.html)"
136.243.228.194 - - [05/Jul/2025:10:58:22 -0400] "GET /items/wohuu44/12644?key=strictly HTTP/1.1" 404 23129 "-" "Mozilla/5.0 (compatible; DataForSeoBot/1.0; +https://dataforseo.com/dataforseo-bot)"
136.243.228.194 - - [05/Jul/2025:10:58:26 -0400] "GET /112jcg32853.html HTTP/1.1" 404 23127 "-" "Mozilla/5.0 (compatible; DataForSeoBot/1.0; +https://dataforseo.com/dataforseo-bot)"
51.222.253.2 - - [05/Jul/2025:10:58:30 -0400] "GET /?sitemap956.xml HTTP/1.1" 200 17 "-" "Mozilla/5.0 (compatible; AhrefsBot/7.0; +http://ahrefs.com/robot/)"
136.243.228.194 - - [05/Jul/2025:10:58:30 -0400] "GET /items/nvpsk123/19849?key=how HTTP/1.1" 404 23127 "-" "Mozilla/5.0 (compatible; DataForSeoBot/1.0; +https://dataforseo.com/dataforseo-bot)"
136.243.228.194 - - [05/Jul/2025:10:58:34 -0400] "GET /94cfbyv38695.html HTTP/1.1" 404 23127 "-" "Mozilla/5.0 (compatible; DataForSeoBot/1.0; +https://dataforseo.com/dataforseo-bot)"
20.171.207.36 - - [05/Jul/2025:10:58:37 -0400] "GET /256cjhlw22115.html HTTP/1.1" 404 23127 "-" "Mozilla/5.0 AppleWebKit/537.36 (KHTML, like Gecko; compatible; GPTBot/1.2; +https://openai.com/gptbot)"
136.243.228.194 - - [05/Jul/2025:10:58:39 -0400] "GET /items/qxqna24/43520?key=subsidy HTTP/1.1" 404 23129 "-" "Mozilla/5.0 (compatible; DataForSeoBot/1.0; +https://dataforseo.com/dataforseo-bot)"
66.249.65.197 - - [05/Jul/2025:10:58:42 -0400] "GET /146veysb13225.html HTTP/1.1" 200 87394 "-" "Mozilla/5.0 (Linux; Android 6.0.1; Nexus 5X Build/MMB29P) AppleWebKit/537.36 (KHTML, like Gecko) Chrome/137.0.7151.103 Mobile Safari/537.36 (compatible; Googlebot/2.1; +http://www.google.com/bot.html)"
136.243.228.194 - - [05/Jul/2025:10:58:42 -0400] "GET /items/lmibu267/23767?key=would HTTP/1.1" 404 23127 "-" "Mozilla/5.0 (compatible; DataForSeoBot/1.0; +https://dataforseo.com/dataforseo-bot)"
66.29.146.47 - - [05/Jul/2025:10:58:46 -0400] "POST /wp-cron.php?doing_wp_cron=1751727526.2748239040374755859375 HTTP/1.1" 403 1242 "-" "WordPress/6.8; https://dangroup.sa"
66.29.146.47 - - [05/Jul/2025:10:58:46 -0400] "POST /wp-cron.php?doing_wp_cron=1751727526.2872610092163085937500 HTTP/1.1" 403 1242 "-" "WordPress/6.8; https://dangroup.sa"
111.68.6.194 - - [05/Jul/2025:10:58:45 -0400] "GET /wp-content/plugins/linkpreview/db.php HTTP/1.1" 404 23129 "-" "Mozilla/5.0 (Windows NT 10.0; WOW64; rv:48.0) Gecko/20100101 Firefox/48.0"
111.68.6.194 - - [05/Jul/2025:10:58:45 -0400] "GET /wp-content/themes/pridmag/db.php HTTP/1.1" 404 23127 "-" "Mozilla/5.0 (Windows NT 10.0; WOW64; rv:48.0) Gecko/20100101 Firefox/48.0"
136.243.228.194 - - [05/Jul/2025:10:58:46 -0400] "GET /24xjd34689.html HTTP/1.1" 404 23127 "-" "Mozilla/5.0 (compatible; DataForSeoBot/1.0; +https://dataforseo.com/dataforseo-bot)"
66.249.65.196 - - [05/Jul/2025:10:58:55 -0400] "GET /pcmypage?callback=product%2Fdetail%2Fhotroadtoyohashi-3690102903 HTTP/1.1" 200 86316 "-" "Mozilla/5.0 (compatible; Googlebot/2.1; +http://www.google.com/bot.html)"
103.82.24.133 - - [05/Jul/2025:10:58:55 -0400] "POST /xmlrpc.php HTTP/1.1" 403 1242 "-" "Mozilla/5.0 (Windows NT 10.0; Win64; x64) AppleWebKit/537.36 (KHTML, like Gecko) Chrome/126.0.0.0 Safari/537.36"
136.243.228.194 - - [05/Jul/2025:10:58:53 -0400] "GET /items/ldtdm266/31684?key=OK HTTP/1.1" 404 23129 "-" "Mozilla/5.0 (compatible; DataForSeoBot/1.0; +https://dataforseo.com/dataforseo-bot)"
37.59.118.60 - - [05/Jul/2025:10:58:58 -0400] "POST /xmlrpc.php HTTP/1.1" 403 1242 "-" "Mozilla/5.0 (Windows NT 10.0; Win64; x64) AppleWebKit/537.36 (KHTML, like Gecko) Chrome/126.0.0.0 Safari/537.36"
136.243.228.194 - - [05/Jul/2025:10:58:57 -0400] "GET /items/qwzpj114/25566?key=pillow HTTP/1.1" 404 23129 "-" "Mozilla/5.0 (compatible; DataForSeoBot/1.0; +https://dataforseo.com/dataforseo-bot)"
66.249.65.198 - - [05/Jul/2025:10:59:01 -0400] "GET /63fai45930.html HTTP/1.1" 200 86678 "-" "Mozilla/5.0 (Linux; Android 6.0.1; Nexus 5X Build/MMB29P) AppleWebKit/537.36 (KHTML, like Gecko) Chrome/137.0.7151.103 Mobile Safari/537.36 (compatible; Googlebot/2.1; +http://www.google.com/bot.html)"
136.243.228.194 - - [05/Jul/2025:10:59:02 -0400] "GET /items/lhwwj191/41303?key=tunnel HTTP/1.1" 404 23129 "-" "Mozilla/5.0 (compatible; DataForSeoBot/1.0; +https://dataforseo.com/dataforseo-bot)"
66.249.65.196 - - [05/Jul/2025:10:59:06 -0400] "GET /75gwax7930.html HTTP/1.1" 200 86529 "-" "Mozilla/5.0 (Linux; Android 6.0.1; Nexus 5X Build/MMB29P) AppleWebKit/537.36 (KHTML, like Gecko) Chrome/137.0.7151.103 Mobile Safari/537.36 (compatible; Googlebot/2.1; +http://www.google.com/bot.html)"
136.243.228.194 - - [05/Jul/2025:10:59:06 -0400] "GET /237egd35168.html HTTP/1.1" 404 23129 "-" "Mozilla/5.0 (compatible; DataForSeoBot/1.0; +https://dataforseo.com/dataforseo-bot)"
185.28.61.254 - - [05/Jul/2025:10:59:08 -0400] "POST /xmlrpc.php HTTP/1.1" 403 1242 "-" "Mozilla/5.0 (Windows NT 10.0; Win64; x64) AppleWebKit/537.36 (KHTML, like Gecko) Chrome/126.0.0.0 Safari/537.36"
66.249.65.196 - - [05/Jul/2025:10:59:10 -0400] "GET /pcmypage?callback=product%2Fdetail%2Fnishimuta-0088381604390 HTTP/1.1" 200 87410 "-" "Mozilla/5.0 (Linux; Android 6.0.1; Nexus 5X Build/MMB29P) AppleWebKit/537.36 (KHTML, like Gecko) Chrome/137.0.7151.103 Mobile Safari/537.36 (compatible; Googlebot/2.1; +http://www.google.com/bot.html)"
136.243.228.194 - - [05/Jul/2025:10:59:10 -0400] "GET /items/gpkjy38/44846?key=voice HTTP/1.1" 404 23127 "-" "Mozilla/5.0 (compatible; DataForSeoBot/1.0; +https://dataforseo.com/dataforseo-bot)"
136.243.228.194 - - [05/Jul/2025:10:59:15 -0400] "GET /items/acndg270/21570?key=rare HTTP/1.1" 404 23127 "-" "Mozilla/5.0 (compatible; DataForSeoBot/1.0; +https://dataforseo.com/dataforseo-bot)"
69.163.182.169 - - [05/Jul/2025:10:59:19 -0400] "POST /xmlrpc.php HTTP/1.1" 403 1242 "-" "Mozilla/5.0 (Windows NT 10.0; Win64; x64) AppleWebKit/537.36 (KHTML, like Gecko) Chrome/126.0.0.0 Safari/537.36"
136.243.228.194 - - [05/Jul/2025:10:59:18 -0400] "GET /128htl45983.html HTTP/1.1" 404 23127 "-" "Mozilla/5.0 (compatible; DataForSeoBot/1.0; +https://dataforseo.com/dataforseo-bot)"
66.249.65.196 - - [05/Jul/2025:10:59:20 -0400] "GET /items/wpqij62/7904?key=personality HTTP/1.1" 200 87086 "-" "Mozilla/5.0 (Linux; Android 6.0.1; Nexus 5X Build/MMB29P) AppleWebKit/537.36 (KHTML, like Gecko) Chrome/137.0.7151.103 Mobile Safari/537.36 (compatible; Googlebot/2.1; +http://www.google.com/bot.html)"
136.243.228.194 - - [05/Jul/2025:10:59:22 -0400] "GET /items/dhtoy227/32205?key=collar HTTP/1.1" 404 23129 "-" "Mozilla/5.0 (compatible; DataForSeoBot/1.0; +https://dataforseo.com/dataforseo-bot)"
66.249.65.196 - - [05/Jul/2025:10:59:25 -0400] "GET /131lcof50230.html HTTP/1.1" 200 87213 "-" "Mozilla/5.0 (compatible; Googlebot/2.1; +http://www.google.com/bot.html)"
159.100.29.148 - - [05/Jul/2025:10:59:27 -0400] "POST /xmlrpc.php HTTP/1.1" 403 1242 "-" "Mozilla/5.0 (Windows NT 10.0; Win64; x64) AppleWebKit/537.36 (KHTML, like Gecko) Chrome/126.0.0.0 Safari/537.36"
136.243.228.194 - - [05/Jul/2025:10:59:27 -0400] "GET /items/iyzdp253/5231?key=streak HTTP/1.1" 404 23127 "-" "Mozilla/5.0 (compatible; DataForSeoBot/1.0; +https://dataforseo.com/dataforseo-bot)"
142.112.61.80 - - [05/Jul/2025:10:59:32 -0400] "POST /xmlrpc.php HTTP/1.1" 403 1242 "-" "Mozilla/5.0 (Windows NT 10.0; Win64; x64) AppleWebKit/537.36 (KHTML, like Gecko) Chrome/126.0.0.0 Safari/537.36"
136.243.228.194 - - [05/Jul/2025:10:59:31 -0400] "GET /items/nlsbv289/26471?key=deny HTTP/1.1" 404 23127 "-" "Mozilla/5.0 (compatible; DataForSeoBot/1.0; +https://dataforseo.com/dataforseo-bot)"
212.105.78.61 - - [05/Jul/2025:10:59:34 -0400] "POST /xmlrpc.php HTTP/1.1" 403 1242 "-" "Mozilla/5.0 (Windows NT 10.0; Win64; x64) AppleWebKit/537.36 (KHTML, like Gecko) Chrome/126.0.0.0 Safari/537.36"
66.249.65.196 - - [05/Jul/2025:10:59:33 -0400] "GET /items/gntbj242/49558?key=historically HTTP/1.1" 200 87451 "-" "Mozilla/5.0 (compatible; Googlebot/2.1; +http://www.google.com/bot.html)"
66.249.65.197 - - [05/Jul/2025:10:59:36 -0400] "GET /items/lheic160/17482?key=face HTTP/1.1" 200 86476 "-" "Mozilla/5.0 (Linux; Android 6.0.1; Nexus 5X Build/MMB29P) AppleWebKit/537.36 (KHTML, like Gecko) Chrome/137.0.7151.103 Mobile Safari/537.36 (compatible; Googlebot/2.1; +http://www.google.com/bot.html)"
136.243.228.194 - - [05/Jul/2025:10:59:34 -0400] "GET /228lcwj16489.html HTTP/1.1" 404 23127 "-" "Mozilla/5.0 (compatible; DataForSeoBot/1.0; +https://dataforseo.com/dataforseo-bot)"
124.156.240.51 - - [05/Jul/2025:10:59:38 -0400] "POST /xmlrpc.php HTTP/1.1" 403 1242 "-" "Mozilla/5.0 (Windows NT 10.0; Win64; x64) AppleWebKit/537.36 (KHTML, like Gecko) Chrome/126.0.0.0 Safari/537.36"
66.249.65.197 - - [05/Jul/2025:10:59:37 -0400] "GET /pcmypage?callback=product%2Fdetail%2Feagleeyeshopping-top1-ds-2222801 HTTP/1.1" 200 87757 "-" "Mozilla/5.0 (Linux; Android 6.0.1; Nexus 5X Build/MMB29P) AppleWebKit/537.36 (KHTML, like Gecko) Chrome/137.0.7151.103 Mobile Safari/537.36 (compatible; Googlebot/2.1; +http://www.google.com/bot.html)"
20.171.207.36 - - [05/Jul/2025:10:59:37 -0400] "GET /218tthnt34405.html HTTP/1.1" 404 23127 "-" "Mozilla/5.0 AppleWebKit/537.36 (KHTML, like Gecko; compatible; GPTBot/1.2; +https://openai.com/gptbot)"
66.249.65.198 - - [05/Jul/2025:10:59:39 -0400] "GET /pcmypage?callback=product/review/g-bike-48210-197044 HTTP/1.1" 200 88706 "-" "Mozilla/5.0 (Linux; Android 6.0.1; Nexus 5X Build/MMB29P) AppleWebKit/537.36 (KHTML, like Gecko) Chrome/137.0.7151.103 Mobile Safari/537.36 (compatible; Googlebot/2.1; +http://www.google.com/bot.html)"
136.243.228.194 - - [05/Jul/2025:10:59:39 -0400] "GET /items/irfpb31/7761?key=certain HTTP/1.1" 404 23127 "-" "Mozilla/5.0 (compatible; DataForSeoBot/1.0; +https://dataforseo.com/dataforseo-bot)"
66.249.65.198 - - [05/Jul/2025:10:59:42 -0400] "GET /items/eoffc51/15679?key=clean HTTP/1.1" 200 87250 "-" "Mozilla/5.0 (compatible; Googlebot/2.1; +http://www.google.com/bot.html)"
90.158.160.18 - - [05/Jul/2025:10:59:44 -0400] "POST /xmlrpc.php HTTP/1.1" 403 1242 "-" "Mozilla/5.0 (Windows NT 10.0; Win64; x64) AppleWebKit/537.36 (KHTML, like Gecko) Chrome/126.0.0.0 Safari/537.36"
136.243.228.194 - - [05/Jul/2025:10:59:43 -0400] "GET /items/jsyju14/19048?key=soak HTTP/1.1" 404 23127 "-" "Mozilla/5.0 (compatible; DataForSeoBot/1.0; +https://dataforseo.com/dataforseo-bot)"
151.80.19.225 - - [05/Jul/2025:10:59:46 -0400] "POST /xmlrpc.php HTTP/1.1" 403 1242 "-" "Mozilla/5.0 (Windows NT 10.0; Win64; x64) AppleWebKit/537.36 (KHTML, like Gecko) Chrome/126.0.0.0 Safari/537.36"
66.29.146.47 - - [05/Jul/2025:10:59:47 -0400] "POST /wp-cron.php?doing_wp_cron=1751727587.4689879417419433593750 HTTP/1.1" 403 1242 "-" "WordPress/6.8; https://dangroup.sa"
2001:4860:7:807::b5 - - [05/Jul/2025:10:59:48 -0400] "GET /items/ukbkd158/21632?key=victim HTTP/1.1" 200 138 "https://www.google.com/" "Mozilla/5.0 (Linux; Android 10; K) AppleWebKit/537.36 (KHTML, like Gecko) Chrome/137.0.0.0 Safari/537.36"
93.43.60.158 - - [05/Jul/2025:10:59:48 -0400] "POST /xmlrpc.php HTTP/1.1" 403 1242 "-" "Mozilla/5.0 (Windows NT 10.0; Win64; x64) AppleWebKit/537.36 (KHTML, like Gecko) Chrome/126.0.0.0 Safari/537.36"
136.243.228.194 - - [05/Jul/2025:10:59:47 -0400] "GET /items/ncfzx69/16721?key=leader HTTP/1.1" 404 23129 "-" "Mozilla/5.0 (compatible; DataForSeoBot/1.0; +https://dataforseo.com/dataforseo-bot)"
66.249.82.134 - - [05/Jul/2025:10:59:48 -0400] "GET /.well-known/traffic-advice HTTP/1.1" 404 23127 "-" "Chrome Privacy Preserving Prefetch Proxy"
93.114.234.215 - - [05/Jul/2025:10:59:51 -0400] "POST /xmlrpc.php HTTP/1.1" 403 1242 "-" "Mozilla/5.0 (Windows NT 10.0; Win64; x64) AppleWebKit/537.36 (KHTML, like Gecko) Chrome/126.0.0.0 Safari/537.36"
136.243.228.194 - - [05/Jul/2025:10:59:50 -0400] "GET /items/lwcmu1/2865?key=coat HTTP/1.1" 404 23129 "-" "Mozilla/5.0 (compatible; DataForSeoBot/1.0; +https://dataforseo.com/dataforseo-bot)"
195.90.98.153 - - [05/Jul/2025:10:59:55 -0400] "POST /xmlrpc.php HTTP/1.1" 403 1242 "-" "Mozilla/5.0 (Windows NT 10.0; Win64; x64) AppleWebKit/537.36 (KHTML, like Gecko) Chrome/126.0.0.0 Safari/537.36"
136.243.228.194 - - [05/Jul/2025:10:59:55 -0400] "GET /177hezdd27064.html HTTP/1.1" 404 23127 "-" "Mozilla/5.0 (compatible; DataForSeoBot/1.0; +https://dataforseo.com/dataforseo-bot)"
62.116.200.98 - - [05/Jul/2025:10:59:57 -0400] "POST /xmlrpc.php HTTP/1.1" 403 1242 "-" "Mozilla/5.0 (Windows NT 10.0; Win64; x64) AppleWebKit/537.36 (KHTML, like Gecko) Chrome/126.0.0.0 Safari/537.36"
136.243.228.194 - - [05/Jul/2025:10:59:58 -0400] "GET /items/ntbxw168/13400?key=wildlife HTTP/1.1" 404 23127 "-" "Mozilla/5.0 (compatible; DataForSeoBot/1.0; +https://dataforseo.com/dataforseo-bot)"
136.243.228.194 - - [05/Jul/2025:11:00:02 -0400] "GET /147glrtx9678.html HTTP/1.1" 404 23127 "-" "Mozilla/5.0 (compatible; DataForSeoBot/1.0; +https://dataforseo.com/dataforseo-bot)"
172.245.155.10 - - [05/Jul/2025:11:00:08 -0400] "POST /xmlrpc.php HTTP/1.1" 403 1242 "-" "Mozilla/5.0 (Windows NT 10.0; Win64; x64) AppleWebKit/537.36 (KHTML, like Gecko) Chrome/126.0.0.0 Safari/537.36"
66.249.65.198 - - [05/Jul/2025:11:00:07 -0400] "GET /182azipf14463.html HTTP/1.1" 200 87147 "-" "Mozilla/5.0 (compatible; Googlebot/2.1; +http://www.google.com/bot.html)"
136.243.228.194 - - [05/Jul/2025:11:00:07 -0400] "GET /items/dmbmj188/5254?key=usually HTTP/1.1" 404 23127 "-" "Mozilla/5.0 (compatible; DataForSeoBot/1.0; +https://dataforseo.com/dataforseo-bot)"
66.249.65.196 - - [05/Jul/2025:11:00:11 -0400] "GET /11ogjgu1844.html HTTP/1.1" 200 86633 "-" "Mozilla/5.0 (compatible; Googlebot/2.1; +http://www.google.com/bot.html)"
188.164.198.78 - - [05/Jul/2025:11:00:16 -0400] "POST /xmlrpc.php HTTP/1.1" 403 1242 "-" "Mozilla/5.0 (Windows NT 10.0; Win64; x64) AppleWebKit/537.36 (KHTML, like Gecko) Chrome/126.0.0.0 Safari/537.36"
66.249.65.197 - - [05/Jul/2025:11:00:16 -0400] "GET /items/dzgtk43/445?key=autonomy HTTP/1.1" 200 86640 "-" "Mozilla/5.0 (Linux; Android 6.0.1; Nexus 5X Build/MMB29P) AppleWebKit/537.36 (KHTML, like Gecko) Chrome/137.0.7151.103 Mobile Safari/537.36 (compatible; Googlebot/2.1; +http://www.google.com/bot.html)"
66.249.65.196 - - [05/Jul/2025:11:00:18 -0400] "GET /items/qbgyl202/43228?key=processor HTTP/1.1" 200 86605 "-" "Mozilla/5.0 (compatible; Googlebot/2.1; +http://www.google.com/bot.html)"
136.243.228.194 - - [05/Jul/2025:11:00:16 -0400] "GET /items/rqcii157/40239?key=helicopter HTTP/1.1" 404 23127 "-" "Mozilla/5.0 (compatible; DataForSeoBot/1.0; +https://dataforseo.com/dataforseo-bot)"
66.249.65.197 - - [05/Jul/2025:11:00:21 -0400] "GET /items/mgueg253/29895?key=organize HTTP/1.1" 200 86465 "-" "Mozilla/5.0 (Linux; Android 6.0.1; Nexus 5X Build/MMB29P) AppleWebKit/537.36 (KHTML, like Gecko) Chrome/137.0.7151.103 Mobile Safari/537.36 (compatible; Googlebot/2.1; +http://www.google.com/bot.html)"
136.243.228.194 - - [05/Jul/2025:11:00:22 -0400] "GET /items/iuwbj63/23079?key=treasure HTTP/1.1" 404 23127 "-" "Mozilla/5.0 (compatible; DataForSeoBot/1.0; +https://dataforseo.com/dataforseo-bot)"
198.154.250.110 - - [05/Jul/2025:11:00:28 -0400] "POST /xmlrpc.php HTTP/1.1" 403 1242 "-" "Mozilla/5.0 (Windows NT 10.0; Win64; x64) AppleWebKit/537.36 (KHTML, like Gecko) Chrome/126.0.0.0 Safari/537.36"
66.249.74.160 - - [05/Jul/2025:11:00:27 -0400] "GET /pcmypage?callback=product%2Fdetail%2Ftechno-k2-df002grdx HTTP/1.1" 200 87202 "-" "Mozilla/5.0 (Linux; Android 6.0.1; Nexus 5X Build/MMB29P) AppleWebKit/537.36 (KHTML, like Gecko) Chrome/137.0.7151.103 Mobile Safari/537.36 (compatible; Googlebot/2.1; +http://www.google.com/bot.html)"
136.243.228.194 - - [05/Jul/2025:11:00:27 -0400] "GET /97wozf24906.html HTTP/1.1" 404 23127 "-" "Mozilla/5.0 (compatible; DataForSeoBot/1.0; +https://dataforseo.com/dataforseo-bot)"
136.243.228.194 - - [05/Jul/2025:11:00:33 -0400] "GET /items/soley2/38384?key=envision HTTP/1.1" 404 23127 "-" "Mozilla/5.0 (compatible; DataForSeoBot/1.0; +https://dataforseo.com/dataforseo-bot)"
66.249.65.197 - - [05/Jul/2025:11:00:37 -0400] "GET /20tscre28283.html HTTP/1.1" 200 86334 "-" "Mozilla/5.0 (compatible; Googlebot/2.1; +http://www.google.com/bot.html)"
203.161.43.55 - - [05/Jul/2025:11:00:40 -0400] "POST /xmlrpc.php HTTP/1.1" 403 1242 "-" "Mozilla/5.0 (Windows NT 10.0; Win64; x64) AppleWebKit/537.36 (KHTML, like Gecko) Chrome/126.0.0.0 Safari/537.36"
20.171.207.36 - - [05/Jul/2025:11:00:37 -0400] "GET /233zaazd11318.html HTTP/1.1" 404 23127 "-" "Mozilla/5.0 AppleWebKit/537.36 (KHTML, like Gecko; compatible; GPTBot/1.2; +https://openai.com/gptbot)"
136.243.228.194 - - [05/Jul/2025:11:00:37 -0400] "GET /items/qvqgk183/1185?key=involved HTTP/1.1" 404 23127 "-" "Mozilla/5.0 (compatible; DataForSeoBot/1.0; +https://dataforseo.com/dataforseo-bot)"
136.243.228.194 - - [05/Jul/2025:11:00:42 -0400] "GET /items/afauk44/37236?key=installation HTTP/1.1" 404 23127 "-" "Mozilla/5.0 (compatible; DataForSeoBot/1.0; +https://dataforseo.com/dataforseo-bot)"
136.243.228.194 - - [05/Jul/2025:11:00:46 -0400] "GET /224dcn47095.html HTTP/1.1" 404 23127 "-" "Mozilla/5.0 (compatible; DataForSeoBot/1.0; +https://dataforseo.com/dataforseo-bot)"
66.249.65.196 - - [05/Jul/2025:11:00:49 -0400] "GET /292kup3407.html HTTP/1.1" 200 86582 "-" "Mozilla/5.0 (compatible; Googlebot/2.1; +http://www.google.com/bot.html)"
66.29.146.47 - - [05/Jul/2025:11:00:51 -0400] "POST /wp-cron.php?doing_wp_cron=1751727650.9739770889282226562500 HTTP/1.1" 403 1242 "-" "WordPress/6.8; https://dangroup.sa"
13.125.219.226 - - [05/Jul/2025:11:00:52 -0400] "POST /xmlrpc.php HTTP/1.1" 403 1242 "-" "Mozilla/5.0 (Windows NT 10.0; Win64; x64) AppleWebKit/537.36 (KHTML, like Gecko) Chrome/126.0.0.0 Safari/537.36"
66.249.65.196 - - [05/Jul/2025:11:00:52 -0400] "GET /items/vopwf248/40096?key=pat HTTP/1.1" 200 87263 "-" "Mozilla/5.0 (Linux; Android 6.0.1; Nexus 5X Build/MMB29P) AppleWebKit/537.36 (KHTML, like Gecko) Chrome/137.0.7151.103 Mobile Safari/537.36 (compatible; Googlebot/2.1; +http://www.google.com/bot.html)"
136.243.228.194 - - [05/Jul/2025:11:00:50 -0400] "GET /items/suafn276/16426?key=medicine HTTP/1.1" 404 23127 "-" "Mozilla/5.0 (compatible; DataForSeoBot/1.0; +https://dataforseo.com/dataforseo-bot)"
136.243.228.194 - - [05/Jul/2025:11:00:55 -0400] "GET /items/ervad45/9491?key=lawsuit HTTP/1.1" 404 23127 "-" "Mozilla/5.0 (compatible; DataForSeoBot/1.0; +https://dataforseo.com/dataforseo-bot)"
66.249.65.197 - - [05/Jul/2025:11:00:56 -0400] "GET /items/lkrsv186/14698?key=writing HTTP/1.1" 200 87171 "-" "Mozilla/5.0 (Linux; Android 6.0.1; Nexus 5X Build/MMB29P) AppleWebKit/537.36 (KHTML, like Gecko) Chrome/137.0.7151.103 Mobile Safari/537.36 (compatible; Googlebot/2.1; +http://www.google.com/bot.html)"
66.249.65.196 - - [05/Jul/2025:11:00:58 -0400] "GET /37ajy44300.html HTTP/1.1" 200 86836 "-" "Mozilla/5.0 (compatible; Googlebot/2.1; +http://www.google.com/bot.html)"
90.158.160.18 - - [05/Jul/2025:11:01:00 -0400] "POST /xmlrpc.php HTTP/1.1" 403 1242 "-" "Mozilla/5.0 (Windows NT 10.0; Win64; x64) AppleWebKit/537.36 (KHTML, like Gecko) Chrome/126.0.0.0 Safari/537.36"
136.243.228.194 - - [05/Jul/2025:11:00:58 -0400] "GET /20ypw519.html HTTP/1.1" 404 23127 "-" "Mozilla/5.0 (compatible; DataForSeoBot/1.0; +https://dataforseo.com/dataforseo-bot)"
66.249.65.197 - - [05/Jul/2025:11:01:03 -0400] "GET /279vshwx28282.html HTTP/1.1" 200 87296 "-" "Mozilla/5.0 (Linux; Android 6.0.1; Nexus 5X Build/MMB29P) AppleWebKit/537.36 (KHTML, like Gecko) Chrome/137.0.7151.103 Mobile Safari/537.36 (compatible; Googlebot/2.1; +http://www.google.com/bot.html)"
66.249.65.197 - - [05/Jul/2025:11:01:04 -0400] "GET /154azbo41443.html HTTP/1.1" 200 86853 "-" "Mozilla/5.0 (compatible; Googlebot/2.1; +http://www.google.com/bot.html)"
136.243.228.194 - - [05/Jul/2025:11:01:02 -0400] "GET /274iluz5313.html HTTP/1.1" 404 23127 "-" "Mozilla/5.0 (compatible; DataForSeoBot/1.0; +https://dataforseo.com/dataforseo-bot)"
43.224.126.115 - - [05/Jul/2025:11:01:07 -0400] "POST /xmlrpc.php HTTP/1.1" 403 1242 "-" "Mozilla/5.0 (Windows NT 10.0; Win64; x64) AppleWebKit/537.36 (KHTML, like Gecko) Chrome/126.0.0.0 Safari/537.36"
136.243.228.194 - - [05/Jul/2025:11:01:06 -0400] "GET /items/nemow258/18800?key=market HTTP/1.1" 404 23127 "-" "Mozilla/5.0 (compatible; DataForSeoBot/1.0; +https://dataforseo.com/dataforseo-bot)"
136.243.228.194 - - [05/Jul/2025:11:01:10 -0400] "GET /items/nlsbv175/26585?key=plane HTTP/1.1" 404 23127 "-" "Mozilla/5.0 (compatible; DataForSeoBot/1.0; +https://dataforseo.com/dataforseo-bot)"
136.243.228.194 - - [05/Jul/2025:11:01:15 -0400] "GET /51fdy6918.html HTTP/1.1" 404 23127 "-" "Mozilla/5.0 (compatible; DataForSeoBot/1.0; +https://dataforseo.com/dataforseo-bot)"
66.249.74.160 - - [05/Jul/2025:11:01:17 -0400] "GET /items/worzs69/917?key=subject HTTP/1.1" 200 87096 "-" "Mozilla/5.0 (Linux; Android 6.0.1; Nexus 5X Build/MMB29P) AppleWebKit/537.36 (KHTML, like Gecko) Chrome/137.0.7151.103 Mobile Safari/537.36 (compatible; Googlebot/2.1; +http://www.google.com/bot.html)"
66.249.65.197 - - [05/Jul/2025:11:01:18 -0400] "GET /6hqbvf23617.html HTTP/1.1" 200 86825 "-" "Mozilla/5.0 (Linux; Android 6.0.1; Nexus 5X Build/MMB29P) AppleWebKit/537.36 (KHTML, like Gecko) Chrome/137.0.7151.103 Mobile Safari/537.36 (compatible; Googlebot/2.1; +http://www.google.com/bot.html)"
66.249.65.196 - - [05/Jul/2025:11:01:20 -0400] "GET /pcmypage?callback=product%2Fdetail%2Fclover8888-tajima201806-105-q HTTP/1.1" 200 87586 "-" "Mozilla/5.0 (Linux; Android 6.0.1; Nexus 5X Build/MMB29P) AppleWebKit/537.36 (KHTML, like Gecko) Chrome/137.0.7151.103 Mobile Safari/537.36 (compatible; Googlebot/2.1; +http://www.google.com/bot.html)"
136.243.228.194 - - [05/Jul/2025:11:01:18 -0400] "GET /items/mkjfg235/29385?key=explore HTTP/1.1" 404 23127 "-" "Mozilla/5.0 (compatible; DataForSeoBot/1.0; +https://dataforseo.com/dataforseo-bot)"
136.243.228.194 - - [05/Jul/2025:11:01:24 -0400] "GET /50dbtor19099.html HTTP/1.1" 404 23127 "-" "Mozilla/5.0 (compatible; DataForSeoBot/1.0; +https://dataforseo.com/dataforseo-bot)"
66.249.65.197 - - [05/Jul/2025:11:01:25 -0400] "GET /157jdowz12216.html HTTP/1.1" 200 86930 "-" "Mozilla/5.0 (compatible; Googlebot/2.1; +http://www.google.com/bot.html)"
136.243.228.194 - - [05/Jul/2025:11:01:28 -0400] "GET /items/kgrxh97/49069?key=rich HTTP/1.1" 404 23127 "-" "Mozilla/5.0 (compatible; DataForSeoBot/1.0; +https://dataforseo.com/dataforseo-bot)"
203.128.6.225 - - [05/Jul/2025:11:01:32 -0400] "POST /xmlrpc.php HTTP/1.1" 403 1242 "-" "Mozilla/5.0 (Windows NT 10.0; Win64; x64) AppleWebKit/537.36 (KHTML, like Gecko) Chrome/126.0.0.0 Safari/537.36"
136.243.228.194 - - [05/Jul/2025:11:01:32 -0400] "GET /98zhkof26841.html HTTP/1.1" 404 23127 "-" "Mozilla/5.0 (compatible; DataForSeoBot/1.0; +https://dataforseo.com/dataforseo-bot)"
136.243.228.194 - - [05/Jul/2025:11:01:36 -0400] "GET /items/lgkxs252/14512?key=bench HTTP/1.1" 404 23127 "-" "Mozilla/5.0 (compatible; DataForSeoBot/1.0; +https://dataforseo.com/dataforseo-bot)"
66.249.65.197 - - [05/Jul/2025:11:01:39 -0400] "GET /items/ubdyg252/46920?key=accelerate HTTP/1.1" 200 87150 "-" "Mozilla/5.0 (Linux; Android 6.0.1; Nexus 5X Build/MMB29P) AppleWebKit/537.36 (KHTML, like Gecko) Chrome/137.0.7151.103 Mobile Safari/537.36 (compatible; Googlebot/2.1; +http://www.google.com/bot.html)"
20.171.207.36 - - [05/Jul/2025:11:01:38 -0400] "GET /142uubbl15545.html HTTP/1.1" 404 23127 "-" "Mozilla/5.0 AppleWebKit/537.36 (KHTML, like Gecko; compatible; GPTBot/1.2; +https://openai.com/gptbot)"
136.243.228.194 - - [05/Jul/2025:11:01:40 -0400] "GET /items/qgzgm28/39868?key=nominee HTTP/1.1" 404 23127 "-" "Mozilla/5.0 (compatible; DataForSeoBot/1.0; +https://dataforseo.com/dataforseo-bot)"
135.125.5.71 - - [05/Jul/2025:11:01:45 -0400] "POST /xmlrpc.php HTTP/1.1" 403 1242 "-" "Mozilla/5.0 (Windows NT 10.0; Win64; x64) AppleWebKit/537.36 (KHTML, like Gecko) Chrome/126.0.0.0 Safari/537.36"
136.243.228.194 - - [05/Jul/2025:11:01:45 -0400] "GET /86syb41189.html HTTP/1.1" 404 23127 "-" "Mozilla/5.0 (compatible; DataForSeoBot/1.0; +https://dataforseo.com/dataforseo-bot)"
66.249.65.196 - - [05/Jul/2025:11:01:51 -0400] "GET /items/nlgsd224/8482?key=somewhere HTTP/1.1" 200 86364 "-" "Mozilla/5.0 (compatible; Googlebot/2.1; +http://www.google.com/bot.html)"
136.243.228.194 - - [05/Jul/2025:11:01:50 -0400] "GET /items/zglub230/45126?key=situation HTTP/1.1" 404 23127 "-" "Mozilla/5.0 (compatible; DataForSeoBot/1.0; +https://dataforseo.com/dataforseo-bot)"
145.239.6.212 - - [05/Jul/2025:11:01:54 -0400] "POST /xmlrpc.php HTTP/1.1" 403 1242 "-" "Mozilla/5.0 (Windows NT 10.0; Win64; x64) AppleWebKit/537.36 (KHTML, like Gecko) Chrome/126.0.0.0 Safari/537.36"
66.29.146.47 - - [05/Jul/2025:11:01:54 -0400] "POST /wp-cron.php?doing_wp_cron=1751727714.1111989021301269531250 HTTP/1.1" 403 1242 "-" "WordPress/6.8; https://dangroup.sa"
5.75.168.169 - - [05/Jul/2025:11:01:55 -0400] "POST /xmlrpc.php HTTP/1.1" 403 1242 "-" "Mozilla/5.0 (Windows NT 10.0; Win64; x64) AppleWebKit/537.36 (KHTML, like Gecko) Chrome/126.0.0.0 Safari/537.36"
136.243.228.194 - - [05/Jul/2025:11:01:53 -0400] "GET /items/jqayn205/40705?key=rent HTTP/1.1" 404 23127 "-" "Mozilla/5.0 (compatible; DataForSeoBot/1.0; +https://dataforseo.com/dataforseo-bot)"
92.205.54.135 - - [05/Jul/2025:11:02:00 -0400] "POST /xmlrpc.php HTTP/1.1" 403 1242 "-" "Mozilla/5.0 (Windows NT 10.0; Win64; x64) AppleWebKit/537.36 (KHTML, like Gecko) Chrome/126.0.0.0 Safari/537.36"
136.243.228.194 - - [05/Jul/2025:11:01:59 -0400] "GET /210fjtv583.html HTTP/1.1" 404 23127 "-" "Mozilla/5.0 (compatible; DataForSeoBot/1.0; +https://dataforseo.com/dataforseo-bot)"
159.89.224.46 - - [05/Jul/2025:11:02:02 -0400] "POST /xmlrpc.php HTTP/1.1" 403 1242 "-" "Mozilla/5.0 (Windows NT 10.0; Win64; x64) AppleWebKit/537.36 (KHTML, like Gecko) Chrome/126.0.0.0 Safari/537.36"
222.252.11.133 - - [05/Jul/2025:11:02:05 -0400] "POST /xmlrpc.php HTTP/1.1" 403 1242 "-" "Mozilla/5.0 (Windows NT 10.0; Win64; x64) AppleWebKit/537.36 (KHTML, like Gecko) Chrome/126.0.0.0 Safari/537.36"
66.249.65.198 - - [05/Jul/2025:11:02:04 -0400] "GET /items/nilrs29/39829?key=mall HTTP/1.1" 200 86672 "-" "Mozilla/5.0 (Linux; Android 6.0.1; Nexus 5X Build/MMB29P) AppleWebKit/537.36 (KHTML, like Gecko) Chrome/137.0.7151.103 Mobile Safari/537.36 (compatible; Googlebot/2.1; +http://www.google.com/bot.html)"
136.243.228.194 - - [05/Jul/2025:11:02:03 -0400] "GET /items/kxzod134/1366?key=his HTTP/1.1" 404 23127 "-" "Mozilla/5.0 (compatible; DataForSeoBot/1.0; +https://dataforseo.com/dataforseo-bot)"
192.34.62.6 - - [05/Jul/2025:11:02:07 -0400] "POST /xmlrpc.php HTTP/1.1" 403 1242 "-" "Mozilla/5.0 (Windows NT 10.0; Win64; x64) AppleWebKit/537.36 (KHTML, like Gecko) Chrome/126.0.0.0 Safari/537.36"
136.243.228.194 - - [05/Jul/2025:11:02:08 -0400] "GET /items/epbom178/8282?key=scope HTTP/1.1" 404 23129 "-" "Mozilla/5.0 (compatible; DataForSeoBot/1.0; +https://dataforseo.com/dataforseo-bot)"
136.243.228.194 - - [05/Jul/2025:11:02:12 -0400] "GET /183pov25876.html HTTP/1.1" 404 23127 "-" "Mozilla/5.0 (compatible; DataForSeoBot/1.0; +https://dataforseo.com/dataforseo-bot)"
66.249.65.197 - - [05/Jul/2025:11:02:16 -0400] "GET /items/rlypq273/9283?key=define HTTP/1.1" 200 87094 "-" "Mozilla/5.0 (Linux; Android 6.0.1; Nexus 5X Build/MMB29P) AppleWebKit/537.36 (KHTML, like Gecko) Chrome/137.0.7151.103 Mobile Safari/537.36 (compatible; Googlebot/2.1; +http://www.google.com/bot.html)"
136.243.228.194 - - [05/Jul/2025:11:02:16 -0400] "GET /items/yggok126/45882?key=athletic HTTP/1.1" 404 23129 "-" "Mozilla/5.0 (compatible; DataForSeoBot/1.0; +https://dataforseo.com/dataforseo-bot)"
136.243.228.194 - - [05/Jul/2025:11:02:19 -0400] "GET /items/jhmwz288/49676?key=ideological HTTP/1.1" 404 23127 "-" "Mozilla/5.0 (compatible; DataForSeoBot/1.0; +https://dataforseo.com/dataforseo-bot)"
192.185.176.176 - - [05/Jul/2025:11:02:21 -0400] "POST /xmlrpc.php HTTP/1.1" 403 1242 "-" "Mozilla/5.0 (Windows NT 10.0; Win64; x64) AppleWebKit/537.36 (KHTML, like Gecko) Chrome/126.0.0.0 Safari/537.36"
66.249.65.196 - - [05/Jul/2025:11:02:23 -0400] "GET /items/npewk1/45019?key=yourself HTTP/1.1" 200 87667 "-" "Mozilla/5.0 (Linux; Android 6.0.1; Nexus 5X Build/MMB29P) AppleWebKit/537.36 (KHTML, like Gecko) Chrome/137.0.7151.103 Mobile Safari/537.36 (compatible; Googlebot/2.1; +http://www.google.com/bot.html)"
136.243.228.194 - - [05/Jul/2025:11:02:24 -0400] "GET /items/fopvj230/10600?key=gain HTTP/1.1" 404 23127 "-" "Mozilla/5.0 (compatible; DataForSeoBot/1.0; +https://dataforseo.com/dataforseo-bot)"
136.243.228.194 - - [05/Jul/2025:11:02:27 -0400] "GET /items/cqavz277/17285?key=variation HTTP/1.1" 404 23127 "-" "Mozilla/5.0 (compatible; DataForSeoBot/1.0; +https://dataforseo.com/dataforseo-bot)"
66.249.65.196 - - [05/Jul/2025:11:02:29 -0400] "GET /items/ansal60/8044?key=researcher HTTP/1.1" 200 87132 "-" "Mozilla/5.0 (compatible; Googlebot/2.1; +http://www.google.com/bot.html)"
66.249.65.196 - - [05/Jul/2025:11:02:30 -0400] "GET /29uge15926.html HTTP/1.1" 200 86731 "-" "Mozilla/5.0 (compatible; Googlebot/2.1; +http://www.google.com/bot.html)"
208.112.26.138 - - [05/Jul/2025:11:02:31 -0400] "POST /xmlrpc.php HTTP/1.1" 403 1242 "-" "Mozilla/5.0 (Windows NT 10.0; Win64; x64) AppleWebKit/537.36 (KHTML, like Gecko) Chrome/126.0.0.0 Safari/537.36"
136.243.228.194 - - [05/Jul/2025:11:02:31 -0400] "GET /145wsfx13276.html HTTP/1.1" 404 23127 "-" "Mozilla/5.0 (compatible; DataForSeoBot/1.0; +https://dataforseo.com/dataforseo-bot)"
136.243.228.194 - - [05/Jul/2025:11:02:36 -0400] "GET /items/epbbs73/21377?key=vacuum HTTP/1.1" 404 23127 "-" "Mozilla/5.0 (compatible; DataForSeoBot/1.0; +https://dataforseo.com/dataforseo-bot)"
20.171.207.36 - - [05/Jul/2025:11:02:38 -0400] "GET /226udipl26727.html HTTP/1.1" 404 23127 "-" "Mozilla/5.0 AppleWebKit/537.36 (KHTML, like Gecko; compatible; GPTBot/1.2; +https://openai.com/gptbot)"
66.249.65.197 - - [05/Jul/2025:11:02:41 -0400] "GET /items/rzjeh197/36001?key=though HTTP/1.1" 200 87938 "-" "Mozilla/5.0 (compatible; Googlebot/2.1; +http://www.google.com/bot.html)"
136.243.228.194 - - [05/Jul/2025:11:02:40 -0400] "GET /items/oqefy19/18951?key=render HTTP/1.1" 404 23129 "-" "Mozilla/5.0 (compatible; DataForSeoBot/1.0; +https://dataforseo.com/dataforseo-bot)"
66.249.65.197 - - [05/Jul/2025:11:02:43 -0400] "GET /pcmypage?callback=product/review/store-megasports-03240223tg9095503 HTTP/1.1" 200 87325 "-" "Mozilla/5.0 (Linux; Android 6.0.1; Nexus 5X Build/MMB29P) AppleWebKit/537.36 (KHTML, like Gecko) Chrome/137.0.7151.103 Mobile Safari/537.36 (compatible; Googlebot/2.1; +http://www.google.com/bot.html)"
208.113.188.102 - - [05/Jul/2025:11:02:45 -0400] "POST /xmlrpc.php HTTP/1.1" 403 1242 "-" "Mozilla/5.0 (Windows NT 10.0; Win64; x64) AppleWebKit/537.36 (KHTML, like Gecko) Chrome/126.0.0.0 Safari/537.36"
66.249.65.196 - - [05/Jul/2025:11:02:45 -0400] "GET /items/hekvn159/37093?key=shopping HTTP/1.1" 200 86722 "-" "Mozilla/5.0 (compatible; Googlebot/2.1; +http://www.google.com/bot.html)"
136.243.228.194 - - [05/Jul/2025:11:02:45 -0400] "GET /items/ocdca247/41407?key=surely HTTP/1.1" 404 23129 "-" "Mozilla/5.0 (compatible; DataForSeoBot/1.0; +https://dataforseo.com/dataforseo-bot)"
136.243.228.194 - - [05/Jul/2025:11:02:50 -0400] "GET /items/qjgqz13/41867?key=fault HTTP/1.1" 404 23127 "-" "Mozilla/5.0 (compatible; DataForSeoBot/1.0; +https://dataforseo.com/dataforseo-bot)"
66.249.65.197 - - [05/Jul/2025:11:02:53 -0400] "GET /pcmypage?callback=product/review/murauchi-dvd-4582685850232 HTTP/1.1" 200 87037 "-" "Mozilla/5.0 (compatible; Googlebot/2.1; +http://www.google.com/bot.html)"
66.29.146.47 - - [05/Jul/2025:11:02:54 -0400] "POST /wp-cron.php?doing_wp_cron=1751727774.4780919551849365234375 HTTP/1.1" 403 1242 "-" "WordPress/6.8; https://dangroup.sa"
159.100.29.148 - - [05/Jul/2025:11:02:55 -0400] "POST /xmlrpc.php HTTP/1.1" 403 1242 "-" "Mozilla/5.0 (Windows NT 10.0; Win64; x64) AppleWebKit/537.36 (KHTML, like Gecko) Chrome/126.0.0.0 Safari/537.36"
66.249.65.198 - - [05/Jul/2025:11:02:54 -0400] "GET /65xaui46826.html HTTP/1.1" 200 86748 "-" "Mozilla/5.0 (compatible; Googlebot/2.1; +http://www.google.com/bot.html)"
136.243.228.194 - - [05/Jul/2025:11:02:54 -0400] "GET /105gemlc16922.html HTTP/1.1" 404 23127 "-" "Mozilla/5.0 (compatible; DataForSeoBot/1.0; +https://dataforseo.com/dataforseo-bot)"
136.243.228.194 - - [05/Jul/2025:11:02:58 -0400] "GET /50hdpm17755.html HTTP/1.1" 404 23127 "-" "Mozilla/5.0 (compatible; DataForSeoBot/1.0; +https://dataforseo.com/dataforseo-bot)"
66.249.65.198 - - [05/Jul/2025:11:03:01 -0400] "GET /268wyzqp13149.html HTTP/1.1" 200 87047 "-" "Mozilla/5.0 (Linux; Android 6.0.1; Nexus 5X Build/MMB29P) AppleWebKit/537.36 (KHTML, like Gecko) Chrome/137.0.7151.103 Mobile Safari/537.36 (compatible; Googlebot/2.1; +http://www.google.com/bot.html)"
136.243.228.194 - - [05/Jul/2025:11:03:01 -0400] "GET /233hps2768.html HTTP/1.1" 404 23127 "-" "Mozilla/5.0 (compatible; DataForSeoBot/1.0; +https://dataforseo.com/dataforseo-bot)"
72.167.221.54 - - [05/Jul/2025:11:03:06 -0400] "POST /xmlrpc.php HTTP/1.1" 403 1242 "-" "Mozilla/5.0 (Windows NT 10.0; Win64; x64) AppleWebKit/537.36 (KHTML, like Gecko) Chrome/126.0.0.0 Safari/537.36"
47.82.60.33 - - [05/Jul/2025:11:03:05 -0400] "GET /pcmypage?callback=product/review/sakan8man-trus-1910722 HTTP/1.1" 404 23127 "https://dangroup.sa/pcmypage?callback=product/review/sakan8man-trus-1910722" "Mozilla/5.0 (Windows NT 10.0; Win64; x64) AppleWebKit/537.36 (KHTML, like Gecko) Chrome/114.0.0.0 Safari/537.36 Edg/114.0.1823.43"
136.243.228.194 - - [05/Jul/2025:11:03:05 -0400] "GET /items/holaw81/20729?key=lid HTTP/1.1" 404 23129 "-" "Mozilla/5.0 (compatible; DataForSeoBot/1.0; +https://dataforseo.com/dataforseo-bot)"
47.82.60.50 - - [05/Jul/2025:11:03:11 -0400] "GET /items/gwmpy75/2759?key=die HTTP/1.1" 301 0 "https://www.dangroup.sa/items/gwmpy75/2759?key=die" "Mozilla/5.0 (Windows NT 10.0; Win64; x64) AppleWebKit/537.36 (KHTML, like Gecko) Chrome/114.0.0.0 Safari/537.36 Edg/114.0.1823.43"
66.249.65.193 - - [05/Jul/2025:11:03:12 -0400] "GET /items/fqqum48/49000?key=bird HTTP/1.1" 200 86777 "-" "Mozilla/5.0 (compatible; Googlebot/2.1; +http://www.google.com/bot.html)"
13.125.219.226 - - [05/Jul/2025:11:03:13 -0400] "POST /xmlrpc.php HTTP/1.1" 403 1242 "-" "Mozilla/5.0 (Windows NT 10.0; Win64; x64) AppleWebKit/537.36 (KHTML, like Gecko) Chrome/126.0.0.0 Safari/537.36"
136.243.228.194 - - [05/Jul/2025:11:03:12 -0400] "GET /295bjiwd39626.html HTTP/1.1" 404 23127 "-" "Mozilla/5.0 (compatible; DataForSeoBot/1.0; +https://dataforseo.com/dataforseo-bot)"
47.82.60.50 - - [05/Jul/2025:11:03:13 -0400] "GET /items/gwmpy75/2759?key=die HTTP/1.1" 404 23127 "https://www.dangroup.sa/items/gwmpy75/2759?key=die" "Mozilla/5.0 (Windows NT 10.0; Win64; x64) AppleWebKit/537.36 (KHTML, like Gecko) Chrome/114.0.0.0 Safari/537.36 Edg/114.0.1823.43"
136.243.228.194 - - [05/Jul/2025:11:03:17 -0400] "GET /items/qiocz219/2389?key=afternoon HTTP/1.1" 404 23129 "-" "Mozilla/5.0 (compatible; DataForSeoBot/1.0; +https://dataforseo.com/dataforseo-bot)"
136.243.228.194 - - [05/Jul/2025:11:03:21 -0400] "GET /items/qnodm298/45674?key=ecosystem HTTP/1.1" 404 23127 "-" "Mozilla/5.0 (compatible; DataForSeoBot/1.0; +https://dataforseo.com/dataforseo-bot)"
64.227.168.172 - - [05/Jul/2025:11:03:26 -0400] "POST /xmlrpc.php HTTP/1.1" 403 1242 "-" "Mozilla/5.0 (Windows NT 10.0; Win64; x64) AppleWebKit/537.36 (KHTML, like Gecko) Chrome/126.0.0.0 Safari/537.36"
136.243.228.194 - - [05/Jul/2025:11:03:26 -0400] "GET /112ixf40805.html HTTP/1.1" 404 23127 "-" "Mozilla/5.0 (compatible; DataForSeoBot/1.0; +https://dataforseo.com/dataforseo-bot)"
136.243.228.194 - - [05/Jul/2025:11:03:29 -0400] "GET /18nmcu34637.html HTTP/1.1" 404 23127 "-" "Mozilla/5.0 (compatible; DataForSeoBot/1.0; +https://dataforseo.com/dataforseo-bot)"
162.214.55.193 - - [05/Jul/2025:11:03:34 -0400] "POST /xmlrpc.php HTTP/1.1" 403 1242 "-" "Mozilla/5.0 (Windows NT 10.0; Win64; x64) AppleWebKit/537.36 (KHTML, like Gecko) Chrome/126.0.0.0 Safari/537.36"
136.243.228.194 - - [05/Jul/2025:11:03:34 -0400] "GET /items/czdfl135/10529?key=button HTTP/1.1" 404 23127 "-" "Mozilla/5.0 (compatible; DataForSeoBot/1.0; +https://dataforseo.com/dataforseo-bot)"
202.142.184.234 - - [05/Jul/2025:11:03:38 -0400] "POST /xmlrpc.php HTTP/1.1" 403 1242 "-" "Mozilla/5.0 (Windows NT 10.0; Win64; x64) AppleWebKit/537.36 (KHTML, like Gecko) Chrome/126.0.0.0 Safari/537.36"
136.243.228.194 - - [05/Jul/2025:11:03:37 -0400] "GET /297megv19914.html HTTP/1.1" 404 23127 "-" "Mozilla/5.0 (compatible; DataForSeoBot/1.0; +https://dataforseo.com/dataforseo-bot)"
66.249.65.192 - - [05/Jul/2025:11:03:40 -0400] "GET /2fre20767.html HTTP/1.1" 200 86628 "-" "Mozilla/5.0 (compatible; Googlebot/2.1; +http://www.google.com/bot.html)"
47.82.60.21 - - [05/Jul/2025:11:03:38 -0400] "GET /items/zjwpk112/45068?key=calendar HTTP/1.1" 404 23129 "https://dangroup.sa/items/zjwpk112/45068?key=calendar" "Mozilla/5.0 (Windows NT 10.0; Win64; x64) AppleWebKit/537.36 (KHTML, like Gecko) Chrome/114.0.0.0 Safari/537.36 Edg/114.0.1823.43"
136.243.228.194 - - [05/Jul/2025:11:03:41 -0400] "GET /items/dzxos14/14818?key=financial HTTP/1.1" 404 23127 "-" "Mozilla/5.0 (compatible; DataForSeoBot/1.0; +https://dataforseo.com/dataforseo-bot)"
20.171.207.36 - - [05/Jul/2025:11:03:41 -0400] "GET /267jwttw32552.html HTTP/1.1" 404 23127 "-" "Mozilla/5.0 AppleWebKit/537.36 (KHTML, like Gecko; compatible; GPTBot/1.2; +https://openai.com/gptbot)"
136.243.228.194 - - [05/Jul/2025:11:03:47 -0400] "GET /items/qgdgg3/34367?key=premise HTTP/1.1" 404 23127 "-" "Mozilla/5.0 (compatible; DataForSeoBot/1.0; +https://dataforseo.com/dataforseo-bot)"
66.249.65.192 - - [05/Jul/2025:11:03:49 -0400] "GET /pcmypage?callback=product%2Fdetail%2Fmurauchi-denki-4994196400538 HTTP/1.1" 200 86999 "-" "Mozilla/5.0 (compatible; Googlebot/2.1; +http://www.google.com/bot.html)"
136.243.228.194 - - [05/Jul/2025:11:03:50 -0400] "GET /items/ndzog43/36529?key=dominate HTTP/1.1" 404 23127 "-" "Mozilla/5.0 (compatible; DataForSeoBot/1.0; +https://dataforseo.com/dataforseo-bot)"
66.29.146.47 - - [05/Jul/2025:11:03:55 -0400] "POST /wp-cron.php?doing_wp_cron=1751727834.9986340999603271484375 HTTP/1.1" 403 1242 "-" "WordPress/6.8; https://dangroup.sa"
66.249.65.192 - - [05/Jul/2025:11:03:55 -0400] "GET /items/mwojn263/5407?key=softly HTTP/1.1" 200 86924 "-" "Mozilla/5.0 (compatible; Googlebot/2.1; +http://www.google.com/bot.html)"
136.243.228.194 - - [05/Jul/2025:11:03:54 -0400] "GET /items/whnhg246/29886?key=standard HTTP/1.1" 404 23127 "-" "Mozilla/5.0 (compatible; DataForSeoBot/1.0; +https://dataforseo.com/dataforseo-bot)"
136.243.228.194 - - [05/Jul/2025:11:03:59 -0400] "GET /95jwttw32724.html HTTP/1.1" 404 23127 "-" "Mozilla/5.0 (compatible; DataForSeoBot/1.0; +https://dataforseo.com/dataforseo-bot)"
66.249.65.192 - - [05/Jul/2025:11:04:01 -0400] "GET /122pwpd48715.html HTTP/1.1" 200 86521 "-" "Mozilla/5.0 (compatible; Googlebot/2.1; +http://www.google.com/bot.html)"
136.243.228.194 - - [05/Jul/2025:11:04:02 -0400] "GET /284gbnjn13003.html HTTP/1.1" 404 23129 "-" "Mozilla/5.0 (compatible; DataForSeoBot/1.0; +https://dataforseo.com/dataforseo-bot)"
136.243.228.194 - - [05/Jul/2025:11:04:06 -0400] "GET /68wleop27003.html HTTP/1.1" 404 23129 "-" "Mozilla/5.0 (compatible; DataForSeoBot/1.0; +https://dataforseo.com/dataforseo-bot)"
66.249.65.192 - - [05/Jul/2025:11:04:08 -0400] "GET /pcmypage?callback=product%2Fdetail%2Fhaikanshop-2085564 HTTP/1.1" 200 88058 "-" "Mozilla/5.0 (compatible; Googlebot/2.1; +http://www.google.com/bot.html)"
66.249.65.192 - - [05/Jul/2025:11:04:09 -0400] "GET /280apqjg20397.html HTTP/1.1" 200 86245 "-" "Mozilla/5.0 (compatible; Googlebot/2.1; +http://www.google.com/bot.html)"
47.82.60.50 - - [05/Jul/2025:11:04:09 -0400] "GET /items/shvpp102/33786?key=apart HTTP/1.1" 404 23129 "https://dangroup.sa/items/shvpp102/33786?key=apart" "Mozilla/5.0 (Windows NT 10.0; Win64; x64) AppleWebKit/537.36 (KHTML, like Gecko) Chrome/114.0.0.0 Safari/537.36 Edg/114.0.1823.43"
136.243.228.194 - - [05/Jul/2025:11:04:11 -0400] "GET /127iyyz19766.html HTTP/1.1" 404 23127 "-" "Mozilla/5.0 (compatible; DataForSeoBot/1.0; +https://dataforseo.com/dataforseo-bot)"
92.205.54.135 - - [05/Jul/2025:11:04:13 -0400] "POST /xmlrpc.php HTTP/1.1" 403 1242 "-" "Mozilla/5.0 (Windows NT 10.0; Win64; x64) AppleWebKit/537.36 (KHTML, like Gecko) Chrome/126.0.0.0 Safari/537.36"
136.243.228.194 - - [05/Jul/2025:11:04:15 -0400] "GET /259jtk6386.html HTTP/1.1" 404 23127 "-" "Mozilla/5.0 (compatible; DataForSeoBot/1.0; +https://dataforseo.com/dataforseo-bot)"
52.167.144.216 - - [05/Jul/2025:11:04:19 -0400] "GET /xxfkrkj7290sdisnew HTTP/1.1" 200 17 "-" "Mozilla/5.0 AppleWebKit/537.36 (KHTML, like Gecko; compatible; bingbot/2.0; +http://www.bing.com/bingbot.htm) Chrome/116.0.1938.76 Safari/537.36"
136.243.228.194 - - [05/Jul/2025:11:04:18 -0400] "GET /items/vyoko42/7520?key=rabbit HTTP/1.1" 404 23127 "-" "Mozilla/5.0 (compatible; DataForSeoBot/1.0; +https://dataforseo.com/dataforseo-bot)"
167.172.219.235 - - [05/Jul/2025:11:04:23 -0400] "POST /xmlrpc.php HTTP/1.1" 403 1242 "-" "Mozilla/5.0 (Windows NT 10.0; Win64; x64) AppleWebKit/537.36 (KHTML, like Gecko) Chrome/126.0.0.0 Safari/537.36"
136.243.228.194 - - [05/Jul/2025:11:04:24 -0400] "GET /258hoe30867.html HTTP/1.1" 404 23129 "-" "Mozilla/5.0 (compatible; DataForSeoBot/1.0; +https://dataforseo.com/dataforseo-bot)"
159.89.224.46 - - [05/Jul/2025:11:04:28 -0400] "POST /xmlrpc.php HTTP/1.1" 403 1242 "-" "Mozilla/5.0 (Windows NT 10.0; Win64; x64) AppleWebKit/537.36 (KHTML, like Gecko) Chrome/126.0.0.0 Safari/537.36"
136.243.228.194 - - [05/Jul/2025:11:04:29 -0400] "GET /items/zksnp75/12259?key=chief HTTP/1.1" 404 23127 "-" "Mozilla/5.0 (compatible; DataForSeoBot/1.0; +https://dataforseo.com/dataforseo-bot)"
66.249.65.192 - - [05/Jul/2025:11:04:31 -0400] "GET /pcmypage?callback=product/review/sinuchihonpo-b0cl5qhkw9 HTTP/1.1" 200 87081 "-" "Mozilla/5.0 (compatible; Googlebot/2.1; +http://www.google.com/bot.html)"
47.82.60.10 - - [05/Jul/2025:11:04:30 -0400] "GET /items/qwlgk151/22951?key=commitment HTTP/1.1" 404 23127 "https://dangroup.sa/items/qwlgk151/22951?key=commitment" "Mozilla/5.0 (Windows NT 10.0; Win64; x64) AppleWebKit/537.36 (KHTML, like Gecko) Chrome/114.0.0.0 Safari/537.36 Edg/114.0.1823.43"
136.243.228.194 - - [05/Jul/2025:11:04:32 -0400] "GET /items/tsscm42/19590?key=colorful HTTP/1.1" 404 23127 "-" "Mozilla/5.0 (compatible; DataForSeoBot/1.0; +https://dataforseo.com/dataforseo-bot)"
69.49.228.101 - - [05/Jul/2025:11:04:35 -0400] "POST /xmlrpc.php HTTP/1.1" 403 1242 "-" "Mozilla/5.0 (Windows NT 10.0; Win64; x64) AppleWebKit/537.36 (KHTML, like Gecko) Chrome/126.0.0.0 Safari/537.36"
136.243.228.194 - - [05/Jul/2025:11:04:37 -0400] "GET /273sdb18540.html HTTP/1.1" 404 23127 "-" "Mozilla/5.0 (compatible; DataForSeoBot/1.0; +https://dataforseo.com/dataforseo-bot)"
66.249.65.192 - - [05/Jul/2025:11:04:38 -0400] "GET /items/cqavz278/17284?key=pipe HTTP/1.1" 200 86628 "-" "Mozilla/5.0 (Linux; Android 6.0.1; Nexus 5X Build/MMB29P) AppleWebKit/537.36 (KHTML, like Gecko) Chrome/137.0.7151.103 Mobile Safari/537.36 (compatible; Googlebot/2.1; +http://www.google.com/bot.html)"
66.249.65.192 - - [05/Jul/2025:11:04:40 -0400] "GET /144vyyi167.html HTTP/1.1" 200 86794 "-" "Mozilla/5.0 (Linux; Android 6.0.1; Nexus 5X Build/MMB29P) AppleWebKit/537.36 (KHTML, like Gecko) Chrome/137.0.7151.103 Mobile Safari/537.36 (compatible; Googlebot/2.1; +http://www.google.com/bot.html)"
66.249.65.193 - - [05/Jul/2025:11:04:41 -0400] "GET /144vyyi167.html HTTP/1.1" 200 86802 "-" "Mozilla/5.0 (Linux; Android 6.0.1; Nexus 5X Build/MMB29P) AppleWebKit/537.36 (KHTML, like Gecko) Chrome/137.0.7151.103 Mobile Safari/537.36 (compatible; Googlebot/2.1; +http://www.google.com/bot.html)"
136.243.228.194 - - [05/Jul/2025:11:04:40 -0400] "GET /items/guhfg206/18004?key=quickly HTTP/1.1" 404 23127 "-" "Mozilla/5.0 (compatible; DataForSeoBot/1.0; +https://dataforseo.com/dataforseo-bot)"
66.249.65.192 - - [05/Jul/2025:11:04:42 -0400] "GET /135isjlf47222.html HTTP/1.1" 200 86858 "-" "Mozilla/5.0 (compatible; Googlebot/2.1; +http://www.google.com/bot.html)"
136.243.228.194 - - [05/Jul/2025:11:04:44 -0400] "GET /items/rwnxi79/25707?key=great HTTP/1.1" 404 23127 "-" "Mozilla/5.0 (compatible; DataForSeoBot/1.0; +https://dataforseo.com/dataforseo-bot)"
13.125.219.226 - - [05/Jul/2025:11:04:47 -0400] "POST /xmlrpc.php HTTP/1.1" 403 1242 "-" "Mozilla/5.0 (Windows NT 10.0; Win64; x64) AppleWebKit/537.36 (KHTML, like Gecko) Chrome/126.0.0.0 Safari/537.36"
20.171.207.36 - - [05/Jul/2025:11:04:46 -0400] "GET /100kncth49949.html HTTP/1.1" 404 23129 "-" "Mozilla/5.0 AppleWebKit/537.36 (KHTML, like Gecko; compatible; GPTBot/1.2; +https://openai.com/gptbot)"
136.243.228.194 - - [05/Jul/2025:11:04:48 -0400] "GET /items/eloiv199/20039?key=result HTTP/1.1" 404 23127 "-" "Mozilla/5.0 (compatible; DataForSeoBot/1.0; +https://dataforseo.com/dataforseo-bot)"
47.82.60.1 - - [05/Jul/2025:11:04:50 -0400] "GET /pcmypage?callback=product/review/fujix-nk-345048 HTTP/1.1" 404 23129 "https://dangroup.sa/pcmypage?callback=product/review/fujix-nk-345048" "Mozilla/5.0 (Windows NT 10.0; Win64; x64) AppleWebKit/537.36 (KHTML, like Gecko) Chrome/114.0.0.0 Safari/537.36 Edg/114.0.1823.43"
136.243.228.194 - - [05/Jul/2025:11:04:52 -0400] "GET /items/hurgt134/8870?key=sad HTTP/1.1" 404 23129 "-" "Mozilla/5.0 (compatible; DataForSeoBot/1.0; +https://dataforseo.com/dataforseo-bot)"
66.29.146.47 - - [05/Jul/2025:11:04:55 -0400] "POST /wp-cron.php?doing_wp_cron=1751727895.4990329742431640625000 HTTP/1.1" 403 1242 "-" "WordPress/6.8; https://dangroup.sa"
47.82.60.39 - - [05/Jul/2025:11:04:55 -0400] "GET /168vpmtz28283.html HTTP/1.1" 404 23127 "https://dangroup.sa/168vpmtz28283.html" "Mozilla/5.0 (Windows NT 10.0; Win64; x64) AppleWebKit/537.36 (KHTML, like Gecko) Chrome/114.0.0.0 Safari/537.36 Edg/114.0.1823.43"
103.69.98.45 - - [05/Jul/2025:11:04:58 -0400] "POST /xmlrpc.php HTTP/1.1" 403 1242 "-" "Mozilla/5.0 (Windows NT 10.0; Win64; x64) AppleWebKit/537.36 (KHTML, like Gecko) Chrome/126.0.0.0 Safari/537.36"
136.243.228.194 - - [05/Jul/2025:11:04:57 -0400] "GET /items/jguls126/1972?key=withdraw HTTP/1.1" 404 23127 "-" "Mozilla/5.0 (compatible; DataForSeoBot/1.0; +https://dataforseo.com/dataforseo-bot)"
66.249.65.193 - - [05/Jul/2025:11:04:59 -0400] "GET /282oeu47997.html HTTP/1.1" 200 86957 "-" "Mozilla/5.0 (Linux; Android 6.0.1; Nexus 5X Build/MMB29P) AppleWebKit/537.36 (KHTML, like Gecko) Chrome/137.0.7151.103 Mobile Safari/537.36 (compatible; Googlebot/2.1; +http://www.google.com/bot.html)"
152.228.229.253 - - [05/Jul/2025:11:05:00 -0400] "POST /xmlrpc.php HTTP/1.1" 403 1242 "-" "Mozilla/5.0 (Windows NT 10.0; Win64; x64) AppleWebKit/537.36 (KHTML, like Gecko) Chrome/126.0.0.0 Safari/537.36"
216.246.113.91 - - [05/Jul/2025:11:05:01 -0400] "POST /xmlrpc.php HTTP/1.1" 403 1242 "-" "Mozilla/5.0 (Windows NT 10.0; Win64; x64) AppleWebKit/537.36 (KHTML, like Gecko) Chrome/126.0.0.0 Safari/537.36"
136.243.228.194 - - [05/Jul/2025:11:05:00 -0400] "GET /items/nbcst167/8079?key=diplomatic HTTP/1.1" 404 23127 "-" "Mozilla/5.0 (compatible; DataForSeoBot/1.0; +https://dataforseo.com/dataforseo-bot)"
47.82.60.5 - - [05/Jul/2025:11:05:04 -0400] "GET /pcmypage?callback=product/detail/hcvalor-eshop-trusco-4858855 HTTP/1.1" 301 0 "https://www.dangroup.sa/pcmypage?callback=product%2Fdetail%2Fhcvalor-eshop-trusco-4858855" "Mozilla/5.0 (Windows NT 10.0; Win64; x64) AppleWebKit/537.36 (KHTML, like Gecko) Chrome/114.0.0.0 Safari/537.36 Edg/114.0.1823.43"
47.82.60.12 - - [05/Jul/2025:11:05:04 -0400] "GET /113egw21592.html HTTP/1.1" 301 0 "https://www.dangroup.sa/113egw21592.html" "Mozilla/5.0 (Windows NT 10.0; Win64; x64) AppleWebKit/537.36 (KHTML, like Gecko) Chrome/114.0.0.0 Safari/537.36 Edg/114.0.1823.43"
47.82.60.5 - - [05/Jul/2025:11:05:02 -0400] "GET /items/bhezo150/29830?key=tension HTTP/1.1" 404 23127 "https://dangroup.sa/items/bhezo150/29830?key=tension" "Mozilla/5.0 (Windows NT 10.0; Win64; x64) AppleWebKit/537.36 (KHTML, like Gecko) Chrome/114.0.0.0 Safari/537.36 Edg/114.0.1823.43"
