136.243.228.194 - - [05/Jul/2025:11:20:11 -0400] "GET /items/mcyvt184/5714?key=hunger HTTP/1.1" 404 23127 "-" "Mozilla/5.0 (compatible; DataForSeoBot/1.0; +https://dataforseo.com/dataforseo-bot)"
66.249.74.168 - - [05/Jul/2025:11:20:13 -0400] "GET /product/edit/first34-trusco-1089441 HTTP/1.1" 200 87431 "-" "Mozilla/5.0 (Linux; Android 6.0.1; Nexus 5X Build/MMB29P) AppleWebKit/537.36 (KHTML, like Gecko) Chrome/137.0.7151.103 Mobile Safari/537.36 (compatible; Googlebot/2.1; +http://www.google.com/bot.html)"
66.249.65.196 - - [05/Jul/2025:11:20:15 -0400] "GET /items/gybgh284/28994?key=advertising HTTP/1.1" 200 87348 "-" "Mozilla/5.0 (compatible; Googlebot/2.1; +http://www.google.com/bot.html)"
104.237.141.13 - - [05/Jul/2025:11:20:18 -0400] "POST /xmlrpc.php HTTP/1.1" 403 1242 "-" "Mozilla/5.0 (Windows NT 10.0; Win64; x64) AppleWebKit/537.36 (KHTML, like Gecko) Chrome/126.0.0.0 Safari/537.36"
136.243.228.194 - - [05/Jul/2025:11:20:16 -0400] "GET /9flwrr26654.html HTTP/1.1" 404 23127 "-" "Mozilla/5.0 (compatible; DataForSeoBot/1.0; +https://dataforseo.com/dataforseo-bot)"
136.243.228.194 - - [05/Jul/2025:11:20:21 -0400] "GET /items/frjum88/19902?key=withdraw HTTP/1.1" 404 23127 "-" "Mozilla/5.0 (compatible; DataForSeoBot/1.0; +https://dataforseo.com/dataforseo-bot)"
136.243.228.194 - - [05/Jul/2025:11:20:24 -0400] "GET /146lxl46251.html HTTP/1.1" 404 23127 "-" "Mozilla/5.0 (compatible; DataForSeoBot/1.0; +https://dataforseo.com/dataforseo-bot)"
70.32.85.154 - - [05/Jul/2025:11:20:30 -0400] "POST /xmlrpc.php HTTP/1.1" 403 1242 "-" "Mozilla/5.0 (Windows NT 10.0; Win64; x64) AppleWebKit/537.36 (KHTML, like Gecko) Chrome/126.0.0.0 Safari/537.36"
136.243.228.194 - - [05/Jul/2025:11:20:28 -0400] "GET /81vvtc36518.html HTTP/1.1" 404 23127 "-" "Mozilla/5.0 (compatible; DataForSeoBot/1.0; +https://dataforseo.com/dataforseo-bot)"
66.249.65.196 - - [05/Jul/2025:11:20:31 -0400] "GET /179syxqs18318.html HTTP/1.1" 200 86047 "-" "Mozilla/5.0 (compatible; Googlebot/2.1; +http://www.google.com/bot.html)"
136.243.228.194 - - [05/Jul/2025:11:20:32 -0400] "GET /items/tyaeq251/35447?key=fail HTTP/1.1" 404 23129 "-" "Mozilla/5.0 (compatible; DataForSeoBot/1.0; +https://dataforseo.com/dataforseo-bot)"
66.29.146.47 - - [05/Jul/2025:11:20:35 -0400] "POST /wp-cron.php?doing_wp_cron=1751728835.3724548816680908203125 HTTP/1.1" 403 1242 "-" "WordPress/6.8; https://dangroup.sa"
103.14.23.70 - - [05/Jul/2025:11:20:36 -0400] "POST /xmlrpc.php HTTP/1.1" 403 1242 "-" "Mozilla/5.0 (Windows NT 10.0; Win64; x64) AppleWebKit/537.36 (KHTML, like Gecko) Chrome/126.0.0.0 Safari/537.36"
20.171.207.36 - - [05/Jul/2025:11:20:35 -0400] "GET /181emjen10988.html HTTP/1.1" 404 23127 "-" "Mozilla/5.0 AppleWebKit/537.36 (KHTML, like Gecko; compatible; GPTBot/1.2; +https://openai.com/gptbot)"
136.243.228.194 - - [05/Jul/2025:11:20:36 -0400] "GET /items/yuspb136/5356?key=fine HTTP/1.1" 404 23127 "-" "Mozilla/5.0 (compatible; DataForSeoBot/1.0; +https://dataforseo.com/dataforseo-bot)"
103.253.178.3 - - [05/Jul/2025:11:20:40 -0400] "POST /xmlrpc.php HTTP/1.1" 403 1242 "-" "Mozilla/5.0 (Windows NT 10.0; Win64; x64) AppleWebKit/537.36 (KHTML, like Gecko) Chrome/126.0.0.0 Safari/537.36"
195.251.38.53 - - [05/Jul/2025:11:20:41 -0400] "POST /xmlrpc.php HTTP/1.1" 403 1242 "-" "Mozilla/5.0 (Windows NT 10.0; Win64; x64) AppleWebKit/537.36 (KHTML, like Gecko) Chrome/126.0.0.0 Safari/537.36"
136.243.228.194 - - [05/Jul/2025:11:20:40 -0400] "GET /89eovg43794.html HTTP/1.1" 404 23127 "-" "Mozilla/5.0 (compatible; DataForSeoBot/1.0; +https://dataforseo.com/dataforseo-bot)"
208.109.228.189 - - [05/Jul/2025:11:20:43 -0400] "POST /xmlrpc.php HTTP/1.1" 403 1242 "-" "Mozilla/5.0 (Windows NT 10.0; Win64; x64) AppleWebKit/537.36 (KHTML, like Gecko) Chrome/126.0.0.0 Safari/537.36"
136.243.228.194 - - [05/Jul/2025:11:20:44 -0400] "GET /95hgid47914.html HTTP/1.1" 404 23127 "-" "Mozilla/5.0 (compatible; DataForSeoBot/1.0; +https://dataforseo.com/dataforseo-bot)"
212.105.78.61 - - [05/Jul/2025:11:20:50 -0400] "POST /xmlrpc.php HTTP/1.1" 403 1242 "-" "Mozilla/5.0 (Windows NT 10.0; Win64; x64) AppleWebKit/537.36 (KHTML, like Gecko) Chrome/126.0.0.0 Safari/537.36"
136.243.228.194 - - [05/Jul/2025:11:20:49 -0400] "GET /items/znife103/37289?key=consequence HTTP/1.1" 404 23129 "-" "Mozilla/5.0 (compatible; DataForSeoBot/1.0; +https://dataforseo.com/dataforseo-bot)"
88.198.69.173 - - [05/Jul/2025:11:20:53 -0400] "POST /xmlrpc.php HTTP/1.1" 403 1242 "-" "Mozilla/5.0 (Windows NT 10.0; Win64; x64) AppleWebKit/537.36 (KHTML, like Gecko) Chrome/126.0.0.0 Safari/537.36"
136.243.228.194 - - [05/Jul/2025:11:20:52 -0400] "GET /237kbm32666.html HTTP/1.1" 404 23127 "-" "Mozilla/5.0 (compatible; DataForSeoBot/1.0; +https://dataforseo.com/dataforseo-bot)"
77.68.26.87 - - [05/Jul/2025:11:20:55 -0400] "POST /xmlrpc.php HTTP/1.1" 403 1242 "-" "Mozilla/5.0 (Windows NT 10.0; Win64; x64) AppleWebKit/537.36 (KHTML, like Gecko) Chrome/126.0.0.0 Safari/537.36"
136.243.228.194 - - [05/Jul/2025:11:20:56 -0400] "GET /252fjll39715.html HTTP/1.1" 404 23127 "-" "Mozilla/5.0 (compatible; DataForSeoBot/1.0; +https://dataforseo.com/dataforseo-bot)"
103.4.67.18 - - [05/Jul/2025:11:21:01 -0400] "POST /xmlrpc.php HTTP/1.1" 403 1242 "-" "Mozilla/5.0 (Windows NT 10.0; Win64; x64) AppleWebKit/537.36 (KHTML, like Gecko) Chrome/126.0.0.0 Safari/537.36"
66.249.65.196 - - [05/Jul/2025:11:21:00 -0400] "GET /125zrrk7496.html HTTP/1.1" 200 86594 "-" "Mozilla/5.0 (compatible; Googlebot/2.1; +http://www.google.com/bot.html)"
136.243.228.194 - - [05/Jul/2025:11:21:00 -0400] "GET /items/ahkkm194/7020?key=pen HTTP/1.1" 404 23127 "-" "Mozilla/5.0 (compatible; DataForSeoBot/1.0; +https://dataforseo.com/dataforseo-bot)"
142.4.0.114 - - [05/Jul/2025:11:21:04 -0400] "POST /xmlrpc.php HTTP/1.1" 403 1242 "-" "Mozilla/5.0 (Windows NT 10.0; Win64; x64) AppleWebKit/537.36 (KHTML, like Gecko) Chrome/126.0.0.0 Safari/537.36"
66.249.65.197 - - [05/Jul/2025:11:21:04 -0400] "GET /151oki24964.html HTTP/1.1" 200 86872 "-" "Mozilla/5.0 (compatible; Googlebot/2.1; +http://www.google.com/bot.html)"
136.243.228.194 - - [05/Jul/2025:11:21:05 -0400] "GET /items/sqwrw281/6701?key=key HTTP/1.1" 404 23127 "-" "Mozilla/5.0 (compatible; DataForSeoBot/1.0; +https://dataforseo.com/dataforseo-bot)"
66.249.65.197 - - [05/Jul/2025:11:21:07 -0400] "GET /items/crpxf37/44933?key=aware HTTP/1.1" 200 85836 "-" "Mozilla/5.0 (Linux; Android 6.0.1; Nexus 5X Build/MMB29P) AppleWebKit/537.36 (KHTML, like Gecko) Chrome/137.0.7151.103 Mobile Safari/537.36 (compatible; Googlebot/2.1; +http://www.google.com/bot.html)"
136.243.228.194 - - [05/Jul/2025:11:21:08 -0400] "GET /items/nmtvt269/49831?key=beef HTTP/1.1" 404 23129 "-" "Mozilla/5.0 (compatible; DataForSeoBot/1.0; +https://dataforseo.com/dataforseo-bot)"
162.241.5.61 - - [05/Jul/2025:11:21:11 -0400] "POST /xmlrpc.php HTTP/1.1" 403 1242 "-" "Mozilla/5.0 (Windows NT 10.0; Win64; x64) AppleWebKit/537.36 (KHTML, like Gecko) Chrome/126.0.0.0 Safari/537.36"
66.249.65.196 - - [05/Jul/2025:11:21:11 -0400] "GET /217ixdk41484.html HTTP/1.1" 200 86718 "-" "Mozilla/5.0 (Linux; Android 6.0.1; Nexus 5X Build/MMB29P) AppleWebKit/537.36 (KHTML, like Gecko) Chrome/137.0.7151.103 Mobile Safari/537.36 (compatible; Googlebot/2.1; +http://www.google.com/bot.html)"
136.243.228.194 - - [05/Jul/2025:11:21:13 -0400] "GET /207oydb17330.html HTTP/1.1" 404 23127 "-" "Mozilla/5.0 (compatible; DataForSeoBot/1.0; +https://dataforseo.com/dataforseo-bot)"
66.249.65.196 - - [05/Jul/2025:11:21:14 -0400] "GET /items/vtxgy275/26697?key=attribute HTTP/1.1" 200 86713 "-" "Mozilla/5.0 (compatible; Googlebot/2.1; +http://www.google.com/bot.html)"
184.168.99.84 - - [05/Jul/2025:11:21:16 -0400] "POST /xmlrpc.php HTTP/1.1" 403 1242 "-" "Mozilla/5.0 (Windows NT 10.0; Win64; x64) AppleWebKit/537.36 (KHTML, like Gecko) Chrome/126.0.0.0 Safari/537.36"
136.243.228.194 - - [05/Jul/2025:11:21:16 -0400] "GET /251tipv44960.html HTTP/1.1" 404 23127 "-" "Mozilla/5.0 (compatible; DataForSeoBot/1.0; +https://dataforseo.com/dataforseo-bot)"
66.249.65.196 - - [05/Jul/2025:11:21:18 -0400] "GET /items/kfeth177/9749?key=transmission HTTP/1.1" 200 86420 "-" "Mozilla/5.0 (Linux; Android 6.0.1; Nexus 5X Build/MMB29P) AppleWebKit/537.36 (KHTML, like Gecko) Chrome/137.0.7151.103 Mobile Safari/537.36 (compatible; Googlebot/2.1; +http://www.google.com/bot.html)"
136.243.228.194 - - [05/Jul/2025:11:21:20 -0400] "GET /items/ytgrm90/43060?key=limitation HTTP/1.1" 404 23127 "-" "Mozilla/5.0 (compatible; DataForSeoBot/1.0; +https://dataforseo.com/dataforseo-bot)"
222.252.11.133 - - [05/Jul/2025:11:21:22 -0400] "POST /xmlrpc.php HTTP/1.1" 403 1242 "-" "Mozilla/5.0 (Windows NT 10.0; Win64; x64) AppleWebKit/537.36 (KHTML, like Gecko) Chrome/126.0.0.0 Safari/537.36"
136.243.228.194 - - [05/Jul/2025:11:21:24 -0400] "GET /items/difek13/7177?key=civilian HTTP/1.1" 404 23127 "-" "Mozilla/5.0 (compatible; DataForSeoBot/1.0; +https://dataforseo.com/dataforseo-bot)"
192.34.62.6 - - [05/Jul/2025:11:21:27 -0400] "POST /xmlrpc.php HTTP/1.1" 403 1242 "-" "Mozilla/5.0 (Windows NT 10.0; Win64; x64) AppleWebKit/537.36 (KHTML, like Gecko) Chrome/126.0.0.0 Safari/537.36"
136.243.228.194 - - [05/Jul/2025:11:21:28 -0400] "GET /277otvr49012.html HTTP/1.1" 404 23129 "-" "Mozilla/5.0 (compatible; DataForSeoBot/1.0; +https://dataforseo.com/dataforseo-bot)"
66.249.65.197 - - [05/Jul/2025:11:21:31 -0400] "GET /items/mrcpm31/10725?key=sigh HTTP/1.1" 200 86522 "-" "Mozilla/5.0 (Linux; Android 6.0.1; Nexus 5X Build/MMB29P) AppleWebKit/537.36 (KHTML, like Gecko) Chrome/137.0.7151.103 Mobile Safari/537.36 (compatible; Googlebot/2.1; +http://www.google.com/bot.html)"
66.249.65.197 - - [05/Jul/2025:11:21:32 -0400] "GET /16nqbw255.html HTTP/1.1" 200 86896 "-" "Mozilla/5.0 (Linux; Android 6.0.1; Nexus 5X Build/MMB29P) AppleWebKit/537.36 (KHTML, like Gecko) Chrome/137.0.7151.103 Mobile Safari/537.36 (compatible; Googlebot/2.1; +http://www.google.com/bot.html)"
136.243.228.194 - - [05/Jul/2025:11:21:33 -0400] "GET /items/etnqq49/41531?key=course HTTP/1.1" 404 23127 "-" "Mozilla/5.0 (compatible; DataForSeoBot/1.0; +https://dataforseo.com/dataforseo-bot)"
66.29.146.47 - - [05/Jul/2025:11:21:36 -0400] "POST /wp-cron.php?doing_wp_cron=1751728896.1435530185699462890625 HTTP/1.1" 403 1242 "-" "WordPress/6.8; https://dangroup.sa"
162.241.5.61 - - [05/Jul/2025:11:21:37 -0400] "POST /xmlrpc.php HTTP/1.1" 403 1242 "-" "Mozilla/5.0 (Windows NT 10.0; Win64; x64) AppleWebKit/537.36 (KHTML, like Gecko) Chrome/126.0.0.0 Safari/537.36"
20.171.207.36 - - [05/Jul/2025:11:21:35 -0400] "GET /241crmwm41624.html HTTP/1.1" 404 23129 "-" "Mozilla/5.0 AppleWebKit/537.36 (KHTML, like Gecko; compatible; GPTBot/1.2; +https://openai.com/gptbot)"
136.243.228.194 - - [05/Jul/2025:11:21:36 -0400] "GET /6ndjxk22997.html HTTP/1.1" 404 23127 "-" "Mozilla/5.0 (compatible; DataForSeoBot/1.0; +https://dataforseo.com/dataforseo-bot)"
136.243.228.194 - - [05/Jul/2025:11:21:40 -0400] "GET /86cxjm32185.html HTTP/1.1" 404 23129 "-" "Mozilla/5.0 (compatible; DataForSeoBot/1.0; +https://dataforseo.com/dataforseo-bot)"
136.243.228.194 - - [05/Jul/2025:11:21:45 -0400] "GET /71nsbmi19958.html HTTP/1.1" 404 23127 "-" "Mozilla/5.0 (compatible; DataForSeoBot/1.0; +https://dataforseo.com/dataforseo-bot)"
70.32.85.154 - - [05/Jul/2025:11:21:47 -0400] "POST /xmlrpc.php HTTP/1.1" 403 1242 "-" "Mozilla/5.0 (Windows NT 10.0; Win64; x64) AppleWebKit/537.36 (KHTML, like Gecko) Chrome/126.0.0.0 Safari/537.36"
88.198.69.173 - - [05/Jul/2025:11:21:48 -0400] "POST /xmlrpc.php HTTP/1.1" 403 1242 "-" "Mozilla/5.0 (Windows NT 10.0; Win64; x64) AppleWebKit/537.36 (KHTML, like Gecko) Chrome/126.0.0.0 Safari/537.36"
136.243.228.194 - - [05/Jul/2025:11:21:48 -0400] "GET /260etgya23253.html HTTP/1.1" 404 23129 "-" "Mozilla/5.0 (compatible; DataForSeoBot/1.0; +https://dataforseo.com/dataforseo-bot)"
136.243.228.194 - - [05/Jul/2025:11:21:52 -0400] "GET /116yzte19841.html HTTP/1.1" 404 23127 "-" "Mozilla/5.0 (compatible; DataForSeoBot/1.0; +https://dataforseo.com/dataforseo-bot)"
162.241.5.61 - - [05/Jul/2025:11:21:55 -0400] "POST /xmlrpc.php HTTP/1.1" 403 1242 "-" "Mozilla/5.0 (Windows NT 10.0; Win64; x64) AppleWebKit/537.36 (KHTML, like Gecko) Chrome/126.0.0.0 Safari/537.36"
136.243.228.194 - - [05/Jul/2025:11:21:56 -0400] "GET /items/mstmr109/49927?key=definitely HTTP/1.1" 404 23127 "-" "Mozilla/5.0 (compatible; DataForSeoBot/1.0; +https://dataforseo.com/dataforseo-bot)"
136.243.228.194 - - [05/Jul/2025:11:22:01 -0400] "GET /273nohpw42470.html HTTP/1.1" 404 23127 "-" "Mozilla/5.0 (compatible; DataForSeoBot/1.0; +https://dataforseo.com/dataforseo-bot)"
86.106.183.213 - - [05/Jul/2025:11:22:05 -0400] "POST /xmlrpc.php HTTP/1.1" 403 1242 "-" "Mozilla/5.0 (Windows NT 10.0; Win64; x64) AppleWebKit/537.36 (KHTML, like Gecko) Chrome/126.0.0.0 Safari/537.36"
136.243.228.194 - - [05/Jul/2025:11:22:04 -0400] "GET /items/gcbsl126/49066?key=compromise HTTP/1.1" 404 23127 "-" "Mozilla/5.0 (compatible; DataForSeoBot/1.0; +https://dataforseo.com/dataforseo-bot)"
66.249.65.198 - - [05/Jul/2025:11:22:05 -0400] "GET /items/vncjw80/13188?key=precious HTTP/1.1" 200 87532 "-" "Mozilla/5.0 (Linux; Android 6.0.1; Nexus 5X Build/MMB29P) AppleWebKit/537.36 (KHTML, like Gecko) Chrome/137.0.7151.103 Mobile Safari/537.36 (compatible; Googlebot/2.1; +http://www.google.com/bot.html)"
136.243.228.194 - - [05/Jul/2025:11:22:08 -0400] "GET /items/kklgc295/13223?key=moment HTTP/1.1" 404 23127 "-" "Mozilla/5.0 (compatible; DataForSeoBot/1.0; +https://dataforseo.com/dataforseo-bot)"
208.112.26.138 - - [05/Jul/2025:11:22:13 -0400] "POST /xmlrpc.php HTTP/1.1" 403 1242 "-" "Mozilla/5.0 (Windows NT 10.0; Win64; x64) AppleWebKit/537.36 (KHTML, like Gecko) Chrome/126.0.0.0 Safari/537.36"
136.243.228.194 - - [05/Jul/2025:11:22:12 -0400] "GET /items/jxajd284/31554?key=helpful HTTP/1.1" 404 23127 "-" "Mozilla/5.0 (compatible; DataForSeoBot/1.0; +https://dataforseo.com/dataforseo-bot)"
92.204.146.5 - - [05/Jul/2025:11:22:15 -0400] "POST /xmlrpc.php HTTP/1.1" 403 1242 "-" "Mozilla/5.0 (Windows NT 10.0; Win64; x64) AppleWebKit/537.36 (KHTML, like Gecko) Chrome/126.0.0.0 Safari/537.36"
136.243.228.194 - - [05/Jul/2025:11:22:17 -0400] "GET /items/cgaxg108/6538?key=actually HTTP/1.1" 404 23127 "-" "Mozilla/5.0 (compatible; DataForSeoBot/1.0; +https://dataforseo.com/dataforseo-bot)"
136.243.228.194 - - [05/Jul/2025:11:22:20 -0400] "GET /93onuqm19896.html HTTP/1.1" 404 23127 "-" "Mozilla/5.0 (compatible; DataForSeoBot/1.0; +https://dataforseo.com/dataforseo-bot)"
66.249.66.200 - - [05/Jul/2025:11:22:22 -0400] "GET /pcmypage?callback=product%2Fdetail%2Fsweetrag-860cec8c9b3dfdfc-1 HTTP/1.1" 200 86519 "-" "Mozilla/5.0 (Linux; Android 6.0.1; Nexus 5X Build/MMB29P) AppleWebKit/537.36 (KHTML, like Gecko) Chrome/137.0.7151.103 Mobile Safari/537.36 (compatible; Googlebot/2.1; +http://www.google.com/bot.html)"
66.249.65.196 - - [05/Jul/2025:11:22:23 -0400] "GET /items/evtxi271/801?key=argument HTTP/1.1" 200 86597 "-" "Mozilla/5.0 (Linux; Android 6.0.1; Nexus 5X Build/MMB29P) AppleWebKit/537.36 (KHTML, like Gecko) Chrome/137.0.7151.103 Mobile Safari/537.36 (compatible; Googlebot/2.1; +http://www.google.com/bot.html)"
66.249.65.196 - - [05/Jul/2025:11:22:25 -0400] "GET /235myuot7496.html HTTP/1.1" 200 87625 "-" "Mozilla/5.0 (compatible; Googlebot/2.1; +http://www.google.com/bot.html)"
136.243.228.194 - - [05/Jul/2025:11:22:24 -0400] "GET /items/eyxus146/46764?key=artificial HTTP/1.1" 404 23127 "-" "Mozilla/5.0 (compatible; DataForSeoBot/1.0; +https://dataforseo.com/dataforseo-bot)"
66.249.65.196 - - [05/Jul/2025:11:22:26 -0400] "GET /items/ujirx260/13388?key=complete HTTP/1.1" 200 87209 "-" "Mozilla/5.0 (Linux; Android 6.0.1; Nexus 5X Build/MMB29P) AppleWebKit/537.36 (KHTML, like Gecko) Chrome/137.0.7151.103 Mobile Safari/537.36 (compatible; Googlebot/2.1; +http://www.google.com/bot.html)"
136.243.228.194 - - [05/Jul/2025:11:22:28 -0400] "GET /items/eghwn200/874?key=score HTTP/1.1" 404 23127 "-" "Mozilla/5.0 (compatible; DataForSeoBot/1.0; +https://dataforseo.com/dataforseo-bot)"
66.249.65.196 - - [05/Jul/2025:11:22:30 -0400] "GET /items/ujrbw213/4937?key=political HTTP/1.1" 200 87346 "-" "Mozilla/5.0 (Linux; Android 6.0.1; Nexus 5X Build/MMB29P) AppleWebKit/537.36 (KHTML, like Gecko) Chrome/137.0.7151.103 Mobile Safari/537.36 (compatible; Googlebot/2.1; +http://www.google.com/bot.html)"
66.249.65.197 - - [05/Jul/2025:11:22:33 -0400] "GET /136icabh23029.html HTTP/1.1" 200 86490 "-" "Mozilla/5.0 (compatible; Googlebot/2.1; +http://www.google.com/bot.html)"
136.243.228.194 - - [05/Jul/2025:11:22:33 -0400] "GET /12shz8371.html HTTP/1.1" 404 23127 "-" "Mozilla/5.0 (compatible; DataForSeoBot/1.0; +https://dataforseo.com/dataforseo-bot)"
66.249.65.196 - - [05/Jul/2025:11:22:34 -0400] "GET /items/tcdxz80/21620?key=dear HTTP/1.1" 200 86657 "-" "Mozilla/5.0 (Linux; Android 6.0.1; Nexus 5X Build/MMB29P) AppleWebKit/537.36 (KHTML, like Gecko) Chrome/137.0.7151.103 Mobile Safari/537.36 (compatible; Googlebot/2.1; +http://www.google.com/bot.html)"
136.243.228.194 - - [05/Jul/2025:11:22:37 -0400] "GET /items/wuhly280/5536?key=involvement HTTP/1.1" 404 23127 "-" "Mozilla/5.0 (compatible; DataForSeoBot/1.0; +https://dataforseo.com/dataforseo-bot)"
20.171.207.36 - - [05/Jul/2025:11:22:36 -0400] "GET /122cypyl28827.html HTTP/1.1" 404 23127 "-" "Mozilla/5.0 AppleWebKit/537.36 (KHTML, like Gecko; compatible; GPTBot/1.2; +https://openai.com/gptbot)"
136.243.228.194 - - [05/Jul/2025:11:22:41 -0400] "GET /213uqh21014.html HTTP/1.1" 404 23127 "-" "Mozilla/5.0 (compatible; DataForSeoBot/1.0; +https://dataforseo.com/dataforseo-bot)"
136.243.228.194 - - [05/Jul/2025:11:22:45 -0400] "GET /132mtdms42283.html HTTP/1.1" 404 23129 "-" "Mozilla/5.0 (compatible; DataForSeoBot/1.0; +https://dataforseo.com/dataforseo-bot)"
23.236.181.171 - - [05/Jul/2025:11:22:48 -0400] "POST /xmlrpc.php HTTP/1.1" 403 1242 "-" "Mozilla/5.0 (Windows NT 10.0; Win64; x64) AppleWebKit/537.36 (KHTML, like Gecko) Chrome/126.0.0.0 Safari/537.36"
51.222.253.4 - - [05/Jul/2025:11:22:48 -0400] "GET /en/tag/development/feed/ HTTP/1.1" 304 0 "-" "Mozilla/5.0 (compatible; AhrefsBot/7.0; +http://ahrefs.com/robot/)"
136.243.228.194 - - [05/Jul/2025:11:22:49 -0400] "GET /items/slqeq239/33321?key=eat HTTP/1.1" 404 23129 "-" "Mozilla/5.0 (compatible; DataForSeoBot/1.0; +https://dataforseo.com/dataforseo-bot)"
113.192.18.25 - - [05/Jul/2025:11:22:51 -0400] "POST /xmlrpc.php HTTP/1.1" 403 1242 "-" "Mozilla/5.0 (Windows NT 10.0; Win64; x64) AppleWebKit/537.36 (KHTML, like Gecko) Chrome/126.0.0.0 Safari/537.36"
136.243.228.194 - - [05/Jul/2025:11:22:53 -0400] "GET /58oxmm43599.html HTTP/1.1" 404 23127 "-" "Mozilla/5.0 (compatible; DataForSeoBot/1.0; +https://dataforseo.com/dataforseo-bot)"
13.125.219.226 - - [05/Jul/2025:11:22:58 -0400] "POST /xmlrpc.php HTTP/1.1" 403 1242 "-" "Mozilla/5.0 (Windows NT 10.0; Win64; x64) AppleWebKit/537.36 (KHTML, like Gecko) Chrome/126.0.0.0 Safari/537.36"
136.243.228.194 - - [05/Jul/2025:11:22:57 -0400] "GET /items/uyrkr296/10620?key=investigation HTTP/1.1" 404 23127 "-" "Mozilla/5.0 (compatible; DataForSeoBot/1.0; +https://dataforseo.com/dataforseo-bot)"
66.249.65.194 - - [05/Jul/2025:11:23:01 -0400] "GET /items/jixpp22/7814?key=north HTTP/1.1" 200 86945 "-" "Mozilla/5.0 (compatible; Googlebot/2.1; +http://www.google.com/bot.html)"
94.249.151.129 - - [05/Jul/2025:11:23:02 -0400] "POST /xmlrpc.php HTTP/1.1" 403 1242 "-" "Mozilla/5.0 (Windows NT 10.0; Win64; x64) AppleWebKit/537.36 (KHTML, like Gecko) Chrome/126.0.0.0 Safari/537.36"
66.249.65.194 - - [05/Jul/2025:11:23:02 -0400] "GET /12srp48037.html HTTP/1.1" 200 87562 "-" "Mozilla/5.0 (compatible; Googlebot/2.1; +http://www.google.com/bot.html)"
95.163.234.166 - - [05/Jul/2025:11:23:03 -0400] "POST /xmlrpc.php HTTP/1.1" 403 1242 "-" "Mozilla/5.0 (Windows NT 10.0; Win64; x64) AppleWebKit/537.36 (KHTML, like Gecko) Chrome/126.0.0.0 Safari/537.36"
136.243.228.194 - - [05/Jul/2025:11:23:02 -0400] "GET /items/tcwrq155/35561?key=coach HTTP/1.1" 404 23127 "-" "Mozilla/5.0 (compatible; DataForSeoBot/1.0; +https://dataforseo.com/dataforseo-bot)"
51.195.166.8 - - [05/Jul/2025:11:23:04 -0400] "POST /xmlrpc.php HTTP/1.1" 403 1242 "-" "Mozilla/5.0 (Windows NT 10.0; Win64; x64) AppleWebKit/537.36 (KHTML, like Gecko) Chrome/126.0.0.0 Safari/537.36"
66.249.65.193 - - [05/Jul/2025:11:23:05 -0400] "GET /86zaqr46743.html HTTP/1.1" 200 86828 "-" "Mozilla/5.0 (compatible; Googlebot/2.1; +http://www.google.com/bot.html)"
136.243.228.194 - - [05/Jul/2025:11:23:06 -0400] "GET /items/cahxm88/18000?key=dirty HTTP/1.1" 404 23129 "-" "Mozilla/5.0 (compatible; DataForSeoBot/1.0; +https://dataforseo.com/dataforseo-bot)"
206.189.80.189 - - [05/Jul/2025:11:23:10 -0400] "POST /xmlrpc.php HTTP/1.1" 403 1242 "-" "Mozilla/5.0 (Windows NT 10.0; Win64; x64) AppleWebKit/537.36 (KHTML, like Gecko) Chrome/126.0.0.0 Safari/537.36"
66.249.65.192 - - [05/Jul/2025:11:23:10 -0400] "GET /items/djgod144/16194?key=generate HTTP/1.1" 200 87086 "-" "Mozilla/5.0 (compatible; Googlebot/2.1; +http://www.google.com/bot.html)"
136.243.228.194 - - [05/Jul/2025:11:23:09 -0400] "GET /items/tgjez253/10015?key=engine HTTP/1.1" 404 23127 "-" "Mozilla/5.0 (compatible; DataForSeoBot/1.0; +https://dataforseo.com/dataforseo-bot)"
119.2.52.68 - - [05/Jul/2025:11:23:13 -0400] "POST /xmlrpc.php HTTP/1.1" 403 1242 "-" "Mozilla/5.0 (Windows NT 10.0; Win64; x64) AppleWebKit/537.36 (KHTML, like Gecko) Chrome/126.0.0.0 Safari/537.36"
66.249.65.193 - - [05/Jul/2025:11:23:15 -0400] "GET /pcmypage?callback=product/review/hcvalor-eshop-trusco-3930400 HTTP/1.1" 200 87197 "-" "Mozilla/5.0 (Linux; Android 6.0.1; Nexus 5X Build/MMB29P) AppleWebKit/537.36 (KHTML, like Gecko) Chrome/137.0.7151.103 Mobile Safari/537.36 (compatible; Googlebot/2.1; +http://www.google.com/bot.html)"
136.243.228.194 - - [05/Jul/2025:11:23:14 -0400] "GET /items/ftubu81/18837?key=victim HTTP/1.1" 404 23129 "-" "Mozilla/5.0 (compatible; DataForSeoBot/1.0; +https://dataforseo.com/dataforseo-bot)"
136.243.228.194 - - [05/Jul/2025:11:23:17 -0400] "GET /268nwskb4557.html HTTP/1.1" 404 23127 "-" "Mozilla/5.0 (compatible; DataForSeoBot/1.0; +https://dataforseo.com/dataforseo-bot)"
192.185.4.106 - - [05/Jul/2025:11:23:19 -0400] "POST /xmlrpc.php HTTP/1.1" 403 1242 "-" "Mozilla/5.0 (Windows NT 10.0; Win64; x64) AppleWebKit/537.36 (KHTML, like Gecko) Chrome/126.0.0.0 Safari/537.36"
66.249.65.193 - - [05/Jul/2025:11:23:20 -0400] "GET /pcmypage?callback=/product%2Fdetail*uc-parts-depot-24040846 HTTP/1.1" 200 86231 "-" "Mozilla/5.0 (Linux; Android 6.0.1; Nexus 5X Build/MMB29P) AppleWebKit/537.36 (KHTML, like Gecko) Chrome/137.0.7151.103 Mobile Safari/537.36 (compatible; Googlebot/2.1; +http://www.google.com/bot.html)"
136.243.228.194 - - [05/Jul/2025:11:23:21 -0400] "GET /items/sxhlw30/10570?key=dig HTTP/1.1" 404 23129 "-" "Mozilla/5.0 (compatible; DataForSeoBot/1.0; +https://dataforseo.com/dataforseo-bot)"
213.231.7.92 - - [05/Jul/2025:11:23:23 -0400] "POST /xmlrpc.php HTTP/1.1" 403 1242 "-" "Mozilla/5.0 (Windows NT 10.0; Win64; x64) AppleWebKit/537.36 (KHTML, like Gecko) Chrome/126.0.0.0 Safari/537.36"
66.249.65.192 - - [05/Jul/2025:11:23:23 -0400] "GET /items/gnnbc80/28740?key=cooking HTTP/1.1" 200 87178 "-" "Mozilla/5.0 (Linux; Android 6.0.1; Nexus 5X Build/MMB29P) AppleWebKit/537.36 (KHTML, like Gecko) Chrome/137.0.7151.103 Mobile Safari/537.36 (compatible; Googlebot/2.1; +http://www.google.com/bot.html)"
147.182.247.48 - - [05/Jul/2025:11:23:25 -0400] "POST /xmlrpc.php HTTP/1.1" 403 1242 "-" "Mozilla/5.0 (Windows NT 10.0; Win64; x64) AppleWebKit/537.36 (KHTML, like Gecko) Chrome/126.0.0.0 Safari/537.36"
66.249.65.193 - - [05/Jul/2025:11:23:26 -0400] "GET /145djqs62976.html HTTP/1.1" 200 86750 "-" "Mozilla/5.0 (compatible; Googlebot/2.1; +http://www.google.com/bot.html)"
136.243.228.194 - - [05/Jul/2025:11:23:25 -0400] "GET /201bhrk28190.html HTTP/1.1" 404 23127 "-" "Mozilla/5.0 (compatible; DataForSeoBot/1.0; +https://dataforseo.com/dataforseo-bot)"
136.243.228.194 - - [05/Jul/2025:11:23:29 -0400] "GET /items/abvtb171/26041?key=used HTTP/1.1" 404 23127 "-" "Mozilla/5.0 (compatible; DataForSeoBot/1.0; +https://dataforseo.com/dataforseo-bot)"
13.125.219.226 - - [05/Jul/2025:11:23:31 -0400] "POST /xmlrpc.php HTTP/1.1" 403 1242 "-" "Mozilla/5.0 (Windows NT 10.0; Win64; x64) AppleWebKit/537.36 (KHTML, like Gecko) Chrome/126.0.0.0 Safari/537.36"
136.243.228.194 - - [05/Jul/2025:11:23:34 -0400] "GET /22udyi11061.html HTTP/1.1" 404 23129 "-" "Mozilla/5.0 (compatible; DataForSeoBot/1.0; +https://dataforseo.com/dataforseo-bot)"
66.29.146.47 - - [05/Jul/2025:11:23:37 -0400] "POST /wp-cron.php?doing_wp_cron=1751729017.6545650959014892578125 HTTP/1.1" 403 1242 "-" "WordPress/6.8; https://dangroup.sa"
66.29.146.47 - - [05/Jul/2025:11:23:38 -0400] "POST /wp-cron.php?doing_wp_cron=1751729017.9339880943298339843750 HTTP/1.1" 403 1242 "-" "WordPress/6.8; https://dangroup.sa"
57.141.0.12 - - [05/Jul/2025:11:23:38 -0400] "GET /wp-content/uploads/2024/06/blog-details-img.webp HTTP/1.1" 200 128752 "-" "meta-externalagent/1.1 (+https://developers.facebook.com/docs/sharing/webmasters/crawler)"
109.205.46.4 - - [05/Jul/2025:11:23:39 -0400] "POST /xmlrpc.php HTTP/1.1" 403 1242 "-" "Mozilla/5.0 (Windows NT 10.0; Win64; x64) AppleWebKit/537.36 (KHTML, like Gecko) Chrome/126.0.0.0 Safari/537.36"
136.243.228.194 - - [05/Jul/2025:11:23:37 -0400] "GET /182srcbq27605.html HTTP/1.1" 404 23127 "-" "Mozilla/5.0 (compatible; DataForSeoBot/1.0; +https://dataforseo.com/dataforseo-bot)"
20.171.207.36 - - [05/Jul/2025:11:23:37 -0400] "GET /218xlkkj28823.html HTTP/1.1" 404 23127 "-" "Mozilla/5.0 AppleWebKit/537.36 (KHTML, like Gecko; compatible; GPTBot/1.2; +https://openai.com/gptbot)"
66.249.65.194 - - [05/Jul/2025:11:23:40 -0400] "GET /79csxvy33778.html HTTP/1.1" 200 86382 "-" "Mozilla/5.0 (Linux; Android 6.0.1; Nexus 5X Build/MMB29P) AppleWebKit/537.36 (KHTML, like Gecko) Chrome/137.0.7151.103 Mobile Safari/537.36 (compatible; Googlebot/2.1; +http://www.google.com/bot.html)"
136.243.228.194 - - [05/Jul/2025:11:23:42 -0400] "GET /items/bsrtm186/22292?key=working HTTP/1.1" 404 23127 "-" "Mozilla/5.0 (compatible; DataForSeoBot/1.0; +https://dataforseo.com/dataforseo-bot)"
66.249.65.192 - - [05/Jul/2025:11:23:46 -0400] "GET /items/vchic58/46252?key=exploit HTTP/1.1" 200 87929 "-" "Mozilla/5.0 (compatible; Googlebot/2.1; +http://www.google.com/bot.html)"
136.243.228.194 - - [05/Jul/2025:11:23:46 -0400] "GET /items/moghk213/19241?key=room HTTP/1.1" 404 23127 "-" "Mozilla/5.0 (compatible; DataForSeoBot/1.0; +https://dataforseo.com/dataforseo-bot)"
43.230.201.87 - - [05/Jul/2025:11:23:48 -0400] "POST /xmlrpc.php HTTP/1.1" 403 1242 "-" "Mozilla/5.0 (Windows NT 10.0; Win64; x64) AppleWebKit/537.36 (KHTML, like Gecko) Chrome/126.0.0.0 Safari/537.36"
95.163.234.166 - - [05/Jul/2025:11:23:51 -0400] "POST /xmlrpc.php HTTP/1.1" 403 1242 "-" "Mozilla/5.0 (Windows NT 10.0; Win64; x64) AppleWebKit/537.36 (KHTML, like Gecko) Chrome/126.0.0.0 Safari/537.36"
208.109.213.127 - - [05/Jul/2025:11:23:52 -0400] "POST /xmlrpc.php HTTP/1.1" 403 1242 "-" "Mozilla/5.0 (Windows NT 10.0; Win64; x64) AppleWebKit/537.36 (KHTML, like Gecko) Chrome/126.0.0.0 Safari/537.36"
136.243.228.194 - - [05/Jul/2025:11:23:51 -0400] "GET /243dtl23528.html HTTP/1.1" 404 23127 "-" "Mozilla/5.0 (compatible; DataForSeoBot/1.0; +https://dataforseo.com/dataforseo-bot)"
162.214.55.193 - - [05/Jul/2025:11:23:53 -0400] "POST /xmlrpc.php HTTP/1.1" 403 1242 "-" "Mozilla/5.0 (Windows NT 10.0; Win64; x64) AppleWebKit/537.36 (KHTML, like Gecko) Chrome/126.0.0.0 Safari/537.36"
217.182.139.156 - - [05/Jul/2025:11:23:54 -0400] "POST /xmlrpc.php HTTP/1.1" 403 1242 "-" "Mozilla/5.0 (Windows NT 10.0; Win64; x64) AppleWebKit/537.36 (KHTML, like Gecko) Chrome/126.0.0.0 Safari/537.36"
66.249.65.192 - - [05/Jul/2025:11:23:54 -0400] "GET /106bkmxt32117.html HTTP/1.1" 200 86702 "-" "Mozilla/5.0 (Linux; Android 6.0.1; Nexus 5X Build/MMB29P) AppleWebKit/537.36 (KHTML, like Gecko) Chrome/137.0.7151.103 Mobile Safari/537.36 (compatible; Googlebot/2.1; +http://www.google.com/bot.html)"
103.199.18.208 - - [05/Jul/2025:11:23:56 -0400] "POST /xmlrpc.php HTTP/1.1" 403 1242 "-" "Mozilla/5.0 (Windows NT 10.0; Win64; x64) AppleWebKit/537.36 (KHTML, like Gecko) Chrome/126.0.0.0 Safari/537.36"
136.243.228.194 - - [05/Jul/2025:11:23:54 -0400] "GET /items/mblcw225/1717?key=necessity HTTP/1.1" 404 23127 "-" "Mozilla/5.0 (compatible; DataForSeoBot/1.0; +https://dataforseo.com/dataforseo-bot)"
136.243.228.194 - - [05/Jul/2025:11:23:58 -0400] "GET /198rvwe35193.html HTTP/1.1" 404 23127 "-" "Mozilla/5.0 (compatible; DataForSeoBot/1.0; +https://dataforseo.com/dataforseo-bot)"
136.243.228.194 - - [05/Jul/2025:11:24:02 -0400] "GET /items/vrvzs66/14116?key=governor HTTP/1.1" 404 23127 "-" "Mozilla/5.0 (compatible; DataForSeoBot/1.0; +https://dataforseo.com/dataforseo-bot)"
136.243.228.194 - - [05/Jul/2025:11:24:06 -0400] "GET /items/srsvp179/25527?key=emission HTTP/1.1" 404 23127 "-" "Mozilla/5.0 (compatible; DataForSeoBot/1.0; +https://dataforseo.com/dataforseo-bot)"
4.233.218.53 - - [05/Jul/2025:11:24:10 -0400] "POST /xmlrpc.php HTTP/1.1" 403 1242 "-" "Mozilla/5.0 (Windows NT 10.0; Win64; x64) AppleWebKit/537.36 (KHTML, like Gecko) Chrome/126.0.0.0 Safari/537.36"
66.249.65.192 - - [05/Jul/2025:11:24:11 -0400] "GET /252ancc27933.html HTTP/1.1" 200 86954 "-" "Mozilla/5.0 (compatible; Googlebot/2.1; +http://www.google.com/bot.html)"
136.243.228.194 - - [05/Jul/2025:11:24:10 -0400] "GET /items/acnyb240/11892?key=rapidly HTTP/1.1" 404 23127 "-" "Mozilla/5.0 (compatible; DataForSeoBot/1.0; +https://dataforseo.com/dataforseo-bot)"
66.249.65.193 - - [05/Jul/2025:11:24:12 -0400] "GET /items/cflqt244/8618?key=ensure HTTP/1.1" 200 86996 "-" "Mozilla/5.0 (Linux; Android 6.0.1; Nexus 5X Build/MMB29P) AppleWebKit/537.36 (KHTML, like Gecko) Chrome/137.0.7151.103 Mobile Safari/537.36 (compatible; Googlebot/2.1; +http://www.google.com/bot.html)"
136.243.228.194 - - [05/Jul/2025:11:24:14 -0400] "GET /items/qkwry27/36295?key=history HTTP/1.1" 404 23127 "-" "Mozilla/5.0 (compatible; DataForSeoBot/1.0; +https://dataforseo.com/dataforseo-bot)"
220.132.30.67 - - [05/Jul/2025:11:24:16 -0400] "POST /xmlrpc.php HTTP/1.1" 403 1242 "-" "Mozilla/5.0 (Windows NT 10.0; Win64; x64) AppleWebKit/537.36 (KHTML, like Gecko) Chrome/126.0.0.0 Safari/537.36"
66.249.65.192 - - [05/Jul/2025:11:24:17 -0400] "GET /safe_search/config?return_url=%2Fproduct%2Fdetail%2Fsuzukatu-nh-urara5-1fh_b HTTP/1.1" 200 86848 "-" "Mozilla/5.0 (compatible; Googlebot/2.1; +http://www.google.com/bot.html)"
66.249.65.193 - - [05/Jul/2025:11:24:17 -0400] "GET /items/onbjm15/40155?key=ash HTTP/1.1" 200 87051 "-" "Mozilla/5.0 (Linux; Android 6.0.1; Nexus 5X Build/MMB29P) AppleWebKit/537.36 (KHTML, like Gecko) Chrome/137.0.7151.103 Mobile Safari/537.36 (compatible; Googlebot/2.1; +http://www.google.com/bot.html)"
136.243.228.194 - - [05/Jul/2025:11:24:18 -0400] "GET /67ond35026.html HTTP/1.1" 404 23127 "-" "Mozilla/5.0 (compatible; DataForSeoBot/1.0; +https://dataforseo.com/dataforseo-bot)"
136.243.228.194 - - [05/Jul/2025:11:24:22 -0400] "GET /25verld9408.html HTTP/1.1" 404 23129 "-" "Mozilla/5.0 (compatible; DataForSeoBot/1.0; +https://dataforseo.com/dataforseo-bot)"
136.243.228.194 - - [05/Jul/2025:11:24:26 -0400] "GET /250xshq27817.html HTTP/1.1" 404 23127 "-" "Mozilla/5.0 (compatible; DataForSeoBot/1.0; +https://dataforseo.com/dataforseo-bot)"
66.249.65.193 - - [05/Jul/2025:11:24:28 -0400] "GET /80eut13687.html HTTP/1.1" 200 86722 "-" "Mozilla/5.0 (Linux; Android 6.0.1; Nexus 5X Build/MMB29P) AppleWebKit/537.36 (KHTML, like Gecko) Chrome/137.0.7151.103 Mobile Safari/537.36 (compatible; Googlebot/2.1; +http://www.google.com/bot.html)"
66.249.65.192 - - [05/Jul/2025:11:24:29 -0400] "GET /items/pasff127/23845?key=barrel HTTP/1.1" 200 87292 "-" "Mozilla/5.0 (Linux; Android 6.0.1; Nexus 5X Build/MMB29P) AppleWebKit/537.36 (KHTML, like Gecko) Chrome/137.0.7151.103 Mobile Safari/537.36 (compatible; Googlebot/2.1; +http://www.google.com/bot.html)"
136.243.228.194 - - [05/Jul/2025:11:24:30 -0400] "GET /items/sqokz149/37677?key=during HTTP/1.1" 404 23129 "-" "Mozilla/5.0 (compatible; DataForSeoBot/1.0; +https://dataforseo.com/dataforseo-bot)"
4.233.218.53 - - [05/Jul/2025:11:24:33 -0400] "POST /xmlrpc.php HTTP/1.1" 403 1242 "-" "Mozilla/5.0 (Windows NT 10.0; Win64; x64) AppleWebKit/537.36 (KHTML, like Gecko) Chrome/126.0.0.0 Safari/537.36"
136.243.228.194 - - [05/Jul/2025:11:24:35 -0400] "GET /items/ssdjd271/12339?key=sex HTTP/1.1" 404 23127 "-" "Mozilla/5.0 (compatible; DataForSeoBot/1.0; +https://dataforseo.com/dataforseo-bot)"
66.29.146.47 - - [05/Jul/2025:11:24:38 -0400] "POST /wp-cron.php?doing_wp_cron=1751729078.6960330009460449218750 HTTP/1.1" 403 1242 "-" "WordPress/6.8; https://dangroup.sa"
77.156.227.220 - - [05/Jul/2025:11:24:39 -0400] "POST /xmlrpc.php HTTP/1.1" 403 1242 "-" "Mozilla/5.0 (Windows NT 10.0; Win64; x64) AppleWebKit/537.36 (KHTML, like Gecko) Chrome/126.0.0.0 Safari/537.36"
92.205.54.135 - - [05/Jul/2025:11:24:40 -0400] "POST /xmlrpc.php HTTP/1.1" 403 1242 "-" "Mozilla/5.0 (Windows NT 10.0; Win64; x64) AppleWebKit/537.36 (KHTML, like Gecko) Chrome/126.0.0.0 Safari/537.36"
136.243.228.194 - - [05/Jul/2025:11:24:38 -0400] "GET /92wpinw33733.html HTTP/1.1" 404 23127 "-" "Mozilla/5.0 (compatible; DataForSeoBot/1.0; +https://dataforseo.com/dataforseo-bot)"
66.249.65.192 - - [05/Jul/2025:11:24:40 -0400] "GET /20sjtjt26531.html HTTP/1.1" 200 86829 "-" "Mozilla/5.0 (compatible; Googlebot/2.1; +http://www.google.com/bot.html)"
20.171.207.36 - - [05/Jul/2025:11:24:38 -0400] "GET /188blhub11039.html HTTP/1.1" 404 23127 "-" "Mozilla/5.0 AppleWebKit/537.36 (KHTML, like Gecko; compatible; GPTBot/1.2; +https://openai.com/gptbot)"
66.249.65.193 - - [05/Jul/2025:11:24:43 -0400] "GET /128sfolm45503.html HTTP/1.1" 200 86531 "-" "Mozilla/5.0 (Linux; Android 6.0.1; Nexus 5X Build/MMB29P) AppleWebKit/537.36 (KHTML, like Gecko) Chrome/137.0.7151.103 Mobile Safari/537.36 (compatible; Googlebot/2.1; +http://www.google.com/bot.html)"
66.249.65.193 - - [05/Jul/2025:11:24:44 -0400] "GET /151vdlrf47278.html HTTP/1.1" 200 87375 "-" "Mozilla/5.0 (Linux; Android 6.0.1; Nexus 5X Build/MMB29P) AppleWebKit/537.36 (KHTML, like Gecko) Chrome/137.0.7151.103 Mobile Safari/537.36 (compatible; Googlebot/2.1; +http://www.google.com/bot.html)"
66.249.65.194 - - [05/Jul/2025:11:24:45 -0400] "GET /items/mqtmr107/42745?key=corporation HTTP/1.1" 200 87494 "-" "Mozilla/5.0 (Linux; Android 6.0.1; Nexus 5X Build/MMB29P) AppleWebKit/537.36 (KHTML, like Gecko) Chrome/137.0.7151.103 Mobile Safari/537.36 (compatible; Googlebot/2.1; +http://www.google.com/bot.html)"
136.243.228.194 - - [05/Jul/2025:11:24:42 -0400] "GET /items/knlir159/41941?key=exhibition HTTP/1.1" 404 23127 "-" "Mozilla/5.0 (compatible; DataForSeoBot/1.0; +https://dataforseo.com/dataforseo-bot)"
66.249.65.194 - - [05/Jul/2025:11:24:45 -0400] "GET /items/kgbdu18/33814?key=tone HTTP/1.1" 200 87411 "-" "Mozilla/5.0 (Linux; Android 6.0.1; Nexus 5X Build/MMB29P) AppleWebKit/537.36 (KHTML, like Gecko) Chrome/137.0.7151.103 Mobile Safari/537.36 (compatible; Googlebot/2.1; +http://www.google.com/bot.html)"
66.249.65.193 - - [05/Jul/2025:11:24:46 -0400] "GET /222aeqsy15971.html HTTP/1.1" 200 87238 "-" "Mozilla/5.0 (compatible; Googlebot/2.1; +http://www.google.com/bot.html)"
173.212.221.77 - - [05/Jul/2025:11:24:47 -0400] "POST /xmlrpc.php HTTP/1.1" 403 1242 "-" "Mozilla/5.0 (Windows NT 10.0; Win64; x64) AppleWebKit/537.36 (KHTML, like Gecko) Chrome/126.0.0.0 Safari/537.36"
66.249.65.193 - - [05/Jul/2025:11:24:47 -0400] "GET /pcmypage?callback=/product%2Fdetail*maclub-wear-s-hebo-mx-stratos-woods-1 HTTP/1.1" 200 87299 "-" "Mozilla/5.0 (Linux; Android 6.0.1; Nexus 5X Build/MMB29P) AppleWebKit/537.36 (KHTML, like Gecko) Chrome/137.0.7151.103 Mobile Safari/537.36 (compatible; Googlebot/2.1; +http://www.google.com/bot.html)"
136.243.228.194 - - [05/Jul/2025:11:24:48 -0400] "GET /92hpgxs66889.html HTTP/1.1" 404 23129 "-" "Mozilla/5.0 (compatible; DataForSeoBot/1.0; +https://dataforseo.com/dataforseo-bot)"
136.243.228.194 - - [05/Jul/2025:11:24:52 -0400] "GET /items/peknv133/50769?key=deem HTTP/1.1" 404 23129 "-" "Mozilla/5.0 (compatible; DataForSeoBot/1.0; +https://dataforseo.com/dataforseo-bot)"
66.249.65.195 - - [05/Jul/2025:11:24:54 -0400] "GET /259qmucm46262.html HTTP/1.1" 200 86620 "-" "Mozilla/5.0 (Linux; Android 6.0.1; Nexus 5X Build/MMB29P) AppleWebKit/537.36 (KHTML, like Gecko) Chrome/137.0.7151.103 Mobile Safari/537.36 (compatible; Googlebot/2.1; +http://www.google.com/bot.html)"
194.233.74.175 - - [05/Jul/2025:11:24:56 -0400] "POST /xmlrpc.php HTTP/1.1" 403 1242 "-" "Mozilla/5.0 (Windows NT 10.0; Win64; x64) AppleWebKit/537.36 (KHTML, like Gecko) Chrome/126.0.0.0 Safari/537.36"
136.243.228.194 - - [05/Jul/2025:11:24:56 -0400] "GET /77tcm33680.html HTTP/1.1" 404 23129 "-" "Mozilla/5.0 (compatible; DataForSeoBot/1.0; +https://dataforseo.com/dataforseo-bot)"
136.243.228.194 - - [05/Jul/2025:11:24:59 -0400] "GET /184opg41301.html HTTP/1.1" 404 23127 "-" "Mozilla/5.0 (compatible; DataForSeoBot/1.0; +https://dataforseo.com/dataforseo-bot)"
68.183.25.188 - - [05/Jul/2025:11:25:01 -0400] "POST /xmlrpc.php HTTP/1.1" 403 1242 "-" "Mozilla/5.0 (Windows NT 10.0; Win64; x64) AppleWebKit/537.36 (KHTML, like Gecko) Chrome/126.0.0.0 Safari/537.36"
148.113.181.253 - - [05/Jul/2025:11:25:03 -0400] "POST /xmlrpc.php HTTP/1.1" 403 1242 "-" "Mozilla/5.0 (Windows NT 10.0; Win64; x64) AppleWebKit/537.36 (KHTML, like Gecko) Chrome/126.0.0.0 Safari/537.36"
135.181.217.112 - - [05/Jul/2025:11:25:04 -0400] "POST /xmlrpc.php HTTP/1.1" 403 1242 "-" "Mozilla/5.0 (Windows NT 10.0; Win64; x64) AppleWebKit/537.36 (KHTML, like Gecko) Chrome/126.0.0.0 Safari/537.36"
136.243.228.194 - - [05/Jul/2025:11:25:03 -0400] "GET /items/auznd276/37864?key=restore HTTP/1.1" 404 23127 "-" "Mozilla/5.0 (compatible; DataForSeoBot/1.0; +https://dataforseo.com/dataforseo-bot)"
66.249.65.194 - - [05/Jul/2025:11:25:05 -0400] "GET /items/yqtuf78/27302?key=exam HTTP/1.1" 200 87021 "-" "Mozilla/5.0 (Linux; Android 6.0.1; Nexus 5X Build/MMB29P) AppleWebKit/537.36 (KHTML, like Gecko) Chrome/137.0.7151.103 Mobile Safari/537.36 (compatible; Googlebot/2.1; +http://www.google.com/bot.html)"
213.199.48.236 - - [05/Jul/2025:11:25:06 -0400] "POST /xmlrpc.php HTTP/1.1" 403 1242 "-" "Mozilla/5.0 (Windows NT 10.0; Win64; x64) AppleWebKit/537.36 (KHTML, like Gecko) Chrome/126.0.0.0 Safari/537.36"
66.249.65.194 - - [05/Jul/2025:11:25:06 -0400] "GET /items/itgdi88/12888?key=mouse HTTP/1.1" 200 87478 "-" "Mozilla/5.0 (compatible; Googlebot/2.1; +http://www.google.com/bot.html)"
64.91.241.90 - - [05/Jul/2025:11:25:08 -0400] "POST /xmlrpc.php HTTP/1.1" 403 1242 "-" "Mozilla/5.0 (Windows NT 10.0; Win64; x64) AppleWebKit/537.36 (KHTML, like Gecko) Chrome/126.0.0.0 Safari/537.36"
136.243.228.194 - - [05/Jul/2025:11:25:07 -0400] "GET /items/cjtrz14/35350?key=troubled HTTP/1.1" 404 23127 "-" "Mozilla/5.0 (compatible; DataForSeoBot/1.0; +https://dataforseo.com/dataforseo-bot)"
101.100.194.71 - - [05/Jul/2025:11:25:11 -0400] "POST /xmlrpc.php HTTP/1.1" 403 1242 "-" "Mozilla/5.0 (Windows NT 10.0; Win64; x64) AppleWebKit/537.36 (KHTML, like Gecko) Chrome/126.0.0.0 Safari/537.36"
151.80.19.225 - - [05/Jul/2025:11:25:13 -0400] "POST /xmlrpc.php HTTP/1.1" 403 1242 "-" "Mozilla/5.0 (Windows NT 10.0; Win64; x64) AppleWebKit/537.36 (KHTML, like Gecko) Chrome/126.0.0.0 Safari/537.36"
136.243.228.194 - - [05/Jul/2025:11:25:13 -0400] "GET /240fcwx37937.html HTTP/1.1" 404 23127 "-" "Mozilla/5.0 (compatible; DataForSeoBot/1.0; +https://dataforseo.com/dataforseo-bot)"
162.214.206.27 - - [05/Jul/2025:11:25:16 -0400] "POST /xmlrpc.php HTTP/1.1" 403 1242 "-" "Mozilla/5.0 (Windows NT 10.0; Win64; x64) AppleWebKit/537.36 (KHTML, like Gecko) Chrome/126.0.0.0 Safari/537.36"
136.243.228.194 - - [05/Jul/2025:11:25:16 -0400] "GET /67nuj28234.html HTTP/1.1" 404 23127 "-" "Mozilla/5.0 (compatible; DataForSeoBot/1.0; +https://dataforseo.com/dataforseo-bot)"
216.246.113.91 - - [05/Jul/2025:11:25:20 -0400] "POST /xmlrpc.php HTTP/1.1" 403 1242 "-" "Mozilla/5.0 (Windows NT 10.0; Win64; x64) AppleWebKit/537.36 (KHTML, like Gecko) Chrome/126.0.0.0 Safari/537.36"
136.243.228.194 - - [05/Jul/2025:11:25:21 -0400] "GET /22ntr22353.html HTTP/1.1" 404 23127 "-" "Mozilla/5.0 (compatible; DataForSeoBot/1.0; +https://dataforseo.com/dataforseo-bot)"
66.249.65.192 - - [05/Jul/2025:11:25:25 -0400] "GET /255zdlxl20100.html HTTP/1.1" 200 87296 "-" "Mozilla/5.0 (compatible; Googlebot/2.1; +http://www.google.com/bot.html)"
136.243.228.194 - - [05/Jul/2025:11:25:25 -0400] "GET /items/pjjrn40/30292?key=straw HTTP/1.1" 404 23127 "-" "Mozilla/5.0 (compatible; DataForSeoBot/1.0; +https://dataforseo.com/dataforseo-bot)"
181.204.91.19 - - [05/Jul/2025:11:25:29 -0400] "POST /xmlrpc.php HTTP/1.1" 403 1242 "-" "Mozilla/5.0 (Windows NT 10.0; Win64; x64) AppleWebKit/537.36 (KHTML, like Gecko) Chrome/126.0.0.0 Safari/537.36"
136.243.228.194 - - [05/Jul/2025:11:25:29 -0400] "GET /items/zjwpk188/44992?key=cop HTTP/1.1" 404 23129 "-" "Mozilla/5.0 (compatible; DataForSeoBot/1.0; +https://dataforseo.com/dataforseo-bot)"
136.243.228.194 - - [05/Jul/2025:11:25:32 -0400] "GET /66jslb18749.html HTTP/1.1" 404 23127 "-" "Mozilla/5.0 (compatible; DataForSeoBot/1.0; +https://dataforseo.com/dataforseo-bot)"
66.249.65.192 - - [05/Jul/2025:11:25:36 -0400] "GET /items/jydmh12/140?key=meaningful HTTP/1.1" 200 87109 "-" "Mozilla/5.0 (Linux; Android 6.0.1; Nexus 5X Build/MMB29P) AppleWebKit/537.36 (KHTML, like Gecko) Chrome/137.0.7151.103 Mobile Safari/537.36 (compatible; Googlebot/2.1; +http://www.google.com/bot.html)"
66.249.65.192 - - [05/Jul/2025:11:25:37 -0400] "GET /product/edit/egaos-ckfs4101 HTTP/1.1" 200 86958 "-" "Mozilla/5.0 (Linux; Android 6.0.1; Nexus 5X Build/MMB29P) AppleWebKit/537.36 (KHTML, like Gecko) Chrome/137.0.7151.103 Mobile Safari/537.36 (compatible; Googlebot/2.1; +http://www.google.com/bot.html)"
136.243.228.194 - - [05/Jul/2025:11:25:36 -0400] "GET /items/daces216/35972?key=burst HTTP/1.1" 404 23127 "-" "Mozilla/5.0 (compatible; DataForSeoBot/1.0; +https://dataforseo.com/dataforseo-bot)"
173.249.42.121 - - [05/Jul/2025:11:25:39 -0400] "POST /xmlrpc.php HTTP/1.1" 403 1242 "-" "Mozilla/5.0 (Windows NT 10.0; Win64; x64) AppleWebKit/537.36 (KHTML, like Gecko) Chrome/126.0.0.0 Safari/537.36"
66.29.146.47 - - [05/Jul/2025:11:25:39 -0400] "POST /wp-cron.php?doing_wp_cron=1751729139.6341679096221923828125 HTTP/1.1" 403 1242 "-" "WordPress/6.8; https://dangroup.sa"
66.249.65.192 - - [05/Jul/2025:11:25:40 -0400] "GET /38uthvm38733.html HTTP/1.1" 200 86941 "-" "Mozilla/5.0 (Linux; Android 6.0.1; Nexus 5X Build/MMB29P) AppleWebKit/537.36 (KHTML, like Gecko) Chrome/137.0.7151.103 Mobile Safari/537.36 (compatible; Googlebot/2.1; +http://www.google.com/bot.html)"
20.171.207.36 - - [05/Jul/2025:11:25:39 -0400] "GET /129sissb22520.html HTTP/1.1" 404 23127 "-" "Mozilla/5.0 AppleWebKit/537.36 (KHTML, like Gecko; compatible; GPTBot/1.2; +https://openai.com/gptbot)"
66.249.65.193 - - [05/Jul/2025:11:25:42 -0400] "GET /257zmehr28264.html HTTP/1.1" 200 88008 "-" "Mozilla/5.0 (compatible; Googlebot/2.1; +http://www.google.com/bot.html)"
136.243.228.194 - - [05/Jul/2025:11:25:40 -0400] "GET /104epn29287.html HTTP/1.1" 404 23127 "-" "Mozilla/5.0 (compatible; DataForSeoBot/1.0; +https://dataforseo.com/dataforseo-bot)"
136.243.228.194 - - [05/Jul/2025:11:25:45 -0400] "GET /159pjb46616.html HTTP/1.1" 404 23127 "-" "Mozilla/5.0 (compatible; DataForSeoBot/1.0; +https://dataforseo.com/dataforseo-bot)"
13.125.219.226 - - [05/Jul/2025:11:25:50 -0400] "POST /xmlrpc.php HTTP/1.1" 403 1242 "-" "Mozilla/5.0 (Windows NT 10.0; Win64; x64) AppleWebKit/537.36 (KHTML, like Gecko) Chrome/126.0.0.0 Safari/537.36"
136.243.228.194 - - [05/Jul/2025:11:25:48 -0400] "GET /items/rmqno204/23354?key=opportunity HTTP/1.1" 404 23129 "-" "Mozilla/5.0 (compatible; DataForSeoBot/1.0; +https://dataforseo.com/dataforseo-bot)"
136.243.228.194 - - [05/Jul/2025:11:25:52 -0400] "GET /117rzfja38498.html HTTP/1.1" 404 23127 "-" "Mozilla/5.0 (compatible; DataForSeoBot/1.0; +https://dataforseo.com/dataforseo-bot)"
66.249.65.192 - - [05/Jul/2025:11:25:56 -0400] "GET /items/dbwqv49/33059?key=entire HTTP/1.1" 200 87328 "-" "Mozilla/5.0 (Linux; Android 6.0.1; Nexus 5X Build/MMB29P) AppleWebKit/537.36 (KHTML, like Gecko) Chrome/137.0.7151.103 Mobile Safari/537.36 (compatible; Googlebot/2.1; +http://www.google.com/bot.html)"
136.243.228.194 - - [05/Jul/2025:11:25:56 -0400] "GET /items/prmcx105/6695?key=including HTTP/1.1" 404 23127 "-" "Mozilla/5.0 (compatible; DataForSeoBot/1.0; +https://dataforseo.com/dataforseo-bot)"
166.62.33.230 - - [05/Jul/2025:11:25:59 -0400] "POST /xmlrpc.php HTTP/1.1" 403 1242 "-" "Mozilla/5.0 (Windows NT 10.0; Win64; x64) AppleWebKit/537.36 (KHTML, like Gecko) Chrome/126.0.0.0 Safari/537.36"
136.243.228.194 - - [05/Jul/2025:11:26:00 -0400] "GET /items/nfiew114/35510?key=father HTTP/1.1" 404 23127 "-" "Mozilla/5.0 (compatible; DataForSeoBot/1.0; +https://dataforseo.com/dataforseo-bot)"
206.189.131.176 - - [05/Jul/2025:11:26:05 -0400] "POST /xmlrpc.php HTTP/1.1" 403 1242 "-" "Mozilla/5.0 (Windows NT 10.0; Win64; x64) AppleWebKit/537.36 (KHTML, like Gecko) Chrome/126.0.0.0 Safari/537.36"
208.74.151.235 - - [05/Jul/2025:11:26:05 -0400] "POST /xmlrpc.php HTTP/1.1" 403 1242 "-" "Mozilla/5.0 (Windows NT 10.0; Win64; x64) AppleWebKit/537.36 (KHTML, like Gecko) Chrome/126.0.0.0 Safari/537.36"
136.243.228.194 - - [05/Jul/2025:11:26:04 -0400] "GET /items/efslg223/8581?key=bare HTTP/1.1" 404 23127 "-" "Mozilla/5.0 (compatible; DataForSeoBot/1.0; +https://dataforseo.com/dataforseo-bot)"
103.172.205.229 - - [05/Jul/2025:11:26:08 -0400] "POST /xmlrpc.php HTTP/1.1" 403 1242 "-" "Mozilla/5.0 (Windows NT 10.0; Win64; x64) AppleWebKit/537.36 (KHTML, like Gecko) Chrome/126.0.0.0 Safari/537.36"
69.49.228.101 - - [05/Jul/2025:11:26:09 -0400] "POST /xmlrpc.php HTTP/1.1" 403 1242 "-" "Mozilla/5.0 (Windows NT 10.0; Win64; x64) AppleWebKit/537.36 (KHTML, like Gecko) Chrome/126.0.0.0 Safari/537.36"
136.243.228.194 - - [05/Jul/2025:11:26:08 -0400] "GET /74ipqq36645.html HTTP/1.1" 404 23127 "-" "Mozilla/5.0 (compatible; DataForSeoBot/1.0; +https://dataforseo.com/dataforseo-bot)"
66.249.65.193 - - [05/Jul/2025:11:26:13 -0400] "GET /28izvb4057.html HTTP/1.1" 200 87018 "-" "Mozilla/5.0 (compatible; Googlebot/2.1; +http://www.google.com/bot.html)"
136.243.228.194 - - [05/Jul/2025:11:26:12 -0400] "GET /229iubjh47288.html HTTP/1.1" 404 23127 "-" "Mozilla/5.0 (compatible; DataForSeoBot/1.0; +https://dataforseo.com/dataforseo-bot)"
136.243.228.194 - - [05/Jul/2025:11:26:17 -0400] "GET /items/pfyus181/43001?key=province HTTP/1.1" 404 23127 "-" "Mozilla/5.0 (compatible; DataForSeoBot/1.0; +https://dataforseo.com/dataforseo-bot)"
212.105.78.61 - - [05/Jul/2025:11:26:18 -0400] "POST /xmlrpc.php HTTP/1.1" 403 1242 "-" "Mozilla/5.0 (Windows NT 10.0; Win64; x64) AppleWebKit/537.36 (KHTML, like Gecko) Chrome/126.0.0.0 Safari/537.36"
66.249.65.192 - - [05/Jul/2025:11:26:18 -0400] "GET /items/dmtuc89/46811?key=corridor HTTP/1.1" 200 86909 "-" "Mozilla/5.0 (compatible; Googlebot/2.1; +http://www.google.com/bot.html)"
66.249.65.192 - - [05/Jul/2025:11:26:21 -0400] "GET /100lawx5259.html HTTP/1.1" 200 87587 "-" "Mozilla/5.0 (compatible; Googlebot/2.1; +http://www.google.com/bot.html)"
136.243.228.194 - - [05/Jul/2025:11:26:21 -0400] "GET /items/vuibr108/40166?key=ought HTTP/1.1" 404 23127 "-" "Mozilla/5.0 (compatible; DataForSeoBot/1.0; +https://dataforseo.com/dataforseo-bot)"
206.189.80.189 - - [05/Jul/2025:11:26:23 -0400] "POST /xmlrpc.php HTTP/1.1" 403 1242 "-" "Mozilla/5.0 (Windows NT 10.0; Win64; x64) AppleWebKit/537.36 (KHTML, like Gecko) Chrome/126.0.0.0 Safari/537.36"
136.243.228.194 - - [05/Jul/2025:11:26:25 -0400] "GET /269kmpoz38922.html HTTP/1.1" 404 23127 "-" "Mozilla/5.0 (compatible; DataForSeoBot/1.0; +https://dataforseo.com/dataforseo-bot)"
136.243.228.194 - - [05/Jul/2025:11:26:28 -0400] "GET /10jknf3863.html HTTP/1.1" 404 23129 "-" "Mozilla/5.0 (compatible; DataForSeoBot/1.0; +https://dataforseo.com/dataforseo-bot)"
65.38.99.162 - - [05/Jul/2025:11:26:32 -0400] "POST /xmlrpc.php HTTP/1.1" 403 1242 "-" "Mozilla/5.0 (Windows NT 10.0; Win64; x64) AppleWebKit/537.36 (KHTML, like Gecko) Chrome/126.0.0.0 Safari/537.36"
136.243.228.194 - - [05/Jul/2025:11:26:32 -0400] "GET /217aig33160.html HTTP/1.1" 404 23127 "-" "Mozilla/5.0 (compatible; DataForSeoBot/1.0; +https://dataforseo.com/dataforseo-bot)"
136.243.228.194 - - [05/Jul/2025:11:26:36 -0400] "GET /265ujl29318.html HTTP/1.1" 404 23127 "-" "Mozilla/5.0 (compatible; DataForSeoBot/1.0; +https://dataforseo.com/dataforseo-bot)"
66.249.65.192 - - [05/Jul/2025:11:26:38 -0400] "GET /items/dlzhq72/1450?key=breakfast HTTP/1.1" 200 87211 "-" "Mozilla/5.0 (Linux; Android 6.0.1; Nexus 5X Build/MMB29P) AppleWebKit/537.36 (KHTML, like Gecko) Chrome/137.0.7151.103 Mobile Safari/537.36 (compatible; Googlebot/2.1; +http://www.google.com/bot.html)"
69.49.228.101 - - [05/Jul/2025:11:26:40 -0400] "POST /xmlrpc.php HTTP/1.1" 403 1242 "-" "Mozilla/5.0 (Windows NT 10.0; Win64; x64) AppleWebKit/537.36 (KHTML, like Gecko) Chrome/126.0.0.0 Safari/537.36"
66.29.146.47 - - [05/Jul/2025:11:26:41 -0400] "POST /wp-cron.php?doing_wp_cron=1751729201.3181009292602539062500 HTTP/1.1" 403 1242 "-" "WordPress/6.8; https://dangroup.sa"
136.243.228.194 - - [05/Jul/2025:11:26:41 -0400] "GET /items/ybgan230/8062?key=endless HTTP/1.1" 404 23127 "-" "Mozilla/5.0 (compatible; DataForSeoBot/1.0; +https://dataforseo.com/dataforseo-bot)"
103.172.205.229 - - [05/Jul/2025:11:26:45 -0400] "POST /xmlrpc.php HTTP/1.1" 403 1242 "-" "Mozilla/5.0 (Windows NT 10.0; Win64; x64) AppleWebKit/537.36 (KHTML, like Gecko) Chrome/126.0.0.0 Safari/537.36"
20.171.207.36 - - [05/Jul/2025:11:26:43 -0400] "GET /218sgluv21141.html HTTP/1.1" 404 23127 "-" "Mozilla/5.0 AppleWebKit/537.36 (KHTML, like Gecko; compatible; GPTBot/1.2; +https://openai.com/gptbot)"
