213.231.7.92 - - [05/Jul/2025:09:10:39 -0400] "POST /xmlrpc.php HTTP/1.1" 403 1242 "-" "Mozilla/5.0 (Windows NT 10.0; Win64; x64) AppleWebKit/537.36 (KHTML, like Gecko) Chrome/126.0.0.0 Safari/537.36"
208.74.151.235 - - [05/Jul/2025:09:10:40 -0400] "POST /xmlrpc.php HTTP/1.1" 403 1242 "-" "Mozilla/5.0 (Windows NT 10.0; Win64; x64) AppleWebKit/537.36 (KHTML, like Gecko) Chrome/126.0.0.0 Safari/537.36"
185.177.72.9 - - [05/Jul/2025:09:10:36 -0400] "GET /.bak HTTP/1.1" 404 23129 "-" "Mozilla/5.0 (Windows NT 10.0; Win64; x64) AppleWebKit/537.36 (KHTML, like Gecko) Chrome/91.0.4472.124 Safari/537.36"
185.177.72.9 - - [05/Jul/2025:09:10:44 -0400] "GET /examples/08-performance/.env HTTP/1.1" 403 1242 "-" "Mozilla/5.0 (Windows NT 10.0; Win64; x64) AppleWebKit/537.36 (KHTML, like Gecko) Chrome/91.0.4472.124 Safari/537.36"
185.177.72.9 - - [05/Jul/2025:09:10:44 -0400] "GET /client/.env HTTP/1.1" 403 1242 "-" "Mozilla/5.0 (Windows NT 10.0; Win64; x64) AppleWebKit/537.36 (KHTML, like Gecko) Chrome/91.0.4472.124 Safari/537.36"
185.177.72.9 - - [05/Jul/2025:09:10:44 -0400] "GET /frontend/react/.env HTTP/1.1" 403 1242 "-" "Mozilla/5.0 (Windows NT 10.0; Win64; x64) AppleWebKit/537.36 (KHTML, like Gecko) Chrome/91.0.4472.124 Safari/537.36"
66.249.65.193 - - [05/Jul/2025:09:10:43 -0400] "GET /60mznjt3221.html HTTP/1.1" 200 86489 "-" "Mozilla/5.0 (Linux; Android 6.0.1; Nexus 5X Build/MMB29P) AppleWebKit/537.36 (KHTML, like Gecko) Chrome/137.0.7151.103 Mobile Safari/537.36 (compatible; Googlebot/2.1; +http://www.google.com/bot.html)"
136.243.228.194 - - [05/Jul/2025:09:10:37 -0400] "GET /items/zsccn275/48927?key=several HTTP/1.1" 404 23129 "-" "Mozilla/5.0 (compatible; DataForSeoBot/1.0; +https://dataforseo.com/dataforseo-bot)"
65.111.170.229 - - [05/Jul/2025:09:10:49 -0400] "POST /xmlrpc.php HTTP/1.1" 403 1242 "-" "Mozilla/5.0 (Windows NT 10.0; Win64; x64) AppleWebKit/537.36 (KHTML, like Gecko) Chrome/126.0.0.0 Safari/537.36"
185.177.72.9 - - [05/Jul/2025:09:10:45 -0400] "GET /static/js/main.89c971fa.js HTTP/1.1" 404 23127 "-" "Mozilla/5.0 (Windows NT 10.0; Win64; x64) AppleWebKit/537.36 (KHTML, like Gecko) Chrome/91.0.4472.124 Safari/537.36"
185.177.72.9 - - [05/Jul/2025:09:10:52 -0400] "GET /.svn/ HTTP/1.1" 403 1242 "-" "Mozilla/5.0 (Windows NT 10.0; Win64; x64) AppleWebKit/537.36 (KHTML, like Gecko) Chrome/91.0.4472.124 Safari/537.36"
185.177.72.9 - - [05/Jul/2025:09:10:53 -0400] "GET /styles/.env HTTP/1.1" 403 1242 "-" "Mozilla/5.0 (Windows NT 10.0; Win64; x64) AppleWebKit/537.36 (KHTML, like Gecko) Chrome/91.0.4472.124 Safari/537.36"
185.177.72.9 - - [05/Jul/2025:09:10:53 -0400] "GET /ch6-mytodo/.env HTTP/1.1" 403 1242 "-" "Mozilla/5.0 (Windows NT 10.0; Win64; x64) AppleWebKit/537.36 (KHTML, like Gecko) Chrome/91.0.4472.124 Safari/537.36"
185.177.72.9 - - [05/Jul/2025:09:10:53 -0400] "GET /ops/vagrant/.env HTTP/1.1" 403 1242 "-" "Mozilla/5.0 (Windows NT 10.0; Win64; x64) AppleWebKit/537.36 (KHTML, like Gecko) Chrome/91.0.4472.124 Safari/537.36"
185.177.72.9 - - [05/Jul/2025:09:10:54 -0400] "GET /src/__tests__/__fixtures__/typeScriptProject/.env HTTP/1.1" 403 1242 "-" "Mozilla/5.0 (Windows NT 10.0; Win64; x64) AppleWebKit/537.36 (KHTML, like Gecko) Chrome/91.0.4472.124 Safari/537.36"
136.243.228.194 - - [05/Jul/2025:09:10:47 -0400] "GET /48pfu49165.html HTTP/1.1" 404 23127 "-" "Mozilla/5.0 (compatible; DataForSeoBot/1.0; +https://dataforseo.com/dataforseo-bot)"
66.249.65.195 - - [05/Jul/2025:09:10:57 -0400] "GET /50edaj15121.html HTTP/1.1" 200 86620 "-" "Mozilla/5.0 (compatible; Googlebot/2.1; +http://www.google.com/bot.html)"
113.192.18.25 - - [05/Jul/2025:09:10:58 -0400] "POST /xmlrpc.php HTTP/1.1" 403 1242 "-" "Mozilla/5.0 (Windows NT 10.0; Win64; x64) AppleWebKit/537.36 (KHTML, like Gecko) Chrome/126.0.0.0 Safari/537.36"
185.177.72.9 - - [05/Jul/2025:09:10:54 -0400] "GET /aws-secret.yaml HTTP/1.1" 404 23127 "-" "Mozilla/5.0 (Windows NT 10.0; Win64; x64) AppleWebKit/537.36 (KHTML, like Gecko) Chrome/91.0.4472.124 Safari/537.36"
103.152.79.201 - - [05/Jul/2025:09:11:03 -0400] "POST /xmlrpc.php HTTP/1.1" 403 1242 "-" "Mozilla/5.0 (Windows NT 10.0; Win64; x64) AppleWebKit/537.36 (KHTML, like Gecko) Chrome/126.0.0.0 Safari/537.36"
66.249.65.194 - - [05/Jul/2025:09:11:05 -0400] "GET /items/nvomv201/30781?key=function HTTP/1.1" 200 86666 "-" "Mozilla/5.0 (Linux; Android 6.0.1; Nexus 5X Build/MMB29P) AppleWebKit/537.36 (KHTML, like Gecko) Chrome/137.0.7151.103 Mobile Safari/537.36 (compatible; Googlebot/2.1; +http://www.google.com/bot.html)"
66.249.65.192 - - [05/Jul/2025:09:11:06 -0400] "GET /items/fpgho86/28858?key=eligible HTTP/1.1" 200 86382 "-" "Mozilla/5.0 (compatible; Googlebot/2.1; +http://www.google.com/bot.html)"
220.132.30.67 - - [05/Jul/2025:09:11:08 -0400] "POST /xmlrpc.php HTTP/1.1" 403 1242 "-" "Mozilla/5.0 (Windows NT 10.0; Win64; x64) AppleWebKit/537.36 (KHTML, like Gecko) Chrome/126.0.0.0 Safari/537.36"
136.243.228.194 - - [05/Jul/2025:09:10:58 -0400] "GET /46nvkz19071.html HTTP/1.1" 404 23129 "-" "Mozilla/5.0 (compatible; DataForSeoBot/1.0; +https://dataforseo.com/dataforseo-bot)"
143.244.185.159 - - [05/Jul/2025:09:11:10 -0400] "POST /xmlrpc.php HTTP/1.1" 403 1242 "-" "Mozilla/5.0 (Windows NT 10.0; Win64; x64) AppleWebKit/537.36 (KHTML, like Gecko) Chrome/126.0.0.0 Safari/537.36"
145.239.6.212 - - [05/Jul/2025:09:11:11 -0400] "POST /xmlrpc.php HTTP/1.1" 403 1242 "-" "Mozilla/5.0 (Windows NT 10.0; Win64; x64) AppleWebKit/537.36 (KHTML, like Gecko) Chrome/126.0.0.0 Safari/537.36"
185.177.72.9 - - [05/Jul/2025:09:11:04 -0400] "GET /app/config.js HTTP/1.1" 404 23127 "-" "Mozilla/5.0 (Windows NT 10.0; Win64; x64) AppleWebKit/537.36 (KHTML, like Gecko) Chrome/91.0.4472.124 Safari/537.36"
185.177.72.9 - - [05/Jul/2025:09:11:13 -0400] "GET /vendor/.env HTTP/1.1" 403 1242 "-" "Mozilla/5.0 (Windows NT 10.0; Win64; x64) AppleWebKit/537.36 (KHTML, like Gecko) Chrome/91.0.4472.124 Safari/537.36"
185.66.91.131 - - [05/Jul/2025:09:11:13 -0400] "POST /xmlrpc.php HTTP/1.1" 403 1242 "-" "Mozilla/5.0 (Windows NT 10.0; Win64; x64) AppleWebKit/537.36 (KHTML, like Gecko) Chrome/126.0.0.0 Safari/537.36"
203.159.92.34 - - [05/Jul/2025:09:11:17 -0400] "POST /xmlrpc.php HTTP/1.1" 403 1242 "-" "Mozilla/5.0 (Windows NT 10.0; Win64; x64) AppleWebKit/537.36 (KHTML, like Gecko) Chrome/126.0.0.0 Safari/537.36"
136.243.228.194 - - [05/Jul/2025:09:11:11 -0400] "GET /85qzf43306.html HTTP/1.1" 404 23127 "-" "Mozilla/5.0 (compatible; DataForSeoBot/1.0; +https://dataforseo.com/dataforseo-bot)"
209.127.12.94 - - [05/Jul/2025:09:11:19 -0400] "POST /xmlrpc.php HTTP/1.1" 403 1242 "-" "Mozilla/5.0 (Windows NT 10.0; Win64; x64) AppleWebKit/537.36 (KHTML, like Gecko) Chrome/126.0.0.0 Safari/537.36"
66.29.146.47 - - [05/Jul/2025:09:11:20 -0400] "POST /wp-cron.php?doing_wp_cron=1751721079.8473730087280273437500 HTTP/1.1" 403 1242 "-" "WordPress/6.8; https://dangroup.sa"
66.29.146.47 - - [05/Jul/2025:09:11:20 -0400] "POST /wp-cron.php?doing_wp_cron=1751721079.8512189388275146484375 HTTP/1.1" 403 1242 "-" "WordPress/6.8; https://dangroup.sa"
47.82.60.13 - - [05/Jul/2025:09:11:18 -0400] "GET /items/znott39/67659?key=weak HTTP/1.1" 301 0 "https://www.dangroup.sa/items/znott39/67659?key=weak" "Mozilla/5.0 (Windows NT 10.0; Win64; x64) AppleWebKit/537.36 (KHTML, like Gecko) Chrome/114.0.0.0 Safari/537.36 Edg/114.0.1823.43"
188.164.198.78 - - [05/Jul/2025:09:11:21 -0400] "POST /xmlrpc.php HTTP/1.1" 403 1242 "-" "Mozilla/5.0 (Windows NT 10.0; Win64; x64) AppleWebKit/537.36 (KHTML, like Gecko) Chrome/126.0.0.0 Safari/537.36"
66.249.65.193 - - [05/Jul/2025:09:11:20 -0400] "GET /items/qgbkf287/14429?key=factor HTTP/1.1" 200 86890 "-" "Mozilla/5.0 (Linux; Android 6.0.1; Nexus 5X Build/MMB29P) AppleWebKit/537.36 (KHTML, like Gecko) Chrome/137.0.7151.103 Mobile Safari/537.36 (compatible; Googlebot/2.1; +http://www.google.com/bot.html)"
66.249.65.192 - - [05/Jul/2025:09:11:21 -0400] "GET /65tsxwc28898.html HTTP/1.1" 200 87100 "-" "Mozilla/5.0 (compatible; Googlebot/2.1; +http://www.google.com/bot.html)"
185.177.72.9 - - [05/Jul/2025:09:11:13 -0400] "GET /phpinfo.php4 HTTP/1.1" 404 23129 "-" "Mozilla/5.0 (Windows NT 10.0; Win64; x64) AppleWebKit/537.36 (KHTML, like Gecko) Chrome/91.0.4472.124 Safari/537.36"
185.177.72.9 - - [05/Jul/2025:09:11:23 -0400] "GET /azure/.env HTTP/1.1" 403 1242 "-" "Mozilla/5.0 (Windows NT 10.0; Win64; x64) AppleWebKit/537.36 (KHTML, like Gecko) Chrome/91.0.4472.124 Safari/537.36"
66.249.65.193 - - [05/Jul/2025:09:11:23 -0400] "GET /items/fyeyr201/95?key=quarter HTTP/1.1" 200 86264 "-" "Mozilla/5.0 (compatible; Googlebot/2.1; +http://www.google.com/bot.html)"
67.217.57.138 - - [05/Jul/2025:09:11:29 -0400] "POST /xmlrpc.php HTTP/1.1" 403 1242 "-" "Mozilla/5.0 (Windows NT 10.0; Win64; x64) AppleWebKit/537.36 (KHTML, like Gecko) Chrome/126.0.0.0 Safari/537.36"
20.171.207.36 - - [05/Jul/2025:09:11:18 -0400] "GET /99fsphi1602.html HTTP/1.1" 404 23127 "-" "Mozilla/5.0 AppleWebKit/537.36 (KHTML, like Gecko; compatible; GPTBot/1.2; +https://openai.com/gptbot)"
136.243.228.194 - - [05/Jul/2025:09:11:19 -0400] "GET /items/niybn251/25809?key=stability HTTP/1.1" 404 23127 "-" "Mozilla/5.0 (compatible; DataForSeoBot/1.0; +https://dataforseo.com/dataforseo-bot)"
47.82.60.13 - - [05/Jul/2025:09:11:21 -0400] "GET /items/znott39/67659?key=weak HTTP/1.1" 404 23127 "https://www.dangroup.sa/items/znott39/67659?key=weak" "Mozilla/5.0 (Windows NT 10.0; Win64; x64) AppleWebKit/537.36 (KHTML, like Gecko) Chrome/114.0.0.0 Safari/537.36 Edg/114.0.1823.43"
152.53.193.55 - - [05/Jul/2025:09:11:34 -0400] "POST /xmlrpc.php HTTP/1.1" 403 1242 "-" "Mozilla/5.0 (Windows NT 10.0; Win64; x64) AppleWebKit/537.36 (KHTML, like Gecko) Chrome/126.0.0.0 Safari/537.36"
52.167.144.230 - - [05/Jul/2025:09:11:33 -0400] "GET /mpuvurc8007hptychosperma HTTP/1.1" 200 17 "-" "Mozilla/5.0 AppleWebKit/537.36 (KHTML, like Gecko; compatible; bingbot/2.0; +http://www.bing.com/bingbot.htm) Chrome/116.0.1938.76 Safari/537.36"
185.177.72.9 - - [05/Jul/2025:09:11:23 -0400] "GET /error.log HTTP/1.1" 404 23127 "-" "Mozilla/5.0 (Windows NT 10.0; Win64; x64) AppleWebKit/537.36 (KHTML, like Gecko) Chrome/91.0.4472.124 Safari/537.36"
66.249.65.192 - - [05/Jul/2025:09:11:36 -0400] "GET /5iwqd36640.html HTTP/1.1" 200 87505 "-" "Mozilla/5.0 (Linux; Android 6.0.1; Nexus 5X Build/MMB29P) AppleWebKit/537.36 (KHTML, like Gecko) Chrome/137.0.7151.103 Mobile Safari/537.36 (compatible; Googlebot/2.1; +http://www.google.com/bot.html)"
13.125.219.226 - - [05/Jul/2025:09:11:42 -0400] "POST /xmlrpc.php HTTP/1.1" 403 1242 "-" "Mozilla/5.0 (Windows NT 10.0; Win64; x64) AppleWebKit/537.36 (KHTML, like Gecko) Chrome/126.0.0.0 Safari/537.36"
136.243.228.194 - - [05/Jul/2025:09:11:33 -0400] "GET /180pos16003.html HTTP/1.1" 404 23127 "-" "Mozilla/5.0 (compatible; DataForSeoBot/1.0; +https://dataforseo.com/dataforseo-bot)"
185.177.72.9 - - [05/Jul/2025:09:11:35 -0400] "GET /isadmin.php HTTP/1.1" 404 23127 "-" "Mozilla/5.0 (Windows NT 10.0; Win64; x64) AppleWebKit/537.36 (KHTML, like Gecko) Chrome/91.0.4472.124 Safari/537.36"
185.177.72.9 - - [05/Jul/2025:09:11:44 -0400] "GET /v1/.env HTTP/1.1" 403 1242 "-" "Mozilla/5.0 (Windows NT 10.0; Win64; x64) AppleWebKit/537.36 (KHTML, like Gecko) Chrome/91.0.4472.124 Safari/537.36"
185.177.72.9 - - [05/Jul/2025:09:11:45 -0400] "GET /roundcube/.env HTTP/1.1" 403 1242 "-" "Mozilla/5.0 (Windows NT 10.0; Win64; x64) AppleWebKit/537.36 (KHTML, like Gecko) Chrome/91.0.4472.124 Safari/537.36"
66.249.65.192 - - [05/Jul/2025:09:11:44 -0400] "GET /pcmypage?callback=product/review/e-hakaru-017250806a-y204459 HTTP/1.1" 200 86977 "-" "Mozilla/5.0 (compatible; Googlebot/2.1; +http://www.google.com/bot.html)"
103.68.62.175 - - [05/Jul/2025:09:11:48 -0400] "POST /xmlrpc.php HTTP/1.1" 403 1242 "-" "Mozilla/5.0 (Windows NT 10.0; Win64; x64) AppleWebKit/537.36 (KHTML, like Gecko) Chrome/126.0.0.0 Safari/537.36"
173.212.221.77 - - [05/Jul/2025:09:11:50 -0400] "POST /xmlrpc.php HTTP/1.1" 403 1242 "-" "Mozilla/5.0 (Windows NT 10.0; Win64; x64) AppleWebKit/537.36 (KHTML, like Gecko) Chrome/126.0.0.0 Safari/537.36"
66.249.65.194 - - [05/Jul/2025:09:11:49 -0400] "GET /items/mhmvj275/49739?key=transfer HTTP/1.1" 200 87320 "-" "Mozilla/5.0 (compatible; Googlebot/2.1; +http://www.google.com/bot.html)"
134.122.126.58 - - [05/Jul/2025:09:11:51 -0400] "POST /xmlrpc.php HTTP/1.1" 403 1242 "-" "Mozilla/5.0 (Windows NT 10.0; Win64; x64) AppleWebKit/537.36 (KHTML, like Gecko) Chrome/126.0.0.0 Safari/537.36"
47.82.60.42 - - [05/Jul/2025:09:11:42 -0400] "GET /pcmypage?callback=product/review/webike-rb-25988937-1 HTTP/1.1" 404 23127 "https://dangroup.sa/pcmypage?callback=product/review/webike-rb-25988937-1" "Mozilla/5.0 (Windows NT 10.0; Win64; x64) AppleWebKit/537.36 (KHTML, like Gecko) Chrome/114.0.0.0 Safari/537.36 Edg/114.0.1823.43"
64.227.161.192 - - [05/Jul/2025:09:11:53 -0400] "POST /xmlrpc.php HTTP/1.1" 403 1242 "-" "Mozilla/5.0 (Windows NT 10.0; Win64; x64) AppleWebKit/537.36 (KHTML, like Gecko) Chrome/126.0.0.0 Safari/537.36"
136.243.228.194 - - [05/Jul/2025:09:11:46 -0400] "GET /52wct10953.html HTTP/1.1" 404 23127 "-" "Mozilla/5.0 (compatible; DataForSeoBot/1.0; +https://dataforseo.com/dataforseo-bot)"
135.181.217.112 - - [05/Jul/2025:09:11:57 -0400] "POST /xmlrpc.php HTTP/1.1" 403 1242 "-" "Mozilla/5.0 (Windows NT 10.0; Win64; x64) AppleWebKit/537.36 (KHTML, like Gecko) Chrome/126.0.0.0 Safari/537.36"
185.177.72.9 - - [05/Jul/2025:09:11:45 -0400] "GET /test_info5.php HTTP/1.1" 404 23129 "-" "Mozilla/5.0 (Windows NT 10.0; Win64; x64) AppleWebKit/537.36 (KHTML, like Gecko) Chrome/91.0.4472.124 Safari/537.36"
185.177.72.9 - - [05/Jul/2025:09:11:57 -0400] "GET /awstats/.env HTTP/1.1" 403 1242 "-" "Mozilla/5.0 (Windows NT 10.0; Win64; x64) AppleWebKit/537.36 (KHTML, like Gecko) Chrome/91.0.4472.124 Safari/537.36"
185.177.72.9 - - [05/Jul/2025:09:11:57 -0400] "GET /boxes/oracle-vagrant-boxes/OLCNE/.env HTTP/1.1" 403 1242 "-" "Mozilla/5.0 (Windows NT 10.0; Win64; x64) AppleWebKit/537.36 (KHTML, like Gecko) Chrome/91.0.4472.124 Safari/537.36"
66.249.65.192 - - [05/Jul/2025:09:11:57 -0400] "GET /items/nxihh67/18611?key=rain HTTP/1.1" 200 87086 "-" "Mozilla/5.0 (Linux; Android 6.0.1; Nexus 5X Build/MMB29P) AppleWebKit/537.36 (KHTML, like Gecko) Chrome/137.0.7151.103 Mobile Safari/537.36 (compatible; Googlebot/2.1; +http://www.google.com/bot.html)"
47.82.60.13 - - [05/Jul/2025:09:11:48 -0400] "GET /items/nrwsz120/32828?key=especially HTTP/1.1" 404 23127 "https://dangroup.sa/items/nrwsz120/32828?key=especially" "Mozilla/5.0 (Windows NT 10.0; Win64; x64) AppleWebKit/537.36 (KHTML, like Gecko) Chrome/114.0.0.0 Safari/537.36 Edg/114.0.1823.43"
185.202.223.11 - - [05/Jul/2025:09:12:06 -0400] "POST /xmlrpc.php HTTP/1.1" 403 1242 "-" "Mozilla/5.0 (Windows NT 10.0; Win64; x64) AppleWebKit/537.36 (KHTML, like Gecko) Chrome/126.0.0.0 Safari/537.36"
136.243.228.194 - - [05/Jul/2025:09:11:57 -0400] "GET /28oxbgr26505.html HTTP/1.1" 404 23129 "-" "Mozilla/5.0 (compatible; DataForSeoBot/1.0; +https://dataforseo.com/dataforseo-bot)"
185.177.72.9 - - [05/Jul/2025:09:11:57 -0400] "GET /inf.php HTTP/1.1" 404 23129 "-" "Mozilla/5.0 (Windows NT 10.0; Win64; x64) AppleWebKit/537.36 (KHTML, like Gecko) Chrome/91.0.4472.124 Safari/537.36"
185.177.72.9 - - [05/Jul/2025:09:12:06 -0400] "GET /cdw-backend/.env HTTP/1.1" 403 1242 "-" "Mozilla/5.0 (Windows NT 10.0; Win64; x64) AppleWebKit/537.36 (KHTML, like Gecko) Chrome/91.0.4472.124 Safari/537.36"
185.177.72.9 - - [05/Jul/2025:09:12:06 -0400] "GET /api/src/.env HTTP/1.1" 403 1242 "-" "Mozilla/5.0 (Windows NT 10.0; Win64; x64) AppleWebKit/537.36 (KHTML, like Gecko) Chrome/91.0.4472.124 Safari/537.36"
185.177.72.9 - - [05/Jul/2025:09:12:07 -0400] "GET /.env.stage HTTP/1.1" 403 1242 "-" "Mozilla/5.0 (Windows NT 10.0; Win64; x64) AppleWebKit/537.36 (KHTML, like Gecko) Chrome/91.0.4472.124 Safari/537.36"
185.177.72.9 - - [05/Jul/2025:09:12:07 -0400] "GET /Web/siteMariage/.env HTTP/1.1" 403 1242 "-" "Mozilla/5.0 (Windows NT 10.0; Win64; x64) AppleWebKit/537.36 (KHTML, like Gecko) Chrome/91.0.4472.124 Safari/537.36"
185.177.72.9 - - [05/Jul/2025:09:12:07 -0400] "GET /packages/plugin-qiankun/examples/app2/.env HTTP/1.1" 403 1242 "-" "Mozilla/5.0 (Windows NT 10.0; Win64; x64) AppleWebKit/537.36 (KHTML, like Gecko) Chrome/91.0.4472.124 Safari/537.36"
185.177.72.9 - - [05/Jul/2025:09:12:07 -0400] "GET /adminer/.env HTTP/1.1" 403 1242 "-" "Mozilla/5.0 (Windows NT 10.0; Win64; x64) AppleWebKit/537.36 (KHTML, like Gecko) Chrome/91.0.4472.124 Safari/537.36"
185.177.72.9 - - [05/Jul/2025:09:12:08 -0400] "GET /fm/.env HTTP/1.1" 403 1242 "-" "Mozilla/5.0 (Windows NT 10.0; Win64; x64) AppleWebKit/537.36 (KHTML, like Gecko) Chrome/91.0.4472.124 Safari/537.36"
185.177.72.9 - - [05/Jul/2025:09:12:08 -0400] "GET /docker-node-mongo-redis/.env HTTP/1.1" 403 1242 "-" "Mozilla/5.0 (Windows NT 10.0; Win64; x64) AppleWebKit/537.36 (KHTML, like Gecko) Chrome/91.0.4472.124 Safari/537.36"
66.249.65.192 - - [05/Jul/2025:09:12:08 -0400] "GET /50xntm11015.html HTTP/1.1" 200 87393 "-" "Mozilla/5.0 (Linux; Android 6.0.1; Nexus 5X Build/MMB29P) AppleWebKit/537.36 (KHTML, like Gecko) Chrome/137.0.7151.103 Mobile Safari/537.36 (compatible; Googlebot/2.1; +http://www.google.com/bot.html)"
222.252.11.133 - - [05/Jul/2025:09:12:11 -0400] "POST /xmlrpc.php HTTP/1.1" 403 1242 "-" "Mozilla/5.0 (Windows NT 10.0; Win64; x64) AppleWebKit/537.36 (KHTML, like Gecko) Chrome/126.0.0.0 Safari/537.36"
118.70.190.36 - - [05/Jul/2025:09:12:14 -0400] "POST /xmlrpc.php HTTP/1.1" 403 1242 "-" "Mozilla/5.0 (Windows NT 10.0; Win64; x64) AppleWebKit/537.36 (KHTML, like Gecko) Chrome/126.0.0.0 Safari/537.36"
136.243.228.194 - - [05/Jul/2025:09:12:08 -0400] "GET /items/lfunl9/19449?key=priest HTTP/1.1" 404 23127 "-" "Mozilla/5.0 (compatible; DataForSeoBot/1.0; +https://dataforseo.com/dataforseo-bot)"
185.177.72.9 - - [05/Jul/2025:09:12:08 -0400] "GET /secrets.js HTTP/1.1" 404 23129 "-" "Mozilla/5.0 (Windows NT 10.0; Win64; x64) AppleWebKit/537.36 (KHTML, like Gecko) Chrome/91.0.4472.124 Safari/537.36"
184.154.4.187 - - [05/Jul/2025:09:12:18 -0400] "POST /xmlrpc.php HTTP/1.1" 403 1242 "-" "Mozilla/5.0 (Windows NT 10.0; Win64; x64) AppleWebKit/537.36 (KHTML, like Gecko) Chrome/126.0.0.0 Safari/537.36"
185.177.72.9 - - [05/Jul/2025:09:12:18 -0400] "GET /ch2-mytodo/.env HTTP/1.1" 403 1242 "-" "Mozilla/5.0 (Windows NT 10.0; Win64; x64) AppleWebKit/537.36 (KHTML, like Gecko) Chrome/91.0.4472.124 Safari/537.36"
185.177.72.9 - - [05/Jul/2025:09:12:18 -0400] "GET /items/.env HTTP/1.1" 403 1242 "-" "Mozilla/5.0 (Windows NT 10.0; Win64; x64) AppleWebKit/537.36 (KHTML, like Gecko) Chrome/91.0.4472.124 Safari/537.36"
185.177.72.9 - - [05/Jul/2025:09:12:18 -0400] "GET /samples/docker/deploymentscripts/.env HTTP/1.1" 403 1242 "-" "Mozilla/5.0 (Windows NT 10.0; Win64; x64) AppleWebKit/537.36 (KHTML, like Gecko) Chrome/91.0.4472.124 Safari/537.36"
185.177.72.9 - - [05/Jul/2025:09:12:18 -0400] "GET /cloud/.env HTTP/1.1" 403 1242 "-" "Mozilla/5.0 (Windows NT 10.0; Win64; x64) AppleWebKit/537.36 (KHTML, like Gecko) Chrome/91.0.4472.124 Safari/537.36"
185.177.72.9 - - [05/Jul/2025:09:12:18 -0400] "GET /test/bdd/fixtures/agent-rest/.env HTTP/1.1" 403 1242 "-" "Mozilla/5.0 (Windows NT 10.0; Win64; x64) AppleWebKit/537.36 (KHTML, like Gecko) Chrome/91.0.4472.124 Safari/537.36"
143.198.231.177 - - [05/Jul/2025:09:12:19 -0400] "POST /xmlrpc.php HTTP/1.1" 403 1242 "-" "Mozilla/5.0 (Windows NT 10.0; Win64; x64) AppleWebKit/537.36 (KHTML, like Gecko) Chrome/126.0.0.0 Safari/537.36"
192.169.190.104 - - [05/Jul/2025:09:12:20 -0400] "POST /xmlrpc.php HTTP/1.1" 403 1242 "-" "Mozilla/5.0 (Windows NT 10.0; Win64; x64) AppleWebKit/537.36 (KHTML, like Gecko) Chrome/126.0.0.0 Safari/537.36"
66.29.146.47 - - [05/Jul/2025:09:12:21 -0400] "POST /wp-cron.php?doing_wp_cron=1751721140.8484539985656738281250 HTTP/1.1" 403 1242 "-" "WordPress/6.8; https://dangroup.sa"
185.177.72.9 - - [05/Jul/2025:09:12:19 -0400] "GET /test/ HTTP/1.1" 301 0 "-" "Mozilla/5.0 (Windows NT 10.0; Win64; x64) AppleWebKit/537.36 (KHTML, like Gecko) Chrome/91.0.4472.124 Safari/537.36"
142.93.6.130 - - [05/Jul/2025:09:12:22 -0400] "POST /xmlrpc.php HTTP/1.1" 403 1242 "-" "Mozilla/5.0 (Windows NT 10.0; Win64; x64) AppleWebKit/537.36 (KHTML, like Gecko) Chrome/126.0.0.0 Safari/537.36"
66.249.65.192 - - [05/Jul/2025:09:12:23 -0400] "GET /items/wtjya29/37609?key=friendship HTTP/1.1" 200 87323 "-" "Mozilla/5.0 (Linux; Android 6.0.1; Nexus 5X Build/MMB29P) AppleWebKit/537.36 (KHTML, like Gecko) Chrome/137.0.7151.103 Mobile Safari/537.36 (compatible; Googlebot/2.1; +http://www.google.com/bot.html)"
136.243.228.194 - - [05/Jul/2025:09:12:16 -0400] "GET /items/rzinx62/17260?key=solely HTTP/1.1" 404 23127 "-" "Mozilla/5.0 (compatible; DataForSeoBot/1.0; +https://dataforseo.com/dataforseo-bot)"
66.249.74.168 - - [05/Jul/2025:09:12:26 -0400] "GET /items/gmvsy220/6694?key=child HTTP/1.1" 200 87219 "-" "Mozilla/5.0 (Linux; Android 6.0.1; Nexus 5X Build/MMB29P) AppleWebKit/537.36 (KHTML, like Gecko) Chrome/137.0.7151.103 Mobile Safari/537.36 (compatible; Googlebot/2.1; +http://www.google.com/bot.html)"
66.249.65.192 - - [05/Jul/2025:09:12:28 -0400] "GET /items/xrtrv107/46727?key=commodity HTTP/1.1" 200 87001 "-" "Mozilla/5.0 (Linux; Android 6.0.1; Nexus 5X Build/MMB29P) AppleWebKit/537.36 (KHTML, like Gecko) Chrome/137.0.7151.103 Mobile Safari/537.36 (compatible; Googlebot/2.1; +http://www.google.com/bot.html)"
64.90.53.137 - - [05/Jul/2025:09:12:34 -0400] "POST /xmlrpc.php HTTP/1.1" 403 1242 "-" "Mozilla/5.0 (Windows NT 10.0; Win64; x64) AppleWebKit/537.36 (KHTML, like Gecko) Chrome/126.0.0.0 Safari/537.36"
185.177.72.9 - - [05/Jul/2025:09:12:21 -0400] "GET /en/test-project/ HTTP/1.1" 200 24217 "-" "Mozilla/5.0 (Windows NT 10.0; Win64; x64) AppleWebKit/537.36 (KHTML, like Gecko) Chrome/91.0.4472.124 Safari/537.36"
185.177.72.9 - - [05/Jul/2025:09:12:35 -0400] "GET /front-app/.env HTTP/1.1" 403 1242 "-" "Mozilla/5.0 (Windows NT 10.0; Win64; x64) AppleWebKit/537.36 (KHTML, like Gecko) Chrome/91.0.4472.124 Safari/537.36"
20.171.207.36 - - [05/Jul/2025:09:12:23 -0400] "GET /4luscg12379.html HTTP/1.1" 404 23127 "-" "Mozilla/5.0 AppleWebKit/537.36 (KHTML, like Gecko; compatible; GPTBot/1.2; +https://openai.com/gptbot)"
185.177.72.9 - - [05/Jul/2025:09:12:35 -0400] "GET /ui/.env HTTP/1.1" 403 1242 "-" "Mozilla/5.0 (Windows NT 10.0; Win64; x64) AppleWebKit/537.36 (KHTML, like Gecko) Chrome/91.0.4472.124 Safari/537.36"
185.177.72.9 - - [05/Jul/2025:09:12:35 -0400] "GET /client-app/.env HTTP/1.1" 403 1242 "-" "Mozilla/5.0 (Windows NT 10.0; Win64; x64) AppleWebKit/537.36 (KHTML, like Gecko) Chrome/91.0.4472.124 Safari/537.36"
51.222.253.5 - - [05/Jul/2025:09:12:31 -0400] "GET /en/entrepreneurial-journeys/feed/ HTTP/1.1" 304 0 "-" "Mozilla/5.0 (compatible; AhrefsBot/7.0; +http://ahrefs.com/robot/)"
185.177.72.9 - - [05/Jul/2025:09:12:36 -0400] "GET /cryo_project/.env HTTP/1.1" 403 1242 "-" "Mozilla/5.0 (Windows NT 10.0; Win64; x64) AppleWebKit/537.36 (KHTML, like Gecko) Chrome/91.0.4472.124 Safari/537.36"
185.177.72.9 - - [05/Jul/2025:09:12:36 -0400] "GET /data/.env HTTP/1.1" 403 1242 "-" "Mozilla/5.0 (Windows NT 10.0; Win64; x64) AppleWebKit/537.36 (KHTML, like Gecko) Chrome/91.0.4472.124 Safari/537.36"
185.177.72.9 - - [05/Jul/2025:09:12:36 -0400] "GET /latest/.env HTTP/1.1" 403 1242 "-" "Mozilla/5.0 (Windows NT 10.0; Win64; x64) AppleWebKit/537.36 (KHTML, like Gecko) Chrome/91.0.4472.124 Safari/537.36"
136.243.228.194 - - [05/Jul/2025:09:12:25 -0400] "GET /98hxe20105.html HTTP/1.1" 404 23127 "-" "Mozilla/5.0 (compatible; DataForSeoBot/1.0; +https://dataforseo.com/dataforseo-bot)"
134.122.126.58 - - [05/Jul/2025:09:12:40 -0400] "POST /xmlrpc.php HTTP/1.1" 403 1242 "-" "Mozilla/5.0 (Windows NT 10.0; Win64; x64) AppleWebKit/537.36 (KHTML, like Gecko) Chrome/126.0.0.0 Safari/537.36"
66.249.65.192 - - [05/Jul/2025:09:12:39 -0400] "GET /items/agujb115/12015?key=pregnancy HTTP/1.1" 200 86812 "-" "Mozilla/5.0 (Linux; Android 6.0.1; Nexus 5X Build/MMB29P) AppleWebKit/537.36 (KHTML, like Gecko) Chrome/137.0.7151.103 Mobile Safari/537.36 (compatible; Googlebot/2.1; +http://www.google.com/bot.html)"
46.246.44.99 - - [05/Jul/2025:09:12:42 -0400] "POST /xmlrpc.php HTTP/1.1" 403 1242 "-" "Mozilla/5.0 (Windows NT 10.0; Win64; x64) AppleWebKit/537.36 (KHTML, like Gecko) Chrome/126.0.0.0 Safari/537.36"
185.177.72.9 - - [05/Jul/2025:09:12:36 -0400] "GET /_next/static/chunks/app/global-error.js HTTP/1.1" 404 23127 "-" "Mozilla/5.0 (Windows NT 10.0; Win64; x64) AppleWebKit/537.36 (KHTML, like Gecko) Chrome/91.0.4472.124 Safari/537.36"
185.177.72.9 - - [05/Jul/2025:09:12:46 -0400] "GET /htdocs/.env HTTP/1.1" 403 1242 "-" "Mozilla/5.0 (Windows NT 10.0; Win64; x64) AppleWebKit/537.36 (KHTML, like Gecko) Chrome/91.0.4472.124 Safari/537.36"
185.177.72.9 - - [05/Jul/2025:09:12:47 -0400] "GET /vendor/github.com/gobuffalo/envy/.env HTTP/1.1" 403 1242 "-" "Mozilla/5.0 (Windows NT 10.0; Win64; x64) AppleWebKit/537.36 (KHTML, like Gecko) Chrome/91.0.4472.124 Safari/537.36"
136.243.228.194 - - [05/Jul/2025:09:12:39 -0400] "GET /items/ptbeg14/12336?key=seed HTTP/1.1" 404 23311 "-" "Mozilla/5.0 (compatible; DataForSeoBot/1.0; +https://dataforseo.com/dataforseo-bot)"
162.144.127.41 - - [05/Jul/2025:09:12:50 -0400] "POST /xmlrpc.php HTTP/1.1" 403 1242 "-" "Mozilla/5.0 (Windows NT 10.0; Win64; x64) AppleWebKit/537.36 (KHTML, like Gecko) Chrome/126.0.0.0 Safari/537.36"
66.249.65.193 - - [05/Jul/2025:09:12:54 -0400] "GET /53pauz43112.html HTTP/1.1" 200 87013 "-" "Mozilla/5.0 (Linux; Android 6.0.1; Nexus 5X Build/MMB29P) AppleWebKit/537.36 (KHTML, like Gecko) Chrome/137.0.7151.103 Mobile Safari/537.36 (compatible; Googlebot/2.1; +http://www.google.com/bot.html)"
109.199.117.176 - - [05/Jul/2025:09:12:56 -0400] "POST /xmlrpc.php HTTP/1.1" 403 1242 "-" "Mozilla/5.0 (Windows NT 10.0; Win64; x64) AppleWebKit/537.36 (KHTML, like Gecko) Chrome/126.0.0.0 Safari/537.36"
185.177.72.9 - - [05/Jul/2025:09:12:47 -0400] "GET /old/ HTTP/1.1" 404 23127 "-" "Mozilla/5.0 (Windows NT 10.0; Win64; x64) AppleWebKit/537.36 (KHTML, like Gecko) Chrome/91.0.4472.124 Safari/537.36"
185.177.72.9 - - [05/Jul/2025:09:12:57 -0400] "GET /flask/.env HTTP/1.1" 403 1242 "-" "Mozilla/5.0 (Windows NT 10.0; Win64; x64) AppleWebKit/537.36 (KHTML, like Gecko) Chrome/91.0.4472.124 Safari/537.36"
66.249.65.193 - - [05/Jul/2025:09:12:55 -0400] "GET /214nho33801.html HTTP/1.1" 200 87029 "-" "Mozilla/5.0 (compatible; Googlebot/2.1; +http://www.google.com/bot.html)"
185.177.72.9 - - [05/Jul/2025:09:12:57 -0400] "GET /mongodb/config/dev/.env HTTP/1.1" 403 1242 "-" "Mozilla/5.0 (Windows NT 10.0; Win64; x64) AppleWebKit/537.36 (KHTML, like Gecko) Chrome/91.0.4472.124 Safari/537.36"
136.243.228.194 - - [05/Jul/2025:09:12:49 -0400] "GET /159hackk42818.html HTTP/1.1" 404 23127 "-" "Mozilla/5.0 (compatible; DataForSeoBot/1.0; +https://dataforseo.com/dataforseo-bot)"
66.249.65.192 - - [05/Jul/2025:09:13:02 -0400] "GET /285yinl47384.html HTTP/1.1" 200 86723 "-" "Mozilla/5.0 (compatible; Googlebot/2.1; +http://www.google.com/bot.html)"
185.177.72.9 - - [05/Jul/2025:09:12:57 -0400] "GET /tester.php HTTP/1.1" 404 23127 "-" "Mozilla/5.0 (Windows NT 10.0; Win64; x64) AppleWebKit/537.36 (KHTML, like Gecko) Chrome/91.0.4472.124 Safari/537.36"
185.177.72.9 - - [05/Jul/2025:09:13:08 -0400] "GET /login/.env HTTP/1.1" 403 1242 "-" "Mozilla/5.0 (Windows NT 10.0; Win64; x64) AppleWebKit/537.36 (KHTML, like Gecko) Chrome/91.0.4472.124 Safari/537.36"
136.243.228.194 - - [05/Jul/2025:09:13:00 -0400] "GET /247htsw5618.html HTTP/1.1" 404 23127 "-" "Mozilla/5.0 (compatible; DataForSeoBot/1.0; +https://dataforseo.com/dataforseo-bot)"
185.177.72.9 - - [05/Jul/2025:09:13:09 -0400] "GET /dataset2/.env HTTP/1.1" 403 1242 "-" "Mozilla/5.0 (Windows NT 10.0; Win64; x64) AppleWebKit/537.36 (KHTML, like Gecko) Chrome/91.0.4472.124 Safari/537.36"
47.82.60.35 - - [05/Jul/2025:09:13:08 -0400] "GET /pcmypage?callback=product/review/auc-access-whd70187057348sgg0 HTTP/1.1" 301 0 "https://www.dangroup.sa/pcmypage?callback=product/review/auc-access-whd70187057348sgg0" "Mozilla/5.0 (Windows NT 10.0; Win64; x64) AppleWebKit/537.36 (KHTML, like Gecko) Chrome/114.0.0.0 Safari/537.36 Edg/114.0.1823.43"
66.249.65.193 - - [05/Jul/2025:09:13:08 -0400] "GET /items/pmwwr277/10403?key=missionary HTTP/1.1" 200 86991 "-" "Mozilla/5.0 (compatible; Googlebot/2.1; +http://www.google.com/bot.html)"
54.164.181.55 - - [05/Jul/2025:09:13:14 -0400] "POST /xmlrpc.php HTTP/1.1" 403 1242 "-" "Mozilla/5.0 (Windows NT 10.0; Win64; x64) AppleWebKit/537.36 (KHTML, like Gecko) Chrome/126.0.0.0 Safari/537.36"
66.249.65.192 - - [05/Jul/2025:09:13:17 -0400] "GET /299oeku21026.html HTTP/1.1" 200 86937 "-" "Mozilla/5.0 (compatible; Googlebot/2.1; +http://www.google.com/bot.html)"
185.177.72.9 - - [05/Jul/2025:09:13:09 -0400] "GET /config/cache.php HTTP/1.1" 404 23310 "-" "Mozilla/5.0 (Windows NT 10.0; Win64; x64) AppleWebKit/537.36 (KHTML, like Gecko) Chrome/91.0.4472.124 Safari/537.36"
162.0.215.243 - - [05/Jul/2025:09:13:21 -0400] "POST /xmlrpc.php HTTP/1.1" 403 1242 "-" "Mozilla/5.0 (Windows NT 10.0; Win64; x64) AppleWebKit/537.36 (KHTML, like Gecko) Chrome/126.0.0.0 Safari/537.36"
47.82.60.35 - - [05/Jul/2025:09:13:10 -0400] "GET /pcmypage?callback=product/review/auc-access-whd70187057348sgg0 HTTP/1.1" 404 23127 "https://www.dangroup.sa/pcmypage?callback=product/review/auc-access-whd70187057348sgg0" "Mozilla/5.0 (Windows NT 10.0; Win64; x64) AppleWebKit/537.36 (KHTML, like Gecko) Chrome/114.0.0.0 Safari/537.36 Edg/114.0.1823.43"
66.29.146.47 - - [05/Jul/2025:09:13:21 -0400] "POST /wp-cron.php?doing_wp_cron=1751721201.3351109027862548828125 HTTP/1.1" 403 1242 "-" "WordPress/6.8; https://dangroup.sa"
136.243.228.194 - - [05/Jul/2025:09:13:11 -0400] "GET /items/ailti175/46381?key=shine HTTP/1.1" 404 23129 "-" "Mozilla/5.0 (compatible; DataForSeoBot/1.0; +https://dataforseo.com/dataforseo-bot)"
166.1.187.121 - - [05/Jul/2025:09:13:10 -0400] "GET /ar/ HTTP/1.1" 404 23129 "https://danevnt.com/" "Mozilla/5.0 (Windows NT 10.0; WOW64; x64) AppleWebKit/537.36 (KHTML, like Gecko) Chrome/114.0.0.0 Safari/537.36 OPR/89.0.4447.51"
185.177.72.9 - - [05/Jul/2025:09:13:19 -0400] "GET /phpversion.php HTTP/1.1" 404 23129 "-" "Mozilla/5.0 (Windows NT 10.0; Win64; x64) AppleWebKit/537.36 (KHTML, like Gecko) Chrome/91.0.4472.124 Safari/537.36"
5.161.42.79 - - [05/Jul/2025:09:13:33 -0400] "POST /xmlrpc.php HTTP/1.1" 403 1242 "-" "Mozilla/5.0 (Windows NT 10.0; Win64; x64) AppleWebKit/537.36 (KHTML, like Gecko) Chrome/126.0.0.0 Safari/537.36"
20.171.207.36 - - [05/Jul/2025:09:13:25 -0400] "GET /2msfbu15207.html HTTP/1.1" 404 23127 "-" "Mozilla/5.0 AppleWebKit/537.36 (KHTML, like Gecko; compatible; GPTBot/1.2; +https://openai.com/gptbot)"
136.243.228.194 - - [05/Jul/2025:09:13:25 -0400] "GET /items/zbvsm86/36522?key=huge HTTP/1.1" 404 23127 "-" "Mozilla/5.0 (compatible; DataForSeoBot/1.0; +https://dataforseo.com/dataforseo-bot)"
184.154.4.187 - - [05/Jul/2025:09:13:38 -0400] "POST /xmlrpc.php HTTP/1.1" 403 1242 "-" "Mozilla/5.0 (Windows NT 10.0; Win64; x64) AppleWebKit/537.36 (KHTML, like Gecko) Chrome/126.0.0.0 Safari/537.36"
166.1.187.121 - - [05/Jul/2025:09:13:23 -0400] "GET / HTTP/1.1" 200 33221 "-" "Mozilla/5.0 (Windows NT 10.0; WOW64; x64) AppleWebKit/537.36 (KHTML, like Gecko) Chrome/114.0.0.0 Safari/537.36 OPR/89.0.4447.51"
185.177.72.9 - - [05/Jul/2025:09:13:29 -0400] "GET /%c0 HTTP/1.1" 404 23127 "-" "Mozilla/5.0 (Windows NT 10.0; Win64; x64) AppleWebKit/537.36 (KHTML, like Gecko) Chrome/91.0.4472.124 Safari/537.36"
185.177.72.9 - - [05/Jul/2025:09:13:42 -0400] "GET /legal/.env HTTP/1.1" 403 1242 "-" "Mozilla/5.0 (Windows NT 10.0; Win64; x64) AppleWebKit/537.36 (KHTML, like Gecko) Chrome/91.0.4472.124 Safari/537.36"
185.177.72.9 - - [05/Jul/2025:09:13:44 -0400] "GET /app/.env HTTP/1.1" 403 1242 "-" "Mozilla/5.0 (Windows NT 10.0; Win64; x64) AppleWebKit/537.36 (KHTML, like Gecko) Chrome/91.0.4472.124 Safari/537.36"
103.230.156.48 - - [05/Jul/2025:09:13:44 -0400] "POST /xmlrpc.php HTTP/1.1" 403 1242 "-" "Mozilla/5.0 (Windows NT 10.0; Win64; x64) AppleWebKit/537.36 (KHTML, like Gecko) Chrome/126.0.0.0 Safari/537.36"
66.249.65.192 - - [05/Jul/2025:09:13:44 -0400] "GET /items/bympx56/47720?key=efficiency HTTP/1.1" 200 87238 "-" "Mozilla/5.0 (Linux; Android 6.0.1; Nexus 5X Build/MMB29P) AppleWebKit/537.36 (KHTML, like Gecko) Chrome/137.0.7151.103 Mobile Safari/537.36 (compatible; Googlebot/2.1; +http://www.google.com/bot.html)"
185.177.72.9 - - [05/Jul/2025:09:13:47 -0400] "GET /.hg/ HTTP/1.1" 403 1242 "-" "Mozilla/5.0 (Windows NT 10.0; Win64; x64) AppleWebKit/537.36 (KHTML, like Gecko) Chrome/91.0.4472.124 Safari/537.36"
136.243.228.194 - - [05/Jul/2025:09:13:39 -0400] "GET /items/nvdtk234/20918?key=create HTTP/1.1" 404 23127 "-" "Mozilla/5.0 (compatible; DataForSeoBot/1.0; +https://dataforseo.com/dataforseo-bot)"
195.90.98.153 - - [05/Jul/2025:09:13:48 -0400] "POST /xmlrpc.php HTTP/1.1" 403 1242 "-" "Mozilla/5.0 (Windows NT 10.0; Win64; x64) AppleWebKit/537.36 (KHTML, like Gecko) Chrome/126.0.0.0 Safari/537.36"
66.249.65.193 - - [05/Jul/2025:09:13:48 -0400] "GET /35eunf1776.html HTTP/1.1" 200 86835 "-" "Mozilla/5.0 (compatible; Googlebot/2.1; +http://www.google.com/bot.html)"
66.249.65.193 - - [05/Jul/2025:09:13:51 -0400] "GET /pcmypage?callback=product%2Fdetail%2Foffice-japan-e-04830353-576lot HTTP/1.1" 200 86705 "-" "Mozilla/5.0 (Linux; Android 6.0.1; Nexus 5X Build/MMB29P) AppleWebKit/537.36 (KHTML, like Gecko) Chrome/137.0.7151.103 Mobile Safari/537.36 (compatible; Googlebot/2.1; +http://www.google.com/bot.html)"
206.189.80.189 - - [05/Jul/2025:09:13:54 -0400] "POST /xmlrpc.php HTTP/1.1" 403 1242 "-" "Mozilla/5.0 (Windows NT 10.0; Win64; x64) AppleWebKit/537.36 (KHTML, like Gecko) Chrome/126.0.0.0 Safari/537.36"
185.177.72.9 - - [05/Jul/2025:09:13:48 -0400] "GET /php_info.php HTTP/1.1" 404 23127 "-" "Mozilla/5.0 (Windows NT 10.0; Win64; x64) AppleWebKit/537.36 (KHTML, like Gecko) Chrome/91.0.4472.124 Safari/537.36"
66.249.65.193 - - [05/Jul/2025:09:13:54 -0400] "GET /items/btayy53/24797?key=productive HTTP/1.1" 200 86887 "-" "Mozilla/5.0 (Linux; Android 6.0.1; Nexus 5X Build/MMB29P) AppleWebKit/537.36 (KHTML, like Gecko) Chrome/137.0.7151.103 Mobile Safari/537.36 (compatible; Googlebot/2.1; +http://www.google.com/bot.html)"
185.177.72.9 - - [05/Jul/2025:09:13:56 -0400] "GET /application/.env.save HTTP/1.1" 403 1242 "-" "Mozilla/5.0 (Windows NT 10.0; Win64; x64) AppleWebKit/537.36 (KHTML, like Gecko) Chrome/91.0.4472.124 Safari/537.36"
185.177.72.9 - - [05/Jul/2025:09:13:56 -0400] "GET /img/.env HTTP/1.1" 403 1242 "-" "Mozilla/5.0 (Windows NT 10.0; Win64; x64) AppleWebKit/537.36 (KHTML, like Gecko) Chrome/91.0.4472.124 Safari/537.36"
185.177.72.9 - - [05/Jul/2025:09:13:56 -0400] "GET /main/.env HTTP/1.1" 403 1242 "-" "Mozilla/5.0 (Windows NT 10.0; Win64; x64) AppleWebKit/537.36 (KHTML, like Gecko) Chrome/91.0.4472.124 Safari/537.36"
185.177.72.9 - - [05/Jul/2025:09:13:57 -0400] "GET /src/__tests__/__fixtures__/typeScriptIntegrationProject/.env HTTP/1.1" 403 1242 "-" "Mozilla/5.0 (Windows NT 10.0; Win64; x64) AppleWebKit/537.36 (KHTML, like Gecko) Chrome/91.0.4472.124 Safari/537.36"
66.249.65.193 - - [05/Jul/2025:09:13:56 -0400] "GET /items/dejav247/9153?key=similar HTTP/1.1" 200 87049 "-" "Mozilla/5.0 (compatible; Googlebot/2.1; +http://www.google.com/bot.html)"
136.243.228.194 - - [05/Jul/2025:09:13:50 -0400] "GET /60flkdt117.html HTTP/1.1" 404 23129 "-" "Mozilla/5.0 (compatible; DataForSeoBot/1.0; +https://dataforseo.com/dataforseo-bot)"
162.240.14.39 - - [05/Jul/2025:09:13:58 -0400] "POST /xmlrpc.php HTTP/1.1" 403 1242 "-" "Mozilla/5.0 (Windows NT 10.0; Win64; x64) AppleWebKit/537.36 (KHTML, like Gecko) Chrome/126.0.0.0 Safari/537.36"
66.249.65.192 - - [05/Jul/2025:09:13:58 -0400] "GET /222vzv28181.html HTTP/1.1" 200 86689 "-" "Mozilla/5.0 (Linux; Android 6.0.1; Nexus 5X Build/MMB29P) AppleWebKit/537.36 (KHTML, like Gecko) Chrome/137.0.7151.103 Mobile Safari/537.36 (compatible; Googlebot/2.1; +http://www.google.com/bot.html)"
206.189.80.189 - - [05/Jul/2025:09:14:03 -0400] "POST /xmlrpc.php HTTP/1.1" 403 1242 "-" "Mozilla/5.0 (Windows NT 10.0; Win64; x64) AppleWebKit/537.36 (KHTML, like Gecko) Chrome/126.0.0.0 Safari/537.36"
136.243.228.194 - - [05/Jul/2025:09:13:59 -0400] "GET /234favw20837.html HTTP/1.1" 404 23127 "-" "Mozilla/5.0 (compatible; DataForSeoBot/1.0; +https://dataforseo.com/dataforseo-bot)"
154.196.52.212 - - [05/Jul/2025:09:13:59 -0400] "GET / HTTP/1.1" 200 33221 "-" "Mozilla/5.0 (X11; Linux x86_64) AppleWebKit/537.36 (KHTML, like Gecko) Chrome/114.0.0.0 Safari/537.36 OPR/89.0.4447.51"
92.53.96.160 - - [05/Jul/2025:09:14:11 -0400] "POST /xmlrpc.php HTTP/1.1" 403 1242 "-" "Mozilla/5.0 (Windows NT 10.0; Win64; x64) AppleWebKit/537.36 (KHTML, like Gecko) Chrome/126.0.0.0 Safari/537.36"
185.177.72.9 - - [05/Jul/2025:09:13:57 -0400] "GET /?phpinfo=1 HTTP/1.1" 200 33219 "-" "Mozilla/5.0 (Windows NT 10.0; Win64; x64) AppleWebKit/537.36 (KHTML, like Gecko) Chrome/91.0.4472.124 Safari/537.36"
124.156.240.51 - - [05/Jul/2025:09:14:15 -0400] "POST /xmlrpc.php HTTP/1.1" 403 1242 "-" "Mozilla/5.0 (Windows NT 10.0; Win64; x64) AppleWebKit/537.36 (KHTML, like Gecko) Chrome/126.0.0.0 Safari/537.36"
66.249.65.193 - - [05/Jul/2025:09:14:16 -0400] "GET /194fcgb47091.html HTTP/1.1" 200 87075 "-" "Mozilla/5.0 (compatible; Googlebot/2.1; +http://www.google.com/bot.html)"
154.196.52.212 - - [05/Jul/2025:09:14:11 -0400] "GET /contact/ HTTP/1.1" 200 24212 "https://dangroup.sa/" "Mozilla/5.0 (X11; Linux x86_64) AppleWebKit/537.36 (KHTML, like Gecko) Chrome/114.0.0.0 Safari/537.36 OPR/89.0.4447.51"
143.198.231.177 - - [05/Jul/2025:09:14:19 -0400] "POST /xmlrpc.php HTTP/1.1" 403 1242 "-" "Mozilla/5.0 (Windows NT 10.0; Win64; x64) AppleWebKit/537.36 (KHTML, like Gecko) Chrome/126.0.0.0 Safari/537.36"
136.243.228.194 - - [05/Jul/2025:09:14:09 -0400] "GET /items/hdfbw293/43931?key=absolutely HTTP/1.1" 404 23129 "-" "Mozilla/5.0 (compatible; DataForSeoBot/1.0; +https://dataforseo.com/dataforseo-bot)"
74.208.243.214 - - [05/Jul/2025:09:14:28 -0400] "POST /xmlrpc.php HTTP/1.1" 403 1242 "-" "Mozilla/5.0 (Windows NT 10.0; Win64; x64) AppleWebKit/537.36 (KHTML, like Gecko) Chrome/126.0.0.0 Safari/537.36"
103.199.18.208 - - [05/Jul/2025:09:14:31 -0400] "POST /xmlrpc.php HTTP/1.1" 403 1242 "-" "Mozilla/5.0 (Windows NT 10.0; Win64; x64) AppleWebKit/537.36 (KHTML, like Gecko) Chrome/126.0.0.0 Safari/537.36"
192.34.62.6 - - [05/Jul/2025:09:14:32 -0400] "POST /xmlrpc.php HTTP/1.1" 403 1242 "-" "Mozilla/5.0 (Windows NT 10.0; Win64; x64) AppleWebKit/537.36 (KHTML, like Gecko) Chrome/126.0.0.0 Safari/537.36"
66.249.65.193 - - [05/Jul/2025:09:14:32 -0400] "GET /items/umxce106/6032?key=door HTTP/1.1" 200 86847 "-" "Mozilla/5.0 (compatible; Googlebot/2.1; +http://www.google.com/bot.html)"
74.208.160.150 - - [05/Jul/2025:09:14:35 -0400] "POST /xmlrpc.php HTTP/1.1" 403 1242 "-" "Mozilla/5.0 (Windows NT 10.0; Win64; x64) AppleWebKit/537.36 (KHTML, like Gecko) Chrome/126.0.0.0 Safari/537.36"
185.177.72.9 - - [05/Jul/2025:09:14:35 -0400] "GET /error/.env HTTP/1.1" 403 1242 "-" "Mozilla/5.0 (Windows NT 10.0; Win64; x64) AppleWebKit/537.36 (KHTML, like Gecko) Chrome/91.0.4472.124 Safari/537.36"
185.177.72.9 - - [05/Jul/2025:09:14:35 -0400] "GET /testwork_json/.env HTTP/1.1" 403 1242 "-" "Mozilla/5.0 (Windows NT 10.0; Win64; x64) AppleWebKit/537.36 (KHTML, like Gecko) Chrome/91.0.4472.124 Safari/537.36"
185.177.72.9 - - [05/Jul/2025:09:14:35 -0400] "GET /resources/docker/phpmyadmin/.env HTTP/1.1" 403 1242 "-" "Mozilla/5.0 (Windows NT 10.0; Win64; x64) AppleWebKit/537.36 (KHTML, like Gecko) Chrome/91.0.4472.124 Safari/537.36"
103.42.58.162 - - [05/Jul/2025:09:14:37 -0400] "POST /xmlrpc.php HTTP/1.1" 403 1242 "-" "Mozilla/5.0 (Windows NT 10.0; Win64; x64) AppleWebKit/537.36 (KHTML, like Gecko) Chrome/126.0.0.0 Safari/537.36"
192.99.63.151 - - [05/Jul/2025:09:14:38 -0400] "POST /xmlrpc.php HTTP/1.1" 403 1242 "-" "Mozilla/5.0 (Windows NT 10.0; Win64; x64) AppleWebKit/537.36 (KHTML, like Gecko) Chrome/126.0.0.0 Safari/537.36"
20.171.207.36 - - [05/Jul/2025:09:14:30 -0400] "GET /23ghirj9066.html HTTP/1.1" 404 23127 "-" "Mozilla/5.0 AppleWebKit/537.36 (KHTML, like Gecko; compatible; GPTBot/1.2; +https://openai.com/gptbot)"
136.243.228.194 - - [05/Jul/2025:09:14:31 -0400] "GET /187lgsuj5936.html HTTP/1.1" 404 23127 "-" "Mozilla/5.0 (compatible; DataForSeoBot/1.0; +https://dataforseo.com/dataforseo-bot)"
188.225.21.131 - - [05/Jul/2025:09:14:40 -0400] "POST /xmlrpc.php HTTP/1.1" 403 1242 "-" "Mozilla/5.0 (Windows NT 10.0; Win64; x64) AppleWebKit/537.36 (KHTML, like Gecko) Chrome/126.0.0.0 Safari/537.36"
208.113.188.102 - - [05/Jul/2025:09:14:43 -0400] "POST /xmlrpc.php HTTP/1.1" 403 1242 "-" "Mozilla/5.0 (Windows NT 10.0; Win64; x64) AppleWebKit/537.36 (KHTML, like Gecko) Chrome/126.0.0.0 Safari/537.36"
185.177.72.9 - - [05/Jul/2025:09:14:36 -0400] "GET /app-7d66de919618d3830635.js HTTP/1.1" 404 23127 "-" "Mozilla/5.0 (Windows NT 10.0; Win64; x64) AppleWebKit/537.36 (KHTML, like Gecko) Chrome/91.0.4472.124 Safari/537.36"
66.249.65.192 - - [05/Jul/2025:09:14:45 -0400] "GET /items/srgae66/41870?key=fascinating HTTP/1.1" 200 86671 "-" "Mozilla/5.0 (compatible; Googlebot/2.1; +http://www.google.com/bot.html)"
95.163.234.166 - - [05/Jul/2025:09:14:47 -0400] "POST /xmlrpc.php HTTP/1.1" 403 1242 "-" "Mozilla/5.0 (Windows NT 10.0; Win64; x64) AppleWebKit/537.36 (KHTML, like Gecko) Chrome/126.0.0.0 Safari/537.36"
136.243.228.194 - - [05/Jul/2025:09:14:41 -0400] "GET /62wdtli43647.html HTTP/1.1" 404 23127 "-" "Mozilla/5.0 (compatible; DataForSeoBot/1.0; +https://dataforseo.com/dataforseo-bot)"
66.249.65.192 - - [05/Jul/2025:09:14:50 -0400] "GET /172twcua1003.html HTTP/1.1" 200 87926 "-" "Mozilla/5.0 (Linux; Android 6.0.1; Nexus 5X Build/MMB29P) AppleWebKit/537.36 (KHTML, like Gecko) Chrome/137.0.7151.103 Mobile Safari/537.36 (compatible; Googlebot/2.1; +http://www.google.com/bot.html)"
66.249.65.192 - - [05/Jul/2025:09:14:53 -0400] "GET /53vpq29294.html HTTP/1.1" 200 86509 "-" "Mozilla/5.0 (compatible; Googlebot/2.1; +http://www.google.com/bot.html)"
185.177.72.9 - - [05/Jul/2025:09:14:45 -0400] "GET /dev-api/ HTTP/1.1" 404 23127 "-" "Mozilla/5.0 (Windows NT 10.0; Win64; x64) AppleWebKit/537.36 (KHTML, like Gecko) Chrome/91.0.4472.124 Safari/537.36"
185.177.72.9 - - [05/Jul/2025:09:14:55 -0400] "GET /babel-plugin-dotenv/test/fixtures/empty-values/.env HTTP/1.1" 403 1242 "-" "Mozilla/5.0 (Windows NT 10.0; Win64; x64) AppleWebKit/537.36 (KHTML, like Gecko) Chrome/91.0.4472.124 Safari/537.36"
86.106.183.213 - - [05/Jul/2025:09:14:55 -0400] "POST /xmlrpc.php HTTP/1.1" 403 1242 "-" "Mozilla/5.0 (Windows NT 10.0; Win64; x64) AppleWebKit/537.36 (KHTML, like Gecko) Chrome/126.0.0.0 Safari/537.36"
185.177.72.9 - - [05/Jul/2025:09:14:55 -0400] "GET /kolab-syncroton/.env HTTP/1.1" 403 1242 "-" "Mozilla/5.0 (Windows NT 10.0; Win64; x64) AppleWebKit/537.36 (KHTML, like Gecko) Chrome/91.0.4472.124 Safari/537.36"
185.177.72.9 - - [05/Jul/2025:09:14:55 -0400] "GET /image_data/.env HTTP/1.1" 403 1242 "-" "Mozilla/5.0 (Windows NT 10.0; Win64; x64) AppleWebKit/537.36 (KHTML, like Gecko) Chrome/91.0.4472.124 Safari/537.36"
185.177.72.9 - - [05/Jul/2025:09:14:56 -0400] "GET /example27-how-to-load-env/sample01/.env HTTP/1.1" 403 1242 "-" "Mozilla/5.0 (Windows NT 10.0; Win64; x64) AppleWebKit/537.36 (KHTML, like Gecko) Chrome/91.0.4472.124 Safari/537.36"
185.177.72.9 - - [05/Jul/2025:09:14:56 -0400] "GET /composer.lock HTTP/1.1" 403 1242 "-" "Mozilla/5.0 (Windows NT 10.0; Win64; x64) AppleWebKit/537.36 (KHTML, like Gecko) Chrome/91.0.4472.124 Safari/537.36"
136.243.228.194 - - [05/Jul/2025:09:14:51 -0400] "GET /items/vvzsd20/9430?key=cognitive HTTP/1.1" 404 23129 "-" "Mozilla/5.0 (compatible; DataForSeoBot/1.0; +https://dataforseo.com/dataforseo-bot)"
185.177.72.9 - - [05/Jul/2025:09:14:56 -0400] "GET /chunk-B2FODB4I.js HTTP/1.1" 404 23129 "-" "Mozilla/5.0 (Windows NT 10.0; Win64; x64) AppleWebKit/537.36 (KHTML, like Gecko) Chrome/91.0.4472.124 Safari/537.36"
185.177.72.9 - - [05/Jul/2025:09:15:06 -0400] "GET /price_hawk_client/.env HTTP/1.1" 403 1242 "-" "Mozilla/5.0 (Windows NT 10.0; Win64; x64) AppleWebKit/537.36 (KHTML, like Gecko) Chrome/91.0.4472.124 Safari/537.36"
185.177.72.9 - - [05/Jul/2025:09:15:08 -0400] "GET /option/.env HTTP/1.1" 403 1242 "-" "Mozilla/5.0 (Windows NT 10.0; Win64; x64) AppleWebKit/537.36 (KHTML, like Gecko) Chrome/91.0.4472.124 Safari/537.36"
181.204.91.19 - - [05/Jul/2025:09:15:11 -0400] "POST /xmlrpc.php HTTP/1.1" 403 1242 "-" "Mozilla/5.0 (Windows NT 10.0; Win64; x64) AppleWebKit/537.36 (KHTML, like Gecko) Chrome/126.0.0.0 Safari/537.36"
136.243.228.194 - - [05/Jul/2025:09:15:04 -0400] "GET /143hcopp44922.html HTTP/1.1" 404 23127 "-" "Mozilla/5.0 (compatible; DataForSeoBot/1.0; +https://dataforseo.com/dataforseo-bot)"
185.177.72.9 - - [05/Jul/2025:09:15:08 -0400] "GET /aws.yml HTTP/1.1" 404 23127 "-" "Mozilla/5.0 (Windows NT 10.0; Win64; x64) AppleWebKit/537.36 (KHTML, like Gecko) Chrome/91.0.4472.124 Safari/537.36"
66.249.65.192 - - [05/Jul/2025:09:15:15 -0400] "GET /items/hrvkx86/1000?key=cave HTTP/1.1" 200 87502 "-" "Mozilla/5.0 (compatible; Googlebot/2.1; +http://www.google.com/bot.html)"
136.243.228.194 - - [05/Jul/2025:09:15:14 -0400] "GET /208peqg42797.html HTTP/1.1" 404 23127 "-" "Mozilla/5.0 (compatible; DataForSeoBot/1.0; +https://dataforseo.com/dataforseo-bot)"
66.249.65.192 - - [05/Jul/2025:09:15:21 -0400] "GET /201ycvh29906.html HTTP/1.1" 200 86476 "-" "Mozilla/5.0 (Linux; Android 6.0.1; Nexus 5X Build/MMB29P) AppleWebKit/537.36 (KHTML, like Gecko) Chrome/137.0.7151.103 Mobile Safari/537.36 (compatible; Googlebot/2.1; +http://www.google.com/bot.html)"
185.177.72.9 - - [05/Jul/2025:09:15:16 -0400] "GET /config.json HTTP/1.1" 404 23127 "-" "Mozilla/5.0 (Windows NT 10.0; Win64; x64) AppleWebKit/537.36 (KHTML, like Gecko) Chrome/91.0.4472.124 Safari/537.36"
185.177.72.9 - - [05/Jul/2025:09:15:24 -0400] "GET /videos/.env HTTP/1.1" 403 1242 "-" "Mozilla/5.0 (Windows NT 10.0; Win64; x64) AppleWebKit/537.36 (KHTML, like Gecko) Chrome/91.0.4472.124 Safari/537.36"
185.177.72.9 - - [05/Jul/2025:09:15:24 -0400] "GET /staticfiles/.env HTTP/1.1" 403 1242 "-" "Mozilla/5.0 (Windows NT 10.0; Win64; x64) AppleWebKit/537.36 (KHTML, like Gecko) Chrome/91.0.4472.124 Safari/537.36"
66.29.146.47 - - [05/Jul/2025:09:15:24 -0400] "POST /wp-cron.php?doing_wp_cron=1751721324.2667279243469238281250 HTTP/1.1" 403 1242 "-" "WordPress/6.8; https://dangroup.sa"
185.177.72.9 - - [05/Jul/2025:09:15:25 -0400] "GET /default/.env HTTP/1.1" 403 1242 "-" "Mozilla/5.0 (Windows NT 10.0; Win64; x64) AppleWebKit/537.36 (KHTML, like Gecko) Chrome/91.0.4472.124 Safari/537.36"
185.177.72.9 - - [05/Jul/2025:09:15:25 -0400] "GET /includes/.env HTTP/1.1" 403 1242 "-" "Mozilla/5.0 (Windows NT 10.0; Win64; x64) AppleWebKit/537.36 (KHTML, like Gecko) Chrome/91.0.4472.124 Safari/537.36"
185.177.72.9 - - [05/Jul/2025:09:15:26 -0400] "GET /.env.back HTTP/1.1" 403 1242 "-" "Mozilla/5.0 (Windows NT 10.0; Win64; x64) AppleWebKit/537.36 (KHTML, like Gecko) Chrome/91.0.4472.124 Safari/537.36"
185.177.72.9 - - [05/Jul/2025:09:15:26 -0400] "GET /django-blog/.env HTTP/1.1" 403 1242 "-" "Mozilla/5.0 (Windows NT 10.0; Win64; x64) AppleWebKit/537.36 (KHTML, like Gecko) Chrome/91.0.4472.124 Safari/537.36"
185.177.72.9 - - [05/Jul/2025:09:15:27 -0400] "GET /font-icons/.env HTTP/1.1" 403 1242 "-" "Mozilla/5.0 (Windows NT 10.0; Win64; x64) AppleWebKit/537.36 (KHTML, like Gecko) Chrome/91.0.4472.124 Safari/537.36"
185.177.72.9 - - [05/Jul/2025:09:15:27 -0400] "GET /Nodejs-Projects/play-ground/login/.env HTTP/1.1" 403 1242 "-" "Mozilla/5.0 (Windows NT 10.0; Win64; x64) AppleWebKit/537.36 (KHTML, like Gecko) Chrome/91.0.4472.124 Safari/537.36"
136.243.228.194 - - [05/Jul/2025:09:15:23 -0400] "GET /71kjml16088.html HTTP/1.1" 404 23127 "-" "Mozilla/5.0 (compatible; DataForSeoBot/1.0; +https://dataforseo.com/dataforseo-bot)"
66.249.65.196 - - [05/Jul/2025:09:15:29 -0400] "GET /178yxcq20781.html HTTP/1.1" 200 87664 "-" "Mozilla/5.0 (compatible; Googlebot/2.1; +http://www.google.com/bot.html)"
103.4.67.18 - - [05/Jul/2025:09:15:34 -0400] "POST /xmlrpc.php HTTP/1.1" 403 1242 "-" "Mozilla/5.0 (Windows NT 10.0; Win64; x64) AppleWebKit/537.36 (KHTML, like Gecko) Chrome/126.0.0.0 Safari/537.36"
66.249.65.196 - - [05/Jul/2025:09:15:33 -0400] "GET /items/jahdr293/10709?key=see HTTP/1.1" 200 86653 "-" "Mozilla/5.0 (Linux; Android 6.0.1; Nexus 5X Build/MMB29P) AppleWebKit/537.36 (KHTML, like Gecko) Chrome/137.0.7151.103 Mobile Safari/537.36 (compatible; Googlebot/2.1; +http://www.google.com/bot.html)"
92.205.29.137 - - [05/Jul/2025:09:15:35 -0400] "POST /xmlrpc.php HTTP/1.1" 403 1242 "-" "Mozilla/5.0 (Windows NT 10.0; Win64; x64) AppleWebKit/537.36 (KHTML, like Gecko) Chrome/126.0.0.0 Safari/537.36"
185.177.72.9 - - [05/Jul/2025:09:15:27 -0400] "GET /dashboard/i.php HTTP/1.1" 404 23127 "-" "Mozilla/5.0 (Windows NT 10.0; Win64; x64) AppleWebKit/537.36 (KHTML, like Gecko) Chrome/91.0.4472.124 Safari/537.36"
136.243.228.194 - - [05/Jul/2025:09:15:32 -0400] "GET /162sfcv22211.html HTTP/1.1" 404 23129 "-" "Mozilla/5.0 (compatible; DataForSeoBot/1.0; +https://dataforseo.com/dataforseo-bot)"
20.171.207.36 - - [05/Jul/2025:09:15:33 -0400] "GET /140xpvgw513.html HTTP/1.1" 404 23127 "-" "Mozilla/5.0 AppleWebKit/537.36 (KHTML, like Gecko; compatible; GPTBot/1.2; +https://openai.com/gptbot)"
192.34.62.6 - - [05/Jul/2025:09:15:44 -0400] "POST /xmlrpc.php HTTP/1.1" 403 1242 "-" "Mozilla/5.0 (Windows NT 10.0; Win64; x64) AppleWebKit/537.36 (KHTML, like Gecko) Chrome/126.0.0.0 Safari/537.36"
66.249.65.197 - - [05/Jul/2025:09:15:44 -0400] "GET /pcmypage?callback=product/review/kaumall-50009626 HTTP/1.1" 200 87335 "-" "Mozilla/5.0 (Linux; Android 6.0.1; Nexus 5X Build/MMB29P) AppleWebKit/537.36 (KHTML, like Gecko) Chrome/137.0.7151.103 Mobile Safari/537.36 (compatible; Googlebot/2.1; +http://www.google.com/bot.html)"
