20.171.207.230 - - [05/Jul/2025:11:45:20 -0400] "GET /ar/ HTTP/1.1" 200 10545 "-" "Mozilla/5.0 AppleWebKit/537.36 (KHTML, like Gecko; compatible; GPTBot/1.2; +https://openai.com/gptbot)"
20.171.207.230 - - [05/Jul/2025:11:45:21 -0400] "GET /items/wwsqe67/40010?key=interested HTTP/1.1" 302 0 "-" "Mozilla/5.0 AppleWebKit/537.36 (KHTML, like Gecko; compatible; GPTBot/1.2; +https://openai.com/gptbot)"
20.171.207.230 - - [05/Jul/2025:11:45:21 -0400] "GET /ar/ HTTP/1.1" 200 10545 "-" "Mozilla/5.0 AppleWebKit/537.36 (KHTML, like Gecko; compatible; GPTBot/1.2; +https://openai.com/gptbot)"
20.171.207.230 - - [05/Jul/2025:11:45:22 -0400] "GET /items/khesu191/1160?key=frequently HTTP/1.1" 302 0 "-" "Mozilla/5.0 AppleWebKit/537.36 (KHTML, like Gecko; compatible; GPTBot/1.2; +https://openai.com/gptbot)"
20.171.207.230 - - [05/Jul/2025:11:45:22 -0400] "GET /ar/ HTTP/1.1" 200 10545 "-" "Mozilla/5.0 AppleWebKit/537.36 (KHTML, like Gecko; compatible; GPTBot/1.2; +https://openai.com/gptbot)"
66.249.77.138 - - [05/Jul/2025:11:45:22 -0400] "GET /items/jssdj22/7051?key=demonstration HTTP/1.1" 200 87217 "-" "Mozilla/5.0 (compatible; Googlebot/2.1; +http://www.google.com/bot.html)"
20.171.207.230 - - [05/Jul/2025:11:45:23 -0400] "GET /items/slokd16/39935?key=invitation HTTP/1.1" 302 0 "-" "Mozilla/5.0 AppleWebKit/537.36 (KHTML, like Gecko; compatible; GPTBot/1.2; +https://openai.com/gptbot)"
20.171.207.230 - - [05/Jul/2025:11:45:24 -0400] "GET /ar/ HTTP/1.1" 200 10545 "-" "Mozilla/5.0 AppleWebKit/537.36 (KHTML, like Gecko; compatible; GPTBot/1.2; +https://openai.com/gptbot)"
66.249.77.137 - - [05/Jul/2025:11:45:44 -0400] "GET /pcmypage?callback=product/review/cococaru-dr6269-sv-1 HTTP/1.1" 200 86687 "-" "Mozilla/5.0 (Linux; Android 6.0.1; Nexus 5X Build/MMB29P) AppleWebKit/537.36 (KHTML, like Gecko) Chrome/137.0.7151.103 Mobile Safari/537.36 (compatible; Googlebot/2.1; +http://www.google.com/bot.html)"
66.249.77.137 - - [05/Jul/2025:11:45:45 -0400] "GET /items/hlndi93/792?key=art HTTP/1.1" 200 87645 "-" "Mozilla/5.0 (Linux; Android 6.0.1; Nexus 5X Build/MMB29P) AppleWebKit/537.36 (KHTML, like Gecko) Chrome/137.0.7151.103 Mobile Safari/537.36 (compatible; Googlebot/2.1; +http://www.google.com/bot.html)"
20.171.207.230 - - [05/Jul/2025:11:45:48 -0400] "GET /items/neqzz79/46364?key=attendance HTTP/1.1" 302 0 "-" "Mozilla/5.0 AppleWebKit/537.36 (KHTML, like Gecko; compatible; GPTBot/1.2; +https://openai.com/gptbot)"
20.171.207.230 - - [05/Jul/2025:11:45:48 -0400] "GET /ar/ HTTP/1.1" 200 10545 "-" "Mozilla/5.0 AppleWebKit/537.36 (KHTML, like Gecko; compatible; GPTBot/1.2; +https://openai.com/gptbot)"
20.171.207.230 - - [05/Jul/2025:11:45:49 -0400] "GET /items/lygyo26/37533?key=technology HTTP/1.1" 302 0 "-" "Mozilla/5.0 AppleWebKit/537.36 (KHTML, like Gecko; compatible; GPTBot/1.2; +https://openai.com/gptbot)"
20.171.207.230 - - [05/Jul/2025:11:45:50 -0400] "GET /ar/ HTTP/1.1" 200 10545 "-" "Mozilla/5.0 AppleWebKit/537.36 (KHTML, like Gecko; compatible; GPTBot/1.2; +https://openai.com/gptbot)"
20.171.207.230 - - [05/Jul/2025:11:45:51 -0400] "GET /items/zeiez32/44963?key=prediction HTTP/1.1" 302 0 "-" "Mozilla/5.0 AppleWebKit/537.36 (KHTML, like Gecko; compatible; GPTBot/1.2; +https://openai.com/gptbot)"
20.171.207.230 - - [05/Jul/2025:11:45:51 -0400] "GET /ar/ HTTP/1.1" 200 10545 "-" "Mozilla/5.0 AppleWebKit/537.36 (KHTML, like Gecko; compatible; GPTBot/1.2; +https://openai.com/gptbot)"
20.171.207.230 - - [05/Jul/2025:11:45:52 -0400] "GET /items/sbsfo18/46349?key=impression HTTP/1.1" 302 0 "-" "Mozilla/5.0 AppleWebKit/537.36 (KHTML, like Gecko; compatible; GPTBot/1.2; +https://openai.com/gptbot)"
20.171.207.230 - - [05/Jul/2025:11:45:52 -0400] "GET /ar/ HTTP/1.1" 200 10545 "-" "Mozilla/5.0 AppleWebKit/537.36 (KHTML, like Gecko; compatible; GPTBot/1.2; +https://openai.com/gptbot)"
20.171.207.230 - - [05/Jul/2025:11:45:53 -0400] "GET /items/gdflt82/41443?key=accelerate HTTP/1.1" 302 0 "-" "Mozilla/5.0 AppleWebKit/537.36 (KHTML, like Gecko; compatible; GPTBot/1.2; +https://openai.com/gptbot)"
20.171.207.230 - - [05/Jul/2025:11:45:53 -0400] "GET /ar/ HTTP/1.1" 200 10545 "-" "Mozilla/5.0 AppleWebKit/537.36 (KHTML, like Gecko; compatible; GPTBot/1.2; +https://openai.com/gptbot)"
20.171.207.230 - - [05/Jul/2025:11:45:54 -0400] "GET /items/aiioe92/47797?key=regulation HTTP/1.1" 302 0 "-" "Mozilla/5.0 AppleWebKit/537.36 (KHTML, like Gecko; compatible; GPTBot/1.2; +https://openai.com/gptbot)"
20.171.207.230 - - [05/Jul/2025:11:45:54 -0400] "GET /ar/ HTTP/1.1" 200 10545 "-" "Mozilla/5.0 AppleWebKit/537.36 (KHTML, like Gecko; compatible; GPTBot/1.2; +https://openai.com/gptbot)"
20.171.207.230 - - [05/Jul/2025:11:45:55 -0400] "GET /items/shqoc75/44244?key=adolescent HTTP/1.1" 302 0 "-" "Mozilla/5.0 AppleWebKit/537.36 (KHTML, like Gecko; compatible; GPTBot/1.2; +https://openai.com/gptbot)"
20.171.207.230 - - [05/Jul/2025:11:45:56 -0400] "GET /ar/ HTTP/1.1" 200 10545 "-" "Mozilla/5.0 AppleWebKit/537.36 (KHTML, like Gecko; compatible; GPTBot/1.2; +https://openai.com/gptbot)"
20.171.207.230 - - [05/Jul/2025:11:45:57 -0400] "GET /items/wgiew73/13954?key=assignment HTTP/1.1" 302 0 "-" "Mozilla/5.0 AppleWebKit/537.36 (KHTML, like Gecko; compatible; GPTBot/1.2; +https://openai.com/gptbot)"
20.171.207.230 - - [05/Jul/2025:11:45:57 -0400] "GET /ar/ HTTP/1.1" 200 10545 "-" "Mozilla/5.0 AppleWebKit/537.36 (KHTML, like Gecko; compatible; GPTBot/1.2; +https://openai.com/gptbot)"
20.171.207.230 - - [05/Jul/2025:11:45:58 -0400] "GET /items/olpcy238/5151?key=confession HTTP/1.1" 302 0 "-" "Mozilla/5.0 AppleWebKit/537.36 (KHTML, like Gecko; compatible; GPTBot/1.2; +https://openai.com/gptbot)"
20.171.207.230 - - [05/Jul/2025:11:45:58 -0400] "GET /ar/ HTTP/1.1" 200 10545 "-" "Mozilla/5.0 AppleWebKit/537.36 (KHTML, like Gecko; compatible; GPTBot/1.2; +https://openai.com/gptbot)"
20.171.207.230 - - [05/Jul/2025:11:45:59 -0400] "GET /items/isuzg44/40485?key=throughout HTTP/1.1" 302 0 "-" "Mozilla/5.0 AppleWebKit/537.36 (KHTML, like Gecko; compatible; GPTBot/1.2; +https://openai.com/gptbot)"
20.171.207.230 - - [05/Jul/2025:11:45:59 -0400] "GET /ar/ HTTP/1.1" 200 10545 "-" "Mozilla/5.0 AppleWebKit/537.36 (KHTML, like Gecko; compatible; GPTBot/1.2; +https://openai.com/gptbot)"
66.249.77.137 - - [05/Jul/2025:11:46:03 -0400] "GET /items/kwhyz228/37733?key=discrimination HTTP/1.1" 200 87702 "-" "Mozilla/5.0 (Linux; Android 6.0.1; Nexus 5X Build/MMB29P) AppleWebKit/537.36 (KHTML, like Gecko) Chrome/137.0.7151.103 Mobile Safari/537.36 (compatible; GoogleOther)"
66.29.146.47 - - [05/Jul/2025:11:46:29 -0400] "POST /wp-cron.php?doing_wp_cron=1751730388.9627299308776855468750 HTTP/1.1" 403 1242 "-" "WordPress/6.8; https://first-gulf.com.sa"
20.171.207.230 - - [05/Jul/2025:11:46:28 -0400] "GET /items/tpvpw233/3714?key=statistics HTTP/1.1" 302 0 "-" "Mozilla/5.0 AppleWebKit/537.36 (KHTML, like Gecko; compatible; GPTBot/1.2; +https://openai.com/gptbot)"
66.29.146.47 - - [05/Jul/2025:11:46:29 -0400] "POST /ar/wp-cron.php?doing_wp_cron=1751730389.3575060367584228515625 HTTP/1.1" 404 10548 "-" "WordPress/6.8; https://first-gulf.com.sa/ar"
20.171.207.230 - - [05/Jul/2025:11:46:29 -0400] "GET /ar/ HTTP/1.1" 200 10545 "-" "Mozilla/5.0 AppleWebKit/537.36 (KHTML, like Gecko; compatible; GPTBot/1.2; +https://openai.com/gptbot)"
20.171.207.230 - - [05/Jul/2025:11:46:30 -0400] "GET /items/lltqv38/35159?key=television HTTP/1.1" 302 0 "-" "Mozilla/5.0 AppleWebKit/537.36 (KHTML, like Gecko; compatible; GPTBot/1.2; +https://openai.com/gptbot)"
20.171.207.230 - - [05/Jul/2025:11:46:31 -0400] "GET /ar/ HTTP/1.1" 200 10545 "-" "Mozilla/5.0 AppleWebKit/537.36 (KHTML, like Gecko; compatible; GPTBot/1.2; +https://openai.com/gptbot)"
20.171.207.230 - - [05/Jul/2025:11:46:32 -0400] "GET /items/zogtm10/18817?key=regulatory HTTP/1.1" 302 0 "-" "Mozilla/5.0 AppleWebKit/537.36 (KHTML, like Gecko; compatible; GPTBot/1.2; +https://openai.com/gptbot)"
20.171.207.230 - - [05/Jul/2025:11:46:32 -0400] "GET /ar/ HTTP/1.1" 200 10545 "-" "Mozilla/5.0 AppleWebKit/537.36 (KHTML, like Gecko; compatible; GPTBot/1.2; +https://openai.com/gptbot)"
20.171.207.230 - - [05/Jul/2025:11:46:33 -0400] "GET /items/malms176/1195?key=increasing HTTP/1.1" 302 0 "-" "Mozilla/5.0 AppleWebKit/537.36 (KHTML, like Gecko; compatible; GPTBot/1.2; +https://openai.com/gptbot)"
20.171.207.230 - - [05/Jul/2025:11:46:33 -0400] "GET /ar/ HTTP/1.1" 200 10545 "-" "Mozilla/5.0 AppleWebKit/537.36 (KHTML, like Gecko; compatible; GPTBot/1.2; +https://openai.com/gptbot)"
20.171.207.230 - - [05/Jul/2025:11:46:34 -0400] "GET /items/ysgeg10/36671?key=disability HTTP/1.1" 302 0 "-" "Mozilla/5.0 AppleWebKit/537.36 (KHTML, like Gecko; compatible; GPTBot/1.2; +https://openai.com/gptbot)"
20.171.207.230 - - [05/Jul/2025:11:46:34 -0400] "GET /ar/ HTTP/1.1" 200 10545 "-" "Mozilla/5.0 AppleWebKit/537.36 (KHTML, like Gecko; compatible; GPTBot/1.2; +https://openai.com/gptbot)"
20.171.207.230 - - [05/Jul/2025:11:46:35 -0400] "GET /items/seerm215/7436?key=altogether HTTP/1.1" 302 0 "-" "Mozilla/5.0 AppleWebKit/537.36 (KHTML, like Gecko; compatible; GPTBot/1.2; +https://openai.com/gptbot)"
20.171.207.230 - - [05/Jul/2025:11:46:35 -0400] "GET /ar/ HTTP/1.1" 200 10545 "-" "Mozilla/5.0 AppleWebKit/537.36 (KHTML, like Gecko; compatible; GPTBot/1.2; +https://openai.com/gptbot)"
20.171.207.230 - - [05/Jul/2025:11:46:36 -0400] "GET /items/hnych43/16010?key=conscience HTTP/1.1" 302 0 "-" "Mozilla/5.0 AppleWebKit/537.36 (KHTML, like Gecko; compatible; GPTBot/1.2; +https://openai.com/gptbot)"
20.171.207.230 - - [05/Jul/2025:11:46:36 -0400] "GET /ar/ HTTP/1.1" 200 10545 "-" "Mozilla/5.0 AppleWebKit/537.36 (KHTML, like Gecko; compatible; GPTBot/1.2; +https://openai.com/gptbot)"
20.171.207.230 - - [05/Jul/2025:11:46:37 -0400] "GET /items/psrii75/44744?key=statistics HTTP/1.1" 302 0 "-" "Mozilla/5.0 AppleWebKit/537.36 (KHTML, like Gecko; compatible; GPTBot/1.2; +https://openai.com/gptbot)"
20.171.207.230 - - [05/Jul/2025:11:46:37 -0400] "GET /ar/ HTTP/1.1" 200 10545 "-" "Mozilla/5.0 AppleWebKit/537.36 (KHTML, like Gecko; compatible; GPTBot/1.2; +https://openai.com/gptbot)"
20.171.207.230 - - [05/Jul/2025:11:46:38 -0400] "GET /items/nlarw66/23323?key=conception HTTP/1.1" 302 0 "-" "Mozilla/5.0 AppleWebKit/537.36 (KHTML, like Gecko; compatible; GPTBot/1.2; +https://openai.com/gptbot)"
20.171.207.230 - - [05/Jul/2025:11:46:39 -0400] "GET /ar/ HTTP/1.1" 200 10545 "-" "Mozilla/5.0 AppleWebKit/537.36 (KHTML, like Gecko; compatible; GPTBot/1.2; +https://openai.com/gptbot)"
20.171.207.230 - - [05/Jul/2025:11:46:40 -0400] "GET /items/bthco81/23142?key=inspection HTTP/1.1" 302 0 "-" "Mozilla/5.0 AppleWebKit/537.36 (KHTML, like Gecko; compatible; GPTBot/1.2; +https://openai.com/gptbot)"
20.171.207.230 - - [05/Jul/2025:11:46:40 -0400] "GET /ar/ HTTP/1.1" 200 10545 "-" "Mozilla/5.0 AppleWebKit/537.36 (KHTML, like Gecko; compatible; GPTBot/1.2; +https://openai.com/gptbot)"
207.46.13.52 - - [05/Jul/2025:11:46:45 -0400] "GET /index.php/sample-page/ HTTP/1.1" 200 17 "-" "Mozilla/5.0 AppleWebKit/537.36 (KHTML, like Gecko; compatible; bingbot/2.0; +http://www.bing.com/bingbot.htm) Chrome/116.0.1938.76 Safari/537.36"
66.249.77.137 - - [05/Jul/2025:11:46:52 -0400] "GET /items/xpgwk190/1515?key=tape HTTP/1.1" 200 87958 "-" "Mozilla/5.0 (Linux; Android 6.0.1; Nexus 5X Build/MMB29P) AppleWebKit/537.36 (KHTML, like Gecko) Chrome/137.0.7151.103 Mobile Safari/537.36 (compatible; GoogleOther)"
20.171.207.230 - - [05/Jul/2025:11:47:11 -0400] "GET /items/hidkg11/18192?key=aggressive HTTP/1.1" 302 0 "-" "Mozilla/5.0 AppleWebKit/537.36 (KHTML, like Gecko; compatible; GPTBot/1.2; +https://openai.com/gptbot)"
20.171.207.230 - - [05/Jul/2025:11:47:11 -0400] "GET /ar/ HTTP/1.1" 200 10545 "-" "Mozilla/5.0 AppleWebKit/537.36 (KHTML, like Gecko; compatible; GPTBot/1.2; +https://openai.com/gptbot)"
20.171.207.230 - - [05/Jul/2025:11:47:12 -0400] "GET /items/hiipz36/34727?key=opposition HTTP/1.1" 302 0 "-" "Mozilla/5.0 AppleWebKit/537.36 (KHTML, like Gecko; compatible; GPTBot/1.2; +https://openai.com/gptbot)"
20.171.207.230 - - [05/Jul/2025:11:47:12 -0400] "GET /ar/ HTTP/1.1" 200 10545 "-" "Mozilla/5.0 AppleWebKit/537.36 (KHTML, like Gecko; compatible; GPTBot/1.2; +https://openai.com/gptbot)"
20.171.207.230 - - [05/Jul/2025:11:47:13 -0400] "GET /items/evsbs210/3563?key=opposition HTTP/1.1" 302 0 "-" "Mozilla/5.0 AppleWebKit/537.36 (KHTML, like Gecko; compatible; GPTBot/1.2; +https://openai.com/gptbot)"
20.171.207.230 - - [05/Jul/2025:11:47:13 -0400] "GET /ar/ HTTP/1.1" 200 10545 "-" "Mozilla/5.0 AppleWebKit/537.36 (KHTML, like Gecko; compatible; GPTBot/1.2; +https://openai.com/gptbot)"
66.249.77.137 - - [05/Jul/2025:11:47:13 -0400] "GET /pcmypage?callback=product/review/rmcbigban-1030000048688 HTTP/1.1" 200 88184 "-" "Mozilla/5.0 (Linux; Android 6.0.1; Nexus 5X Build/MMB29P) AppleWebKit/537.36 (KHTML, like Gecko) Chrome/137.0.7151.103 Mobile Safari/537.36 (compatible; Googlebot/2.1; +http://www.google.com/bot.html)"
20.171.207.230 - - [05/Jul/2025:11:47:14 -0400] "GET /items/ppmfa237/7654?key=facilitate HTTP/1.1" 302 0 "-" "Mozilla/5.0 AppleWebKit/537.36 (KHTML, like Gecko; compatible; GPTBot/1.2; +https://openai.com/gptbot)"
20.171.207.230 - - [05/Jul/2025:11:47:15 -0400] "GET /ar/ HTTP/1.1" 200 10545 "-" "Mozilla/5.0 AppleWebKit/537.36 (KHTML, like Gecko; compatible; GPTBot/1.2; +https://openai.com/gptbot)"
20.171.207.230 - - [05/Jul/2025:11:47:16 -0400] "GET /items/yoiih99/38526?key=engagement HTTP/1.1" 302 0 "-" "Mozilla/5.0 AppleWebKit/537.36 (KHTML, like Gecko; compatible; GPTBot/1.2; +https://openai.com/gptbot)"
20.171.207.230 - - [05/Jul/2025:11:47:16 -0400] "GET /ar/ HTTP/1.1" 200 10545 "-" "Mozilla/5.0 AppleWebKit/537.36 (KHTML, like Gecko; compatible; GPTBot/1.2; +https://openai.com/gptbot)"
20.171.207.230 - - [05/Jul/2025:11:47:17 -0400] "GET /items/pjkoc28/21277?key=preference HTTP/1.1" 302 0 "-" "Mozilla/5.0 AppleWebKit/537.36 (KHTML, like Gecko; compatible; GPTBot/1.2; +https://openai.com/gptbot)"
20.171.207.230 - - [05/Jul/2025:11:47:17 -0400] "GET /ar/ HTTP/1.1" 200 10545 "-" "Mozilla/5.0 AppleWebKit/537.36 (KHTML, like Gecko; compatible; GPTBot/1.2; +https://openai.com/gptbot)"
20.171.207.230 - - [05/Jul/2025:11:47:18 -0400] "GET /items/sbdpn280/8025?key=elementary HTTP/1.1" 302 0 "-" "Mozilla/5.0 AppleWebKit/537.36 (KHTML, like Gecko; compatible; GPTBot/1.2; +https://openai.com/gptbot)"
20.171.207.230 - - [05/Jul/2025:11:47:19 -0400] "GET /ar/ HTTP/1.1" 200 10545 "-" "Mozilla/5.0 AppleWebKit/537.36 (KHTML, like Gecko; compatible; GPTBot/1.2; +https://openai.com/gptbot)"
20.171.207.230 - - [05/Jul/2025:11:47:19 -0400] "GET /items/ewqex74/45433?key=researcher HTTP/1.1" 302 0 "-" "Mozilla/5.0 AppleWebKit/537.36 (KHTML, like Gecko; compatible; GPTBot/1.2; +https://openai.com/gptbot)"
20.171.207.230 - - [05/Jul/2025:11:47:19 -0400] "GET /ar/ HTTP/1.1" 200 10545 "-" "Mozilla/5.0 AppleWebKit/537.36 (KHTML, like Gecko; compatible; GPTBot/1.2; +https://openai.com/gptbot)"
20.171.207.230 - - [05/Jul/2025:11:47:20 -0400] "GET /items/coyot215/6622?key=wheelchair HTTP/1.1" 302 0 "-" "Mozilla/5.0 AppleWebKit/537.36 (KHTML, like Gecko; compatible; GPTBot/1.2; +https://openai.com/gptbot)"
20.171.207.230 - - [05/Jul/2025:11:47:21 -0400] "GET /ar/ HTTP/1.1" 200 10545 "-" "Mozilla/5.0 AppleWebKit/537.36 (KHTML, like Gecko; compatible; GPTBot/1.2; +https://openai.com/gptbot)"
20.171.207.230 - - [05/Jul/2025:11:47:22 -0400] "GET /items/deitm202/7497?key=supportive HTTP/1.1" 302 0 "-" "Mozilla/5.0 AppleWebKit/537.36 (KHTML, like Gecko; compatible; GPTBot/1.2; +https://openai.com/gptbot)"
20.171.207.230 - - [05/Jul/2025:11:47:22 -0400] "GET /ar/ HTTP/1.1" 200 10545 "-" "Mozilla/5.0 AppleWebKit/537.36 (KHTML, like Gecko; compatible; GPTBot/1.2; +https://openai.com/gptbot)"
66.249.77.138 - - [05/Jul/2025:11:47:29 -0400] "GET /items/ayuup59/482?key=withdraw HTTP/1.1" 200 87045 "-" "Mozilla/5.0 (Linux; Android 6.0.1; Nexus 5X Build/MMB29P) AppleWebKit/537.36 (KHTML, like Gecko) Chrome/137.0.7151.103 Mobile Safari/537.36 (compatible; Googlebot/2.1; +http://www.google.com/bot.html)"
66.249.77.137 - - [05/Jul/2025:11:47:41 -0400] "GET /items/cpwyr126/40499?key=dawn HTTP/1.1" 200 87173 "-" "Mozilla/5.0 (Linux; Android 6.0.1; Nexus 5X Build/MMB29P) AppleWebKit/537.36 (KHTML, like Gecko) Chrome/137.0.7151.103 Mobile Safari/537.36 (compatible; GoogleOther)"
66.29.146.47 - - [05/Jul/2025:11:47:50 -0400] "POST /wp-cron.php?doing_wp_cron=1751730470.0033199787139892578125 HTTP/1.1" 403 1242 "-" "WordPress/6.8; https://first-gulf.com.sa"
20.171.207.230 - - [05/Jul/2025:11:47:49 -0400] "GET /items/eblbv187/2898?key=television HTTP/1.1" 302 0 "-" "Mozilla/5.0 AppleWebKit/537.36 (KHTML, like Gecko; compatible; GPTBot/1.2; +https://openai.com/gptbot)"
66.29.146.47 - - [05/Jul/2025:11:47:50 -0400] "POST /ar/wp-cron.php?doing_wp_cron=1751730470.2127521038055419921875 HTTP/1.1" 404 10548 "-" "WordPress/6.8; https://first-gulf.com.sa/ar"
20.171.207.230 - - [05/Jul/2025:11:47:50 -0400] "GET /ar/ HTTP/1.1" 200 10545 "-" "Mozilla/5.0 AppleWebKit/537.36 (KHTML, like Gecko; compatible; GPTBot/1.2; +https://openai.com/gptbot)"
20.171.207.230 - - [05/Jul/2025:11:47:51 -0400] "GET /items/deaea45/37318?key=wilderness HTTP/1.1" 302 0 "-" "Mozilla/5.0 AppleWebKit/537.36 (KHTML, like Gecko; compatible; GPTBot/1.2; +https://openai.com/gptbot)"
20.171.207.230 - - [05/Jul/2025:11:47:51 -0400] "GET /ar/ HTTP/1.1" 200 10545 "-" "Mozilla/5.0 AppleWebKit/537.36 (KHTML, like Gecko; compatible; GPTBot/1.2; +https://openai.com/gptbot)"
66.249.77.137 - - [05/Jul/2025:11:47:51 -0400] "GET /items/132038522.html?srsltid=AfmBOolmyzpVLsyeUmST2SiiRTrIDAnWtXoRRSZgUJ5DgJWeQ5J8 HTTP/1.1" 200 87107 "-" "Mozilla/5.0 (compatible; Googlebot/2.1; +http://www.google.com/bot.html)"
20.171.207.230 - - [05/Jul/2025:11:47:52 -0400] "GET /items/tzikw136/3143?key=reflection HTTP/1.1" 302 0 "-" "Mozilla/5.0 AppleWebKit/537.36 (KHTML, like Gecko; compatible; GPTBot/1.2; +https://openai.com/gptbot)"
20.171.207.230 - - [05/Jul/2025:11:47:52 -0400] "GET /ar/ HTTP/1.1" 200 10545 "-" "Mozilla/5.0 AppleWebKit/537.36 (KHTML, like Gecko; compatible; GPTBot/1.2; +https://openai.com/gptbot)"
20.171.207.230 - - [05/Jul/2025:11:47:53 -0400] "GET /items/mqvtk52/44575?key=compromise HTTP/1.1" 302 0 "-" "Mozilla/5.0 AppleWebKit/537.36 (KHTML, like Gecko; compatible; GPTBot/1.2; +https://openai.com/gptbot)"
20.171.207.230 - - [05/Jul/2025:11:47:53 -0400] "GET /ar/ HTTP/1.1" 200 10545 "-" "Mozilla/5.0 AppleWebKit/537.36 (KHTML, like Gecko; compatible; GPTBot/1.2; +https://openai.com/gptbot)"
20.171.207.230 - - [05/Jul/2025:11:47:54 -0400] "GET /items/ulxex76/39967?key=artificial HTTP/1.1" 302 0 "-" "Mozilla/5.0 AppleWebKit/537.36 (KHTML, like Gecko; compatible; GPTBot/1.2; +https://openai.com/gptbot)"
20.171.207.230 - - [05/Jul/2025:11:47:54 -0400] "GET /ar/ HTTP/1.1" 200 10545 "-" "Mozilla/5.0 AppleWebKit/537.36 (KHTML, like Gecko; compatible; GPTBot/1.2; +https://openai.com/gptbot)"
20.171.207.230 - - [05/Jul/2025:11:47:56 -0400] "GET /items/yryyf81/22568?key=legitimate HTTP/1.1" 302 0 "-" "Mozilla/5.0 AppleWebKit/537.36 (KHTML, like Gecko; compatible; GPTBot/1.2; +https://openai.com/gptbot)"
20.171.207.230 - - [05/Jul/2025:11:47:56 -0400] "GET /ar/ HTTP/1.1" 200 10545 "-" "Mozilla/5.0 AppleWebKit/537.36 (KHTML, like Gecko; compatible; GPTBot/1.2; +https://openai.com/gptbot)"
20.171.207.230 - - [05/Jul/2025:11:47:57 -0400] "GET /items/oopvx265/6252?key=invitation HTTP/1.1" 302 0 "-" "Mozilla/5.0 AppleWebKit/537.36 (KHTML, like Gecko; compatible; GPTBot/1.2; +https://openai.com/gptbot)"
20.171.207.230 - - [05/Jul/2025:11:47:57 -0400] "GET /ar/ HTTP/1.1" 200 10545 "-" "Mozilla/5.0 AppleWebKit/537.36 (KHTML, like Gecko; compatible; GPTBot/1.2; +https://openai.com/gptbot)"
66.249.77.138 - - [05/Jul/2025:11:47:57 -0400] "GET /pcmypage?callback=product/review/autoparts-agency-503217130 HTTP/1.1" 200 87117 "-" "Mozilla/5.0 (Linux; Android 6.0.1; Nexus 5X Build/MMB29P) AppleWebKit/537.36 (KHTML, like Gecko) Chrome/137.0.7151.103 Mobile Safari/537.36 (compatible; Googlebot/2.1; +http://www.google.com/bot.html)"
20.171.207.230 - - [05/Jul/2025:11:47:58 -0400] "GET /items/ykaet90/36915?key=repeatedly HTTP/1.1" 302 0 "-" "Mozilla/5.0 AppleWebKit/537.36 (KHTML, like Gecko; compatible; GPTBot/1.2; +https://openai.com/gptbot)"
20.171.207.230 - - [05/Jul/2025:11:47:58 -0400] "GET /ar/ HTTP/1.1" 200 10545 "-" "Mozilla/5.0 AppleWebKit/537.36 (KHTML, like Gecko; compatible; GPTBot/1.2; +https://openai.com/gptbot)"
20.171.207.230 - - [05/Jul/2025:11:47:59 -0400] "GET /items/skqsg195/1066?key=retirement HTTP/1.1" 302 0 "-" "Mozilla/5.0 AppleWebKit/537.36 (KHTML, like Gecko; compatible; GPTBot/1.2; +https://openai.com/gptbot)"
20.171.207.230 - - [05/Jul/2025:11:47:59 -0400] "GET /ar/ HTTP/1.1" 200 10545 "-" "Mozilla/5.0 AppleWebKit/537.36 (KHTML, like Gecko; compatible; GPTBot/1.2; +https://openai.com/gptbot)"
20.171.207.230 - - [05/Jul/2025:11:48:00 -0400] "GET /items/nfizo215/8642?key=settlement HTTP/1.1" 302 0 "-" "Mozilla/5.0 AppleWebKit/537.36 (KHTML, like Gecko; compatible; GPTBot/1.2; +https://openai.com/gptbot)"
20.171.207.230 - - [05/Jul/2025:11:48:00 -0400] "GET /ar/ HTTP/1.1" 200 10545 "-" "Mozilla/5.0 AppleWebKit/537.36 (KHTML, like Gecko; compatible; GPTBot/1.2; +https://openai.com/gptbot)"
47.82.60.83 - - [05/Jul/2025:11:48:27 -0400] "GET /pcmypage?callback=product/detail/murauchi-dvd-4548170264359 HTTP/1.1" 301 0 "https://www.first-gulf.com.sa/pcmypage?callback=product%2Fdetail%2Fmurauchi-dvd-4548170264359" "Mozilla/5.0 (Windows NT 10.0; Win64; x64) AppleWebKit/537.36 (KHTML, like Gecko) Chrome/114.0.0.0 Safari/537.36 Edg/114.0.1823.43"
47.82.60.83 - - [05/Jul/2025:11:48:28 -0400] "GET /pcmypage?callback=product/detail/murauchi-dvd-4548170264359 HTTP/1.1" 302 0 "https://www.first-gulf.com.sa/pcmypage?callback=product%2Fdetail%2Fmurauchi-dvd-4548170264359" "Mozilla/5.0 (Windows NT 10.0; Win64; x64) AppleWebKit/537.36 (KHTML, like Gecko) Chrome/114.0.0.0 Safari/537.36 Edg/114.0.1823.43"
20.171.207.230 - - [05/Jul/2025:11:48:30 -0400] "GET /items/ofllt32/37197?key=assignment HTTP/1.1" 302 0 "-" "Mozilla/5.0 AppleWebKit/537.36 (KHTML, like Gecko; compatible; GPTBot/1.2; +https://openai.com/gptbot)"
66.249.77.137 - - [05/Jul/2025:11:48:30 -0400] "GET /items/bprdy269/31312?key=awareness HTTP/1.1" 200 87133 "-" "Mozilla/5.0 (Linux; Android 6.0.1; Nexus 5X Build/MMB29P) AppleWebKit/537.36 (KHTML, like Gecko) Chrome/137.0.7151.103 Mobile Safari/537.36 (compatible; GoogleOther)"
20.171.207.230 - - [05/Jul/2025:11:48:31 -0400] "GET /ar/ HTTP/1.1" 200 10545 "-" "Mozilla/5.0 AppleWebKit/537.36 (KHTML, like Gecko; compatible; GPTBot/1.2; +https://openai.com/gptbot)"
20.171.207.230 - - [05/Jul/2025:11:48:32 -0400] "GET /items/vutmk23/35704?key=creativity HTTP/1.1" 302 0 "-" "Mozilla/5.0 AppleWebKit/537.36 (KHTML, like Gecko; compatible; GPTBot/1.2; +https://openai.com/gptbot)"
20.171.207.230 - - [05/Jul/2025:11:48:32 -0400] "GET /ar/ HTTP/1.1" 200 10545 "-" "Mozilla/5.0 AppleWebKit/537.36 (KHTML, like Gecko; compatible; GPTBot/1.2; +https://openai.com/gptbot)"
20.171.207.230 - - [05/Jul/2025:11:48:33 -0400] "GET /items/zzddx66/49961?key=understand HTTP/1.1" 302 0 "-" "Mozilla/5.0 AppleWebKit/537.36 (KHTML, like Gecko; compatible; GPTBot/1.2; +https://openai.com/gptbot)"
20.171.207.230 - - [05/Jul/2025:11:48:33 -0400] "GET /ar/ HTTP/1.1" 200 10545 "-" "Mozilla/5.0 AppleWebKit/537.36 (KHTML, like Gecko; compatible; GPTBot/1.2; +https://openai.com/gptbot)"
20.171.207.230 - - [05/Jul/2025:11:48:34 -0400] "GET /items/oiyii135/2558?key=impossible HTTP/1.1" 302 0 "-" "Mozilla/5.0 AppleWebKit/537.36 (KHTML, like Gecko; compatible; GPTBot/1.2; +https://openai.com/gptbot)"
20.171.207.230 - - [05/Jul/2025:11:48:34 -0400] "GET /ar/ HTTP/1.1" 200 10545 "-" "Mozilla/5.0 AppleWebKit/537.36 (KHTML, like Gecko; compatible; GPTBot/1.2; +https://openai.com/gptbot)"
20.171.207.230 - - [05/Jul/2025:11:48:35 -0400] "GET /items/bdbmf79/59776?key=convention HTTP/1.1" 302 0 "-" "Mozilla/5.0 AppleWebKit/537.36 (KHTML, like Gecko; compatible; GPTBot/1.2; +https://openai.com/gptbot)"
20.171.207.230 - - [05/Jul/2025:11:48:35 -0400] "GET /ar/ HTTP/1.1" 200 10545 "-" "Mozilla/5.0 AppleWebKit/537.36 (KHTML, like Gecko; compatible; GPTBot/1.2; +https://openai.com/gptbot)"
20.171.207.230 - - [05/Jul/2025:11:48:36 -0400] "GET /items/isodr45/32428?key=assistance HTTP/1.1" 302 0 "-" "Mozilla/5.0 AppleWebKit/537.36 (KHTML, like Gecko; compatible; GPTBot/1.2; +https://openai.com/gptbot)"
20.171.207.230 - - [05/Jul/2025:11:48:37 -0400] "GET /ar/ HTTP/1.1" 200 10545 "-" "Mozilla/5.0 AppleWebKit/537.36 (KHTML, like Gecko; compatible; GPTBot/1.2; +https://openai.com/gptbot)"
20.171.207.230 - - [05/Jul/2025:11:48:38 -0400] "GET /items/iewan124/4115?key=medication HTTP/1.1" 302 0 "-" "Mozilla/5.0 AppleWebKit/537.36 (KHTML, like Gecko; compatible; GPTBot/1.2; +https://openai.com/gptbot)"
20.171.207.230 - - [05/Jul/2025:11:48:38 -0400] "GET /ar/ HTTP/1.1" 200 10545 "-" "Mozilla/5.0 AppleWebKit/537.36 (KHTML, like Gecko; compatible; GPTBot/1.2; +https://openai.com/gptbot)"
20.171.207.230 - - [05/Jul/2025:11:48:41 -0400] "GET /items/xemoo32/19571?key=engagement HTTP/1.1" 302 0 "-" "Mozilla/5.0 AppleWebKit/537.36 (KHTML, like Gecko; compatible; GPTBot/1.2; +https://openai.com/gptbot)"
20.171.207.230 - - [05/Jul/2025:11:48:41 -0400] "GET /ar/ HTTP/1.1" 200 10545 "-" "Mozilla/5.0 AppleWebKit/537.36 (KHTML, like Gecko; compatible; GPTBot/1.2; +https://openai.com/gptbot)"
20.171.207.230 - - [05/Jul/2025:11:48:42 -0400] "GET /items/yaxui24/24023?key=everything HTTP/1.1" 302 0 "-" "Mozilla/5.0 AppleWebKit/537.36 (KHTML, like Gecko; compatible; GPTBot/1.2; +https://openai.com/gptbot)"
20.171.207.230 - - [05/Jul/2025:11:48:42 -0400] "GET /ar/ HTTP/1.1" 200 10545 "-" "Mozilla/5.0 AppleWebKit/537.36 (KHTML, like Gecko; compatible; GPTBot/1.2; +https://openai.com/gptbot)"
20.171.207.230 - - [05/Jul/2025:11:48:44 -0400] "GET /items/iyimr189/9190?key=astronomer HTTP/1.1" 302 0 "-" "Mozilla/5.0 AppleWebKit/537.36 (KHTML, like Gecko; compatible; GPTBot/1.2; +https://openai.com/gptbot)"
20.171.207.230 - - [05/Jul/2025:11:48:44 -0400] "GET /ar/ HTTP/1.1" 200 10545 "-" "Mozilla/5.0 AppleWebKit/537.36 (KHTML, like Gecko; compatible; GPTBot/1.2; +https://openai.com/gptbot)"
66.249.69.4 - - [05/Jul/2025:11:48:54 -0400] "GET /search.php?bit/contemplate285/zbsho-47079/ HTTP/1.1" 200 87476 "-" "Mozilla/5.0 (Linux; Android 6.0.1; Nexus 5X Build/MMB29P) AppleWebKit/537.36 (KHTML, like Gecko) Chrome/137.0.7151.103 Mobile Safari/537.36 (compatible; Googlebot/2.1; +http://www.google.com/bot.html)"
66.249.77.139 - - [05/Jul/2025:11:49:03 -0400] "GET /pcmypage?callback=product/review/rcmdse-an-4570093950057 HTTP/1.1" 200 88123 "-" "Mozilla/5.0 (compatible; Googlebot/2.1; +http://www.google.com/bot.html)"
66.29.146.47 - - [05/Jul/2025:11:49:05 -0400] "POST /wp-cron.php?doing_wp_cron=1751730545.7349789142608642578125 HTTP/1.1" 403 1242 "-" "WordPress/6.8; https://first-gulf.com.sa"
47.82.60.85 - - [05/Jul/2025:11:49:05 -0400] "GET /items/194000308.html HTTP/1.1" 301 0 "https://www.first-gulf.com.sa/items/194000308.html" "Mozilla/5.0 (Windows NT 10.0; Win64; x64) AppleWebKit/537.36 (KHTML, like Gecko) Chrome/114.0.0.0 Safari/537.36 Edg/114.0.1823.43"
47.82.60.85 - - [05/Jul/2025:11:49:06 -0400] "GET /items/194000308.html HTTP/1.1" 302 0 "https://www.first-gulf.com.sa/items/194000308.html" "Mozilla/5.0 (Windows NT 10.0; Win64; x64) AppleWebKit/537.36 (KHTML, like Gecko) Chrome/114.0.0.0 Safari/537.36 Edg/114.0.1823.43"
20.171.207.230 - - [05/Jul/2025:11:49:15 -0400] "GET /items/ovacy32/37865?key=commission HTTP/1.1" 302 0 "-" "Mozilla/5.0 AppleWebKit/537.36 (KHTML, like Gecko; compatible; GPTBot/1.2; +https://openai.com/gptbot)"
66.29.146.47 - - [05/Jul/2025:11:49:16 -0400] "POST /ar/wp-cron.php?doing_wp_cron=1751730556.4484019279479980468750 HTTP/1.1" 404 10548 "-" "WordPress/6.8; https://first-gulf.com.sa/ar"
20.171.207.230 - - [05/Jul/2025:11:49:16 -0400] "GET /ar/ HTTP/1.1" 200 10545 "-" "Mozilla/5.0 AppleWebKit/537.36 (KHTML, like Gecko; compatible; GPTBot/1.2; +https://openai.com/gptbot)"
20.171.207.230 - - [05/Jul/2025:11:49:17 -0400] "GET /items/kpacm59/38894?key=department HTTP/1.1" 302 0 "-" "Mozilla/5.0 AppleWebKit/537.36 (KHTML, like Gecko; compatible; GPTBot/1.2; +https://openai.com/gptbot)"
20.171.207.230 - - [05/Jul/2025:11:49:17 -0400] "GET /ar/ HTTP/1.1" 200 10545 "-" "Mozilla/5.0 AppleWebKit/537.36 (KHTML, like Gecko; compatible; GPTBot/1.2; +https://openai.com/gptbot)"
20.171.207.230 - - [05/Jul/2025:11:49:18 -0400] "GET /items/qdctc31/42264?key=assignment HTTP/1.1" 302 0 "-" "Mozilla/5.0 AppleWebKit/537.36 (KHTML, like Gecko; compatible; GPTBot/1.2; +https://openai.com/gptbot)"
20.171.207.230 - - [05/Jul/2025:11:49:18 -0400] "GET /ar/ HTTP/1.1" 200 10545 "-" "Mozilla/5.0 AppleWebKit/537.36 (KHTML, like Gecko; compatible; GPTBot/1.2; +https://openai.com/gptbot)"
66.249.77.138 - - [05/Jul/2025:11:49:19 -0400] "GET /items/zikvk143/43766?key=thrive HTTP/1.1" 200 91502 "-" "Mozilla/5.0 (Linux; Android 6.0.1; Nexus 5X Build/MMB29P) AppleWebKit/537.36 (KHTML, like Gecko) Chrome/137.0.7151.103 Mobile Safari/537.36 (compatible; GoogleOther)"
20.171.207.230 - - [05/Jul/2025:11:49:19 -0400] "GET /items/wyvtn153/6866?key=inevitably HTTP/1.1" 302 0 "-" "Mozilla/5.0 AppleWebKit/537.36 (KHTML, like Gecko; compatible; GPTBot/1.2; +https://openai.com/gptbot)"
20.171.207.230 - - [05/Jul/2025:11:49:20 -0400] "GET /ar/ HTTP/1.1" 200 10545 "-" "Mozilla/5.0 AppleWebKit/537.36 (KHTML, like Gecko; compatible; GPTBot/1.2; +https://openai.com/gptbot)"
20.171.207.230 - - [05/Jul/2025:11:49:20 -0400] "GET /items/lbmbu90/48909?key=manipulate HTTP/1.1" 302 0 "-" "Mozilla/5.0 AppleWebKit/537.36 (KHTML, like Gecko; compatible; GPTBot/1.2; +https://openai.com/gptbot)"
20.171.207.230 - - [05/Jul/2025:11:49:21 -0400] "GET /ar/ HTTP/1.1" 200 10545 "-" "Mozilla/5.0 AppleWebKit/537.36 (KHTML, like Gecko; compatible; GPTBot/1.2; +https://openai.com/gptbot)"
20.171.207.230 - - [05/Jul/2025:11:49:22 -0400] "GET /items/ipyvk85/24054?key=opposition HTTP/1.1" 302 0 "-" "Mozilla/5.0 AppleWebKit/537.36 (KHTML, like Gecko; compatible; GPTBot/1.2; +https://openai.com/gptbot)"
66.249.77.137 - - [05/Jul/2025:11:49:21 -0400] "GET /items/tfcge34/385?key=strict HTTP/1.1" 200 88007 "-" "Mozilla/5.0 (compatible; Googlebot/2.1; +http://www.google.com/bot.html)"
20.171.207.230 - - [05/Jul/2025:11:49:22 -0400] "GET /ar/ HTTP/1.1" 200 10545 "-" "Mozilla/5.0 AppleWebKit/537.36 (KHTML, like Gecko; compatible; GPTBot/1.2; +https://openai.com/gptbot)"
20.171.207.230 - - [05/Jul/2025:11:49:23 -0400] "GET /items/rhmak12/23285?key=management HTTP/1.1" 302 0 "-" "Mozilla/5.0 AppleWebKit/537.36 (KHTML, like Gecko; compatible; GPTBot/1.2; +https://openai.com/gptbot)"
20.171.207.230 - - [05/Jul/2025:11:49:23 -0400] "GET /ar/ HTTP/1.1" 200 10545 "-" "Mozilla/5.0 AppleWebKit/537.36 (KHTML, like Gecko; compatible; GPTBot/1.2; +https://openai.com/gptbot)"
20.171.207.230 - - [05/Jul/2025:11:49:24 -0400] "GET /items/yiqlc288/1859?key=likelihood HTTP/1.1" 302 0 "-" "Mozilla/5.0 AppleWebKit/537.36 (KHTML, like Gecko; compatible; GPTBot/1.2; +https://openai.com/gptbot)"
20.171.207.230 - - [05/Jul/2025:11:49:24 -0400] "GET /ar/ HTTP/1.1" 200 10545 "-" "Mozilla/5.0 AppleWebKit/537.36 (KHTML, like Gecko; compatible; GPTBot/1.2; +https://openai.com/gptbot)"
20.171.207.230 - - [05/Jul/2025:11:49:25 -0400] "GET /items/lkckn254/8465?key=likelihood HTTP/1.1" 302 0 "-" "Mozilla/5.0 AppleWebKit/537.36 (KHTML, like Gecko; compatible; GPTBot/1.2; +https://openai.com/gptbot)"
20.171.207.230 - - [05/Jul/2025:11:49:25 -0400] "GET /ar/ HTTP/1.1" 200 10545 "-" "Mozilla/5.0 AppleWebKit/537.36 (KHTML, like Gecko; compatible; GPTBot/1.2; +https://openai.com/gptbot)"
20.171.207.230 - - [05/Jul/2025:11:49:26 -0400] "GET /items/tjrld18/35495?key=initiative HTTP/1.1" 302 0 "-" "Mozilla/5.0 AppleWebKit/537.36 (KHTML, like Gecko; compatible; GPTBot/1.2; +https://openai.com/gptbot)"
20.171.207.230 - - [05/Jul/2025:11:49:26 -0400] "GET /ar/ HTTP/1.1" 200 10545 "-" "Mozilla/5.0 AppleWebKit/537.36 (KHTML, like Gecko; compatible; GPTBot/1.2; +https://openai.com/gptbot)"
20.171.207.230 - - [05/Jul/2025:11:49:59 -0400] "GET /items/mavly25/26064?key=resistance HTTP/1.1" 302 0 "-" "Mozilla/5.0 AppleWebKit/537.36 (KHTML, like Gecko; compatible; GPTBot/1.2; +https://openai.com/gptbot)"
20.171.207.230 - - [05/Jul/2025:11:50:00 -0400] "GET /ar/ HTTP/1.1" 200 10545 "-" "Mozilla/5.0 AppleWebKit/537.36 (KHTML, like Gecko; compatible; GPTBot/1.2; +https://openai.com/gptbot)"
20.171.207.230 - - [05/Jul/2025:11:50:01 -0400] "GET /items/vwkfa187/1482?key=attractive HTTP/1.1" 302 0 "-" "Mozilla/5.0 AppleWebKit/537.36 (KHTML, like Gecko; compatible; GPTBot/1.2; +https://openai.com/gptbot)"
20.171.207.230 - - [05/Jul/2025:11:50:02 -0400] "GET /ar/ HTTP/1.1" 200 10545 "-" "Mozilla/5.0 AppleWebKit/537.36 (KHTML, like Gecko; compatible; GPTBot/1.2; +https://openai.com/gptbot)"
20.171.207.230 - - [05/Jul/2025:11:50:04 -0400] "GET /items/jhgep11/48246?key=conscience HTTP/1.1" 302 0 "-" "Mozilla/5.0 AppleWebKit/537.36 (KHTML, like Gecko; compatible; GPTBot/1.2; +https://openai.com/gptbot)"
20.171.207.230 - - [05/Jul/2025:11:50:04 -0400] "GET /ar/ HTTP/1.1" 200 10545 "-" "Mozilla/5.0 AppleWebKit/537.36 (KHTML, like Gecko; compatible; GPTBot/1.2; +https://openai.com/gptbot)"
66.29.146.47 - - [05/Jul/2025:11:50:07 -0400] "POST /wp-cron.php?doing_wp_cron=1751730607.3020439147949218750000 HTTP/1.1" 403 1242 "-" "WordPress/6.8; https://first-gulf.com.sa"
20.171.207.230 - - [05/Jul/2025:11:50:06 -0400] "GET /items/oaavs99/26966?key=wilderness HTTP/1.1" 302 0 "-" "Mozilla/5.0 AppleWebKit/537.36 (KHTML, like Gecko; compatible; GPTBot/1.2; +https://openai.com/gptbot)"
66.249.77.138 - - [05/Jul/2025:11:50:07 -0400] "GET /?_gl=1*m4rbiq3*_ga*IPXxreNysHzRbgRmbvXJezazssTk*_ga_ZAAAXWNKU*95eYJaM9WNsOKR07nqeR4U40Ov24WdJ34NwfUZd1dklQn1Vm6rHKQNj.*_gcl_au=1.1.199710002.176413525*_gcl_aw=ZZU.178797374.M0w0XGb1zu0rHJVCTKPlE50jVS4ZzSvKy41C92hpEm00DvhEzVbPtmWhRwMe9l6pZ9VBGECDjrvwma5iZ21s8oeQPJ..&_gz=2.198253372.199952653.174843871-867087422.162862374&_bdsid=sjef0d.n~AEVDM.178939685.172701888&_bd_prev_page=https://first-gulf.com.sa/link.php?items/xgsxa115/1398?key=notebook HTTP/1.1" 200 88352 "-" "Mozilla/5.0 (Linux; Android 6.0.1; Nexus 5X Build/MMB29P) AppleWebKit/537.36 (KHTML, like Gecko) Chrome/137.0.7151.103 Mobile Safari/537.36 (compatible; Googlebot/2.1; +http://www.google.com/bot.html)"
66.249.77.138 - - [05/Jul/2025:11:50:09 -0400] "GET /items/utfuc168/18317?key=essence HTTP/1.1" 200 87192 "-" "Mozilla/5.0 (Linux; Android 6.0.1; Nexus 5X Build/MMB29P) AppleWebKit/537.36 (KHTML, like Gecko) Chrome/137.0.7151.103 Mobile Safari/537.36 (compatible; GoogleOther)"
20.171.207.230 - - [05/Jul/2025:11:50:08 -0400] "GET /ar/ HTTP/1.1" 200 10545 "-" "Mozilla/5.0 AppleWebKit/537.36 (KHTML, like Gecko; compatible; GPTBot/1.2; +https://openai.com/gptbot)"
20.171.207.230 - - [05/Jul/2025:11:50:10 -0400] "GET /items/efojz127/5152?key=missionary HTTP/1.1" 302 0 "-" "Mozilla/5.0 AppleWebKit/537.36 (KHTML, like Gecko; compatible; GPTBot/1.2; +https://openai.com/gptbot)"
66.249.77.137 - - [05/Jul/2025:11:50:10 -0400] "GET /pcmypage?callback=product/review/iandr-parts-bay-6358 HTTP/1.1" 200 88136 "-" "Mozilla/5.0 (Linux; Android 6.0.1; Nexus 5X Build/MMB29P) AppleWebKit/537.36 (KHTML, like Gecko) Chrome/137.0.7151.103 Mobile Safari/537.36 (compatible; Googlebot/2.1; +http://www.google.com/bot.html)"
20.171.207.230 - - [05/Jul/2025:11:50:11 -0400] "GET /ar/ HTTP/1.1" 200 10545 "-" "Mozilla/5.0 AppleWebKit/537.36 (KHTML, like Gecko; compatible; GPTBot/1.2; +https://openai.com/gptbot)"
20.171.207.230 - - [05/Jul/2025:11:50:12 -0400] "GET /items/hemhp121/2518?key=previously HTTP/1.1" 302 0 "-" "Mozilla/5.0 AppleWebKit/537.36 (KHTML, like Gecko; compatible; GPTBot/1.2; +https://openai.com/gptbot)"
20.171.207.230 - - [05/Jul/2025:11:50:12 -0400] "GET /ar/ HTTP/1.1" 200 10545 "-" "Mozilla/5.0 AppleWebKit/537.36 (KHTML, like Gecko; compatible; GPTBot/1.2; +https://openai.com/gptbot)"
20.171.207.230 - - [05/Jul/2025:11:50:14 -0400] "GET /items/qavms233/8384?key=constitute HTTP/1.1" 302 0 "-" "Mozilla/5.0 AppleWebKit/537.36 (KHTML, like Gecko; compatible; GPTBot/1.2; +https://openai.com/gptbot)"
20.171.207.230 - - [05/Jul/2025:11:50:15 -0400] "GET /ar/ HTTP/1.1" 200 10545 "-" "Mozilla/5.0 AppleWebKit/537.36 (KHTML, like Gecko; compatible; GPTBot/1.2; +https://openai.com/gptbot)"
20.171.207.230 - - [05/Jul/2025:11:50:16 -0400] "GET /items/eilif89/36328?key=enthusiasm HTTP/1.1" 302 0 "-" "Mozilla/5.0 AppleWebKit/537.36 (KHTML, like Gecko; compatible; GPTBot/1.2; +https://openai.com/gptbot)"
66.29.146.47 - - [05/Jul/2025:11:50:17 -0400] "POST /ar/wp-cron.php?doing_wp_cron=1751730616.9741129875183105468750 HTTP/1.1" 200 0 "-" "WordPress/6.8; https://first-gulf.com.sa/ar"
20.171.207.230 - - [05/Jul/2025:11:50:16 -0400] "GET /ar/ HTTP/1.1" 200 10545 "-" "Mozilla/5.0 AppleWebKit/537.36 (KHTML, like Gecko; compatible; GPTBot/1.2; +https://openai.com/gptbot)"
20.171.207.230 - - [05/Jul/2025:11:50:18 -0400] "GET /items/myptr23/34490?key=consistent HTTP/1.1" 302 0 "-" "Mozilla/5.0 AppleWebKit/537.36 (KHTML, like Gecko; compatible; GPTBot/1.2; +https://openai.com/gptbot)"
20.171.207.230 - - [05/Jul/2025:11:50:19 -0400] "GET /ar/ HTTP/1.1" 200 10547 "-" "Mozilla/5.0 AppleWebKit/537.36 (KHTML, like Gecko; compatible; GPTBot/1.2; +https://openai.com/gptbot)"
20.171.207.230 - - [05/Jul/2025:11:50:19 -0400] "GET /items/mozbn61/33686?key=associated HTTP/1.1" 302 0 "-" "Mozilla/5.0 AppleWebKit/537.36 (KHTML, like Gecko; compatible; GPTBot/1.2; +https://openai.com/gptbot)"
20.171.207.230 - - [05/Jul/2025:11:50:20 -0400] "GET /ar/ HTTP/1.1" 200 10545 "-" "Mozilla/5.0 AppleWebKit/537.36 (KHTML, like Gecko; compatible; GPTBot/1.2; +https://openai.com/gptbot)"
66.249.77.138 - - [05/Jul/2025:11:50:29 -0400] "GET /items/lfxrl246/29631?key=fraction HTTP/1.1" 200 87965 "-" "Mozilla/5.0 (Linux; Android 6.0.1; Nexus 5X Build/MMB29P) AppleWebKit/537.36 (KHTML, like Gecko) Chrome/137.0.7151.103 Mobile Safari/537.36 (compatible; GoogleOther)"
20.171.207.230 - - [05/Jul/2025:11:50:39 -0400] "GET /items/aixem78/25513?key=subsequent HTTP/1.1" 302 0 "-" "Mozilla/5.0 AppleWebKit/537.36 (KHTML, like Gecko; compatible; GPTBot/1.2; +https://openai.com/gptbot)"
20.171.207.230 - - [05/Jul/2025:11:50:40 -0400] "GET /ar/ HTTP/1.1" 200 10545 "-" "Mozilla/5.0 AppleWebKit/537.36 (KHTML, like Gecko; compatible; GPTBot/1.2; +https://openai.com/gptbot)"
20.171.207.230 - - [05/Jul/2025:11:50:41 -0400] "GET /items/yscnz36/49373?key=presidency HTTP/1.1" 302 0 "-" "Mozilla/5.0 AppleWebKit/537.36 (KHTML, like Gecko; compatible; GPTBot/1.2; +https://openai.com/gptbot)"
20.171.207.230 - - [05/Jul/2025:11:50:41 -0400] "GET /ar/ HTTP/1.1" 200 10545 "-" "Mozilla/5.0 AppleWebKit/537.36 (KHTML, like Gecko; compatible; GPTBot/1.2; +https://openai.com/gptbot)"
20.171.207.230 - - [05/Jul/2025:11:50:43 -0400] "GET /items/syfmz16/26645?key=suspicious HTTP/1.1" 302 0 "-" "Mozilla/5.0 AppleWebKit/537.36 (KHTML, like Gecko; compatible; GPTBot/1.2; +https://openai.com/gptbot)"
20.171.207.230 - - [05/Jul/2025:11:50:43 -0400] "GET /ar/ HTTP/1.1" 200 10545 "-" "Mozilla/5.0 AppleWebKit/537.36 (KHTML, like Gecko; compatible; GPTBot/1.2; +https://openai.com/gptbot)"
20.171.207.230 - - [05/Jul/2025:11:50:44 -0400] "GET /items/fecaf58/49549?key=technician HTTP/1.1" 302 0 "-" "Mozilla/5.0 AppleWebKit/537.36 (KHTML, like Gecko; compatible; GPTBot/1.2; +https://openai.com/gptbot)"
20.171.207.230 - - [05/Jul/2025:11:50:44 -0400] "GET /ar/ HTTP/1.1" 200 10545 "-" "Mozilla/5.0 AppleWebKit/537.36 (KHTML, like Gecko; compatible; GPTBot/1.2; +https://openai.com/gptbot)"
20.171.207.230 - - [05/Jul/2025:11:50:45 -0400] "GET /items/otacn77/17148?key=distribute HTTP/1.1" 302 0 "-" "Mozilla/5.0 AppleWebKit/537.36 (KHTML, like Gecko; compatible; GPTBot/1.2; +https://openai.com/gptbot)"
20.171.207.230 - - [05/Jul/2025:11:50:46 -0400] "GET /ar/ HTTP/1.1" 200 10545 "-" "Mozilla/5.0 AppleWebKit/537.36 (KHTML, like Gecko; compatible; GPTBot/1.2; +https://openai.com/gptbot)"
20.171.207.230 - - [05/Jul/2025:11:50:48 -0400] "GET /items/fbotb266/6845?key=astronomer HTTP/1.1" 302 0 "-" "Mozilla/5.0 AppleWebKit/537.36 (KHTML, like Gecko; compatible; GPTBot/1.2; +https://openai.com/gptbot)"
20.171.207.230 - - [05/Jul/2025:11:50:48 -0400] "GET /ar/ HTTP/1.1" 200 10545 "-" "Mozilla/5.0 AppleWebKit/537.36 (KHTML, like Gecko; compatible; GPTBot/1.2; +https://openai.com/gptbot)"
20.171.207.230 - - [05/Jul/2025:11:50:49 -0400] "GET /items/ynegb30/46241?key=instrument HTTP/1.1" 302 0 "-" "Mozilla/5.0 AppleWebKit/537.36 (KHTML, like Gecko; compatible; GPTBot/1.2; +https://openai.com/gptbot)"
20.171.207.230 - - [05/Jul/2025:11:50:49 -0400] "GET /ar/ HTTP/1.1" 200 10547 "-" "Mozilla/5.0 AppleWebKit/537.36 (KHTML, like Gecko; compatible; GPTBot/1.2; +https://openai.com/gptbot)"
20.171.207.230 - - [05/Jul/2025:11:50:50 -0400] "GET /items/ztkci236/9849?key=stereotype HTTP/1.1" 302 0 "-" "Mozilla/5.0 AppleWebKit/537.36 (KHTML, like Gecko; compatible; GPTBot/1.2; +https://openai.com/gptbot)"
20.171.207.230 - - [05/Jul/2025:11:50:51 -0400] "GET /ar/ HTTP/1.1" 200 10545 "-" "Mozilla/5.0 AppleWebKit/537.36 (KHTML, like Gecko; compatible; GPTBot/1.2; +https://openai.com/gptbot)"
20.171.207.230 - - [05/Jul/2025:11:50:52 -0400] "GET /items/dfqkg246/4399?key=ingredient HTTP/1.1" 302 0 "-" "Mozilla/5.0 AppleWebKit/537.36 (KHTML, like Gecko; compatible; GPTBot/1.2; +https://openai.com/gptbot)"
20.171.207.230 - - [05/Jul/2025:11:50:52 -0400] "GET /ar/ HTTP/1.1" 200 10545 "-" "Mozilla/5.0 AppleWebKit/537.36 (KHTML, like Gecko; compatible; GPTBot/1.2; +https://openai.com/gptbot)"
20.171.207.230 - - [05/Jul/2025:11:50:54 -0400] "GET /items/tefde250/9089?key=exhibition HTTP/1.1" 302 0 "-" "Mozilla/5.0 AppleWebKit/537.36 (KHTML, like Gecko; compatible; GPTBot/1.2; +https://openai.com/gptbot)"
20.171.207.230 - - [05/Jul/2025:11:50:54 -0400] "GET /ar/ HTTP/1.1" 200 10545 "-" "Mozilla/5.0 AppleWebKit/537.36 (KHTML, like Gecko; compatible; GPTBot/1.2; +https://openai.com/gptbot)"
66.249.77.137 - - [05/Jul/2025:11:50:56 -0400] "GET /items/yjioo83/16002?key=collaboration HTTP/1.1" 200 87499 "-" "Mozilla/5.0 (Linux; Android 6.0.1; Nexus 5X Build/MMB29P) AppleWebKit/537.36 (KHTML, like Gecko) Chrome/137.0.7151.103 Mobile Safari/537.36 (compatible; GoogleOther)"
66.249.77.138 - - [05/Jul/2025:11:50:58 -0400] "GET /pcmypage?callback=product/review/hirochishop-2-4538792767949 HTTP/1.1" 200 88235 "-" "Mozilla/5.0 (Linux; Android 6.0.1; Nexus 5X Build/MMB29P) AppleWebKit/537.36 (KHTML, like Gecko) Chrome/137.0.7151.103 Mobile Safari/537.36 (compatible; Googlebot/2.1; +http://www.google.com/bot.html)"
47.82.60.85 - - [05/Jul/2025:11:51:00 -0400] "GET /pcmypage?callback=product/review/bellwork-81171001003-qq-2092t HTTP/1.1" 301 0 "https://www.first-gulf.com.sa/pcmypage?callback=product/review/bellwork-81171001003-qq-2092t" "Mozilla/5.0 (Windows NT 10.0; Win64; x64) AppleWebKit/537.36 (KHTML, like Gecko) Chrome/114.0.0.0 Safari/537.36 Edg/114.0.1823.43"
47.82.60.85 - - [05/Jul/2025:11:51:01 -0400] "GET /pcmypage?callback=product/review/bellwork-81171001003-qq-2092t HTTP/1.1" 302 0 "https://www.first-gulf.com.sa/pcmypage?callback=product/review/bellwork-81171001003-qq-2092t" "Mozilla/5.0 (Windows NT 10.0; Win64; x64) AppleWebKit/537.36 (KHTML, like Gecko) Chrome/114.0.0.0 Safari/537.36 Edg/114.0.1823.43"
66.249.77.139 - - [05/Jul/2025:11:51:03 -0400] "GET /items/updfc69/44458?key=media HTTP/1.1" 200 87018 "-" "Mozilla/5.0 (Linux; Android 6.0.1; Nexus 5X Build/MMB29P) AppleWebKit/537.36 (KHTML, like Gecko) Chrome/137.0.7151.103 Mobile Safari/537.36 (compatible; GoogleOther)"
66.249.77.137 - - [05/Jul/2025:11:51:11 -0400] "GET /pcmypage?callback=product/review/first34-trusco-2181828 HTTP/1.1" 200 86969 "-" "Mozilla/5.0 (Linux; Android 6.0.1; Nexus 5X Build/MMB29P) AppleWebKit/537.36 (KHTML, like Gecko) Chrome/137.0.7151.103 Mobile Safari/537.36 (compatible; GoogleOther)"
66.29.146.47 - - [05/Jul/2025:11:51:22 -0400] "POST /wp-cron.php?doing_wp_cron=1751730682.3496439456939697265625 HTTP/1.1" 403 1242 "-" "WordPress/6.8; https://first-gulf.com.sa"
20.171.207.230 - - [05/Jul/2025:11:51:22 -0400] "GET /items/iemkw27/30804?key=harassment HTTP/1.1" 302 0 "-" "Mozilla/5.0 AppleWebKit/537.36 (KHTML, like Gecko; compatible; GPTBot/1.2; +https://openai.com/gptbot)"
66.29.146.47 - - [05/Jul/2025:11:51:23 -0400] "POST /ar/wp-cron.php?doing_wp_cron=1751730683.2397079467773437500000 HTTP/1.1" 200 0 "-" "WordPress/6.8; https://first-gulf.com.sa/ar"
20.171.207.230 - - [05/Jul/2025:11:51:22 -0400] "GET /ar/ HTTP/1.1" 200 10545 "-" "Mozilla/5.0 AppleWebKit/537.36 (KHTML, like Gecko; compatible; GPTBot/1.2; +https://openai.com/gptbot)"
20.171.207.230 - - [05/Jul/2025:11:51:26 -0400] "GET /items/qzekr266/4901?key=researcher HTTP/1.1" 302 0 "-" "Mozilla/5.0 AppleWebKit/537.36 (KHTML, like Gecko; compatible; GPTBot/1.2; +https://openai.com/gptbot)"
20.171.207.230 - - [05/Jul/2025:11:51:27 -0400] "GET /ar/ HTTP/1.1" 200 10545 "-" "Mozilla/5.0 AppleWebKit/537.36 (KHTML, like Gecko; compatible; GPTBot/1.2; +https://openai.com/gptbot)"
20.171.207.230 - - [05/Jul/2025:11:51:28 -0400] "GET /items/mfsjc45/14568?key=employment HTTP/1.1" 302 0 "-" "Mozilla/5.0 AppleWebKit/537.36 (KHTML, like Gecko; compatible; GPTBot/1.2; +https://openai.com/gptbot)"
20.171.207.230 - - [05/Jul/2025:11:51:28 -0400] "GET /ar/ HTTP/1.1" 200 10545 "-" "Mozilla/5.0 AppleWebKit/537.36 (KHTML, like Gecko; compatible; GPTBot/1.2; +https://openai.com/gptbot)"
20.171.207.230 - - [05/Jul/2025:11:51:29 -0400] "GET /items/zixls24/29409?key=assistance HTTP/1.1" 302 0 "-" "Mozilla/5.0 AppleWebKit/537.36 (KHTML, like Gecko; compatible; GPTBot/1.2; +https://openai.com/gptbot)"
20.171.207.230 - - [05/Jul/2025:11:51:29 -0400] "GET /ar/ HTTP/1.1" 200 10545 "-" "Mozilla/5.0 AppleWebKit/537.36 (KHTML, like Gecko; compatible; GPTBot/1.2; +https://openai.com/gptbot)"
20.171.207.230 - - [05/Jul/2025:11:51:30 -0400] "GET /items/vjave11/43038?key=employment HTTP/1.1" 302 0 "-" "Mozilla/5.0 AppleWebKit/537.36 (KHTML, like Gecko; compatible; GPTBot/1.2; +https://openai.com/gptbot)"
20.171.207.230 - - [05/Jul/2025:11:51:30 -0400] "GET /ar/ HTTP/1.1" 200 10545 "-" "Mozilla/5.0 AppleWebKit/537.36 (KHTML, like Gecko; compatible; GPTBot/1.2; +https://openai.com/gptbot)"
20.171.207.230 - - [05/Jul/2025:11:51:32 -0400] "GET /items/xnnvi42/28043?key=investment HTTP/1.1" 302 0 "-" "Mozilla/5.0 AppleWebKit/537.36 (KHTML, like Gecko; compatible; GPTBot/1.2; +https://openai.com/gptbot)"
47.82.60.53 - - [05/Jul/2025:11:51:33 -0400] "GET /items/aflem150/33315?key=interval HTTP/1.1" 302 0 "https://first-gulf.com.sa/items/aflem150/33315?key=interval" "Mozilla/5.0 (Windows NT 10.0; Win64; x64) AppleWebKit/537.36 (KHTML, like Gecko) Chrome/114.0.0.0 Safari/537.36 Edg/114.0.1823.43"
20.171.207.230 - - [05/Jul/2025:11:51:32 -0400] "GET /ar/ HTTP/1.1" 200 10545 "-" "Mozilla/5.0 AppleWebKit/537.36 (KHTML, like Gecko; compatible; GPTBot/1.2; +https://openai.com/gptbot)"
20.171.207.230 - - [05/Jul/2025:11:51:34 -0400] "GET /items/yfdcp181/1310?key=suspicious HTTP/1.1" 302 0 "-" "Mozilla/5.0 AppleWebKit/537.36 (KHTML, like Gecko; compatible; GPTBot/1.2; +https://openai.com/gptbot)"
47.82.60.53 - - [05/Jul/2025:11:51:34 -0400] "GET /ar/ HTTP/1.1" 200 10545 "https://first-gulf.com.sa/items/aflem150/33315?key=interval" "Mozilla/5.0 (Windows NT 10.0; Win64; x64) AppleWebKit/537.36 (KHTML, like Gecko) Chrome/114.0.0.0 Safari/537.36 Edg/114.0.1823.43"
20.171.207.230 - - [05/Jul/2025:11:51:34 -0400] "GET /ar/ HTTP/1.1" 200 10545 "-" "Mozilla/5.0 AppleWebKit/537.36 (KHTML, like Gecko; compatible; GPTBot/1.2; +https://openai.com/gptbot)"
20.171.207.230 - - [05/Jul/2025:11:51:35 -0400] "GET /items/mrrdr90/13901?key=inspection HTTP/1.1" 302 0 "-" "Mozilla/5.0 AppleWebKit/537.36 (KHTML, like Gecko; compatible; GPTBot/1.2; +https://openai.com/gptbot)"
20.171.207.230 - - [05/Jul/2025:11:51:35 -0400] "GET /ar/ HTTP/1.1" 200 10545 "-" "Mozilla/5.0 AppleWebKit/537.36 (KHTML, like Gecko; compatible; GPTBot/1.2; +https://openai.com/gptbot)"
20.171.207.230 - - [05/Jul/2025:11:51:37 -0400] "GET /items/bmpgy196/3119?key=supervisor HTTP/1.1" 302 0 "-" "Mozilla/5.0 AppleWebKit/537.36 (KHTML, like Gecko; compatible; GPTBot/1.2; +https://openai.com/gptbot)"
20.171.207.230 - - [05/Jul/2025:11:51:38 -0400] "GET /ar/ HTTP/1.1" 200 10545 "-" "Mozilla/5.0 AppleWebKit/537.36 (KHTML, like Gecko; compatible; GPTBot/1.2; +https://openai.com/gptbot)"
20.171.207.230 - - [05/Jul/2025:11:51:40 -0400] "GET /items/cdtmn24/23183?key=strengthen HTTP/1.1" 302 0 "-" "Mozilla/5.0 AppleWebKit/537.36 (KHTML, like Gecko; compatible; GPTBot/1.2; +https://openai.com/gptbot)"
20.171.207.230 - - [05/Jul/2025:11:51:40 -0400] "GET /ar/ HTTP/1.1" 200 10545 "-" "Mozilla/5.0 AppleWebKit/537.36 (KHTML, like Gecko; compatible; GPTBot/1.2; +https://openai.com/gptbot)"
47.82.60.30 - - [05/Jul/2025:11:51:43 -0400] "GET /items/clwtn264/45979?key=tower HTTP/1.1" 302 0 "https://first-gulf.com.sa/items/clwtn264/45979?key=tower" "Mozilla/5.0 (Windows NT 10.0; Win64; x64) AppleWebKit/537.36 (KHTML, like Gecko) Chrome/114.0.0.0 Safari/537.36 Edg/114.0.1823.43"
47.82.60.30 - - [05/Jul/2025:11:51:43 -0400] "GET /ar/ HTTP/1.1" 200 10545 "https://first-gulf.com.sa/items/clwtn264/45979?key=tower" "Mozilla/5.0 (Windows NT 10.0; Win64; x64) AppleWebKit/537.36 (KHTML, like Gecko) Chrome/114.0.0.0 Safari/537.36 Edg/114.0.1823.43"
66.249.69.4 - - [05/Jul/2025:11:51:45 -0400] "GET /items/zyhtt15/356?key=shall HTTP/1.1" 200 87098 "-" "Mozilla/5.0 (compatible; Googlebot/2.1; +http://www.google.com/bot.html)"
