66.249.77.138 - - [05/Jul/2025:09:45:43 -0400] "GET /items/021019413.html?srsltid=AfmBOosweMcSQNRuPXCXjjdmBMGdsTqJsz42Nm8sIVWGXY17tgn1 HTTP/1.1" 200 87179 "-" "Mozilla/5.0 (Linux; Android 6.0.1; Nexus 5X Build/MMB29P) AppleWebKit/537.36 (KHTML, like Gecko) Chrome/137.0.7151.103 Mobile Safari/537.36 (compatible; Googlebot/2.1; +http://www.google.com/bot.html)"
20.171.207.230 - - [05/Jul/2025:09:45:43 -0400] "GET /items/zltdw85/33422?key=self-esteem HTTP/1.1" 302 0 "-" "Mozilla/5.0 AppleWebKit/537.36 (KHTML, like Gecko; compatible; GPTBot/1.2; +https://openai.com/gptbot)"
20.171.207.230 - - [05/Jul/2025:09:45:44 -0400] "GET /ar/ HTTP/1.1" 200 10545 "-" "Mozilla/5.0 AppleWebKit/537.36 (KHTML, like Gecko; compatible; GPTBot/1.2; +https://openai.com/gptbot)"
20.171.207.230 - - [05/Jul/2025:09:45:48 -0400] "GET /items/ctlyc290/29075?key=law HTTP/1.1" 302 0 "-" "Mozilla/5.0 AppleWebKit/537.36 (KHTML, like Gecko; compatible; GPTBot/1.2; +https://openai.com/gptbot)"
20.171.207.230 - - [05/Jul/2025:09:45:48 -0400] "GET /ar/ HTTP/1.1" 200 10545 "-" "Mozilla/5.0 AppleWebKit/537.36 (KHTML, like Gecko; compatible; GPTBot/1.2; +https://openai.com/gptbot)"
20.171.207.230 - - [05/Jul/2025:09:45:49 -0400] "GET /items/yyhbq292/46317?key=key HTTP/1.1" 302 0 "-" "Mozilla/5.0 AppleWebKit/537.36 (KHTML, like Gecko; compatible; GPTBot/1.2; +https://openai.com/gptbot)"
66.249.77.138 - - [05/Jul/2025:09:45:51 -0400] "GET /items/vmaco172/41419?key=hunger HTTP/1.1" 200 87304 "-" "Mozilla/5.0 (Linux; Android 6.0.1; Nexus 5X Build/MMB29P) AppleWebKit/537.36 (KHTML, like Gecko) Chrome/137.0.7151.103 Mobile Safari/537.36 (compatible; GoogleOther)"
20.171.207.230 - - [05/Jul/2025:09:45:50 -0400] "GET /ar/ HTTP/1.1" 200 10545 "-" "Mozilla/5.0 AppleWebKit/537.36 (KHTML, like Gecko; compatible; GPTBot/1.2; +https://openai.com/gptbot)"
20.171.207.230 - - [05/Jul/2025:09:45:54 -0400] "GET /items/bbaym179/21204?key=key HTTP/1.1" 302 0 "-" "Mozilla/5.0 AppleWebKit/537.36 (KHTML, like Gecko; compatible; GPTBot/1.2; +https://openai.com/gptbot)"
20.171.207.230 - - [05/Jul/2025:09:45:54 -0400] "GET /ar/ HTTP/1.1" 200 10545 "-" "Mozilla/5.0 AppleWebKit/537.36 (KHTML, like Gecko; compatible; GPTBot/1.2; +https://openai.com/gptbot)"
66.249.77.137 - - [05/Jul/2025:09:46:12 -0400] "GET /items/254003672.html?srsltid=AfmBOoarwfZMjHxCmAuBLG67DudCwfYUhS9cSU11KsG4RrAX1QyN HTTP/1.1" 200 87405 "-" "Mozilla/5.0 (Linux; Android 6.0.1; Nexus 5X Build/MMB29P) AppleWebKit/537.36 (KHTML, like Gecko) Chrome/137.0.7151.103 Mobile Safari/537.36 (compatible; Googlebot/2.1; +http://www.google.com/bot.html)"
66.249.91.2 - - [05/Jul/2025:09:46:24 -0400] "GET /category/3754_5789/1 HTTP/1.1" 200 17 "-" "Mozilla/5.0 (Linux; Android 6.0.1; Nexus 5X Build/MMB29P) AppleWebKit/537.36 (KHTML, like Gecko) Chrome/137.0.7151.103 Mobile Safari/537.36 (compatible; AdsBot-Google-Mobile; +http://www.google.com/mobile/adsbot.html)"
66.29.146.47 - - [05/Jul/2025:09:46:35 -0400] "POST /wp-cron.php?doing_wp_cron=1751723195.5384330749511718750000 HTTP/1.1" 403 1242 "-" "WordPress/6.8; https://first-gulf.com.sa"
20.171.207.230 - - [05/Jul/2025:09:46:35 -0400] "GET /items/jrpsx247/46934?key=key HTTP/1.1" 302 0 "-" "Mozilla/5.0 AppleWebKit/537.36 (KHTML, like Gecko; compatible; GPTBot/1.2; +https://openai.com/gptbot)"
66.29.146.47 - - [05/Jul/2025:09:46:36 -0400] "POST /ar/wp-cron.php?doing_wp_cron=1751723196.2656090259552001953125 HTTP/1.1" 200 0 "-" "WordPress/6.8; https://first-gulf.com.sa/ar"
20.171.207.230 - - [05/Jul/2025:09:46:36 -0400] "GET /ar/ HTTP/1.1" 200 10545 "-" "Mozilla/5.0 AppleWebKit/537.36 (KHTML, like Gecko; compatible; GPTBot/1.2; +https://openai.com/gptbot)"
20.171.207.230 - - [05/Jul/2025:09:46:39 -0400] "GET /items/itklj199/30828?key=rid HTTP/1.1" 302 0 "-" "Mozilla/5.0 AppleWebKit/537.36 (KHTML, like Gecko; compatible; GPTBot/1.2; +https://openai.com/gptbot)"
20.171.207.230 - - [05/Jul/2025:09:46:40 -0400] "GET /ar/ HTTP/1.1" 200 10545 "-" "Mozilla/5.0 AppleWebKit/537.36 (KHTML, like Gecko; compatible; GPTBot/1.2; +https://openai.com/gptbot)"
20.171.207.230 - - [05/Jul/2025:09:46:42 -0400] "GET /items/itgko244/41601?key=cab HTTP/1.1" 302 0 "-" "Mozilla/5.0 AppleWebKit/537.36 (KHTML, like Gecko; compatible; GPTBot/1.2; +https://openai.com/gptbot)"
66.249.77.137 - - [05/Jul/2025:09:46:42 -0400] "GET /items/081010903.html?srsltid=AfmBOokweHwvJZkofmfWb5PQRZBpILxLKJgEa6iKAe4574qaNBEH HTTP/1.1" 200 87333 "-" "Mozilla/5.0 (Linux; Android 6.0.1; Nexus 5X Build/MMB29P) AppleWebKit/537.36 (KHTML, like Gecko) Chrome/137.0.7151.103 Mobile Safari/537.36 (compatible; Googlebot/2.1; +http://www.google.com/bot.html)"
47.82.60.3 - - [05/Jul/2025:09:46:43 -0400] "GET /items/gylzt56/15267?key=absence HTTP/1.1" 302 0 "https://first-gulf.com.sa/items/gylzt56/15267?key=absence" "Mozilla/5.0 (Windows NT 10.0; Win64; x64) AppleWebKit/537.36 (KHTML, like Gecko) Chrome/114.0.0.0 Safari/537.36 Edg/114.0.1823.43"
66.249.69.1 - - [05/Jul/2025:09:46:43 -0400] "GET /items/hbfqu70/531?key=treat HTTP/1.1" 200 86955 "-" "Mozilla/5.0 (Linux; Android 6.0.1; Nexus 5X Build/MMB29P) AppleWebKit/537.36 (KHTML, like Gecko) Chrome/137.0.7151.103 Mobile Safari/537.36 (compatible; Googlebot/2.1; +http://www.google.com/bot.html)"
20.171.207.230 - - [05/Jul/2025:09:46:42 -0400] "GET /ar/ HTTP/1.1" 200 10547 "-" "Mozilla/5.0 AppleWebKit/537.36 (KHTML, like Gecko; compatible; GPTBot/1.2; +https://openai.com/gptbot)"
20.171.207.230 - - [05/Jul/2025:09:46:44 -0400] "GET /items/twhaz261/26168?key=art HTTP/1.1" 302 0 "-" "Mozilla/5.0 AppleWebKit/537.36 (KHTML, like Gecko; compatible; GPTBot/1.2; +https://openai.com/gptbot)"
66.249.77.138 - - [05/Jul/2025:09:46:45 -0400] "GET /items/gfszr228/38597?key=coat HTTP/1.1" 200 87341 "-" "Mozilla/5.0 (compatible; Googlebot/2.1; +http://www.google.com/bot.html)"
47.82.60.3 - - [05/Jul/2025:09:46:43 -0400] "GET /ar/ HTTP/1.1" 200 10545 "https://first-gulf.com.sa/items/gylzt56/15267?key=absence" "Mozilla/5.0 (Windows NT 10.0; Win64; x64) AppleWebKit/537.36 (KHTML, like Gecko) Chrome/114.0.0.0 Safari/537.36 Edg/114.0.1823.43"
20.171.207.230 - - [05/Jul/2025:09:46:45 -0400] "GET /ar/ HTTP/1.1" 200 10547 "-" "Mozilla/5.0 AppleWebKit/537.36 (KHTML, like Gecko; compatible; GPTBot/1.2; +https://openai.com/gptbot)"
20.171.207.230 - - [05/Jul/2025:09:46:49 -0400] "GET /items/vqgft258/44007?key=vertical HTTP/1.1" 302 0 "-" "Mozilla/5.0 AppleWebKit/537.36 (KHTML, like Gecko; compatible; GPTBot/1.2; +https://openai.com/gptbot)"
20.171.207.230 - - [05/Jul/2025:09:46:49 -0400] "GET /ar/ HTTP/1.1" 200 10547 "-" "Mozilla/5.0 AppleWebKit/537.36 (KHTML, like Gecko; compatible; GPTBot/1.2; +https://openai.com/gptbot)"
20.171.207.230 - - [05/Jul/2025:09:46:51 -0400] "GET /items/vqlgr183/32986?key=shrink HTTP/1.1" 302 0 "-" "Mozilla/5.0 AppleWebKit/537.36 (KHTML, like Gecko; compatible; GPTBot/1.2; +https://openai.com/gptbot)"
20.171.207.230 - - [05/Jul/2025:09:46:51 -0400] "GET /ar/ HTTP/1.1" 200 10545 "-" "Mozilla/5.0 AppleWebKit/537.36 (KHTML, like Gecko; compatible; GPTBot/1.2; +https://openai.com/gptbot)"
20.171.207.230 - - [05/Jul/2025:09:46:53 -0400] "GET /items/eqchz265/35678?key=addition HTTP/1.1" 302 0 "-" "Mozilla/5.0 AppleWebKit/537.36 (KHTML, like Gecko; compatible; GPTBot/1.2; +https://openai.com/gptbot)"
20.171.207.230 - - [05/Jul/2025:09:46:54 -0400] "GET /ar/ HTTP/1.1" 200 10545 "-" "Mozilla/5.0 AppleWebKit/537.36 (KHTML, like Gecko; compatible; GPTBot/1.2; +https://openai.com/gptbot)"
20.171.207.230 - - [05/Jul/2025:09:46:58 -0400] "GET /items/oieux278/35749?key=tribal HTTP/1.1" 302 0 "-" "Mozilla/5.0 AppleWebKit/537.36 (KHTML, like Gecko; compatible; GPTBot/1.2; +https://openai.com/gptbot)"
20.171.207.230 - - [05/Jul/2025:09:46:59 -0400] "GET /ar/ HTTP/1.1" 200 10545 "-" "Mozilla/5.0 AppleWebKit/537.36 (KHTML, like Gecko; compatible; GPTBot/1.2; +https://openai.com/gptbot)"
20.171.207.230 - - [05/Jul/2025:09:47:02 -0400] "GET /items/orgdf174/12865?key=describe HTTP/1.1" 302 0 "-" "Mozilla/5.0 AppleWebKit/537.36 (KHTML, like Gecko; compatible; GPTBot/1.2; +https://openai.com/gptbot)"
20.171.207.230 - - [05/Jul/2025:09:47:02 -0400] "GET /ar/ HTTP/1.1" 200 10545 "-" "Mozilla/5.0 AppleWebKit/537.36 (KHTML, like Gecko; compatible; GPTBot/1.2; +https://openai.com/gptbot)"
20.171.207.230 - - [05/Jul/2025:09:47:06 -0400] "GET /items/vulqv104/37865?key=access HTTP/1.1" 302 0 "-" "Mozilla/5.0 AppleWebKit/537.36 (KHTML, like Gecko; compatible; GPTBot/1.2; +https://openai.com/gptbot)"
20.171.207.230 - - [05/Jul/2025:09:47:06 -0400] "GET /ar/ HTTP/1.1" 200 10545 "-" "Mozilla/5.0 AppleWebKit/537.36 (KHTML, like Gecko; compatible; GPTBot/1.2; +https://openai.com/gptbot)"
51.68.236.114 - - [05/Jul/2025:09:47:11 -0400] "GET / HTTP/1.1" 301 0 "-" "Mozilla/5.0 (compatible; MJ12bot/v2.0.2; http://mj12bot.com/)"
66.249.77.138 - - [05/Jul/2025:09:47:13 -0400] "GET /items/045027599.html?srsltid=AfmBOorqvfsisLZaVNgw7L7qTgYHBrVcHWlYzTTeKrWEAIqm8BWv HTTP/1.1" 200 87941 "-" "Mozilla/5.0 (Linux; Android 6.0.1; Nexus 5X Build/MMB29P) AppleWebKit/537.36 (KHTML, like Gecko) Chrome/137.0.7151.103 Mobile Safari/537.36 (compatible; Googlebot/2.1; +http://www.google.com/bot.html)"
66.249.77.138 - - [05/Jul/2025:09:47:21 -0400] "GET /pcmypage?callback=product/review/videkin-paaw-he20w HTTP/1.1" 200 88035 "-" "Mozilla/5.0 (Linux; Android 6.0.1; Nexus 5X Build/MMB29P) AppleWebKit/537.36 (KHTML, like Gecko) Chrome/137.0.7151.103 Mobile Safari/537.36 (compatible; Googlebot/2.1; +http://www.google.com/bot.html)"
66.29.146.47 - - [05/Jul/2025:09:47:40 -0400] "POST /wp-cron.php?doing_wp_cron=1751723260.4341919422149658203125 HTTP/1.1" 403 1242 "-" "WordPress/6.8; https://first-gulf.com.sa"
47.82.60.10 - - [05/Jul/2025:09:47:39 -0400] "GET /pcmypage?callback=product/detail/dj-760498 HTTP/1.1" 301 0 "https://www.first-gulf.com.sa/pcmypage?callback=product%2Fdetail%2Fdj-760498" "Mozilla/5.0 (Windows NT 10.0; Win64; x64) AppleWebKit/537.36 (KHTML, like Gecko) Chrome/114.0.0.0 Safari/537.36 Edg/114.0.1823.43"
47.82.60.10 - - [05/Jul/2025:09:47:41 -0400] "GET /pcmypage?callback=product/detail/dj-760498 HTTP/1.1" 302 0 "https://www.first-gulf.com.sa/pcmypage?callback=product%2Fdetail%2Fdj-760498" "Mozilla/5.0 (Windows NT 10.0; Win64; x64) AppleWebKit/537.36 (KHTML, like Gecko) Chrome/114.0.0.0 Safari/537.36 Edg/114.0.1823.43"
66.249.77.137 - - [05/Jul/2025:09:47:43 -0400] "GET /pcmypage?callback=product/review/hcvalor-eshop-trusco-4919430 HTTP/1.1" 200 86883 "-" "Mozilla/5.0 (Linux; Android 6.0.1; Nexus 5X Build/MMB29P) AppleWebKit/537.36 (KHTML, like Gecko) Chrome/137.0.7151.103 Mobile Safari/537.36 (compatible; Googlebot/2.1; +http://www.google.com/bot.html)"
20.171.207.230 - - [05/Jul/2025:09:47:50 -0400] "GET /items/lwmgk284/43211?key=suburban HTTP/1.1" 302 0 "-" "Mozilla/5.0 AppleWebKit/537.36 (KHTML, like Gecko; compatible; GPTBot/1.2; +https://openai.com/gptbot)"
66.29.146.47 - - [05/Jul/2025:09:47:51 -0400] "POST /ar/wp-cron.php?doing_wp_cron=1751723271.1342940330505371093750 HTTP/1.1" 200 0 "-" "WordPress/6.8; https://first-gulf.com.sa/ar"
20.171.207.230 - - [05/Jul/2025:09:47:50 -0400] "GET /ar/ HTTP/1.1" 200 10545 "-" "Mozilla/5.0 AppleWebKit/537.36 (KHTML, like Gecko; compatible; GPTBot/1.2; +https://openai.com/gptbot)"
20.171.207.230 - - [05/Jul/2025:09:47:56 -0400] "GET /items/lvywq217/24280?key=spending HTTP/1.1" 302 0 "-" "Mozilla/5.0 AppleWebKit/537.36 (KHTML, like Gecko; compatible; GPTBot/1.2; +https://openai.com/gptbot)"
66.249.77.137 - - [05/Jul/2025:09:47:56 -0400] "GET /items/107016705.html?srsltid=AfmBOohcbmyApMnWWPSmdXYSCZBNYYiMO7p0OQRKS373V0bWGq4B HTTP/1.1" 200 87395 "-" "Mozilla/5.0 (Linux; Android 6.0.1; Nexus 5X Build/MMB29P) AppleWebKit/537.36 (KHTML, like Gecko) Chrome/137.0.7151.103 Mobile Safari/537.36 (compatible; GoogleOther)"
20.171.207.230 - - [05/Jul/2025:09:47:57 -0400] "GET /ar/ HTTP/1.1" 200 10545 "-" "Mozilla/5.0 AppleWebKit/537.36 (KHTML, like Gecko; compatible; GPTBot/1.2; +https://openai.com/gptbot)"
20.171.207.230 - - [05/Jul/2025:09:48:01 -0400] "GET /items/wsfeu215/17540?key=prohibit HTTP/1.1" 302 0 "-" "Mozilla/5.0 AppleWebKit/537.36 (KHTML, like Gecko; compatible; GPTBot/1.2; +https://openai.com/gptbot)"
47.82.60.63 - - [05/Jul/2025:09:48:02 -0400] "GET /items/vbyvt88/189?key=fall HTTP/1.1" 302 0 "https://first-gulf.com.sa/items/vbyvt88/189?key=fall" "Mozilla/5.0 (Windows NT 10.0; Win64; x64) AppleWebKit/537.36 (KHTML, like Gecko) Chrome/114.0.0.0 Safari/537.36 Edg/114.0.1823.43"
20.171.207.230 - - [05/Jul/2025:09:48:01 -0400] "GET /ar/ HTTP/1.1" 200 10545 "-" "Mozilla/5.0 AppleWebKit/537.36 (KHTML, like Gecko; compatible; GPTBot/1.2; +https://openai.com/gptbot)"
20.171.207.230 - - [05/Jul/2025:09:48:05 -0400] "GET /items/sndpt280/47273?key=forbid HTTP/1.1" 302 0 "-" "Mozilla/5.0 AppleWebKit/537.36 (KHTML, like Gecko; compatible; GPTBot/1.2; +https://openai.com/gptbot)"
47.82.60.63 - - [05/Jul/2025:09:48:03 -0400] "GET /ar/ HTTP/1.1" 200 10545 "https://first-gulf.com.sa/items/vbyvt88/189?key=fall" "Mozilla/5.0 (Windows NT 10.0; Win64; x64) AppleWebKit/537.36 (KHTML, like Gecko) Chrome/114.0.0.0 Safari/537.36 Edg/114.0.1823.43"
66.249.77.139 - - [05/Jul/2025:09:48:06 -0400] "GET /items/hmhyw196/3741?key=chip HTTP/1.1" 200 87670 "-" "Mozilla/5.0 (Linux; Android 6.0.1; Nexus 5X Build/MMB29P) AppleWebKit/537.36 (KHTML, like Gecko) Chrome/137.0.7151.119 Mobile Safari/537.36 (compatible; Googlebot/2.1; +http://www.google.com/bot.html)"
20.171.207.230 - - [05/Jul/2025:09:48:05 -0400] "GET /ar/ HTTP/1.1" 200 10545 "-" "Mozilla/5.0 AppleWebKit/537.36 (KHTML, like Gecko; compatible; GPTBot/1.2; +https://openai.com/gptbot)"
66.249.77.137 - - [05/Jul/2025:09:48:07 -0400] "GET /items/eylyq4/26245?key=avoid HTTP/1.1" 200 88185 "-" "Mozilla/5.0 (Linux; Android 6.0.1; Nexus 5X Build/MMB29P) AppleWebKit/537.36 (KHTML, like Gecko) Chrome/137.0.7151.103 Mobile Safari/537.36 (compatible; GoogleOther)"
20.171.207.230 - - [05/Jul/2025:09:48:08 -0400] "GET /items/cpmrj164/36537?key=division HTTP/1.1" 302 0 "-" "Mozilla/5.0 AppleWebKit/537.36 (KHTML, like Gecko; compatible; GPTBot/1.2; +https://openai.com/gptbot)"
66.249.77.137 - - [05/Jul/2025:09:48:09 -0400] "GET /items/ufxxa15/234?key=brief HTTP/1.1" 200 87688 "-" "Mozilla/5.0 (Linux; Android 6.0.1; Nexus 5X Build/MMB29P) AppleWebKit/537.36 (KHTML, like Gecko) Chrome/137.0.7151.119 Mobile Safari/537.36 (compatible; Googlebot/2.1; +http://www.google.com/bot.html)"
66.249.77.137 - - [05/Jul/2025:09:48:11 -0400] "GET /items/grzte123/11190?key=feminist HTTP/1.1" 200 88614 "-" "Mozilla/5.0 (Linux; Android 6.0.1; Nexus 5X Build/MMB29P) AppleWebKit/537.36 (KHTML, like Gecko) Chrome/137.0.7151.119 Mobile Safari/537.36 (compatible; Googlebot/2.1; +http://www.google.com/bot.html)"
20.171.207.230 - - [05/Jul/2025:09:48:09 -0400] "GET /ar/ HTTP/1.1" 200 10545 "-" "Mozilla/5.0 AppleWebKit/537.36 (KHTML, like Gecko; compatible; GPTBot/1.2; +https://openai.com/gptbot)"
20.171.207.230 - - [05/Jul/2025:09:48:13 -0400] "GET /items/ryhix172/34609?key=mainly HTTP/1.1" 302 0 "-" "Mozilla/5.0 AppleWebKit/537.36 (KHTML, like Gecko; compatible; GPTBot/1.2; +https://openai.com/gptbot)"
47.82.60.63 - - [05/Jul/2025:09:48:13 -0400] "GET /items/ehzzs51/460?key=overcome HTTP/1.1" 302 0 "https://first-gulf.com.sa/items/ehzzs51/460?key=overcome" "Mozilla/5.0 (Windows NT 10.0; Win64; x64) AppleWebKit/537.36 (KHTML, like Gecko) Chrome/114.0.0.0 Safari/537.36 Edg/114.0.1823.43"
66.249.77.137 - - [05/Jul/2025:09:48:14 -0400] "GET /items/109017801.html?srsltid=AfmBOohjsXcRogBAPsssdQoDAtmzsYyys0srWPkEQws2f3e6AxVi HTTP/1.1" 200 88528 "-" "Mozilla/5.0 (Linux; Android 6.0.1; Nexus 5X Build/MMB29P) AppleWebKit/537.36 (KHTML, like Gecko) Chrome/137.0.7151.103 Mobile Safari/537.36 (compatible; Googlebot/2.1; +http://www.google.com/bot.html)"
47.82.60.63 - - [05/Jul/2025:09:48:14 -0400] "GET /ar/ HTTP/1.1" 200 10545 "https://first-gulf.com.sa/items/ehzzs51/460?key=overcome" "Mozilla/5.0 (Windows NT 10.0; Win64; x64) AppleWebKit/537.36 (KHTML, like Gecko) Chrome/114.0.0.0 Safari/537.36 Edg/114.0.1823.43"
20.171.207.230 - - [05/Jul/2025:09:48:14 -0400] "GET /ar/ HTTP/1.1" 200 10545 "-" "Mozilla/5.0 AppleWebKit/537.36 (KHTML, like Gecko; compatible; GPTBot/1.2; +https://openai.com/gptbot)"
20.171.207.230 - - [05/Jul/2025:09:48:16 -0400] "GET /items/sqfhw277/18090?key=shortage HTTP/1.1" 302 0 "-" "Mozilla/5.0 AppleWebKit/537.36 (KHTML, like Gecko; compatible; GPTBot/1.2; +https://openai.com/gptbot)"
20.171.207.230 - - [05/Jul/2025:09:48:17 -0400] "GET /ar/ HTTP/1.1" 200 10545 "-" "Mozilla/5.0 AppleWebKit/537.36 (KHTML, like Gecko; compatible; GPTBot/1.2; +https://openai.com/gptbot)"
20.171.207.230 - - [05/Jul/2025:09:48:19 -0400] "GET /items/cshqz181/45880?key=garden HTTP/1.1" 302 0 "-" "Mozilla/5.0 AppleWebKit/537.36 (KHTML, like Gecko; compatible; GPTBot/1.2; +https://openai.com/gptbot)"
20.171.207.230 - - [05/Jul/2025:09:48:20 -0400] "GET /ar/ HTTP/1.1" 200 10545 "-" "Mozilla/5.0 AppleWebKit/537.36 (KHTML, like Gecko; compatible; GPTBot/1.2; +https://openai.com/gptbot)"
66.249.77.138 - - [05/Jul/2025:09:48:34 -0400] "GET /items/199004335.html?srsltid=AfmBOobvuuXAvSnvgmrtZtE7IAHXAeWg9UvmGCbGTi4OV1AfQQHV HTTP/1.1" 200 87953 "-" "Mozilla/5.0 (compatible; Googlebot/2.1; +http://www.google.com/bot.html)"
66.249.77.130 - - [05/Jul/2025:09:48:43 -0400] "GET /items/065049785.html?srsltid=AfmBOotdpvupfwvlqsQdn7ToJngLjWUA500PtoUUrz1q3GqVdqxk HTTP/1.1" 200 87399 "-" "Mozilla/5.0 (Linux; Android 6.0.1; Nexus 5X Build/MMB29P) AppleWebKit/537.36 (KHTML, like Gecko) Chrome/137.0.7151.103 Mobile Safari/537.36 (compatible; Googlebot/2.1; +http://www.google.com/bot.html)"
66.249.69.14 - - [05/Jul/2025:09:48:46 -0400] "GET /search.php?239lzq35794.html HTTP/1.1" 200 87882 "-" "Mozilla/5.0 (compatible; Googlebot/2.1; +http://www.google.com/bot.html)"
66.249.69.1 - - [05/Jul/2025:09:48:56 -0400] "GET /pcmypage?callback=product%2Fdetail%2Ftorii-10010299 HTTP/1.1" 200 87180 "-" "Mozilla/5.0 (Linux; Android 6.0.1; Nexus 5X Build/MMB29P) AppleWebKit/537.36 (KHTML, like Gecko) Chrome/137.0.7151.103 Mobile Safari/537.36 (compatible; Googlebot/2.1; +http://www.google.com/bot.html)"
66.249.77.130 - - [05/Jul/2025:09:49:13 -0400] "GET /items/buvot16/28215?key=planning HTTP/1.1" 200 87141 "-" "Mozilla/5.0 (Linux; Android 6.0.1; Nexus 5X Build/MMB29P) AppleWebKit/537.36 (KHTML, like Gecko) Chrome/137.0.7151.103 Mobile Safari/537.36 (compatible; Googlebot/2.1; +http://www.google.com/bot.html)"
66.29.146.47 - - [05/Jul/2025:09:49:16 -0400] "POST /wp-cron.php?doing_wp_cron=1751723356.3413300514221191406250 HTTP/1.1" 403 1242 "-" "WordPress/6.8; https://first-gulf.com.sa"
20.171.207.230 - - [05/Jul/2025:09:49:15 -0400] "GET /items/kqivh108/21565?key=strong HTTP/1.1" 302 0 "-" "Mozilla/5.0 AppleWebKit/537.36 (KHTML, like Gecko; compatible; GPTBot/1.2; +https://openai.com/gptbot)"
66.249.77.129 - - [05/Jul/2025:09:49:15 -0400] "GET /items/pmqxi166/12447?key=devote HTTP/1.1" 200 88135 "-" "Mozilla/5.0 (Linux; Android 6.0.1; Nexus 5X Build/MMB29P) AppleWebKit/537.36 (KHTML, like Gecko) Chrome/137.0.7151.103 Mobile Safari/537.36 (compatible; Googlebot/2.1; +http://www.google.com/bot.html)"
66.29.146.47 - - [05/Jul/2025:09:49:17 -0400] "POST /ar/wp-cron.php?doing_wp_cron=1751723357.4611248970031738281250 HTTP/1.1" 200 0 "-" "WordPress/6.8; https://first-gulf.com.sa/ar"
20.171.207.230 - - [05/Jul/2025:09:49:17 -0400] "GET /ar/ HTTP/1.1" 200 10545 "-" "Mozilla/5.0 AppleWebKit/537.36 (KHTML, like Gecko; compatible; GPTBot/1.2; +https://openai.com/gptbot)"
20.171.207.230 - - [05/Jul/2025:09:49:22 -0400] "GET /items/pfcxb169/14134?key=consumer HTTP/1.1" 302 0 "-" "Mozilla/5.0 AppleWebKit/537.36 (KHTML, like Gecko; compatible; GPTBot/1.2; +https://openai.com/gptbot)"
20.171.207.230 - - [05/Jul/2025:09:49:23 -0400] "GET /ar/ HTTP/1.1" 200 10545 "-" "Mozilla/5.0 AppleWebKit/537.36 (KHTML, like Gecko; compatible; GPTBot/1.2; +https://openai.com/gptbot)"
47.82.60.17 - - [05/Jul/2025:09:49:27 -0400] "GET /items/qwnnn131/46244?key=blue HTTP/1.1" 302 0 "https://first-gulf.com.sa/items/qwnnn131/46244?key=blue" "Mozilla/5.0 (Windows NT 10.0; Win64; x64) AppleWebKit/537.36 (KHTML, like Gecko) Chrome/114.0.0.0 Safari/537.36 Edg/114.0.1823.43"
20.171.207.230 - - [05/Jul/2025:09:49:27 -0400] "GET /items/wbfbq188/47057?key=decision HTTP/1.1" 302 0 "-" "Mozilla/5.0 AppleWebKit/537.36 (KHTML, like Gecko; compatible; GPTBot/1.2; +https://openai.com/gptbot)"
20.171.207.230 - - [05/Jul/2025:09:49:28 -0400] "GET /ar/ HTTP/1.1" 200 10545 "-" "Mozilla/5.0 AppleWebKit/537.36 (KHTML, like Gecko; compatible; GPTBot/1.2; +https://openai.com/gptbot)"
20.171.207.230 - - [05/Jul/2025:09:49:30 -0400] "GET /items/dbgcx256/43277?key=creative HTTP/1.1" 302 0 "-" "Mozilla/5.0 AppleWebKit/537.36 (KHTML, like Gecko; compatible; GPTBot/1.2; +https://openai.com/gptbot)"
47.82.60.17 - - [05/Jul/2025:09:49:28 -0400] "GET /ar/ HTTP/1.1" 200 10545 "https://first-gulf.com.sa/items/qwnnn131/46244?key=blue" "Mozilla/5.0 (Windows NT 10.0; Win64; x64) AppleWebKit/537.36 (KHTML, like Gecko) Chrome/114.0.0.0 Safari/537.36 Edg/114.0.1823.43"
20.171.207.230 - - [05/Jul/2025:09:49:30 -0400] "GET /ar/ HTTP/1.1" 200 10545 "-" "Mozilla/5.0 AppleWebKit/537.36 (KHTML, like Gecko; compatible; GPTBot/1.2; +https://openai.com/gptbot)"
20.171.207.230 - - [05/Jul/2025:09:49:33 -0400] "GET /items/lktwo297/17518?key=audience HTTP/1.1" 302 0 "-" "Mozilla/5.0 AppleWebKit/537.36 (KHTML, like Gecko; compatible; GPTBot/1.2; +https://openai.com/gptbot)"
20.171.207.230 - - [05/Jul/2025:09:49:33 -0400] "GET /ar/ HTTP/1.1" 200 10545 "-" "Mozilla/5.0 AppleWebKit/537.36 (KHTML, like Gecko; compatible; GPTBot/1.2; +https://openai.com/gptbot)"
20.171.207.230 - - [05/Jul/2025:09:49:36 -0400] "GET /items/nugdw177/19786?key=festival HTTP/1.1" 302 0 "-" "Mozilla/5.0 AppleWebKit/537.36 (KHTML, like Gecko; compatible; GPTBot/1.2; +https://openai.com/gptbot)"
20.171.207.230 - - [05/Jul/2025:09:49:37 -0400] "GET /ar/ HTTP/1.1" 200 10545 "-" "Mozilla/5.0 AppleWebKit/537.36 (KHTML, like Gecko; compatible; GPTBot/1.2; +https://openai.com/gptbot)"
20.171.207.230 - - [05/Jul/2025:09:49:39 -0400] "GET /items/mfbad142/59371?key=perceive HTTP/1.1" 302 0 "-" "Mozilla/5.0 AppleWebKit/537.36 (KHTML, like Gecko; compatible; GPTBot/1.2; +https://openai.com/gptbot)"
20.171.207.230 - - [05/Jul/2025:09:49:39 -0400] "GET /ar/ HTTP/1.1" 200 10547 "-" "Mozilla/5.0 AppleWebKit/537.36 (KHTML, like Gecko; compatible; GPTBot/1.2; +https://openai.com/gptbot)"
20.171.207.230 - - [05/Jul/2025:09:49:43 -0400] "GET /items/efmxa183/14906?key=yourself HTTP/1.1" 302 0 "-" "Mozilla/5.0 AppleWebKit/537.36 (KHTML, like Gecko; compatible; GPTBot/1.2; +https://openai.com/gptbot)"
20.171.207.230 - - [05/Jul/2025:09:49:43 -0400] "GET /ar/ HTTP/1.1" 200 10545 "-" "Mozilla/5.0 AppleWebKit/537.36 (KHTML, like Gecko; compatible; GPTBot/1.2; +https://openai.com/gptbot)"
20.171.207.230 - - [05/Jul/2025:09:49:46 -0400] "GET /items/zhbah137/25234?key=global HTTP/1.1" 302 0 "-" "Mozilla/5.0 AppleWebKit/537.36 (KHTML, like Gecko; compatible; GPTBot/1.2; +https://openai.com/gptbot)"
66.249.77.130 - - [05/Jul/2025:09:49:46 -0400] "GET /items/223018191.html?srsltid=AfmBOoxxrMaCjFYyjcfEpTsqDwUoQwESawhS10xhJcuKF3JT9FPD HTTP/1.1" 200 87612 "-" "Mozilla/5.0 (Linux; Android 6.0.1; Nexus 5X Build/MMB29P) AppleWebKit/537.36 (KHTML, like Gecko) Chrome/137.0.7151.103 Mobile Safari/537.36 (compatible; Googlebot/2.1; +http://www.google.com/bot.html)"
66.249.77.130 - - [05/Jul/2025:09:49:47 -0400] "GET /items/wztnm17/35610?key=recommendation HTTP/1.1" 200 87057 "-" "Mozilla/5.0 (Linux; Android 6.0.1; Nexus 5X Build/MMB29P) AppleWebKit/537.36 (KHTML, like Gecko) Chrome/137.0.7151.103 Mobile Safari/537.36 (compatible; Googlebot/2.1; +http://www.google.com/bot.html)"
20.171.207.230 - - [05/Jul/2025:09:49:46 -0400] "GET /ar/ HTTP/1.1" 200 10545 "-" "Mozilla/5.0 AppleWebKit/537.36 (KHTML, like Gecko; compatible; GPTBot/1.2; +https://openai.com/gptbot)"
20.171.207.230 - - [05/Jul/2025:09:49:49 -0400] "GET /items/klugb245/49656?key=physical HTTP/1.1" 302 0 "-" "Mozilla/5.0 AppleWebKit/537.36 (KHTML, like Gecko; compatible; GPTBot/1.2; +https://openai.com/gptbot)"
20.171.207.230 - - [05/Jul/2025:09:49:50 -0400] "GET /ar/ HTTP/1.1" 200 10545 "-" "Mozilla/5.0 AppleWebKit/537.36 (KHTML, like Gecko; compatible; GPTBot/1.2; +https://openai.com/gptbot)"
66.249.77.130 - - [05/Jul/2025:09:49:56 -0400] "GET /items/020033990.html?srsltid=AfmBOowxnXLsisZTnEMPu80VJCWPlobJUAQrOoICy3jCGd2PJ5Cm HTTP/1.1" 200 88402 "-" "Mozilla/5.0 (Linux; Android 6.0.1; Nexus 5X Build/MMB29P) AppleWebKit/537.36 (KHTML, like Gecko) Chrome/137.0.7151.103 Mobile Safari/537.36 (compatible; Googlebot/2.1; +http://www.google.com/bot.html)"
66.249.77.129 - - [05/Jul/2025:09:50:05 -0400] "GET /items/132041970.html?srsltid=AfmBOouxmzqolSNxWrDDJspbBkEeJbyUx3i5heX6SlTvbVthOYVa HTTP/1.1" 200 87514 "-" "Mozilla/5.0 (Linux; Android 6.0.1; Nexus 5X Build/MMB29P) AppleWebKit/537.36 (KHTML, like Gecko) Chrome/137.0.7151.103 Mobile Safari/537.36 (compatible; Googlebot/2.1; +http://www.google.com/bot.html)"
66.249.77.129 - - [05/Jul/2025:09:50:07 -0400] "GET /items/ehepm5/38316?key=consecutive HTTP/1.1" 200 87711 "-" "Mozilla/5.0 (Linux; Android 6.0.1; Nexus 5X Build/MMB29P) AppleWebKit/537.36 (KHTML, like Gecko) Chrome/137.0.7151.119 Mobile Safari/537.36 (compatible; Googlebot/2.1; +http://www.google.com/bot.html)"
66.249.77.130 - - [05/Jul/2025:09:50:14 -0400] "GET /items/oyoyi98/34871?key=cooperation HTTP/1.1" 200 88373 "-" "Mozilla/5.0 (Linux; Android 6.0.1; Nexus 5X Build/MMB29P) AppleWebKit/537.36 (KHTML, like Gecko) Chrome/137.0.7151.103 Mobile Safari/537.36 (compatible; GoogleOther)"
2001:4860:7:807::f5 - - [05/Jul/2025:09:50:24 -0400] "GET /pcmypage?callback=product/review/tuzukiya-g03-20657 HTTP/1.1" 200 135 "https://www.google.com/" "Mozilla/5.0 (Windows NT 10.0; Win64; x64) AppleWebKit/537.36 (KHTML, like Gecko) Chrome/137.0.0.0 Safari/537.36"
66.29.146.47 - - [05/Jul/2025:09:50:25 -0400] "POST /wp-cron.php?doing_wp_cron=1751723425.0553269386291503906250 HTTP/1.1" 403 1242 "-" "WordPress/6.8; https://first-gulf.com.sa"
66.29.146.47 - - [05/Jul/2025:09:50:25 -0400] "POST /wp-cron.php?doing_wp_cron=1751723425.1429359912872314453125 HTTP/1.1" 403 1242 "-" "WordPress/6.8; https://first-gulf.com.sa"
66.249.82.9 - - [05/Jul/2025:09:50:24 -0400] "GET /.well-known/traffic-advice HTTP/1.1" 302 0 "-" "Chrome Privacy Preserving Prefetch Proxy"
66.249.82.7 - - [05/Jul/2025:09:50:24 -0400] "GET /.well-known/traffic-advice HTTP/1.1" 302 0 "-" "Chrome Privacy Preserving Prefetch Proxy"
66.249.77.129 - - [05/Jul/2025:09:50:39 -0400] "GET /items/supkh54/143?key=childhood HTTP/1.1" 200 88417 "-" "Mozilla/5.0 (Linux; Android 6.0.1; Nexus 5X Build/MMB29P) AppleWebKit/537.36 (KHTML, like Gecko) Chrome/137.0.7151.103 Mobile Safari/537.36 (compatible; Googlebot/2.1; +http://www.google.com/bot.html)"
66.249.77.129 - - [05/Jul/2025:09:50:43 -0400] "GET /items/065016225.html?srsltid=AfmBOokmhdDDBGseCrVlnzs9LtdwiqRf2P8VH26VMWiQIOSQOZou HTTP/1.1" 200 87990 "-" "Mozilla/5.0 (compatible; Googlebot/2.1; +http://www.google.com/bot.html)"
20.171.207.230 - - [05/Jul/2025:09:50:59 -0400] "GET /items/wejfv237/43804?key=clinical HTTP/1.1" 302 0 "-" "Mozilla/5.0 AppleWebKit/537.36 (KHTML, like Gecko; compatible; GPTBot/1.2; +https://openai.com/gptbot)"
66.29.146.47 - - [05/Jul/2025:09:51:00 -0400] "POST /ar/wp-cron.php?doing_wp_cron=1751723460.2530169486999511718750 HTTP/1.1" 200 0 "-" "WordPress/6.8; https://first-gulf.com.sa/ar"
20.171.207.230 - - [05/Jul/2025:09:50:59 -0400] "GET /ar/ HTTP/1.1" 200 10545 "-" "Mozilla/5.0 AppleWebKit/537.36 (KHTML, like Gecko; compatible; GPTBot/1.2; +https://openai.com/gptbot)"
20.171.207.230 - - [05/Jul/2025:09:51:06 -0400] "GET /items/xribu109/10584?key=criminal HTTP/1.1" 302 0 "-" "Mozilla/5.0 AppleWebKit/537.36 (KHTML, like Gecko; compatible; GPTBot/1.2; +https://openai.com/gptbot)"
66.249.77.130 - - [05/Jul/2025:09:51:05 -0400] "GET /items/emqap15/242?key=useful HTTP/1.1" 200 86411 "-" "Mozilla/5.0 (Linux; Android 6.0.1; Nexus 5X Build/MMB29P) AppleWebKit/537.36 (KHTML, like Gecko) Chrome/137.0.7151.119 Mobile Safari/537.36 (compatible; Googlebot/2.1; +http://www.google.com/bot.html)"
20.171.207.230 - - [05/Jul/2025:09:51:07 -0400] "GET /ar/ HTTP/1.1" 200 10545 "-" "Mozilla/5.0 AppleWebKit/537.36 (KHTML, like Gecko; compatible; GPTBot/1.2; +https://openai.com/gptbot)"
20.171.207.230 - - [05/Jul/2025:09:51:10 -0400] "GET /items/gzwzw231/38726?key=humanity HTTP/1.1" 302 0 "-" "Mozilla/5.0 AppleWebKit/537.36 (KHTML, like Gecko; compatible; GPTBot/1.2; +https://openai.com/gptbot)"
66.249.77.129 - - [05/Jul/2025:09:51:10 -0400] "GET /items/148038082.html?srsltid=AfmBOoafscdvsJAAXgMU80m7RsjBBVmkyENImBTJInXy7JRCagwF HTTP/1.1" 200 87858 "-" "Mozilla/5.0 (Linux; Android 6.0.1; Nexus 5X Build/MMB29P) AppleWebKit/537.36 (KHTML, like Gecko) Chrome/137.0.7151.103 Mobile Safari/537.36 (compatible; Googlebot/2.1; +http://www.google.com/bot.html)"
66.249.77.129 - - [05/Jul/2025:09:51:12 -0400] "GET /items/zzvcu300/42329?key=eat HTTP/1.1" 200 87967 "-" "Mozilla/5.0 (Linux; Android 6.0.1; Nexus 5X Build/MMB29P) AppleWebKit/537.36 (KHTML, like Gecko) Chrome/137.0.7151.119 Mobile Safari/537.36 (compatible; Googlebot/2.1; +http://www.google.com/bot.html)"
20.171.207.230 - - [05/Jul/2025:09:51:10 -0400] "GET /ar/ HTTP/1.1" 200 10545 "-" "Mozilla/5.0 AppleWebKit/537.36 (KHTML, like Gecko; compatible; GPTBot/1.2; +https://openai.com/gptbot)"
20.171.207.230 - - [05/Jul/2025:09:51:14 -0400] "GET /items/svwja176/40183?key=electric HTTP/1.1" 302 0 "-" "Mozilla/5.0 AppleWebKit/537.36 (KHTML, like Gecko; compatible; GPTBot/1.2; +https://openai.com/gptbot)"
66.249.77.129 - - [05/Jul/2025:09:51:15 -0400] "GET /items/015042385.html?srsltid=AfmBOoesoOdacIXPKWGSLoByUPQFknpsTsmrb8p9GUfX4ZM3Ptv7 HTTP/1.1" 200 87322 "-" "Mozilla/5.0 (Linux; Android 6.0.1; Nexus 5X Build/MMB29P) AppleWebKit/537.36 (KHTML, like Gecko) Chrome/137.0.7151.103 Mobile Safari/537.36 (compatible; Googlebot/2.1; +http://www.google.com/bot.html)"
20.171.207.230 - - [05/Jul/2025:09:51:15 -0400] "GET /ar/ HTTP/1.1" 200 10545 "-" "Mozilla/5.0 AppleWebKit/537.36 (KHTML, like Gecko; compatible; GPTBot/1.2; +https://openai.com/gptbot)"
20.171.207.230 - - [05/Jul/2025:09:51:17 -0400] "GET /items/oacvr157/13570?key=language HTTP/1.1" 302 0 "-" "Mozilla/5.0 AppleWebKit/537.36 (KHTML, like Gecko; compatible; GPTBot/1.2; +https://openai.com/gptbot)"
20.171.207.230 - - [05/Jul/2025:09:51:18 -0400] "GET /ar/ HTTP/1.1" 200 10545 "-" "Mozilla/5.0 AppleWebKit/537.36 (KHTML, like Gecko; compatible; GPTBot/1.2; +https://openai.com/gptbot)"
20.171.207.230 - - [05/Jul/2025:09:51:22 -0400] "GET /items/obfrs246/32549?key=national HTTP/1.1" 302 0 "-" "Mozilla/5.0 AppleWebKit/537.36 (KHTML, like Gecko; compatible; GPTBot/1.2; +https://openai.com/gptbot)"
20.171.207.230 - - [05/Jul/2025:09:51:23 -0400] "GET /ar/ HTTP/1.1" 200 10545 "-" "Mozilla/5.0 AppleWebKit/537.36 (KHTML, like Gecko; compatible; GPTBot/1.2; +https://openai.com/gptbot)"
66.29.146.47 - - [05/Jul/2025:09:51:29 -0400] "POST /wp-cron.php?doing_wp_cron=1751723488.7467079162597656250000 HTTP/1.1" 403 1242 "-" "WordPress/6.8; https://first-gulf.com.sa"
20.171.207.230 - - [05/Jul/2025:09:51:28 -0400] "GET /items/kpxxg193/10036?key=surround HTTP/1.1" 302 0 "-" "Mozilla/5.0 AppleWebKit/537.36 (KHTML, like Gecko; compatible; GPTBot/1.2; +https://openai.com/gptbot)"
66.249.77.129 - - [05/Jul/2025:09:51:29 -0400] "GET /items/zkaik275/20466?key=basic HTTP/1.1" 200 87262 "-" "Mozilla/5.0 (Linux; Android 6.0.1; Nexus 5X Build/MMB29P) AppleWebKit/537.36 (KHTML, like Gecko) Chrome/137.0.7151.103 Mobile Safari/537.36 (compatible; Googlebot/2.1; +http://www.google.com/bot.html)"
20.171.207.230 - - [05/Jul/2025:09:51:29 -0400] "GET /ar/ HTTP/1.1" 200 10545 "-" "Mozilla/5.0 AppleWebKit/537.36 (KHTML, like Gecko; compatible; GPTBot/1.2; +https://openai.com/gptbot)"
20.171.207.230 - - [05/Jul/2025:09:51:32 -0400] "GET /items/nhxej203/37886?key=shortage HTTP/1.1" 302 0 "-" "Mozilla/5.0 AppleWebKit/537.36 (KHTML, like Gecko; compatible; GPTBot/1.2; +https://openai.com/gptbot)"
47.82.60.24 - - [05/Jul/2025:09:51:32 -0400] "GET /items/zzbih20/22579?key=affect HTTP/1.1" 302 0 "https://first-gulf.com.sa/items/zzbih20/22579?key=affect" "Mozilla/5.0 (Windows NT 10.0; Win64; x64) AppleWebKit/537.36 (KHTML, like Gecko) Chrome/114.0.0.0 Safari/537.36 Edg/114.0.1823.43"
20.171.207.230 - - [05/Jul/2025:09:51:32 -0400] "GET /ar/ HTTP/1.1" 200 10545 "-" "Mozilla/5.0 AppleWebKit/537.36 (KHTML, like Gecko; compatible; GPTBot/1.2; +https://openai.com/gptbot)"
20.171.207.230 - - [05/Jul/2025:09:51:37 -0400] "GET /items/pbkqu185/12606?key=heaven HTTP/1.1" 302 0 "-" "Mozilla/5.0 AppleWebKit/537.36 (KHTML, like Gecko; compatible; GPTBot/1.2; +https://openai.com/gptbot)"
47.82.60.24 - - [05/Jul/2025:09:51:33 -0400] "GET /ar/ HTTP/1.1" 200 10545 "https://first-gulf.com.sa/items/zzbih20/22579?key=affect" "Mozilla/5.0 (Windows NT 10.0; Win64; x64) AppleWebKit/537.36 (KHTML, like Gecko) Chrome/114.0.0.0 Safari/537.36 Edg/114.0.1823.43"
20.171.207.230 - - [05/Jul/2025:09:51:37 -0400] "GET /ar/ HTTP/1.1" 200 10545 "-" "Mozilla/5.0 AppleWebKit/537.36 (KHTML, like Gecko; compatible; GPTBot/1.2; +https://openai.com/gptbot)"
20.171.207.230 - - [05/Jul/2025:09:51:41 -0400] "GET /items/ahgon110/46615?key=conclude HTTP/1.1" 302 0 "-" "Mozilla/5.0 AppleWebKit/537.36 (KHTML, like Gecko; compatible; GPTBot/1.2; +https://openai.com/gptbot)"
20.171.207.230 - - [05/Jul/2025:09:51:41 -0400] "GET /ar/ HTTP/1.1" 200 10545 "-" "Mozilla/5.0 AppleWebKit/537.36 (KHTML, like Gecko; compatible; GPTBot/1.2; +https://openai.com/gptbot)"
47.82.60.12 - - [05/Jul/2025:09:51:48 -0400] "GET /items/bswdz162/5717?key=slow HTTP/1.1" 302 0 "https://first-gulf.com.sa/items/bswdz162/5717?key=slow" "Mozilla/5.0 (Windows NT 10.0; Win64; x64) AppleWebKit/537.36 (KHTML, like Gecko) Chrome/114.0.0.0 Safari/537.36 Edg/114.0.1823.43"
47.82.60.12 - - [05/Jul/2025:09:51:49 -0400] "GET /ar/ HTTP/1.1" 200 10545 "https://first-gulf.com.sa/items/bswdz162/5717?key=slow" "Mozilla/5.0 (Windows NT 10.0; Win64; x64) AppleWebKit/537.36 (KHTML, like Gecko) Chrome/114.0.0.0 Safari/537.36 Edg/114.0.1823.43"
66.249.77.129 - - [05/Jul/2025:09:51:58 -0400] "GET /items/264000130.html?srsltid=AfmBOokfgeKqalQLopGNMLXEQVOkXAwDPI7BwYX9oUJgKlpw9Xkn HTTP/1.1" 200 87695 "-" "Mozilla/5.0 (Linux; Android 6.0.1; Nexus 5X Build/MMB29P) AppleWebKit/537.36 (KHTML, like Gecko) Chrome/137.0.7151.103 Mobile Safari/537.36 (compatible; Googlebot/2.1; +http://www.google.com/bot.html)"
66.249.77.131 - - [05/Jul/2025:09:52:26 -0400] "GET /items/xscfe257/35978?key=early HTTP/1.1" 200 87891 "-" "Mozilla/5.0 (Linux; Android 6.0.1; Nexus 5X Build/MMB29P) AppleWebKit/537.36 (KHTML, like Gecko) Chrome/137.0.7151.103 Mobile Safari/537.36 (compatible; GoogleOther)"
66.249.77.130 - - [05/Jul/2025:09:52:27 -0400] "GET /items/079041973.html?srsltid=AfmBOoomoWzkNZpLZRUg9kjlOzIlwIpbivnr1o7htKQ9wBpXkE5k HTTP/1.1" 200 88024 "-" "Mozilla/5.0 (Linux; Android 6.0.1; Nexus 5X Build/MMB29P) AppleWebKit/537.36 (KHTML, like Gecko) Chrome/137.0.7151.103 Mobile Safari/537.36 (compatible; Googlebot/2.1; +http://www.google.com/bot.html)"
66.249.77.129 - - [05/Jul/2025:09:52:36 -0400] "GET /items/219028221.html?srsltid=AfmBOoetloTQbNHyyMvEq50zSInVTTibG5kmPRoWepXvpFkz9EBG HTTP/1.1" 200 87695 "-" "Mozilla/5.0 (Linux; Android 6.0.1; Nexus 5X Build/MMB29P) AppleWebKit/537.36 (KHTML, like Gecko) Chrome/137.0.7151.103 Mobile Safari/537.36 (compatible; Googlebot/2.1; +http://www.google.com/bot.html)"
66.249.77.130 - - [05/Jul/2025:09:52:38 -0400] "GET /items/jvjxi17/382?key=reward HTTP/1.1" 200 86977 "-" "Mozilla/5.0 (compatible; Googlebot/2.1; +http://www.google.com/bot.html)"
66.249.77.129 - - [05/Jul/2025:09:52:42 -0400] "GET /items/zweyr17/34462?key=stadium HTTP/1.1" 200 87312 "-" "Mozilla/5.0 (Linux; Android 6.0.1; Nexus 5X Build/MMB29P) AppleWebKit/537.36 (KHTML, like Gecko) Chrome/137.0.7151.103 Mobile Safari/537.36 (compatible; Googlebot/2.1; +http://www.google.com/bot.html)"
66.249.77.130 - - [05/Jul/2025:09:52:44 -0400] "GET /items/iediu24/25479?key=rhythm HTTP/1.1" 200 88007 "-" "Mozilla/5.0 (Linux; Android 6.0.1; Nexus 5X Build/MMB29P) AppleWebKit/537.36 (KHTML, like Gecko) Chrome/137.0.7151.103 Mobile Safari/537.36 (compatible; Googlebot/2.1; +http://www.google.com/bot.html)"
66.249.77.130 - - [05/Jul/2025:09:52:45 -0400] "GET /items/bvkiw17/34456?key=left HTTP/1.1" 200 87204 "-" "Mozilla/5.0 (Linux; Android 6.0.1; Nexus 5X Build/MMB29P) AppleWebKit/537.36 (KHTML, like Gecko) Chrome/137.0.7151.103 Mobile Safari/537.36 (compatible; Googlebot/2.1; +http://www.google.com/bot.html)"
66.249.77.129 - - [05/Jul/2025:09:52:47 -0400] "GET /items/iyfrq60/38489?key=immediate HTTP/1.1" 200 88114 "-" "Mozilla/5.0 (Linux; Android 6.0.1; Nexus 5X Build/MMB29P) AppleWebKit/537.36 (KHTML, like Gecko) Chrome/137.0.7151.103 Mobile Safari/537.36 (compatible; Googlebot/2.1; +http://www.google.com/bot.html)"
66.249.77.130 - - [05/Jul/2025:09:52:48 -0400] "GET /?_gl=1*m4rbiq3*_ga*IPXxreNysHzRbgRmbvXJezazssTk*_ga_ZAAAXWNKU*95eYJaM9WNsOKR07nqeR4U40Ov24WdJ34NwfUZd1dklQn1Vm6rHKQNj.*_gcl_au=1.1.199710002.176413525*_gcl_aw=ZZU.178797374.M0w0XGb1zu0rHJVCTKPlE50jVS4ZzSvKy41C92hpEm00DvhEzVbPtmWhRwMe9l6pZ9VBGECDjrvwma5iZ21s8oeQPJ..&_gz=2.198253372.199952653.174843871-867087422.162862374&_bdsid=sjef0d.n~AEVDM.178939685.172701888&_bd_prev_page=https://first-gulf.com.sa/link.php?items/kvglw17/34470?key=calendar HTTP/1.1" 200 87872 "-" "Mozilla/5.0 (Linux; Android 6.0.1; Nexus 5X Build/MMB29P) AppleWebKit/537.36 (KHTML, like Gecko) Chrome/137.0.7151.103 Mobile Safari/537.36 (compatible; Googlebot/2.1; +http://www.google.com/bot.html)"
66.29.146.47 - - [05/Jul/2025:09:52:50 -0400] "POST /wp-cron.php?doing_wp_cron=1751723570.4475169181823730468750 HTTP/1.1" 403 1242 "-" "WordPress/6.8; https://first-gulf.com.sa"
20.171.207.230 - - [05/Jul/2025:09:52:50 -0400] "GET /items/mhbov179/12534?key=midnight HTTP/1.1" 302 0 "-" "Mozilla/5.0 AppleWebKit/537.36 (KHTML, like Gecko; compatible; GPTBot/1.2; +https://openai.com/gptbot)"
47.82.60.82 - - [05/Jul/2025:09:52:50 -0400] "GET /items/qknhs150/34113?key=broker HTTP/1.1" 302 0 "https://first-gulf.com.sa/items/qknhs150/34113?key=broker" "Mozilla/5.0 (Windows NT 10.0; Win64; x64) AppleWebKit/537.36 (KHTML, like Gecko) Chrome/114.0.0.0 Safari/537.36 Edg/114.0.1823.43"
66.249.77.129 - - [05/Jul/2025:09:52:50 -0400] "GET /items/jvjxi17/382?key=town HTTP/1.1" 200 87041 "-" "Mozilla/5.0 (Linux; Android 6.0.1; Nexus 5X Build/MMB29P) AppleWebKit/537.36 (KHTML, like Gecko) Chrome/137.0.7151.103 Mobile Safari/537.36 (compatible; Googlebot/2.1; +http://www.google.com/bot.html)"
66.29.146.47 - - [05/Jul/2025:09:52:51 -0400] "POST /ar/wp-cron.php?doing_wp_cron=1751723571.1616439819335937500000 HTTP/1.1" 200 0 "-" "WordPress/6.8; https://first-gulf.com.sa/ar"
47.82.60.82 - - [05/Jul/2025:09:52:51 -0400] "GET /ar/ HTTP/1.1" 200 10547 "https://first-gulf.com.sa/items/qknhs150/34113?key=broker" "Mozilla/5.0 (Windows NT 10.0; Win64; x64) AppleWebKit/537.36 (KHTML, like Gecko) Chrome/114.0.0.0 Safari/537.36 Edg/114.0.1823.43"
66.249.77.132 - - [05/Jul/2025:09:52:52 -0400] "GET /items/187016981.html?srsltid=AfmBOopbgqZANYFNmYotmqEtXqLJqFLhBBW1bbahaIWS3wuGCdr8 HTTP/1.1" 200 87433 "-" "Mozilla/5.0 (Linux; Android 6.0.1; Nexus 5X Build/MMB29P) AppleWebKit/537.36 (KHTML, like Gecko) Chrome/137.0.7151.103 Mobile Safari/537.36 (compatible; Googlebot/2.1; +http://www.google.com/bot.html)"
20.171.207.230 - - [05/Jul/2025:09:52:50 -0400] "GET /ar/ HTTP/1.1" 200 10545 "-" "Mozilla/5.0 AppleWebKit/537.36 (KHTML, like Gecko; compatible; GPTBot/1.2; +https://openai.com/gptbot)"
66.249.77.130 - - [05/Jul/2025:09:52:53 -0400] "GET /items/qtjtb17/34468?key=weed HTTP/1.1" 200 87557 "-" "Mozilla/5.0 (Linux; Android 6.0.1; Nexus 5X Build/MMB29P) AppleWebKit/537.36 (KHTML, like Gecko) Chrome/137.0.7151.103 Mobile Safari/537.36 (compatible; Googlebot/2.1; +http://www.google.com/bot.html)"
20.171.207.230 - - [05/Jul/2025:09:52:54 -0400] "GET /items/dyhwy158/42201?key=glance HTTP/1.1" 302 0 "-" "Mozilla/5.0 AppleWebKit/537.36 (KHTML, like Gecko; compatible; GPTBot/1.2; +https://openai.com/gptbot)"
66.249.77.130 - - [05/Jul/2025:09:52:55 -0400] "GET /items/061043111.html?srsltid=AfmBOoooibfTihEOPDycz3sbVnsGVxcalmKYFk51GqHvHnYKCNx0 HTTP/1.1" 200 88066 "-" "Mozilla/5.0 (Linux; Android 6.0.1; Nexus 5X Build/MMB29P) AppleWebKit/537.36 (KHTML, like Gecko) Chrome/137.0.7151.103 Mobile Safari/537.36 (compatible; Googlebot/2.1; +http://www.google.com/bot.html)"
66.249.77.129 - - [05/Jul/2025:09:52:56 -0400] "GET /?_gl=1*m4rbiq3*_ga*IPXxreNysHzRbgRmbvXJezazssTk*_ga_ZAAAXWNKU*95eYJaM9WNsOKR07nqeR4U40Ov24WdJ34NwfUZd1dklQn1Vm6rHKQNj.*_gcl_au=1.1.199710002.176413525*_gcl_aw=ZZU.178797374.M0w0XGb1zu0rHJVCTKPlE50jVS4ZzSvKy41C92hpEm00DvhEzVbPtmWhRwMe9l6pZ9VBGECDjrvwma5iZ21s8oeQPJ..&_gz=2.198253372.199952653.174843871-867087422.162862374&_bdsid=sjef0d.n~AEVDM.178939685.172701888&_bd_prev_page=https://first-gulf.com.sa/link.php?items/111031025.html?srsltid=AfmBOorovOVTKaaTyKIxIBO6BHYYBqHuR95kR2V38Yb2GiMTbVS7 HTTP/1.1" 200 87746 "-" "Mozilla/5.0 (Linux; Android 6.0.1; Nexus 5X Build/MMB29P) AppleWebKit/537.36 (KHTML, like Gecko) Chrome/137.0.7151.103 Mobile Safari/537.36 (compatible; Googlebot/2.1; +http://www.google.com/bot.html)"
20.171.207.230 - - [05/Jul/2025:09:52:54 -0400] "GET /ar/ HTTP/1.1" 200 10545 "-" "Mozilla/5.0 AppleWebKit/537.36 (KHTML, like Gecko; compatible; GPTBot/1.2; +https://openai.com/gptbot)"
20.171.207.230 - - [05/Jul/2025:09:52:58 -0400] "GET /items/ckltk163/35290?key=wonder HTTP/1.1" 302 0 "-" "Mozilla/5.0 AppleWebKit/537.36 (KHTML, like Gecko; compatible; GPTBot/1.2; +https://openai.com/gptbot)"
20.171.207.230 - - [05/Jul/2025:09:52:58 -0400] "GET /ar/ HTTP/1.1" 200 10545 "-" "Mozilla/5.0 AppleWebKit/537.36 (KHTML, like Gecko; compatible; GPTBot/1.2; +https://openai.com/gptbot)"
20.171.207.230 - - [05/Jul/2025:09:53:00 -0400] "GET /items/rzvru158/42727?key=always HTTP/1.1" 302 0 "-" "Mozilla/5.0 AppleWebKit/537.36 (KHTML, like Gecko; compatible; GPTBot/1.2; +https://openai.com/gptbot)"
20.171.207.230 - - [05/Jul/2025:09:53:01 -0400] "GET /ar/ HTTP/1.1" 200 10545 "-" "Mozilla/5.0 AppleWebKit/537.36 (KHTML, like Gecko; compatible; GPTBot/1.2; +https://openai.com/gptbot)"
20.171.207.230 - - [05/Jul/2025:09:53:03 -0400] "GET /items/atfzr139/37652?key=closet HTTP/1.1" 302 0 "-" "Mozilla/5.0 AppleWebKit/537.36 (KHTML, like Gecko; compatible; GPTBot/1.2; +https://openai.com/gptbot)"
20.171.207.230 - - [05/Jul/2025:09:53:04 -0400] "GET /ar/ HTTP/1.1" 200 10545 "-" "Mozilla/5.0 AppleWebKit/537.36 (KHTML, like Gecko; compatible; GPTBot/1.2; +https://openai.com/gptbot)"
20.171.207.230 - - [05/Jul/2025:09:53:07 -0400] "GET /items/oyvnh153/17056?key=impact HTTP/1.1" 302 0 "-" "Mozilla/5.0 AppleWebKit/537.36 (KHTML, like Gecko; compatible; GPTBot/1.2; +https://openai.com/gptbot)"
20.171.207.230 - - [05/Jul/2025:09:53:08 -0400] "GET /ar/ HTTP/1.1" 200 10545 "-" "Mozilla/5.0 AppleWebKit/537.36 (KHTML, like Gecko; compatible; GPTBot/1.2; +https://openai.com/gptbot)"
47.82.60.25 - - [05/Jul/2025:09:53:12 -0400] "GET /items/iltyi71/634?key=response HTTP/1.1" 302 0 "https://first-gulf.com.sa/items/iltyi71/634?key=response" "Mozilla/5.0 (Windows NT 10.0; Win64; x64) AppleWebKit/537.36 (KHTML, like Gecko) Chrome/114.0.0.0 Safari/537.36 Edg/114.0.1823.43"
20.171.207.230 - - [05/Jul/2025:09:53:13 -0400] "GET /items/cuzci100/11257?key=informal HTTP/1.1" 302 0 "-" "Mozilla/5.0 AppleWebKit/537.36 (KHTML, like Gecko; compatible; GPTBot/1.2; +https://openai.com/gptbot)"
47.82.60.25 - - [05/Jul/2025:09:53:14 -0400] "GET /ar/ HTTP/1.1" 200 10545 "https://first-gulf.com.sa/items/iltyi71/634?key=response" "Mozilla/5.0 (Windows NT 10.0; Win64; x64) AppleWebKit/537.36 (KHTML, like Gecko) Chrome/114.0.0.0 Safari/537.36 Edg/114.0.1823.43"
20.171.207.230 - - [05/Jul/2025:09:53:14 -0400] "GET /ar/ HTTP/1.1" 200 10545 "-" "Mozilla/5.0 AppleWebKit/537.36 (KHTML, like Gecko; compatible; GPTBot/1.2; +https://openai.com/gptbot)"
20.171.207.230 - - [05/Jul/2025:09:53:17 -0400] "GET /items/xosfz125/46914?key=interact HTTP/1.1" 302 0 "-" "Mozilla/5.0 AppleWebKit/537.36 (KHTML, like Gecko; compatible; GPTBot/1.2; +https://openai.com/gptbot)"
20.171.207.230 - - [05/Jul/2025:09:53:17 -0400] "GET /ar/ HTTP/1.1" 200 10545 "-" "Mozilla/5.0 AppleWebKit/537.36 (KHTML, like Gecko; compatible; GPTBot/1.2; +https://openai.com/gptbot)"
20.171.207.230 - - [05/Jul/2025:09:53:19 -0400] "GET /items/nciav136/49855?key=province HTTP/1.1" 302 0 "-" "Mozilla/5.0 AppleWebKit/537.36 (KHTML, like Gecko; compatible; GPTBot/1.2; +https://openai.com/gptbot)"
66.249.77.130 - - [05/Jul/2025:09:53:19 -0400] "GET /items/scysz178/37549?key=officer HTTP/1.1" 200 87816 "-" "Mozilla/5.0 (Linux; Android 6.0.1; Nexus 5X Build/MMB29P) AppleWebKit/537.36 (KHTML, like Gecko) Chrome/137.0.7151.119 Mobile Safari/537.36 (compatible; Googlebot/2.1; +http://www.google.com/bot.html)"
66.249.73.132 - - [05/Jul/2025:09:53:21 -0400] "GET /items/200024428.html?srsltid=AfmBOobsakhXnZVLspzhfi4bPbMwxKUIb1xbISiuzp7v1A9W6CBU HTTP/1.1" 200 88483 "-" "Mozilla/5.0 (Linux; Android 6.0.1; Nexus 5X Build/MMB29P) AppleWebKit/537.36 (KHTML, like Gecko) Chrome/137.0.7151.103 Mobile Safari/537.36 (compatible; Googlebot/2.1; +http://www.google.com/bot.html)"
20.171.207.230 - - [05/Jul/2025:09:53:19 -0400] "GET /ar/ HTTP/1.1" 200 10545 "-" "Mozilla/5.0 AppleWebKit/537.36 (KHTML, like Gecko; compatible; GPTBot/1.2; +https://openai.com/gptbot)"
20.171.207.230 - - [05/Jul/2025:09:53:23 -0400] "GET /items/zwydg183/27688?key=handsome HTTP/1.1" 302 0 "-" "Mozilla/5.0 AppleWebKit/537.36 (KHTML, like Gecko; compatible; GPTBot/1.2; +https://openai.com/gptbot)"
20.171.207.230 - - [05/Jul/2025:09:53:23 -0400] "GET /ar/ HTTP/1.1" 200 10545 "-" "Mozilla/5.0 AppleWebKit/537.36 (KHTML, like Gecko; compatible; GPTBot/1.2; +https://openai.com/gptbot)"
66.249.77.129 - - [05/Jul/2025:09:53:43 -0400] "GET /items/027036083.html?srsltid=AfmBOoifmDXVWeCPnQkhwS2qMVLYbgCKTHbITmVLbmWNXEa9IfS5 HTTP/1.1" 200 88460 "-" "Mozilla/5.0 (Linux; Android 6.0.1; Nexus 5X Build/MMB29P) AppleWebKit/537.36 (KHTML, like Gecko) Chrome/137.0.7151.103 Mobile Safari/537.36 (compatible; Googlebot/2.1; +http://www.google.com/bot.html)"
66.249.77.137 - - [05/Jul/2025:09:53:59 -0400] "GET /items/pnsab154/809?key=domain HTTP/1.1" 200 87784 "-" "Mozilla/5.0 (compatible; Googlebot/2.1; +http://www.google.com/bot.html)"
66.249.77.138 - - [05/Jul/2025:09:54:02 -0400] "GET /items/251027747.html?srsltid=AfmBOogodVJjmWATHmtybcdVXklWucksTcxEtc0YeRepk4zP1CQn HTTP/1.1" 200 88540 "-" "Mozilla/5.0 (Linux; Android 6.0.1; Nexus 5X Build/MMB29P) AppleWebKit/537.36 (KHTML, like Gecko) Chrome/137.0.7151.103 Mobile Safari/537.36 (compatible; Googlebot/2.1; +http://www.google.com/bot.html)"
66.249.77.137 - - [05/Jul/2025:09:54:10 -0400] "GET /items/sawwe35/1492?key=bolt HTTP/1.1" 200 86587 "-" "Mozilla/5.0 (Linux; Android 6.0.1; Nexus 5X Build/MMB29P) AppleWebKit/537.36 (KHTML, like Gecko) Chrome/137.0.7151.119 Mobile Safari/537.36 (compatible; Googlebot/2.1; +http://www.google.com/bot.html)"
66.249.69.14 - - [05/Jul/2025:09:54:18 -0400] "GET /pcmypage?callback=product/review/kendostore-kamlok-co-po-dc-20-20 HTTP/1.1" 200 88236 "-" "Mozilla/5.0 (Linux; Android 6.0.1; Nexus 5X Build/MMB29P) AppleWebKit/537.36 (KHTML, like Gecko) Chrome/137.0.7151.119 Mobile Safari/537.36 (compatible; Googlebot/2.1; +http://www.google.com/bot.html)"
66.249.77.137 - - [05/Jul/2025:09:54:20 -0400] "GET /items/dupwe43/5972?key=must HTTP/1.1" 200 87423 "-" "Mozilla/5.0 (compatible; Googlebot/2.1; +http://www.google.com/bot.html)"
66.29.146.47 - - [05/Jul/2025:09:54:30 -0400] "POST /wp-cron.php?doing_wp_cron=1751723670.3548169136047363281250 HTTP/1.1" 403 1242 "-" "WordPress/6.8; https://first-gulf.com.sa"
47.82.60.17 - - [05/Jul/2025:09:54:29 -0400] "GET /items/dhbrj51/12492?key=delay HTTP/1.1" 302 0 "https://first-gulf.com.sa/items/dhbrj51/12492?key=delay" "Mozilla/5.0 (Windows NT 10.0; Win64; x64) AppleWebKit/537.36 (KHTML, like Gecko) Chrome/114.0.0.0 Safari/537.36 Edg/114.0.1823.43"
66.29.146.47 - - [05/Jul/2025:09:54:32 -0400] "POST /ar/wp-cron.php?doing_wp_cron=1751723671.7420430183410644531250 HTTP/1.1" 200 0 "-" "WordPress/6.8; https://first-gulf.com.sa/ar"
47.82.60.17 - - [05/Jul/2025:09:54:31 -0400] "GET /ar/ HTTP/1.1" 200 10545 "https://first-gulf.com.sa/items/dhbrj51/12492?key=delay" "Mozilla/5.0 (Windows NT 10.0; Win64; x64) AppleWebKit/537.36 (KHTML, like Gecko) Chrome/114.0.0.0 Safari/537.36 Edg/114.0.1823.43"
20.171.207.230 - - [05/Jul/2025:09:54:36 -0400] "GET /items/pbxcx242/29919?key=boundary HTTP/1.1" 302 0 "-" "Mozilla/5.0 AppleWebKit/537.36 (KHTML, like Gecko; compatible; GPTBot/1.2; +https://openai.com/gptbot)"
20.171.207.230 - - [05/Jul/2025:09:54:36 -0400] "GET /ar/ HTTP/1.1" 200 10545 "-" "Mozilla/5.0 AppleWebKit/537.36 (KHTML, like Gecko; compatible; GPTBot/1.2; +https://openai.com/gptbot)"
20.171.207.230 - - [05/Jul/2025:09:54:37 -0400] "GET /items/bawsy258/43961?key=player HTTP/1.1" 302 0 "-" "Mozilla/5.0 AppleWebKit/537.36 (KHTML, like Gecko; compatible; GPTBot/1.2; +https://openai.com/gptbot)"
66.249.77.137 - - [05/Jul/2025:09:54:37 -0400] "GET /items/sadxn26/3745?key=yet HTTP/1.1" 200 87121 "-" "Mozilla/5.0 (Linux; Android 6.0.1; Nexus 5X Build/MMB29P) AppleWebKit/537.36 (KHTML, like Gecko) Chrome/137.0.7151.103 Mobile Safari/537.36 (compatible; GoogleOther)"
20.171.207.230 - - [05/Jul/2025:09:54:38 -0400] "GET /ar/ HTTP/1.1" 200 10545 "-" "Mozilla/5.0 AppleWebKit/537.36 (KHTML, like Gecko; compatible; GPTBot/1.2; +https://openai.com/gptbot)"
20.171.207.230 - - [05/Jul/2025:09:54:40 -0400] "GET /items/htgui253/16480?key=mentor HTTP/1.1" 302 0 "-" "Mozilla/5.0 AppleWebKit/537.36 (KHTML, like Gecko; compatible; GPTBot/1.2; +https://openai.com/gptbot)"
