20.171.207.230 - - [05/Jul/2025:12:42:56 -0400] "GET /ar/ HTTP/1.1" 200 10545 "-" "Mozilla/5.0 AppleWebKit/537.36 (KHTML, like Gecko; compatible; GPTBot/1.2; +https://openai.com/gptbot)"
20.171.207.230 - - [05/Jul/2025:12:42:58 -0400] "GET /items/wgyvj261/48996?key=grade HTTP/1.1" 302 0 "-" "Mozilla/5.0 AppleWebKit/537.36 (KHTML, like Gecko; compatible; GPTBot/1.2; +https://openai.com/gptbot)"
20.171.207.230 - - [05/Jul/2025:12:42:58 -0400] "GET /ar/ HTTP/1.1" 200 10545 "-" "Mozilla/5.0 AppleWebKit/537.36 (KHTML, like Gecko; compatible; GPTBot/1.2; +https://openai.com/gptbot)"
66.249.79.206 - - [05/Jul/2025:12:43:03 -0400] "GET /pcmypage?callback=product%2Fdetail%2Fosusumeshop777-ds-2164643 HTTP/1.1" 200 88444 "-" "Mozilla/5.0 (compatible; Googlebot/2.1; +http://www.google.com/bot.html)"
66.249.79.192 - - [05/Jul/2025:12:43:04 -0400] "GET /pcmypage?callback=product%2Fdetail%2Fosusumeshop777-ds-2164643 HTTP/1.1" 200 88421 "-" "Mozilla/5.0 (compatible; Googlebot/2.1; +http://www.google.com/bot.html)"
66.249.68.129 - - [05/Jul/2025:12:43:24 -0400] "GET /items/cpkuf116/14005?key=remarkable HTTP/1.1" 200 88613 "-" "Mozilla/5.0 (Linux; Android 6.0.1; Nexus 5X Build/MMB29P) AppleWebKit/537.36 (KHTML, like Gecko) Chrome/137.0.7151.103 Mobile Safari/537.36 (compatible; GoogleOther)"
66.249.68.130 - - [05/Jul/2025:12:43:31 -0400] "GET /items/064035784.html?srsltid=AfmBOoieaxBeWropbFvFNOeUQpdfUjezzaUiPgMPIgmhHjqmvSNf HTTP/1.1" 200 88087 "-" "Mozilla/5.0 (Linux; Android 6.0.1; Nexus 5X Build/MMB29P) AppleWebKit/537.36 (KHTML, like Gecko) Chrome/137.0.7151.103 Mobile Safari/537.36 (compatible; GoogleOther)"
20.171.207.230 - - [05/Jul/2025:12:43:39 -0400] "GET /items/wukyi135/47012?key=ocean HTTP/1.1" 302 0 "-" "Mozilla/5.0 AppleWebKit/537.36 (KHTML, like Gecko; compatible; GPTBot/1.2; +https://openai.com/gptbot)"
20.171.207.230 - - [05/Jul/2025:12:43:39 -0400] "GET /ar/ HTTP/1.1" 200 10545 "-" "Mozilla/5.0 AppleWebKit/537.36 (KHTML, like Gecko; compatible; GPTBot/1.2; +https://openai.com/gptbot)"
20.171.207.230 - - [05/Jul/2025:12:43:40 -0400] "GET /items/obfjz210/36463?key=pizza HTTP/1.1" 302 0 "-" "Mozilla/5.0 AppleWebKit/537.36 (KHTML, like Gecko; compatible; GPTBot/1.2; +https://openai.com/gptbot)"
20.171.207.230 - - [05/Jul/2025:12:43:40 -0400] "GET /ar/ HTTP/1.1" 200 10545 "-" "Mozilla/5.0 AppleWebKit/537.36 (KHTML, like Gecko; compatible; GPTBot/1.2; +https://openai.com/gptbot)"
20.171.207.230 - - [05/Jul/2025:12:43:41 -0400] "GET /items/rybpf262/35459?key=juice HTTP/1.1" 302 0 "-" "Mozilla/5.0 AppleWebKit/537.36 (KHTML, like Gecko; compatible; GPTBot/1.2; +https://openai.com/gptbot)"
20.171.207.230 - - [05/Jul/2025:12:43:42 -0400] "GET /ar/ HTTP/1.1" 200 10545 "-" "Mozilla/5.0 AppleWebKit/537.36 (KHTML, like Gecko; compatible; GPTBot/1.2; +https://openai.com/gptbot)"
20.171.207.230 - - [05/Jul/2025:12:43:43 -0400] "GET /items/hzbkh179/18010?key=favor HTTP/1.1" 302 0 "-" "Mozilla/5.0 AppleWebKit/537.36 (KHTML, like Gecko; compatible; GPTBot/1.2; +https://openai.com/gptbot)"
20.171.207.230 - - [05/Jul/2025:12:43:44 -0400] "GET /ar/ HTTP/1.1" 200 10545 "-" "Mozilla/5.0 AppleWebKit/537.36 (KHTML, like Gecko; compatible; GPTBot/1.2; +https://openai.com/gptbot)"
20.171.207.230 - - [05/Jul/2025:12:43:45 -0400] "GET /items/dwjsg260/32473?key=hello HTTP/1.1" 302 0 "-" "Mozilla/5.0 AppleWebKit/537.36 (KHTML, like Gecko; compatible; GPTBot/1.2; +https://openai.com/gptbot)"
20.171.207.230 - - [05/Jul/2025:12:43:45 -0400] "GET /ar/ HTTP/1.1" 200 10545 "-" "Mozilla/5.0 AppleWebKit/537.36 (KHTML, like Gecko; compatible; GPTBot/1.2; +https://openai.com/gptbot)"
20.171.207.230 - - [05/Jul/2025:12:43:46 -0400] "GET /items/udwnv109/43300?key=proud HTTP/1.1" 302 0 "-" "Mozilla/5.0 AppleWebKit/537.36 (KHTML, like Gecko; compatible; GPTBot/1.2; +https://openai.com/gptbot)"
20.171.207.230 - - [05/Jul/2025:12:43:46 -0400] "GET /ar/ HTTP/1.1" 200 10545 "-" "Mozilla/5.0 AppleWebKit/537.36 (KHTML, like Gecko; compatible; GPTBot/1.2; +https://openai.com/gptbot)"
20.171.207.230 - - [05/Jul/2025:12:43:47 -0400] "GET /items/zwnbj231/22340?key=horse HTTP/1.1" 302 0 "-" "Mozilla/5.0 AppleWebKit/537.36 (KHTML, like Gecko; compatible; GPTBot/1.2; +https://openai.com/gptbot)"
114.119.153.138 - - [05/Jul/2025:12:43:48 -0400] "GET /ar/activity/hvac-installation HTTP/1.1" 200 6916 "https://first-gulf.com.sa/makeasmtp.php?72621/714280.html" "Mozilla/5.0 (Linux; Android 7.0;) AppleWebKit/537.36 (KHTML, like Gecko) Mobile Safari/537.36 (compatible; PetalBot;+https://webmaster.petalsearch.com/site/petalbot)"
20.171.207.230 - - [05/Jul/2025:12:43:48 -0400] "GET /ar/ HTTP/1.1" 200 10545 "-" "Mozilla/5.0 AppleWebKit/537.36 (KHTML, like Gecko; compatible; GPTBot/1.2; +https://openai.com/gptbot)"
20.171.207.230 - - [05/Jul/2025:12:43:51 -0400] "GET /items/zetvb172/40361?key=truck HTTP/1.1" 302 0 "-" "Mozilla/5.0 AppleWebKit/537.36 (KHTML, like Gecko; compatible; GPTBot/1.2; +https://openai.com/gptbot)"
20.171.207.230 - - [05/Jul/2025:12:43:51 -0400] "GET /ar/ HTTP/1.1" 200 10545 "-" "Mozilla/5.0 AppleWebKit/537.36 (KHTML, like Gecko; compatible; GPTBot/1.2; +https://openai.com/gptbot)"
20.171.207.230 - - [05/Jul/2025:12:43:54 -0400] "GET /items/mgrcv193/20250?key=jeans HTTP/1.1" 302 0 "-" "Mozilla/5.0 AppleWebKit/537.36 (KHTML, like Gecko; compatible; GPTBot/1.2; +https://openai.com/gptbot)"
20.171.207.230 - - [05/Jul/2025:12:43:54 -0400] "GET /ar/ HTTP/1.1" 200 10545 "-" "Mozilla/5.0 AppleWebKit/537.36 (KHTML, like Gecko; compatible; GPTBot/1.2; +https://openai.com/gptbot)"
66.29.146.47 - - [05/Jul/2025:12:43:55 -0400] "POST /wp-cron.php?doing_wp_cron=1751733835.7164258956909179687500 HTTP/1.1" 403 1242 "-" "WordPress/6.8; https://first-gulf.com.sa"
20.171.207.230 - - [05/Jul/2025:12:43:55 -0400] "GET /items/ztiwh146/45893?key=coast HTTP/1.1" 302 0 "-" "Mozilla/5.0 AppleWebKit/537.36 (KHTML, like Gecko; compatible; GPTBot/1.2; +https://openai.com/gptbot)"
20.171.207.230 - - [05/Jul/2025:12:43:56 -0400] "GET /ar/ HTTP/1.1" 200 10545 "-" "Mozilla/5.0 AppleWebKit/537.36 (KHTML, like Gecko; compatible; GPTBot/1.2; +https://openai.com/gptbot)"
74.7.35.61 - - [05/Jul/2025:12:43:59 -0400] "GET /items/owziu175/43324?key=employer HTTP/1.1" 301 0 "-" "Mozilla/5.0 AppleWebKit/537.36 (KHTML, like Gecko); compatible; ChatGPT-User/1.0; +https://openai.com/bot"
74.7.35.56 - - [05/Jul/2025:12:44:00 -0400] "GET /items/owziu175/43324?key=employer HTTP/1.1" 302 0 "-" "Mozilla/5.0 AppleWebKit/537.36 (KHTML, like Gecko); compatible; ChatGPT-User/1.0; +https://openai.com/bot"
66.29.146.47 - - [05/Jul/2025:12:44:01 -0400] "POST /ar/wp-cron.php?doing_wp_cron=1751733840.9353899955749511718750 HTTP/1.1" 404 10548 "-" "WordPress/6.8; https://first-gulf.com.sa/ar"
74.7.35.56 - - [05/Jul/2025:12:44:00 -0400] "GET /ar/ HTTP/1.1" 200 10545 "-" "Mozilla/5.0 AppleWebKit/537.36 (KHTML, like Gecko); compatible; ChatGPT-User/1.0; +https://openai.com/bot"
66.249.68.130 - - [05/Jul/2025:12:44:01 -0400] "GET /items/yrbhk46/7819?key=dangerous HTTP/1.1" 200 88628 "-" "Mozilla/5.0 (Linux; Android 6.0.1; Nexus 5X Build/MMB29P) AppleWebKit/537.36 (KHTML, like Gecko) Chrome/137.0.7151.103 Mobile Safari/537.36 (compatible; GoogleOther)"
66.249.68.130 - - [05/Jul/2025:12:44:05 -0400] "GET /items/147019481.html?srsltid=AfmBOozleyidKggPdOPk5mmGKewwzyYz8NfncYGEGQqRMgvfAoZw HTTP/1.1" 200 87903 "-" "Mozilla/5.0 (compatible; Googlebot/2.1; +http://www.google.com/bot.html)"
2001:ce8:141:4cee:1d03:9061:c31e:c2d4 - - [05/Jul/2025:12:44:26 -0400] "GET /pcmypage?callback=product%2Fdetail%2Fsantec-wel-402521 HTTP/1.1" 200 136 "https://search.yahoo.co.jp/" "Mozilla/5.0 (iPhone; CPU iPhone OS 18_5 like Mac OS X) AppleWebKit/605.1.15 (KHTML, like Gecko) Version/18.5 Mobile/15E148 Safari/604.1"
66.249.79.206 - - [05/Jul/2025:12:44:25 -0400] "GET /items/281021799.html?srsltid=AfmBOofsuKwdcqSSduUg49dQMXKMMJhdE6IhrBE2ix8QYk2htGwW HTTP/1.1" 200 86846 "-" "Mozilla/5.0 (compatible; Googlebot/2.1; +http://www.google.com/bot.html)"
66.249.68.129 - - [05/Jul/2025:12:44:32 -0400] "GET /items/295025901.html?srsltid=AfmBOohkztLtsnZtVqdXhGzVGJYWhZVQopYkJW1HvsGW9eEnpxGf HTTP/1.1" 200 87413 "-" "Mozilla/5.0 (Linux; Android 6.0.1; Nexus 5X Build/MMB29P) AppleWebKit/537.36 (KHTML, like Gecko) Chrome/137.0.7151.103 Mobile Safari/537.36 (compatible; Googlebot/2.1; +http://www.google.com/bot.html)"
66.249.68.129 - - [05/Jul/2025:12:44:39 -0400] "GET /items/fzmkv34/48449?key=okay HTTP/1.1" 200 86765 "-" "Mozilla/5.0 (Linux; Android 6.0.1; Nexus 5X Build/MMB29P) AppleWebKit/537.36 (KHTML, like Gecko) Chrome/137.0.7151.103 Mobile Safari/537.36 (compatible; GoogleOther)"
20.171.207.230 - - [05/Jul/2025:12:44:41 -0400] "GET /items/zpnzy285/44714?key=coach HTTP/1.1" 302 0 "-" "Mozilla/5.0 AppleWebKit/537.36 (KHTML, like Gecko; compatible; GPTBot/1.2; +https://openai.com/gptbot)"
20.171.207.230 - - [05/Jul/2025:12:44:41 -0400] "GET /ar/ HTTP/1.1" 200 10545 "-" "Mozilla/5.0 AppleWebKit/537.36 (KHTML, like Gecko; compatible; GPTBot/1.2; +https://openai.com/gptbot)"
20.171.207.230 - - [05/Jul/2025:12:44:42 -0400] "GET /items/zqfwh164/34139?key=ready HTTP/1.1" 302 0 "-" "Mozilla/5.0 AppleWebKit/537.36 (KHTML, like Gecko; compatible; GPTBot/1.2; +https://openai.com/gptbot)"
20.171.207.230 - - [05/Jul/2025:12:44:42 -0400] "GET /ar/ HTTP/1.1" 200 10545 "-" "Mozilla/5.0 AppleWebKit/537.36 (KHTML, like Gecko; compatible; GPTBot/1.2; +https://openai.com/gptbot)"
20.171.207.230 - - [05/Jul/2025:12:44:43 -0400] "GET /items/vqxxp186/20191?key=flame HTTP/1.1" 302 0 "-" "Mozilla/5.0 AppleWebKit/537.36 (KHTML, like Gecko; compatible; GPTBot/1.2; +https://openai.com/gptbot)"
20.171.207.230 - - [05/Jul/2025:12:44:43 -0400] "GET /ar/ HTTP/1.1" 200 10545 "-" "Mozilla/5.0 AppleWebKit/537.36 (KHTML, like Gecko; compatible; GPTBot/1.2; +https://openai.com/gptbot)"
66.249.79.192 - - [05/Jul/2025:12:44:43 -0400] "GET /search.php?product/edit/re-vida-y1-11501833hh HTTP/1.1" 200 87589 "-" "Mozilla/5.0 (Linux; Android 6.0.1; Nexus 5X Build/MMB29P) AppleWebKit/537.36 (KHTML, like Gecko) Chrome/137.0.7151.103 Mobile Safari/537.36 (compatible; Googlebot/2.1; +http://www.google.com/bot.html)"
20.171.207.230 - - [05/Jul/2025:12:44:44 -0400] "GET /items/bnxkz210/32729?key=adapt HTTP/1.1" 302 0 "-" "Mozilla/5.0 AppleWebKit/537.36 (KHTML, like Gecko; compatible; GPTBot/1.2; +https://openai.com/gptbot)"
20.171.207.230 - - [05/Jul/2025:12:44:44 -0400] "GET /ar/ HTTP/1.1" 200 10545 "-" "Mozilla/5.0 AppleWebKit/537.36 (KHTML, like Gecko; compatible; GPTBot/1.2; +https://openai.com/gptbot)"
20.171.207.230 - - [05/Jul/2025:12:44:45 -0400] "GET /items/znsgh205/46340?key=fixed HTTP/1.1" 302 0 "-" "Mozilla/5.0 AppleWebKit/537.36 (KHTML, like Gecko; compatible; GPTBot/1.2; +https://openai.com/gptbot)"
20.171.207.230 - - [05/Jul/2025:12:44:45 -0400] "GET /ar/ HTTP/1.1" 200 10545 "-" "Mozilla/5.0 AppleWebKit/537.36 (KHTML, like Gecko; compatible; GPTBot/1.2; +https://openai.com/gptbot)"
20.171.207.230 - - [05/Jul/2025:12:44:46 -0400] "GET /items/zfkha113/25816?key=moral HTTP/1.1" 302 0 "-" "Mozilla/5.0 AppleWebKit/537.36 (KHTML, like Gecko; compatible; GPTBot/1.2; +https://openai.com/gptbot)"
20.171.207.230 - - [05/Jul/2025:12:44:47 -0400] "GET /ar/ HTTP/1.1" 200 10545 "-" "Mozilla/5.0 AppleWebKit/537.36 (KHTML, like Gecko; compatible; GPTBot/1.2; +https://openai.com/gptbot)"
20.171.207.230 - - [05/Jul/2025:12:44:48 -0400] "GET /items/nljha227/36932?key=buddy HTTP/1.1" 302 0 "-" "Mozilla/5.0 AppleWebKit/537.36 (KHTML, like Gecko; compatible; GPTBot/1.2; +https://openai.com/gptbot)"
20.171.207.230 - - [05/Jul/2025:12:44:48 -0400] "GET /ar/ HTTP/1.1" 200 10545 "-" "Mozilla/5.0 AppleWebKit/537.36 (KHTML, like Gecko; compatible; GPTBot/1.2; +https://openai.com/gptbot)"
20.171.207.230 - - [05/Jul/2025:12:44:49 -0400] "GET /items/aiech273/31040?key=dough HTTP/1.1" 302 0 "-" "Mozilla/5.0 AppleWebKit/537.36 (KHTML, like Gecko; compatible; GPTBot/1.2; +https://openai.com/gptbot)"
20.171.207.230 - - [05/Jul/2025:12:44:49 -0400] "GET /ar/ HTTP/1.1" 200 10545 "-" "Mozilla/5.0 AppleWebKit/537.36 (KHTML, like Gecko; compatible; GPTBot/1.2; +https://openai.com/gptbot)"
20.171.207.230 - - [05/Jul/2025:12:44:50 -0400] "GET /items/pwqrd265/28984?key=shape HTTP/1.1" 302 0 "-" "Mozilla/5.0 AppleWebKit/537.36 (KHTML, like Gecko; compatible; GPTBot/1.2; +https://openai.com/gptbot)"
20.171.207.230 - - [05/Jul/2025:12:44:50 -0400] "GET /ar/ HTTP/1.1" 200 10545 "-" "Mozilla/5.0 AppleWebKit/537.36 (KHTML, like Gecko; compatible; GPTBot/1.2; +https://openai.com/gptbot)"
20.171.207.230 - - [05/Jul/2025:12:44:51 -0400] "GET /items/wvfou230/36031?key=party HTTP/1.1" 302 0 "-" "Mozilla/5.0 AppleWebKit/537.36 (KHTML, like Gecko; compatible; GPTBot/1.2; +https://openai.com/gptbot)"
20.171.207.230 - - [05/Jul/2025:12:44:51 -0400] "GET /ar/ HTTP/1.1" 200 10545 "-" "Mozilla/5.0 AppleWebKit/537.36 (KHTML, like Gecko; compatible; GPTBot/1.2; +https://openai.com/gptbot)"
66.249.68.129 - - [05/Jul/2025:12:44:52 -0400] "GET /items/269004673.html?srsltid=AfmBOoiwjKoAXQrLTtIIidAfVltyGVAEqK7sVAb3ihGFuc6U3vor HTTP/1.1" 200 87477 "-" "Mozilla/5.0 (Linux; Android 6.0.1; Nexus 5X Build/MMB29P) AppleWebKit/537.36 (KHTML, like Gecko) Chrome/137.0.7151.103 Mobile Safari/537.36 (compatible; Googlebot/2.1; +http://www.google.com/bot.html)"
66.249.68.131 - - [05/Jul/2025:12:45:12 -0400] "GET /items/074048446.html?srsltid=AfmBOonkkssWAzIZztnNr7iKCRJLuJqYxa9ChbYNRgs5KDfllN1N HTTP/1.1" 200 87870 "-" "Mozilla/5.0 (Linux; Android 6.0.1; Nexus 5X Build/MMB29P) AppleWebKit/537.36 (KHTML, like Gecko) Chrome/137.0.7151.103 Mobile Safari/537.36 (compatible; GoogleOther)"
66.249.68.130 - - [05/Jul/2025:12:45:18 -0400] "GET /items/ryabk156/21587?key=technique HTTP/1.1" 200 87801 "-" "Mozilla/5.0 (Linux; Android 6.0.1; Nexus 5X Build/MMB29P) AppleWebKit/537.36 (KHTML, like Gecko) Chrome/137.0.7151.103 Mobile Safari/537.36 (compatible; GoogleOther)"
66.249.68.129 - - [05/Jul/2025:12:45:36 -0400] "GET /items/toiqa71/23632?key=body HTTP/1.1" 200 86643 "-" "Mozilla/5.0 (Linux; Android 6.0.1; Nexus 5X Build/MMB29P) AppleWebKit/537.36 (KHTML, like Gecko) Chrome/137.0.7151.103 Mobile Safari/537.36 (compatible; Googlebot/2.1; +http://www.google.com/bot.html)"
66.29.146.47 - - [05/Jul/2025:12:45:39 -0400] "POST /wp-cron.php?doing_wp_cron=1751733938.9595038890838623046875 HTTP/1.1" 403 1242 "-" "WordPress/6.8; https://first-gulf.com.sa"
20.171.207.230 - - [05/Jul/2025:12:45:38 -0400] "GET /items/rzusx126/42295?key=arrow HTTP/1.1" 302 0 "-" "Mozilla/5.0 AppleWebKit/537.36 (KHTML, like Gecko; compatible; GPTBot/1.2; +https://openai.com/gptbot)"
66.29.146.47 - - [05/Jul/2025:12:45:40 -0400] "POST /ar/wp-cron.php?doing_wp_cron=1751733940.1230978965759277343750 HTTP/1.1" 200 0 "-" "WordPress/6.8; https://first-gulf.com.sa/ar"
20.171.123.69 - - [05/Jul/2025:12:45:40 -0400] "GET /items/owziu175/43324?key=employer HTTP/1.1" 301 0 "-" "Mozilla/5.0 (Macintosh; Intel Mac OS X 10_15_7) AppleWebKit/537.36 (KHTML, like Gecko) Chrome/131.0.0.0 Safari/537.36; compatible; OAI-SearchBot/1.0; +https://openai.com/searchbot"
20.171.207.230 - - [05/Jul/2025:12:45:39 -0400] "GET /ar/ HTTP/1.1" 200 10545 "-" "Mozilla/5.0 AppleWebKit/537.36 (KHTML, like Gecko; compatible; GPTBot/1.2; +https://openai.com/gptbot)"
20.171.207.230 - - [05/Jul/2025:12:45:42 -0400] "GET /items/jrpsx183/46998?key=weigh HTTP/1.1" 302 0 "-" "Mozilla/5.0 AppleWebKit/537.36 (KHTML, like Gecko; compatible; GPTBot/1.2; +https://openai.com/gptbot)"
20.171.207.230 - - [05/Jul/2025:12:45:43 -0400] "GET /ar/ HTTP/1.1" 200 10545 "-" "Mozilla/5.0 AppleWebKit/537.36 (KHTML, like Gecko; compatible; GPTBot/1.2; +https://openai.com/gptbot)"
20.171.207.230 - - [05/Jul/2025:12:45:44 -0400] "GET /items/wezuo166/42527?key=adapt HTTP/1.1" 302 0 "-" "Mozilla/5.0 AppleWebKit/537.36 (KHTML, like Gecko; compatible; GPTBot/1.2; +https://openai.com/gptbot)"
20.171.207.230 - - [05/Jul/2025:12:45:44 -0400] "GET /ar/ HTTP/1.1" 200 10545 "-" "Mozilla/5.0 AppleWebKit/537.36 (KHTML, like Gecko; compatible; GPTBot/1.2; +https://openai.com/gptbot)"
20.171.207.230 - - [05/Jul/2025:12:45:46 -0400] "GET /items/nkshz199/39650?key=equal HTTP/1.1" 302 0 "-" "Mozilla/5.0 AppleWebKit/537.36 (KHTML, like Gecko; compatible; GPTBot/1.2; +https://openai.com/gptbot)"
20.171.207.230 - - [05/Jul/2025:12:45:46 -0400] "GET /ar/ HTTP/1.1" 200 10545 "-" "Mozilla/5.0 AppleWebKit/537.36 (KHTML, like Gecko; compatible; GPTBot/1.2; +https://openai.com/gptbot)"
20.171.207.230 - - [05/Jul/2025:12:45:48 -0400] "GET /items/aczjt204/31611?key=field HTTP/1.1" 302 0 "-" "Mozilla/5.0 AppleWebKit/537.36 (KHTML, like Gecko; compatible; GPTBot/1.2; +https://openai.com/gptbot)"
20.171.207.230 - - [05/Jul/2025:12:45:48 -0400] "GET /ar/ HTTP/1.1" 200 10545 "-" "Mozilla/5.0 AppleWebKit/537.36 (KHTML, like Gecko; compatible; GPTBot/1.2; +https://openai.com/gptbot)"
20.171.207.230 - - [05/Jul/2025:12:45:50 -0400] "GET /items/gfjxk103/22466?key=track HTTP/1.1" 302 0 "-" "Mozilla/5.0 AppleWebKit/537.36 (KHTML, like Gecko; compatible; GPTBot/1.2; +https://openai.com/gptbot)"
20.171.207.230 - - [05/Jul/2025:12:45:51 -0400] "GET /ar/ HTTP/1.1" 200 10545 "-" "Mozilla/5.0 AppleWebKit/537.36 (KHTML, like Gecko; compatible; GPTBot/1.2; +https://openai.com/gptbot)"
20.171.207.230 - - [05/Jul/2025:12:45:53 -0400] "GET /items/xvhoa290/21817?key=alien HTTP/1.1" 302 0 "-" "Mozilla/5.0 AppleWebKit/537.36 (KHTML, like Gecko; compatible; GPTBot/1.2; +https://openai.com/gptbot)"
66.249.68.129 - - [05/Jul/2025:12:45:53 -0400] "GET /items/tmugt200/37773?key=palace HTTP/1.1" 200 87941 "-" "Mozilla/5.0 (Linux; Android 6.0.1; Nexus 5X Build/MMB29P) AppleWebKit/537.36 (KHTML, like Gecko) Chrome/137.0.7151.103 Mobile Safari/537.36 (compatible; GoogleOther)"
20.171.207.230 - - [05/Jul/2025:12:45:53 -0400] "GET /ar/ HTTP/1.1" 200 10545 "-" "Mozilla/5.0 AppleWebKit/537.36 (KHTML, like Gecko; compatible; GPTBot/1.2; +https://openai.com/gptbot)"
20.171.207.230 - - [05/Jul/2025:12:45:55 -0400] "GET /items/vldro215/26670?key=scare HTTP/1.1" 302 0 "-" "Mozilla/5.0 AppleWebKit/537.36 (KHTML, like Gecko; compatible; GPTBot/1.2; +https://openai.com/gptbot)"
20.171.207.230 - - [05/Jul/2025:12:45:55 -0400] "GET /ar/ HTTP/1.1" 200 10545 "-" "Mozilla/5.0 AppleWebKit/537.36 (KHTML, like Gecko; compatible; GPTBot/1.2; +https://openai.com/gptbot)"
20.171.207.230 - - [05/Jul/2025:12:45:57 -0400] "GET /items/gxkck240/45969?key=cloud HTTP/1.1" 302 0 "-" "Mozilla/5.0 AppleWebKit/537.36 (KHTML, like Gecko; compatible; GPTBot/1.2; +https://openai.com/gptbot)"
20.171.207.230 - - [05/Jul/2025:12:45:58 -0400] "GET /ar/ HTTP/1.1" 200 10545 "-" "Mozilla/5.0 AppleWebKit/537.36 (KHTML, like Gecko; compatible; GPTBot/1.2; +https://openai.com/gptbot)"
20.171.207.230 - - [05/Jul/2025:12:45:58 -0400] "GET /items/vrhgp110/17725?key=fully HTTP/1.1" 302 0 "-" "Mozilla/5.0 AppleWebKit/537.36 (KHTML, like Gecko; compatible; GPTBot/1.2; +https://openai.com/gptbot)"
20.171.207.230 - - [05/Jul/2025:12:45:59 -0400] "GET /ar/ HTTP/1.1" 200 10545 "-" "Mozilla/5.0 AppleWebKit/537.36 (KHTML, like Gecko; compatible; GPTBot/1.2; +https://openai.com/gptbot)"
66.249.68.130 - - [05/Jul/2025:12:46:31 -0400] "GET /items/txzhm215/34404?key=separation HTTP/1.1" 200 88018 "-" "Mozilla/5.0 (Linux; Android 6.0.1; Nexus 5X Build/MMB29P) AppleWebKit/537.36 (KHTML, like Gecko) Chrome/137.0.7151.103 Mobile Safari/537.36 (compatible; GoogleOther)"
20.171.207.230 - - [05/Jul/2025:12:46:32 -0400] "GET /items/anbkz226/43925?key=patch HTTP/1.1" 302 0 "-" "Mozilla/5.0 AppleWebKit/537.36 (KHTML, like Gecko; compatible; GPTBot/1.2; +https://openai.com/gptbot)"
172.182.224.8 - - [05/Jul/2025:12:46:32 -0400] "GET /items/owziu175/43324?key=employer HTTP/1.1" 302 0 "-" "Mozilla/5.0 (Macintosh; Intel Mac OS X 10_15_7) AppleWebKit/537.36 (KHTML, like Gecko) Chrome/131.0.0.0 Safari/537.36; compatible; OAI-SearchBot/1.0; +https://openai.com/searchbot"
20.171.207.230 - - [05/Jul/2025:12:46:33 -0400] "GET /ar/ HTTP/1.1" 200 10545 "-" "Mozilla/5.0 AppleWebKit/537.36 (KHTML, like Gecko; compatible; GPTBot/1.2; +https://openai.com/gptbot)"
172.182.224.8 - - [05/Jul/2025:12:46:33 -0400] "GET /ar/ HTTP/1.1" 200 10545 "-" "Mozilla/5.0 (Macintosh; Intel Mac OS X 10_15_7) AppleWebKit/537.36 (KHTML, like Gecko) Chrome/131.0.0.0 Safari/537.36; compatible; OAI-SearchBot/1.0; +https://openai.com/searchbot"
20.171.207.230 - - [05/Jul/2025:12:46:34 -0400] "GET /items/ekjkf149/36230?key=child HTTP/1.1" 302 0 "-" "Mozilla/5.0 AppleWebKit/537.36 (KHTML, like Gecko; compatible; GPTBot/1.2; +https://openai.com/gptbot)"
20.171.207.230 - - [05/Jul/2025:12:46:34 -0400] "GET /ar/ HTTP/1.1" 200 10545 "-" "Mozilla/5.0 AppleWebKit/537.36 (KHTML, like Gecko; compatible; GPTBot/1.2; +https://openai.com/gptbot)"
20.171.207.230 - - [05/Jul/2025:12:46:35 -0400] "GET /items/gxmij124/35943?key=value HTTP/1.1" 302 0 "-" "Mozilla/5.0 AppleWebKit/537.36 (KHTML, like Gecko; compatible; GPTBot/1.2; +https://openai.com/gptbot)"
20.171.207.230 - - [05/Jul/2025:12:46:35 -0400] "GET /ar/ HTTP/1.1" 200 10545 "-" "Mozilla/5.0 AppleWebKit/537.36 (KHTML, like Gecko; compatible; GPTBot/1.2; +https://openai.com/gptbot)"
20.171.207.230 - - [05/Jul/2025:12:46:36 -0400] "GET /items/zzavw242/17255?key=young HTTP/1.1" 302 0 "-" "Mozilla/5.0 AppleWebKit/537.36 (KHTML, like Gecko; compatible; GPTBot/1.2; +https://openai.com/gptbot)"
20.171.207.230 - - [05/Jul/2025:12:46:36 -0400] "GET /ar/ HTTP/1.1" 200 10545 "-" "Mozilla/5.0 AppleWebKit/537.36 (KHTML, like Gecko; compatible; GPTBot/1.2; +https://openai.com/gptbot)"
20.171.207.230 - - [05/Jul/2025:12:46:37 -0400] "GET /items/yaxui171/23876?key=glory HTTP/1.1" 302 0 "-" "Mozilla/5.0 AppleWebKit/537.36 (KHTML, like Gecko; compatible; GPTBot/1.2; +https://openai.com/gptbot)"
20.171.207.230 - - [05/Jul/2025:12:46:37 -0400] "GET /ar/ HTTP/1.1" 200 10545 "-" "Mozilla/5.0 AppleWebKit/537.36 (KHTML, like Gecko; compatible; GPTBot/1.2; +https://openai.com/gptbot)"
66.29.146.47 - - [05/Jul/2025:12:46:39 -0400] "POST /wp-cron.php?doing_wp_cron=1751733999.0578510761260986328125 HTTP/1.1" 403 1242 "-" "WordPress/6.8; https://first-gulf.com.sa"
20.171.207.230 - - [05/Jul/2025:12:46:38 -0400] "GET /items/xngnr108/45617?key=swell HTTP/1.1" 302 0 "-" "Mozilla/5.0 AppleWebKit/537.36 (KHTML, like Gecko; compatible; GPTBot/1.2; +https://openai.com/gptbot)"
20.171.207.230 - - [05/Jul/2025:12:46:39 -0400] "GET /ar/ HTTP/1.1" 200 10545 "-" "Mozilla/5.0 AppleWebKit/537.36 (KHTML, like Gecko; compatible; GPTBot/1.2; +https://openai.com/gptbot)"
20.171.207.230 - - [05/Jul/2025:12:46:40 -0400] "GET /items/qpbjg267/30332?key=power HTTP/1.1" 302 0 "-" "Mozilla/5.0 AppleWebKit/537.36 (KHTML, like Gecko; compatible; GPTBot/1.2; +https://openai.com/gptbot)"
66.29.146.47 - - [05/Jul/2025:12:46:41 -0400] "POST /ar/wp-cron.php?doing_wp_cron=1751734001.0347950458526611328125 HTTP/1.1" 200 0 "-" "WordPress/6.8; https://first-gulf.com.sa/ar"
66.249.68.137 - - [05/Jul/2025:12:46:41 -0400] "GET /pcmypage?callback=product%2Fdetail%2Fbiggate-34067513870 HTTP/1.1" 200 87006 "-" "Mozilla/5.0 (Linux; Android 6.0.1; Nexus 5X Build/MMB29P) AppleWebKit/537.36 (KHTML, like Gecko) Chrome/137.0.7151.103 Mobile Safari/537.36 (compatible; GoogleOther)"
20.171.207.230 - - [05/Jul/2025:12:46:40 -0400] "GET /ar/ HTTP/1.1" 200 10545 "-" "Mozilla/5.0 AppleWebKit/537.36 (KHTML, like Gecko; compatible; GPTBot/1.2; +https://openai.com/gptbot)"
20.171.207.230 - - [05/Jul/2025:12:46:42 -0400] "GET /items/tfvep264/15637?key=tumor HTTP/1.1" 302 0 "-" "Mozilla/5.0 AppleWebKit/537.36 (KHTML, like Gecko; compatible; GPTBot/1.2; +https://openai.com/gptbot)"
20.171.207.230 - - [05/Jul/2025:12:46:42 -0400] "GET /ar/ HTTP/1.1" 200 10545 "-" "Mozilla/5.0 AppleWebKit/537.36 (KHTML, like Gecko; compatible; GPTBot/1.2; +https://openai.com/gptbot)"
20.171.207.230 - - [05/Jul/2025:12:46:43 -0400] "GET /items/cwmmu109/35426?key=least HTTP/1.1" 302 0 "-" "Mozilla/5.0 AppleWebKit/537.36 (KHTML, like Gecko; compatible; GPTBot/1.2; +https://openai.com/gptbot)"
66.249.68.128 - - [05/Jul/2025:12:46:45 -0400] "GET /items/224007034.html?srsltid=AfmBOoznuZNDmoyOdfPuAkMrZpkLJFfqM01Q610nz9lTuKWroPC7 HTTP/1.1" 200 87976 "-" "Mozilla/5.0 (Linux; Android 6.0.1; Nexus 5X Build/MMB29P) AppleWebKit/537.36 (KHTML, like Gecko) Chrome/137.0.7151.103 Mobile Safari/537.36 (compatible; Googlebot/2.1; +http://www.google.com/bot.html)"
20.171.207.230 - - [05/Jul/2025:12:46:44 -0400] "GET /ar/ HTTP/1.1" 200 10545 "-" "Mozilla/5.0 AppleWebKit/537.36 (KHTML, like Gecko; compatible; GPTBot/1.2; +https://openai.com/gptbot)"
66.249.68.137 - - [05/Jul/2025:12:46:50 -0400] "GET /items/158019242.html?srsltid=AfmBOodrgELEzIXveBGB6OhULNHGrQFZrW0Dpu23uEmgpx8Lf1O1 HTTP/1.1" 200 87096 "-" "Mozilla/5.0 (Linux; Android 6.0.1; Nexus 5X Build/MMB29P) AppleWebKit/537.36 (KHTML, like Gecko) Chrome/137.0.7151.103 Mobile Safari/537.36 (compatible; Googlebot/2.1; +http://www.google.com/bot.html)"
66.249.68.129 - - [05/Jul/2025:12:47:08 -0400] "GET /items/vzufu93/49798?key=candle HTTP/1.1" 200 88558 "-" "Mozilla/5.0 (Linux; Android 6.0.1; Nexus 5X Build/MMB29P) AppleWebKit/537.36 (KHTML, like Gecko) Chrome/137.0.7151.103 Mobile Safari/537.36 (compatible; GoogleOther)"
66.249.68.137 - - [05/Jul/2025:12:47:13 -0400] "GET /product/edit/noel-ange-puma-393094-01-1 HTTP/1.1" 200 88025 "-" "Mozilla/5.0 (compatible; Googlebot/2.1; +http://www.google.com/bot.html)"
20.171.207.230 - - [05/Jul/2025:12:47:17 -0400] "GET /items/jnhgz211/29008?key=laser HTTP/1.1" 302 0 "-" "Mozilla/5.0 AppleWebKit/537.36 (KHTML, like Gecko; compatible; GPTBot/1.2; +https://openai.com/gptbot)"
20.171.207.230 - - [05/Jul/2025:12:47:17 -0400] "GET /ar/ HTTP/1.1" 200 10545 "-" "Mozilla/5.0 AppleWebKit/537.36 (KHTML, like Gecko; compatible; GPTBot/1.2; +https://openai.com/gptbot)"
20.171.207.230 - - [05/Jul/2025:12:47:18 -0400] "GET /items/dlgzt192/36045?key=spell HTTP/1.1" 302 0 "-" "Mozilla/5.0 AppleWebKit/537.36 (KHTML, like Gecko; compatible; GPTBot/1.2; +https://openai.com/gptbot)"
20.171.207.230 - - [05/Jul/2025:12:47:18 -0400] "GET /ar/ HTTP/1.1" 200 10545 "-" "Mozilla/5.0 AppleWebKit/537.36 (KHTML, like Gecko; compatible; GPTBot/1.2; +https://openai.com/gptbot)"
20.171.207.230 - - [05/Jul/2025:12:47:20 -0400] "GET /items/dlycz202/10497?key=beard HTTP/1.1" 302 0 "-" "Mozilla/5.0 AppleWebKit/537.36 (KHTML, like Gecko; compatible; GPTBot/1.2; +https://openai.com/gptbot)"
20.171.207.230 - - [05/Jul/2025:12:47:20 -0400] "GET /ar/ HTTP/1.1" 200 10545 "-" "Mozilla/5.0 AppleWebKit/537.36 (KHTML, like Gecko; compatible; GPTBot/1.2; +https://openai.com/gptbot)"
20.171.207.230 - - [05/Jul/2025:12:47:21 -0400] "GET /items/ktzgc240/38553?key=plane HTTP/1.1" 302 0 "-" "Mozilla/5.0 AppleWebKit/537.36 (KHTML, like Gecko; compatible; GPTBot/1.2; +https://openai.com/gptbot)"
20.171.207.230 - - [05/Jul/2025:12:47:21 -0400] "GET /ar/ HTTP/1.1" 200 10545 "-" "Mozilla/5.0 AppleWebKit/537.36 (KHTML, like Gecko; compatible; GPTBot/1.2; +https://openai.com/gptbot)"
20.171.207.230 - - [05/Jul/2025:12:47:22 -0400] "GET /items/cbwpg141/15228?key=lower HTTP/1.1" 302 0 "-" "Mozilla/5.0 AppleWebKit/537.36 (KHTML, like Gecko; compatible; GPTBot/1.2; +https://openai.com/gptbot)"
20.171.207.230 - - [05/Jul/2025:12:47:22 -0400] "GET /ar/ HTTP/1.1" 200 10545 "-" "Mozilla/5.0 AppleWebKit/537.36 (KHTML, like Gecko; compatible; GPTBot/1.2; +https://openai.com/gptbot)"
20.171.207.230 - - [05/Jul/2025:12:47:23 -0400] "GET /items/zytyn219/34852?key=wound HTTP/1.1" 302 0 "-" "Mozilla/5.0 AppleWebKit/537.36 (KHTML, like Gecko; compatible; GPTBot/1.2; +https://openai.com/gptbot)"
20.171.207.230 - - [05/Jul/2025:12:47:23 -0400] "GET /ar/ HTTP/1.1" 200 10545 "-" "Mozilla/5.0 AppleWebKit/537.36 (KHTML, like Gecko; compatible; GPTBot/1.2; +https://openai.com/gptbot)"
20.171.207.230 - - [05/Jul/2025:12:47:24 -0400] "GET /items/ponva120/26877?key=booth HTTP/1.1" 302 0 "-" "Mozilla/5.0 AppleWebKit/537.36 (KHTML, like Gecko; compatible; GPTBot/1.2; +https://openai.com/gptbot)"
20.171.207.230 - - [05/Jul/2025:12:47:25 -0400] "GET /ar/ HTTP/1.1" 200 10545 "-" "Mozilla/5.0 AppleWebKit/537.36 (KHTML, like Gecko; compatible; GPTBot/1.2; +https://openai.com/gptbot)"
20.171.207.230 - - [05/Jul/2025:12:47:25 -0400] "GET /items/ozguf296/32127?key=cross HTTP/1.1" 302 0 "-" "Mozilla/5.0 AppleWebKit/537.36 (KHTML, like Gecko; compatible; GPTBot/1.2; +https://openai.com/gptbot)"
66.249.79.206 - - [05/Jul/2025:12:47:26 -0400] "GET /robots.txt HTTP/1.1" 200 109 "-" "Mozilla/5.0 (compatible; Googlebot/2.1; +http://www.google.com/bot.html)"
66.249.79.206 - - [05/Jul/2025:12:47:26 -0400] "GET /items/021049861.html?srsltid=AfmBOooolgZcfmIdEYaty8JYWujmdNKWq5UQUQtGFDPejopwvnXv HTTP/1.1" 200 87216 "-" "Mozilla/5.0 (Linux; Android 6.0.1; Nexus 5X Build/MMB29P) AppleWebKit/537.36 (KHTML, like Gecko) Chrome/137.0.7151.103 Mobile Safari/537.36 (compatible; Googlebot/2.1; +http://www.google.com/bot.html)"
20.171.207.230 - - [05/Jul/2025:12:47:26 -0400] "GET /ar/ HTTP/1.1" 200 10545 "-" "Mozilla/5.0 AppleWebKit/537.36 (KHTML, like Gecko; compatible; GPTBot/1.2; +https://openai.com/gptbot)"
20.171.207.230 - - [05/Jul/2025:12:47:27 -0400] "GET /items/wnejv165/18440?key=birth HTTP/1.1" 302 0 "-" "Mozilla/5.0 AppleWebKit/537.36 (KHTML, like Gecko; compatible; GPTBot/1.2; +https://openai.com/gptbot)"
20.171.207.230 - - [05/Jul/2025:12:47:27 -0400] "GET /ar/ HTTP/1.1" 200 10545 "-" "Mozilla/5.0 AppleWebKit/537.36 (KHTML, like Gecko; compatible; GPTBot/1.2; +https://openai.com/gptbot)"
20.171.207.230 - - [05/Jul/2025:12:47:28 -0400] "GET /items/cxbjb115/12640?key=badly HTTP/1.1" 302 0 "-" "Mozilla/5.0 AppleWebKit/537.36 (KHTML, like Gecko; compatible; GPTBot/1.2; +https://openai.com/gptbot)"
20.171.207.230 - - [05/Jul/2025:12:47:28 -0400] "GET /ar/ HTTP/1.1" 200 10545 "-" "Mozilla/5.0 AppleWebKit/537.36 (KHTML, like Gecko; compatible; GPTBot/1.2; +https://openai.com/gptbot)"
66.249.68.137 - - [05/Jul/2025:12:47:46 -0400] "GET /items/hpswd101/25702?key=confession HTTP/1.1" 200 86838 "-" "Mozilla/5.0 (Linux; Android 6.0.1; Nexus 5X Build/MMB29P) AppleWebKit/537.36 (KHTML, like Gecko) Chrome/137.0.7151.103 Mobile Safari/537.36 (compatible; GoogleOther)"
66.249.79.206 - - [05/Jul/2025:12:48:16 -0400] "GET /pcmypage?callback=product/review/bungoot-ed1513712 HTTP/1.1" 200 88207 "-" "Mozilla/5.0 (Linux; Android 6.0.1; Nexus 5X Build/MMB29P) AppleWebKit/537.36 (KHTML, like Gecko) Chrome/137.0.7151.103 Mobile Safari/537.36 (compatible; Googlebot/2.1; +http://www.google.com/bot.html)"
66.29.146.47 - - [05/Jul/2025:12:48:19 -0400] "POST /wp-cron.php?doing_wp_cron=1751734099.6501441001892089843750 HTTP/1.1" 403 1242 "-" "WordPress/6.8; https://first-gulf.com.sa"
20.171.207.230 - - [05/Jul/2025:12:48:19 -0400] "GET /items/zcvdi267/14362?key=build HTTP/1.1" 302 0 "-" "Mozilla/5.0 AppleWebKit/537.36 (KHTML, like Gecko; compatible; GPTBot/1.2; +https://openai.com/gptbot)"
66.29.146.47 - - [05/Jul/2025:12:48:20 -0400] "POST /ar/wp-cron.php?doing_wp_cron=1751734100.0041830539703369140625 HTTP/1.1" 404 10549 "-" "WordPress/6.8; https://first-gulf.com.sa/ar"
20.171.207.230 - - [05/Jul/2025:12:48:19 -0400] "GET /ar/ HTTP/1.1" 200 10545 "-" "Mozilla/5.0 AppleWebKit/537.36 (KHTML, like Gecko; compatible; GPTBot/1.2; +https://openai.com/gptbot)"
20.171.207.230 - - [05/Jul/2025:12:48:21 -0400] "GET /items/wghbo291/13550?key=aisle HTTP/1.1" 302 0 "-" "Mozilla/5.0 AppleWebKit/537.36 (KHTML, like Gecko; compatible; GPTBot/1.2; +https://openai.com/gptbot)"
20.171.207.230 - - [05/Jul/2025:12:48:21 -0400] "GET /ar/ HTTP/1.1" 200 10545 "-" "Mozilla/5.0 AppleWebKit/537.36 (KHTML, like Gecko; compatible; GPTBot/1.2; +https://openai.com/gptbot)"
20.171.207.230 - - [05/Jul/2025:12:48:22 -0400] "GET /items/nnbvl146/12793?key=mount HTTP/1.1" 302 0 "-" "Mozilla/5.0 AppleWebKit/537.36 (KHTML, like Gecko; compatible; GPTBot/1.2; +https://openai.com/gptbot)"
20.171.207.230 - - [05/Jul/2025:12:48:22 -0400] "GET /ar/ HTTP/1.1" 200 10545 "-" "Mozilla/5.0 AppleWebKit/537.36 (KHTML, like Gecko; compatible; GPTBot/1.2; +https://openai.com/gptbot)"
66.249.68.128 - - [05/Jul/2025:12:48:23 -0400] "GET /items/ofmkg16/41627?key=last HTTP/1.1" 200 88543 "-" "Mozilla/5.0 (Linux; Android 6.0.1; Nexus 5X Build/MMB29P) AppleWebKit/537.36 (KHTML, like Gecko) Chrome/137.0.7151.103 Mobile Safari/537.36 (compatible; GoogleOther)"
20.171.207.230 - - [05/Jul/2025:12:48:23 -0400] "GET /items/gazei283/49068?key=which HTTP/1.1" 302 0 "-" "Mozilla/5.0 AppleWebKit/537.36 (KHTML, like Gecko; compatible; GPTBot/1.2; +https://openai.com/gptbot)"
20.171.207.230 - - [05/Jul/2025:12:48:24 -0400] "GET /ar/ HTTP/1.1" 200 10545 "-" "Mozilla/5.0 AppleWebKit/537.36 (KHTML, like Gecko; compatible; GPTBot/1.2; +https://openai.com/gptbot)"
20.171.207.230 - - [05/Jul/2025:12:48:25 -0400] "GET /items/xrowy207/18940?key=speak HTTP/1.1" 302 0 "-" "Mozilla/5.0 AppleWebKit/537.36 (KHTML, like Gecko; compatible; GPTBot/1.2; +https://openai.com/gptbot)"
20.171.207.230 - - [05/Jul/2025:12:48:25 -0400] "GET /ar/ HTTP/1.1" 200 10545 "-" "Mozilla/5.0 AppleWebKit/537.36 (KHTML, like Gecko; compatible; GPTBot/1.2; +https://openai.com/gptbot)"
20.171.207.230 - - [05/Jul/2025:12:48:26 -0400] "GET /items/tobjl279/38836?key=beard HTTP/1.1" 302 0 "-" "Mozilla/5.0 AppleWebKit/537.36 (KHTML, like Gecko; compatible; GPTBot/1.2; +https://openai.com/gptbot)"
20.171.207.230 - - [05/Jul/2025:12:48:26 -0400] "GET /ar/ HTTP/1.1" 200 10545 "-" "Mozilla/5.0 AppleWebKit/537.36 (KHTML, like Gecko; compatible; GPTBot/1.2; +https://openai.com/gptbot)"
20.171.207.230 - - [05/Jul/2025:12:48:27 -0400] "GET /items/zdozl282/34179?key=blend HTTP/1.1" 302 0 "-" "Mozilla/5.0 AppleWebKit/537.36 (KHTML, like Gecko; compatible; GPTBot/1.2; +https://openai.com/gptbot)"
20.171.207.230 - - [05/Jul/2025:12:48:27 -0400] "GET /ar/ HTTP/1.1" 200 10545 "-" "Mozilla/5.0 AppleWebKit/537.36 (KHTML, like Gecko; compatible; GPTBot/1.2; +https://openai.com/gptbot)"
20.171.207.230 - - [05/Jul/2025:12:48:28 -0400] "GET /items/jzwzr192/23679?key=glass HTTP/1.1" 302 0 "-" "Mozilla/5.0 AppleWebKit/537.36 (KHTML, like Gecko; compatible; GPTBot/1.2; +https://openai.com/gptbot)"
20.171.207.230 - - [05/Jul/2025:12:48:28 -0400] "GET /ar/ HTTP/1.1" 200 10545 "-" "Mozilla/5.0 AppleWebKit/537.36 (KHTML, like Gecko; compatible; GPTBot/1.2; +https://openai.com/gptbot)"
20.171.207.230 - - [05/Jul/2025:12:48:29 -0400] "GET /items/jyxir124/32769?key=pitch HTTP/1.1" 302 0 "-" "Mozilla/5.0 AppleWebKit/537.36 (KHTML, like Gecko; compatible; GPTBot/1.2; +https://openai.com/gptbot)"
20.171.207.230 - - [05/Jul/2025:12:48:29 -0400] "GET /ar/ HTTP/1.1" 200 10545 "-" "Mozilla/5.0 AppleWebKit/537.36 (KHTML, like Gecko; compatible; GPTBot/1.2; +https://openai.com/gptbot)"
20.171.207.230 - - [05/Jul/2025:12:48:31 -0400] "GET /items/pmgbb270/45693?key=alley HTTP/1.1" 302 0 "-" "Mozilla/5.0 AppleWebKit/537.36 (KHTML, like Gecko; compatible; GPTBot/1.2; +https://openai.com/gptbot)"
20.171.207.230 - - [05/Jul/2025:12:48:31 -0400] "GET /ar/ HTTP/1.1" 200 10545 "-" "Mozilla/5.0 AppleWebKit/537.36 (KHTML, like Gecko; compatible; GPTBot/1.2; +https://openai.com/gptbot)"
66.249.79.192 - - [05/Jul/2025:12:48:34 -0400] "GET /items/264027236.html?srsltid=AfmBOouwpYPDtwslaJmFp3f9LMnvlGpwImh6n6y4a3agHeYYIqqo HTTP/1.1" 200 87430 "-" "Mozilla/5.0 (compatible; Googlebot/2.1; +http://www.google.com/bot.html)"
66.249.79.206 - - [05/Jul/2025:12:48:47 -0400] "GET /pcmypage?callback=product%2Fdetail%2Ff035017-karumai-1070547 HTTP/1.1" 200 87364 "-" "Mozilla/5.0 (Linux; Android 6.0.1; Nexus 5X Build/MMB29P) AppleWebKit/537.36 (KHTML, like Gecko) Chrome/137.0.7151.103 Mobile Safari/537.36 (compatible; Googlebot/2.1; +http://www.google.com/bot.html)"
66.249.68.128 - - [05/Jul/2025:12:48:55 -0400] "GET /items/rwhly194/18821?key=tendency HTTP/1.1" 200 87449 "-" "Mozilla/5.0 (Linux; Android 6.0.1; Nexus 5X Build/MMB29P) AppleWebKit/537.36 (KHTML, like Gecko) Chrome/137.0.7151.103 Mobile Safari/537.36 (compatible; GoogleOther)"
66.249.68.129 - - [05/Jul/2025:12:49:01 -0400] "GET /items/kywzk243/10454?key=commitment HTTP/1.1" 200 89102 "-" "Mozilla/5.0 (Linux; Android 6.0.1; Nexus 5X Build/MMB29P) AppleWebKit/537.36 (KHTML, like Gecko) Chrome/137.0.7151.103 Mobile Safari/537.36 (compatible; GoogleOther)"
66.249.68.128 - - [05/Jul/2025:12:49:04 -0400] "GET /zhHant/product/surugaya/first23-asone-62-6548-76?campaign_uid=f64d716db5e979ed2f947dbaf4296895b951ae7f HTTP/1.1" 200 86755 "-" "Mozilla/5.0 (compatible; Googlebot/2.1; +http://www.google.com/bot.html)"
66.29.146.47 - - [05/Jul/2025:12:49:23 -0400] "POST /wp-cron.php?doing_wp_cron=1751734163.3433120250701904296875 HTTP/1.1" 403 1242 "-" "WordPress/6.8; https://first-gulf.com.sa"
20.171.207.230 - - [05/Jul/2025:12:49:23 -0400] "GET /items/tcqun236/13827?key=flame HTTP/1.1" 302 0 "-" "Mozilla/5.0 AppleWebKit/537.36 (KHTML, like Gecko; compatible; GPTBot/1.2; +https://openai.com/gptbot)"
66.29.146.47 - - [05/Jul/2025:12:49:23 -0400] "POST /ar/wp-cron.php?doing_wp_cron=1751734163.7519099712371826171875 HTTP/1.1" 404 10548 "-" "WordPress/6.8; https://first-gulf.com.sa/ar"
20.171.207.230 - - [05/Jul/2025:12:49:23 -0400] "GET /ar/ HTTP/1.1" 200 10545 "-" "Mozilla/5.0 AppleWebKit/537.36 (KHTML, like Gecko; compatible; GPTBot/1.2; +https://openai.com/gptbot)"
20.171.207.230 - - [05/Jul/2025:12:49:24 -0400] "GET /items/oeqlf167/23196?key=radio HTTP/1.1" 302 0 "-" "Mozilla/5.0 AppleWebKit/537.36 (KHTML, like Gecko; compatible; GPTBot/1.2; +https://openai.com/gptbot)"
20.171.207.230 - - [05/Jul/2025:12:49:25 -0400] "GET /ar/ HTTP/1.1" 200 10545 "-" "Mozilla/5.0 AppleWebKit/537.36 (KHTML, like Gecko; compatible; GPTBot/1.2; +https://openai.com/gptbot)"
20.171.207.230 - - [05/Jul/2025:12:49:26 -0400] "GET /items/whxbc271/43276?key=below HTTP/1.1" 302 0 "-" "Mozilla/5.0 AppleWebKit/537.36 (KHTML, like Gecko; compatible; GPTBot/1.2; +https://openai.com/gptbot)"
20.171.207.230 - - [05/Jul/2025:12:49:26 -0400] "GET /ar/ HTTP/1.1" 200 10545 "-" "Mozilla/5.0 AppleWebKit/537.36 (KHTML, like Gecko; compatible; GPTBot/1.2; +https://openai.com/gptbot)"
20.171.207.230 - - [05/Jul/2025:12:49:27 -0400] "GET /items/ewzqn294/42389?key=major HTTP/1.1" 302 0 "-" "Mozilla/5.0 AppleWebKit/537.36 (KHTML, like Gecko; compatible; GPTBot/1.2; +https://openai.com/gptbot)"
20.171.207.230 - - [05/Jul/2025:12:49:27 -0400] "GET /ar/ HTTP/1.1" 200 10545 "-" "Mozilla/5.0 AppleWebKit/537.36 (KHTML, like Gecko; compatible; GPTBot/1.2; +https://openai.com/gptbot)"
20.171.207.230 - - [05/Jul/2025:12:49:28 -0400] "GET /items/csqgy300/12581?key=relax HTTP/1.1" 302 0 "-" "Mozilla/5.0 AppleWebKit/537.36 (KHTML, like Gecko; compatible; GPTBot/1.2; +https://openai.com/gptbot)"
20.171.207.230 - - [05/Jul/2025:12:49:28 -0400] "GET /ar/ HTTP/1.1" 200 10545 "-" "Mozilla/5.0 AppleWebKit/537.36 (KHTML, like Gecko; compatible; GPTBot/1.2; +https://openai.com/gptbot)"
20.171.207.230 - - [05/Jul/2025:12:49:29 -0400] "GET /items/zvhyx149/14406?key=allow HTTP/1.1" 302 0 "-" "Mozilla/5.0 AppleWebKit/537.36 (KHTML, like Gecko; compatible; GPTBot/1.2; +https://openai.com/gptbot)"
20.171.207.230 - - [05/Jul/2025:12:49:29 -0400] "GET /ar/ HTTP/1.1" 200 10545 "-" "Mozilla/5.0 AppleWebKit/537.36 (KHTML, like Gecko; compatible; GPTBot/1.2; +https://openai.com/gptbot)"
20.171.207.230 - - [05/Jul/2025:12:49:30 -0400] "GET /items/ebokj196/28427?key=north HTTP/1.1" 302 0 "-" "Mozilla/5.0 AppleWebKit/537.36 (KHTML, like Gecko; compatible; GPTBot/1.2; +https://openai.com/gptbot)"
20.171.207.230 - - [05/Jul/2025:12:49:30 -0400] "GET /ar/ HTTP/1.1" 200 10545 "-" "Mozilla/5.0 AppleWebKit/537.36 (KHTML, like Gecko; compatible; GPTBot/1.2; +https://openai.com/gptbot)"
20.171.207.230 - - [05/Jul/2025:12:49:31 -0400] "GET /items/orgdf243/12796?key=smile HTTP/1.1" 302 0 "-" "Mozilla/5.0 AppleWebKit/537.36 (KHTML, like Gecko; compatible; GPTBot/1.2; +https://openai.com/gptbot)"
20.171.207.230 - - [05/Jul/2025:12:49:31 -0400] "GET /ar/ HTTP/1.1" 200 10545 "-" "Mozilla/5.0 AppleWebKit/537.36 (KHTML, like Gecko; compatible; GPTBot/1.2; +https://openai.com/gptbot)"
20.171.207.230 - - [05/Jul/2025:12:49:32 -0400] "GET /items/mndcw288/21047?key=reply HTTP/1.1" 302 0 "-" "Mozilla/5.0 AppleWebKit/537.36 (KHTML, like Gecko; compatible; GPTBot/1.2; +https://openai.com/gptbot)"
20.171.207.230 - - [05/Jul/2025:12:49:33 -0400] "GET /ar/ HTTP/1.1" 200 10545 "-" "Mozilla/5.0 AppleWebKit/537.36 (KHTML, like Gecko; compatible; GPTBot/1.2; +https://openai.com/gptbot)"
20.171.207.230 - - [05/Jul/2025:12:49:34 -0400] "GET /items/lldoz204/48701?key=phase HTTP/1.1" 302 0 "-" "Mozilla/5.0 AppleWebKit/537.36 (KHTML, like Gecko; compatible; GPTBot/1.2; +https://openai.com/gptbot)"
20.171.207.230 - - [05/Jul/2025:12:49:34 -0400] "GET /ar/ HTTP/1.1" 200 10545 "-" "Mozilla/5.0 AppleWebKit/537.36 (KHTML, like Gecko; compatible; GPTBot/1.2; +https://openai.com/gptbot)"
66.249.79.193 - - [05/Jul/2025:12:49:37 -0400] "GET /robots.txt HTTP/1.1" 200 109 "-" "Mozilla/5.0 (compatible; Googlebot/2.1; +http://www.google.com/bot.html)"
66.249.79.193 - - [05/Jul/2025:12:49:37 -0400] "GET /pcmypage?callback=product/review/first23-trusco-3205598 HTTP/1.1" 200 87278 "-" "Mozilla/5.0 (Linux; Android 6.0.1; Nexus 5X Build/MMB29P) AppleWebKit/537.36 (KHTML, like Gecko) Chrome/137.0.7151.103 Mobile Safari/537.36 (compatible; Googlebot/2.1; +http://www.google.com/bot.html)"
66.249.68.137 - - [05/Jul/2025:12:49:38 -0400] "GET /category/78_2021/1/listing HTTP/1.1" 200 88177 "-" "Mozilla/5.0 (Linux; Android 6.0.1; Nexus 5X Build/MMB29P) AppleWebKit/537.36 (KHTML, like Gecko) Chrome/137.0.7151.103 Mobile Safari/537.36 (compatible; GoogleOther)"
66.249.68.137 - - [05/Jul/2025:12:49:51 -0400] "GET /items/152028342.html?srsltid=AfmBOoawuswuFOfiTeKsy6yAPyVzLEoDuqnarfKYQjaPeQPRpHLZ HTTP/1.1" 200 89374 "-" "Mozilla/5.0 (Linux; Android 6.0.1; Nexus 5X Build/MMB29P) AppleWebKit/537.36 (KHTML, like Gecko) Chrome/137.0.7151.103 Mobile Safari/537.36 (compatible; Googlebot/2.1; +http://www.google.com/bot.html)"
66.249.79.192 - - [05/Jul/2025:12:49:52 -0400] "GET /items/jiiln62/7139?key=theme HTTP/1.1" 200 86543 "-" "Mozilla/5.0 (Linux; Android 6.0.1; Nexus 5X Build/MMB29P) AppleWebKit/537.36 (KHTML, like Gecko) Chrome/137.0.7151.103 Mobile Safari/537.36 (compatible; Googlebot/2.1; +http://www.google.com/bot.html)"
66.249.68.128 - - [05/Jul/2025:12:50:15 -0400] "GET /items/xvide212/14931?key=finally HTTP/1.1" 200 86655 "-" "Mozilla/5.0 (Linux; Android 6.0.1; Nexus 5X Build/MMB29P) AppleWebKit/537.36 (KHTML, like Gecko) Chrome/137.0.7151.103 Mobile Safari/537.36 (compatible; GoogleOther)"
66.29.146.47 - - [05/Jul/2025:12:50:24 -0400] "POST /wp-cron.php?doing_wp_cron=1751734224.6044700145721435546875 HTTP/1.1" 403 1242 "-" "WordPress/6.8; https://first-gulf.com.sa"
20.171.207.230 - - [05/Jul/2025:12:50:24 -0400] "GET /items/jeqpi187/31410?key=crush HTTP/1.1" 302 0 "-" "Mozilla/5.0 AppleWebKit/537.36 (KHTML, like Gecko; compatible; GPTBot/1.2; +https://openai.com/gptbot)"
66.29.146.47 - - [05/Jul/2025:12:50:25 -0400] "POST /ar/wp-cron.php?doing_wp_cron=1751734225.2709920406341552734375 HTTP/1.1" 200 0 "-" "WordPress/6.8; https://first-gulf.com.sa/ar"
20.171.207.230 - - [05/Jul/2025:12:50:25 -0400] "GET /ar/ HTTP/1.1" 200 10545 "-" "Mozilla/5.0 AppleWebKit/537.36 (KHTML, like Gecko; compatible; GPTBot/1.2; +https://openai.com/gptbot)"
20.171.207.230 - - [05/Jul/2025:12:50:27 -0400] "GET /items/lhwbf185/35748?key=heart HTTP/1.1" 302 0 "-" "Mozilla/5.0 AppleWebKit/537.36 (KHTML, like Gecko; compatible; GPTBot/1.2; +https://openai.com/gptbot)"
20.171.207.230 - - [05/Jul/2025:12:50:27 -0400] "GET /ar/ HTTP/1.1" 200 10545 "-" "Mozilla/5.0 AppleWebKit/537.36 (KHTML, like Gecko; compatible; GPTBot/1.2; +https://openai.com/gptbot)"
20.171.207.230 - - [05/Jul/2025:12:50:28 -0400] "GET /items/couxp277/14194?key=weird HTTP/1.1" 302 0 "-" "Mozilla/5.0 AppleWebKit/537.36 (KHTML, like Gecko; compatible; GPTBot/1.2; +https://openai.com/gptbot)"
20.171.207.230 - - [05/Jul/2025:12:50:28 -0400] "GET /ar/ HTTP/1.1" 200 10545 "-" "Mozilla/5.0 AppleWebKit/537.36 (KHTML, like Gecko; compatible; GPTBot/1.2; +https://openai.com/gptbot)"
20.171.207.230 - - [05/Jul/2025:12:50:29 -0400] "GET /items/hpeff205/43614?key=trail HTTP/1.1" 302 0 "-" "Mozilla/5.0 AppleWebKit/537.36 (KHTML, like Gecko; compatible; GPTBot/1.2; +https://openai.com/gptbot)"
20.171.207.230 - - [05/Jul/2025:12:50:30 -0400] "GET /ar/ HTTP/1.1" 200 10545 "-" "Mozilla/5.0 AppleWebKit/537.36 (KHTML, like Gecko; compatible; GPTBot/1.2; +https://openai.com/gptbot)"
20.171.207.230 - - [05/Jul/2025:12:50:31 -0400] "GET /items/lwujq143/40522?key=abuse HTTP/1.1" 302 0 "-" "Mozilla/5.0 AppleWebKit/537.36 (KHTML, like Gecko; compatible; GPTBot/1.2; +https://openai.com/gptbot)"
20.171.207.230 - - [05/Jul/2025:12:50:31 -0400] "GET /ar/ HTTP/1.1" 200 10545 "-" "Mozilla/5.0 AppleWebKit/537.36 (KHTML, like Gecko; compatible; GPTBot/1.2; +https://openai.com/gptbot)"
20.171.207.230 - - [05/Jul/2025:12:50:32 -0400] "GET /items/gpiyf217/39930?key=lover HTTP/1.1" 302 0 "-" "Mozilla/5.0 AppleWebKit/537.36 (KHTML, like Gecko; compatible; GPTBot/1.2; +https://openai.com/gptbot)"
20.171.207.230 - - [05/Jul/2025:12:50:32 -0400] "GET /ar/ HTTP/1.1" 200 10545 "-" "Mozilla/5.0 AppleWebKit/537.36 (KHTML, like Gecko; compatible; GPTBot/1.2; +https://openai.com/gptbot)"
20.171.207.230 - - [05/Jul/2025:12:50:33 -0400] "GET /items/coyvz130/49243?key=naked HTTP/1.1" 302 0 "-" "Mozilla/5.0 AppleWebKit/537.36 (KHTML, like Gecko; compatible; GPTBot/1.2; +https://openai.com/gptbot)"
20.171.207.230 - - [05/Jul/2025:12:50:34 -0400] "GET /ar/ HTTP/1.1" 200 10545 "-" "Mozilla/5.0 AppleWebKit/537.36 (KHTML, like Gecko; compatible; GPTBot/1.2; +https://openai.com/gptbot)"
20.171.207.230 - - [05/Jul/2025:12:50:35 -0400] "GET /items/sjgut282/36749?key=scare HTTP/1.1" 302 0 "-" "Mozilla/5.0 AppleWebKit/537.36 (KHTML, like Gecko; compatible; GPTBot/1.2; +https://openai.com/gptbot)"
20.171.207.230 - - [05/Jul/2025:12:50:35 -0400] "GET /ar/ HTTP/1.1" 200 10545 "-" "Mozilla/5.0 AppleWebKit/537.36 (KHTML, like Gecko; compatible; GPTBot/1.2; +https://openai.com/gptbot)"
20.171.207.230 - - [05/Jul/2025:12:50:36 -0400] "GET /items/pqwvp166/15585?key=cloud HTTP/1.1" 302 0 "-" "Mozilla/5.0 AppleWebKit/537.36 (KHTML, like Gecko; compatible; GPTBot/1.2; +https://openai.com/gptbot)"
20.171.207.230 - - [05/Jul/2025:12:50:36 -0400] "GET /ar/ HTTP/1.1" 200 10545 "-" "Mozilla/5.0 AppleWebKit/537.36 (KHTML, like Gecko; compatible; GPTBot/1.2; +https://openai.com/gptbot)"
20.171.207.230 - - [05/Jul/2025:12:50:37 -0400] "GET /items/lcapx260/26519?key=radar HTTP/1.1" 302 0 "-" "Mozilla/5.0 AppleWebKit/537.36 (KHTML, like Gecko; compatible; GPTBot/1.2; +https://openai.com/gptbot)"
20.171.207.230 - - [05/Jul/2025:12:50:37 -0400] "GET /ar/ HTTP/1.1" 200 10547 "-" "Mozilla/5.0 AppleWebKit/537.36 (KHTML, like Gecko; compatible; GPTBot/1.2; +https://openai.com/gptbot)"
66.249.68.137 - - [05/Jul/2025:12:50:52 -0400] "GET /items/uihgg176/13813?key=helmet HTTP/1.1" 200 87423 "-" "Mozilla/5.0 (Linux; Android 6.0.1; Nexus 5X Build/MMB29P) AppleWebKit/537.36 (KHTML, like Gecko) Chrome/137.0.7151.103 Mobile Safari/537.36 (compatible; GoogleOther)"
66.249.68.137 - - [05/Jul/2025:12:50:54 -0400] "GET /items/bffnj78/13205?key=worry HTTP/1.1" 200 86957 "-" "Mozilla/5.0 (Linux; Android 6.0.1; Nexus 5X Build/MMB29P) AppleWebKit/537.36 (KHTML, like Gecko) Chrome/137.0.7151.103 Mobile Safari/537.36 (compatible; Googlebot/2.1; +http://www.google.com/bot.html)"
66.249.68.137 - - [05/Jul/2025:12:50:55 -0400] "GET /category/20_21_22_1532_3708/1/listing HTTP/1.1" 200 88145 "-" "Mozilla/5.0 (Linux; Android 6.0.1; Nexus 5X Build/MMB29P) AppleWebKit/537.36 (KHTML, like Gecko) Chrome/137.0.7151.103 Mobile Safari/537.36 (compatible; Googlebot/2.1; +http://www.google.com/bot.html)"
66.249.68.137 - - [05/Jul/2025:12:51:09 -0400] "GET /items/fvbhf18/5499?key=minimize HTTP/1.1" 200 87921 "-" "Mozilla/5.0 (compatible; Googlebot/2.1; +http://www.google.com/bot.html)"
66.249.68.137 - - [05/Jul/2025:12:51:12 -0400] "GET /pcmypage?callback=/product%2Fdetail%2Fkikaku-rect-l-1 HTTP/1.1" 200 87482 "-" "Mozilla/5.0 (Linux; Android 6.0.1; Nexus 5X Build/MMB29P) AppleWebKit/537.36 (KHTML, like Gecko) Chrome/137.0.7151.103 Mobile Safari/537.36 (compatible; Googlebot/2.1; +http://www.google.com/bot.html)"
20.171.207.230 - - [05/Jul/2025:12:51:22 -0400] "GET /items/sqjxz196/46123?key=while HTTP/1.1" 302 0 "-" "Mozilla/5.0 AppleWebKit/537.36 (KHTML, like Gecko; compatible; GPTBot/1.2; +https://openai.com/gptbot)"
20.171.207.230 - - [05/Jul/2025:12:51:22 -0400] "GET /ar/ HTTP/1.1" 200 10545 "-" "Mozilla/5.0 AppleWebKit/537.36 (KHTML, like Gecko; compatible; GPTBot/1.2; +https://openai.com/gptbot)"
20.171.207.230 - - [05/Jul/2025:12:51:23 -0400] "GET /items/vwroe264/16481?key=panic HTTP/1.1" 302 0 "-" "Mozilla/5.0 AppleWebKit/537.36 (KHTML, like Gecko; compatible; GPTBot/1.2; +https://openai.com/gptbot)"
20.171.207.230 - - [05/Jul/2025:12:51:23 -0400] "GET /ar/ HTTP/1.1" 200 10545 "-" "Mozilla/5.0 AppleWebKit/537.36 (KHTML, like Gecko; compatible; GPTBot/1.2; +https://openai.com/gptbot)"
20.171.207.230 - - [05/Jul/2025:12:51:24 -0400] "GET /items/hwjco196/30717?key=death HTTP/1.1" 302 0 "-" "Mozilla/5.0 AppleWebKit/537.36 (KHTML, like Gecko; compatible; GPTBot/1.2; +https://openai.com/gptbot)"
66.249.68.137 - - [05/Jul/2025:12:51:24 -0400] "GET /items/182027220.html?srsltid=AfmBOodlueOOAzjVquZNSVr9SrCxQHfRkXpuxFF6sS1Rf0m82dDe HTTP/1.1" 200 87355 "-" "Mozilla/5.0 (Linux; Android 6.0.1; Nexus 5X Build/MMB29P) AppleWebKit/537.36 (KHTML, like Gecko) Chrome/137.0.7151.103 Mobile Safari/537.36 (compatible; GoogleOther)"
20.171.207.230 - - [05/Jul/2025:12:51:24 -0400] "GET /ar/ HTTP/1.1" 200 10545 "-" "Mozilla/5.0 AppleWebKit/537.36 (KHTML, like Gecko; compatible; GPTBot/1.2; +https://openai.com/gptbot)"
66.29.146.47 - - [05/Jul/2025:12:51:25 -0400] "POST /wp-cron.php?doing_wp_cron=1751734285.7273309230804443359375 HTTP/1.1" 403 1242 "-" "WordPress/6.8; https://first-gulf.com.sa"
