66.249.77.137 - - [05/Jul/2025:08:33:44 -0400] "GET /zhHant/product/surugaya/re-vida-y1-17978532re?campaign_uid=f64d716db5e979ed2f947dbaf4296895b951ae7f HTTP/1.1" 200 88383 "-" "Mozilla/5.0 (Linux; Android 6.0.1; Nexus 5X Build/MMB29P) AppleWebKit/537.36 (KHTML, like Gecko) Chrome/137.0.7151.103 Mobile Safari/537.36 (compatible; Googlebot/2.1; +http://www.google.com/bot.html)"
20.171.207.230 - - [05/Jul/2025:08:33:42 -0400] "GET /ar/ HTTP/1.1" 200 10545 "-" "Mozilla/5.0 AppleWebKit/537.36 (KHTML, like Gecko; compatible; GPTBot/1.2; +https://openai.com/gptbot)"
66.29.146.47 - - [05/Jul/2025:08:33:47 -0400] "POST /wp-cron.php?doing_wp_cron=1751718826.3471369743347167968750 HTTP/1.1" 403 1242 "-" "WordPress/6.8; https://first-gulf.com.sa"
20.171.207.230 - - [05/Jul/2025:08:33:45 -0400] "GET /items/lwqpp32/26227?key=patience HTTP/1.1" 302 0 "-" "Mozilla/5.0 AppleWebKit/537.36 (KHTML, like Gecko; compatible; GPTBot/1.2; +https://openai.com/gptbot)"
20.171.207.230 - - [05/Jul/2025:08:33:47 -0400] "GET /ar/ HTTP/1.1" 200 10545 "-" "Mozilla/5.0 AppleWebKit/537.36 (KHTML, like Gecko; compatible; GPTBot/1.2; +https://openai.com/gptbot)"
20.171.207.230 - - [05/Jul/2025:08:33:50 -0400] "GET /items/qfddh63/12892?key=extended HTTP/1.1" 302 0 "-" "Mozilla/5.0 AppleWebKit/537.36 (KHTML, like Gecko; compatible; GPTBot/1.2; +https://openai.com/gptbot)"
66.249.69.14 - - [05/Jul/2025:08:33:53 -0400] "GET /search.php?pcmypage?callback=product/review/matsuyadenki-6734905017 HTTP/1.1" 200 88250 "-" "Mozilla/5.0 (compatible; Googlebot/2.1; +http://www.google.com/bot.html)"
20.171.207.230 - - [05/Jul/2025:08:33:51 -0400] "GET /ar/ HTTP/1.1" 200 10545 "-" "Mozilla/5.0 AppleWebKit/537.36 (KHTML, like Gecko; compatible; GPTBot/1.2; +https://openai.com/gptbot)"
20.171.207.230 - - [05/Jul/2025:08:33:55 -0400] "GET /items/oukrk225/9960?key=surround HTTP/1.1" 302 0 "-" "Mozilla/5.0 AppleWebKit/537.36 (KHTML, like Gecko; compatible; GPTBot/1.2; +https://openai.com/gptbot)"
20.171.207.230 - - [05/Jul/2025:08:33:55 -0400] "GET /ar/ HTTP/1.1" 200 10547 "-" "Mozilla/5.0 AppleWebKit/537.36 (KHTML, like Gecko; compatible; GPTBot/1.2; +https://openai.com/gptbot)"
20.171.207.230 - - [05/Jul/2025:08:33:57 -0400] "GET /items/nharm244/6467?key=parental HTTP/1.1" 302 0 "-" "Mozilla/5.0 AppleWebKit/537.36 (KHTML, like Gecko; compatible; GPTBot/1.2; +https://openai.com/gptbot)"
20.171.207.230 - - [05/Jul/2025:08:33:57 -0400] "GET /ar/ HTTP/1.1" 200 10545 "-" "Mozilla/5.0 AppleWebKit/537.36 (KHTML, like Gecko; compatible; GPTBot/1.2; +https://openai.com/gptbot)"
20.171.207.230 - - [05/Jul/2025:08:33:59 -0400] "GET /items/irisp74/44045?key=audience HTTP/1.1" 302 0 "-" "Mozilla/5.0 AppleWebKit/537.36 (KHTML, like Gecko; compatible; GPTBot/1.2; +https://openai.com/gptbot)"
20.171.207.230 - - [05/Jul/2025:08:34:00 -0400] "GET /ar/ HTTP/1.1" 200 10545 "-" "Mozilla/5.0 AppleWebKit/537.36 (KHTML, like Gecko; compatible; GPTBot/1.2; +https://openai.com/gptbot)"
20.171.207.230 - - [05/Jul/2025:08:34:02 -0400] "GET /items/cxarx93/16314?key=listener HTTP/1.1" 302 0 "-" "Mozilla/5.0 AppleWebKit/537.36 (KHTML, like Gecko; compatible; GPTBot/1.2; +https://openai.com/gptbot)"
20.171.207.230 - - [05/Jul/2025:08:34:02 -0400] "GET /ar/ HTTP/1.1" 200 10545 "-" "Mozilla/5.0 AppleWebKit/537.36 (KHTML, like Gecko; compatible; GPTBot/1.2; +https://openai.com/gptbot)"
20.171.207.230 - - [05/Jul/2025:08:34:04 -0400] "GET /items/vljyl94/23219?key=separate HTTP/1.1" 302 0 "-" "Mozilla/5.0 AppleWebKit/537.36 (KHTML, like Gecko; compatible; GPTBot/1.2; +https://openai.com/gptbot)"
20.171.207.230 - - [05/Jul/2025:08:34:04 -0400] "GET /ar/ HTTP/1.1" 200 10545 "-" "Mozilla/5.0 AppleWebKit/537.36 (KHTML, like Gecko; compatible; GPTBot/1.2; +https://openai.com/gptbot)"
20.171.207.230 - - [05/Jul/2025:08:34:07 -0400] "GET /items/dpcks65/19610?key=audience HTTP/1.1" 302 0 "-" "Mozilla/5.0 AppleWebKit/537.36 (KHTML, like Gecko; compatible; GPTBot/1.2; +https://openai.com/gptbot)"
20.171.207.230 - - [05/Jul/2025:08:34:07 -0400] "GET /ar/ HTTP/1.1" 200 10545 "-" "Mozilla/5.0 AppleWebKit/537.36 (KHTML, like Gecko; compatible; GPTBot/1.2; +https://openai.com/gptbot)"
20.171.207.230 - - [05/Jul/2025:08:34:11 -0400] "GET /items/mwiht13/46134?key=portrait HTTP/1.1" 302 0 "-" "Mozilla/5.0 AppleWebKit/537.36 (KHTML, like Gecko; compatible; GPTBot/1.2; +https://openai.com/gptbot)"
20.171.207.230 - - [05/Jul/2025:08:34:11 -0400] "GET /ar/ HTTP/1.1" 200 10547 "-" "Mozilla/5.0 AppleWebKit/537.36 (KHTML, like Gecko; compatible; GPTBot/1.2; +https://openai.com/gptbot)"
20.171.207.230 - - [05/Jul/2025:08:34:12 -0400] "GET /items/fdamu85/10382?key=ultimate HTTP/1.1" 302 0 "-" "Mozilla/5.0 AppleWebKit/537.36 (KHTML, like Gecko; compatible; GPTBot/1.2; +https://openai.com/gptbot)"
20.171.207.230 - - [05/Jul/2025:08:34:12 -0400] "GET /ar/ HTTP/1.1" 200 10545 "-" "Mozilla/5.0 AppleWebKit/537.36 (KHTML, like Gecko; compatible; GPTBot/1.2; +https://openai.com/gptbot)"
20.171.207.230 - - [05/Jul/2025:08:34:15 -0400] "GET /items/grqrk64/40535?key=moreover HTTP/1.1" 302 0 "-" "Mozilla/5.0 AppleWebKit/537.36 (KHTML, like Gecko; compatible; GPTBot/1.2; +https://openai.com/gptbot)"
20.171.207.230 - - [05/Jul/2025:08:34:15 -0400] "GET /ar/ HTTP/1.1" 200 10545 "-" "Mozilla/5.0 AppleWebKit/537.36 (KHTML, like Gecko; compatible; GPTBot/1.2; +https://openai.com/gptbot)"
20.171.207.230 - - [05/Jul/2025:08:34:18 -0400] "GET /items/ckmpf164/4211?key=transfer HTTP/1.1" 302 0 "-" "Mozilla/5.0 AppleWebKit/537.36 (KHTML, like Gecko; compatible; GPTBot/1.2; +https://openai.com/gptbot)"
20.171.207.230 - - [05/Jul/2025:08:34:19 -0400] "GET /ar/ HTTP/1.1" 200 10545 "-" "Mozilla/5.0 AppleWebKit/537.36 (KHTML, like Gecko; compatible; GPTBot/1.2; +https://openai.com/gptbot)"
20.171.207.230 - - [05/Jul/2025:08:34:21 -0400] "GET /items/fyucd17/20770?key=pressure HTTP/1.1" 302 0 "-" "Mozilla/5.0 AppleWebKit/537.36 (KHTML, like Gecko; compatible; GPTBot/1.2; +https://openai.com/gptbot)"
20.171.207.230 - - [05/Jul/2025:08:34:21 -0400] "GET /ar/ HTTP/1.1" 200 10545 "-" "Mozilla/5.0 AppleWebKit/537.36 (KHTML, like Gecko; compatible; GPTBot/1.2; +https://openai.com/gptbot)"
20.171.207.230 - - [05/Jul/2025:08:34:23 -0400] "GET /items/ywwux102/1101?key=strongly HTTP/1.1" 302 0 "-" "Mozilla/5.0 AppleWebKit/537.36 (KHTML, like Gecko; compatible; GPTBot/1.2; +https://openai.com/gptbot)"
20.171.207.230 - - [05/Jul/2025:08:34:23 -0400] "GET /ar/ HTTP/1.1" 200 10545 "-" "Mozilla/5.0 AppleWebKit/537.36 (KHTML, like Gecko; compatible; GPTBot/1.2; +https://openai.com/gptbot)"
66.249.77.139 - - [05/Jul/2025:08:34:25 -0400] "GET /items/chvko86/11?key=consider HTTP/1.1" 200 87320 "-" "Mozilla/5.0 (Linux; Android 6.0.1; Nexus 5X Build/MMB29P) AppleWebKit/537.36 (KHTML, like Gecko) Chrome/137.0.7151.103 Mobile Safari/537.36 (compatible; Googlebot/2.1; +http://www.google.com/bot.html)"
20.171.207.230 - - [05/Jul/2025:08:34:26 -0400] "GET /items/olkxg76/14477?key=everyone HTTP/1.1" 302 0 "-" "Mozilla/5.0 AppleWebKit/537.36 (KHTML, like Gecko; compatible; GPTBot/1.2; +https://openai.com/gptbot)"
20.171.207.230 - - [05/Jul/2025:08:34:26 -0400] "GET /ar/ HTTP/1.1" 200 10545 "-" "Mozilla/5.0 AppleWebKit/537.36 (KHTML, like Gecko; compatible; GPTBot/1.2; +https://openai.com/gptbot)"
20.171.207.230 - - [05/Jul/2025:08:34:29 -0400] "GET /items/lzamp58/38053?key=favorite HTTP/1.1" 302 0 "-" "Mozilla/5.0 AppleWebKit/537.36 (KHTML, like Gecko; compatible; GPTBot/1.2; +https://openai.com/gptbot)"
20.171.207.230 - - [05/Jul/2025:08:34:29 -0400] "GET /ar/ HTTP/1.1" 200 10545 "-" "Mozilla/5.0 AppleWebKit/537.36 (KHTML, like Gecko; compatible; GPTBot/1.2; +https://openai.com/gptbot)"
20.171.207.230 - - [05/Jul/2025:08:34:32 -0400] "GET /items/zfxpq222/3147?key=preserve HTTP/1.1" 302 0 "-" "Mozilla/5.0 AppleWebKit/537.36 (KHTML, like Gecko; compatible; GPTBot/1.2; +https://openai.com/gptbot)"
66.29.146.47 - - [05/Jul/2025:08:34:33 -0400] "POST /ar/wp-cron.php?doing_wp_cron=1751718873.2474610805511474609375 HTTP/1.1" 200 0 "-" "WordPress/6.8; https://first-gulf.com.sa/ar"
20.171.207.230 - - [05/Jul/2025:08:34:33 -0400] "GET /ar/ HTTP/1.1" 200 10545 "-" "Mozilla/5.0 AppleWebKit/537.36 (KHTML, like Gecko; compatible; GPTBot/1.2; +https://openai.com/gptbot)"
20.171.207.230 - - [05/Jul/2025:08:34:37 -0400] "GET /items/khrwe49/7250?key=mm-hmm HTTP/1.1" 302 0 "-" "Mozilla/5.0 AppleWebKit/537.36 (KHTML, like Gecko; compatible; GPTBot/1.2; +https://openai.com/gptbot)"
20.171.207.230 - - [05/Jul/2025:08:34:37 -0400] "GET /ar/ HTTP/1.1" 200 10545 "-" "Mozilla/5.0 AppleWebKit/537.36 (KHTML, like Gecko; compatible; GPTBot/1.2; +https://openai.com/gptbot)"
20.171.207.230 - - [05/Jul/2025:08:34:40 -0400] "GET /items/jxgzq88/38977?key=reflection HTTP/1.1" 302 0 "-" "Mozilla/5.0 AppleWebKit/537.36 (KHTML, like Gecko; compatible; GPTBot/1.2; +https://openai.com/gptbot)"
20.171.207.230 - - [05/Jul/2025:08:34:41 -0400] "GET /ar/ HTTP/1.1" 200 10547 "-" "Mozilla/5.0 AppleWebKit/537.36 (KHTML, like Gecko; compatible; GPTBot/1.2; +https://openai.com/gptbot)"
20.171.207.230 - - [05/Jul/2025:08:34:44 -0400] "GET /items/jxmxk218/4163?key=ridiculous HTTP/1.1" 302 0 "-" "Mozilla/5.0 AppleWebKit/537.36 (KHTML, like Gecko; compatible; GPTBot/1.2; +https://openai.com/gptbot)"
20.171.207.230 - - [05/Jul/2025:08:29:56 -0400] "GET /items/bcnhh256/2169?key=intensity HTTP/1.1" 302 0 "-" "Mozilla/5.0 AppleWebKit/537.36 (KHTML, like Gecko; compatible; GPTBot/1.2; +https://openai.com/gptbot)"
20.171.207.230 - - [05/Jul/2025:08:29:56 -0400] "GET /ar/ HTTP/1.1" 200 10545 "-" "Mozilla/5.0 AppleWebKit/537.36 (KHTML, like Gecko; compatible; GPTBot/1.2; +https://openai.com/gptbot)"
20.171.207.230 - - [05/Jul/2025:08:29:58 -0400] "GET /items/otygp79/54954?key=spiritual HTTP/1.1" 302 0 "-" "Mozilla/5.0 AppleWebKit/537.36 (KHTML, like Gecko; compatible; GPTBot/1.2; +https://openai.com/gptbot)"
20.171.207.230 - - [05/Jul/2025:08:29:58 -0400] "GET /ar/ HTTP/1.1" 200 10545 "-" "Mozilla/5.0 AppleWebKit/537.36 (KHTML, like Gecko; compatible; GPTBot/1.2; +https://openai.com/gptbot)"
20.171.207.230 - - [05/Jul/2025:08:30:01 -0400] "GET /items/rtpwo69/25402?key=therefore HTTP/1.1" 302 0 "-" "Mozilla/5.0 AppleWebKit/537.36 (KHTML, like Gecko; compatible; GPTBot/1.2; +https://openai.com/gptbot)"
20.171.207.230 - - [05/Jul/2025:08:30:02 -0400] "GET /ar/ HTTP/1.1" 200 10545 "-" "Mozilla/5.0 AppleWebKit/537.36 (KHTML, like Gecko; compatible; GPTBot/1.2; +https://openai.com/gptbot)"
20.171.207.230 - - [05/Jul/2025:08:30:05 -0400] "GET /items/tpzyh15/22606?key=interview HTTP/1.1" 302 0 "-" "Mozilla/5.0 AppleWebKit/537.36 (KHTML, like Gecko; compatible; GPTBot/1.2; +https://openai.com/gptbot)"
20.171.207.230 - - [05/Jul/2025:08:30:07 -0400] "GET /ar/ HTTP/1.1" 200 10545 "-" "Mozilla/5.0 AppleWebKit/537.36 (KHTML, like Gecko; compatible; GPTBot/1.2; +https://openai.com/gptbot)"
20.171.207.230 - - [05/Jul/2025:08:30:10 -0400] "GET /items/eakcs16/24149?key=signature HTTP/1.1" 302 0 "-" "Mozilla/5.0 AppleWebKit/537.36 (KHTML, like Gecko; compatible; GPTBot/1.2; +https://openai.com/gptbot)"
20.171.207.230 - - [05/Jul/2025:08:30:14 -0400] "GET /ar/ HTTP/1.1" 200 10545 "-" "Mozilla/5.0 AppleWebKit/537.36 (KHTML, like Gecko; compatible; GPTBot/1.2; +https://openai.com/gptbot)"
20.171.207.230 - - [05/Jul/2025:08:30:18 -0400] "GET /items/nzgfg164/1767?key=guideline HTTP/1.1" 302 0 "-" "Mozilla/5.0 AppleWebKit/537.36 (KHTML, like Gecko; compatible; GPTBot/1.2; +https://openai.com/gptbot)"
20.171.207.230 - - [05/Jul/2025:08:30:18 -0400] "GET /ar/ HTTP/1.1" 200 10545 "-" "Mozilla/5.0 AppleWebKit/537.36 (KHTML, like Gecko; compatible; GPTBot/1.2; +https://openai.com/gptbot)"
20.171.207.230 - - [05/Jul/2025:08:30:20 -0400] "GET /items/lehgz34/49739?key=expertise HTTP/1.1" 302 0 "-" "Mozilla/5.0 AppleWebKit/537.36 (KHTML, like Gecko; compatible; GPTBot/1.2; +https://openai.com/gptbot)"
20.171.207.230 - - [05/Jul/2025:08:30:20 -0400] "GET /ar/ HTTP/1.1" 200 10545 "-" "Mozilla/5.0 AppleWebKit/537.36 (KHTML, like Gecko; compatible; GPTBot/1.2; +https://openai.com/gptbot)"
20.171.207.230 - - [05/Jul/2025:08:30:23 -0400] "GET /items/ybyky76/33645?key=primarily HTTP/1.1" 302 0 "-" "Mozilla/5.0 AppleWebKit/537.36 (KHTML, like Gecko; compatible; GPTBot/1.2; +https://openai.com/gptbot)"
66.249.77.138 - - [05/Jul/2025:08:30:24 -0400] "GET /zhHant/product/surugaya/celeb-kobe-mon-0583-1?campaign_uid=f64d716db5e979ed2f947dbaf4296895b951ae7f HTTP/1.1" 200 87806 "-" "Mozilla/5.0 (Linux; Android 6.0.1; Nexus 5X Build/MMB29P) AppleWebKit/537.36 (KHTML, like Gecko) Chrome/137.0.7151.103 Mobile Safari/537.36 (compatible; Googlebot/2.1; +http://www.google.com/bot.html)"
20.171.207.230 - - [05/Jul/2025:08:30:23 -0400] "GET /ar/ HTTP/1.1" 200 10545 "-" "Mozilla/5.0 AppleWebKit/537.36 (KHTML, like Gecko; compatible; GPTBot/1.2; +https://openai.com/gptbot)"
20.171.207.230 - - [05/Jul/2025:08:30:27 -0400] "GET /items/yxsig31/33306?key=cold HTTP/1.1" 302 0 "-" "Mozilla/5.0 AppleWebKit/537.36 (KHTML, like Gecko; compatible; GPTBot/1.2; +https://openai.com/gptbot)"
20.171.207.230 - - [05/Jul/2025:08:30:28 -0400] "GET /ar/ HTTP/1.1" 200 10545 "-" "Mozilla/5.0 AppleWebKit/537.36 (KHTML, like Gecko; compatible; GPTBot/1.2; +https://openai.com/gptbot)"
20.171.207.230 - - [05/Jul/2025:08:34:45 -0400] "GET /ar/ HTTP/1.1" 200 10545 "-" "Mozilla/5.0 AppleWebKit/537.36 (KHTML, like Gecko; compatible; GPTBot/1.2; +https://openai.com/gptbot)"
66.29.146.47 - - [05/Jul/2025:08:34:49 -0400] "POST /wp-cron.php?doing_wp_cron=1751718889.5625259876251220703125 HTTP/1.1" 403 1242 "-" "WordPress/6.8; https://first-gulf.com.sa"
20.171.207.230 - - [05/Jul/2025:08:34:49 -0400] "GET /items/gjvlx59/44892?key=protection HTTP/1.1" 302 0 "-" "Mozilla/5.0 AppleWebKit/537.36 (KHTML, like Gecko; compatible; GPTBot/1.2; +https://openai.com/gptbot)"
20.171.207.230 - - [05/Jul/2025:08:34:49 -0400] "GET /ar/ HTTP/1.1" 200 10545 "-" "Mozilla/5.0 AppleWebKit/537.36 (KHTML, like Gecko; compatible; GPTBot/1.2; +https://openai.com/gptbot)"
20.171.207.230 - - [05/Jul/2025:08:34:52 -0400] "GET /items/nizhg242/2591?key=Canadian HTTP/1.1" 302 0 "-" "Mozilla/5.0 AppleWebKit/537.36 (KHTML, like Gecko; compatible; GPTBot/1.2; +https://openai.com/gptbot)"
20.171.207.230 - - [05/Jul/2025:08:34:52 -0400] "GET /ar/ HTTP/1.1" 200 10547 "-" "Mozilla/5.0 AppleWebKit/537.36 (KHTML, like Gecko; compatible; GPTBot/1.2; +https://openai.com/gptbot)"
20.171.207.230 - - [05/Jul/2025:08:34:55 -0400] "GET /items/fhrrd29/8686?key=favorite HTTP/1.1" 302 0 "-" "Mozilla/5.0 AppleWebKit/537.36 (KHTML, like Gecko; compatible; GPTBot/1.2; +https://openai.com/gptbot)"
20.171.207.230 - - [05/Jul/2025:08:34:56 -0400] "GET /ar/ HTTP/1.1" 200 10545 "-" "Mozilla/5.0 AppleWebKit/537.36 (KHTML, like Gecko; compatible; GPTBot/1.2; +https://openai.com/gptbot)"
20.171.207.230 - - [05/Jul/2025:08:34:59 -0400] "GET /items/gsgwg141/38618?key=book HTTP/1.1" 302 0 "-" "Mozilla/5.0 AppleWebKit/537.36 (KHTML, like Gecko; compatible; GPTBot/1.2; +https://openai.com/gptbot)"
20.171.207.230 - - [05/Jul/2025:08:34:59 -0400] "GET /ar/ HTTP/1.1" 200 10545 "-" "Mozilla/5.0 AppleWebKit/537.36 (KHTML, like Gecko; compatible; GPTBot/1.2; +https://openai.com/gptbot)"
20.171.207.230 - - [05/Jul/2025:08:35:01 -0400] "GET /items/jmdfr222/49677?key=Catholic HTTP/1.1" 302 0 "-" "Mozilla/5.0 AppleWebKit/537.36 (KHTML, like Gecko; compatible; GPTBot/1.2; +https://openai.com/gptbot)"
20.171.207.230 - - [05/Jul/2025:08:35:01 -0400] "GET /ar/ HTTP/1.1" 200 10545 "-" "Mozilla/5.0 AppleWebKit/537.36 (KHTML, like Gecko; compatible; GPTBot/1.2; +https://openai.com/gptbot)"
20.171.207.230 - - [05/Jul/2025:08:35:05 -0400] "GET /items/wfzyl61/38920?key=tournament HTTP/1.1" 302 0 "-" "Mozilla/5.0 AppleWebKit/537.36 (KHTML, like Gecko; compatible; GPTBot/1.2; +https://openai.com/gptbot)"
20.171.207.230 - - [05/Jul/2025:08:35:06 -0400] "GET /ar/ HTTP/1.1" 200 10545 "-" "Mozilla/5.0 AppleWebKit/537.36 (KHTML, like Gecko; compatible; GPTBot/1.2; +https://openai.com/gptbot)"
20.171.207.230 - - [05/Jul/2025:08:35:10 -0400] "GET /items/dgrvw20/15467?key=architecture HTTP/1.1" 302 0 "-" "Mozilla/5.0 AppleWebKit/537.36 (KHTML, like Gecko; compatible; GPTBot/1.2; +https://openai.com/gptbot)"
20.171.207.230 - - [05/Jul/2025:08:35:12 -0400] "GET /ar/ HTTP/1.1" 200 10545 "-" "Mozilla/5.0 AppleWebKit/537.36 (KHTML, like Gecko; compatible; GPTBot/1.2; +https://openai.com/gptbot)"
20.171.207.230 - - [05/Jul/2025:08:35:17 -0400] "GET /items/ncdug207/31588?key=tear HTTP/1.1" 302 0 "-" "Mozilla/5.0 AppleWebKit/537.36 (KHTML, like Gecko; compatible; GPTBot/1.2; +https://openai.com/gptbot)"
20.171.207.230 - - [05/Jul/2025:08:35:17 -0400] "GET /ar/ HTTP/1.1" 200 10545 "-" "Mozilla/5.0 AppleWebKit/537.36 (KHTML, like Gecko; compatible; GPTBot/1.2; +https://openai.com/gptbot)"
20.171.207.230 - - [05/Jul/2025:08:35:18 -0400] "GET /items/gwrgj178/34619?key=push HTTP/1.1" 302 0 "-" "Mozilla/5.0 AppleWebKit/537.36 (KHTML, like Gecko; compatible; GPTBot/1.2; +https://openai.com/gptbot)"
20.171.207.230 - - [05/Jul/2025:08:35:19 -0400] "GET /ar/ HTTP/1.1" 200 10545 "-" "Mozilla/5.0 AppleWebKit/537.36 (KHTML, like Gecko; compatible; GPTBot/1.2; +https://openai.com/gptbot)"
20.171.207.230 - - [05/Jul/2025:08:35:22 -0400] "GET /items/ghtfo297/37820?key=draw HTTP/1.1" 302 0 "-" "Mozilla/5.0 AppleWebKit/537.36 (KHTML, like Gecko; compatible; GPTBot/1.2; +https://openai.com/gptbot)"
20.171.207.230 - - [05/Jul/2025:08:35:23 -0400] "GET /ar/ HTTP/1.1" 200 10545 "-" "Mozilla/5.0 AppleWebKit/537.36 (KHTML, like Gecko; compatible; GPTBot/1.2; +https://openai.com/gptbot)"
20.171.207.230 - - [05/Jul/2025:08:35:26 -0400] "GET /items/ceufn104/42831?key=glad HTTP/1.1" 302 0 "-" "Mozilla/5.0 AppleWebKit/537.36 (KHTML, like Gecko; compatible; GPTBot/1.2; +https://openai.com/gptbot)"
20.171.207.230 - - [05/Jul/2025:08:35:27 -0400] "GET /ar/ HTTP/1.1" 200 10545 "-" "Mozilla/5.0 AppleWebKit/537.36 (KHTML, like Gecko; compatible; GPTBot/1.2; +https://openai.com/gptbot)"
20.171.207.230 - - [05/Jul/2025:08:35:31 -0400] "GET /items/qhrby124/19303?key=upon HTTP/1.1" 302 0 "-" "Mozilla/5.0 AppleWebKit/537.36 (KHTML, like Gecko; compatible; GPTBot/1.2; +https://openai.com/gptbot)"
66.249.77.138 - - [05/Jul/2025:08:35:31 -0400] "GET /pcmypage?callback=/product%2Fdetail%2golf-kace02-2024082000784188 HTTP/1.1" 403 1242 "-" "Mozilla/5.0 (Linux; Android 6.0.1; Nexus 5X Build/MMB29P) AppleWebKit/537.36 (KHTML, like Gecko) Chrome/137.0.7151.103 Mobile Safari/537.36 (compatible; GoogleOther)"
20.171.207.230 - - [05/Jul/2025:08:35:31 -0400] "GET /ar/ HTTP/1.1" 200 10545 "-" "Mozilla/5.0 AppleWebKit/537.36 (KHTML, like Gecko; compatible; GPTBot/1.2; +https://openai.com/gptbot)"
20.171.207.230 - - [05/Jul/2025:08:35:35 -0400] "GET /items/zxcvp247/33586?key=mail HTTP/1.1" 302 0 "-" "Mozilla/5.0 AppleWebKit/537.36 (KHTML, like Gecko; compatible; GPTBot/1.2; +https://openai.com/gptbot)"
66.29.146.47 - - [05/Jul/2025:08:35:36 -0400] "POST /ar/wp-cron.php?doing_wp_cron=1751718936.1572439670562744140625 HTTP/1.1" 200 0 "-" "WordPress/6.8; https://first-gulf.com.sa/ar"
20.171.207.230 - - [05/Jul/2025:08:35:35 -0400] "GET /ar/ HTTP/1.1" 200 10545 "-" "Mozilla/5.0 AppleWebKit/537.36 (KHTML, like Gecko; compatible; GPTBot/1.2; +https://openai.com/gptbot)"
20.171.207.230 - - [05/Jul/2025:08:35:39 -0400] "GET /items/jcbtr179/24168?key=snow HTTP/1.1" 302 0 "-" "Mozilla/5.0 AppleWebKit/537.36 (KHTML, like Gecko; compatible; GPTBot/1.2; +https://openai.com/gptbot)"
20.171.207.230 - - [05/Jul/2025:08:35:40 -0400] "GET /ar/ HTTP/1.1" 200 10545 "-" "Mozilla/5.0 AppleWebKit/537.36 (KHTML, like Gecko; compatible; GPTBot/1.2; +https://openai.com/gptbot)"
20.171.207.230 - - [05/Jul/2025:08:35:43 -0400] "GET /items/wucvf186/20361?key=hat HTTP/1.1" 302 0 "-" "Mozilla/5.0 AppleWebKit/537.36 (KHTML, like Gecko; compatible; GPTBot/1.2; +https://openai.com/gptbot)"
20.171.207.230 - - [05/Jul/2025:08:35:44 -0400] "GET /ar/ HTTP/1.1" 200 10547 "-" "Mozilla/5.0 AppleWebKit/537.36 (KHTML, like Gecko; compatible; GPTBot/1.2; +https://openai.com/gptbot)"
20.171.207.230 - - [05/Jul/2025:08:35:48 -0400] "GET /items/xkwpf143/23802?key=troubled HTTP/1.1" 302 0 "-" "Mozilla/5.0 AppleWebKit/537.36 (KHTML, like Gecko; compatible; GPTBot/1.2; +https://openai.com/gptbot)"
20.171.207.230 - - [05/Jul/2025:08:35:49 -0400] "GET /ar/ HTTP/1.1" 200 10545 "-" "Mozilla/5.0 AppleWebKit/537.36 (KHTML, like Gecko; compatible; GPTBot/1.2; +https://openai.com/gptbot)"
66.29.146.47 - - [05/Jul/2025:08:35:52 -0400] "POST /wp-cron.php?doing_wp_cron=1751718951.7581720352172851562500 HTTP/1.1" 403 1242 "-" "WordPress/6.8; https://first-gulf.com.sa"
20.171.207.230 - - [05/Jul/2025:08:35:51 -0400] "GET /items/hlouj128/39607?key=rental HTTP/1.1" 302 0 "-" "Mozilla/5.0 AppleWebKit/537.36 (KHTML, like Gecko; compatible; GPTBot/1.2; +https://openai.com/gptbot)"
20.171.207.230 - - [05/Jul/2025:08:35:52 -0400] "GET /ar/ HTTP/1.1" 200 10545 "-" "Mozilla/5.0 AppleWebKit/537.36 (KHTML, like Gecko; compatible; GPTBot/1.2; +https://openai.com/gptbot)"
20.171.207.230 - - [05/Jul/2025:08:35:55 -0400] "GET /items/ncdug207/31588?key=tear HTTP/1.1" 302 0 "-" "Mozilla/5.0 AppleWebKit/537.36 (KHTML, like Gecko; compatible; GPTBot/1.2; +https://openai.com/gptbot)"
20.171.207.230 - - [05/Jul/2025:08:35:55 -0400] "GET /ar/ HTTP/1.1" 200 10545 "-" "Mozilla/5.0 AppleWebKit/537.36 (KHTML, like Gecko; compatible; GPTBot/1.2; +https://openai.com/gptbot)"
20.171.207.230 - - [05/Jul/2025:08:35:59 -0400] "GET /items/jjocy265/14098?key=organize HTTP/1.1" 302 0 "-" "Mozilla/5.0 AppleWebKit/537.36 (KHTML, like Gecko; compatible; GPTBot/1.2; +https://openai.com/gptbot)"
20.171.207.230 - - [05/Jul/2025:08:35:59 -0400] "GET /ar/ HTTP/1.1" 200 10545 "-" "Mozilla/5.0 AppleWebKit/537.36 (KHTML, like Gecko; compatible; GPTBot/1.2; +https://openai.com/gptbot)"
20.171.207.230 - - [05/Jul/2025:08:36:03 -0400] "GET /items/nchur108/26695?key=widow HTTP/1.1" 302 0 "-" "Mozilla/5.0 AppleWebKit/537.36 (KHTML, like Gecko; compatible; GPTBot/1.2; +https://openai.com/gptbot)"
20.171.207.230 - - [05/Jul/2025:08:36:03 -0400] "GET /ar/ HTTP/1.1" 200 10545 "-" "Mozilla/5.0 AppleWebKit/537.36 (KHTML, like Gecko; compatible; GPTBot/1.2; +https://openai.com/gptbot)"
20.171.207.230 - - [05/Jul/2025:08:36:06 -0400] "GET /items/avjdl239/46064?key=touch HTTP/1.1" 302 0 "-" "Mozilla/5.0 AppleWebKit/537.36 (KHTML, like Gecko; compatible; GPTBot/1.2; +https://openai.com/gptbot)"
20.171.207.230 - - [05/Jul/2025:08:36:06 -0400] "GET /ar/ HTTP/1.1" 200 10545 "-" "Mozilla/5.0 AppleWebKit/537.36 (KHTML, like Gecko; compatible; GPTBot/1.2; +https://openai.com/gptbot)"
20.171.207.230 - - [05/Jul/2025:08:36:08 -0400] "GET /items/azqjc241/38360?key=plane HTTP/1.1" 302 0 "-" "Mozilla/5.0 AppleWebKit/537.36 (KHTML, like Gecko; compatible; GPTBot/1.2; +https://openai.com/gptbot)"
20.171.207.230 - - [05/Jul/2025:08:36:08 -0400] "GET /ar/ HTTP/1.1" 200 10545 "-" "Mozilla/5.0 AppleWebKit/537.36 (KHTML, like Gecko; compatible; GPTBot/1.2; +https://openai.com/gptbot)"
20.171.207.230 - - [05/Jul/2025:08:36:12 -0400] "GET /items/amudv103/48620?key=power HTTP/1.1" 302 0 "-" "Mozilla/5.0 AppleWebKit/537.36 (KHTML, like Gecko; compatible; GPTBot/1.2; +https://openai.com/gptbot)"
20.171.207.230 - - [05/Jul/2025:08:36:12 -0400] "GET /ar/ HTTP/1.1" 200 10545 "-" "Mozilla/5.0 AppleWebKit/537.36 (KHTML, like Gecko; compatible; GPTBot/1.2; +https://openai.com/gptbot)"
20.171.207.230 - - [05/Jul/2025:08:36:15 -0400] "GET /items/qbkir292/15489?key=powerful HTTP/1.1" 302 0 "-" "Mozilla/5.0 AppleWebKit/537.36 (KHTML, like Gecko; compatible; GPTBot/1.2; +https://openai.com/gptbot)"
20.171.207.230 - - [05/Jul/2025:08:36:15 -0400] "GET /ar/ HTTP/1.1" 200 10545 "-" "Mozilla/5.0 AppleWebKit/537.36 (KHTML, like Gecko; compatible; GPTBot/1.2; +https://openai.com/gptbot)"
20.171.207.230 - - [05/Jul/2025:08:36:18 -0400] "GET /items/jbpwx123/17784?key=starting HTTP/1.1" 302 0 "-" "Mozilla/5.0 AppleWebKit/537.36 (KHTML, like Gecko; compatible; GPTBot/1.2; +https://openai.com/gptbot)"
20.171.207.230 - - [05/Jul/2025:08:36:19 -0400] "GET /ar/ HTTP/1.1" 200 10545 "-" "Mozilla/5.0 AppleWebKit/537.36 (KHTML, like Gecko; compatible; GPTBot/1.2; +https://openai.com/gptbot)"
20.171.207.230 - - [05/Jul/2025:08:36:21 -0400] "GET /items/hikdb183/20576?key=national HTTP/1.1" 302 0 "-" "Mozilla/5.0 AppleWebKit/537.36 (KHTML, like Gecko; compatible; GPTBot/1.2; +https://openai.com/gptbot)"
66.249.69.4 - - [05/Jul/2025:08:36:23 -0400] "GET /search?category=1021&search_word= HTTP/1.1" 200 86668 "-" "Mozilla/5.0 (Linux; Android 6.0.1; Nexus 5X Build/MMB29P) AppleWebKit/537.36 (KHTML, like Gecko) Chrome/137.0.7151.119 Mobile Safari/537.36 (compatible; Googlebot/2.1; +http://www.google.com/bot.html)"
20.171.207.230 - - [05/Jul/2025:08:36:21 -0400] "GET /ar/ HTTP/1.1" 200 10545 "-" "Mozilla/5.0 AppleWebKit/537.36 (KHTML, like Gecko; compatible; GPTBot/1.2; +https://openai.com/gptbot)"
20.171.207.230 - - [05/Jul/2025:08:36:24 -0400] "GET /items/fxovh181/42992?key=cultural HTTP/1.1" 302 0 "-" "Mozilla/5.0 AppleWebKit/537.36 (KHTML, like Gecko; compatible; GPTBot/1.2; +https://openai.com/gptbot)"
20.171.207.230 - - [05/Jul/2025:08:36:25 -0400] "GET /ar/ HTTP/1.1" 200 10545 "-" "Mozilla/5.0 AppleWebKit/537.36 (KHTML, like Gecko; compatible; GPTBot/1.2; +https://openai.com/gptbot)"
20.171.207.230 - - [05/Jul/2025:08:36:29 -0400] "GET /items/gxbcj159/37314?key=offender HTTP/1.1" 302 0 "-" "Mozilla/5.0 AppleWebKit/537.36 (KHTML, like Gecko; compatible; GPTBot/1.2; +https://openai.com/gptbot)"
20.171.207.230 - - [05/Jul/2025:08:36:29 -0400] "GET /ar/ HTTP/1.1" 200 10545 "-" "Mozilla/5.0 AppleWebKit/537.36 (KHTML, like Gecko; compatible; GPTBot/1.2; +https://openai.com/gptbot)"
20.171.207.230 - - [05/Jul/2025:08:36:32 -0400] "GET /items/fljbw175/30154?key=prohibit HTTP/1.1" 302 0 "-" "Mozilla/5.0 AppleWebKit/537.36 (KHTML, like Gecko; compatible; GPTBot/1.2; +https://openai.com/gptbot)"
66.249.69.3 - - [05/Jul/2025:08:36:33 -0400] "GET /product/edit/first34-trusco-4609300 HTTP/1.1" 200 87289 "-" "Mozilla/5.0 (compatible; Googlebot/2.1; +http://www.google.com/bot.html)"
20.171.207.230 - - [05/Jul/2025:08:36:32 -0400] "GET /ar/ HTTP/1.1" 200 10545 "-" "Mozilla/5.0 AppleWebKit/537.36 (KHTML, like Gecko; compatible; GPTBot/1.2; +https://openai.com/gptbot)"
20.171.207.230 - - [05/Jul/2025:08:36:35 -0400] "GET /items/biaqc104/31875?key=involved HTTP/1.1" 302 0 "-" "Mozilla/5.0 AppleWebKit/537.36 (KHTML, like Gecko; compatible; GPTBot/1.2; +https://openai.com/gptbot)"
66.29.146.47 - - [05/Jul/2025:08:36:36 -0400] "POST /ar/wp-cron.php?doing_wp_cron=1751718996.4569170475006103515625 HTTP/1.1" 200 0 "-" "WordPress/6.8; https://first-gulf.com.sa/ar"
66.249.77.137 - - [05/Jul/2025:08:36:40 -0400] "GET /items/ncjlh114/44013?key=forehead HTTP/1.1" 200 87281 "-" "Mozilla/5.0 (Linux; Android 6.0.1; Nexus 5X Build/MMB29P) AppleWebKit/537.36 (KHTML, like Gecko) Chrome/137.0.7151.103 Mobile Safari/537.36 (compatible; Googlebot/2.1; +http://www.google.com/bot.html)"
20.171.207.230 - - [05/Jul/2025:08:36:36 -0400] "GET /ar/ HTTP/1.1" 200 10545 "-" "Mozilla/5.0 AppleWebKit/537.36 (KHTML, like Gecko; compatible; GPTBot/1.2; +https://openai.com/gptbot)"
20.171.207.230 - - [05/Jul/2025:08:36:40 -0400] "GET /items/flods204/31983?key=enough HTTP/1.1" 302 0 "-" "Mozilla/5.0 AppleWebKit/537.36 (KHTML, like Gecko; compatible; GPTBot/1.2; +https://openai.com/gptbot)"
20.171.207.230 - - [05/Jul/2025:08:36:41 -0400] "GET /ar/ HTTP/1.1" 200 10545 "-" "Mozilla/5.0 AppleWebKit/537.36 (KHTML, like Gecko; compatible; GPTBot/1.2; +https://openai.com/gptbot)"
20.171.207.230 - - [05/Jul/2025:08:36:43 -0400] "GET /items/oldfz185/48672?key=occupy HTTP/1.1" 302 0 "-" "Mozilla/5.0 AppleWebKit/537.36 (KHTML, like Gecko; compatible; GPTBot/1.2; +https://openai.com/gptbot)"
20.171.207.230 - - [05/Jul/2025:08:36:44 -0400] "GET /ar/ HTTP/1.1" 200 10545 "-" "Mozilla/5.0 AppleWebKit/537.36 (KHTML, like Gecko; compatible; GPTBot/1.2; +https://openai.com/gptbot)"
20.171.207.230 - - [05/Jul/2025:08:36:46 -0400] "GET /items/zjmkn266/30973?key=flavor HTTP/1.1" 302 0 "-" "Mozilla/5.0 AppleWebKit/537.36 (KHTML, like Gecko; compatible; GPTBot/1.2; +https://openai.com/gptbot)"
20.171.207.230 - - [05/Jul/2025:08:36:47 -0400] "GET /ar/ HTTP/1.1" 200 10545 "-" "Mozilla/5.0 AppleWebKit/537.36 (KHTML, like Gecko; compatible; GPTBot/1.2; +https://openai.com/gptbot)"
66.29.146.47 - - [05/Jul/2025:08:36:52 -0400] "POST /wp-cron.php?doing_wp_cron=1751719012.0470309257507324218750 HTTP/1.1" 403 1242 "-" "WordPress/6.8; https://first-gulf.com.sa"
20.171.207.230 - - [05/Jul/2025:08:36:51 -0400] "GET /items/zfulh73/44174?key=limited HTTP/1.1" 302 0 "-" "Mozilla/5.0 AppleWebKit/537.36 (KHTML, like Gecko; compatible; GPTBot/1.2; +https://openai.com/gptbot)"
20.171.207.230 - - [05/Jul/2025:08:36:52 -0400] "GET /ar/ HTTP/1.1" 200 10545 "-" "Mozilla/5.0 AppleWebKit/537.36 (KHTML, like Gecko; compatible; GPTBot/1.2; +https://openai.com/gptbot)"
20.171.207.230 - - [05/Jul/2025:08:36:56 -0400] "GET /items/oqfrs100/36859?key=heavily HTTP/1.1" 302 0 "-" "Mozilla/5.0 AppleWebKit/537.36 (KHTML, like Gecko; compatible; GPTBot/1.2; +https://openai.com/gptbot)"
66.249.77.129 - - [05/Jul/2025:08:36:56 -0400] "GET /items/hpdan101/32060?key=standard HTTP/1.1" 200 87635 "-" "Mozilla/5.0 (Linux; Android 6.0.1; Nexus 5X Build/MMB29P) AppleWebKit/537.36 (KHTML, like Gecko) Chrome/137.0.7151.103 Mobile Safari/537.36 (compatible; Googlebot/2.1; +http://www.google.com/bot.html)"
20.171.207.230 - - [05/Jul/2025:08:36:56 -0400] "GET /ar/ HTTP/1.1" 200 10545 "-" "Mozilla/5.0 AppleWebKit/537.36 (KHTML, like Gecko; compatible; GPTBot/1.2; +https://openai.com/gptbot)"
20.171.207.230 - - [05/Jul/2025:08:37:00 -0400] "GET /items/zexof108/16797?key=scandal HTTP/1.1" 302 0 "-" "Mozilla/5.0 AppleWebKit/537.36 (KHTML, like Gecko; compatible; GPTBot/1.2; +https://openai.com/gptbot)"
20.171.207.230 - - [05/Jul/2025:08:37:01 -0400] "GET /ar/ HTTP/1.1" 200 10545 "-" "Mozilla/5.0 AppleWebKit/537.36 (KHTML, like Gecko; compatible; GPTBot/1.2; +https://openai.com/gptbot)"
20.171.207.230 - - [05/Jul/2025:08:37:03 -0400] "GET /items/jvpww157/24840?key=already HTTP/1.1" 302 0 "-" "Mozilla/5.0 AppleWebKit/537.36 (KHTML, like Gecko; compatible; GPTBot/1.2; +https://openai.com/gptbot)"
20.171.207.230 - - [05/Jul/2025:08:37:04 -0400] "GET /ar/ HTTP/1.1" 200 10545 "-" "Mozilla/5.0 AppleWebKit/537.36 (KHTML, like Gecko; compatible; GPTBot/1.2; +https://openai.com/gptbot)"
20.171.207.230 - - [05/Jul/2025:08:37:07 -0400] "GET /items/wxhjj103/32268?key=various HTTP/1.1" 302 0 "-" "Mozilla/5.0 AppleWebKit/537.36 (KHTML, like Gecko; compatible; GPTBot/1.2; +https://openai.com/gptbot)"
20.171.207.230 - - [05/Jul/2025:08:37:08 -0400] "GET /ar/ HTTP/1.1" 200 10547 "-" "Mozilla/5.0 AppleWebKit/537.36 (KHTML, like Gecko; compatible; GPTBot/1.2; +https://openai.com/gptbot)"
20.171.207.230 - - [05/Jul/2025:08:37:11 -0400] "GET /items/jcehu293/41536?key=appoint HTTP/1.1" 302 0 "-" "Mozilla/5.0 AppleWebKit/537.36 (KHTML, like Gecko; compatible; GPTBot/1.2; +https://openai.com/gptbot)"
20.171.207.230 - - [05/Jul/2025:08:37:11 -0400] "GET /ar/ HTTP/1.1" 200 10545 "-" "Mozilla/5.0 AppleWebKit/537.36 (KHTML, like Gecko; compatible; GPTBot/1.2; +https://openai.com/gptbot)"
20.171.207.230 - - [05/Jul/2025:08:37:15 -0400] "GET /items/guqwx53/22228?key=under HTTP/1.1" 302 0 "-" "Mozilla/5.0 AppleWebKit/537.36 (KHTML, like Gecko; compatible; GPTBot/1.2; +https://openai.com/gptbot)"
20.171.207.230 - - [05/Jul/2025:08:37:15 -0400] "GET /ar/ HTTP/1.1" 200 10545 "-" "Mozilla/5.0 AppleWebKit/537.36 (KHTML, like Gecko; compatible; GPTBot/1.2; +https://openai.com/gptbot)"
20.171.207.230 - - [05/Jul/2025:08:37:17 -0400] "GET /items/msgof253/46196?key=sell HTTP/1.1" 302 0 "-" "Mozilla/5.0 AppleWebKit/537.36 (KHTML, like Gecko; compatible; GPTBot/1.2; +https://openai.com/gptbot)"
66.249.69.4 - - [05/Jul/2025:08:37:17 -0400] "GET /search?category=311&search_word= HTTP/1.1" 200 87875 "-" "Mozilla/5.0 (Linux; Android 6.0.1; Nexus 5X Build/MMB29P) AppleWebKit/537.36 (KHTML, like Gecko) Chrome/137.0.7151.119 Mobile Safari/537.36 (compatible; Googlebot/2.1; +http://www.google.com/bot.html)"
20.171.207.230 - - [05/Jul/2025:08:37:18 -0400] "GET /ar/ HTTP/1.1" 200 10545 "-" "Mozilla/5.0 AppleWebKit/537.36 (KHTML, like Gecko; compatible; GPTBot/1.2; +https://openai.com/gptbot)"
20.171.207.230 - - [05/Jul/2025:08:37:21 -0400] "GET /items/nwqve242/36171?key=Cuban HTTP/1.1" 302 0 "-" "Mozilla/5.0 AppleWebKit/537.36 (KHTML, like Gecko; compatible; GPTBot/1.2; +https://openai.com/gptbot)"
20.171.207.230 - - [05/Jul/2025:08:37:21 -0400] "GET /ar/ HTTP/1.1" 200 10545 "-" "Mozilla/5.0 AppleWebKit/537.36 (KHTML, like Gecko; compatible; GPTBot/1.2; +https://openai.com/gptbot)"
20.171.207.230 - - [05/Jul/2025:08:37:24 -0400] "GET /items/agzju72/31471?key=experienced HTTP/1.1" 302 0 "-" "Mozilla/5.0 AppleWebKit/537.36 (KHTML, like Gecko; compatible; GPTBot/1.2; +https://openai.com/gptbot)"
20.171.207.230 - - [05/Jul/2025:08:37:25 -0400] "GET /ar/ HTTP/1.1" 200 10545 "-" "Mozilla/5.0 AppleWebKit/537.36 (KHTML, like Gecko; compatible; GPTBot/1.2; +https://openai.com/gptbot)"
20.171.207.230 - - [05/Jul/2025:08:37:28 -0400] "GET /items/bfkur197/2352?key=cholesterol HTTP/1.1" 302 0 "-" "Mozilla/5.0 AppleWebKit/537.36 (KHTML, like Gecko; compatible; GPTBot/1.2; +https://openai.com/gptbot)"
20.171.207.230 - - [05/Jul/2025:08:37:29 -0400] "GET /ar/ HTTP/1.1" 200 10545 "-" "Mozilla/5.0 AppleWebKit/537.36 (KHTML, like Gecko; compatible; GPTBot/1.2; +https://openai.com/gptbot)"
20.171.207.230 - - [05/Jul/2025:08:37:31 -0400] "GET /items/oqfrs100/36859?key=heavily HTTP/1.1" 302 0 "-" "Mozilla/5.0 AppleWebKit/537.36 (KHTML, like Gecko; compatible; GPTBot/1.2; +https://openai.com/gptbot)"
66.249.69.2 - - [05/Jul/2025:08:37:33 -0400] "GET /search?category=&search_word=&restrict[]=hendou=%E6%96%B0%E5%85%A5%E8%8D%B7 HTTP/1.1" 200 87459 "-" "Mozilla/5.0 (Linux; Android 6.0.1; Nexus 5X Build/MMB29P) AppleWebKit/537.36 (KHTML, like Gecko) Chrome/137.0.7151.119 Mobile Safari/537.36 (compatible; Googlebot/2.1; +http://www.google.com/bot.html)"
20.171.207.230 - - [05/Jul/2025:08:37:32 -0400] "GET /ar/ HTTP/1.1" 200 10545 "-" "Mozilla/5.0 AppleWebKit/537.36 (KHTML, like Gecko; compatible; GPTBot/1.2; +https://openai.com/gptbot)"
20.171.207.230 - - [05/Jul/2025:08:37:34 -0400] "GET /items/zodti97/10486?key=theoretical HTTP/1.1" 302 0 "-" "Mozilla/5.0 AppleWebKit/537.36 (KHTML, like Gecko; compatible; GPTBot/1.2; +https://openai.com/gptbot)"
20.171.207.230 - - [05/Jul/2025:08:37:35 -0400] "GET /ar/ HTTP/1.1" 200 10545 "-" "Mozilla/5.0 AppleWebKit/537.36 (KHTML, like Gecko; compatible; GPTBot/1.2; +https://openai.com/gptbot)"
20.171.207.230 - - [05/Jul/2025:08:37:37 -0400] "GET /items/ayofp64/24689?key=grandfather HTTP/1.1" 302 0 "-" "Mozilla/5.0 AppleWebKit/537.36 (KHTML, like Gecko; compatible; GPTBot/1.2; +https://openai.com/gptbot)"
66.29.146.47 - - [05/Jul/2025:08:37:38 -0400] "POST /ar/wp-cron.php?doing_wp_cron=1751719058.5399301052093505859375 HTTP/1.1" 200 0 "-" "WordPress/6.8; https://first-gulf.com.sa/ar"
66.249.77.129 - - [05/Jul/2025:08:37:38 -0400] "GET /items/pntqd204/24951?key=stance HTTP/1.1" 200 87975 "-" "Mozilla/5.0 (Linux; Android 6.0.1; Nexus 5X Build/MMB29P) AppleWebKit/537.36 (KHTML, like Gecko) Chrome/137.0.7151.103 Mobile Safari/537.36 (compatible; Googlebot/2.1; +http://www.google.com/bot.html)"
20.171.207.230 - - [05/Jul/2025:08:37:38 -0400] "GET /ar/ HTTP/1.1" 200 10545 "-" "Mozilla/5.0 AppleWebKit/537.36 (KHTML, like Gecko; compatible; GPTBot/1.2; +https://openai.com/gptbot)"
20.171.207.230 - - [05/Jul/2025:08:37:41 -0400] "GET /items/uuezh140/29043?key=Catholic HTTP/1.1" 302 0 "-" "Mozilla/5.0 AppleWebKit/537.36 (KHTML, like Gecko; compatible; GPTBot/1.2; +https://openai.com/gptbot)"
20.171.207.230 - - [05/Jul/2025:08:37:42 -0400] "GET /ar/ HTTP/1.1" 200 10545 "-" "Mozilla/5.0 AppleWebKit/537.36 (KHTML, like Gecko; compatible; GPTBot/1.2; +https://openai.com/gptbot)"
20.171.207.230 - - [05/Jul/2025:08:37:44 -0400] "GET /items/xcnll126/29991?key=mad HTTP/1.1" 302 0 "-" "Mozilla/5.0 AppleWebKit/537.36 (KHTML, like Gecko; compatible; GPTBot/1.2; +https://openai.com/gptbot)"
20.171.207.230 - - [05/Jul/2025:08:37:45 -0400] "GET /ar/ HTTP/1.1" 200 10545 "-" "Mozilla/5.0 AppleWebKit/537.36 (KHTML, like Gecko; compatible; GPTBot/1.2; +https://openai.com/gptbot)"
20.171.207.230 - - [05/Jul/2025:08:37:46 -0400] "GET /items/sqfab281/37062?key=Ms HTTP/1.1" 302 0 "-" "Mozilla/5.0 AppleWebKit/537.36 (KHTML, like Gecko; compatible; GPTBot/1.2; +https://openai.com/gptbot)"
20.171.207.230 - - [05/Jul/2025:08:37:47 -0400] "GET /ar/ HTTP/1.1" 200 10545 "-" "Mozilla/5.0 AppleWebKit/537.36 (KHTML, like Gecko; compatible; GPTBot/1.2; +https://openai.com/gptbot)"
20.171.207.230 - - [05/Jul/2025:08:37:50 -0400] "GET /items/cogzk218/49591?key=sharp HTTP/1.1" 302 0 "-" "Mozilla/5.0 AppleWebKit/537.36 (KHTML, like Gecko; compatible; GPTBot/1.2; +https://openai.com/gptbot)"
20.171.207.230 - - [05/Jul/2025:08:37:51 -0400] "GET /ar/ HTTP/1.1" 200 10545 "-" "Mozilla/5.0 AppleWebKit/537.36 (KHTML, like Gecko; compatible; GPTBot/1.2; +https://openai.com/gptbot)"
66.29.146.47 - - [05/Jul/2025:08:37:55 -0400] "POST /wp-cron.php?doing_wp_cron=1751719075.2589991092681884765625 HTTP/1.1" 403 1242 "-" "WordPress/6.8; https://first-gulf.com.sa"
20.171.207.230 - - [05/Jul/2025:08:37:54 -0400] "GET /items/zbahu195/30818?key=board HTTP/1.1" 302 0 "-" "Mozilla/5.0 AppleWebKit/537.36 (KHTML, like Gecko; compatible; GPTBot/1.2; +https://openai.com/gptbot)"
66.249.77.130 - - [05/Jul/2025:08:37:55 -0400] "GET /items/qbugq158/11509?key=musician HTTP/1.1" 200 87238 "-" "Mozilla/5.0 (Linux; Android 6.0.1; Nexus 5X Build/MMB29P) AppleWebKit/537.36 (KHTML, like Gecko) Chrome/137.0.7151.103 Mobile Safari/537.36 (compatible; Googlebot/2.1; +http://www.google.com/bot.html)"
66.249.77.129 - - [05/Jul/2025:08:37:57 -0400] "GET /pcmypage?callback=product%2Fdetail%2Ftuzukiya-a28-7834 HTTP/1.1" 200 87788 "-" "Mozilla/5.0 (Linux; Android 6.0.1; Nexus 5X Build/MMB29P) AppleWebKit/537.36 (KHTML, like Gecko) Chrome/137.0.7151.103 Mobile Safari/537.36 (compatible; Googlebot/2.1; +http://www.google.com/bot.html)"
66.249.77.130 - - [05/Jul/2025:08:37:58 -0400] "GET /items/214028638.html?srsltid=AfmBOotvdVGNRauxNkgmkIaFXzuVKdmIfLnpMNaKwuqv5t8G6JNQ HTTP/1.1" 200 88176 "-" "Mozilla/5.0 (Linux; Android 6.0.1; Nexus 5X Build/MMB29P) AppleWebKit/537.36 (KHTML, like Gecko) Chrome/137.0.7151.103 Mobile Safari/537.36 (compatible; Googlebot/2.1; +http://www.google.com/bot.html)"
20.171.207.230 - - [05/Jul/2025:08:37:56 -0400] "GET /ar/ HTTP/1.1" 200 10545 "-" "Mozilla/5.0 AppleWebKit/537.36 (KHTML, like Gecko; compatible; GPTBot/1.2; +https://openai.com/gptbot)"
20.171.207.230 - - [05/Jul/2025:08:38:01 -0400] "GET /items/jbpwx143/17764?key=rival HTTP/1.1" 302 0 "-" "Mozilla/5.0 AppleWebKit/537.36 (KHTML, like Gecko; compatible; GPTBot/1.2; +https://openai.com/gptbot)"
20.171.207.230 - - [05/Jul/2025:08:38:02 -0400] "GET /ar/ HTTP/1.1" 200 10545 "-" "Mozilla/5.0 AppleWebKit/537.36 (KHTML, like Gecko; compatible; GPTBot/1.2; +https://openai.com/gptbot)"
20.171.207.230 - - [05/Jul/2025:08:38:05 -0400] "GET /items/zrpst106/17849?key=grand HTTP/1.1" 302 0 "-" "Mozilla/5.0 AppleWebKit/537.36 (KHTML, like Gecko; compatible; GPTBot/1.2; +https://openai.com/gptbot)"
66.249.69.2 - - [05/Jul/2025:08:38:06 -0400] "GET /search?category=1101&search_word= HTTP/1.1" 200 86908 "-" "Mozilla/5.0 (Linux; Android 6.0.1; Nexus 5X Build/MMB29P) AppleWebKit/537.36 (KHTML, like Gecko) Chrome/137.0.7151.119 Mobile Safari/537.36 (compatible; Googlebot/2.1; +http://www.google.com/bot.html)"
20.171.207.230 - - [05/Jul/2025:08:38:05 -0400] "GET /ar/ HTTP/1.1" 200 10545 "-" "Mozilla/5.0 AppleWebKit/537.36 (KHTML, like Gecko; compatible; GPTBot/1.2; +https://openai.com/gptbot)"
20.171.207.230 - - [05/Jul/2025:08:38:08 -0400] "GET /items/zxjoq227/11050?key=clear HTTP/1.1" 302 0 "-" "Mozilla/5.0 AppleWebKit/537.36 (KHTML, like Gecko; compatible; GPTBot/1.2; +https://openai.com/gptbot)"
20.171.207.230 - - [05/Jul/2025:08:38:08 -0400] "GET /ar/ HTTP/1.1" 200 10545 "-" "Mozilla/5.0 AppleWebKit/537.36 (KHTML, like Gecko; compatible; GPTBot/1.2; +https://openai.com/gptbot)"
66.249.69.2 - - [05/Jul/2025:08:38:11 -0400] "GET /items/260043130.html?srsltid=AfmBOosidCepZKVpjdYKunDUQYzMeNmbNaLVRET23EAKQmzfG2Wk HTTP/1.1" 200 86773 "-" "Mozilla/5.0 (Linux; Android 6.0.1; Nexus 5X Build/MMB29P) AppleWebKit/537.36 (KHTML, like Gecko) Chrome/137.0.7151.103 Mobile Safari/537.36 (compatible; Googlebot/2.1; +http://www.google.com/bot.html)"
20.171.207.230 - - [05/Jul/2025:08:38:11 -0400] "GET /items/nocpf128/37447?key=drown HTTP/1.1" 302 0 "-" "Mozilla/5.0 AppleWebKit/537.36 (KHTML, like Gecko; compatible; GPTBot/1.2; +https://openai.com/gptbot)"
66.249.69.3 - - [05/Jul/2025:08:38:14 -0400] "GET /pcmypage?callback=product%2Fdetail%2Fhirochishop-2-120-88100331 HTTP/1.1" 200 87843 "-" "Mozilla/5.0 (compatible; Googlebot/2.1; +http://www.google.com/bot.html)"
20.171.207.230 - - [05/Jul/2025:08:38:12 -0400] "GET /ar/ HTTP/1.1" 200 10545 "-" "Mozilla/5.0 AppleWebKit/537.36 (KHTML, like Gecko; compatible; GPTBot/1.2; +https://openai.com/gptbot)"
20.171.207.230 - - [05/Jul/2025:08:38:15 -0400] "GET /items/qvfxj207/19536?key=dress HTTP/1.1" 302 0 "-" "Mozilla/5.0 AppleWebKit/537.36 (KHTML, like Gecko; compatible; GPTBot/1.2; +https://openai.com/gptbot)"
20.171.207.230 - - [05/Jul/2025:08:38:16 -0400] "GET /ar/ HTTP/1.1" 200 10545 "-" "Mozilla/5.0 AppleWebKit/537.36 (KHTML, like Gecko; compatible; GPTBot/1.2; +https://openai.com/gptbot)"
20.171.207.230 - - [05/Jul/2025:08:38:19 -0400] "GET /items/jkngh138/69075?key=while HTTP/1.1" 302 0 "-" "Mozilla/5.0 AppleWebKit/537.36 (KHTML, like Gecko; compatible; GPTBot/1.2; +https://openai.com/gptbot)"
20.171.207.230 - - [05/Jul/2025:08:38:20 -0400] "GET /ar/ HTTP/1.1" 200 10545 "-" "Mozilla/5.0 AppleWebKit/537.36 (KHTML, like Gecko; compatible; GPTBot/1.2; +https://openai.com/gptbot)"
20.171.207.230 - - [05/Jul/2025:08:38:25 -0400] "GET /items/xcnll126/29991?key=mad HTTP/1.1" 302 0 "-" "Mozilla/5.0 AppleWebKit/537.36 (KHTML, like Gecko; compatible; GPTBot/1.2; +https://openai.com/gptbot)"
20.171.207.230 - - [05/Jul/2025:08:38:26 -0400] "GET /ar/ HTTP/1.1" 200 10545 "-" "Mozilla/5.0 AppleWebKit/537.36 (KHTML, like Gecko; compatible; GPTBot/1.2; +https://openai.com/gptbot)"
20.171.207.230 - - [05/Jul/2025:08:38:29 -0400] "GET /items/xhdwg117/36022?key=pilot HTTP/1.1" 302 0 "-" "Mozilla/5.0 AppleWebKit/537.36 (KHTML, like Gecko; compatible; GPTBot/1.2; +https://openai.com/gptbot)"
20.171.207.230 - - [05/Jul/2025:08:38:29 -0400] "GET /ar/ HTTP/1.1" 200 10545 "-" "Mozilla/5.0 AppleWebKit/537.36 (KHTML, like Gecko; compatible; GPTBot/1.2; +https://openai.com/gptbot)"
20.171.207.230 - - [05/Jul/2025:08:38:32 -0400] "GET /items/nngrz162/34765?key=panic HTTP/1.1" 302 0 "-" "Mozilla/5.0 AppleWebKit/537.36 (KHTML, like Gecko; compatible; GPTBot/1.2; +https://openai.com/gptbot)"
20.171.207.230 - - [05/Jul/2025:08:38:32 -0400] "GET /ar/ HTTP/1.1" 200 10545 "-" "Mozilla/5.0 AppleWebKit/537.36 (KHTML, like Gecko; compatible; GPTBot/1.2; +https://openai.com/gptbot)"
20.171.207.230 - - [05/Jul/2025:08:38:36 -0400] "GET /items/jmmdo152/34963?key=brown HTTP/1.1" 302 0 "-" "Mozilla/5.0 AppleWebKit/537.36 (KHTML, like Gecko; compatible; GPTBot/1.2; +https://openai.com/gptbot)"
20.171.207.230 - - [05/Jul/2025:08:38:36 -0400] "GET /ar/ HTTP/1.1" 200 10545 "-" "Mozilla/5.0 AppleWebKit/537.36 (KHTML, like Gecko; compatible; GPTBot/1.2; +https://openai.com/gptbot)"
20.171.207.230 - - [05/Jul/2025:08:38:39 -0400] "GET /items/nzjha221/45024?key=discover HTTP/1.1" 302 0 "-" "Mozilla/5.0 AppleWebKit/537.36 (KHTML, like Gecko; compatible; GPTBot/1.2; +https://openai.com/gptbot)"
66.249.77.131 - - [05/Jul/2025:08:38:38 -0400] "GET /items/028042600.html?srsltid=AfmBOogqqxxcYmesbAEW9FPuZBRGsnHX2luZ52qqqjf1CmyWCVyi HTTP/1.1" 200 87813 "-" "Mozilla/5.0 (Linux; Android 6.0.1; Nexus 5X Build/MMB29P) AppleWebKit/537.36 (KHTML, like Gecko) Chrome/137.0.7151.103 Mobile Safari/537.36 (compatible; GoogleOther)"
66.29.146.47 - - [05/Jul/2025:08:38:41 -0400] "POST /ar/wp-cron.php?doing_wp_cron=1751719120.7357130050659179687500 HTTP/1.1" 200 0 "-" "WordPress/6.8; https://first-gulf.com.sa/ar"
20.171.207.230 - - [05/Jul/2025:08:38:40 -0400] "GET /ar/ HTTP/1.1" 200 10545 "-" "Mozilla/5.0 AppleWebKit/537.36 (KHTML, like Gecko; compatible; GPTBot/1.2; +https://openai.com/gptbot)"
20.171.207.230 - - [05/Jul/2025:08:38:47 -0400] "GET /items/wblvk127/48120?key=protocol HTTP/1.1" 302 0 "-" "Mozilla/5.0 AppleWebKit/537.36 (KHTML, like Gecko; compatible; GPTBot/1.2; +https://openai.com/gptbot)"
20.171.207.230 - - [05/Jul/2025:08:38:48 -0400] "GET /ar/ HTTP/1.1" 200 10545 "-" "Mozilla/5.0 AppleWebKit/537.36 (KHTML, like Gecko; compatible; GPTBot/1.2; +https://openai.com/gptbot)"
20.171.207.230 - - [05/Jul/2025:08:38:50 -0400] "GET /items/wljft110/33075?key=republic HTTP/1.1" 302 0 "-" "Mozilla/5.0 AppleWebKit/537.36 (KHTML, like Gecko; compatible; GPTBot/1.2; +https://openai.com/gptbot)"
20.171.207.230 - - [05/Jul/2025:08:38:51 -0400] "GET /ar/ HTTP/1.1" 200 10545 "-" "Mozilla/5.0 AppleWebKit/537.36 (KHTML, like Gecko; compatible; GPTBot/1.2; +https://openai.com/gptbot)"
66.29.146.47 - - [05/Jul/2025:08:38:56 -0400] "POST /wp-cron.php?doing_wp_cron=1751719136.4352169036865234375000 HTTP/1.1" 403 1242 "-" "WordPress/6.8; https://first-gulf.com.sa"
20.171.207.230 - - [05/Jul/2025:08:38:56 -0400] "GET /items/vkgxp296/11801?key=garlic HTTP/1.1" 302 0 "-" "Mozilla/5.0 AppleWebKit/537.36 (KHTML, like Gecko; compatible; GPTBot/1.2; +https://openai.com/gptbot)"
20.171.207.230 - - [05/Jul/2025:08:38:57 -0400] "GET /ar/ HTTP/1.1" 200 10547 "-" "Mozilla/5.0 AppleWebKit/537.36 (KHTML, like Gecko; compatible; GPTBot/1.2; +https://openai.com/gptbot)"
20.171.207.230 - - [05/Jul/2025:08:38:58 -0400] "GET /items/aoren155/39780?key=bishop HTTP/1.1" 302 0 "-" "Mozilla/5.0 AppleWebKit/537.36 (KHTML, like Gecko; compatible; GPTBot/1.2; +https://openai.com/gptbot)"
20.171.207.230 - - [05/Jul/2025:08:38:59 -0400] "GET /ar/ HTTP/1.1" 200 10547 "-" "Mozilla/5.0 AppleWebKit/537.36 (KHTML, like Gecko; compatible; GPTBot/1.2; +https://openai.com/gptbot)"
20.171.207.230 - - [05/Jul/2025:08:39:03 -0400] "GET /items/vgmla256/11897?key=chairman HTTP/1.1" 302 0 "-" "Mozilla/5.0 AppleWebKit/537.36 (KHTML, like Gecko; compatible; GPTBot/1.2; +https://openai.com/gptbot)"
66.249.77.130 - - [05/Jul/2025:08:39:04 -0400] "GET /items/ftujg238/26311?key=tail HTTP/1.1" 200 88074 "-" "Mozilla/5.0 (Linux; Android 6.0.1; Nexus 5X Build/MMB29P) AppleWebKit/537.36 (KHTML, like Gecko) Chrome/137.0.7151.103 Mobile Safari/537.36 (compatible; Googlebot/2.1; +http://www.google.com/bot.html)"
20.171.207.230 - - [05/Jul/2025:08:39:04 -0400] "GET /ar/ HTTP/1.1" 200 10545 "-" "Mozilla/5.0 AppleWebKit/537.36 (KHTML, like Gecko; compatible; GPTBot/1.2; +https://openai.com/gptbot)"
20.171.207.230 - - [05/Jul/2025:08:39:09 -0400] "GET /items/fjugz135/46734?key=rabbit HTTP/1.1" 302 0 "-" "Mozilla/5.0 AppleWebKit/537.36 (KHTML, like Gecko; compatible; GPTBot/1.2; +https://openai.com/gptbot)"
20.171.207.230 - - [05/Jul/2025:08:39:09 -0400] "GET /ar/ HTTP/1.1" 200 10545 "-" "Mozilla/5.0 AppleWebKit/537.36 (KHTML, like Gecko; compatible; GPTBot/1.2; +https://openai.com/gptbot)"
20.171.207.230 - - [05/Jul/2025:08:39:12 -0400] "GET /items/rruwf283/17186?key=sanction HTTP/1.1" 302 0 "-" "Mozilla/5.0 AppleWebKit/537.36 (KHTML, like Gecko; compatible; GPTBot/1.2; +https://openai.com/gptbot)"
20.171.207.230 - - [05/Jul/2025:08:39:12 -0400] "GET /ar/ HTTP/1.1" 200 10545 "-" "Mozilla/5.0 AppleWebKit/537.36 (KHTML, like Gecko; compatible; GPTBot/1.2; +https://openai.com/gptbot)"
20.171.207.230 - - [05/Jul/2025:08:39:15 -0400] "GET /items/zqmdj288/20927?key=informal HTTP/1.1" 302 0 "-" "Mozilla/5.0 AppleWebKit/537.36 (KHTML, like Gecko; compatible; GPTBot/1.2; +https://openai.com/gptbot)"
20.171.207.230 - - [05/Jul/2025:08:39:16 -0400] "GET /ar/ HTTP/1.1" 200 10545 "-" "Mozilla/5.0 AppleWebKit/537.36 (KHTML, like Gecko; compatible; GPTBot/1.2; +https://openai.com/gptbot)"
20.171.207.230 - - [05/Jul/2025:08:39:19 -0400] "GET /items/dacob210/10495?key=useful HTTP/1.1" 302 0 "-" "Mozilla/5.0 AppleWebKit/537.36 (KHTML, like Gecko; compatible; GPTBot/1.2; +https://openai.com/gptbot)"
66.249.77.130 - - [05/Jul/2025:08:39:20 -0400] "GET /items/hgnkn144/9233?key=excellent HTTP/1.1" 200 87231 "-" "Mozilla/5.0 (Linux; Android 6.0.1; Nexus 5X Build/MMB29P) AppleWebKit/537.36 (KHTML, like Gecko) Chrome/137.0.7151.103 Mobile Safari/537.36 (compatible; Googlebot/2.1; +http://www.google.com/bot.html)"
20.171.207.230 - - [05/Jul/2025:08:39:19 -0400] "GET /ar/ HTTP/1.1" 200 10545 "-" "Mozilla/5.0 AppleWebKit/537.36 (KHTML, like Gecko; compatible; GPTBot/1.2; +https://openai.com/gptbot)"
20.171.207.230 - - [05/Jul/2025:08:39:22 -0400] "GET /items/wbrkc121/47574?key=flavor HTTP/1.1" 302 0 "-" "Mozilla/5.0 AppleWebKit/537.36 (KHTML, like Gecko; compatible; GPTBot/1.2; +https://openai.com/gptbot)"
20.171.207.230 - - [05/Jul/2025:08:39:22 -0400] "GET /ar/ HTTP/1.1" 200 10545 "-" "Mozilla/5.0 AppleWebKit/537.36 (KHTML, like Gecko; compatible; GPTBot/1.2; +https://openai.com/gptbot)"
20.171.207.230 - - [05/Jul/2025:08:39:26 -0400] "GET /items/gjyhu283/25578?key=favorite HTTP/1.1" 302 0 "-" "Mozilla/5.0 AppleWebKit/537.36 (KHTML, like Gecko; compatible; GPTBot/1.2; +https://openai.com/gptbot)"
20.171.207.230 - - [05/Jul/2025:08:39:26 -0400] "GET /ar/ HTTP/1.1" 200 10545 "-" "Mozilla/5.0 AppleWebKit/537.36 (KHTML, like Gecko; compatible; GPTBot/1.2; +https://openai.com/gptbot)"
20.171.207.230 - - [05/Jul/2025:08:39:30 -0400] "GET /items/hngbc120/48329?key=opposite HTTP/1.1" 302 0 "-" "Mozilla/5.0 AppleWebKit/537.36 (KHTML, like Gecko; compatible; GPTBot/1.2; +https://openai.com/gptbot)"
