66.249.68.137 - - [05/Jul/2025:12:34:55 -0400] "GET /items/iaogo34/22233?key=written HTTP/1.1" 200 87931 "-" "Mozilla/5.0 (Linux; Android 6.0.1; Nexus 5X Build/MMB29P) AppleWebKit/537.36 (KHTML, like Gecko) Chrome/137.0.7151.103 Mobile Safari/537.36 (compatible; GoogleOther)"
20.171.207.230 - - [05/Jul/2025:12:34:58 -0400] "GET /items/sqgax299/14598?key=will HTTP/1.1" 302 0 "-" "Mozilla/5.0 AppleWebKit/537.36 (KHTML, like Gecko; compatible; GPTBot/1.2; +https://openai.com/gptbot)"
20.171.207.230 - - [05/Jul/2025:12:34:58 -0400] "GET /ar/ HTTP/1.1" 200 10545 "-" "Mozilla/5.0 AppleWebKit/537.36 (KHTML, like Gecko; compatible; GPTBot/1.2; +https://openai.com/gptbot)"
20.171.207.230 - - [05/Jul/2025:12:34:59 -0400] "GET /items/arjek213/26926?key=gold HTTP/1.1" 302 0 "-" "Mozilla/5.0 AppleWebKit/537.36 (KHTML, like Gecko; compatible; GPTBot/1.2; +https://openai.com/gptbot)"
20.171.207.230 - - [05/Jul/2025:12:34:59 -0400] "GET /ar/ HTTP/1.1" 200 10545 "-" "Mozilla/5.0 AppleWebKit/537.36 (KHTML, like Gecko; compatible; GPTBot/1.2; +https://openai.com/gptbot)"
20.171.207.230 - - [05/Jul/2025:12:35:00 -0400] "GET /items/zwhii152/28869?key=pair HTTP/1.1" 302 0 "-" "Mozilla/5.0 AppleWebKit/537.36 (KHTML, like Gecko; compatible; GPTBot/1.2; +https://openai.com/gptbot)"
20.171.207.230 - - [05/Jul/2025:12:35:01 -0400] "GET /ar/ HTTP/1.1" 200 10545 "-" "Mozilla/5.0 AppleWebKit/537.36 (KHTML, like Gecko; compatible; GPTBot/1.2; +https://openai.com/gptbot)"
20.171.207.230 - - [05/Jul/2025:12:35:02 -0400] "GET /items/cyjlk281/35654?key=fame HTTP/1.1" 302 0 "-" "Mozilla/5.0 AppleWebKit/537.36 (KHTML, like Gecko; compatible; GPTBot/1.2; +https://openai.com/gptbot)"
20.171.207.230 - - [05/Jul/2025:12:35:03 -0400] "GET /ar/ HTTP/1.1" 200 10545 "-" "Mozilla/5.0 AppleWebKit/537.36 (KHTML, like Gecko; compatible; GPTBot/1.2; +https://openai.com/gptbot)"
20.171.207.230 - - [05/Jul/2025:12:35:05 -0400] "GET /items/ezqlf230/47285?key=tide HTTP/1.1" 302 0 "-" "Mozilla/5.0 AppleWebKit/537.36 (KHTML, like Gecko; compatible; GPTBot/1.2; +https://openai.com/gptbot)"
20.171.207.230 - - [05/Jul/2025:12:35:05 -0400] "GET /ar/ HTTP/1.1" 200 10545 "-" "Mozilla/5.0 AppleWebKit/537.36 (KHTML, like Gecko; compatible; GPTBot/1.2; +https://openai.com/gptbot)"
20.171.207.230 - - [05/Jul/2025:12:35:08 -0400] "GET /items/scabn203/13460?key=hint HTTP/1.1" 302 0 "-" "Mozilla/5.0 AppleWebKit/537.36 (KHTML, like Gecko; compatible; GPTBot/1.2; +https://openai.com/gptbot)"
20.171.207.230 - - [05/Jul/2025:12:35:10 -0400] "GET /ar/ HTTP/1.1" 200 10545 "-" "Mozilla/5.0 AppleWebKit/537.36 (KHTML, like Gecko; compatible; GPTBot/1.2; +https://openai.com/gptbot)"
20.171.207.230 - - [05/Jul/2025:12:35:12 -0400] "GET /items/jxbtw246/19515?key=evil HTTP/1.1" 302 0 "-" "Mozilla/5.0 AppleWebKit/537.36 (KHTML, like Gecko; compatible; GPTBot/1.2; +https://openai.com/gptbot)"
20.171.207.230 - - [05/Jul/2025:12:35:13 -0400] "GET /ar/ HTTP/1.1" 200 10545 "-" "Mozilla/5.0 AppleWebKit/537.36 (KHTML, like Gecko; compatible; GPTBot/1.2; +https://openai.com/gptbot)"
66.29.146.47 - - [05/Jul/2025:12:35:17 -0400] "POST /wp-cron.php?doing_wp_cron=1751733317.0638060569763183593750 HTTP/1.1" 403 1242 "-" "WordPress/6.8; https://first-gulf.com.sa"
20.171.207.230 - - [05/Jul/2025:12:35:16 -0400] "GET /items/hshdx197/34302?key=just HTTP/1.1" 302 0 "-" "Mozilla/5.0 AppleWebKit/537.36 (KHTML, like Gecko; compatible; GPTBot/1.2; +https://openai.com/gptbot)"
66.29.146.47 - - [05/Jul/2025:12:35:18 -0400] "POST /ar/wp-cron.php?doing_wp_cron=1751733318.0641269683837890625000 HTTP/1.1" 200 0 "-" "WordPress/6.8; https://first-gulf.com.sa/ar"
20.171.207.230 - - [05/Jul/2025:12:35:17 -0400] "GET /ar/ HTTP/1.1" 200 10545 "-" "Mozilla/5.0 AppleWebKit/537.36 (KHTML, like Gecko; compatible; GPTBot/1.2; +https://openai.com/gptbot)"
20.171.207.230 - - [05/Jul/2025:12:35:20 -0400] "GET /items/bxeqy208/15589?key=cope HTTP/1.1" 302 0 "-" "Mozilla/5.0 AppleWebKit/537.36 (KHTML, like Gecko; compatible; GPTBot/1.2; +https://openai.com/gptbot)"
66.249.79.193 - - [05/Jul/2025:12:35:20 -0400] "GET /pcmypage?callback=product/review/hatoya-cr4538792869308 HTTP/1.1" 200 87868 "-" "Mozilla/5.0 (compatible; Googlebot/2.1; +http://www.google.com/bot.html)"
20.171.207.230 - - [05/Jul/2025:12:35:21 -0400] "GET /ar/ HTTP/1.1" 200 10545 "-" "Mozilla/5.0 AppleWebKit/537.36 (KHTML, like Gecko; compatible; GPTBot/1.2; +https://openai.com/gptbot)"
20.171.207.230 - - [05/Jul/2025:12:35:23 -0400] "GET /items/fvbxv281/40884?key=wind HTTP/1.1" 302 0 "-" "Mozilla/5.0 AppleWebKit/537.36 (KHTML, like Gecko; compatible; GPTBot/1.2; +https://openai.com/gptbot)"
20.171.207.230 - - [05/Jul/2025:12:35:24 -0400] "GET /ar/ HTTP/1.1" 200 10545 "-" "Mozilla/5.0 AppleWebKit/537.36 (KHTML, like Gecko; compatible; GPTBot/1.2; +https://openai.com/gptbot)"
66.249.79.206 - - [05/Jul/2025:12:35:39 -0400] "GET /items/190019040.html?srsltid=AfmBOocnbyGUbzxNcBlK5jkMDjzSKVtW4orV7PNcexS6xokutTz9 HTTP/1.1" 200 87714 "-" "Mozilla/5.0 (compatible; Googlebot/2.1; +http://www.google.com/bot.html)"
66.249.68.137 - - [05/Jul/2025:12:35:44 -0400] "GET /items/khbyj188/48161?key=special HTTP/1.1" 200 88234 "-" "Mozilla/5.0 (Linux; Android 6.0.1; Nexus 5X Build/MMB29P) AppleWebKit/537.36 (KHTML, like Gecko) Chrome/137.0.7151.103 Mobile Safari/537.36 (compatible; GoogleOther)"
20.171.207.230 - - [05/Jul/2025:12:35:49 -0400] "GET /items/zxdtd206/15937?key=stir HTTP/1.1" 302 0 "-" "Mozilla/5.0 AppleWebKit/537.36 (KHTML, like Gecko; compatible; GPTBot/1.2; +https://openai.com/gptbot)"
20.171.207.230 - - [05/Jul/2025:12:35:49 -0400] "GET /ar/ HTTP/1.1" 200 10545 "-" "Mozilla/5.0 AppleWebKit/537.36 (KHTML, like Gecko; compatible; GPTBot/1.2; +https://openai.com/gptbot)"
20.171.207.230 - - [05/Jul/2025:12:35:50 -0400] "GET /items/wfdvw286/28373?key=star HTTP/1.1" 302 0 "-" "Mozilla/5.0 AppleWebKit/537.36 (KHTML, like Gecko; compatible; GPTBot/1.2; +https://openai.com/gptbot)"
20.171.207.230 - - [05/Jul/2025:12:35:51 -0400] "GET /ar/ HTTP/1.1" 200 10545 "-" "Mozilla/5.0 AppleWebKit/537.36 (KHTML, like Gecko; compatible; GPTBot/1.2; +https://openai.com/gptbot)"
20.171.207.230 - - [05/Jul/2025:12:35:53 -0400] "GET /items/dnwzm144/31951?key=copy HTTP/1.1" 302 0 "-" "Mozilla/5.0 AppleWebKit/537.36 (KHTML, like Gecko; compatible; GPTBot/1.2; +https://openai.com/gptbot)"
20.171.207.230 - - [05/Jul/2025:12:35:53 -0400] "GET /ar/ HTTP/1.1" 200 10545 "-" "Mozilla/5.0 AppleWebKit/537.36 (KHTML, like Gecko; compatible; GPTBot/1.2; +https://openai.com/gptbot)"
20.171.207.230 - - [05/Jul/2025:12:35:54 -0400] "GET /items/sxlms172/34825?key=wage HTTP/1.1" 302 0 "-" "Mozilla/5.0 AppleWebKit/537.36 (KHTML, like Gecko; compatible; GPTBot/1.2; +https://openai.com/gptbot)"
20.171.207.230 - - [05/Jul/2025:12:35:55 -0400] "GET /ar/ HTTP/1.1" 200 10545 "-" "Mozilla/5.0 AppleWebKit/537.36 (KHTML, like Gecko; compatible; GPTBot/1.2; +https://openai.com/gptbot)"
20.171.207.230 - - [05/Jul/2025:12:35:56 -0400] "GET /items/puxuh159/45236?key=wipe HTTP/1.1" 302 0 "-" "Mozilla/5.0 AppleWebKit/537.36 (KHTML, like Gecko; compatible; GPTBot/1.2; +https://openai.com/gptbot)"
20.171.207.230 - - [05/Jul/2025:12:35:56 -0400] "GET /ar/ HTTP/1.1" 200 10545 "-" "Mozilla/5.0 AppleWebKit/537.36 (KHTML, like Gecko; compatible; GPTBot/1.2; +https://openai.com/gptbot)"
20.171.207.230 - - [05/Jul/2025:12:35:58 -0400] "GET /items/jkylw195/15298?key=boat HTTP/1.1" 302 0 "-" "Mozilla/5.0 AppleWebKit/537.36 (KHTML, like Gecko; compatible; GPTBot/1.2; +https://openai.com/gptbot)"
20.171.207.230 - - [05/Jul/2025:12:35:58 -0400] "GET /ar/ HTTP/1.1" 200 10545 "-" "Mozilla/5.0 AppleWebKit/537.36 (KHTML, like Gecko; compatible; GPTBot/1.2; +https://openai.com/gptbot)"
20.171.207.230 - - [05/Jul/2025:12:35:59 -0400] "GET /items/dorvb221/40936?key=term HTTP/1.1" 302 0 "-" "Mozilla/5.0 AppleWebKit/537.36 (KHTML, like Gecko; compatible; GPTBot/1.2; +https://openai.com/gptbot)"
20.171.207.230 - - [05/Jul/2025:12:35:59 -0400] "GET /ar/ HTTP/1.1" 200 10545 "-" "Mozilla/5.0 AppleWebKit/537.36 (KHTML, like Gecko; compatible; GPTBot/1.2; +https://openai.com/gptbot)"
20.171.207.230 - - [05/Jul/2025:12:36:00 -0400] "GET /items/phdta181/33020?key=band HTTP/1.1" 302 0 "-" "Mozilla/5.0 AppleWebKit/537.36 (KHTML, like Gecko; compatible; GPTBot/1.2; +https://openai.com/gptbot)"
20.171.207.230 - - [05/Jul/2025:12:36:00 -0400] "GET /ar/ HTTP/1.1" 200 10545 "-" "Mozilla/5.0 AppleWebKit/537.36 (KHTML, like Gecko; compatible; GPTBot/1.2; +https://openai.com/gptbot)"
20.171.207.230 - - [05/Jul/2025:12:36:02 -0400] "GET /items/bfbhv226/24539?key=from HTTP/1.1" 302 0 "-" "Mozilla/5.0 AppleWebKit/537.36 (KHTML, like Gecko; compatible; GPTBot/1.2; +https://openai.com/gptbot)"
20.171.207.230 - - [05/Jul/2025:12:36:02 -0400] "GET /ar/ HTTP/1.1" 200 10545 "-" "Mozilla/5.0 AppleWebKit/537.36 (KHTML, like Gecko; compatible; GPTBot/1.2; +https://openai.com/gptbot)"
66.249.68.128 - - [05/Jul/2025:12:36:28 -0400] "GET /pcmypage?callback=product/review/troishomme-5b035b5k-1 HTTP/1.1" 200 87065 "-" "Mozilla/5.0 (Linux; Android 6.0.1; Nexus 5X Build/MMB29P) AppleWebKit/537.36 (KHTML, like Gecko) Chrome/137.0.7151.103 Mobile Safari/537.36 (compatible; Googlebot/2.1; +http://www.google.com/bot.html)"
66.249.68.128 - - [05/Jul/2025:12:36:33 -0400] "GET /items/rvccx272/26519?key=useful HTTP/1.1" 200 87176 "-" "Mozilla/5.0 (Linux; Android 6.0.1; Nexus 5X Build/MMB29P) AppleWebKit/537.36 (KHTML, like Gecko) Chrome/137.0.7151.103 Mobile Safari/537.36 (compatible; GoogleOther)"
66.249.68.137 - - [05/Jul/2025:12:36:37 -0400] "GET /items/119003537.html?srsltid=AfmBOojklWiVhjZsKrAa4W4XMeCsblqhdtWg3znFkTgTKuWueJQn HTTP/1.1" 200 86861 "-" "Mozilla/5.0 (Linux; Android 6.0.1; Nexus 5X Build/MMB29P) AppleWebKit/537.36 (KHTML, like Gecko) Chrome/137.0.7151.103 Mobile Safari/537.36 (compatible; Googlebot/2.1; +http://www.google.com/bot.html)"
66.249.68.137 - - [05/Jul/2025:12:36:46 -0400] "GET /pcmypage?callback=product/review/grandseiko-suoz352 HTTP/1.1" 200 87645 "-" "Mozilla/5.0 (Linux; Android 6.0.1; Nexus 5X Build/MMB29P) AppleWebKit/537.36 (KHTML, like Gecko) Chrome/137.0.7151.103 Mobile Safari/537.36 (compatible; Googlebot/2.1; +http://www.google.com/bot.html)"
66.29.146.47 - - [05/Jul/2025:12:36:49 -0400] "POST /wp-cron.php?doing_wp_cron=1751733408.8534450531005859375000 HTTP/1.1" 403 1242 "-" "WordPress/6.8; https://first-gulf.com.sa"
20.171.207.230 - - [05/Jul/2025:12:36:48 -0400] "GET /items/wkodr200/47049?key=calm HTTP/1.1" 302 0 "-" "Mozilla/5.0 AppleWebKit/537.36 (KHTML, like Gecko; compatible; GPTBot/1.2; +https://openai.com/gptbot)"
66.29.146.47 - - [05/Jul/2025:12:36:49 -0400] "POST /ar/wp-cron.php?doing_wp_cron=1751733409.5627861022949218750000 HTTP/1.1" 200 0 "-" "WordPress/6.8; https://first-gulf.com.sa/ar"
20.171.207.230 - - [05/Jul/2025:12:36:49 -0400] "GET /ar/ HTTP/1.1" 200 10545 "-" "Mozilla/5.0 AppleWebKit/537.36 (KHTML, like Gecko; compatible; GPTBot/1.2; +https://openai.com/gptbot)"
20.171.207.230 - - [05/Jul/2025:12:36:51 -0400] "GET /items/dolad259/20958?key=snow HTTP/1.1" 302 0 "-" "Mozilla/5.0 AppleWebKit/537.36 (KHTML, like Gecko; compatible; GPTBot/1.2; +https://openai.com/gptbot)"
20.171.207.230 - - [05/Jul/2025:12:36:51 -0400] "GET /ar/ HTTP/1.1" 200 10545 "-" "Mozilla/5.0 AppleWebKit/537.36 (KHTML, like Gecko; compatible; GPTBot/1.2; +https://openai.com/gptbot)"
20.171.207.230 - - [05/Jul/2025:12:36:52 -0400] "GET /items/ojjxp101/43684?key=self HTTP/1.1" 302 0 "-" "Mozilla/5.0 AppleWebKit/537.36 (KHTML, like Gecko; compatible; GPTBot/1.2; +https://openai.com/gptbot)"
20.171.207.230 - - [05/Jul/2025:12:36:52 -0400] "GET /ar/ HTTP/1.1" 200 10545 "-" "Mozilla/5.0 AppleWebKit/537.36 (KHTML, like Gecko; compatible; GPTBot/1.2; +https://openai.com/gptbot)"
20.171.207.230 - - [05/Jul/2025:12:36:54 -0400] "GET /items/beqxt143/33766?key=hour HTTP/1.1" 302 0 "-" "Mozilla/5.0 AppleWebKit/537.36 (KHTML, like Gecko; compatible; GPTBot/1.2; +https://openai.com/gptbot)"
20.171.207.230 - - [05/Jul/2025:12:36:54 -0400] "GET /ar/ HTTP/1.1" 200 10545 "-" "Mozilla/5.0 AppleWebKit/537.36 (KHTML, like Gecko; compatible; GPTBot/1.2; +https://openai.com/gptbot)"
20.171.207.230 - - [05/Jul/2025:12:36:55 -0400] "GET /items/onkxf296/38929?key=hand HTTP/1.1" 302 0 "-" "Mozilla/5.0 AppleWebKit/537.36 (KHTML, like Gecko; compatible; GPTBot/1.2; +https://openai.com/gptbot)"
20.171.207.230 - - [05/Jul/2025:12:36:56 -0400] "GET /ar/ HTTP/1.1" 200 10545 "-" "Mozilla/5.0 AppleWebKit/537.36 (KHTML, like Gecko; compatible; GPTBot/1.2; +https://openai.com/gptbot)"
20.171.207.230 - - [05/Jul/2025:12:36:57 -0400] "GET /items/iobxs258/41423?key=whip HTTP/1.1" 302 0 "-" "Mozilla/5.0 AppleWebKit/537.36 (KHTML, like Gecko; compatible; GPTBot/1.2; +https://openai.com/gptbot)"
20.171.207.230 - - [05/Jul/2025:12:36:57 -0400] "GET /ar/ HTTP/1.1" 200 10545 "-" "Mozilla/5.0 AppleWebKit/537.36 (KHTML, like Gecko; compatible; GPTBot/1.2; +https://openai.com/gptbot)"
20.171.207.230 - - [05/Jul/2025:12:36:58 -0400] "GET /items/tkttm204/39871?key=fund HTTP/1.1" 302 0 "-" "Mozilla/5.0 AppleWebKit/537.36 (KHTML, like Gecko; compatible; GPTBot/1.2; +https://openai.com/gptbot)"
20.171.207.230 - - [05/Jul/2025:12:36:58 -0400] "GET /ar/ HTTP/1.1" 200 10545 "-" "Mozilla/5.0 AppleWebKit/537.36 (KHTML, like Gecko; compatible; GPTBot/1.2; +https://openai.com/gptbot)"
20.171.207.230 - - [05/Jul/2025:12:36:59 -0400] "GET /items/eylyq174/26075?key=soap HTTP/1.1" 302 0 "-" "Mozilla/5.0 AppleWebKit/537.36 (KHTML, like Gecko; compatible; GPTBot/1.2; +https://openai.com/gptbot)"
20.171.207.230 - - [05/Jul/2025:12:37:00 -0400] "GET /ar/ HTTP/1.1" 200 10545 "-" "Mozilla/5.0 AppleWebKit/537.36 (KHTML, like Gecko; compatible; GPTBot/1.2; +https://openai.com/gptbot)"
20.171.207.230 - - [05/Jul/2025:12:37:01 -0400] "GET /items/xvwqq217/22716?key=drop HTTP/1.1" 302 0 "-" "Mozilla/5.0 AppleWebKit/537.36 (KHTML, like Gecko; compatible; GPTBot/1.2; +https://openai.com/gptbot)"
20.171.207.230 - - [05/Jul/2025:12:37:01 -0400] "GET /ar/ HTTP/1.1" 200 10545 "-" "Mozilla/5.0 AppleWebKit/537.36 (KHTML, like Gecko; compatible; GPTBot/1.2; +https://openai.com/gptbot)"
20.171.207.230 - - [05/Jul/2025:12:37:03 -0400] "GET /items/wzcpd279/26558?key=nest HTTP/1.1" 302 0 "-" "Mozilla/5.0 AppleWebKit/537.36 (KHTML, like Gecko; compatible; GPTBot/1.2; +https://openai.com/gptbot)"
20.171.207.230 - - [05/Jul/2025:12:37:03 -0400] "GET /ar/ HTTP/1.1" 200 10545 "-" "Mozilla/5.0 AppleWebKit/537.36 (KHTML, like Gecko; compatible; GPTBot/1.2; +https://openai.com/gptbot)"
66.249.68.129 - - [05/Jul/2025:12:37:17 -0400] "GET /zhHant/product/surugaya/1bankanwebshop-ds-2122946?campaign_uid=f64d716db5e979ed2f947dbaf4296895b951ae7f HTTP/1.1" 200 88187 "-" "Mozilla/5.0 (compatible; Googlebot/2.1; +http://www.google.com/bot.html)"
66.249.68.137 - - [05/Jul/2025:12:37:22 -0400] "GET /items/diooj62/28423?key=mate HTTP/1.1" 200 88872 "-" "Mozilla/5.0 (Linux; Android 6.0.1; Nexus 5X Build/MMB29P) AppleWebKit/537.36 (KHTML, like Gecko) Chrome/137.0.7151.103 Mobile Safari/537.36 (compatible; GoogleOther)"
66.249.68.128 - - [05/Jul/2025:12:37:24 -0400] "GET /category/334_335/1/listing HTTP/1.1" 200 86796 "-" "Mozilla/5.0 (Linux; Android 6.0.1; Nexus 5X Build/MMB29P) AppleWebKit/537.36 (KHTML, like Gecko) Chrome/137.0.7151.103 Mobile Safari/537.36 (compatible; Googlebot/2.1; +http://www.google.com/bot.html)"
66.249.68.137 - - [05/Jul/2025:12:37:29 -0400] "GET /items/276007562.html?srsltid=AfmBOofwwBBbXIOSnZYHfdsxETxCsYngFYn44pi7gNn7vQVJAo3c HTTP/1.1" 200 87658 "-" "Mozilla/5.0 (Linux; Android 6.0.1; Nexus 5X Build/MMB29P) AppleWebKit/537.36 (KHTML, like Gecko) Chrome/137.0.7151.103 Mobile Safari/537.36 (compatible; GoogleOther)"
66.249.68.137 - - [05/Jul/2025:12:37:36 -0400] "GET /items/huuzr193/2244?key=anyone HTTP/1.1" 200 87193 "-" "Mozilla/5.0 (Linux; Android 6.0.1; Nexus 5X Build/MMB29P) AppleWebKit/537.36 (KHTML, like Gecko) Chrome/137.0.7151.103 Mobile Safari/537.36 (compatible; GoogleOther)"
66.249.68.137 - - [05/Jul/2025:12:37:43 -0400] "GET /items/103028853.html?srsltid=AfmBOoiezcVomQIZoSqKj5vzZAxFhyUl11yawH87P0kbhtZ0ipSf HTTP/1.1" 200 87614 "-" "Mozilla/5.0 (Linux; Android 6.0.1; Nexus 5X Build/MMB29P) AppleWebKit/537.36 (KHTML, like Gecko) Chrome/137.0.7151.103 Mobile Safari/537.36 (compatible; GoogleOther)"
66.29.146.47 - - [05/Jul/2025:12:37:49 -0400] "POST /wp-cron.php?doing_wp_cron=1751733469.3677690029144287109375 HTTP/1.1" 403 1242 "-" "WordPress/6.8; https://first-gulf.com.sa"
20.171.207.230 - - [05/Jul/2025:12:37:49 -0400] "GET /items/bfxyi171/48084?key=lamp HTTP/1.1" 302 0 "-" "Mozilla/5.0 AppleWebKit/537.36 (KHTML, like Gecko; compatible; GPTBot/1.2; +https://openai.com/gptbot)"
66.249.68.128 - - [05/Jul/2025:12:37:50 -0400] "GET /items/vftcz292/49553?key=aunt HTTP/1.1" 200 87313 "-" "Mozilla/5.0 (Linux; Android 6.0.1; Nexus 5X Build/MMB29P) AppleWebKit/537.36 (KHTML, like Gecko) Chrome/137.0.7151.103 Mobile Safari/537.36 (compatible; GoogleOther)"
66.29.146.47 - - [05/Jul/2025:12:37:51 -0400] "POST /ar/wp-cron.php?doing_wp_cron=1751733470.5928030014038085937500 HTTP/1.1" 200 0 "-" "WordPress/6.8; https://first-gulf.com.sa/ar"
20.171.207.230 - - [05/Jul/2025:12:37:50 -0400] "GET /ar/ HTTP/1.1" 200 10545 "-" "Mozilla/5.0 AppleWebKit/537.36 (KHTML, like Gecko; compatible; GPTBot/1.2; +https://openai.com/gptbot)"
20.171.207.230 - - [05/Jul/2025:12:37:52 -0400] "GET /items/adsxy239/15948?key=near HTTP/1.1" 302 0 "-" "Mozilla/5.0 AppleWebKit/537.36 (KHTML, like Gecko; compatible; GPTBot/1.2; +https://openai.com/gptbot)"
20.171.207.230 - - [05/Jul/2025:12:37:53 -0400] "GET /ar/ HTTP/1.1" 200 10545 "-" "Mozilla/5.0 AppleWebKit/537.36 (KHTML, like Gecko; compatible; GPTBot/1.2; +https://openai.com/gptbot)"
20.171.207.230 - - [05/Jul/2025:12:37:54 -0400] "GET /items/qeylx230/18425?key=more HTTP/1.1" 302 0 "-" "Mozilla/5.0 AppleWebKit/537.36 (KHTML, like Gecko; compatible; GPTBot/1.2; +https://openai.com/gptbot)"
20.171.207.230 - - [05/Jul/2025:12:37:54 -0400] "GET /ar/ HTTP/1.1" 200 10545 "-" "Mozilla/5.0 AppleWebKit/537.36 (KHTML, like Gecko; compatible; GPTBot/1.2; +https://openai.com/gptbot)"
20.171.207.230 - - [05/Jul/2025:12:37:56 -0400] "GET /items/wsgsf299/41780?key=tall HTTP/1.1" 302 0 "-" "Mozilla/5.0 AppleWebKit/537.36 (KHTML, like Gecko; compatible; GPTBot/1.2; +https://openai.com/gptbot)"
66.249.68.129 - - [05/Jul/2025:12:37:58 -0400] "GET /items/olcof265/48336?key=card HTTP/1.1" 200 87277 "-" "Mozilla/5.0 (Linux; Android 6.0.1; Nexus 5X Build/MMB29P) AppleWebKit/537.36 (KHTML, like Gecko) Chrome/137.0.7151.103 Mobile Safari/537.36 (compatible; GoogleOther)"
20.171.207.230 - - [05/Jul/2025:12:37:58 -0400] "GET /ar/ HTTP/1.1" 200 10545 "-" "Mozilla/5.0 AppleWebKit/537.36 (KHTML, like Gecko; compatible; GPTBot/1.2; +https://openai.com/gptbot)"
20.171.207.230 - - [05/Jul/2025:12:38:00 -0400] "GET /items/xweuo194/45705?key=boat HTTP/1.1" 302 0 "-" "Mozilla/5.0 AppleWebKit/537.36 (KHTML, like Gecko; compatible; GPTBot/1.2; +https://openai.com/gptbot)"
66.249.68.129 - - [05/Jul/2025:12:38:00 -0400] "GET /pcmypage?callback=product/review/petwatch-taihou023set50 HTTP/1.1" 200 87523 "-" "Mozilla/5.0 (Linux; Android 6.0.1; Nexus 5X Build/MMB29P) AppleWebKit/537.36 (KHTML, like Gecko) Chrome/137.0.7151.103 Mobile Safari/537.36 (compatible; Googlebot/2.1; +http://www.google.com/bot.html)"
20.171.207.230 - - [05/Jul/2025:12:38:01 -0400] "GET /ar/ HTTP/1.1" 200 10545 "-" "Mozilla/5.0 AppleWebKit/537.36 (KHTML, like Gecko; compatible; GPTBot/1.2; +https://openai.com/gptbot)"
20.171.207.230 - - [05/Jul/2025:12:38:02 -0400] "GET /items/piaxj204/17007?key=warn HTTP/1.1" 302 0 "-" "Mozilla/5.0 AppleWebKit/537.36 (KHTML, like Gecko; compatible; GPTBot/1.2; +https://openai.com/gptbot)"
20.171.207.230 - - [05/Jul/2025:12:38:02 -0400] "GET /ar/ HTTP/1.1" 200 10545 "-" "Mozilla/5.0 AppleWebKit/537.36 (KHTML, like Gecko; compatible; GPTBot/1.2; +https://openai.com/gptbot)"
20.171.207.230 - - [05/Jul/2025:12:38:04 -0400] "GET /items/jgvuk175/10042?key=beer HTTP/1.1" 302 0 "-" "Mozilla/5.0 AppleWebKit/537.36 (KHTML, like Gecko; compatible; GPTBot/1.2; +https://openai.com/gptbot)"
20.171.207.230 - - [05/Jul/2025:12:38:04 -0400] "GET /ar/ HTTP/1.1" 200 10545 "-" "Mozilla/5.0 AppleWebKit/537.36 (KHTML, like Gecko; compatible; GPTBot/1.2; +https://openai.com/gptbot)"
20.171.207.230 - - [05/Jul/2025:12:38:05 -0400] "GET /items/drtzw156/41413?key=auto HTTP/1.1" 302 0 "-" "Mozilla/5.0 AppleWebKit/537.36 (KHTML, like Gecko; compatible; GPTBot/1.2; +https://openai.com/gptbot)"
20.171.207.230 - - [05/Jul/2025:12:38:06 -0400] "GET /ar/ HTTP/1.1" 200 10545 "-" "Mozilla/5.0 AppleWebKit/537.36 (KHTML, like Gecko; compatible; GPTBot/1.2; +https://openai.com/gptbot)"
66.249.68.137 - - [05/Jul/2025:12:38:05 -0400] "GET /items/wnqhg151/22458?key=openly HTTP/1.1" 200 87366 "-" "Mozilla/5.0 (Linux; Android 6.0.1; Nexus 5X Build/MMB29P) AppleWebKit/537.36 (KHTML, like Gecko) Chrome/137.0.7151.103 Mobile Safari/537.36 (compatible; GoogleOther)"
20.171.207.230 - - [05/Jul/2025:12:38:07 -0400] "GET /items/fcxnt128/43061?key=gift HTTP/1.1" 302 0 "-" "Mozilla/5.0 AppleWebKit/537.36 (KHTML, like Gecko; compatible; GPTBot/1.2; +https://openai.com/gptbot)"
20.171.207.230 - - [05/Jul/2025:12:38:07 -0400] "GET /ar/ HTTP/1.1" 200 10545 "-" "Mozilla/5.0 AppleWebKit/537.36 (KHTML, like Gecko; compatible; GPTBot/1.2; +https://openai.com/gptbot)"
20.171.207.230 - - [05/Jul/2025:12:38:08 -0400] "GET /items/kkblv258/30249?key=lane HTTP/1.1" 302 0 "-" "Mozilla/5.0 AppleWebKit/537.36 (KHTML, like Gecko; compatible; GPTBot/1.2; +https://openai.com/gptbot)"
20.171.207.230 - - [05/Jul/2025:12:38:08 -0400] "GET /ar/ HTTP/1.1" 200 10545 "-" "Mozilla/5.0 AppleWebKit/537.36 (KHTML, like Gecko; compatible; GPTBot/1.2; +https://openai.com/gptbot)"
66.249.68.137 - - [05/Jul/2025:12:38:10 -0400] "GET /items/256036740.html?srsltid=AfmBOoswrOgvrnLfTBNn7IgkLpxHZeitIZOQRq1L4tKASLszt7HW HTTP/1.1" 200 87422 "-" "Mozilla/5.0 (Linux; Android 6.0.1; Nexus 5X Build/MMB29P) AppleWebKit/537.36 (KHTML, like Gecko) Chrome/137.0.7151.103 Mobile Safari/537.36 (compatible; Googlebot/2.1; +http://www.google.com/bot.html)"
66.249.68.137 - - [05/Jul/2025:12:38:13 -0400] "GET /items/cxksx213/30138?key=likelihood HTTP/1.1" 200 88119 "-" "Mozilla/5.0 (Linux; Android 6.0.1; Nexus 5X Build/MMB29P) AppleWebKit/537.36 (KHTML, like Gecko) Chrome/137.0.7151.103 Mobile Safari/537.36 (compatible; GoogleOther)"
66.249.68.137 - - [05/Jul/2025:12:38:21 -0400] "GET /product/edit/american-dream-10016181 HTTP/1.1" 200 87835 "-" "Mozilla/5.0 (Linux; Android 6.0.1; Nexus 5X Build/MMB29P) AppleWebKit/537.36 (KHTML, like Gecko) Chrome/137.0.7151.103 Mobile Safari/537.36 (compatible; GoogleOther)"
66.249.68.128 - - [05/Jul/2025:12:38:28 -0400] "GET /items/rdbxq140/13333?key=recover HTTP/1.1" 200 86652 "-" "Mozilla/5.0 (Linux; Android 6.0.1; Nexus 5X Build/MMB29P) AppleWebKit/537.36 (KHTML, like Gecko) Chrome/137.0.7151.103 Mobile Safari/537.36 (compatible; GoogleOther)"
66.249.68.137 - - [05/Jul/2025:12:38:36 -0400] "GET /items/veema50/22361?key=delay HTTP/1.1" 200 88201 "-" "Mozilla/5.0 (Linux; Android 6.0.1; Nexus 5X Build/MMB29P) AppleWebKit/537.36 (KHTML, like Gecko) Chrome/137.0.7151.103 Mobile Safari/537.36 (compatible; GoogleOther)"
20.171.207.230 - - [05/Jul/2025:12:38:46 -0400] "GET /items/zuyfp237/46532?key=mean HTTP/1.1" 302 0 "-" "Mozilla/5.0 AppleWebKit/537.36 (KHTML, like Gecko; compatible; GPTBot/1.2; +https://openai.com/gptbot)"
66.249.68.129 - - [05/Jul/2025:12:38:46 -0400] "GET /items/hjzfo98/123?key=curious HTTP/1.1" 200 87496 "-" "Mozilla/5.0 (Linux; Android 6.0.1; Nexus 5X Build/MMB29P) AppleWebKit/537.36 (KHTML, like Gecko) Chrome/137.0.7151.103 Mobile Safari/537.36 (compatible; Googlebot/2.1; +http://www.google.com/bot.html)"
20.171.207.230 - - [05/Jul/2025:12:38:47 -0400] "GET /ar/ HTTP/1.1" 200 10545 "-" "Mozilla/5.0 AppleWebKit/537.36 (KHTML, like Gecko; compatible; GPTBot/1.2; +https://openai.com/gptbot)"
20.171.207.230 - - [05/Jul/2025:12:38:48 -0400] "GET /items/yisua142/60891?key=cook HTTP/1.1" 302 0 "-" "Mozilla/5.0 AppleWebKit/537.36 (KHTML, like Gecko; compatible; GPTBot/1.2; +https://openai.com/gptbot)"
20.171.207.230 - - [05/Jul/2025:12:38:48 -0400] "GET /ar/ HTTP/1.1" 200 10545 "-" "Mozilla/5.0 AppleWebKit/537.36 (KHTML, like Gecko; compatible; GPTBot/1.2; +https://openai.com/gptbot)"
20.171.207.230 - - [05/Jul/2025:12:38:49 -0400] "GET /items/zwaxz180/31215?key=very HTTP/1.1" 302 0 "-" "Mozilla/5.0 AppleWebKit/537.36 (KHTML, like Gecko; compatible; GPTBot/1.2; +https://openai.com/gptbot)"
20.171.207.230 - - [05/Jul/2025:12:38:49 -0400] "GET /ar/ HTTP/1.1" 200 10545 "-" "Mozilla/5.0 AppleWebKit/537.36 (KHTML, like Gecko; compatible; GPTBot/1.2; +https://openai.com/gptbot)"
66.29.146.47 - - [05/Jul/2025:12:38:50 -0400] "POST /wp-cron.php?doing_wp_cron=1751733530.3531870841979980468750 HTTP/1.1" 403 1242 "-" "WordPress/6.8; https://first-gulf.com.sa"
20.171.207.230 - - [05/Jul/2025:12:38:50 -0400] "GET /items/gctfi294/25821?key=body HTTP/1.1" 302 0 "-" "Mozilla/5.0 AppleWebKit/537.36 (KHTML, like Gecko; compatible; GPTBot/1.2; +https://openai.com/gptbot)"
66.29.146.47 - - [05/Jul/2025:12:38:51 -0400] "POST /ar/wp-cron.php?doing_wp_cron=1751733530.8572330474853515625000 HTTP/1.1" 200 0 "-" "WordPress/6.8; https://first-gulf.com.sa/ar"
20.171.207.230 - - [05/Jul/2025:12:38:50 -0400] "GET /ar/ HTTP/1.1" 200 10545 "-" "Mozilla/5.0 AppleWebKit/537.36 (KHTML, like Gecko; compatible; GPTBot/1.2; +https://openai.com/gptbot)"
20.171.207.230 - - [05/Jul/2025:12:38:52 -0400] "GET /items/hrsbj185/38284?key=buck HTTP/1.1" 302 0 "-" "Mozilla/5.0 AppleWebKit/537.36 (KHTML, like Gecko; compatible; GPTBot/1.2; +https://openai.com/gptbot)"
20.171.207.230 - - [05/Jul/2025:12:38:52 -0400] "GET /ar/ HTTP/1.1" 200 10545 "-" "Mozilla/5.0 AppleWebKit/537.36 (KHTML, like Gecko; compatible; GPTBot/1.2; +https://openai.com/gptbot)"
20.171.207.230 - - [05/Jul/2025:12:38:53 -0400] "GET /items/sgzgw188/10963?key=town HTTP/1.1" 302 0 "-" "Mozilla/5.0 AppleWebKit/537.36 (KHTML, like Gecko; compatible; GPTBot/1.2; +https://openai.com/gptbot)"
20.171.207.230 - - [05/Jul/2025:12:38:53 -0400] "GET /ar/ HTTP/1.1" 200 10545 "-" "Mozilla/5.0 AppleWebKit/537.36 (KHTML, like Gecko; compatible; GPTBot/1.2; +https://openai.com/gptbot)"
20.171.207.230 - - [05/Jul/2025:12:38:54 -0400] "GET /items/vkzkk251/6948?key=poll HTTP/1.1" 302 0 "-" "Mozilla/5.0 AppleWebKit/537.36 (KHTML, like Gecko; compatible; GPTBot/1.2; +https://openai.com/gptbot)"
20.171.207.230 - - [05/Jul/2025:12:38:55 -0400] "GET /ar/ HTTP/1.1" 200 10545 "-" "Mozilla/5.0 AppleWebKit/537.36 (KHTML, like Gecko; compatible; GPTBot/1.2; +https://openai.com/gptbot)"
20.171.207.230 - - [05/Jul/2025:12:38:56 -0400] "GET /items/dzldx179/2882?key=accomplishment HTTP/1.1" 302 0 "-" "Mozilla/5.0 AppleWebKit/537.36 (KHTML, like Gecko; compatible; GPTBot/1.2; +https://openai.com/gptbot)"
66.249.79.192 - - [05/Jul/2025:12:39:16 -0400] "GET /items/yozer70/33945?key=continued HTTP/1.1" 200 86836 "-" "Mozilla/5.0 (Linux; Android 6.0.1; Nexus 5X Build/MMB29P) AppleWebKit/537.36 (KHTML, like Gecko) Chrome/137.0.7151.103 Mobile Safari/537.36 (compatible; Googlebot/2.1; +http://www.google.com/bot.html)"
20.171.207.230 - - [05/Jul/2025:12:38:56 -0400] "GET /ar/ HTTP/1.1" 200 10545 "-" "Mozilla/5.0 AppleWebKit/537.36 (KHTML, like Gecko; compatible; GPTBot/1.2; +https://openai.com/gptbot)"
20.171.207.230 - - [05/Jul/2025:12:38:57 -0400] "GET /items/xjihu98/42401?key=accountability HTTP/1.1" 302 0 "-" "Mozilla/5.0 AppleWebKit/537.36 (KHTML, like Gecko; compatible; GPTBot/1.2; +https://openai.com/gptbot)"
20.171.207.230 - - [05/Jul/2025:12:38:57 -0400] "GET /ar/ HTTP/1.1" 200 10545 "-" "Mozilla/5.0 AppleWebKit/537.36 (KHTML, like Gecko; compatible; GPTBot/1.2; +https://openai.com/gptbot)"
20.171.207.230 - - [05/Jul/2025:12:38:58 -0400] "GET /items/zfnad265/4870?key=simultaneously HTTP/1.1" 302 0 "-" "Mozilla/5.0 AppleWebKit/537.36 (KHTML, like Gecko; compatible; GPTBot/1.2; +https://openai.com/gptbot)"
20.171.207.230 - - [05/Jul/2025:12:38:58 -0400] "GET /ar/ HTTP/1.1" 200 10545 "-" "Mozilla/5.0 AppleWebKit/537.36 (KHTML, like Gecko; compatible; GPTBot/1.2; +https://openai.com/gptbot)"
66.249.68.137 - - [05/Jul/2025:12:39:03 -0400] "GET /items/ucpup129/45796?key=spring HTTP/1.1" 200 88830 "-" "Mozilla/5.0 (Linux; Android 6.0.1; Nexus 5X Build/MMB29P) AppleWebKit/537.36 (KHTML, like Gecko) Chrome/137.0.7151.103 Mobile Safari/537.36 (compatible; GoogleOther)"
66.249.68.137 - - [05/Jul/2025:12:39:40 -0400] "GET /items/uvxnf112/11649?key=understanding HTTP/1.1" 200 87044 "-" "Mozilla/5.0 (Linux; Android 6.0.1; Nexus 5X Build/MMB29P) AppleWebKit/537.36 (KHTML, like Gecko) Chrome/137.0.7151.103 Mobile Safari/537.36 (compatible; GoogleOther)"
66.249.68.137 - - [05/Jul/2025:12:39:42 -0400] "GET /items/133035415.html?srsltid=AfmBOowvpjBvxaKKBnVNqgE6CrfYYERGYz2zYwhpGylKrnsZax6s HTTP/1.1" 200 87604 "-" "Mozilla/5.0 (Linux; Android 6.0.1; Nexus 5X Build/MMB29P) AppleWebKit/537.36 (KHTML, like Gecko) Chrome/137.0.7151.103 Mobile Safari/537.36 (compatible; Googlebot/2.1; +http://www.google.com/bot.html)"
66.249.68.137 - - [05/Jul/2025:12:39:44 -0400] "GET /items/069011623.html?srsltid=AfmBOorpbCgXKNVajDiE9jUCAWqJhsIDDVOAb7BPevXc9bEENhdO HTTP/1.1" 200 88373 "-" "Mozilla/5.0 (Linux; Android 6.0.1; Nexus 5X Build/MMB29P) AppleWebKit/537.36 (KHTML, like Gecko) Chrome/137.0.7151.103 Mobile Safari/537.36 (compatible; Googlebot/2.1; +http://www.google.com/bot.html)"
66.249.68.137 - - [05/Jul/2025:12:39:45 -0400] "GET /items/vzqje168/23115?key=viewer HTTP/1.1" 200 86442 "-" "Mozilla/5.0 (Linux; Android 6.0.1; Nexus 5X Build/MMB29P) AppleWebKit/537.36 (KHTML, like Gecko) Chrome/137.0.7151.103 Mobile Safari/537.36 (compatible; Googlebot/2.1; +http://www.google.com/bot.html)"
20.171.207.230 - - [05/Jul/2025:12:39:49 -0400] "GET /items/pwnbh42/39741?key=infrastructure HTTP/1.1" 302 0 "-" "Mozilla/5.0 AppleWebKit/537.36 (KHTML, like Gecko; compatible; GPTBot/1.2; +https://openai.com/gptbot)"
20.171.207.230 - - [05/Jul/2025:12:39:49 -0400] "GET /ar/ HTTP/1.1" 200 10545 "-" "Mozilla/5.0 AppleWebKit/537.36 (KHTML, like Gecko; compatible; GPTBot/1.2; +https://openai.com/gptbot)"
66.29.146.47 - - [05/Jul/2025:12:39:50 -0400] "POST /wp-cron.php?doing_wp_cron=1751733590.5523519515991210937500 HTTP/1.1" 403 1242 "-" "WordPress/6.8; https://first-gulf.com.sa"
20.171.207.230 - - [05/Jul/2025:12:39:50 -0400] "GET /items/zqwfu161/2090?key=responsibility HTTP/1.1" 302 0 "-" "Mozilla/5.0 AppleWebKit/537.36 (KHTML, like Gecko; compatible; GPTBot/1.2; +https://openai.com/gptbot)"
66.29.146.47 - - [05/Jul/2025:12:39:51 -0400] "POST /ar/wp-cron.php?doing_wp_cron=1751733590.9604458808898925781250 HTTP/1.1" 404 10548 "-" "WordPress/6.8; https://first-gulf.com.sa/ar"
20.171.207.230 - - [05/Jul/2025:12:39:50 -0400] "GET /ar/ HTTP/1.1" 200 10545 "-" "Mozilla/5.0 AppleWebKit/537.36 (KHTML, like Gecko; compatible; GPTBot/1.2; +https://openai.com/gptbot)"
20.171.207.230 - - [05/Jul/2025:12:39:52 -0400] "GET /items/ncqyj90/32051?key=organizational HTTP/1.1" 302 0 "-" "Mozilla/5.0 AppleWebKit/537.36 (KHTML, like Gecko; compatible; GPTBot/1.2; +https://openai.com/gptbot)"
20.171.207.230 - - [05/Jul/2025:12:39:52 -0400] "GET /ar/ HTTP/1.1" 200 10545 "-" "Mozilla/5.0 AppleWebKit/537.36 (KHTML, like Gecko; compatible; GPTBot/1.2; +https://openai.com/gptbot)"
20.171.207.230 - - [05/Jul/2025:12:39:53 -0400] "GET /items/psjec83/35870?key=post HTTP/1.1" 302 0 "-" "Mozilla/5.0 AppleWebKit/537.36 (KHTML, like Gecko; compatible; GPTBot/1.2; +https://openai.com/gptbot)"
20.171.207.230 - - [05/Jul/2025:12:39:54 -0400] "GET /ar/ HTTP/1.1" 200 10545 "-" "Mozilla/5.0 AppleWebKit/537.36 (KHTML, like Gecko; compatible; GPTBot/1.2; +https://openai.com/gptbot)"
20.171.207.230 - - [05/Jul/2025:12:39:56 -0400] "GET /items/olxot203/47036?key=grade HTTP/1.1" 302 0 "-" "Mozilla/5.0 AppleWebKit/537.36 (KHTML, like Gecko; compatible; GPTBot/1.2; +https://openai.com/gptbot)"
20.171.207.230 - - [05/Jul/2025:12:39:56 -0400] "GET /ar/ HTTP/1.1" 200 10545 "-" "Mozilla/5.0 AppleWebKit/537.36 (KHTML, like Gecko; compatible; GPTBot/1.2; +https://openai.com/gptbot)"
20.171.207.230 - - [05/Jul/2025:12:40:00 -0400] "GET /items/qnpmf135/46658?key=clerk HTTP/1.1" 302 0 "-" "Mozilla/5.0 AppleWebKit/537.36 (KHTML, like Gecko; compatible; GPTBot/1.2; +https://openai.com/gptbot)"
20.171.207.230 - - [05/Jul/2025:12:40:00 -0400] "GET /ar/ HTTP/1.1" 200 10545 "-" "Mozilla/5.0 AppleWebKit/537.36 (KHTML, like Gecko; compatible; GPTBot/1.2; +https://openai.com/gptbot)"
20.171.207.230 - - [05/Jul/2025:12:40:45 -0400] "GET /items/qwqzu191/14068?key=close HTTP/1.1" 302 0 "-" "Mozilla/5.0 AppleWebKit/537.36 (KHTML, like Gecko; compatible; GPTBot/1.2; +https://openai.com/gptbot)"
20.171.207.230 - - [05/Jul/2025:12:40:45 -0400] "GET /ar/ HTTP/1.1" 200 10545 "-" "Mozilla/5.0 AppleWebKit/537.36 (KHTML, like Gecko; compatible; GPTBot/1.2; +https://openai.com/gptbot)"
20.171.207.230 - - [05/Jul/2025:12:40:46 -0400] "GET /items/dzcka179/40768?key=juice HTTP/1.1" 302 0 "-" "Mozilla/5.0 AppleWebKit/537.36 (KHTML, like Gecko; compatible; GPTBot/1.2; +https://openai.com/gptbot)"
20.171.207.230 - - [05/Jul/2025:12:40:47 -0400] "GET /ar/ HTTP/1.1" 200 10545 "-" "Mozilla/5.0 AppleWebKit/537.36 (KHTML, like Gecko; compatible; GPTBot/1.2; +https://openai.com/gptbot)"
66.29.146.47 - - [05/Jul/2025:12:40:51 -0400] "POST /wp-cron.php?doing_wp_cron=1751733650.8461639881134033203125 HTTP/1.1" 403 1242 "-" "WordPress/6.8; https://first-gulf.com.sa"
20.171.207.230 - - [05/Jul/2025:12:40:50 -0400] "GET /items/aknhk164/21739?key=voter HTTP/1.1" 302 0 "-" "Mozilla/5.0 AppleWebKit/537.36 (KHTML, like Gecko; compatible; GPTBot/1.2; +https://openai.com/gptbot)"
66.29.146.47 - - [05/Jul/2025:12:40:52 -0400] "POST /ar/wp-cron.php?doing_wp_cron=1751733651.9347200393676757812500 HTTP/1.1" 200 0 "-" "WordPress/6.8; https://first-gulf.com.sa/ar"
20.171.207.230 - - [05/Jul/2025:12:40:51 -0400] "GET /ar/ HTTP/1.1" 200 10545 "-" "Mozilla/5.0 AppleWebKit/537.36 (KHTML, like Gecko; compatible; GPTBot/1.2; +https://openai.com/gptbot)"
20.171.207.230 - - [05/Jul/2025:12:40:54 -0400] "GET /items/hjezl281/25742?key=major HTTP/1.1" 302 0 "-" "Mozilla/5.0 AppleWebKit/537.36 (KHTML, like Gecko; compatible; GPTBot/1.2; +https://openai.com/gptbot)"
66.249.68.137 - - [05/Jul/2025:12:40:54 -0400] "GET /items/097008717.html?srsltid=AfmBOoyjwSMHFdxfOAKqn58iSidKSNoGGmPSr9iN8EYEGkSKcWD2 HTTP/1.1" 200 87203 "-" "Mozilla/5.0 (Linux; Android 6.0.1; Nexus 5X Build/MMB29P) AppleWebKit/537.36 (KHTML, like Gecko) Chrome/137.0.7151.103 Mobile Safari/537.36 (compatible; GoogleOther)"
20.171.207.230 - - [05/Jul/2025:12:40:54 -0400] "GET /ar/ HTTP/1.1" 200 10545 "-" "Mozilla/5.0 AppleWebKit/537.36 (KHTML, like Gecko; compatible; GPTBot/1.2; +https://openai.com/gptbot)"
20.171.207.230 - - [05/Jul/2025:12:40:56 -0400] "GET /items/xspsf243/14300?key=vocal HTTP/1.1" 302 0 "-" "Mozilla/5.0 AppleWebKit/537.36 (KHTML, like Gecko; compatible; GPTBot/1.2; +https://openai.com/gptbot)"
20.171.207.230 - - [05/Jul/2025:12:40:56 -0400] "GET /ar/ HTTP/1.1" 200 10545 "-" "Mozilla/5.0 AppleWebKit/537.36 (KHTML, like Gecko; compatible; GPTBot/1.2; +https://openai.com/gptbot)"
20.171.207.230 - - [05/Jul/2025:12:40:57 -0400] "GET /items/zdgch183/19706?key=crime HTTP/1.1" 302 0 "-" "Mozilla/5.0 AppleWebKit/537.36 (KHTML, like Gecko; compatible; GPTBot/1.2; +https://openai.com/gptbot)"
20.171.207.230 - - [05/Jul/2025:12:40:57 -0400] "GET /ar/ HTTP/1.1" 200 10545 "-" "Mozilla/5.0 AppleWebKit/537.36 (KHTML, like Gecko; compatible; GPTBot/1.2; +https://openai.com/gptbot)"
20.171.207.230 - - [05/Jul/2025:12:40:58 -0400] "GET /items/siyir270/34915?key=uncle HTTP/1.1" 302 0 "-" "Mozilla/5.0 AppleWebKit/537.36 (KHTML, like Gecko; compatible; GPTBot/1.2; +https://openai.com/gptbot)"
20.171.207.230 - - [05/Jul/2025:12:40:59 -0400] "GET /ar/ HTTP/1.1" 200 10545 "-" "Mozilla/5.0 AppleWebKit/537.36 (KHTML, like Gecko; compatible; GPTBot/1.2; +https://openai.com/gptbot)"
20.171.207.230 - - [05/Jul/2025:12:41:00 -0400] "GET /items/xuwva213/20402?key=young HTTP/1.1" 302 0 "-" "Mozilla/5.0 AppleWebKit/537.36 (KHTML, like Gecko; compatible; GPTBot/1.2; +https://openai.com/gptbot)"
20.171.207.230 - - [05/Jul/2025:12:41:00 -0400] "GET /ar/ HTTP/1.1" 200 10545 "-" "Mozilla/5.0 AppleWebKit/537.36 (KHTML, like Gecko; compatible; GPTBot/1.2; +https://openai.com/gptbot)"
20.171.207.230 - - [05/Jul/2025:12:41:01 -0400] "GET /items/nkshz281/39568?key=whale HTTP/1.1" 302 0 "-" "Mozilla/5.0 AppleWebKit/537.36 (KHTML, like Gecko; compatible; GPTBot/1.2; +https://openai.com/gptbot)"
20.171.207.230 - - [05/Jul/2025:12:41:01 -0400] "GET /ar/ HTTP/1.1" 200 10545 "-" "Mozilla/5.0 AppleWebKit/537.36 (KHTML, like Gecko; compatible; GPTBot/1.2; +https://openai.com/gptbot)"
20.171.207.230 - - [05/Jul/2025:12:41:02 -0400] "GET /items/sulqd257/26356?key=ocean HTTP/1.1" 302 0 "-" "Mozilla/5.0 AppleWebKit/537.36 (KHTML, like Gecko; compatible; GPTBot/1.2; +https://openai.com/gptbot)"
20.171.207.230 - - [05/Jul/2025:12:41:02 -0400] "GET /ar/ HTTP/1.1" 200 10545 "-" "Mozilla/5.0 AppleWebKit/537.36 (KHTML, like Gecko; compatible; GPTBot/1.2; +https://openai.com/gptbot)"
66.249.68.129 - - [05/Jul/2025:12:41:03 -0400] "GET /items/cfwih108/49923?key=island HTTP/1.1" 200 87168 "-" "Mozilla/5.0 (Linux; Android 6.0.1; Nexus 5X Build/MMB29P) AppleWebKit/537.36 (KHTML, like Gecko) Chrome/137.0.7151.103 Mobile Safari/537.36 (compatible; Googlebot/2.1; +http://www.google.com/bot.html)"
66.249.68.128 - - [05/Jul/2025:12:41:15 -0400] "GET /pcmypage?callback=/product%2Fdetail%2Biggate-34067513870 HTTP/1.1" 200 87484 "-" "Mozilla/5.0 (Linux; Android 6.0.1; Nexus 5X Build/MMB29P) AppleWebKit/537.36 (KHTML, like Gecko) Chrome/137.0.7151.103 Mobile Safari/537.36 (compatible; GoogleOther)"
66.249.68.129 - - [05/Jul/2025:12:41:32 -0400] "GET /items/jagbi279/30042?key=pastor HTTP/1.1" 200 88344 "-" "Mozilla/5.0 (Linux; Android 6.0.1; Nexus 5X Build/MMB29P) AppleWebKit/537.36 (KHTML, like Gecko) Chrome/137.0.7151.103 Mobile Safari/537.36 (compatible; GoogleOther)"
20.171.207.230 - - [05/Jul/2025:12:41:39 -0400] "GET /items/vuqud212/13083?key=place HTTP/1.1" 302 0 "-" "Mozilla/5.0 AppleWebKit/537.36 (KHTML, like Gecko; compatible; GPTBot/1.2; +https://openai.com/gptbot)"
20.171.207.230 - - [05/Jul/2025:12:41:39 -0400] "GET /ar/ HTTP/1.1" 200 10545 "-" "Mozilla/5.0 AppleWebKit/537.36 (KHTML, like Gecko; compatible; GPTBot/1.2; +https://openai.com/gptbot)"
20.171.207.230 - - [05/Jul/2025:12:41:40 -0400] "GET /items/fxjrc195/45256?key=great HTTP/1.1" 302 0 "-" "Mozilla/5.0 AppleWebKit/537.36 (KHTML, like Gecko; compatible; GPTBot/1.2; +https://openai.com/gptbot)"
20.171.207.230 - - [05/Jul/2025:12:41:40 -0400] "GET /ar/ HTTP/1.1" 200 10545 "-" "Mozilla/5.0 AppleWebKit/537.36 (KHTML, like Gecko; compatible; GPTBot/1.2; +https://openai.com/gptbot)"
20.171.207.230 - - [05/Jul/2025:12:41:41 -0400] "GET /items/vuovv236/21877?key=grasp HTTP/1.1" 302 0 "-" "Mozilla/5.0 AppleWebKit/537.36 (KHTML, like Gecko; compatible; GPTBot/1.2; +https://openai.com/gptbot)"
20.171.207.230 - - [05/Jul/2025:12:41:42 -0400] "GET /ar/ HTTP/1.1" 200 10545 "-" "Mozilla/5.0 AppleWebKit/537.36 (KHTML, like Gecko; compatible; GPTBot/1.2; +https://openai.com/gptbot)"
20.171.207.230 - - [05/Jul/2025:12:41:43 -0400] "GET /items/gecmz276/30807?key=sword HTTP/1.1" 302 0 "-" "Mozilla/5.0 AppleWebKit/537.36 (KHTML, like Gecko; compatible; GPTBot/1.2; +https://openai.com/gptbot)"
20.171.207.230 - - [05/Jul/2025:12:41:44 -0400] "GET /ar/ HTTP/1.1" 200 10545 "-" "Mozilla/5.0 AppleWebKit/537.36 (KHTML, like Gecko; compatible; GPTBot/1.2; +https://openai.com/gptbot)"
20.171.207.230 - - [05/Jul/2025:12:41:45 -0400] "GET /items/zquiu270/43101?key=final HTTP/1.1" 302 0 "-" "Mozilla/5.0 AppleWebKit/537.36 (KHTML, like Gecko; compatible; GPTBot/1.2; +https://openai.com/gptbot)"
20.171.207.230 - - [05/Jul/2025:12:41:45 -0400] "GET /ar/ HTTP/1.1" 200 10545 "-" "Mozilla/5.0 AppleWebKit/537.36 (KHTML, like Gecko; compatible; GPTBot/1.2; +https://openai.com/gptbot)"
20.171.207.230 - - [05/Jul/2025:12:41:47 -0400] "GET /items/pdxqv276/11923?key=voter HTTP/1.1" 302 0 "-" "Mozilla/5.0 AppleWebKit/537.36 (KHTML, like Gecko; compatible; GPTBot/1.2; +https://openai.com/gptbot)"
20.171.207.230 - - [05/Jul/2025:12:41:47 -0400] "GET /ar/ HTTP/1.1" 200 10545 "-" "Mozilla/5.0 AppleWebKit/537.36 (KHTML, like Gecko; compatible; GPTBot/1.2; +https://openai.com/gptbot)"
20.171.207.230 - - [05/Jul/2025:12:41:48 -0400] "GET /items/wxkaj196/42529?key=house HTTP/1.1" 302 0 "-" "Mozilla/5.0 AppleWebKit/537.36 (KHTML, like Gecko; compatible; GPTBot/1.2; +https://openai.com/gptbot)"
20.171.207.230 - - [05/Jul/2025:12:40:01 -0400] "GET /items/zawra249/41536?key=drain HTTP/1.1" 302 0 "-" "Mozilla/5.0 AppleWebKit/537.36 (KHTML, like Gecko; compatible; GPTBot/1.2; +https://openai.com/gptbot)"
20.171.207.230 - - [05/Jul/2025:12:40:01 -0400] "GET /ar/ HTTP/1.1" 200 10545 "-" "Mozilla/5.0 AppleWebKit/537.36 (KHTML, like Gecko; compatible; GPTBot/1.2; +https://openai.com/gptbot)"
20.171.207.230 - - [05/Jul/2025:12:40:02 -0400] "GET /items/dbjop142/32577?key=jeans HTTP/1.1" 302 0 "-" "Mozilla/5.0 AppleWebKit/537.36 (KHTML, like Gecko; compatible; GPTBot/1.2; +https://openai.com/gptbot)"
20.171.207.230 - - [05/Jul/2025:12:40:02 -0400] "GET /ar/ HTTP/1.1" 200 10545 "-" "Mozilla/5.0 AppleWebKit/537.36 (KHTML, like Gecko; compatible; GPTBot/1.2; +https://openai.com/gptbot)"
20.171.207.230 - - [05/Jul/2025:12:40:04 -0400] "GET /items/ojgzl195/47400?key=outer HTTP/1.1" 302 0 "-" "Mozilla/5.0 AppleWebKit/537.36 (KHTML, like Gecko; compatible; GPTBot/1.2; +https://openai.com/gptbot)"
20.171.207.230 - - [05/Jul/2025:12:40:05 -0400] "GET /ar/ HTTP/1.1" 200 10545 "-" "Mozilla/5.0 AppleWebKit/537.36 (KHTML, like Gecko; compatible; GPTBot/1.2; +https://openai.com/gptbot)"
20.171.207.230 - - [05/Jul/2025:12:40:06 -0400] "GET /items/wqqcp180/42283?key=great HTTP/1.1" 302 0 "-" "Mozilla/5.0 AppleWebKit/537.36 (KHTML, like Gecko; compatible; GPTBot/1.2; +https://openai.com/gptbot)"
20.171.207.230 - - [05/Jul/2025:12:40:06 -0400] "GET /ar/ HTTP/1.1" 200 10545 "-" "Mozilla/5.0 AppleWebKit/537.36 (KHTML, like Gecko; compatible; GPTBot/1.2; +https://openai.com/gptbot)"
66.249.68.137 - - [05/Jul/2025:12:40:18 -0400] "GET /items/138067496.html?srsltid=AfmBOostmmDDgzJObZTb4y2vPUgByqLIIuc7qiXyAgrKAmbtDoXj HTTP/1.1" 200 88348 "-" "Mozilla/5.0 (Linux; Android 6.0.1; Nexus 5X Build/MMB29P) AppleWebKit/537.36 (KHTML, like Gecko) Chrome/137.0.7151.103 Mobile Safari/537.36 (compatible; GoogleOther)"
66.249.68.128 - - [05/Jul/2025:12:40:30 -0400] "GET /items/nkshz233/39616?key=sex HTTP/1.1" 200 86875 "-" "Mozilla/5.0 (Linux; Android 6.0.1; Nexus 5X Build/MMB29P) AppleWebKit/537.36 (KHTML, like Gecko) Chrome/137.0.7151.103 Mobile Safari/537.36 (compatible; Googlebot/2.1; +http://www.google.com/bot.html)"
66.249.68.137 - - [05/Jul/2025:12:40:36 -0400] "GET /items/112041074.html?srsltid=AfmBOoqkfznTPbUnqTqzvku5BPdCQZMZE6mqOPzIWTyY1YqvVnYE HTTP/1.1" 200 87752 "-" "Mozilla/5.0 (Linux; Android 6.0.1; Nexus 5X Build/MMB29P) AppleWebKit/537.36 (KHTML, like Gecko) Chrome/137.0.7151.103 Mobile Safari/537.36 (compatible; GoogleOther)"
20.171.207.230 - - [05/Jul/2025:12:41:48 -0400] "GET /ar/ HTTP/1.1" 200 10545 "-" "Mozilla/5.0 AppleWebKit/537.36 (KHTML, like Gecko; compatible; GPTBot/1.2; +https://openai.com/gptbot)"
20.171.207.230 - - [05/Jul/2025:12:41:49 -0400] "GET /items/diwoc166/34773?key=rival HTTP/1.1" 302 0 "-" "Mozilla/5.0 AppleWebKit/537.36 (KHTML, like Gecko; compatible; GPTBot/1.2; +https://openai.com/gptbot)"
20.171.207.230 - - [05/Jul/2025:12:41:50 -0400] "GET /ar/ HTTP/1.1" 200 10545 "-" "Mozilla/5.0 AppleWebKit/537.36 (KHTML, like Gecko; compatible; GPTBot/1.2; +https://openai.com/gptbot)"
66.29.146.47 - - [05/Jul/2025:12:41:51 -0400] "POST /wp-cron.php?doing_wp_cron=1751733711.4246020317077636718750 HTTP/1.1" 403 1242 "-" "WordPress/6.8; https://first-gulf.com.sa"
20.171.207.230 - - [05/Jul/2025:12:41:51 -0400] "GET /items/qruox261/24426?key=plain HTTP/1.1" 302 0 "-" "Mozilla/5.0 AppleWebKit/537.36 (KHTML, like Gecko; compatible; GPTBot/1.2; +https://openai.com/gptbot)"
20.171.207.230 - - [05/Jul/2025:12:41:51 -0400] "GET /ar/ HTTP/1.1" 200 10545 "-" "Mozilla/5.0 AppleWebKit/537.36 (KHTML, like Gecko; compatible; GPTBot/1.2; +https://openai.com/gptbot)"
20.171.207.230 - - [05/Jul/2025:12:41:52 -0400] "GET /items/ujgwz104/24545?key=enact HTTP/1.1" 302 0 "-" "Mozilla/5.0 AppleWebKit/537.36 (KHTML, like Gecko; compatible; GPTBot/1.2; +https://openai.com/gptbot)"
66.29.146.47 - - [05/Jul/2025:12:41:53 -0400] "POST /ar/wp-cron.php?doing_wp_cron=1751733713.2570500373840332031250 HTTP/1.1" 404 10548 "-" "WordPress/6.8; https://first-gulf.com.sa/ar"
20.171.207.230 - - [05/Jul/2025:12:41:53 -0400] "GET /ar/ HTTP/1.1" 200 10545 "-" "Mozilla/5.0 AppleWebKit/537.36 (KHTML, like Gecko; compatible; GPTBot/1.2; +https://openai.com/gptbot)"
207.46.13.141 - - [05/Jul/2025:12:41:59 -0400] "GET /7d0phasemeter733/dcoejt134905.html HTTP/1.1" 200 17 "-" "Mozilla/5.0 AppleWebKit/537.36 (KHTML, like Gecko; compatible; bingbot/2.0; +http://www.bing.com/bingbot.htm) Chrome/116.0.1938.76 Safari/537.36"
66.249.68.131 - - [05/Jul/2025:12:42:09 -0400] "GET /items/lmtks10/23493?key=prohibit HTTP/1.1" 200 87344 "-" "Mozilla/5.0 (Linux; Android 6.0.1; Nexus 5X Build/MMB29P) AppleWebKit/537.36 (KHTML, like Gecko) Chrome/137.0.7151.103 Mobile Safari/537.36 (compatible; GoogleOther)"
20.171.207.230 - - [05/Jul/2025:12:42:38 -0400] "GET /items/tqjro184/42979?key=vital HTTP/1.1" 302 0 "-" "Mozilla/5.0 AppleWebKit/537.36 (KHTML, like Gecko; compatible; GPTBot/1.2; +https://openai.com/gptbot)"
20.171.207.230 - - [05/Jul/2025:12:42:39 -0400] "GET /ar/ HTTP/1.1" 200 10545 "-" "Mozilla/5.0 AppleWebKit/537.36 (KHTML, like Gecko; compatible; GPTBot/1.2; +https://openai.com/gptbot)"
20.171.207.230 - - [05/Jul/2025:12:42:40 -0400] "GET /items/gbltz299/38314?key=cloth HTTP/1.1" 302 0 "-" "Mozilla/5.0 AppleWebKit/537.36 (KHTML, like Gecko; compatible; GPTBot/1.2; +https://openai.com/gptbot)"
66.249.68.129 - - [05/Jul/2025:12:42:40 -0400] "GET /items/098003580.html?srsltid=AfmBOoudcUBjqIFlSHZdTQ19NflkmPAxNSh6rPZxmZ6twVniO0WP HTTP/1.1" 200 89922 "-" "Mozilla/5.0 (Linux; Android 6.0.1; Nexus 5X Build/MMB29P) AppleWebKit/537.36 (KHTML, like Gecko) Chrome/137.0.7151.103 Mobile Safari/537.36 (compatible; Googlebot/2.1; +http://www.google.com/bot.html)"
20.171.207.230 - - [05/Jul/2025:12:42:41 -0400] "GET /ar/ HTTP/1.1" 200 10545 "-" "Mozilla/5.0 AppleWebKit/537.36 (KHTML, like Gecko; compatible; GPTBot/1.2; +https://openai.com/gptbot)"
20.171.207.230 - - [05/Jul/2025:12:42:41 -0400] "GET /items/ipfph286/24293?key=court HTTP/1.1" 302 0 "-" "Mozilla/5.0 AppleWebKit/537.36 (KHTML, like Gecko; compatible; GPTBot/1.2; +https://openai.com/gptbot)"
20.171.207.230 - - [05/Jul/2025:12:42:42 -0400] "GET /ar/ HTTP/1.1" 200 10545 "-" "Mozilla/5.0 AppleWebKit/537.36 (KHTML, like Gecko; compatible; GPTBot/1.2; +https://openai.com/gptbot)"
20.171.207.230 - - [05/Jul/2025:12:42:43 -0400] "GET /items/ngwfe125/40492?key=panic HTTP/1.1" 302 0 "-" "Mozilla/5.0 AppleWebKit/537.36 (KHTML, like Gecko; compatible; GPTBot/1.2; +https://openai.com/gptbot)"
20.171.207.230 - - [05/Jul/2025:12:42:43 -0400] "GET /ar/ HTTP/1.1" 200 10545 "-" "Mozilla/5.0 AppleWebKit/537.36 (KHTML, like Gecko; compatible; GPTBot/1.2; +https://openai.com/gptbot)"
20.171.207.230 - - [05/Jul/2025:12:42:44 -0400] "GET /items/pahet190/37995?key=broad HTTP/1.1" 302 0 "-" "Mozilla/5.0 AppleWebKit/537.36 (KHTML, like Gecko; compatible; GPTBot/1.2; +https://openai.com/gptbot)"
20.171.207.230 - - [05/Jul/2025:12:42:44 -0400] "GET /ar/ HTTP/1.1" 200 10545 "-" "Mozilla/5.0 AppleWebKit/537.36 (KHTML, like Gecko; compatible; GPTBot/1.2; +https://openai.com/gptbot)"
20.171.207.230 - - [05/Jul/2025:12:42:45 -0400] "GET /items/axpra184/13763?key=while HTTP/1.1" 302 0 "-" "Mozilla/5.0 AppleWebKit/537.36 (KHTML, like Gecko; compatible; GPTBot/1.2; +https://openai.com/gptbot)"
20.171.207.230 - - [05/Jul/2025:12:42:46 -0400] "GET /ar/ HTTP/1.1" 200 10545 "-" "Mozilla/5.0 AppleWebKit/537.36 (KHTML, like Gecko; compatible; GPTBot/1.2; +https://openai.com/gptbot)"
20.171.207.230 - - [05/Jul/2025:12:42:47 -0400] "GET /items/cueuy215/38070?key=sword HTTP/1.1" 302 0 "-" "Mozilla/5.0 AppleWebKit/537.36 (KHTML, like Gecko; compatible; GPTBot/1.2; +https://openai.com/gptbot)"
66.249.68.129 - - [05/Jul/2025:12:42:47 -0400] "GET /items/bpswl269/46822?key=greatest HTTP/1.1" 200 87754 "-" "Mozilla/5.0 (Linux; Android 6.0.1; Nexus 5X Build/MMB29P) AppleWebKit/537.36 (KHTML, like Gecko) Chrome/137.0.7151.103 Mobile Safari/537.36 (compatible; GoogleOther)"
20.171.207.230 - - [05/Jul/2025:12:42:47 -0400] "GET /ar/ HTTP/1.1" 200 10545 "-" "Mozilla/5.0 AppleWebKit/537.36 (KHTML, like Gecko; compatible; GPTBot/1.2; +https://openai.com/gptbot)"
20.171.207.230 - - [05/Jul/2025:12:42:50 -0400] "GET /items/ledks168/23679?key=crawl HTTP/1.1" 302 0 "-" "Mozilla/5.0 AppleWebKit/537.36 (KHTML, like Gecko; compatible; GPTBot/1.2; +https://openai.com/gptbot)"
20.171.207.230 - - [05/Jul/2025:12:42:51 -0400] "GET /ar/ HTTP/1.1" 200 10545 "-" "Mozilla/5.0 AppleWebKit/537.36 (KHTML, like Gecko; compatible; GPTBot/1.2; +https://openai.com/gptbot)"
66.29.146.47 - - [05/Jul/2025:12:42:55 -0400] "POST /wp-cron.php?doing_wp_cron=1751733775.6338489055633544921875 HTTP/1.1" 403 1242 "-" "WordPress/6.8; https://first-gulf.com.sa"
20.171.207.230 - - [05/Jul/2025:12:42:55 -0400] "GET /items/qmnhm248/38795?key=toxic HTTP/1.1" 302 0 "-" "Mozilla/5.0 AppleWebKit/537.36 (KHTML, like Gecko; compatible; GPTBot/1.2; +https://openai.com/gptbot)"
66.29.146.47 - - [05/Jul/2025:12:42:56 -0400] "POST /ar/wp-cron.php?doing_wp_cron=1751733776.2602360248565673828125 HTTP/1.1" 404 10548 "-" "WordPress/6.8; https://first-gulf.com.sa/ar"
