66.249.77.137 - - [05/Jul/2025:11:51:46 -0400] "GET /items/vjwcu47/34140?key=bar HTTP/1.1" 200 87284 "-" "Mozilla/5.0 (Linux; Android 6.0.1; Nexus 5X Build/MMB29P) AppleWebKit/537.36 (KHTML, like Gecko) Chrome/137.0.7151.103 Mobile Safari/537.36 (compatible; GoogleOther)"
47.82.60.61 - - [05/Jul/2025:11:52:00 -0400] "GET /pcmypage?callback=product/detail/pro-ste-9001216741 HTTP/1.1" 301 0 "https://www.first-gulf.com.sa/pcmypage?callback=product%2Fdetail%2Fpro-ste-9001216741" "Mozilla/5.0 (Windows NT 10.0; Win64; x64) AppleWebKit/537.36 (KHTML, like Gecko) Chrome/114.0.0.0 Safari/537.36 Edg/114.0.1823.43"
47.82.60.61 - - [05/Jul/2025:11:52:01 -0400] "GET /pcmypage?callback=product/detail/pro-ste-9001216741 HTTP/1.1" 302 0 "https://www.first-gulf.com.sa/pcmypage?callback=product%2Fdetail%2Fpro-ste-9001216741" "Mozilla/5.0 (Windows NT 10.0; Win64; x64) AppleWebKit/537.36 (KHTML, like Gecko) Chrome/114.0.0.0 Safari/537.36 Edg/114.0.1823.43"
20.171.207.230 - - [05/Jul/2025:11:52:03 -0400] "GET /items/nihqt53/44248?key=settlement HTTP/1.1" 302 0 "-" "Mozilla/5.0 AppleWebKit/537.36 (KHTML, like Gecko; compatible; GPTBot/1.2; +https://openai.com/gptbot)"
20.171.207.230 - - [05/Jul/2025:11:52:03 -0400] "GET /ar/ HTTP/1.1" 200 10545 "-" "Mozilla/5.0 AppleWebKit/537.36 (KHTML, like Gecko; compatible; GPTBot/1.2; +https://openai.com/gptbot)"
20.171.207.230 - - [05/Jul/2025:11:52:04 -0400] "GET /items/ezdik10/14211?key=appreciate HTTP/1.1" 302 0 "-" "Mozilla/5.0 AppleWebKit/537.36 (KHTML, like Gecko; compatible; GPTBot/1.2; +https://openai.com/gptbot)"
20.171.207.230 - - [05/Jul/2025:11:52:04 -0400] "GET /ar/ HTTP/1.1" 200 10545 "-" "Mozilla/5.0 AppleWebKit/537.36 (KHTML, like Gecko; compatible; GPTBot/1.2; +https://openai.com/gptbot)"
20.171.207.230 - - [05/Jul/2025:11:52:05 -0400] "GET /items/bpmlk22/36367?key=commercial HTTP/1.1" 302 0 "-" "Mozilla/5.0 AppleWebKit/537.36 (KHTML, like Gecko; compatible; GPTBot/1.2; +https://openai.com/gptbot)"
20.171.207.230 - - [05/Jul/2025:11:52:05 -0400] "GET /ar/ HTTP/1.1" 200 10547 "-" "Mozilla/5.0 AppleWebKit/537.36 (KHTML, like Gecko; compatible; GPTBot/1.2; +https://openai.com/gptbot)"
47.82.60.83 - - [05/Jul/2025:11:52:06 -0400] "GET /items/jgtir1/2872?key=distinct HTTP/1.1" 302 0 "https://first-gulf.com.sa/items/jgtir1/2872?key=distinct" "Mozilla/5.0 (Windows NT 10.0; Win64; x64) AppleWebKit/537.36 (KHTML, like Gecko) Chrome/114.0.0.0 Safari/537.36 Edg/114.0.1823.43"
20.171.207.230 - - [05/Jul/2025:11:52:07 -0400] "GET /items/rlpsi94/41677?key=acceptance HTTP/1.1" 302 0 "-" "Mozilla/5.0 AppleWebKit/537.36 (KHTML, like Gecko; compatible; GPTBot/1.2; +https://openai.com/gptbot)"
20.171.207.230 - - [05/Jul/2025:11:52:07 -0400] "GET /ar/ HTTP/1.1" 200 10545 "-" "Mozilla/5.0 AppleWebKit/537.36 (KHTML, like Gecko; compatible; GPTBot/1.2; +https://openai.com/gptbot)"
47.82.60.83 - - [05/Jul/2025:11:52:07 -0400] "GET /ar/ HTTP/1.1" 200 10545 "https://first-gulf.com.sa/items/jgtir1/2872?key=distinct" "Mozilla/5.0 (Windows NT 10.0; Win64; x64) AppleWebKit/537.36 (KHTML, like Gecko) Chrome/114.0.0.0 Safari/537.36 Edg/114.0.1823.43"
20.171.207.230 - - [05/Jul/2025:11:52:09 -0400] "GET /items/rwayf26/41199?key=assessment HTTP/1.1" 302 0 "-" "Mozilla/5.0 AppleWebKit/537.36 (KHTML, like Gecko; compatible; GPTBot/1.2; +https://openai.com/gptbot)"
20.171.207.230 - - [05/Jul/2025:11:52:09 -0400] "GET /ar/ HTTP/1.1" 200 10545 "-" "Mozilla/5.0 AppleWebKit/537.36 (KHTML, like Gecko; compatible; GPTBot/1.2; +https://openai.com/gptbot)"
20.171.207.230 - - [05/Jul/2025:11:52:10 -0400] "GET /items/jqqat55/48440?key=apparently HTTP/1.1" 302 0 "-" "Mozilla/5.0 AppleWebKit/537.36 (KHTML, like Gecko; compatible; GPTBot/1.2; +https://openai.com/gptbot)"
20.171.207.230 - - [05/Jul/2025:11:52:11 -0400] "GET /ar/ HTTP/1.1" 200 10545 "-" "Mozilla/5.0 AppleWebKit/537.36 (KHTML, like Gecko; compatible; GPTBot/1.2; +https://openai.com/gptbot)"
20.171.207.230 - - [05/Jul/2025:11:52:12 -0400] "GET /items/fvdvu59/1888?key=surrounding HTTP/1.1" 302 0 "-" "Mozilla/5.0 AppleWebKit/537.36 (KHTML, like Gecko; compatible; GPTBot/1.2; +https://openai.com/gptbot)"
20.171.207.230 - - [05/Jul/2025:11:52:12 -0400] "GET /ar/ HTTP/1.1" 200 10545 "-" "Mozilla/5.0 AppleWebKit/537.36 (KHTML, like Gecko; compatible; GPTBot/1.2; +https://openai.com/gptbot)"
20.171.207.230 - - [05/Jul/2025:11:52:13 -0400] "GET /items/zlihn153/3330?key=constitution HTTP/1.1" 302 0 "-" "Mozilla/5.0 AppleWebKit/537.36 (KHTML, like Gecko; compatible; GPTBot/1.2; +https://openai.com/gptbot)"
20.171.207.230 - - [05/Jul/2025:11:52:13 -0400] "GET /ar/ HTTP/1.1" 200 10545 "-" "Mozilla/5.0 AppleWebKit/537.36 (KHTML, like Gecko; compatible; GPTBot/1.2; +https://openai.com/gptbot)"
20.171.207.230 - - [05/Jul/2025:11:52:14 -0400] "GET /items/opppu275/2702?key=consistently HTTP/1.1" 302 0 "-" "Mozilla/5.0 AppleWebKit/537.36 (KHTML, like Gecko; compatible; GPTBot/1.2; +https://openai.com/gptbot)"
20.171.207.230 - - [05/Jul/2025:11:52:14 -0400] "GET /ar/ HTTP/1.1" 200 10545 "-" "Mozilla/5.0 AppleWebKit/537.36 (KHTML, like Gecko; compatible; GPTBot/1.2; +https://openai.com/gptbot)"
20.171.207.230 - - [05/Jul/2025:11:52:15 -0400] "GET /items/styep154/1113?key=psychologist HTTP/1.1" 302 0 "-" "Mozilla/5.0 AppleWebKit/537.36 (KHTML, like Gecko; compatible; GPTBot/1.2; +https://openai.com/gptbot)"
20.171.207.230 - - [05/Jul/2025:11:52:15 -0400] "GET /ar/ HTTP/1.1" 200 10545 "-" "Mozilla/5.0 AppleWebKit/537.36 (KHTML, like Gecko; compatible; GPTBot/1.2; +https://openai.com/gptbot)"
66.249.69.2 - - [05/Jul/2025:11:52:17 -0400] "GET /search.php?276btl7627.html HTTP/1.1" 200 87957 "-" "Mozilla/5.0 (compatible; Googlebot/2.1; +http://www.google.com/bot.html)"
66.249.77.137 - - [05/Jul/2025:11:52:29 -0400] "GET /items/tvzdd88/49269?key=reputation HTTP/1.1" 200 87377 "-" "Mozilla/5.0 (Linux; Android 6.0.1; Nexus 5X Build/MMB29P) AppleWebKit/537.36 (KHTML, like Gecko) Chrome/137.0.7151.103 Mobile Safari/537.36 (compatible; Googlebot/2.1; +http://www.google.com/bot.html)"
66.249.77.139 - - [05/Jul/2025:11:52:31 -0400] "GET /items/qukfu57/1706?key=ribbon HTTP/1.1" 200 87092 "-" "Mozilla/5.0 (Linux; Android 6.0.1; Nexus 5X Build/MMB29P) AppleWebKit/537.36 (KHTML, like Gecko) Chrome/137.0.7151.103 Mobile Safari/537.36 (compatible; Googlebot/2.1; +http://www.google.com/bot.html)"
66.249.69.2 - - [05/Jul/2025:11:52:32 -0400] "GET /search.php?wife/rack52/och4c-31764/ HTTP/1.1" 200 86962 "-" "Mozilla/5.0 (Linux; Android 6.0.1; Nexus 5X Build/MMB29P) AppleWebKit/537.36 (KHTML, like Gecko) Chrome/137.0.7151.103 Mobile Safari/537.36 (compatible; Googlebot/2.1; +http://www.google.com/bot.html)"
66.249.77.138 - - [05/Jul/2025:11:52:33 -0400] "GET /pcmypage?callback=product%2Fdetail%2Fmeicho-set-2-0672-2001 HTTP/1.1" 200 88398 "-" "Mozilla/5.0 (Linux; Android 6.0.1; Nexus 5X Build/MMB29P) AppleWebKit/537.36 (KHTML, like Gecko) Chrome/137.0.7151.103 Mobile Safari/537.36 (compatible; Googlebot/2.1; +http://www.google.com/bot.html)"
66.249.77.138 - - [05/Jul/2025:11:52:35 -0400] "GET /items/vjiqw141/40726?key=bronze HTTP/1.1" 200 87794 "-" "Mozilla/5.0 (Linux; Android 6.0.1; Nexus 5X Build/MMB29P) AppleWebKit/537.36 (KHTML, like Gecko) Chrome/137.0.7151.103 Mobile Safari/537.36 (compatible; GoogleOther)"
66.29.146.47 - - [05/Jul/2025:11:52:40 -0400] "POST /wp-cron.php?doing_wp_cron=1751730760.5669059753417968750000 HTTP/1.1" 403 1242 "-" "WordPress/6.8; https://first-gulf.com.sa"
50.16.216.166 - - [05/Jul/2025:11:52:40 -0400] "GET /items/perdf5/34192?key=promising HTTP/1.1" 302 0 "-" "Mozilla/5.0 AppleWebKit/537.36 (KHTML, like Gecko; compatible; Amazonbot/0.1; +https://developer.amazon.com/support/amazonbot) Chrome/119.0.6045.214 Safari/537.36"
20.171.207.230 - - [05/Jul/2025:11:52:43 -0400] "GET /items/augcl266/40843?key=article HTTP/1.1" 302 0 "-" "Mozilla/5.0 AppleWebKit/537.36 (KHTML, like Gecko; compatible; GPTBot/1.2; +https://openai.com/gptbot)"
66.29.146.47 - - [05/Jul/2025:11:52:44 -0400] "POST /ar/wp-cron.php?doing_wp_cron=1751730764.2479240894317626953125 HTTP/1.1" 404 10548 "-" "WordPress/6.8; https://first-gulf.com.sa/ar"
20.171.207.230 - - [05/Jul/2025:11:52:44 -0400] "GET /ar/ HTTP/1.1" 200 10545 "-" "Mozilla/5.0 AppleWebKit/537.36 (KHTML, like Gecko; compatible; GPTBot/1.2; +https://openai.com/gptbot)"
20.171.207.230 - - [05/Jul/2025:11:52:45 -0400] "GET /items/vnaaq179/26350?key=bite HTTP/1.1" 302 0 "-" "Mozilla/5.0 AppleWebKit/537.36 (KHTML, like Gecko; compatible; GPTBot/1.2; +https://openai.com/gptbot)"
20.171.207.230 - - [05/Jul/2025:11:52:45 -0400] "GET /ar/ HTTP/1.1" 200 10545 "-" "Mozilla/5.0 AppleWebKit/537.36 (KHTML, like Gecko; compatible; GPTBot/1.2; +https://openai.com/gptbot)"
20.171.207.230 - - [05/Jul/2025:11:52:46 -0400] "GET /items/nwury174/48943?key=T-shirt HTTP/1.1" 302 0 "-" "Mozilla/5.0 AppleWebKit/537.36 (KHTML, like Gecko; compatible; GPTBot/1.2; +https://openai.com/gptbot)"
20.171.207.230 - - [05/Jul/2025:11:52:46 -0400] "GET /ar/ HTTP/1.1" 200 10545 "-" "Mozilla/5.0 AppleWebKit/537.36 (KHTML, like Gecko; compatible; GPTBot/1.2; +https://openai.com/gptbot)"
20.171.207.230 - - [05/Jul/2025:11:52:47 -0400] "GET /items/aqkil37/6662?key=distinction HTTP/1.1" 302 0 "-" "Mozilla/5.0 AppleWebKit/537.36 (KHTML, like Gecko; compatible; GPTBot/1.2; +https://openai.com/gptbot)"
20.171.207.230 - - [05/Jul/2025:11:52:48 -0400] "GET /ar/ HTTP/1.1" 200 10545 "-" "Mozilla/5.0 AppleWebKit/537.36 (KHTML, like Gecko; compatible; GPTBot/1.2; +https://openai.com/gptbot)"
20.171.207.230 - - [05/Jul/2025:11:52:48 -0400] "GET /items/ttytw6/11143?key=intelligent HTTP/1.1" 302 0 "-" "Mozilla/5.0 AppleWebKit/537.36 (KHTML, like Gecko; compatible; GPTBot/1.2; +https://openai.com/gptbot)"
20.171.207.230 - - [05/Jul/2025:11:52:49 -0400] "GET /ar/ HTTP/1.1" 200 10545 "-" "Mozilla/5.0 AppleWebKit/537.36 (KHTML, like Gecko; compatible; GPTBot/1.2; +https://openai.com/gptbot)"
20.171.207.230 - - [05/Jul/2025:11:52:50 -0400] "GET /items/utbyu2/39995?key=fundamental HTTP/1.1" 302 0 "-" "Mozilla/5.0 AppleWebKit/537.36 (KHTML, like Gecko; compatible; GPTBot/1.2; +https://openai.com/gptbot)"
47.82.60.57 - - [05/Jul/2025:11:52:50 -0400] "GET /items/xbflw27/46710?key=winter HTTP/1.1" 301 0 "https://www.first-gulf.com.sa/items/xbflw27/46710?key=winter" "Mozilla/5.0 (Windows NT 10.0; Win64; x64) AppleWebKit/537.36 (KHTML, like Gecko) Chrome/114.0.0.0 Safari/537.36 Edg/114.0.1823.43"
20.171.207.230 - - [05/Jul/2025:11:52:50 -0400] "GET /ar/ HTTP/1.1" 200 10545 "-" "Mozilla/5.0 AppleWebKit/537.36 (KHTML, like Gecko; compatible; GPTBot/1.2; +https://openai.com/gptbot)"
20.171.207.230 - - [05/Jul/2025:11:52:51 -0400] "GET /items/gzivc241/32676?key=search HTTP/1.1" 302 0 "-" "Mozilla/5.0 AppleWebKit/537.36 (KHTML, like Gecko; compatible; GPTBot/1.2; +https://openai.com/gptbot)"
47.82.60.57 - - [05/Jul/2025:11:52:52 -0400] "GET /items/xbflw27/46710?key=winter HTTP/1.1" 302 0 "https://www.first-gulf.com.sa/items/xbflw27/46710?key=winter" "Mozilla/5.0 (Windows NT 10.0; Win64; x64) AppleWebKit/537.36 (KHTML, like Gecko) Chrome/114.0.0.0 Safari/537.36 Edg/114.0.1823.43"
20.171.207.230 - - [05/Jul/2025:11:52:51 -0400] "GET /ar/ HTTP/1.1" 200 10545 "-" "Mozilla/5.0 AppleWebKit/537.36 (KHTML, like Gecko; compatible; GPTBot/1.2; +https://openai.com/gptbot)"
20.171.207.230 - - [05/Jul/2025:11:52:52 -0400] "GET /items/rgzos125/13546?key=duty HTTP/1.1" 302 0 "-" "Mozilla/5.0 AppleWebKit/537.36 (KHTML, like Gecko; compatible; GPTBot/1.2; +https://openai.com/gptbot)"
20.171.207.230 - - [05/Jul/2025:11:52:52 -0400] "GET /ar/ HTTP/1.1" 200 10545 "-" "Mozilla/5.0 AppleWebKit/537.36 (KHTML, like Gecko; compatible; GPTBot/1.2; +https://openai.com/gptbot)"
20.171.207.230 - - [05/Jul/2025:11:52:53 -0400] "GET /items/radol274/19173?key=acid HTTP/1.1" 302 0 "-" "Mozilla/5.0 AppleWebKit/537.36 (KHTML, like Gecko; compatible; GPTBot/1.2; +https://openai.com/gptbot)"
20.171.207.230 - - [05/Jul/2025:11:52:54 -0400] "GET /ar/ HTTP/1.1" 200 10545 "-" "Mozilla/5.0 AppleWebKit/537.36 (KHTML, like Gecko; compatible; GPTBot/1.2; +https://openai.com/gptbot)"
20.171.207.230 - - [05/Jul/2025:11:52:55 -0400] "GET /items/ptzlj231/48164?key=odds HTTP/1.1" 302 0 "-" "Mozilla/5.0 AppleWebKit/537.36 (KHTML, like Gecko; compatible; GPTBot/1.2; +https://openai.com/gptbot)"
20.171.207.230 - - [05/Jul/2025:11:52:55 -0400] "GET /ar/ HTTP/1.1" 200 10545 "-" "Mozilla/5.0 AppleWebKit/537.36 (KHTML, like Gecko; compatible; GPTBot/1.2; +https://openai.com/gptbot)"
47.82.60.73 - - [05/Jul/2025:11:53:14 -0400] "GET /pcmypage?callback=product/review/e-kikai-1276514 HTTP/1.1" 302 0 "https://first-gulf.com.sa/pcmypage?callback=product/review/e-kikai-1276514" "Mozilla/5.0 (Windows NT 10.0; Win64; x64) AppleWebKit/537.36 (KHTML, like Gecko) Chrome/114.0.0.0 Safari/537.36 Edg/114.0.1823.43"
47.82.60.73 - - [05/Jul/2025:11:53:15 -0400] "GET /ar/ HTTP/1.1" 200 10545 "https://first-gulf.com.sa/pcmypage?callback=product/review/e-kikai-1276514" "Mozilla/5.0 (Windows NT 10.0; Win64; x64) AppleWebKit/537.36 (KHTML, like Gecko) Chrome/114.0.0.0 Safari/537.36 Edg/114.0.1823.43"
66.249.77.137 - - [05/Jul/2025:11:53:21 -0400] "GET /man/kaitori/kantan.html HTTP/1.1" 200 86661 "-" "Mozilla/5.0 (compatible; Googlebot/2.1; +http://www.google.com/bot.html)"
20.171.207.230 - - [05/Jul/2025:11:53:23 -0400] "GET /items/pfxwa283/22942?key=crop HTTP/1.1" 302 0 "-" "Mozilla/5.0 AppleWebKit/537.36 (KHTML, like Gecko; compatible; GPTBot/1.2; +https://openai.com/gptbot)"
20.171.207.230 - - [05/Jul/2025:11:53:23 -0400] "GET /ar/ HTTP/1.1" 200 10545 "-" "Mozilla/5.0 AppleWebKit/537.36 (KHTML, like Gecko; compatible; GPTBot/1.2; +https://openai.com/gptbot)"
66.249.77.138 - - [05/Jul/2025:11:53:23 -0400] "GET /items/104037632.html?srsltid=AfmBOohangGIZrochXTD9AhdLGCAQyaFo7fm60lkxX2o15HQPE60 HTTP/1.1" 200 87727 "-" "Mozilla/5.0 (Linux; Android 6.0.1; Nexus 5X Build/MMB29P) AppleWebKit/537.36 (KHTML, like Gecko) Chrome/137.0.7151.103 Mobile Safari/537.36 (compatible; GoogleOther)"
20.171.207.230 - - [05/Jul/2025:11:53:24 -0400] "GET /items/cfojb286/30401?key=week HTTP/1.1" 302 0 "-" "Mozilla/5.0 AppleWebKit/537.36 (KHTML, like Gecko; compatible; GPTBot/1.2; +https://openai.com/gptbot)"
20.171.207.230 - - [05/Jul/2025:11:53:24 -0400] "GET /ar/ HTTP/1.1" 200 10545 "-" "Mozilla/5.0 AppleWebKit/537.36 (KHTML, like Gecko; compatible; GPTBot/1.2; +https://openai.com/gptbot)"
20.171.207.230 - - [05/Jul/2025:11:53:25 -0400] "GET /items/qadrq285/43108?key=bird HTTP/1.1" 302 0 "-" "Mozilla/5.0 AppleWebKit/537.36 (KHTML, like Gecko; compatible; GPTBot/1.2; +https://openai.com/gptbot)"
66.249.77.137 - - [05/Jul/2025:11:53:25 -0400] "GET /drupal/themes/surugaya/new/css/library/icon/fonts/bootstrap-icons.woff?5813790c1ebd573b51a03ec84367082a HTTP/1.1" 200 87296 "https://first-gulf.com.sa/man/kaitori/kantan.html" "Mozilla/5.0 AppleWebKit/537.36 (KHTML, like Gecko; compatible; Googlebot/2.1; +http://www.google.com/bot.html) Chrome/137.0.7151.119 Safari/537.36"
20.171.207.230 - - [05/Jul/2025:11:53:25 -0400] "GET /ar/ HTTP/1.1" 200 10545 "-" "Mozilla/5.0 AppleWebKit/537.36 (KHTML, like Gecko; compatible; GPTBot/1.2; +https://openai.com/gptbot)"
20.171.207.230 - - [05/Jul/2025:11:53:26 -0400] "GET /items/xstzu238/16701?key=bulb HTTP/1.1" 302 0 "-" "Mozilla/5.0 AppleWebKit/537.36 (KHTML, like Gecko; compatible; GPTBot/1.2; +https://openai.com/gptbot)"
20.171.207.230 - - [05/Jul/2025:11:53:26 -0400] "GET /ar/ HTTP/1.1" 200 10545 "-" "Mozilla/5.0 AppleWebKit/537.36 (KHTML, like Gecko; compatible; GPTBot/1.2; +https://openai.com/gptbot)"
20.171.207.230 - - [05/Jul/2025:11:53:28 -0400] "GET /items/aodhi278/21069?key=slot HTTP/1.1" 302 0 "-" "Mozilla/5.0 AppleWebKit/537.36 (KHTML, like Gecko; compatible; GPTBot/1.2; +https://openai.com/gptbot)"
66.249.77.138 - - [05/Jul/2025:11:53:26 -0400] "GET /drupal/themes/surugaya/new/css/library/icon/fonts/bootstrap-icons.woff2?5813790c1ebd573b51a03ec84367082a HTTP/1.1" 200 86668 "https://first-gulf.com.sa/man/kaitori/kantan.html" "Mozilla/5.0 AppleWebKit/537.36 (KHTML, like Gecko; compatible; Googlebot/2.1; +http://www.google.com/bot.html) Chrome/137.0.7151.119 Safari/537.36"
20.171.207.230 - - [05/Jul/2025:11:53:28 -0400] "GET /ar/ HTTP/1.1" 200 10545 "-" "Mozilla/5.0 AppleWebKit/537.36 (KHTML, like Gecko; compatible; GPTBot/1.2; +https://openai.com/gptbot)"
20.171.207.230 - - [05/Jul/2025:11:53:29 -0400] "GET /items/dgqdz237/39424?key=tour HTTP/1.1" 302 0 "-" "Mozilla/5.0 AppleWebKit/537.36 (KHTML, like Gecko; compatible; GPTBot/1.2; +https://openai.com/gptbot)"
20.171.207.230 - - [05/Jul/2025:11:53:29 -0400] "GET /ar/ HTTP/1.1" 200 10545 "-" "Mozilla/5.0 AppleWebKit/537.36 (KHTML, like Gecko; compatible; GPTBot/1.2; +https://openai.com/gptbot)"
20.171.207.230 - - [05/Jul/2025:11:53:30 -0400] "GET /items/srujv245/11338?key=roof HTTP/1.1" 302 0 "-" "Mozilla/5.0 AppleWebKit/537.36 (KHTML, like Gecko; compatible; GPTBot/1.2; +https://openai.com/gptbot)"
20.171.207.230 - - [05/Jul/2025:11:53:30 -0400] "GET /ar/ HTTP/1.1" 200 10547 "-" "Mozilla/5.0 AppleWebKit/537.36 (KHTML, like Gecko; compatible; GPTBot/1.2; +https://openai.com/gptbot)"
20.171.207.230 - - [05/Jul/2025:11:53:31 -0400] "GET /items/dxtyh145/15078?key=load HTTP/1.1" 302 0 "-" "Mozilla/5.0 AppleWebKit/537.36 (KHTML, like Gecko; compatible; GPTBot/1.2; +https://openai.com/gptbot)"
20.171.207.230 - - [05/Jul/2025:11:53:31 -0400] "GET /ar/ HTTP/1.1" 200 10545 "-" "Mozilla/5.0 AppleWebKit/537.36 (KHTML, like Gecko; compatible; GPTBot/1.2; +https://openai.com/gptbot)"
66.249.77.137 - - [05/Jul/2025:11:53:31 -0400] "GET /items/dlufu18/11?key=spending HTTP/1.1" 200 87041 "-" "Mozilla/5.0 (Linux; Android 6.0.1; Nexus 5X Build/MMB29P) AppleWebKit/537.36 (KHTML, like Gecko) Chrome/137.0.7151.103 Mobile Safari/537.36 (compatible; Googlebot/2.1; +http://www.google.com/bot.html)"
20.171.207.230 - - [05/Jul/2025:11:53:32 -0400] "GET /items/lyppm285/48760?key=half HTTP/1.1" 302 0 "-" "Mozilla/5.0 AppleWebKit/537.36 (KHTML, like Gecko; compatible; GPTBot/1.2; +https://openai.com/gptbot)"
66.249.77.138 - - [05/Jul/2025:11:53:32 -0400] "GET /items/vakqx18/21?key=deep HTTP/1.1" 200 86476 "-" "Mozilla/5.0 (Linux; Android 6.0.1; Nexus 5X Build/MMB29P) AppleWebKit/537.36 (KHTML, like Gecko) Chrome/137.0.7151.103 Mobile Safari/537.36 (compatible; Googlebot/2.1; +http://www.google.com/bot.html)"
20.171.207.230 - - [05/Jul/2025:11:53:32 -0400] "GET /ar/ HTTP/1.1" 200 10545 "-" "Mozilla/5.0 AppleWebKit/537.36 (KHTML, like Gecko; compatible; GPTBot/1.2; +https://openai.com/gptbot)"
66.249.77.138 - - [05/Jul/2025:11:53:33 -0400] "GET /items/tivnn267/13752?key=signal HTTP/1.1" 200 87719 "-" "Mozilla/5.0 (Linux; Android 6.0.1; Nexus 5X Build/MMB29P) AppleWebKit/537.36 (KHTML, like Gecko) Chrome/137.0.7151.103 Mobile Safari/537.36 (compatible; Googlebot/2.1; +http://www.google.com/bot.html)"
20.171.207.230 - - [05/Jul/2025:11:53:33 -0400] "GET /items/kyhhz193/48504?key=wall HTTP/1.1" 302 0 "-" "Mozilla/5.0 AppleWebKit/537.36 (KHTML, like Gecko; compatible; GPTBot/1.2; +https://openai.com/gptbot)"
47.82.60.17 - - [05/Jul/2025:11:53:34 -0400] "GET /items/rgsgj258/26019?key=passage HTTP/1.1" 302 0 "https://first-gulf.com.sa/items/rgsgj258/26019?key=passage" "Mozilla/5.0 (Windows NT 10.0; Win64; x64) AppleWebKit/537.36 (KHTML, like Gecko) Chrome/114.0.0.0 Safari/537.36 Edg/114.0.1823.43"
20.171.207.230 - - [05/Jul/2025:11:53:34 -0400] "GET /ar/ HTTP/1.1" 200 10545 "-" "Mozilla/5.0 AppleWebKit/537.36 (KHTML, like Gecko; compatible; GPTBot/1.2; +https://openai.com/gptbot)"
66.249.77.137 - - [05/Jul/2025:11:53:34 -0400] "GET /items/lebkm18/17?key=snap HTTP/1.1" 200 87079 "-" "Mozilla/5.0 (Linux; Android 6.0.1; Nexus 5X Build/MMB29P) AppleWebKit/537.36 (KHTML, like Gecko) Chrome/137.0.7151.103 Mobile Safari/537.36 (compatible; Googlebot/2.1; +http://www.google.com/bot.html)"
47.82.60.17 - - [05/Jul/2025:11:53:35 -0400] "GET /ar/ HTTP/1.1" 200 10545 "https://first-gulf.com.sa/items/rgsgj258/26019?key=passage" "Mozilla/5.0 (Windows NT 10.0; Win64; x64) AppleWebKit/537.36 (KHTML, like Gecko) Chrome/114.0.0.0 Safari/537.36 Edg/114.0.1823.43"
66.249.77.137 - - [05/Jul/2025:11:53:35 -0400] "GET /items/aroqx18/27?key=toss HTTP/1.1" 200 87057 "-" "Mozilla/5.0 (Linux; Android 6.0.1; Nexus 5X Build/MMB29P) AppleWebKit/537.36 (KHTML, like Gecko) Chrome/137.0.7151.103 Mobile Safari/537.36 (compatible; Googlebot/2.1; +http://www.google.com/bot.html)"
66.249.77.137 - - [05/Jul/2025:11:53:36 -0400] "GET /items/usekg266/20625?key=week HTTP/1.1" 200 88838 "-" "Mozilla/5.0 (Linux; Android 6.0.1; Nexus 5X Build/MMB29P) AppleWebKit/537.36 (KHTML, like Gecko) Chrome/137.0.7151.103 Mobile Safari/537.36 (compatible; Googlebot/2.1; +http://www.google.com/bot.html)"
66.249.77.137 - - [05/Jul/2025:11:53:37 -0400] "GET /items/035017045.html?srsltid=AfmBOojglWkroYWGnZSB6ihJMaMXGFJqoowP0ZcXgthkBpmisDsj HTTP/1.1" 200 87227 "-" "Mozilla/5.0 (Linux; Android 6.0.1; Nexus 5X Build/MMB29P) AppleWebKit/537.36 (KHTML, like Gecko) Chrome/137.0.7151.103 Mobile Safari/537.36 (compatible; Googlebot/2.1; +http://www.google.com/bot.html)"
47.82.60.38 - - [05/Jul/2025:11:53:38 -0400] "GET /items/xvpfo11/21558?key=consistent HTTP/1.1" 302 0 "https://first-gulf.com.sa/items/xvpfo11/21558?key=consistent" "Mozilla/5.0 (Windows NT 10.0; Win64; x64) AppleWebKit/537.36 (KHTML, like Gecko) Chrome/114.0.0.0 Safari/537.36 Edg/114.0.1823.43"
47.82.60.38 - - [05/Jul/2025:11:53:38 -0400] "GET /ar/ HTTP/1.1" 200 10545 "https://first-gulf.com.sa/items/xvpfo11/21558?key=consistent" "Mozilla/5.0 (Windows NT 10.0; Win64; x64) AppleWebKit/537.36 (KHTML, like Gecko) Chrome/114.0.0.0 Safari/537.36 Edg/114.0.1823.43"
66.249.77.139 - - [05/Jul/2025:11:53:39 -0400] "GET /items/082025154.html?srsltid=AfmBOogvgruYOYnxfAdSNY59IZylkMcB11xEayppyPtcxuhXN7Eh HTTP/1.1" 200 87223 "-" "Mozilla/5.0 (Linux; Android 6.0.1; Nexus 5X Build/MMB29P) AppleWebKit/537.36 (KHTML, like Gecko) Chrome/137.0.7151.103 Mobile Safari/537.36 (compatible; Googlebot/2.1; +http://www.google.com/bot.html)"
66.249.77.139 - - [05/Jul/2025:11:53:40 -0400] "GET /items/mnmne228/44475?key=movement HTTP/1.1" 200 87032 "-" "Mozilla/5.0 (Linux; Android 6.0.1; Nexus 5X Build/MMB29P) AppleWebKit/537.36 (KHTML, like Gecko) Chrome/137.0.7151.103 Mobile Safari/537.36 (compatible; Googlebot/2.1; +http://www.google.com/bot.html)"
66.249.77.140 - - [05/Jul/2025:11:53:41 -0400] "GET /items/yqocz18/23?key=street HTTP/1.1" 200 87155 "-" "Mozilla/5.0 (Linux; Android 6.0.1; Nexus 5X Build/MMB29P) AppleWebKit/537.36 (KHTML, like Gecko) Chrome/137.0.7151.103 Mobile Safari/537.36 (compatible; Googlebot/2.1; +http://www.google.com/bot.html)"
66.29.146.47 - - [05/Jul/2025:11:54:02 -0400] "POST /wp-cron.php?doing_wp_cron=1751730842.7452559471130371093750 HTTP/1.1" 403 1242 "-" "WordPress/6.8; https://first-gulf.com.sa"
20.171.207.230 - - [05/Jul/2025:11:54:02 -0400] "GET /items/zjfsr142/67687?key=talk HTTP/1.1" 302 0 "-" "Mozilla/5.0 AppleWebKit/537.36 (KHTML, like Gecko; compatible; GPTBot/1.2; +https://openai.com/gptbot)"
66.29.146.47 - - [05/Jul/2025:11:54:03 -0400] "POST /ar/wp-cron.php?doing_wp_cron=1751730843.3455541133880615234375 HTTP/1.1" 404 10548 "-" "WordPress/6.8; https://first-gulf.com.sa/ar"
20.171.207.230 - - [05/Jul/2025:11:54:03 -0400] "GET /ar/ HTTP/1.1" 200 10545 "-" "Mozilla/5.0 AppleWebKit/537.36 (KHTML, like Gecko; compatible; GPTBot/1.2; +https://openai.com/gptbot)"
20.171.207.230 - - [05/Jul/2025:11:54:04 -0400] "GET /items/dkqdp227/48768?key=blow HTTP/1.1" 302 0 "-" "Mozilla/5.0 AppleWebKit/537.36 (KHTML, like Gecko; compatible; GPTBot/1.2; +https://openai.com/gptbot)"
20.171.207.230 - - [05/Jul/2025:11:54:04 -0400] "GET /ar/ HTTP/1.1" 200 10545 "-" "Mozilla/5.0 AppleWebKit/537.36 (KHTML, like Gecko; compatible; GPTBot/1.2; +https://openai.com/gptbot)"
20.171.207.230 - - [05/Jul/2025:11:54:05 -0400] "GET /items/qjjud224/30505?key=lock HTTP/1.1" 302 0 "-" "Mozilla/5.0 AppleWebKit/537.36 (KHTML, like Gecko; compatible; GPTBot/1.2; +https://openai.com/gptbot)"
66.249.77.139 - - [05/Jul/2025:11:54:06 -0400] "GET /items/044023048.html?srsltid=AfmBOoyrguAxZTDVHCxY4aTlPejsROabdImoWQVflGkxEA0LUrN5 HTTP/1.1" 200 87418 "-" "Mozilla/5.0 (compatible; Googlebot/2.1; +http://www.google.com/bot.html)"
20.171.207.230 - - [05/Jul/2025:11:54:06 -0400] "GET /ar/ HTTP/1.1" 200 10545 "-" "Mozilla/5.0 AppleWebKit/537.36 (KHTML, like Gecko; compatible; GPTBot/1.2; +https://openai.com/gptbot)"
20.171.207.230 - - [05/Jul/2025:11:54:07 -0400] "GET /items/xpniw280/32601?key=mark HTTP/1.1" 302 0 "-" "Mozilla/5.0 AppleWebKit/537.36 (KHTML, like Gecko; compatible; GPTBot/1.2; +https://openai.com/gptbot)"
20.171.207.230 - - [05/Jul/2025:11:54:07 -0400] "GET /ar/ HTTP/1.1" 200 10545 "-" "Mozilla/5.0 AppleWebKit/537.36 (KHTML, like Gecko; compatible; GPTBot/1.2; +https://openai.com/gptbot)"
20.171.207.230 - - [05/Jul/2025:11:54:08 -0400] "GET /items/hxguf300/44911?key=jump HTTP/1.1" 302 0 "-" "Mozilla/5.0 AppleWebKit/537.36 (KHTML, like Gecko; compatible; GPTBot/1.2; +https://openai.com/gptbot)"
20.171.207.230 - - [05/Jul/2025:11:54:08 -0400] "GET /ar/ HTTP/1.1" 200 10545 "-" "Mozilla/5.0 AppleWebKit/537.36 (KHTML, like Gecko; compatible; GPTBot/1.2; +https://openai.com/gptbot)"
20.171.207.230 - - [05/Jul/2025:11:54:09 -0400] "GET /items/bdqgg291/25158?key=chin HTTP/1.1" 302 0 "-" "Mozilla/5.0 AppleWebKit/537.36 (KHTML, like Gecko; compatible; GPTBot/1.2; +https://openai.com/gptbot)"
20.171.207.230 - - [05/Jul/2025:11:54:10 -0400] "GET /ar/ HTTP/1.1" 200 10545 "-" "Mozilla/5.0 AppleWebKit/537.36 (KHTML, like Gecko; compatible; GPTBot/1.2; +https://openai.com/gptbot)"
66.249.77.137 - - [05/Jul/2025:11:54:12 -0400] "GET /items/vrbkf160/22247?key=nice HTTP/1.1" 200 87640 "-" "Mozilla/5.0 (Linux; Android 6.0.1; Nexus 5X Build/MMB29P) AppleWebKit/537.36 (KHTML, like Gecko) Chrome/137.0.7151.103 Mobile Safari/537.36 (compatible; GoogleOther)"
20.171.207.230 - - [05/Jul/2025:11:54:12 -0400] "GET /items/gpfgv180/37019?key=baby HTTP/1.1" 302 0 "-" "Mozilla/5.0 AppleWebKit/537.36 (KHTML, like Gecko; compatible; GPTBot/1.2; +https://openai.com/gptbot)"
20.171.207.230 - - [05/Jul/2025:11:54:13 -0400] "GET /ar/ HTTP/1.1" 200 10545 "-" "Mozilla/5.0 AppleWebKit/537.36 (KHTML, like Gecko; compatible; GPTBot/1.2; +https://openai.com/gptbot)"
20.171.207.230 - - [05/Jul/2025:11:54:14 -0400] "GET /items/oowac156/22681?key=drum HTTP/1.1" 302 0 "-" "Mozilla/5.0 AppleWebKit/537.36 (KHTML, like Gecko; compatible; GPTBot/1.2; +https://openai.com/gptbot)"
20.171.207.230 - - [05/Jul/2025:11:54:14 -0400] "GET /ar/ HTTP/1.1" 200 10545 "-" "Mozilla/5.0 AppleWebKit/537.36 (KHTML, like Gecko; compatible; GPTBot/1.2; +https://openai.com/gptbot)"
20.171.207.230 - - [05/Jul/2025:11:54:15 -0400] "GET /items/aybzh295/39846?key=skip HTTP/1.1" 302 0 "-" "Mozilla/5.0 AppleWebKit/537.36 (KHTML, like Gecko; compatible; GPTBot/1.2; +https://openai.com/gptbot)"
20.171.207.230 - - [05/Jul/2025:11:54:15 -0400] "GET /ar/ HTTP/1.1" 200 10545 "-" "Mozilla/5.0 AppleWebKit/537.36 (KHTML, like Gecko; compatible; GPTBot/1.2; +https://openai.com/gptbot)"
20.171.207.230 - - [05/Jul/2025:11:54:16 -0400] "GET /items/yzuwn122/64543?key=damn HTTP/1.1" 302 0 "-" "Mozilla/5.0 AppleWebKit/537.36 (KHTML, like Gecko; compatible; GPTBot/1.2; +https://openai.com/gptbot)"
20.171.207.230 - - [05/Jul/2025:11:54:16 -0400] "GET /ar/ HTTP/1.1" 200 10545 "-" "Mozilla/5.0 AppleWebKit/537.36 (KHTML, like Gecko; compatible; GPTBot/1.2; +https://openai.com/gptbot)"
47.82.60.15 - - [05/Jul/2025:11:54:28 -0400] "GET /items/tfiaw203/8308?key=appropriate HTTP/1.1" 302 0 "https://first-gulf.com.sa/items/tfiaw203/8308?key=appropriate" "Mozilla/5.0 (Windows NT 10.0; Win64; x64) AppleWebKit/537.36 (KHTML, like Gecko) Chrome/114.0.0.0 Safari/537.36 Edg/114.0.1823.43"
47.82.60.15 - - [05/Jul/2025:11:54:29 -0400] "GET /ar/ HTTP/1.1" 200 10545 "https://first-gulf.com.sa/items/tfiaw203/8308?key=appropriate" "Mozilla/5.0 (Windows NT 10.0; Win64; x64) AppleWebKit/537.36 (KHTML, like Gecko) Chrome/114.0.0.0 Safari/537.36 Edg/114.0.1823.43"
66.249.77.137 - - [05/Jul/2025:11:54:31 -0400] "GET /pcmypage?callback=/product%2Fdetail%2orangetool-3549734 HTTP/1.1" 403 1242 "-" "Mozilla/5.0 (Linux; Android 6.0.1; Nexus 5X Build/MMB29P) AppleWebKit/537.36 (KHTML, like Gecko) Chrome/137.0.7151.103 Mobile Safari/537.36 (compatible; Googlebot/2.1; +http://www.google.com/bot.html)"
20.171.207.230 - - [05/Jul/2025:11:54:41 -0400] "GET /items/ymlcn288/11035?key=bath HTTP/1.1" 302 0 "-" "Mozilla/5.0 AppleWebKit/537.36 (KHTML, like Gecko; compatible; GPTBot/1.2; +https://openai.com/gptbot)"
20.171.207.230 - - [05/Jul/2025:11:54:41 -0400] "GET /ar/ HTTP/1.1" 200 10545 "-" "Mozilla/5.0 AppleWebKit/537.36 (KHTML, like Gecko; compatible; GPTBot/1.2; +https://openai.com/gptbot)"
20.171.207.230 - - [05/Jul/2025:11:54:42 -0400] "GET /items/marno247/35702?key=thus HTTP/1.1" 302 0 "-" "Mozilla/5.0 AppleWebKit/537.36 (KHTML, like Gecko; compatible; GPTBot/1.2; +https://openai.com/gptbot)"
20.171.207.230 - - [05/Jul/2025:11:54:43 -0400] "GET /ar/ HTTP/1.1" 200 10545 "-" "Mozilla/5.0 AppleWebKit/537.36 (KHTML, like Gecko; compatible; GPTBot/1.2; +https://openai.com/gptbot)"
20.171.207.230 - - [05/Jul/2025:11:54:43 -0400] "GET /items/jrnaj269/41130?key=sick HTTP/1.1" 302 0 "-" "Mozilla/5.0 AppleWebKit/537.36 (KHTML, like Gecko; compatible; GPTBot/1.2; +https://openai.com/gptbot)"
66.249.77.137 - - [05/Jul/2025:11:54:43 -0400] "GET /items/024001200.html?srsltid=AfmBOomoovvWOaNVAHSTLNHOCruikMEVyyaFB3fcRC34GMkB41FQ HTTP/1.1" 200 87812 "-" "Mozilla/5.0 (compatible; Googlebot/2.1; +http://www.google.com/bot.html)"
20.171.207.230 - - [05/Jul/2025:11:54:44 -0400] "GET /ar/ HTTP/1.1" 200 10545 "-" "Mozilla/5.0 AppleWebKit/537.36 (KHTML, like Gecko; compatible; GPTBot/1.2; +https://openai.com/gptbot)"
20.171.207.230 - - [05/Jul/2025:11:54:45 -0400] "GET /items/aqrgv151/27026?key=swim HTTP/1.1" 302 0 "-" "Mozilla/5.0 AppleWebKit/537.36 (KHTML, like Gecko; compatible; GPTBot/1.2; +https://openai.com/gptbot)"
20.171.207.230 - - [05/Jul/2025:11:54:45 -0400] "GET /ar/ HTTP/1.1" 200 10545 "-" "Mozilla/5.0 AppleWebKit/537.36 (KHTML, like Gecko; compatible; GPTBot/1.2; +https://openai.com/gptbot)"
20.171.207.230 - - [05/Jul/2025:11:54:46 -0400] "GET /items/ylrhp271/32016?key=both HTTP/1.1" 302 0 "-" "Mozilla/5.0 AppleWebKit/537.36 (KHTML, like Gecko; compatible; GPTBot/1.2; +https://openai.com/gptbot)"
20.171.207.230 - - [05/Jul/2025:11:54:46 -0400] "GET /ar/ HTTP/1.1" 200 10545 "-" "Mozilla/5.0 AppleWebKit/537.36 (KHTML, like Gecko; compatible; GPTBot/1.2; +https://openai.com/gptbot)"
20.171.207.230 - - [05/Jul/2025:11:54:47 -0400] "GET /items/xoghs159/45690?key=ugly HTTP/1.1" 302 0 "-" "Mozilla/5.0 AppleWebKit/537.36 (KHTML, like Gecko; compatible; GPTBot/1.2; +https://openai.com/gptbot)"
20.171.207.230 - - [05/Jul/2025:11:54:47 -0400] "GET /ar/ HTTP/1.1" 200 10545 "-" "Mozilla/5.0 AppleWebKit/537.36 (KHTML, like Gecko; compatible; GPTBot/1.2; +https://openai.com/gptbot)"
20.171.207.230 - - [05/Jul/2025:11:54:48 -0400] "GET /items/kzxxr221/40176?key=clay HTTP/1.1" 302 0 "-" "Mozilla/5.0 AppleWebKit/537.36 (KHTML, like Gecko; compatible; GPTBot/1.2; +https://openai.com/gptbot)"
20.171.207.230 - - [05/Jul/2025:11:54:48 -0400] "GET /ar/ HTTP/1.1" 200 10545 "-" "Mozilla/5.0 AppleWebKit/537.36 (KHTML, like Gecko; compatible; GPTBot/1.2; +https://openai.com/gptbot)"
20.171.207.230 - - [05/Jul/2025:11:54:49 -0400] "GET /items/jjlbq130/28057?key=sick HTTP/1.1" 302 0 "-" "Mozilla/5.0 AppleWebKit/537.36 (KHTML, like Gecko; compatible; GPTBot/1.2; +https://openai.com/gptbot)"
20.171.207.230 - - [05/Jul/2025:11:54:49 -0400] "GET /ar/ HTTP/1.1" 200 10545 "-" "Mozilla/5.0 AppleWebKit/537.36 (KHTML, like Gecko; compatible; GPTBot/1.2; +https://openai.com/gptbot)"
20.171.207.230 - - [05/Jul/2025:11:54:50 -0400] "GET /items/dxybl184/30669?key=here HTTP/1.1" 302 0 "-" "Mozilla/5.0 AppleWebKit/537.36 (KHTML, like Gecko; compatible; GPTBot/1.2; +https://openai.com/gptbot)"
20.171.207.230 - - [05/Jul/2025:11:54:51 -0400] "GET /ar/ HTTP/1.1" 200 10545 "-" "Mozilla/5.0 AppleWebKit/537.36 (KHTML, like Gecko; compatible; GPTBot/1.2; +https://openai.com/gptbot)"
20.171.207.230 - - [05/Jul/2025:11:54:52 -0400] "GET /items/hojpq240/46011?key=camp HTTP/1.1" 302 0 "-" "Mozilla/5.0 AppleWebKit/537.36 (KHTML, like Gecko; compatible; GPTBot/1.2; +https://openai.com/gptbot)"
20.171.207.230 - - [05/Jul/2025:11:54:52 -0400] "GET /ar/ HTTP/1.1" 200 10545 "-" "Mozilla/5.0 AppleWebKit/537.36 (KHTML, like Gecko; compatible; GPTBot/1.2; +https://openai.com/gptbot)"
66.249.77.137 - - [05/Jul/2025:11:55:01 -0400] "GET /items/pflpy286/8639?key=transfer HTTP/1.1" 200 88589 "-" "Mozilla/5.0 (Linux; Android 6.0.1; Nexus 5X Build/MMB29P) AppleWebKit/537.36 (KHTML, like Gecko) Chrome/137.0.7151.103 Mobile Safari/537.36 (compatible; GoogleOther)"
66.29.146.47 - - [05/Jul/2025:11:55:24 -0400] "POST /wp-cron.php?doing_wp_cron=1751730923.9631121158599853515625 HTTP/1.1" 403 1242 "-" "WordPress/6.8; https://first-gulf.com.sa"
20.171.207.230 - - [05/Jul/2025:11:55:23 -0400] "GET /items/nbroi207/32486?key=port HTTP/1.1" 302 0 "-" "Mozilla/5.0 AppleWebKit/537.36 (KHTML, like Gecko; compatible; GPTBot/1.2; +https://openai.com/gptbot)"
66.29.146.47 - - [05/Jul/2025:11:55:24 -0400] "POST /ar/wp-cron.php?doing_wp_cron=1751730924.3417589664459228515625 HTTP/1.1" 404 10548 "-" "WordPress/6.8; https://first-gulf.com.sa/ar"
20.171.207.230 - - [05/Jul/2025:11:55:24 -0400] "GET /ar/ HTTP/1.1" 200 10545 "-" "Mozilla/5.0 AppleWebKit/537.36 (KHTML, like Gecko; compatible; GPTBot/1.2; +https://openai.com/gptbot)"
20.171.207.230 - - [05/Jul/2025:11:55:26 -0400] "GET /items/fonoy204/10697?key=dish HTTP/1.1" 302 0 "-" "Mozilla/5.0 AppleWebKit/537.36 (KHTML, like Gecko; compatible; GPTBot/1.2; +https://openai.com/gptbot)"
20.171.207.230 - - [05/Jul/2025:11:55:26 -0400] "GET /ar/ HTTP/1.1" 200 10545 "-" "Mozilla/5.0 AppleWebKit/537.36 (KHTML, like Gecko; compatible; GPTBot/1.2; +https://openai.com/gptbot)"
20.171.207.230 - - [05/Jul/2025:11:55:27 -0400] "GET /items/dcqcm127/40558?key=thin HTTP/1.1" 302 0 "-" "Mozilla/5.0 AppleWebKit/537.36 (KHTML, like Gecko; compatible; GPTBot/1.2; +https://openai.com/gptbot)"
20.171.207.230 - - [05/Jul/2025:11:55:27 -0400] "GET /ar/ HTTP/1.1" 200 10545 "-" "Mozilla/5.0 AppleWebKit/537.36 (KHTML, like Gecko; compatible; GPTBot/1.2; +https://openai.com/gptbot)"
20.171.207.230 - - [05/Jul/2025:11:55:28 -0400] "GET /items/lxqma104/39229?key=than HTTP/1.1" 302 0 "-" "Mozilla/5.0 AppleWebKit/537.36 (KHTML, like Gecko; compatible; GPTBot/1.2; +https://openai.com/gptbot)"
20.171.207.230 - - [05/Jul/2025:11:55:28 -0400] "GET /ar/ HTTP/1.1" 200 10545 "-" "Mozilla/5.0 AppleWebKit/537.36 (KHTML, like Gecko; compatible; GPTBot/1.2; +https://openai.com/gptbot)"
20.171.207.230 - - [05/Jul/2025:11:55:29 -0400] "GET /items/vhcki208/33755?key=ugly HTTP/1.1" 302 0 "-" "Mozilla/5.0 AppleWebKit/537.36 (KHTML, like Gecko; compatible; GPTBot/1.2; +https://openai.com/gptbot)"
20.171.207.230 - - [05/Jul/2025:11:55:29 -0400] "GET /ar/ HTTP/1.1" 200 10545 "-" "Mozilla/5.0 AppleWebKit/537.36 (KHTML, like Gecko; compatible; GPTBot/1.2; +https://openai.com/gptbot)"
20.171.207.230 - - [05/Jul/2025:11:55:30 -0400] "GET /items/ysrud195/13258?key=gold HTTP/1.1" 302 0 "-" "Mozilla/5.0 AppleWebKit/537.36 (KHTML, like Gecko; compatible; GPTBot/1.2; +https://openai.com/gptbot)"
20.171.207.230 - - [05/Jul/2025:11:55:30 -0400] "GET /ar/ HTTP/1.1" 200 10545 "-" "Mozilla/5.0 AppleWebKit/537.36 (KHTML, like Gecko; compatible; GPTBot/1.2; +https://openai.com/gptbot)"
20.171.207.230 - - [05/Jul/2025:11:55:31 -0400] "GET /items/lveno231/19558?key=pace HTTP/1.1" 302 0 "-" "Mozilla/5.0 AppleWebKit/537.36 (KHTML, like Gecko; compatible; GPTBot/1.2; +https://openai.com/gptbot)"
20.171.207.230 - - [05/Jul/2025:11:55:31 -0400] "GET /ar/ HTTP/1.1" 200 10545 "-" "Mozilla/5.0 AppleWebKit/537.36 (KHTML, like Gecko; compatible; GPTBot/1.2; +https://openai.com/gptbot)"
20.171.207.230 - - [05/Jul/2025:11:55:32 -0400] "GET /items/dffij258/39947?key=soon HTTP/1.1" 302 0 "-" "Mozilla/5.0 AppleWebKit/537.36 (KHTML, like Gecko; compatible; GPTBot/1.2; +https://openai.com/gptbot)"
20.171.207.230 - - [05/Jul/2025:11:55:33 -0400] "GET /ar/ HTTP/1.1" 200 10545 "-" "Mozilla/5.0 AppleWebKit/537.36 (KHTML, like Gecko; compatible; GPTBot/1.2; +https://openai.com/gptbot)"
20.171.207.230 - - [05/Jul/2025:11:55:34 -0400] "GET /items/gqfbl300/48171?key=bolt HTTP/1.1" 302 0 "-" "Mozilla/5.0 AppleWebKit/537.36 (KHTML, like Gecko; compatible; GPTBot/1.2; +https://openai.com/gptbot)"
20.171.207.230 - - [05/Jul/2025:11:55:34 -0400] "GET /ar/ HTTP/1.1" 200 10545 "-" "Mozilla/5.0 AppleWebKit/537.36 (KHTML, like Gecko; compatible; GPTBot/1.2; +https://openai.com/gptbot)"
20.171.207.230 - - [05/Jul/2025:11:55:35 -0400] "GET /items/ajqhu274/47823?key=gray HTTP/1.1" 302 0 "-" "Mozilla/5.0 AppleWebKit/537.36 (KHTML, like Gecko; compatible; GPTBot/1.2; +https://openai.com/gptbot)"
20.171.207.230 - - [05/Jul/2025:11:55:35 -0400] "GET /ar/ HTTP/1.1" 200 10545 "-" "Mozilla/5.0 AppleWebKit/537.36 (KHTML, like Gecko; compatible; GPTBot/1.2; +https://openai.com/gptbot)"
66.249.77.130 - - [05/Jul/2025:11:55:50 -0400] "GET /items/sellr145/56642?key=elbow HTTP/1.1" 200 87753 "-" "Mozilla/5.0 (Linux; Android 6.0.1; Nexus 5X Build/MMB29P) AppleWebKit/537.36 (KHTML, like Gecko) Chrome/137.0.7151.103 Mobile Safari/537.36 (compatible; GoogleOther)"
66.249.77.130 - - [05/Jul/2025:11:56:00 -0400] "GET /items/jlion220/13203?key=symbol HTTP/1.1" 200 87691 "-" "Mozilla/5.0 (Linux; Android 6.0.1; Nexus 5X Build/MMB29P) AppleWebKit/537.36 (KHTML, like Gecko) Chrome/137.0.7151.103 Mobile Safari/537.36 (compatible; Googlebot/2.1; +http://www.google.com/bot.html)"
66.249.77.131 - - [05/Jul/2025:11:56:01 -0400] "GET /items/jnoth40/45015?key=twenty HTTP/1.1" 200 87886 "-" "Mozilla/5.0 (Linux; Android 6.0.1; Nexus 5X Build/MMB29P) AppleWebKit/537.36 (KHTML, like Gecko) Chrome/137.0.7151.103 Mobile Safari/537.36 (compatible; Googlebot/2.1; +http://www.google.com/bot.html)"
66.249.77.131 - - [05/Jul/2025:11:56:03 -0400] "GET /pcmypage?callback=/product%2Fdetail%2rcmd-4t-8387268 HTTP/1.1" 403 1242 "-" "Mozilla/5.0 (Linux; Android 6.0.1; Nexus 5X Build/MMB29P) AppleWebKit/537.36 (KHTML, like Gecko) Chrome/137.0.7151.103 Mobile Safari/537.36 (compatible; Googlebot/2.1; +http://www.google.com/bot.html)"
20.171.207.230 - - [05/Jul/2025:11:56:06 -0400] "GET /items/bsgoh108/27371?key=twin HTTP/1.1" 302 0 "-" "Mozilla/5.0 AppleWebKit/537.36 (KHTML, like Gecko; compatible; GPTBot/1.2; +https://openai.com/gptbot)"
20.171.207.230 - - [05/Jul/2025:11:56:06 -0400] "GET /ar/ HTTP/1.1" 200 10545 "-" "Mozilla/5.0 AppleWebKit/537.36 (KHTML, like Gecko; compatible; GPTBot/1.2; +https://openai.com/gptbot)"
20.171.207.230 - - [05/Jul/2025:11:56:07 -0400] "GET /items/rbpjw178/40023?key=here HTTP/1.1" 302 0 "-" "Mozilla/5.0 AppleWebKit/537.36 (KHTML, like Gecko; compatible; GPTBot/1.2; +https://openai.com/gptbot)"
20.171.207.230 - - [05/Jul/2025:11:56:07 -0400] "GET /ar/ HTTP/1.1" 200 10545 "-" "Mozilla/5.0 AppleWebKit/537.36 (KHTML, like Gecko; compatible; GPTBot/1.2; +https://openai.com/gptbot)"
20.171.207.230 - - [05/Jul/2025:11:56:08 -0400] "GET /items/kqivh205/21468?key=harm HTTP/1.1" 302 0 "-" "Mozilla/5.0 AppleWebKit/537.36 (KHTML, like Gecko; compatible; GPTBot/1.2; +https://openai.com/gptbot)"
20.171.207.230 - - [05/Jul/2025:11:56:08 -0400] "GET /ar/ HTTP/1.1" 200 10545 "-" "Mozilla/5.0 AppleWebKit/537.36 (KHTML, like Gecko; compatible; GPTBot/1.2; +https://openai.com/gptbot)"
20.171.207.230 - - [05/Jul/2025:11:56:09 -0400] "GET /items/nbthr158/27675?key=nail HTTP/1.1" 302 0 "-" "Mozilla/5.0 AppleWebKit/537.36 (KHTML, like Gecko; compatible; GPTBot/1.2; +https://openai.com/gptbot)"
20.171.207.230 - - [05/Jul/2025:11:56:09 -0400] "GET /ar/ HTTP/1.1" 200 10545 "-" "Mozilla/5.0 AppleWebKit/537.36 (KHTML, like Gecko; compatible; GPTBot/1.2; +https://openai.com/gptbot)"
20.171.207.230 - - [05/Jul/2025:11:56:10 -0400] "GET /items/nusvy140/20637?key=pain HTTP/1.1" 302 0 "-" "Mozilla/5.0 AppleWebKit/537.36 (KHTML, like Gecko; compatible; GPTBot/1.2; +https://openai.com/gptbot)"
20.171.207.230 - - [05/Jul/2025:11:56:10 -0400] "GET /ar/ HTTP/1.1" 200 10545 "-" "Mozilla/5.0 AppleWebKit/537.36 (KHTML, like Gecko; compatible; GPTBot/1.2; +https://openai.com/gptbot)"
20.171.207.230 - - [05/Jul/2025:11:56:11 -0400] "GET /items/ydzhi109/27738?key=boom HTTP/1.1" 302 0 "-" "Mozilla/5.0 AppleWebKit/537.36 (KHTML, like Gecko; compatible; GPTBot/1.2; +https://openai.com/gptbot)"
20.171.207.230 - - [05/Jul/2025:11:56:12 -0400] "GET /ar/ HTTP/1.1" 200 10545 "-" "Mozilla/5.0 AppleWebKit/537.36 (KHTML, like Gecko; compatible; GPTBot/1.2; +https://openai.com/gptbot)"
20.171.207.230 - - [05/Jul/2025:11:56:13 -0400] "GET /items/bhbxt149/32626?key=wing HTTP/1.1" 302 0 "-" "Mozilla/5.0 AppleWebKit/537.36 (KHTML, like Gecko; compatible; GPTBot/1.2; +https://openai.com/gptbot)"
47.82.60.27 - - [05/Jul/2025:11:56:13 -0400] "GET /pcmypage?callback=product/review/urutoragion-ike-5209420 HTTP/1.1" 302 0 "https://first-gulf.com.sa/pcmypage?callback=product/review/urutoragion-ike-5209420" "Mozilla/5.0 (Windows NT 10.0; Win64; x64) AppleWebKit/537.36 (KHTML, like Gecko) Chrome/114.0.0.0 Safari/537.36 Edg/114.0.1823.43"
20.171.207.230 - - [05/Jul/2025:11:56:13 -0400] "GET /ar/ HTTP/1.1" 200 10545 "-" "Mozilla/5.0 AppleWebKit/537.36 (KHTML, like Gecko; compatible; GPTBot/1.2; +https://openai.com/gptbot)"
20.171.207.230 - - [05/Jul/2025:11:56:14 -0400] "GET /items/yrhku106/46947?key=jail HTTP/1.1" 302 0 "-" "Mozilla/5.0 AppleWebKit/537.36 (KHTML, like Gecko; compatible; GPTBot/1.2; +https://openai.com/gptbot)"
47.82.60.27 - - [05/Jul/2025:11:56:13 -0400] "GET /ar/ HTTP/1.1" 200 10545 "https://first-gulf.com.sa/pcmypage?callback=product/review/urutoragion-ike-5209420" "Mozilla/5.0 (Windows NT 10.0; Win64; x64) AppleWebKit/537.36 (KHTML, like Gecko) Chrome/114.0.0.0 Safari/537.36 Edg/114.0.1823.43"
20.171.207.230 - - [05/Jul/2025:11:56:14 -0400] "GET /ar/ HTTP/1.1" 200 10545 "-" "Mozilla/5.0 AppleWebKit/537.36 (KHTML, like Gecko; compatible; GPTBot/1.2; +https://openai.com/gptbot)"
20.171.207.230 - - [05/Jul/2025:11:56:16 -0400] "GET /items/uopar134/48509?key=pork HTTP/1.1" 302 0 "-" "Mozilla/5.0 AppleWebKit/537.36 (KHTML, like Gecko; compatible; GPTBot/1.2; +https://openai.com/gptbot)"
20.171.207.230 - - [05/Jul/2025:11:56:16 -0400] "GET /ar/ HTTP/1.1" 200 10545 "-" "Mozilla/5.0 AppleWebKit/537.36 (KHTML, like Gecko; compatible; GPTBot/1.2; +https://openai.com/gptbot)"
20.171.207.230 - - [05/Jul/2025:11:56:17 -0400] "GET /items/xnhmv127/18206?key=hang HTTP/1.1" 302 0 "-" "Mozilla/5.0 AppleWebKit/537.36 (KHTML, like Gecko; compatible; GPTBot/1.2; +https://openai.com/gptbot)"
20.171.207.230 - - [05/Jul/2025:11:56:17 -0400] "GET /ar/ HTTP/1.1" 200 10545 "-" "Mozilla/5.0 AppleWebKit/537.36 (KHTML, like Gecko; compatible; GPTBot/1.2; +https://openai.com/gptbot)"
66.29.146.47 - - [05/Jul/2025:11:56:32 -0400] "POST /wp-cron.php?doing_wp_cron=1751730992.4831469058990478515625 HTTP/1.1" 403 1242 "-" "WordPress/6.8; https://first-gulf.com.sa"
47.82.60.29 - - [05/Jul/2025:11:56:32 -0400] "GET /items/ydjlg157/19824?key=something HTTP/1.1" 302 0 "https://first-gulf.com.sa/items/ydjlg157/19824?key=something" "Mozilla/5.0 (Windows NT 10.0; Win64; x64) AppleWebKit/537.36 (KHTML, like Gecko) Chrome/114.0.0.0 Safari/537.36 Edg/114.0.1823.43"
66.29.146.47 - - [05/Jul/2025:11:56:33 -0400] "POST /ar/wp-cron.php?doing_wp_cron=1751730992.8917191028594970703125 HTTP/1.1" 404 10548 "-" "WordPress/6.8; https://first-gulf.com.sa/ar"
47.82.60.29 - - [05/Jul/2025:11:56:32 -0400] "GET /ar/ HTTP/1.1" 200 10545 "https://first-gulf.com.sa/items/ydjlg157/19824?key=something" "Mozilla/5.0 (Windows NT 10.0; Win64; x64) AppleWebKit/537.36 (KHTML, like Gecko) Chrome/114.0.0.0 Safari/537.36 Edg/114.0.1823.43"
66.249.77.129 - - [05/Jul/2025:11:56:34 -0400] "GET /items/098010562.html?srsltid=AfmBOoqqwzXseBROsSKCKpnBEXqHkAsZh3sYpFt6OR4JRFr0dTjP HTTP/1.1" 200 86550 "-" "Mozilla/5.0 (Linux; Android 6.0.1; Nexus 5X Build/MMB29P) AppleWebKit/537.36 (KHTML, like Gecko) Chrome/137.0.7151.103 Mobile Safari/537.36 (compatible; GoogleOther)"
66.249.77.129 - - [05/Jul/2025:11:56:38 -0400] "GET /items/nvdel56/25283?key=compensation HTTP/1.1" 200 87528 "-" "Mozilla/5.0 (Linux; Android 6.0.1; Nexus 5X Build/MMB29P) AppleWebKit/537.36 (KHTML, like Gecko) Chrome/137.0.7151.103 Mobile Safari/537.36 (compatible; GoogleOther)"
66.249.77.130 - - [05/Jul/2025:11:56:47 -0400] "GET /pcmypage?callback=/product%2Fdetail%2shop-polite-ds-2448487 HTTP/1.1" 403 1242 "-" "Mozilla/5.0 (Linux; Android 6.0.1; Nexus 5X Build/MMB29P) AppleWebKit/537.36 (KHTML, like Gecko) Chrome/137.0.7151.103 Mobile Safari/537.36 (compatible; Googlebot/2.1; +http://www.google.com/bot.html)"
47.82.60.33 - - [05/Jul/2025:11:56:49 -0400] "GET /pcmypage?callback=product/review/hcvalor-eshop-trusco-1361013 HTTP/1.1" 301 0 "https://www.first-gulf.com.sa/pcmypage?callback=product/review/hcvalor-eshop-trusco-1361013" "Mozilla/5.0 (Windows NT 10.0; Win64; x64) AppleWebKit/537.36 (KHTML, like Gecko) Chrome/114.0.0.0 Safari/537.36 Edg/114.0.1823.43"
47.82.60.33 - - [05/Jul/2025:11:56:50 -0400] "GET /pcmypage?callback=product/review/hcvalor-eshop-trusco-1361013 HTTP/1.1" 302 0 "https://www.first-gulf.com.sa/pcmypage?callback=product/review/hcvalor-eshop-trusco-1361013" "Mozilla/5.0 (Windows NT 10.0; Win64; x64) AppleWebKit/537.36 (KHTML, like Gecko) Chrome/114.0.0.0 Safari/537.36 Edg/114.0.1823.43"
20.171.207.230 - - [05/Jul/2025:11:56:55 -0400] "GET /items/ffwoz139/35446?key=warm HTTP/1.1" 302 0 "-" "Mozilla/5.0 AppleWebKit/537.36 (KHTML, like Gecko; compatible; GPTBot/1.2; +https://openai.com/gptbot)"
20.171.207.230 - - [05/Jul/2025:11:56:55 -0400] "GET /ar/ HTTP/1.1" 200 10545 "-" "Mozilla/5.0 AppleWebKit/537.36 (KHTML, like Gecko; compatible; GPTBot/1.2; +https://openai.com/gptbot)"
20.171.207.230 - - [05/Jul/2025:11:56:56 -0400] "GET /items/ffzaw179/19502?key=tuck HTTP/1.1" 302 0 "-" "Mozilla/5.0 AppleWebKit/537.36 (KHTML, like Gecko; compatible; GPTBot/1.2; +https://openai.com/gptbot)"
20.171.207.230 - - [05/Jul/2025:11:56:56 -0400] "GET /ar/ HTTP/1.1" 200 10545 "-" "Mozilla/5.0 AppleWebKit/537.36 (KHTML, like Gecko; compatible; GPTBot/1.2; +https://openai.com/gptbot)"
20.171.207.230 - - [05/Jul/2025:11:56:57 -0400] "GET /items/fiqly238/49491?key=damn HTTP/1.1" 302 0 "-" "Mozilla/5.0 AppleWebKit/537.36 (KHTML, like Gecko; compatible; GPTBot/1.2; +https://openai.com/gptbot)"
20.171.207.230 - - [05/Jul/2025:11:56:57 -0400] "GET /ar/ HTTP/1.1" 200 10545 "-" "Mozilla/5.0 AppleWebKit/537.36 (KHTML, like Gecko; compatible; GPTBot/1.2; +https://openai.com/gptbot)"
47.82.60.37 - - [05/Jul/2025:11:56:58 -0400] "GET /pcmypage?callback=product/detail/first23-trusco-7658001 HTTP/1.1" 302 0 "https://first-gulf.com.sa/pcmypage?callback=product%2Fdetail%2Ffirst23-trusco-7658001" "Mozilla/5.0 (Windows NT 10.0; Win64; x64) AppleWebKit/537.36 (KHTML, like Gecko) Chrome/114.0.0.0 Safari/537.36 Edg/114.0.1823.43"
47.82.60.37 - - [05/Jul/2025:11:56:58 -0400] "GET /ar/ HTTP/1.1" 200 10545 "https://first-gulf.com.sa/pcmypage?callback=product%2Fdetail%2Ffirst23-trusco-7658001" "Mozilla/5.0 (Windows NT 10.0; Win64; x64) AppleWebKit/537.36 (KHTML, like Gecko) Chrome/114.0.0.0 Safari/537.36 Edg/114.0.1823.43"
20.171.207.230 - - [05/Jul/2025:11:56:58 -0400] "GET /items/nlmwb192/16483?key=wind HTTP/1.1" 302 0 "-" "Mozilla/5.0 AppleWebKit/537.36 (KHTML, like Gecko; compatible; GPTBot/1.2; +https://openai.com/gptbot)"
20.171.207.230 - - [05/Jul/2025:11:56:58 -0400] "GET /ar/ HTTP/1.1" 200 10545 "-" "Mozilla/5.0 AppleWebKit/537.36 (KHTML, like Gecko; compatible; GPTBot/1.2; +https://openai.com/gptbot)"
20.171.207.230 - - [05/Jul/2025:11:56:59 -0400] "GET /items/ffbhb117/47220?key=word HTTP/1.1" 302 0 "-" "Mozilla/5.0 AppleWebKit/537.36 (KHTML, like Gecko; compatible; GPTBot/1.2; +https://openai.com/gptbot)"
20.171.207.230 - - [05/Jul/2025:11:57:00 -0400] "GET /ar/ HTTP/1.1" 200 10545 "-" "Mozilla/5.0 AppleWebKit/537.36 (KHTML, like Gecko; compatible; GPTBot/1.2; +https://openai.com/gptbot)"
20.171.207.230 - - [05/Jul/2025:11:57:01 -0400] "GET /items/orqgj146/31023?key=shot HTTP/1.1" 302 0 "-" "Mozilla/5.0 AppleWebKit/537.36 (KHTML, like Gecko; compatible; GPTBot/1.2; +https://openai.com/gptbot)"
20.171.207.230 - - [05/Jul/2025:11:57:01 -0400] "GET /ar/ HTTP/1.1" 200 10545 "-" "Mozilla/5.0 AppleWebKit/537.36 (KHTML, like Gecko; compatible; GPTBot/1.2; +https://openai.com/gptbot)"
20.171.207.230 - - [05/Jul/2025:11:57:02 -0400] "GET /items/woqsl282/17531?key=hold HTTP/1.1" 302 0 "-" "Mozilla/5.0 AppleWebKit/537.36 (KHTML, like Gecko; compatible; GPTBot/1.2; +https://openai.com/gptbot)"
20.171.207.230 - - [05/Jul/2025:11:57:02 -0400] "GET /ar/ HTTP/1.1" 200 10545 "-" "Mozilla/5.0 AppleWebKit/537.36 (KHTML, like Gecko; compatible; GPTBot/1.2; +https://openai.com/gptbot)"
20.171.207.230 - - [05/Jul/2025:11:57:03 -0400] "GET /items/zscfy240/10925?key=roll HTTP/1.1" 302 0 "-" "Mozilla/5.0 AppleWebKit/537.36 (KHTML, like Gecko; compatible; GPTBot/1.2; +https://openai.com/gptbot)"
20.171.207.230 - - [05/Jul/2025:11:57:03 -0400] "GET /ar/ HTTP/1.1" 200 10545 "-" "Mozilla/5.0 AppleWebKit/537.36 (KHTML, like Gecko; compatible; GPTBot/1.2; +https://openai.com/gptbot)"
20.171.207.230 - - [05/Jul/2025:11:57:04 -0400] "GET /items/gbswg293/25710?key=pump HTTP/1.1" 302 0 "-" "Mozilla/5.0 AppleWebKit/537.36 (KHTML, like Gecko; compatible; GPTBot/1.2; +https://openai.com/gptbot)"
20.171.207.230 - - [05/Jul/2025:11:57:04 -0400] "GET /ar/ HTTP/1.1" 200 10545 "-" "Mozilla/5.0 AppleWebKit/537.36 (KHTML, like Gecko; compatible; GPTBot/1.2; +https://openai.com/gptbot)"
20.171.207.230 - - [05/Jul/2025:11:57:05 -0400] "GET /items/qybhx245/23594?key=burn HTTP/1.1" 302 0 "-" "Mozilla/5.0 AppleWebKit/537.36 (KHTML, like Gecko; compatible; GPTBot/1.2; +https://openai.com/gptbot)"
