20.171.207.230 - - [05/Jul/2025:09:54:40 -0400] "GET /ar/ HTTP/1.1" 200 10545 "-" "Mozilla/5.0 AppleWebKit/537.36 (KHTML, like Gecko; compatible; GPTBot/1.2; +https://openai.com/gptbot)"
20.171.207.230 - - [05/Jul/2025:09:54:42 -0400] "GET /items/bxjep135/15474?key=building HTTP/1.1" 302 0 "-" "Mozilla/5.0 AppleWebKit/537.36 (KHTML, like Gecko; compatible; GPTBot/1.2; +https://openai.com/gptbot)"
205.210.31.44 - - [05/Jul/2025:09:54:41 -0400] "GET / HTTP/1.1" 302 0 "http://104.21.56.102:80/" "-"
135.119.157.135 - - [05/Jul/2025:09:54:42 -0400] "GET / HTTP/1.1" 301 0 "-" "curl/7.81.0"
135.119.157.135 - - [05/Jul/2025:09:54:43 -0400] "GET / HTTP/1.1" 302 0 "-" "curl/7.81.0"
205.210.31.44 - - [05/Jul/2025:09:54:42 -0400] "GET /ar/ HTTP/1.1" 200 10545 "-" "-"
135.119.157.135 - - [05/Jul/2025:09:54:44 -0400] "GET /ar/ HTTP/1.1" 200 0 "-" "curl/7.81.0"
20.171.207.230 - - [05/Jul/2025:09:54:42 -0400] "GET /ar/ HTTP/1.1" 200 10545 "-" "Mozilla/5.0 AppleWebKit/537.36 (KHTML, like Gecko; compatible; GPTBot/1.2; +https://openai.com/gptbot)"
20.171.207.230 - - [05/Jul/2025:09:54:45 -0400] "GET /items/qppbg285/38898?key=unfair HTTP/1.1" 302 0 "-" "Mozilla/5.0 AppleWebKit/537.36 (KHTML, like Gecko; compatible; GPTBot/1.2; +https://openai.com/gptbot)"
20.171.207.230 - - [05/Jul/2025:09:54:45 -0400] "GET /ar/ HTTP/1.1" 200 10545 "-" "Mozilla/5.0 AppleWebKit/537.36 (KHTML, like Gecko; compatible; GPTBot/1.2; +https://openai.com/gptbot)"
20.171.207.230 - - [05/Jul/2025:09:54:47 -0400] "GET /items/nwgmc257/30466?key=darkness HTTP/1.1" 302 0 "-" "Mozilla/5.0 AppleWebKit/537.36 (KHTML, like Gecko; compatible; GPTBot/1.2; +https://openai.com/gptbot)"
66.249.77.138 - - [05/Jul/2025:09:54:47 -0400] "GET /items/ufchw35/1452?key=invitation HTTP/1.1" 200 87594 "-" "Mozilla/5.0 (Linux; Android 6.0.1; Nexus 5X Build/MMB29P) AppleWebKit/537.36 (KHTML, like Gecko) Chrome/137.0.7151.119 Mobile Safari/537.36 (compatible; Googlebot/2.1; +http://www.google.com/bot.html)"
20.171.207.230 - - [05/Jul/2025:09:54:47 -0400] "GET /ar/ HTTP/1.1" 200 10545 "-" "Mozilla/5.0 AppleWebKit/537.36 (KHTML, like Gecko; compatible; GPTBot/1.2; +https://openai.com/gptbot)"
20.171.207.230 - - [05/Jul/2025:09:54:50 -0400] "GET /items/acvyh241/33022?key=neighbor HTTP/1.1" 302 0 "-" "Mozilla/5.0 AppleWebKit/537.36 (KHTML, like Gecko; compatible; GPTBot/1.2; +https://openai.com/gptbot)"
20.171.207.230 - - [05/Jul/2025:09:54:50 -0400] "GET /ar/ HTTP/1.1" 200 10545 "-" "Mozilla/5.0 AppleWebKit/537.36 (KHTML, like Gecko; compatible; GPTBot/1.2; +https://openai.com/gptbot)"
20.171.207.230 - - [05/Jul/2025:09:54:55 -0400] "GET /items/elvrc189/44034?key=standing HTTP/1.1" 302 0 "-" "Mozilla/5.0 AppleWebKit/537.36 (KHTML, like Gecko; compatible; GPTBot/1.2; +https://openai.com/gptbot)"
20.171.207.230 - - [05/Jul/2025:09:54:55 -0400] "GET /ar/ HTTP/1.1" 200 10545 "-" "Mozilla/5.0 AppleWebKit/537.36 (KHTML, like Gecko; compatible; GPTBot/1.2; +https://openai.com/gptbot)"
20.171.207.230 - - [05/Jul/2025:09:54:57 -0400] "GET /items/mceqg253/15364?key=provider HTTP/1.1" 302 0 "-" "Mozilla/5.0 AppleWebKit/537.36 (KHTML, like Gecko; compatible; GPTBot/1.2; +https://openai.com/gptbot)"
20.171.207.230 - - [05/Jul/2025:09:54:57 -0400] "GET /ar/ HTTP/1.1" 200 10545 "-" "Mozilla/5.0 AppleWebKit/537.36 (KHTML, like Gecko; compatible; GPTBot/1.2; +https://openai.com/gptbot)"
20.171.207.230 - - [05/Jul/2025:09:55:00 -0400] "GET /items/lhzfp262/18987?key=sequence HTTP/1.1" 302 0 "-" "Mozilla/5.0 AppleWebKit/537.36 (KHTML, like Gecko; compatible; GPTBot/1.2; +https://openai.com/gptbot)"
20.171.207.230 - - [05/Jul/2025:09:55:00 -0400] "GET /ar/ HTTP/1.1" 200 10547 "-" "Mozilla/5.0 AppleWebKit/537.36 (KHTML, like Gecko; compatible; GPTBot/1.2; +https://openai.com/gptbot)"
47.82.60.3 - - [05/Jul/2025:09:55:08 -0400] "GET /items/232011484.html HTTP/1.1" 302 0 "https://first-gulf.com.sa/items/232011484.html" "Mozilla/5.0 (Windows NT 10.0; Win64; x64) AppleWebKit/537.36 (KHTML, like Gecko) Chrome/114.0.0.0 Safari/537.36 Edg/114.0.1823.43"
47.82.60.3 - - [05/Jul/2025:09:55:09 -0400] "GET /ar/ HTTP/1.1" 200 10545 "https://first-gulf.com.sa/items/232011484.html" "Mozilla/5.0 (Windows NT 10.0; Win64; x64) AppleWebKit/537.36 (KHTML, like Gecko) Chrome/114.0.0.0 Safari/537.36 Edg/114.0.1823.43"
66.249.77.138 - - [05/Jul/2025:09:55:26 -0400] "GET /items/197047773.html?srsltid=AfmBOozchQMODcBbHlkApOsIYuIgPfHsBm17MBPSYNcaaHMcLE2m HTTP/1.1" 200 87677 "-" "Mozilla/5.0 (Linux; Android 6.0.1; Nexus 5X Build/MMB29P) AppleWebKit/537.36 (KHTML, like Gecko) Chrome/137.0.7151.103 Mobile Safari/537.36 (compatible; GoogleOther)"
66.249.69.14 - - [05/Jul/2025:09:55:27 -0400] "GET /items/195048227.html?srsltid=AfmBOosxtckxkkdomdQtM86NXjjvsuvr8hK1ZWYm39gXRaF56Y1k HTTP/1.1" 200 87069 "-" "Mozilla/5.0 (compatible; Googlebot/2.1; +http://www.google.com/bot.html)"
66.249.77.138 - - [05/Jul/2025:09:55:29 -0400] "GET /items/187006625.html?srsltid=AfmBOoobcQEPohBgKWLqhIvGSVTsSxkJA7TAq7tKkdrXC68oaJ0I HTTP/1.1" 200 87512 "-" "Mozilla/5.0 (Linux; Android 6.0.1; Nexus 5X Build/MMB29P) AppleWebKit/537.36 (KHTML, like Gecko) Chrome/137.0.7151.103 Mobile Safari/537.36 (compatible; Googlebot/2.1; +http://www.google.com/bot.html)"
66.249.77.137 - - [05/Jul/2025:09:55:47 -0400] "GET /items/185005195.html?srsltid=AfmBOojduyKXTDdkkBLke8CaMZDRTTykfeZO0GM92Se7cYL0Wxcn HTTP/1.1" 200 87706 "-" "Mozilla/5.0 (Linux; Android 6.0.1; Nexus 5X Build/MMB29P) AppleWebKit/537.36 (KHTML, like Gecko) Chrome/137.0.7151.103 Mobile Safari/537.36 (compatible; Googlebot/2.1; +http://www.google.com/bot.html)"
66.29.146.47 - - [05/Jul/2025:09:56:03 -0400] "POST /wp-cron.php?doing_wp_cron=1751723762.7395489215850830078125 HTTP/1.1" 403 1242 "-" "WordPress/6.8; https://first-gulf.com.sa"
47.82.60.60 - - [05/Jul/2025:09:56:02 -0400] "GET /items/opref155/39042?key=comprise HTTP/1.1" 301 0 "https://www.first-gulf.com.sa/items/opref155/39042?key=comprise" "Mozilla/5.0 (Windows NT 10.0; Win64; x64) AppleWebKit/537.36 (KHTML, like Gecko) Chrome/114.0.0.0 Safari/537.36 Edg/114.0.1823.43"
66.249.77.137 - - [05/Jul/2025:09:56:02 -0400] "GET /items/095043487.html?srsltid=AfmBOoiitMwPmrbiDyPHaHI7QXNoOeZHSb9QaoURmqdZkxS5NsZu HTTP/1.1" 200 87752 "-" "Mozilla/5.0 (Linux; Android 6.0.1; Nexus 5X Build/MMB29P) AppleWebKit/537.36 (KHTML, like Gecko) Chrome/137.0.7151.119 Mobile Safari/537.36 (compatible; Googlebot/2.1; +http://www.google.com/bot.html)"
47.82.60.60 - - [05/Jul/2025:09:56:03 -0400] "GET /items/opref155/39042?key=comprise HTTP/1.1" 302 0 "https://www.first-gulf.com.sa/items/opref155/39042?key=comprise" "Mozilla/5.0 (Windows NT 10.0; Win64; x64) AppleWebKit/537.36 (KHTML, like Gecko) Chrome/114.0.0.0 Safari/537.36 Edg/114.0.1823.43"
20.171.207.230 - - [05/Jul/2025:09:56:27 -0400] "GET /items/cgmcl170/43905?key=computer HTTP/1.1" 302 0 "-" "Mozilla/5.0 AppleWebKit/537.36 (KHTML, like Gecko; compatible; GPTBot/1.2; +https://openai.com/gptbot)"
66.29.146.47 - - [05/Jul/2025:09:56:28 -0400] "POST /ar/wp-cron.php?doing_wp_cron=1751723788.7427399158477783203125 HTTP/1.1" 200 0 "-" "WordPress/6.8; https://first-gulf.com.sa/ar"
20.171.207.230 - - [05/Jul/2025:09:56:28 -0400] "GET /ar/ HTTP/1.1" 200 10545 "-" "Mozilla/5.0 AppleWebKit/537.36 (KHTML, like Gecko; compatible; GPTBot/1.2; +https://openai.com/gptbot)"
20.171.207.230 - - [05/Jul/2025:09:56:32 -0400] "GET /items/ilxfk264/30471?key=variable HTTP/1.1" 302 0 "-" "Mozilla/5.0 AppleWebKit/537.36 (KHTML, like Gecko; compatible; GPTBot/1.2; +https://openai.com/gptbot)"
66.249.77.137 - - [05/Jul/2025:09:56:34 -0400] "GET /category/132_133_7856/1/listing HTTP/1.1" 200 86557 "-" "Mozilla/5.0 (Linux; Android 6.0.1; Nexus 5X Build/MMB29P) AppleWebKit/537.36 (KHTML, like Gecko) Chrome/137.0.7151.103 Mobile Safari/537.36 (compatible; GoogleOther)"
20.171.207.230 - - [05/Jul/2025:09:56:33 -0400] "GET /ar/ HTTP/1.1" 200 10545 "-" "Mozilla/5.0 AppleWebKit/537.36 (KHTML, like Gecko; compatible; GPTBot/1.2; +https://openai.com/gptbot)"
20.171.207.230 - - [05/Jul/2025:09:56:36 -0400] "GET /items/zrswb230/47191?key=horrible HTTP/1.1" 302 0 "-" "Mozilla/5.0 AppleWebKit/537.36 (KHTML, like Gecko; compatible; GPTBot/1.2; +https://openai.com/gptbot)"
20.171.207.230 - - [05/Jul/2025:09:56:37 -0400] "GET /ar/ HTTP/1.1" 200 10545 "-" "Mozilla/5.0 AppleWebKit/537.36 (KHTML, like Gecko; compatible; GPTBot/1.2; +https://openai.com/gptbot)"
20.171.207.230 - - [05/Jul/2025:09:56:39 -0400] "GET /items/wmujw153/42056?key=headache HTTP/1.1" 302 0 "-" "Mozilla/5.0 AppleWebKit/537.36 (KHTML, like Gecko; compatible; GPTBot/1.2; +https://openai.com/gptbot)"
20.171.207.230 - - [05/Jul/2025:09:56:40 -0400] "GET /ar/ HTTP/1.1" 200 10545 "-" "Mozilla/5.0 AppleWebKit/537.36 (KHTML, like Gecko; compatible; GPTBot/1.2; +https://openai.com/gptbot)"
20.171.207.230 - - [05/Jul/2025:09:56:43 -0400] "GET /items/xweuo231/45668?key=computer HTTP/1.1" 302 0 "-" "Mozilla/5.0 AppleWebKit/537.36 (KHTML, like Gecko; compatible; GPTBot/1.2; +https://openai.com/gptbot)"
20.171.207.230 - - [05/Jul/2025:09:56:44 -0400] "GET /ar/ HTTP/1.1" 200 10545 "-" "Mozilla/5.0 AppleWebKit/537.36 (KHTML, like Gecko; compatible; GPTBot/1.2; +https://openai.com/gptbot)"
20.171.207.230 - - [05/Jul/2025:09:56:46 -0400] "GET /items/wfbmk170/43709?key=racial HTTP/1.1" 302 0 "-" "Mozilla/5.0 AppleWebKit/537.36 (KHTML, like Gecko; compatible; GPTBot/1.2; +https://openai.com/gptbot)"
20.171.207.230 - - [05/Jul/2025:09:56:46 -0400] "GET /ar/ HTTP/1.1" 200 10545 "-" "Mozilla/5.0 AppleWebKit/537.36 (KHTML, like Gecko; compatible; GPTBot/1.2; +https://openai.com/gptbot)"
66.249.77.137 - - [05/Jul/2025:09:56:49 -0400] "GET /items/xljqz297/23612?key=seek HTTP/1.1" 200 88016 "-" "Mozilla/5.0 (Linux; Android 6.0.1; Nexus 5X Build/MMB29P) AppleWebKit/537.36 (KHTML, like Gecko) Chrome/137.0.7151.103 Mobile Safari/537.36 (compatible; GoogleOther)"
20.171.207.230 - - [05/Jul/2025:09:56:50 -0400] "GET /items/yvdxf253/30106?key=quantity HTTP/1.1" 302 0 "-" "Mozilla/5.0 AppleWebKit/537.36 (KHTML, like Gecko; compatible; GPTBot/1.2; +https://openai.com/gptbot)"
20.171.207.230 - - [05/Jul/2025:09:56:50 -0400] "GET /ar/ HTTP/1.1" 200 10545 "-" "Mozilla/5.0 AppleWebKit/537.36 (KHTML, like Gecko; compatible; GPTBot/1.2; +https://openai.com/gptbot)"
20.171.207.230 - - [05/Jul/2025:09:56:53 -0400] "GET /items/bfpzg215/24534?key=athletic HTTP/1.1" 302 0 "-" "Mozilla/5.0 AppleWebKit/537.36 (KHTML, like Gecko; compatible; GPTBot/1.2; +https://openai.com/gptbot)"
20.171.207.230 - - [05/Jul/2025:09:56:54 -0400] "GET /ar/ HTTP/1.1" 200 10545 "-" "Mozilla/5.0 AppleWebKit/537.36 (KHTML, like Gecko; compatible; GPTBot/1.2; +https://openai.com/gptbot)"
20.171.207.230 - - [05/Jul/2025:09:56:57 -0400] "GET /items/yfcpn250/16197?key=syndrome HTTP/1.1" 302 0 "-" "Mozilla/5.0 AppleWebKit/537.36 (KHTML, like Gecko; compatible; GPTBot/1.2; +https://openai.com/gptbot)"
20.171.207.230 - - [05/Jul/2025:09:56:57 -0400] "GET /ar/ HTTP/1.1" 200 10545 "-" "Mozilla/5.0 AppleWebKit/537.36 (KHTML, like Gecko; compatible; GPTBot/1.2; +https://openai.com/gptbot)"
20.171.207.230 - - [05/Jul/2025:09:57:00 -0400] "GET /items/bjarh106/42251?key=indicate HTTP/1.1" 302 0 "-" "Mozilla/5.0 AppleWebKit/537.36 (KHTML, like Gecko; compatible; GPTBot/1.2; +https://openai.com/gptbot)"
20.171.207.230 - - [05/Jul/2025:09:57:00 -0400] "GET /ar/ HTTP/1.1" 200 10545 "-" "Mozilla/5.0 AppleWebKit/537.36 (KHTML, like Gecko; compatible; GPTBot/1.2; +https://openai.com/gptbot)"
66.249.77.139 - - [05/Jul/2025:09:57:03 -0400] "GET /items/020018396.html?srsltid=AfmBOowyaMnqcankLhyLHtz5IhyTqAkPNUHlwN8XZJE187AEcrZu HTTP/1.1" 200 87343 "-" "Mozilla/5.0 (Linux; Android 6.0.1; Nexus 5X Build/MMB29P) AppleWebKit/537.36 (KHTML, like Gecko) Chrome/137.0.7151.103 Mobile Safari/537.36 (compatible; Googlebot/2.1; +http://www.google.com/bot.html)"
66.29.146.47 - - [05/Jul/2025:09:57:06 -0400] "POST /wp-cron.php?doing_wp_cron=1751723826.2649159431457519531250 HTTP/1.1" 403 1242 "-" "WordPress/6.8; https://first-gulf.com.sa"
47.82.60.19 - - [05/Jul/2025:09:57:05 -0400] "GET /items/gwzoh66/7493?key=although HTTP/1.1" 302 0 "https://first-gulf.com.sa/items/gwzoh66/7493?key=although" "Mozilla/5.0 (Windows NT 10.0; Win64; x64) AppleWebKit/537.36 (KHTML, like Gecko) Chrome/114.0.0.0 Safari/537.36 Edg/114.0.1823.43"
66.249.77.138 - - [05/Jul/2025:09:57:08 -0400] "GET /items/229022295.html?srsltid=AfmBOotjfWHZrNkGJUdmzhURETBkrQnv90sWSA0Xl27Ht2FbUr6U HTTP/1.1" 200 87495 "-" "Mozilla/5.0 (compatible; Googlebot/2.1; +http://www.google.com/bot.html)"
47.82.60.19 - - [05/Jul/2025:09:57:06 -0400] "GET /ar/ HTTP/1.1" 200 10545 "https://first-gulf.com.sa/items/gwzoh66/7493?key=although" "Mozilla/5.0 (Windows NT 10.0; Win64; x64) AppleWebKit/537.36 (KHTML, like Gecko) Chrome/114.0.0.0 Safari/537.36 Edg/114.0.1823.43"
66.249.69.1 - - [05/Jul/2025:09:57:20 -0400] "GET /search.php?276wyyn34369.html HTTP/1.1" 200 87085 "-" "Mozilla/5.0 (Linux; Android 6.0.1; Nexus 5X Build/MMB29P) AppleWebKit/537.36 (KHTML, like Gecko) Chrome/137.0.7151.119 Mobile Safari/537.36 (compatible; Googlebot/2.1; +http://www.google.com/bot.html)"
66.249.77.137 - - [05/Jul/2025:09:57:22 -0400] "GET /items/107039529.html?srsltid=AfmBOojzdRqBJsaDXrTZlhqhCvBnousteIso5m6Ohy7TM2BAGPw7 HTTP/1.1" 200 87069 "-" "Mozilla/5.0 (Linux; Android 6.0.1; Nexus 5X Build/MMB29P) AppleWebKit/537.36 (KHTML, like Gecko) Chrome/137.0.7151.103 Mobile Safari/537.36 (compatible; Googlebot/2.1; +http://www.google.com/bot.html)"
66.249.77.137 - - [05/Jul/2025:09:57:25 -0400] "GET /items/051000447.html?srsltid=AfmBOogsokiSoNeNlvnAesANDDShSjbZJbhnZbuybPOu8v0Nmdd9 HTTP/1.1" 200 87380 "-" "Mozilla/5.0 (Linux; Android 6.0.1; Nexus 5X Build/MMB29P) AppleWebKit/537.36 (KHTML, like Gecko) Chrome/137.0.7151.103 Mobile Safari/537.36 (compatible; Googlebot/2.1; +http://www.google.com/bot.html)"
66.249.69.14 - - [05/Jul/2025:09:57:36 -0400] "GET /search.php?pcmypage?callback=product%2Fdetail%2Ffirst34-trusco-1334620 HTTP/1.1" 200 87101 "-" "Mozilla/5.0 (compatible; Googlebot/2.1; +http://www.google.com/bot.html)"
47.82.60.54 - - [05/Jul/2025:09:57:36 -0400] "GET /items/noqik107/38440?key=apply HTTP/1.1" 301 0 "https://www.first-gulf.com.sa/items/noqik107/38440?key=apply" "Mozilla/5.0 (Windows NT 10.0; Win64; x64) AppleWebKit/537.36 (KHTML, like Gecko) Chrome/114.0.0.0 Safari/537.36 Edg/114.0.1823.43"
47.82.60.54 - - [05/Jul/2025:09:57:38 -0400] "GET /items/noqik107/38440?key=apply HTTP/1.1" 302 0 "https://www.first-gulf.com.sa/items/noqik107/38440?key=apply" "Mozilla/5.0 (Windows NT 10.0; Win64; x64) AppleWebKit/537.36 (KHTML, like Gecko) Chrome/114.0.0.0 Safari/537.36 Edg/114.0.1823.43"
66.249.69.14 - - [05/Jul/2025:09:57:41 -0400] "GET /pcmypage?callback=product%2Fdetail%2Ftuzukiya-n420-6050 HTTP/1.1" 200 86952 "-" "Mozilla/5.0 (Linux; Android 6.0.1; Nexus 5X Build/MMB29P) AppleWebKit/537.36 (KHTML, like Gecko) Chrome/137.0.7151.103 Mobile Safari/537.36 (compatible; Googlebot/2.1; +http://www.google.com/bot.html)"
66.249.77.137 - - [05/Jul/2025:09:57:49 -0400] "GET /items/wwlsm104/38523?key=photo HTTP/1.1" 200 87129 "-" "Mozilla/5.0 (compatible; Googlebot/2.1; +http://www.google.com/bot.html)"
66.249.69.1 - - [05/Jul/2025:09:58:02 -0400] "GET /pcmypage?callback=product/review/nashop23-jjry-7565c HTTP/1.1" 200 86692 "-" "Mozilla/5.0 (compatible; Googlebot/2.1; +http://www.google.com/bot.html)"
66.249.69.1 - - [05/Jul/2025:09:58:07 -0400] "GET /items/084000030.html?srsltid=AfmBOodluURjPjTjscUDR43VPSdCdnstqrP6Fktpsq5VYVAijYbD HTTP/1.1" 200 87568 "-" "Mozilla/5.0 (compatible; Googlebot/2.1; +http://www.google.com/bot.html)"
66.249.77.138 - - [05/Jul/2025:09:58:10 -0400] "GET /items/248015992.html?srsltid=AfmBOompkQBFsKCTUOwtdvOcAlPaDEIu8AvCoupCgyHfasDoaDyj HTTP/1.1" 200 88313 "-" "Mozilla/5.0 (Linux; Android 6.0.1; Nexus 5X Build/MMB29P) AppleWebKit/537.36 (KHTML, like Gecko) Chrome/137.0.7151.103 Mobile Safari/537.36 (compatible; Googlebot/2.1; +http://www.google.com/bot.html)"
66.29.146.47 - - [05/Jul/2025:09:58:12 -0400] "POST /wp-cron.php?doing_wp_cron=1751723891.7499730587005615234375 HTTP/1.1" 403 1242 "-" "WordPress/6.8; https://first-gulf.com.sa"
20.171.207.230 - - [05/Jul/2025:09:58:11 -0400] "GET /items/womxx269/37978?key=adjust HTTP/1.1" 302 0 "-" "Mozilla/5.0 AppleWebKit/537.36 (KHTML, like Gecko; compatible; GPTBot/1.2; +https://openai.com/gptbot)"
66.29.146.47 - - [05/Jul/2025:09:58:12 -0400] "POST /ar/wp-cron.php?doing_wp_cron=1751723892.4533529281616210937500 HTTP/1.1" 200 0 "-" "WordPress/6.8; https://first-gulf.com.sa/ar"
20.171.207.230 - - [05/Jul/2025:09:58:12 -0400] "GET /ar/ HTTP/1.1" 200 10545 "-" "Mozilla/5.0 AppleWebKit/537.36 (KHTML, like Gecko; compatible; GPTBot/1.2; +https://openai.com/gptbot)"
20.171.207.230 - - [05/Jul/2025:09:58:15 -0400] "GET /items/wakzk199/36984?key=vendor HTTP/1.1" 302 0 "-" "Mozilla/5.0 AppleWebKit/537.36 (KHTML, like Gecko; compatible; GPTBot/1.2; +https://openai.com/gptbot)"
20.171.207.230 - - [05/Jul/2025:09:58:15 -0400] "GET /ar/ HTTP/1.1" 200 10545 "-" "Mozilla/5.0 AppleWebKit/537.36 (KHTML, like Gecko; compatible; GPTBot/1.2; +https://openai.com/gptbot)"
20.171.207.230 - - [05/Jul/2025:09:58:17 -0400] "GET /items/jwpey217/35670?key=musician HTTP/1.1" 302 0 "-" "Mozilla/5.0 AppleWebKit/537.36 (KHTML, like Gecko; compatible; GPTBot/1.2; +https://openai.com/gptbot)"
66.249.77.137 - - [05/Jul/2025:09:58:17 -0400] "GET /items/blbau50/42527?key=survive HTTP/1.1" 200 87241 "-" "Mozilla/5.0 (Linux; Android 6.0.1; Nexus 5X Build/MMB29P) AppleWebKit/537.36 (KHTML, like Gecko) Chrome/137.0.7151.119 Mobile Safari/537.36 (compatible; Googlebot/2.1; +http://www.google.com/bot.html)"
20.171.207.230 - - [05/Jul/2025:09:58:17 -0400] "GET /ar/ HTTP/1.1" 200 10545 "-" "Mozilla/5.0 AppleWebKit/537.36 (KHTML, like Gecko; compatible; GPTBot/1.2; +https://openai.com/gptbot)"
20.171.207.230 - - [05/Jul/2025:09:58:20 -0400] "GET /items/tqxga209/38190?key=headline HTTP/1.1" 302 0 "-" "Mozilla/5.0 AppleWebKit/537.36 (KHTML, like Gecko; compatible; GPTBot/1.2; +https://openai.com/gptbot)"
20.171.207.230 - - [05/Jul/2025:09:58:20 -0400] "GET /ar/ HTTP/1.1" 200 10545 "-" "Mozilla/5.0 AppleWebKit/537.36 (KHTML, like Gecko; compatible; GPTBot/1.2; +https://openai.com/gptbot)"
20.171.207.230 - - [05/Jul/2025:09:58:23 -0400] "GET /items/zkkue210/24789?key=official HTTP/1.1" 302 0 "-" "Mozilla/5.0 AppleWebKit/537.36 (KHTML, like Gecko; compatible; GPTBot/1.2; +https://openai.com/gptbot)"
66.249.77.137 - - [05/Jul/2025:09:58:23 -0400] "GET /items/283022847.html?srsltid=AfmBOosnrZbHmAtABxpxy4AHPweaeodp6diEPs33zElgdSnYPuL8 HTTP/1.1" 200 87585 "-" "Mozilla/5.0 (Linux; Android 6.0.1; Nexus 5X Build/MMB29P) AppleWebKit/537.36 (KHTML, like Gecko) Chrome/137.0.7151.119 Mobile Safari/537.36 (compatible; Googlebot/2.1; +http://www.google.com/bot.html)"
20.171.207.230 - - [05/Jul/2025:09:58:23 -0400] "GET /ar/ HTTP/1.1" 200 10545 "-" "Mozilla/5.0 AppleWebKit/537.36 (KHTML, like Gecko; compatible; GPTBot/1.2; +https://openai.com/gptbot)"
20.171.207.230 - - [05/Jul/2025:09:58:26 -0400] "GET /items/tyatj289/39572?key=shoulder HTTP/1.1" 302 0 "-" "Mozilla/5.0 AppleWebKit/537.36 (KHTML, like Gecko; compatible; GPTBot/1.2; +https://openai.com/gptbot)"
20.171.207.230 - - [05/Jul/2025:09:58:27 -0400] "GET /ar/ HTTP/1.1" 200 10545 "-" "Mozilla/5.0 AppleWebKit/537.36 (KHTML, like Gecko; compatible; GPTBot/1.2; +https://openai.com/gptbot)"
20.171.207.230 - - [05/Jul/2025:09:58:28 -0400] "GET /items/vuckl105/35594?key=fighting HTTP/1.1" 302 0 "-" "Mozilla/5.0 AppleWebKit/537.36 (KHTML, like Gecko; compatible; GPTBot/1.2; +https://openai.com/gptbot)"
66.249.77.137 - - [05/Jul/2025:09:58:29 -0400] "GET /items/271021139.html?srsltid=AfmBOoyugADGTKkQKrJpEgczEczwazoYsHDN4eqkqZp1lWlKsaB9 HTTP/1.1" 200 87426 "-" "Mozilla/5.0 (Linux; Android 6.0.1; Nexus 5X Build/MMB29P) AppleWebKit/537.36 (KHTML, like Gecko) Chrome/137.0.7151.103 Mobile Safari/537.36 (compatible; Googlebot/2.1; +http://www.google.com/bot.html)"
20.171.207.230 - - [05/Jul/2025:09:58:28 -0400] "GET /ar/ HTTP/1.1" 200 10545 "-" "Mozilla/5.0 AppleWebKit/537.36 (KHTML, like Gecko; compatible; GPTBot/1.2; +https://openai.com/gptbot)"
20.171.207.230 - - [05/Jul/2025:09:58:31 -0400] "GET /items/jszrr271/33984?key=flexible HTTP/1.1" 302 0 "-" "Mozilla/5.0 AppleWebKit/537.36 (KHTML, like Gecko; compatible; GPTBot/1.2; +https://openai.com/gptbot)"
47.82.60.63 - - [05/Jul/2025:09:58:31 -0400] "GET /items/ctlyc154/29211?key=used HTTP/1.1" 302 0 "https://first-gulf.com.sa/items/ctlyc154/29211?key=used" "Mozilla/5.0 (Windows NT 10.0; Win64; x64) AppleWebKit/537.36 (KHTML, like Gecko) Chrome/114.0.0.0 Safari/537.36 Edg/114.0.1823.43"
47.82.60.63 - - [05/Jul/2025:09:58:32 -0400] "GET /ar/ HTTP/1.1" 200 10545 "https://first-gulf.com.sa/items/ctlyc154/29211?key=used" "Mozilla/5.0 (Windows NT 10.0; Win64; x64) AppleWebKit/537.36 (KHTML, like Gecko) Chrome/114.0.0.0 Safari/537.36 Edg/114.0.1823.43"
20.171.207.230 - - [05/Jul/2025:09:58:31 -0400] "GET /ar/ HTTP/1.1" 200 10545 "-" "Mozilla/5.0 AppleWebKit/537.36 (KHTML, like Gecko; compatible; GPTBot/1.2; +https://openai.com/gptbot)"
20.171.207.230 - - [05/Jul/2025:09:58:34 -0400] "GET /items/endzs262/19453?key=carpet HTTP/1.1" 302 0 "-" "Mozilla/5.0 AppleWebKit/537.36 (KHTML, like Gecko; compatible; GPTBot/1.2; +https://openai.com/gptbot)"
20.171.207.230 - - [05/Jul/2025:09:58:34 -0400] "GET /ar/ HTTP/1.1" 200 10545 "-" "Mozilla/5.0 AppleWebKit/537.36 (KHTML, like Gecko; compatible; GPTBot/1.2; +https://openai.com/gptbot)"
20.171.207.230 - - [05/Jul/2025:09:58:36 -0400] "GET /items/aqalb262/29871?key=flower HTTP/1.1" 302 0 "-" "Mozilla/5.0 AppleWebKit/537.36 (KHTML, like Gecko; compatible; GPTBot/1.2; +https://openai.com/gptbot)"
20.171.207.230 - - [05/Jul/2025:09:58:36 -0400] "GET /ar/ HTTP/1.1" 200 10545 "-" "Mozilla/5.0 AppleWebKit/537.36 (KHTML, like Gecko; compatible; GPTBot/1.2; +https://openai.com/gptbot)"
66.249.77.137 - - [05/Jul/2025:09:58:48 -0400] "GET /items/020049574.html?srsltid=AfmBOovdcoHHIAnfSqsHP7sBXCOvLXUZJda3NHmfRjr4TlXBq4ib HTTP/1.1" 200 87024 "-" "Mozilla/5.0 (Linux; Android 6.0.1; Nexus 5X Build/MMB29P) AppleWebKit/537.36 (KHTML, like Gecko) Chrome/137.0.7151.103 Mobile Safari/537.36 (compatible; Googlebot/2.1; +http://www.google.com/bot.html)"
66.249.77.131 - - [05/Jul/2025:09:59:01 -0400] "GET /items/dprji54/3875?key=calm HTTP/1.1" 200 88200 "-" "Mozilla/5.0 (Linux; Android 6.0.1; Nexus 5X Build/MMB29P) AppleWebKit/537.36 (KHTML, like Gecko) Chrome/137.0.7151.103 Mobile Safari/537.36 (compatible; GoogleOther)"
47.82.60.63 - - [05/Jul/2025:09:59:01 -0400] "GET /pcmypage?callback=product/detail/rcmd-4t-1269294 HTTP/1.1" 302 0 "https://first-gulf.com.sa/pcmypage?callback=product%2Fdetail%2Frcmd-4t-1269294" "Mozilla/5.0 (Windows NT 10.0; Win64; x64) AppleWebKit/537.36 (KHTML, like Gecko) Chrome/114.0.0.0 Safari/537.36 Edg/114.0.1823.43"
47.82.60.63 - - [05/Jul/2025:09:59:02 -0400] "GET /ar/ HTTP/1.1" 200 10545 "https://first-gulf.com.sa/pcmypage?callback=product%2Fdetail%2Frcmd-4t-1269294" "Mozilla/5.0 (Windows NT 10.0; Win64; x64) AppleWebKit/537.36 (KHTML, like Gecko) Chrome/114.0.0.0 Safari/537.36 Edg/114.0.1823.43"
66.249.77.130 - - [05/Jul/2025:09:59:08 -0400] "GET /items/027001921.html?srsltid=AfmBOogigBujcZPoRUGFTyNDQWlsMxVzYDDNqHKPtGlYBiVpmJmI HTTP/1.1" 200 87103 "-" "Mozilla/5.0 (Linux; Android 6.0.1; Nexus 5X Build/MMB29P) AppleWebKit/537.36 (KHTML, like Gecko) Chrome/137.0.7151.103 Mobile Safari/537.36 (compatible; Googlebot/2.1; +http://www.google.com/bot.html)"
66.249.77.129 - - [05/Jul/2025:09:59:15 -0400] "GET /items/hftms201/5274?key=marry HTTP/1.1" 200 87394 "-" "Mozilla/5.0 (Linux; Android 6.0.1; Nexus 5X Build/MMB29P) AppleWebKit/537.36 (KHTML, like Gecko) Chrome/137.0.7151.103 Mobile Safari/537.36 (compatible; Googlebot/2.1; +http://www.google.com/bot.html)"
66.249.77.129 - - [05/Jul/2025:09:59:18 -0400] "GET /items/147039215.html?srsltid=AfmBOogmvhHdWeRqSeABk9APQyZzpNZv097ptV0Qj4ODRc2PGjqa HTTP/1.1" 200 87360 "-" "Mozilla/5.0 (Linux; Android 6.0.1; Nexus 5X Build/MMB29P) AppleWebKit/537.36 (KHTML, like Gecko) Chrome/137.0.7151.103 Mobile Safari/537.36 (compatible; Googlebot/2.1; +http://www.google.com/bot.html)"
66.29.146.47 - - [05/Jul/2025:09:59:30 -0400] "POST /wp-cron.php?doing_wp_cron=1751723970.0339400768280029296875 HTTP/1.1" 403 1242 "-" "WordPress/6.8; https://first-gulf.com.sa"
47.82.60.81 - - [05/Jul/2025:09:59:29 -0400] "GET /pcmypage?callback=product/review/asty-shop-c2-21mpan9yrp-6268 HTTP/1.1" 302 0 "https://first-gulf.com.sa/pcmypage?callback=product/review/asty-shop-c2-21mpan9yrp-6268" "Mozilla/5.0 (Windows NT 10.0; Win64; x64) AppleWebKit/537.36 (KHTML, like Gecko) Chrome/114.0.0.0 Safari/537.36 Edg/114.0.1823.43"
66.29.146.47 - - [05/Jul/2025:09:59:31 -0400] "POST /ar/wp-cron.php?doing_wp_cron=1751723971.0540030002593994140625 HTTP/1.1" 200 0 "-" "WordPress/6.8; https://first-gulf.com.sa/ar"
47.82.60.81 - - [05/Jul/2025:09:59:30 -0400] "GET /ar/ HTTP/1.1" 200 10545 "https://first-gulf.com.sa/pcmypage?callback=product/review/asty-shop-c2-21mpan9yrp-6268" "Mozilla/5.0 (Windows NT 10.0; Win64; x64) AppleWebKit/537.36 (KHTML, like Gecko) Chrome/114.0.0.0 Safari/537.36 Edg/114.0.1823.43"
66.249.77.130 - - [05/Jul/2025:09:59:36 -0400] "GET /items/219003541.html?srsltid=AfmBOompzWhTqLvIUJdsRyoYXgrUXmQukcGS0f8lbTCDGOVuJSOK HTTP/1.1" 200 86958 "-" "Mozilla/5.0 (Linux; Android 6.0.1; Nexus 5X Build/MMB29P) AppleWebKit/537.36 (KHTML, like Gecko) Chrome/137.0.7151.103 Mobile Safari/537.36 (compatible; Googlebot/2.1; +http://www.google.com/bot.html)"
66.249.77.129 - - [05/Jul/2025:09:59:42 -0400] "GET /items/rbfoc119/5020?key=during HTTP/1.1" 200 87658 "-" "Mozilla/5.0 (compatible; Googlebot/2.1; +http://www.google.com/bot.html)"
66.249.69.4 - - [05/Jul/2025:09:59:49 -0400] "GET /items/006000024.html?srsltid=AfmBOoigzMiIpyEcfFdhtnyAZsGmMaZOUCUYjDdDLIQHSd9L1qjw HTTP/1.1" 200 87560 "-" "Mozilla/5.0 (Linux; Android 6.0.1; Nexus 5X Build/MMB29P) AppleWebKit/537.36 (KHTML, like Gecko) Chrome/137.0.7151.119 Mobile Safari/537.36 (compatible; Googlebot/2.1; +http://www.google.com/bot.html)"
20.171.207.230 - - [05/Jul/2025:09:59:54 -0400] "GET /items/pljnz157/45170?key=complain HTTP/1.1" 302 0 "-" "Mozilla/5.0 AppleWebKit/537.36 (KHTML, like Gecko; compatible; GPTBot/1.2; +https://openai.com/gptbot)"
20.171.207.230 - - [05/Jul/2025:09:59:55 -0400] "GET /ar/ HTTP/1.1" 200 10547 "-" "Mozilla/5.0 AppleWebKit/537.36 (KHTML, like Gecko; compatible; GPTBot/1.2; +https://openai.com/gptbot)"
20.171.207.230 - - [05/Jul/2025:09:59:56 -0400] "GET /items/rtdbx147/41392?key=spring HTTP/1.1" 302 0 "-" "Mozilla/5.0 AppleWebKit/537.36 (KHTML, like Gecko; compatible; GPTBot/1.2; +https://openai.com/gptbot)"
20.171.207.230 - - [05/Jul/2025:09:59:57 -0400] "GET /ar/ HTTP/1.1" 200 10545 "-" "Mozilla/5.0 AppleWebKit/537.36 (KHTML, like Gecko; compatible; GPTBot/1.2; +https://openai.com/gptbot)"
20.171.207.230 - - [05/Jul/2025:09:59:59 -0400] "GET /items/cwqab206/35019?key=talent HTTP/1.1" 302 0 "-" "Mozilla/5.0 AppleWebKit/537.36 (KHTML, like Gecko; compatible; GPTBot/1.2; +https://openai.com/gptbot)"
20.171.207.230 - - [05/Jul/2025:09:59:59 -0400] "GET /ar/ HTTP/1.1" 200 10545 "-" "Mozilla/5.0 AppleWebKit/537.36 (KHTML, like Gecko; compatible; GPTBot/1.2; +https://openai.com/gptbot)"
20.171.207.230 - - [05/Jul/2025:10:00:01 -0400] "GET /items/frwnd159/38248?key=before HTTP/1.1" 302 0 "-" "Mozilla/5.0 AppleWebKit/537.36 (KHTML, like Gecko; compatible; GPTBot/1.2; +https://openai.com/gptbot)"
20.171.207.230 - - [05/Jul/2025:10:00:01 -0400] "GET /ar/ HTTP/1.1" 200 10545 "-" "Mozilla/5.0 AppleWebKit/537.36 (KHTML, like Gecko; compatible; GPTBot/1.2; +https://openai.com/gptbot)"
20.171.207.230 - - [05/Jul/2025:10:00:04 -0400] "GET /items/glrbn287/46906?key=currency HTTP/1.1" 302 0 "-" "Mozilla/5.0 AppleWebKit/537.36 (KHTML, like Gecko; compatible; GPTBot/1.2; +https://openai.com/gptbot)"
20.171.207.230 - - [05/Jul/2025:10:00:05 -0400] "GET /ar/ HTTP/1.1" 200 10545 "-" "Mozilla/5.0 AppleWebKit/537.36 (KHTML, like Gecko; compatible; GPTBot/1.2; +https://openai.com/gptbot)"
20.171.207.230 - - [05/Jul/2025:10:00:08 -0400] "GET /items/zhodm201/39856?key=spouse HTTP/1.1" 302 0 "-" "Mozilla/5.0 AppleWebKit/537.36 (KHTML, like Gecko; compatible; GPTBot/1.2; +https://openai.com/gptbot)"
66.249.77.131 - - [05/Jul/2025:10:00:09 -0400] "GET /items/zfofd222/10031?key=zone HTTP/1.1" 200 87026 "-" "Mozilla/5.0 (Linux; Android 6.0.1; Nexus 5X Build/MMB29P) AppleWebKit/537.36 (KHTML, like Gecko) Chrome/137.0.7151.119 Mobile Safari/537.36 (compatible; Googlebot/2.1; +http://www.google.com/bot.html)"
20.171.207.230 - - [05/Jul/2025:10:00:09 -0400] "GET /ar/ HTTP/1.1" 200 10545 "-" "Mozilla/5.0 AppleWebKit/537.36 (KHTML, like Gecko; compatible; GPTBot/1.2; +https://openai.com/gptbot)"
20.171.207.230 - - [05/Jul/2025:10:00:12 -0400] "GET /items/wejfv178/43863?key=lighting HTTP/1.1" 302 0 "-" "Mozilla/5.0 AppleWebKit/537.36 (KHTML, like Gecko; compatible; GPTBot/1.2; +https://openai.com/gptbot)"
20.171.207.230 - - [05/Jul/2025:10:00:13 -0400] "GET /ar/ HTTP/1.1" 200 10545 "-" "Mozilla/5.0 AppleWebKit/537.36 (KHTML, like Gecko; compatible; GPTBot/1.2; +https://openai.com/gptbot)"
20.171.207.230 - - [05/Jul/2025:10:00:15 -0400] "GET /items/clepq208/46905?key=differ HTTP/1.1" 302 0 "-" "Mozilla/5.0 AppleWebKit/537.36 (KHTML, like Gecko; compatible; GPTBot/1.2; +https://openai.com/gptbot)"
20.171.207.230 - - [05/Jul/2025:10:00:16 -0400] "GET /ar/ HTTP/1.1" 200 10545 "-" "Mozilla/5.0 AppleWebKit/537.36 (KHTML, like Gecko; compatible; GPTBot/1.2; +https://openai.com/gptbot)"
20.171.207.230 - - [05/Jul/2025:10:00:20 -0400] "GET /items/zgfmi180/10797?key=province HTTP/1.1" 302 0 "-" "Mozilla/5.0 AppleWebKit/537.36 (KHTML, like Gecko; compatible; GPTBot/1.2; +https://openai.com/gptbot)"
66.249.69.4 - - [05/Jul/2025:10:00:22 -0400] "GET /pcmypage?callback=product/review/auc-osgolf-pxg-shaft_minidriver_bslustrifma HTTP/1.1" 200 87072 "-" "Mozilla/5.0 (Linux; Android 6.0.1; Nexus 5X Build/MMB29P) AppleWebKit/537.36 (KHTML, like Gecko) Chrome/137.0.7151.103 Mobile Safari/537.36 (compatible; Googlebot/2.1; +http://www.google.com/bot.html)"
20.171.207.230 - - [05/Jul/2025:10:00:20 -0400] "GET /ar/ HTTP/1.1" 200 10545 "-" "Mozilla/5.0 AppleWebKit/537.36 (KHTML, like Gecko; compatible; GPTBot/1.2; +https://openai.com/gptbot)"
20.171.207.230 - - [05/Jul/2025:10:00:24 -0400] "GET /items/zpnae219/41516?key=fabric HTTP/1.1" 302 0 "-" "Mozilla/5.0 AppleWebKit/537.36 (KHTML, like Gecko; compatible; GPTBot/1.2; +https://openai.com/gptbot)"
20.171.207.230 - - [05/Jul/2025:10:00:24 -0400] "GET /ar/ HTTP/1.1" 200 10545 "-" "Mozilla/5.0 AppleWebKit/537.36 (KHTML, like Gecko; compatible; GPTBot/1.2; +https://openai.com/gptbot)"
66.29.146.47 - - [05/Jul/2025:10:00:40 -0400] "POST /wp-cron.php?doing_wp_cron=1751724040.1438319683074951171875 HTTP/1.1" 403 1242 "-" "WordPress/6.8; https://first-gulf.com.sa"
47.82.60.65 - - [05/Jul/2025:10:00:39 -0400] "GET /items/erpgw97/578?key=ship HTTP/1.1" 302 0 "https://first-gulf.com.sa/items/erpgw97/578?key=ship" "Mozilla/5.0 (Windows NT 10.0; Win64; x64) AppleWebKit/537.36 (KHTML, like Gecko) Chrome/114.0.0.0 Safari/537.36 Edg/114.0.1823.43"
66.29.146.47 - - [05/Jul/2025:10:00:41 -0400] "POST /ar/wp-cron.php?doing_wp_cron=1751724041.3402020931243896484375 HTTP/1.1" 200 0 "-" "WordPress/6.8; https://first-gulf.com.sa/ar"
47.82.60.65 - - [05/Jul/2025:10:00:40 -0400] "GET /ar/ HTTP/1.1" 200 10545 "https://first-gulf.com.sa/items/erpgw97/578?key=ship" "Mozilla/5.0 (Windows NT 10.0; Win64; x64) AppleWebKit/537.36 (KHTML, like Gecko) Chrome/114.0.0.0 Safari/537.36 Edg/114.0.1823.43"
66.249.69.3 - - [05/Jul/2025:10:00:52 -0400] "GET /search.php?defendant/garlic108/a6jts-47446/ HTTP/1.1" 200 86862 "-" "Mozilla/5.0 (Linux; Android 6.0.1; Nexus 5X Build/MMB29P) AppleWebKit/537.36 (KHTML, like Gecko) Chrome/137.0.7151.103 Mobile Safari/537.36 (compatible; Googlebot/2.1; +http://www.google.com/bot.html)"
66.249.77.130 - - [05/Jul/2025:10:00:54 -0400] "GET /items/151045083.html?srsltid=AfmBOopcwRHAuJLzmLRAgtnWLQzBhMByrtBYyfnXivvaQprVcBuE HTTP/1.1" 200 88259 "-" "Mozilla/5.0 (Linux; Android 6.0.1; Nexus 5X Build/MMB29P) AppleWebKit/537.36 (KHTML, like Gecko) Chrome/137.0.7151.103 Mobile Safari/537.36 (compatible; Googlebot/2.1; +http://www.google.com/bot.html)"
66.249.77.129 - - [05/Jul/2025:10:00:58 -0400] "GET /items/ifenw65/35162?key=diabetes HTTP/1.1" 200 86785 "-" "Mozilla/5.0 (Linux; Android 6.0.1; Nexus 5X Build/MMB29P) AppleWebKit/537.36 (KHTML, like Gecko) Chrome/137.0.7151.119 Mobile Safari/537.36 (compatible; Googlebot/2.1; +http://www.google.com/bot.html)"
47.82.60.94 - - [05/Jul/2025:10:01:02 -0400] "GET /items/nllxo149/42420?key=premise HTTP/1.1" 302 0 "https://first-gulf.com.sa/items/nllxo149/42420?key=premise" "Mozilla/5.0 (Windows NT 10.0; Win64; x64) AppleWebKit/537.36 (KHTML, like Gecko) Chrome/114.0.0.0 Safari/537.36 Edg/114.0.1823.43"
47.82.60.94 - - [05/Jul/2025:10:01:03 -0400] "GET /ar/ HTTP/1.1" 200 10545 "https://first-gulf.com.sa/items/nllxo149/42420?key=premise" "Mozilla/5.0 (Windows NT 10.0; Win64; x64) AppleWebKit/537.36 (KHTML, like Gecko) Chrome/114.0.0.0 Safari/537.36 Edg/114.0.1823.43"
66.249.77.129 - - [05/Jul/2025:10:01:07 -0400] "GET /items/bikrd55/25356?key=professor HTTP/1.1" 200 87398 "-" "Mozilla/5.0 (Linux; Android 6.0.1; Nexus 5X Build/MMB29P) AppleWebKit/537.36 (KHTML, like Gecko) Chrome/137.0.7151.119 Mobile Safari/537.36 (compatible; Googlebot/2.1; +http://www.google.com/bot.html)"
66.249.77.129 - - [05/Jul/2025:10:01:13 -0400] "GET /items/129007985.html?srsltid=AfmBOoqsjvuBAtlLoURei1enVGmIjNowfiG5fbTGGZ34DqbWsnGZ HTTP/1.1" 200 87552 "-" "Mozilla/5.0 (Linux; Android 6.0.1; Nexus 5X Build/MMB29P) AppleWebKit/537.36 (KHTML, like Gecko) Chrome/137.0.7151.103 Mobile Safari/537.36 (compatible; GoogleOther)"
66.249.77.129 - - [05/Jul/2025:10:01:14 -0400] "GET /items/029006787.html?srsltid=AfmBOolpeygaVGXAOAeQFclsLWRGBCBe1tfuhP76TQZb0YLjGv1F HTTP/1.1" 200 87317 "-" "Mozilla/5.0 (compatible; Googlebot/2.1; +http://www.google.com/bot.html)"
47.82.60.1 - - [05/Jul/2025:10:01:22 -0400] "GET /items/ovrmd174/10261?key=fly HTTP/1.1" 302 0 "https://first-gulf.com.sa/items/ovrmd174/10261?key=fly" "Mozilla/5.0 (Windows NT 10.0; Win64; x64) AppleWebKit/537.36 (KHTML, like Gecko) Chrome/114.0.0.0 Safari/537.36 Edg/114.0.1823.43"
47.82.60.1 - - [05/Jul/2025:10:01:23 -0400] "GET /ar/ HTTP/1.1" 200 10545 "https://first-gulf.com.sa/items/ovrmd174/10261?key=fly" "Mozilla/5.0 (Windows NT 10.0; Win64; x64) AppleWebKit/537.36 (KHTML, like Gecko) Chrome/114.0.0.0 Safari/537.36 Edg/114.0.1823.43"
47.82.60.3 - - [05/Jul/2025:10:01:25 -0400] "GET /items/tyixy125/41806?key=tragedy HTTP/1.1" 302 0 "https://first-gulf.com.sa/items/tyixy125/41806?key=tragedy" "Mozilla/5.0 (Windows NT 10.0; Win64; x64) AppleWebKit/537.36 (KHTML, like Gecko) Chrome/114.0.0.0 Safari/537.36 Edg/114.0.1823.43"
66.249.77.130 - - [05/Jul/2025:10:01:27 -0400] "GET /items/zqjdm51/35880?key=buy HTTP/1.1" 200 86713 "-" "Mozilla/5.0 (Linux; Android 6.0.1; Nexus 5X Build/MMB29P) AppleWebKit/537.36 (KHTML, like Gecko) Chrome/137.0.7151.103 Mobile Safari/537.36 (compatible; Googlebot/2.1; +http://www.google.com/bot.html)"
47.82.60.3 - - [05/Jul/2025:10:01:26 -0400] "GET /ar/ HTTP/1.1" 200 10545 "https://first-gulf.com.sa/items/tyixy125/41806?key=tragedy" "Mozilla/5.0 (Windows NT 10.0; Win64; x64) AppleWebKit/537.36 (KHTML, like Gecko) Chrome/114.0.0.0 Safari/537.36 Edg/114.0.1823.43"
20.171.207.230 - - [05/Jul/2025:10:01:28 -0400] "GET /items/frqsz127/37498?key=whenever HTTP/1.1" 302 0 "-" "Mozilla/5.0 AppleWebKit/537.36 (KHTML, like Gecko; compatible; GPTBot/1.2; +https://openai.com/gptbot)"
66.249.77.130 - - [05/Jul/2025:10:01:28 -0400] "GET /items/zgslu78/2251?key=distribution HTTP/1.1" 200 87255 "-" "Mozilla/5.0 (Linux; Android 6.0.1; Nexus 5X Build/MMB29P) AppleWebKit/537.36 (KHTML, like Gecko) Chrome/137.0.7151.119 Mobile Safari/537.36 (compatible; Googlebot/2.1; +http://www.google.com/bot.html)"
20.171.207.230 - - [05/Jul/2025:10:01:29 -0400] "GET /ar/ HTTP/1.1" 200 10545 "-" "Mozilla/5.0 AppleWebKit/537.36 (KHTML, like Gecko; compatible; GPTBot/1.2; +https://openai.com/gptbot)"
20.171.207.230 - - [05/Jul/2025:10:01:30 -0400] "GET /items/tzpbb159/10080?key=fraction HTTP/1.1" 302 0 "-" "Mozilla/5.0 AppleWebKit/537.36 (KHTML, like Gecko; compatible; GPTBot/1.2; +https://openai.com/gptbot)"
20.171.207.230 - - [05/Jul/2025:10:01:31 -0400] "GET /ar/ HTTP/1.1" 200 10547 "-" "Mozilla/5.0 AppleWebKit/537.36 (KHTML, like Gecko; compatible; GPTBot/1.2; +https://openai.com/gptbot)"
20.171.207.230 - - [05/Jul/2025:10:01:34 -0400] "GET /items/qfsln262/41689?key=window HTTP/1.1" 302 0 "-" "Mozilla/5.0 AppleWebKit/537.36 (KHTML, like Gecko; compatible; GPTBot/1.2; +https://openai.com/gptbot)"
20.171.207.230 - - [05/Jul/2025:10:01:34 -0400] "GET /ar/ HTTP/1.1" 200 10545 "-" "Mozilla/5.0 AppleWebKit/537.36 (KHTML, like Gecko; compatible; GPTBot/1.2; +https://openai.com/gptbot)"
20.171.207.230 - - [05/Jul/2025:10:01:37 -0400] "GET /items/bkqvd187/36906?key=monument HTTP/1.1" 302 0 "-" "Mozilla/5.0 AppleWebKit/537.36 (KHTML, like Gecko; compatible; GPTBot/1.2; +https://openai.com/gptbot)"
20.171.207.230 - - [05/Jul/2025:10:01:37 -0400] "GET /ar/ HTTP/1.1" 200 10545 "-" "Mozilla/5.0 AppleWebKit/537.36 (KHTML, like Gecko; compatible; GPTBot/1.2; +https://openai.com/gptbot)"
51.68.111.241 - - [05/Jul/2025:10:01:40 -0400] "GET / HTTP/1.1" 301 0 "-" "Mozilla/5.0 (compatible; MJ12bot/v2.0.2; http://mj12bot.com/)"
66.29.146.47 - - [05/Jul/2025:10:01:40 -0400] "POST /wp-cron.php?doing_wp_cron=1751724100.4472520351409912109375 HTTP/1.1" 403 1242 "-" "WordPress/6.8; https://first-gulf.com.sa"
20.171.207.230 - - [05/Jul/2025:10:01:40 -0400] "GET /items/jbwfq161/37900?key=speech HTTP/1.1" 302 0 "-" "Mozilla/5.0 AppleWebKit/537.36 (KHTML, like Gecko; compatible; GPTBot/1.2; +https://openai.com/gptbot)"
20.171.207.230 - - [05/Jul/2025:10:01:40 -0400] "GET /ar/ HTTP/1.1" 200 10545 "-" "Mozilla/5.0 AppleWebKit/537.36 (KHTML, like Gecko; compatible; GPTBot/1.2; +https://openai.com/gptbot)"
20.171.207.230 - - [05/Jul/2025:10:01:43 -0400] "GET /items/ircvf138/19705?key=confront HTTP/1.1" 302 0 "-" "Mozilla/5.0 AppleWebKit/537.36 (KHTML, like Gecko; compatible; GPTBot/1.2; +https://openai.com/gptbot)"
66.29.146.47 - - [05/Jul/2025:10:01:44 -0400] "POST /ar/wp-cron.php?doing_wp_cron=1751724104.4559080600738525390625 HTTP/1.1" 200 0 "-" "WordPress/6.8; https://first-gulf.com.sa/ar"
20.171.207.230 - - [05/Jul/2025:10:01:44 -0400] "GET /ar/ HTTP/1.1" 200 10545 "-" "Mozilla/5.0 AppleWebKit/537.36 (KHTML, like Gecko; compatible; GPTBot/1.2; +https://openai.com/gptbot)"
20.171.207.230 - - [05/Jul/2025:10:01:47 -0400] "GET /items/gzxil149/24768?key=painting HTTP/1.1" 302 0 "-" "Mozilla/5.0 AppleWebKit/537.36 (KHTML, like Gecko; compatible; GPTBot/1.2; +https://openai.com/gptbot)"
51.68.111.241 - - [05/Jul/2025:10:01:48 -0400] "GET / HTTP/1.1" 301 0 "-" "Mozilla/5.0 (compatible; MJ12bot/v2.0.2; http://mj12bot.com/)"
51.68.111.241 - - [05/Jul/2025:10:01:49 -0400] "GET / HTTP/1.1" 302 0 "-" "Mozilla/5.0 (compatible; MJ12bot/v2.0.2; http://mj12bot.com/)"
66.249.69.2 - - [05/Jul/2025:10:01:50 -0400] "GET /search.php?106vygtk33131.html HTTP/1.1" 200 87593 "-" "Mozilla/5.0 (Linux; Android 6.0.1; Nexus 5X Build/MMB29P) AppleWebKit/537.36 (KHTML, like Gecko) Chrome/137.0.7151.103 Mobile Safari/537.36 (compatible; Googlebot/2.1; +http://www.google.com/bot.html)"
20.171.207.230 - - [05/Jul/2025:10:01:48 -0400] "GET /ar/ HTTP/1.1" 200 10547 "-" "Mozilla/5.0 AppleWebKit/537.36 (KHTML, like Gecko; compatible; GPTBot/1.2; +https://openai.com/gptbot)"
20.171.207.230 - - [05/Jul/2025:10:01:51 -0400] "GET /items/tpekh279/31938?key=balanced HTTP/1.1" 302 0 "-" "Mozilla/5.0 AppleWebKit/537.36 (KHTML, like Gecko; compatible; GPTBot/1.2; +https://openai.com/gptbot)"
20.171.207.230 - - [05/Jul/2025:10:01:51 -0400] "GET /ar/ HTTP/1.1" 200 10545 "-" "Mozilla/5.0 AppleWebKit/537.36 (KHTML, like Gecko; compatible; GPTBot/1.2; +https://openai.com/gptbot)"
20.171.207.230 - - [05/Jul/2025:10:01:53 -0400] "GET /items/npail136/24039?key=progress HTTP/1.1" 302 0 "-" "Mozilla/5.0 AppleWebKit/537.36 (KHTML, like Gecko; compatible; GPTBot/1.2; +https://openai.com/gptbot)"
20.171.207.230 - - [05/Jul/2025:10:01:53 -0400] "GET /ar/ HTTP/1.1" 200 10545 "-" "Mozilla/5.0 AppleWebKit/537.36 (KHTML, like Gecko; compatible; GPTBot/1.2; +https://openai.com/gptbot)"
20.171.207.230 - - [05/Jul/2025:10:01:55 -0400] "GET /items/rpecj132/41175?key=during HTTP/1.1" 302 0 "-" "Mozilla/5.0 AppleWebKit/537.36 (KHTML, like Gecko; compatible; GPTBot/1.2; +https://openai.com/gptbot)"
20.171.207.230 - - [05/Jul/2025:10:01:55 -0400] "GET /ar/ HTTP/1.1" 200 10545 "-" "Mozilla/5.0 AppleWebKit/537.36 (KHTML, like Gecko; compatible; GPTBot/1.2; +https://openai.com/gptbot)"
66.249.69.2 - - [05/Jul/2025:10:01:59 -0400] "GET /search.php?lay/commodity68/8y8e8-938/ HTTP/1.1" 200 87403 "-" "Mozilla/5.0 (Linux; Android 6.0.1; Nexus 5X Build/MMB29P) AppleWebKit/537.36 (KHTML, like Gecko) Chrome/137.0.7151.103 Mobile Safari/537.36 (compatible; Googlebot/2.1; +http://www.google.com/bot.html)"
66.249.77.129 - - [05/Jul/2025:10:02:11 -0400] "GET /items/scfpj95/988?key=poetry HTTP/1.1" 200 87179 "-" "Mozilla/5.0 (Linux; Android 6.0.1; Nexus 5X Build/MMB29P) AppleWebKit/537.36 (KHTML, like Gecko) Chrome/137.0.7151.119 Mobile Safari/537.36 (compatible; Googlebot/2.1; +http://www.google.com/bot.html)"
47.82.60.82 - - [05/Jul/2025:10:02:27 -0400] "GET /items/ncnnp271/10376?key=chief HTTP/1.1" 302 0 "https://first-gulf.com.sa/items/ncnnp271/10376?key=chief" "Mozilla/5.0 (Windows NT 10.0; Win64; x64) AppleWebKit/537.36 (KHTML, like Gecko) Chrome/114.0.0.0 Safari/537.36 Edg/114.0.1823.43"
47.82.60.82 - - [05/Jul/2025:10:02:28 -0400] "GET /ar/ HTTP/1.1" 200 10545 "https://first-gulf.com.sa/items/ncnnp271/10376?key=chief" "Mozilla/5.0 (Windows NT 10.0; Win64; x64) AppleWebKit/537.36 (KHTML, like Gecko) Chrome/114.0.0.0 Safari/537.36 Edg/114.0.1823.43"
66.249.69.2 - - [05/Jul/2025:10:02:49 -0400] "GET /pcmypage?callback=product/review/asty-shop-68-25vwgrr4nm-1385 HTTP/1.1" 200 86898 "-" "Mozilla/5.0 (Linux; Android 6.0.1; Nexus 5X Build/MMB29P) AppleWebKit/537.36 (KHTML, like Gecko) Chrome/137.0.7151.103 Mobile Safari/537.36 (compatible; Googlebot/2.1; +http://www.google.com/bot.html)"
66.249.69.2 - - [05/Jul/2025:10:02:51 -0400] "GET /pcmypage?callback=product/review/snetwebshop-sc31-10090b19 HTTP/1.1" 200 87617 "-" "Mozilla/5.0 (compatible; Googlebot/2.1; +http://www.google.com/bot.html)"
66.249.77.130 - - [05/Jul/2025:10:02:56 -0400] "GET /items/tvgvn113/2630?key=dining HTTP/1.1" 200 86882 "-" "Mozilla/5.0 (Linux; Android 6.0.1; Nexus 5X Build/MMB29P) AppleWebKit/537.36 (KHTML, like Gecko) Chrome/137.0.7151.103 Mobile Safari/537.36 (compatible; GoogleOther)"
66.249.77.129 - - [05/Jul/2025:10:03:09 -0400] "GET /items/jwgui37/16834?key=degree HTTP/1.1" 200 88467 "-" "Mozilla/5.0 (Linux; Android 6.0.1; Nexus 5X Build/MMB29P) AppleWebKit/537.36 (KHTML, like Gecko) Chrome/137.0.7151.119 Mobile Safari/537.36 (compatible; Googlebot/2.1; +http://www.google.com/bot.html)"
66.29.146.47 - - [05/Jul/2025:10:03:12 -0400] "POST /wp-cron.php?doing_wp_cron=1751724192.3479781150817871093750 HTTP/1.1" 403 1242 "-" "WordPress/6.8; https://first-gulf.com.sa"
20.171.207.230 - - [05/Jul/2025:10:03:11 -0400] "GET /items/zvqyc167/29824?key=treasure HTTP/1.1" 302 0 "-" "Mozilla/5.0 AppleWebKit/537.36 (KHTML, like Gecko; compatible; GPTBot/1.2; +https://openai.com/gptbot)"
66.29.146.47 - - [05/Jul/2025:10:03:13 -0400] "POST /ar/wp-cron.php?doing_wp_cron=1751724193.1449270248413085937500 HTTP/1.1" 200 0 "-" "WordPress/6.8; https://first-gulf.com.sa/ar"
66.249.77.129 - - [05/Jul/2025:10:03:15 -0400] "GET /items/169012219.html?srsltid=AfmBOogfrcqPfYSCgfLbOnJFULyUbiLYfw3Dto9rN65l6MfXuMlg HTTP/1.1" 200 87782 "-" "Mozilla/5.0 (compatible; Googlebot/2.1; +http://www.google.com/bot.html)"
20.171.207.230 - - [05/Jul/2025:10:03:12 -0400] "GET /ar/ HTTP/1.1" 200 10545 "-" "Mozilla/5.0 AppleWebKit/537.36 (KHTML, like Gecko; compatible; GPTBot/1.2; +https://openai.com/gptbot)"
20.171.207.230 - - [05/Jul/2025:10:03:16 -0400] "GET /items/llzhn243/18912?key=frequent HTTP/1.1" 302 0 "-" "Mozilla/5.0 AppleWebKit/537.36 (KHTML, like Gecko; compatible; GPTBot/1.2; +https://openai.com/gptbot)"
20.171.207.230 - - [05/Jul/2025:10:03:17 -0400] "GET /ar/ HTTP/1.1" 200 10545 "-" "Mozilla/5.0 AppleWebKit/537.36 (KHTML, like Gecko; compatible; GPTBot/1.2; +https://openai.com/gptbot)"
20.171.207.230 - - [05/Jul/2025:10:03:19 -0400] "GET /items/oxmzc210/19735?key=longtime HTTP/1.1" 302 0 "-" "Mozilla/5.0 AppleWebKit/537.36 (KHTML, like Gecko; compatible; GPTBot/1.2; +https://openai.com/gptbot)"
20.171.207.230 - - [05/Jul/2025:10:03:20 -0400] "GET /ar/ HTTP/1.1" 200 10545 "-" "Mozilla/5.0 AppleWebKit/537.36 (KHTML, like Gecko; compatible; GPTBot/1.2; +https://openai.com/gptbot)"
20.171.207.230 - - [05/Jul/2025:10:03:22 -0400] "GET /items/cqycr203/46524?key=window HTTP/1.1" 302 0 "-" "Mozilla/5.0 AppleWebKit/537.36 (KHTML, like Gecko; compatible; GPTBot/1.2; +https://openai.com/gptbot)"
66.249.77.129 - - [05/Jul/2025:10:03:24 -0400] "GET /items/qyagz203/1350?key=coach HTTP/1.1" 200 88046 "-" "Mozilla/5.0 (Linux; Android 6.0.1; Nexus 5X Build/MMB29P) AppleWebKit/537.36 (KHTML, like Gecko) Chrome/137.0.7151.103 Mobile Safari/537.36 (compatible; GoogleOther)"
20.171.207.230 - - [05/Jul/2025:10:03:22 -0400] "GET /ar/ HTTP/1.1" 200 10545 "-" "Mozilla/5.0 AppleWebKit/537.36 (KHTML, like Gecko; compatible; GPTBot/1.2; +https://openai.com/gptbot)"
20.171.207.230 - - [05/Jul/2025:10:03:26 -0400] "GET /items/ciohd193/19560?key=neighbor HTTP/1.1" 302 0 "-" "Mozilla/5.0 AppleWebKit/537.36 (KHTML, like Gecko; compatible; GPTBot/1.2; +https://openai.com/gptbot)"
20.171.207.230 - - [05/Jul/2025:10:03:27 -0400] "GET /ar/ HTTP/1.1" 200 10545 "-" "Mozilla/5.0 AppleWebKit/537.36 (KHTML, like Gecko; compatible; GPTBot/1.2; +https://openai.com/gptbot)"
20.171.207.230 - - [05/Jul/2025:10:03:31 -0400] "GET /items/ouwgf204/43119?key=always HTTP/1.1" 302 0 "-" "Mozilla/5.0 AppleWebKit/537.36 (KHTML, like Gecko; compatible; GPTBot/1.2; +https://openai.com/gptbot)"
20.171.207.230 - - [05/Jul/2025:10:03:31 -0400] "GET /ar/ HTTP/1.1" 200 10545 "-" "Mozilla/5.0 AppleWebKit/537.36 (KHTML, like Gecko; compatible; GPTBot/1.2; +https://openai.com/gptbot)"
20.171.207.230 - - [05/Jul/2025:10:03:33 -0400] "GET /items/dbxoe247/19690?key=illusion HTTP/1.1" 302 0 "-" "Mozilla/5.0 AppleWebKit/537.36 (KHTML, like Gecko; compatible; GPTBot/1.2; +https://openai.com/gptbot)"
20.171.207.230 - - [05/Jul/2025:10:03:34 -0400] "GET /ar/ HTTP/1.1" 200 10545 "-" "Mozilla/5.0 AppleWebKit/537.36 (KHTML, like Gecko; compatible; GPTBot/1.2; +https://openai.com/gptbot)"
20.171.207.230 - - [05/Jul/2025:10:03:38 -0400] "GET /items/hksfc223/28604?key=provider HTTP/1.1" 302 0 "-" "Mozilla/5.0 AppleWebKit/537.36 (KHTML, like Gecko; compatible; GPTBot/1.2; +https://openai.com/gptbot)"
20.171.207.230 - - [05/Jul/2025:10:03:38 -0400] "GET /ar/ HTTP/1.1" 200 10545 "-" "Mozilla/5.0 AppleWebKit/537.36 (KHTML, like Gecko; compatible; GPTBot/1.2; +https://openai.com/gptbot)"
66.249.69.4 - - [05/Jul/2025:10:03:39 -0400] "GET /pcmypage?callback=product%2Fdetail%2Fessence3316-10000371-1 HTTP/1.1" 200 89745 "-" "Mozilla/5.0 (Linux; Android 6.0.1; Nexus 5X Build/MMB29P) AppleWebKit/537.36 (KHTML, like Gecko) Chrome/137.0.7151.103 Mobile Safari/537.36 (compatible; Googlebot/2.1; +http://www.google.com/bot.html)"
20.171.207.230 - - [05/Jul/2025:10:03:40 -0400] "GET /items/xjhoq228/21647?key=scream HTTP/1.1" 302 0 "-" "Mozilla/5.0 AppleWebKit/537.36 (KHTML, like Gecko; compatible; GPTBot/1.2; +https://openai.com/gptbot)"
20.171.207.230 - - [05/Jul/2025:10:03:40 -0400] "GET /ar/ HTTP/1.1" 200 10545 "-" "Mozilla/5.0 AppleWebKit/537.36 (KHTML, like Gecko; compatible; GPTBot/1.2; +https://openai.com/gptbot)"
20.171.207.230 - - [05/Jul/2025:10:03:44 -0400] "GET /items/nbthr179/27654?key=excuse HTTP/1.1" 302 0 "-" "Mozilla/5.0 AppleWebKit/537.36 (KHTML, like Gecko; compatible; GPTBot/1.2; +https://openai.com/gptbot)"
47.82.60.14 - - [05/Jul/2025:10:03:47 -0400] "GET /items/omksh19/688?key=expression HTTP/1.1" 302 0 "https://first-gulf.com.sa/items/omksh19/688?key=expression" "Mozilla/5.0 (Windows NT 10.0; Win64; x64) AppleWebKit/537.36 (KHTML, like Gecko) Chrome/114.0.0.0 Safari/537.36 Edg/114.0.1823.43"
20.171.207.230 - - [05/Jul/2025:10:03:45 -0400] "GET /ar/ HTTP/1.1" 200 10545 "-" "Mozilla/5.0 AppleWebKit/537.36 (KHTML, like Gecko; compatible; GPTBot/1.2; +https://openai.com/gptbot)"
66.249.69.3 - - [05/Jul/2025:10:03:53 -0400] "GET /search.php?towards/album210/64euw-12430/ HTTP/1.1" 200 87078 "-" "Mozilla/5.0 (Linux; Android 6.0.1; Nexus 5X Build/MMB29P) AppleWebKit/537.36 (KHTML, like Gecko) Chrome/137.0.7151.103 Mobile Safari/537.36 (compatible; Googlebot/2.1; +http://www.google.com/bot.html)"
47.82.60.14 - - [05/Jul/2025:10:03:48 -0400] "GET /ar/ HTTP/1.1" 200 10545 "https://first-gulf.com.sa/items/omksh19/688?key=expression" "Mozilla/5.0 (Windows NT 10.0; Win64; x64) AppleWebKit/537.36 (KHTML, like Gecko) Chrome/114.0.0.0 Safari/537.36 Edg/114.0.1823.43"
66.249.69.3 - - [05/Jul/2025:10:03:56 -0400] "GET /pcmypage?callback=/product%2Fdetail%2Annexsp-301980250156-14 HTTP/1.1" 200 87748 "-" "Mozilla/5.0 (Linux; Android 6.0.1; Nexus 5X Build/MMB29P) AppleWebKit/537.36 (KHTML, like Gecko) Chrome/137.0.7151.103 Mobile Safari/537.36 (compatible; Googlebot/2.1; +http://www.google.com/bot.html)"
66.249.77.131 - - [05/Jul/2025:10:04:10 -0400] "GET /pcmypage?callback=product%2Fdetail%2Fauc-jetrag-5f1688841d4d810d-1 HTTP/1.1" 200 88563 "-" "Mozilla/5.0 (compatible; Googlebot/2.1; +http://www.google.com/bot.html)"
