20.171.207.125 - - [05/Jul/2025:20:41:53 -0400] "GET /wp-content/uploads/2021/ HTTP/1.1" 404 1251 "-" "Mozilla/5.0 AppleWebKit/537.36 (KHTML, like Gecko; compatible; GPTBot/1.2; +https://openai.com/gptbot)"
20.171.207.125 - - [05/Jul/2025:20:41:54 -0400] "GET /wp-content/plugins/w0rdpr3ssnew/about.phpp HTTP/1.1" 404 1251 "-" "Mozilla/5.0 AppleWebKit/537.36 (KHTML, like Gecko; compatible; GPTBot/1.2; +https://openai.com/gptbot)"
20.171.207.125 - - [05/Jul/2025:20:41:55 -0400] "GET /wp-content/themes/bala.php HTTP/1.1" 404 1251 "-" "Mozilla/5.0 AppleWebKit/537.36 (KHTML, like Gecko; compatible; GPTBot/1.2; +https://openai.com/gptbot)"
20.171.207.125 - - [05/Jul/2025:20:41:56 -0400] "GET /wp-content/plugins/xt/index.php HTTP/1.1" 404 1251 "-" "Mozilla/5.0 AppleWebKit/537.36 (KHTML, like Gecko; compatible; GPTBot/1.2; +https://openai.com/gptbot)"
20.171.207.125 - - [05/Jul/2025:20:41:58 -0400] "GET /wp-content/plugins/backup-backup/includes/nil-Dz.php HTTP/1.1" 404 1251 "-" "Mozilla/5.0 AppleWebKit/537.36 (KHTML, like Gecko; compatible; GPTBot/1.2; +https://openai.com/gptbot)"
20.171.207.125 - - [05/Jul/2025:20:41:59 -0400] "GET /wp-content/themes/alera/%C2%AE.php HTTP/1.1" 404 1251 "-" "Mozilla/5.0 AppleWebKit/537.36 (KHTML, like Gecko; compatible; GPTBot/1.2; +https://openai.com/gptbot)"
20.171.207.125 - - [05/Jul/2025:20:42:00 -0400] "GET /phpBB3/ucp.php/xmlrpc.php HTTP/1.1" 404 1251 "-" "Mozilla/5.0 AppleWebKit/537.36 (KHTML, like Gecko; compatible; GPTBot/1.2; +https://openai.com/gptbot)"
20.171.207.125 - - [05/Jul/2025:20:42:01 -0400] "GET /wp-content/upgrade/iR7SzrsOUEP.php HTTP/1.1" 404 1251 "-" "Mozilla/5.0 AppleWebKit/537.36 (KHTML, like Gecko; compatible; GPTBot/1.2; +https://openai.com/gptbot)"
20.171.207.125 - - [05/Jul/2025:20:42:02 -0400] "GET /uploads/wp-blog.php HTTP/1.1" 403 1242 "-" "Mozilla/5.0 AppleWebKit/537.36 (KHTML, like Gecko; compatible; GPTBot/1.2; +https://openai.com/gptbot)"
20.171.207.125 - - [05/Jul/2025:20:42:03 -0400] "GET /wp-includes/ID3/wp-conflg.php.suspected HTTP/1.1" 404 1251 "-" "Mozilla/5.0 AppleWebKit/537.36 (KHTML, like Gecko; compatible; GPTBot/1.2; +https://openai.com/gptbot)"
20.171.207.125 - - [05/Jul/2025:20:42:05 -0400] "GET /public/static/version/v3/hui/lib/webuploader/0.1.5/server/preview.php HTTP/1.1" 404 1251 "-" "Mozilla/5.0 AppleWebKit/537.36 (KHTML, like Gecko; compatible; GPTBot/1.2; +https://openai.com/gptbot)"
20.171.207.125 - - [05/Jul/2025:20:42:06 -0400] "GET /ar/wp-content/themes/gootech-theme/assets/favicon/apple-icon-57x57.png HTTP/1.1" 403 1242 "-" "Mozilla/5.0 AppleWebKit/537.36 (KHTML, like Gecko; compatible; GPTBot/1.2; +https://openai.com/gptbot)"
20.171.207.125 - - [05/Jul/2025:20:42:07 -0400] "GET /ar/wp-content/themes/gootech-theme/assets/favicon/apple-icon-76x76.png HTTP/1.1" 403 1242 "-" "Mozilla/5.0 AppleWebKit/537.36 (KHTML, like Gecko; compatible; GPTBot/1.2; +https://openai.com/gptbot)"
20.171.207.125 - - [05/Jul/2025:20:42:08 -0400] "GET /ar/wp-content/themes/gootech-theme/assets/favicon/apple-icon-60x60.png HTTP/1.1" 403 1242 "-" "Mozilla/5.0 AppleWebKit/537.36 (KHTML, like Gecko; compatible; GPTBot/1.2; +https://openai.com/gptbot)"
20.171.207.125 - - [05/Jul/2025:20:42:09 -0400] "GET /ar/wp-content/themes/gootech-theme/assets/favicon/apple-icon-72x72.png HTTP/1.1" 403 1242 "-" "Mozilla/5.0 AppleWebKit/537.36 (KHTML, like Gecko; compatible; GPTBot/1.2; +https://openai.com/gptbot)"
20.171.207.125 - - [05/Jul/2025:20:42:10 -0400] "GET /pwp-admin/network/login.php HTTP/1.1" 403 1242 "-" "Mozilla/5.0 AppleWebKit/537.36 (KHTML, like Gecko; compatible; GPTBot/1.2; +https://openai.com/gptbot)"
20.171.207.125 - - [05/Jul/2025:20:42:12 -0400] "GET /wp-content/uploads/options-writing.php HTTP/1.1" 404 1251 "-" "Mozilla/5.0 AppleWebKit/537.36 (KHTML, like Gecko; compatible; GPTBot/1.2; +https://openai.com/gptbot)"
20.171.207.125 - - [05/Jul/2025:20:42:13 -0400] "GET /site/wp-includes/empty.php HTTP/1.1" 404 1251 "-" "Mozilla/5.0 AppleWebKit/537.36 (KHTML, like Gecko; compatible; GPTBot/1.2; +https://openai.com/gptbot)"
20.171.207.125 - - [05/Jul/2025:20:42:14 -0400] "GET /wp-includes/Text/Diff/index.php HTTP/1.1" 404 1251 "-" "Mozilla/5.0 AppleWebKit/537.36 (KHTML, like Gecko; compatible; GPTBot/1.2; +https://openai.com/gptbot)"
20.171.207.125 - - [05/Jul/2025:20:42:15 -0400] "GET /wp-content/themes/too.php HTTP/1.1" 404 1251 "-" "Mozilla/5.0 AppleWebKit/537.36 (KHTML, like Gecko; compatible; GPTBot/1.2; +https://openai.com/gptbot)"
20.171.207.125 - - [05/Jul/2025:20:42:16 -0400] "GET /wp-content/plugins/ern/gawean.php HTTP/1.1" 404 1251 "-" "Mozilla/5.0 AppleWebKit/537.36 (KHTML, like Gecko; compatible; GPTBot/1.2; +https://openai.com/gptbot)"
20.171.207.125 - - [05/Jul/2025:20:42:17 -0400] "GET /wp-content/themes/alera/alera/%23U00ae.php HTTP/1.1" 404 1251 "-" "Mozilla/5.0 AppleWebKit/537.36 (KHTML, like Gecko; compatible; GPTBot/1.2; +https://openai.com/gptbot)"
20.171.207.125 - - [05/Jul/2025:20:42:18 -0400] "GET /wp-includes/js/dist/dist/index.php HTTP/1.1" 404 1251 "-" "Mozilla/5.0 AppleWebKit/537.36 (KHTML, like Gecko; compatible; GPTBot/1.2; +https://openai.com/gptbot)"
20.171.207.125 - - [05/Jul/2025:20:42:20 -0400] "GET /ar/wp-content/themes/gootech-theme/assets/favicon/favicon-32x32.png HTTP/1.1" 403 1242 "-" "Mozilla/5.0 AppleWebKit/537.36 (KHTML, like Gecko; compatible; GPTBot/1.2; +https://openai.com/gptbot)"
20.171.207.125 - - [05/Jul/2025:20:42:21 -0400] "GET /ar/wp-content/themes/gootech-theme/assets/favicon/favicon-96x96.png HTTP/1.1" 403 1242 "-" "Mozilla/5.0 AppleWebKit/537.36 (KHTML, like Gecko; compatible; GPTBot/1.2; +https://openai.com/gptbot)"
20.171.207.125 - - [05/Jul/2025:20:42:22 -0400] "GET /ar/wp-content/themes/gootech-theme/assets/favicon/favicon-16x16.png HTTP/1.1" 403 1242 "-" "Mozilla/5.0 AppleWebKit/537.36 (KHTML, like Gecko; compatible; GPTBot/1.2; +https://openai.com/gptbot)"
20.171.207.125 - - [05/Jul/2025:20:42:23 -0400] "GET /wp-content/plugins/whlp/includes/wp-heart.php HTTP/1.1" 404 1251 "-" "Mozilla/5.0 AppleWebKit/537.36 (KHTML, like Gecko; compatible; GPTBot/1.2; +https://openai.com/gptbot)"
20.171.207.125 - - [05/Jul/2025:20:42:24 -0400] "GET /wp-includes/wp-login.php HTTP/1.1" 404 1251 "-" "Mozilla/5.0 AppleWebKit/537.36 (KHTML, like Gecko; compatible; GPTBot/1.2; +https://openai.com/gptbot)"
20.171.207.125 - - [05/Jul/2025:20:42:26 -0400] "GET /wp-content/plugins/pwnd/wp-login.php HTTP/1.1" 404 1251 "-" "Mozilla/5.0 AppleWebKit/537.36 (KHTML, like Gecko; compatible; GPTBot/1.2; +https://openai.com/gptbot)"
20.171.207.125 - - [05/Jul/2025:20:42:27 -0400] "GET /wp-content/uploads/xl2023.php HTTP/1.1" 404 1251 "-" "Mozilla/5.0 AppleWebKit/537.36 (KHTML, like Gecko; compatible; GPTBot/1.2; +https://openai.com/gptbot)"
20.171.207.125 - - [05/Jul/2025:20:42:28 -0400] "GET /wp-content/uploads/apache.php HTTP/1.1" 404 1251 "-" "Mozilla/5.0 AppleWebKit/537.36 (KHTML, like Gecko; compatible; GPTBot/1.2; +https://openai.com/gptbot)"
20.171.207.125 - - [05/Jul/2025:20:42:29 -0400] "GET /wp-content/uploads/bala.php HTTP/1.1" 404 1251 "-" "Mozilla/5.0 AppleWebKit/537.36 (KHTML, like Gecko; compatible; GPTBot/1.2; +https://openai.com/gptbot)"
20.171.207.125 - - [05/Jul/2025:20:42:30 -0400] "GET /wp-content/plugins/w0rdpr3ssnew/wp-login.php HTTP/1.1" 404 1251 "-" "Mozilla/5.0 AppleWebKit/537.36 (KHTML, like Gecko; compatible; GPTBot/1.2; +https://openai.com/gptbot)"
20.171.207.125 - - [05/Jul/2025:20:42:31 -0400] "GET /ar/wp-content/themes/gootech-theme/assets/favicon/favicon-32x32.png HTTP/1.1" 403 1242 "-" "Mozilla/5.0 AppleWebKit/537.36 (KHTML, like Gecko; compatible; GPTBot/1.2; +https://openai.com/gptbot)"
20.171.207.125 - - [05/Jul/2025:20:42:32 -0400] "GET /wp-content/uploads/wp.php HTTP/1.1" 404 1251 "-" "Mozilla/5.0 AppleWebKit/537.36 (KHTML, like Gecko; compatible; GPTBot/1.2; +https://openai.com/gptbot)"
20.171.207.125 - - [05/Jul/2025:20:42:34 -0400] "GET /wp-includes/blocks/page-list/page-list/index.php HTTP/1.1" 404 1251 "-" "Mozilla/5.0 AppleWebKit/537.36 (KHTML, like Gecko; compatible; GPTBot/1.2; +https://openai.com/gptbot)"
20.171.207.125 - - [05/Jul/2025:20:42:35 -0400] "GET /ar/wp-content/themes/gootech-theme/style.css HTTP/1.1" 200 166 "-" "Mozilla/5.0 AppleWebKit/537.36 (KHTML, like Gecko; compatible; GPTBot/1.2; +https://openai.com/gptbot)"
20.171.207.125 - - [05/Jul/2025:20:42:36 -0400] "GET /ar/wp-content/themes/gootech-theme/assets/js/main.js?ver=0.0.25 HTTP/1.1" 200 1057 "-" "Mozilla/5.0 AppleWebKit/537.36 (KHTML, like Gecko; compatible; GPTBot/1.2; +https://openai.com/gptbot)"
20.171.207.125 - - [05/Jul/2025:20:42:37 -0400] "GET /wp-includes/fonts/css.php HTTP/1.1" 404 1251 "-" "Mozilla/5.0 AppleWebKit/537.36 (KHTML, like Gecko; compatible; GPTBot/1.2; +https://openai.com/gptbot)"
20.171.207.125 - - [05/Jul/2025:20:42:38 -0400] "GET /ar/wp-content/themes/gootech-theme/assets/css/animate.css HTTP/1.1" 200 4002 "-" "Mozilla/5.0 AppleWebKit/537.36 (KHTML, like Gecko; compatible; GPTBot/1.2; +https://openai.com/gptbot)"
20.171.207.125 - - [05/Jul/2025:20:42:39 -0400] "GET /wp-content/uploads/xl2023.php HTTP/1.1" 404 1251 "-" "Mozilla/5.0 AppleWebKit/537.36 (KHTML, like Gecko; compatible; GPTBot/1.2; +https://openai.com/gptbot)"
20.171.207.125 - - [05/Jul/2025:20:42:40 -0400] "GET /ar/wp-content/themes/gootech-theme/assets/css/LineIcons.2.0.css HTTP/1.1" 200 4472 "-" "Mozilla/5.0 AppleWebKit/537.36 (KHTML, like Gecko; compatible; GPTBot/1.2; +https://openai.com/gptbot)"
20.171.207.125 - - [05/Jul/2025:20:42:42 -0400] "GET /ar/wp-content/themes/gootech-theme/assets/css/rtl.css?ver=0.0.25 HTTP/1.1" 200 214 "-" "Mozilla/5.0 AppleWebKit/537.36 (KHTML, like Gecko; compatible; GPTBot/1.2; +https://openai.com/gptbot)"
20.171.207.125 - - [05/Jul/2025:20:42:43 -0400] "GET /ar/wp-content/themes/gootech-theme/assets/css/glightbox.min.css?ver=0.0.25 HTTP/1.1" 200 2420 "-" "Mozilla/5.0 AppleWebKit/537.36 (KHTML, like Gecko; compatible; GPTBot/1.2; +https://openai.com/gptbot)"
20.171.207.125 - - [05/Jul/2025:20:42:44 -0400] "GET /ar/wp-content/themes/gootech-theme/assets/css/tiny-slider.css?ver=0.0.25 HTTP/1.1" 200 584 "-" "Mozilla/5.0 AppleWebKit/537.36 (KHTML, like Gecko; compatible; GPTBot/1.2; +https://openai.com/gptbot)"
20.171.207.125 - - [05/Jul/2025:20:42:45 -0400] "GET /ar/wp-content/themes/gootech-theme/assets/css/main.css?ver=0.0.25 HTTP/1.1" 200 6665 "-" "Mozilla/5.0 AppleWebKit/537.36 (KHTML, like Gecko; compatible; GPTBot/1.2; +https://openai.com/gptbot)"
20.171.207.125 - - [05/Jul/2025:20:42:46 -0400] "GET /ar/wp-content/themes/gootech-theme/assets/css/custom.css?ver=0.0.25 HTTP/1.1" 200 276 "-" "Mozilla/5.0 AppleWebKit/537.36 (KHTML, like Gecko; compatible; GPTBot/1.2; +https://openai.com/gptbot)"
20.171.207.125 - - [05/Jul/2025:20:42:47 -0400] "GET /ar/wp-content/themes/gootech-theme/assets/fonts/LineIcons.ttf HTTP/1.1" 200 124532 "-" "Mozilla/5.0 AppleWebKit/537.36 (KHTML, like Gecko; compatible; GPTBot/1.2; +https://openai.com/gptbot)"
20.171.207.125 - - [05/Jul/2025:20:42:49 -0400] "GET /ar/wp-content/themes/gootech-theme/assets/fonts/LineIcons.svg HTTP/1.1" 200 190141 "-" "Mozilla/5.0 AppleWebKit/537.36 (KHTML, like Gecko; compatible; GPTBot/1.2; +https://openai.com/gptbot)"
20.171.207.125 - - [05/Jul/2025:20:42:50 -0400] "GET /ar/wp-content/themes/gootech-theme/assets/fonts/LineIcons.woff2 HTTP/1.1" 200 51676 "-" "Mozilla/5.0 AppleWebKit/537.36 (KHTML, like Gecko; compatible; GPTBot/1.2; +https://openai.com/gptbot)"
20.171.207.125 - - [05/Jul/2025:20:42:51 -0400] "GET /ar/wp-content/themes/gootech-theme/assets/fonts/LineIcons.eot HTTP/1.1" 200 124704 "-" "Mozilla/5.0 AppleWebKit/537.36 (KHTML, like Gecko; compatible; GPTBot/1.2; +https://openai.com/gptbot)"
20.171.207.125 - - [05/Jul/2025:20:42:52 -0400] "GET /ar/wp-content/themes/gootech-theme/assets/fonts/LineIcons.woff HTTP/1.1" 200 64732 "-" "Mozilla/5.0 AppleWebKit/537.36 (KHTML, like Gecko; compatible; GPTBot/1.2; +https://openai.com/gptbot)"
66.29.146.47 - - [05/Jul/2025:20:46:40 -0400] "POST /wp-cron.php?doing_wp_cron=1751762800.0553789138793945312500 HTTP/1.1" 403 1242 "-" "WordPress/6.8; https://gootech.app"
81.88.25.12 - - [05/Jul/2025:20:46:36 -0400] "GET / HTTP/1.1" 301 0 "-" "Mozilla/5.0 (Windows NT 10.0; Win64; x64) AppleWebKit/537.36 (KHTML, like Gecko) Chrome/58.0.3029.110 Safari/537.36"
81.88.25.12 - - [05/Jul/2025:20:46:40 -0400] "GET / HTTP/1.1" 302 0 "-" "Mozilla/5.0 (Windows NT 10.0; Win64; x64) AppleWebKit/537.36 (KHTML, like Gecko) Chrome/58.0.3029.110 Safari/537.36"
66.29.146.47 - - [05/Jul/2025:20:46:42 -0400] "POST /en/wp-cron.php?doing_wp_cron=1751762802.3478109836578369140625 HTTP/1.1" 403 1242 "-" "WordPress/6.8; https://gootech.app/en"
81.88.25.12 - - [05/Jul/2025:20:46:41 -0400] "GET /en/ HTTP/1.1" 200 10170 "-" "Mozilla/5.0 (Windows NT 10.0; Win64; x64) AppleWebKit/537.36 (KHTML, like Gecko) Chrome/58.0.3029.110 Safari/537.36"
66.29.146.47 - - [05/Jul/2025:20:48:59 -0400] "POST /en/wp-cron.php?doing_wp_cron=1751762939.4396240711212158203125 HTTP/1.1" 403 1242 "-" "WordPress/6.8; https://gootech.app/en"
52.90.124.149 - - [05/Jul/2025:20:48:55 -0400] "POST /en/wp-login.php HTTP/1.1" 200 2079 "-" "Mozilla/5.0"
66.29.146.47 - - [05/Jul/2025:21:07:50 -0400] "POST /wp-cron.php?doing_wp_cron=1751764070.2338099479675292968750 HTTP/1.1" 403 1242 "-" "WordPress/6.8; https://gootech.app"
72.14.199.229 - - [05/Jul/2025:21:07:37 -0400] "GET / HTTP/1.1" 302 0 "-" "Mozilla/5.0 (X11; Linux x86_64) AppleWebKit/537.36 (KHTML, like Gecko) Chrome/137.0.7151.119 Safari/537.36 PlayStore-Google"
66.29.146.47 - - [05/Jul/2025:21:07:54 -0400] "POST /en/wp-cron.php?doing_wp_cron=1751764074.3385469913482666015625 HTTP/1.1" 403 1242 "-" "WordPress/6.8; https://gootech.app/en"
72.14.199.229 - - [05/Jul/2025:21:07:51 -0400] "GET /en/ HTTP/1.1" 200 7696 "-" "Mozilla/5.0 (X11; Linux x86_64) AppleWebKit/537.36 (KHTML, like Gecko) Chrome/137.0.7151.119 Safari/537.36 PlayStore-Google"
2001:41d0:203:b338:: - - [05/Jul/2025:21:08:48 -0400] "POST /xmlrpc.php HTTP/1.1" 403 1242 "-" "Mozilla/5.0 (X11; Ubuntu; Linux x86_64; rv:85.0) Gecko/20100101 Firefox/91.0"
66.29.146.47 - - [05/Jul/2025:21:20:31 -0400] "POST /en/wp-cron.php?doing_wp_cron=1751764831.3418650627136230468750 HTTP/1.1" 403 1242 "-" "WordPress/6.8; https://gootech.app/en"
2a03:2880:f800:1a:: - - [05/Jul/2025:21:20:24 -0400] "GET /en/ HTTP/1.1" 200 10170 "-" "meta-externalagent/1.1 (+https://developers.facebook.com/docs/sharing/webmasters/crawler)"
66.29.146.47 - - [05/Jul/2025:21:26:03 -0400] "POST /wp-cron.php?doing_wp_cron=1751765163.1400520801544189453125 HTTP/1.1" 403 1242 "-" "WordPress/6.8; https://gootech.app"
196.251.85.183 - - [05/Jul/2025:21:25:56 -0400] "GET / HTTP/1.1" 302 0 "-" "Mozilla/5.0 (Windows NT 10.0; Win64; x64) AppleWebKit/537.36 (KHTML, like Gecko) Chrome/89.0.4389.114 Safari/537.36"
196.251.85.183 - - [05/Jul/2025:21:26:04 -0400] "GET /en//wp-includes/wlwmanifest.xml HTTP/1.1" 404 1251 "-" "Mozilla/5.0 (Windows NT 10.0; Win64; x64) AppleWebKit/537.36 (KHTML, like Gecko) Chrome/89.0.4389.114 Safari/537.36"
196.251.85.183 - - [05/Jul/2025:21:26:04 -0400] "GET /en//xmlrpc.php?rsd HTTP/1.1" 403 1242 "-" "Mozilla/5.0 (Windows NT 10.0; Win64; x64) AppleWebKit/537.36 (KHTML, like Gecko) Chrome/89.0.4389.114 Safari/537.36"
66.29.146.47 - - [05/Jul/2025:21:26:06 -0400] "POST /en/wp-cron.php?doing_wp_cron=1751765166.5373558998107910156250 HTTP/1.1" 403 1242 "-" "WordPress/6.8; https://gootech.app/en"
196.251.85.183 - - [05/Jul/2025:21:26:04 -0400] "GET /en/ HTTP/1.1" 200 10170 "-" "Mozilla/5.0 (Windows NT 10.0; Win64; x64) AppleWebKit/537.36 (KHTML, like Gecko) Chrome/89.0.4389.114 Safari/537.36"
196.251.85.183 - - [05/Jul/2025:21:26:08 -0400] "GET /en//?author=1 HTTP/1.1" 301 0 "-" "Mozilla/5.0 (Windows NT 10.0; Win64; x64) AppleWebKit/537.36 (KHTML, like Gecko) Chrome/89.0.4389.114 Safari/537.36"
196.251.85.183 - - [05/Jul/2025:21:26:08 -0400] "GET /en//?author=2 HTTP/1.1" 301 0 "-" "Mozilla/5.0 (Windows NT 10.0; Win64; x64) AppleWebKit/537.36 (KHTML, like Gecko) Chrome/89.0.4389.114 Safari/537.36"
196.251.85.183 - - [05/Jul/2025:21:26:09 -0400] "GET /en//?author=3 HTTP/1.1" 301 0 "-" "Mozilla/5.0 (Windows NT 10.0; Win64; x64) AppleWebKit/537.36 (KHTML, like Gecko) Chrome/89.0.4389.114 Safari/537.36"
196.251.85.183 - - [05/Jul/2025:21:26:09 -0400] "GET /en//wp-json/wp/v2/users/ HTTP/1.1" 200 741 "-" "Mozilla/5.0 (Windows NT 10.0; Win64; x64) AppleWebKit/537.36 (KHTML, like Gecko) Chrome/89.0.4389.114 Safari/537.36"
196.251.85.183 - - [05/Jul/2025:21:26:10 -0400] "POST /en//xmlrpc.php HTTP/1.1" 403 1242 "-" "Mozilla/5.0 (Windows NT 10.0; Win64; x64) AppleWebKit/537.36 (KHTML, like Gecko) Chrome/89.0.4389.114 Safari/537.36"
66.29.146.47 - - [05/Jul/2025:21:33:38 -0400] "POST /en/wp-cron.php?doing_wp_cron=1751765618.0410590171813964843750 HTTP/1.1" 403 1242 "-" "WordPress/6.8; https://gootech.app/en"
52.90.124.149 - - [05/Jul/2025:21:33:19 -0400] "POST /en/wp-login.php HTTP/1.1" 200 2079 "-" "Mozilla/5.0"
66.29.146.47 - - [05/Jul/2025:21:38:35 -0400] "POST /wp-cron.php?doing_wp_cron=1751765914.7342228889465332031250 HTTP/1.1" 403 1242 "-" "WordPress/6.8; https://gootech.app"
51.68.107.138 - - [05/Jul/2025:21:38:21 -0400] "GET /robots.txt HTTP/1.1" 200 92 "-" "Mozilla/5.0 (compatible; MJ12bot/v2.0.2; http://mj12bot.com/)"
51.68.107.138 - - [05/Jul/2025:21:38:36 -0400] "GET / HTTP/1.1" 302 0 "-" "Mozilla/5.0 (compatible; MJ12bot/v2.0.2; http://mj12bot.com/)"
66.29.146.47 - - [05/Jul/2025:21:38:41 -0400] "POST /en/wp-cron.php?doing_wp_cron=1751765921.2444810867309570312500 HTTP/1.1" 403 1242 "-" "WordPress/6.8; https://gootech.app/en"
51.68.107.138 - - [05/Jul/2025:21:38:37 -0400] "GET /en/ HTTP/1.1" 200 10170 "-" "Mozilla/5.0 (compatible; MJ12bot/v2.0.2; http://mj12bot.com/)"
66.29.146.47 - - [05/Jul/2025:21:47:10 -0400] "POST /wp-cron.php?doing_wp_cron=1751766430.3474791049957275390625 HTTP/1.1" 403 1242 "-" "WordPress/6.8; https://gootech.app"
1.14.96.114 - - [05/Jul/2025:21:47:04 -0400] "GET /wp-login.php HTTP/1.1" 200 1912 "-" "Apache-HttpClient/4.5.2 (Java/1.8.0_151)"
1.14.96.114 - - [05/Jul/2025:21:47:11 -0400] "GET /?author=1 HTTP/1.1" 301 0 "-" "Apache-HttpClient/4.5.2 (Java/1.8.0_151)"
1.14.96.114 - - [05/Jul/2025:21:47:12 -0400] "GET /blog/author/admin/ HTTP/1.1" 302 0 "-" "Apache-HttpClient/4.5.2 (Java/1.8.0_151)"
66.29.146.47 - - [05/Jul/2025:21:47:15 -0400] "POST /en/wp-cron.php?doing_wp_cron=1751766435.1399359703063964843750 HTTP/1.1" 403 1242 "-" "WordPress/6.8; https://gootech.app/en"
1.14.96.114 - - [05/Jul/2025:21:47:13 -0400] "GET /en/ HTTP/1.1" 200 10170 "-" "Apache-HttpClient/4.5.2 (Java/1.8.0_151)"
1.14.96.114 - - [05/Jul/2025:21:47:18 -0400] "GET /?author=2 HTTP/1.1" 302 0 "-" "Apache-HttpClient/4.5.2 (Java/1.8.0_151)"
1.14.96.114 - - [05/Jul/2025:21:47:18 -0400] "GET /en/ HTTP/1.1" 200 10170 "-" "Apache-HttpClient/4.5.2 (Java/1.8.0_151)"
1.14.96.114 - - [05/Jul/2025:21:47:22 -0400] "GET /?author=3 HTTP/1.1" 302 0 "-" "Apache-HttpClient/4.5.2 (Java/1.8.0_151)"
1.14.96.114 - - [05/Jul/2025:21:47:23 -0400] "GET /en/ HTTP/1.1" 200 10170 "-" "Apache-HttpClient/4.5.2 (Java/1.8.0_151)"
1.14.96.114 - - [05/Jul/2025:21:47:28 -0400] "GET /?author=4 HTTP/1.1" 302 0 "-" "Apache-HttpClient/4.5.2 (Java/1.8.0_151)"
1.14.96.114 - - [05/Jul/2025:21:47:29 -0400] "GET /en/ HTTP/1.1" 200 10170 "-" "Apache-HttpClient/4.5.2 (Java/1.8.0_151)"
1.14.96.114 - - [05/Jul/2025:21:47:31 -0400] "GET /?author=5 HTTP/1.1" 302 0 "-" "Apache-HttpClient/4.5.2 (Java/1.8.0_151)"
1.14.96.114 - - [05/Jul/2025:21:47:32 -0400] "GET /en/ HTTP/1.1" 200 10170 "-" "Apache-HttpClient/4.5.2 (Java/1.8.0_151)"
1.14.96.114 - - [05/Jul/2025:21:47:49 -0400] "GET /?author=6 HTTP/1.1" 302 0 "-" "Apache-HttpClient/4.5.2 (Java/1.8.0_151)"
188.245.185.37 - - [05/Jul/2025:21:47:49 -0400] "HEAD / HTTP/1.1" 200 0 "-" "python-requests/2.32.3"
188.245.185.37 - - [05/Jul/2025:21:47:50 -0400] "HEAD / HTTP/1.1" 200 0 "-" "python-requests/2.32.3"
1.14.96.114 - - [05/Jul/2025:21:47:50 -0400] "GET /en/ HTTP/1.1" 200 10170 "-" "Apache-HttpClient/4.5.2 (Java/1.8.0_151)"
1.14.96.114 - - [05/Jul/2025:21:47:54 -0400] "GET /?author=7 HTTP/1.1" 302 0 "-" "Apache-HttpClient/4.5.2 (Java/1.8.0_151)"
1.14.96.114 - - [05/Jul/2025:21:47:55 -0400] "GET /en/ HTTP/1.1" 200 10170 "-" "Apache-HttpClient/4.5.2 (Java/1.8.0_151)"
1.14.96.114 - - [05/Jul/2025:21:47:57 -0400] "GET /?author=8 HTTP/1.1" 302 0 "-" "Apache-HttpClient/4.5.2 (Java/1.8.0_151)"
1.14.96.114 - - [05/Jul/2025:21:47:58 -0400] "GET /en/ HTTP/1.1" 200 10170 "-" "Apache-HttpClient/4.5.2 (Java/1.8.0_151)"
1.14.96.114 - - [05/Jul/2025:21:48:03 -0400] "GET /?author=9 HTTP/1.1" 302 0 "-" "Apache-HttpClient/4.5.2 (Java/1.8.0_151)"
1.14.96.114 - - [05/Jul/2025:21:48:04 -0400] "GET /en/ HTTP/1.1" 200 10170 "-" "Apache-HttpClient/4.5.2 (Java/1.8.0_151)"
1.14.96.114 - - [05/Jul/2025:21:48:05 -0400] "GET /?author=10 HTTP/1.1" 302 0 "-" "Apache-HttpClient/4.5.2 (Java/1.8.0_151)"
1.14.96.114 - - [05/Jul/2025:21:48:06 -0400] "GET /en/ HTTP/1.1" 200 10170 "-" "Apache-HttpClient/4.5.2 (Java/1.8.0_151)"
1.14.96.114 - - [05/Jul/2025:21:48:08 -0400] "GET /?author=11 HTTP/1.1" 302 0 "-" "Apache-HttpClient/4.5.2 (Java/1.8.0_151)"
1.14.96.114 - - [05/Jul/2025:21:48:11 -0400] "GET /en/ HTTP/1.1" 200 10170 "-" "Apache-HttpClient/4.5.2 (Java/1.8.0_151)"
66.29.146.47 - - [05/Jul/2025:21:48:13 -0400] "POST /wp-cron.php?doing_wp_cron=1751766493.4591920375823974609375 HTTP/1.1" 403 1242 "-" "WordPress/6.8; https://gootech.app"
1.14.96.114 - - [05/Jul/2025:21:48:13 -0400] "GET /?author=12 HTTP/1.1" 302 0 "-" "Apache-HttpClient/4.5.2 (Java/1.8.0_151)"
66.29.146.47 - - [05/Jul/2025:21:48:15 -0400] "POST /en/wp-cron.php?doing_wp_cron=1751766495.2360110282897949218750 HTTP/1.1" 403 1242 "-" "WordPress/6.8; https://gootech.app/en"
1.14.96.114 - - [05/Jul/2025:21:48:14 -0400] "GET /en/ HTTP/1.1" 200 10170 "-" "Apache-HttpClient/4.5.2 (Java/1.8.0_151)"
1.14.96.114 - - [05/Jul/2025:21:48:18 -0400] "GET /?author=13 HTTP/1.1" 302 0 "-" "Apache-HttpClient/4.5.2 (Java/1.8.0_151)"
1.14.96.114 - - [05/Jul/2025:21:48:19 -0400] "GET /en/ HTTP/1.1" 200 10170 "-" "Apache-HttpClient/4.5.2 (Java/1.8.0_151)"
1.14.96.114 - - [05/Jul/2025:21:48:21 -0400] "GET /?author=14 HTTP/1.1" 302 0 "-" "Apache-HttpClient/4.5.2 (Java/1.8.0_151)"
1.14.96.114 - - [05/Jul/2025:21:48:22 -0400] "GET /en/ HTTP/1.1" 200 10170 "-" "Apache-HttpClient/4.5.2 (Java/1.8.0_151)"
1.14.96.114 - - [05/Jul/2025:21:48:24 -0400] "GET /?author=15 HTTP/1.1" 302 0 "-" "Apache-HttpClient/4.5.2 (Java/1.8.0_151)"
1.14.96.114 - - [05/Jul/2025:21:48:25 -0400] "GET /en/ HTTP/1.1" 200 10170 "-" "Apache-HttpClient/4.5.2 (Java/1.8.0_151)"
1.14.96.114 - - [05/Jul/2025:21:48:29 -0400] "GET /?author=16 HTTP/1.1" 302 0 "-" "Apache-HttpClient/4.5.2 (Java/1.8.0_151)"
1.14.96.114 - - [05/Jul/2025:21:48:36 -0400] "GET /en/ HTTP/1.1" 200 10170 "-" "Apache-HttpClient/4.5.2 (Java/1.8.0_151)"
1.14.96.114 - - [05/Jul/2025:21:48:38 -0400] "GET /?author=17 HTTP/1.1" 302 0 "-" "Apache-HttpClient/4.5.2 (Java/1.8.0_151)"
1.14.96.114 - - [05/Jul/2025:21:48:39 -0400] "GET /en/ HTTP/1.1" 200 10170 "-" "Apache-HttpClient/4.5.2 (Java/1.8.0_151)"
1.14.96.114 - - [05/Jul/2025:21:48:42 -0400] "GET /?author=18 HTTP/1.1" 302 0 "-" "Apache-HttpClient/4.5.2 (Java/1.8.0_151)"
1.14.96.114 - - [05/Jul/2025:21:48:42 -0400] "GET /en/ HTTP/1.1" 200 10170 "-" "Apache-HttpClient/4.5.2 (Java/1.8.0_151)"
1.14.96.114 - - [05/Jul/2025:21:48:45 -0400] "GET /?author=19 HTTP/1.1" 302 0 "-" "Apache-HttpClient/4.5.2 (Java/1.8.0_151)"
1.14.96.114 - - [05/Jul/2025:21:48:46 -0400] "GET /en/ HTTP/1.1" 200 10170 "-" "Apache-HttpClient/4.5.2 (Java/1.8.0_151)"
1.14.96.114 - - [05/Jul/2025:21:48:48 -0400] "GET /?author=20 HTTP/1.1" 302 0 "-" "Apache-HttpClient/4.5.2 (Java/1.8.0_151)"
1.14.96.114 - - [05/Jul/2025:21:48:49 -0400] "GET /en/ HTTP/1.1" 200 10170 "-" "Apache-HttpClient/4.5.2 (Java/1.8.0_151)"
159.89.33.34 - - [05/Jul/2025:21:50:16 -0400] "POST /xmlrpc.php HTTP/1.1" 403 1242 "-" "Mozilla/5.0 (X11; Ubuntu; Linux x86_64; rv:85.0) Gecko/20100101 Firefox/91.0"
43.166.255.102 - - [05/Jul/2025:22:07:11 -0400] "GET / HTTP/1.1" 301 0 "http://www.gootech.app" "Mozilla/5.0 (iPhone; CPU iPhone OS 13_2_3 like Mac OS X) AppleWebKit/605.1.15 (KHTML, like Gecko) Version/13.0.3 Mobile/15E148 Safari/604.1"
43.166.255.102 - - [05/Jul/2025:22:07:27 -0400] "GET / HTTP/1.1" 302 0 "https://www.gootech.app/" "Mozilla/5.0 (iPhone; CPU iPhone OS 13_2_3 like Mac OS X) AppleWebKit/605.1.15 (KHTML, like Gecko) Version/13.0.3 Mobile/15E148 Safari/604.1"
66.29.146.47 - - [05/Jul/2025:22:07:34 -0400] "POST /en/wp-cron.php?doing_wp_cron=1751767653.6137099266052246093750 HTTP/1.1" 403 1242 "-" "WordPress/6.8; https://gootech.app/en"
43.166.255.102 - - [05/Jul/2025:22:07:28 -0400] "GET /en/ HTTP/1.1" 200 10170 "https://gootech.app/" "Mozilla/5.0 (iPhone; CPU iPhone OS 13_2_3 like Mac OS X) AppleWebKit/605.1.15 (KHTML, like Gecko) Version/13.0.3 Mobile/15E148 Safari/604.1"
66.29.146.47 - - [05/Jul/2025:22:09:46 -0400] "POST /wp-cron.php?doing_wp_cron=1751767786.0361859798431396484375 HTTP/1.1" 403 1242 "-" "WordPress/6.8; https://gootech.app"
54.172.94.136 - - [05/Jul/2025:22:09:38 -0400] "GET /app-ads.txt HTTP/1.1" 302 0 "-" "Mozilla/5.0 (Windows NT 10.0; Win64; x64) AppleWebKit/537.36 (KHTML, like Gecko) Chrome/124.0.0.0 Safari/537.36"
66.29.146.47 - - [05/Jul/2025:22:14:02 -0400] "POST /en/wp-cron.php?doing_wp_cron=1751768041.9893310070037841796875 HTTP/1.1" 403 1242 "-" "WordPress/6.8; https://gootech.app/en"
54.172.94.136 - - [05/Jul/2025:22:13:53 -0400] "GET /en/ HTTP/1.1" 200 10148 "-" "Mozilla/5.0 (Windows NT 10.0; Win64; x64) AppleWebKit/537.36 (KHTML, like Gecko) Chrome/124.0.0.0 Safari/537.36"
188.245.185.37 - - [05/Jul/2025:22:16:54 -0400] "HEAD / HTTP/1.1" 200 0 "-" "python-requests/2.32.3"
66.29.146.47 - - [05/Jul/2025:22:17:00 -0400] "POST /wp-cron.php?doing_wp_cron=1751768220.0446228981018066406250 HTTP/1.1" 403 1242 "-" "WordPress/6.8; https://gootech.app"
66.29.146.47 - - [05/Jul/2025:22:17:31 -0400] "POST /en/wp-cron.php?doing_wp_cron=1751768250.9504790306091308593750 HTTP/1.1" 403 1242 "-" "WordPress/6.8; https://gootech.app/en"
52.90.124.149 - - [05/Jul/2025:22:17:30 -0400] "POST /en/wp-login.php HTTP/1.1" 200 2079 "-" "Mozilla/5.0"
47.243.239.28 - - [05/Jul/2025:22:21:17 -0400] "POST /xmlrpc.php HTTP/1.1" 403 1242 "-" "Mozilla/5.0 (Windows NT 10.0; Win64; x64) AppleWebKit/537.36 (KHTML, like Gecko) Chrome/60.0.3112.113 Safari/537.36"
51.178.146.199 - - [05/Jul/2025:22:21:18 -0400] "POST /xmlrpc.php HTTP/1.1" 403 1242 "-" "Mozilla/5.0 (iPhone; CPU iPhone OS 14_6 like Mac OS X) AppleWebKit/605.1.15 (KHTML, like Gecko) CriOS/91.0.4472.80 Mobile/15E148 Safari/604.1"
109.199.114.14 - - [05/Jul/2025:22:21:26 -0400] "POST /xmlrpc.php HTTP/1.1" 403 1242 "-" "Mozilla/5.0 (Windows NT 10.0; Win64; x64; rv:79.0) Gecko/20100101 Firefox/79.0"
198.71.229.109 - - [05/Jul/2025:22:21:37 -0400] "POST /xmlrpc.php HTTP/1.1" 403 1242 "-" "Mozilla/5.0 (Windows NT 10.0; Win64; x64) AppleWebKit/537.36 (KHTML, like Gecko) Chrome/85.0.4183.102 Safari/537.36"
103.186.31.213 - - [05/Jul/2025:22:21:39 -0400] "POST /xmlrpc.php HTTP/1.1" 403 1242 "-" "Mozilla/5.0 (Windows NT 6.3; Win64; x64; rv:73.0) Gecko/20100101 Firefox/73.0"
103.74.119.206 - - [05/Jul/2025:22:21:42 -0400] "POST /xmlrpc.php HTTP/1.1" 403 1242 "-" "Mozilla/5.0 (Windows NT 10.0; Win64; x64; rv:59.0) Gecko/20100101 Firefox/59.0"
2001:df1:7880:100::1be - - [05/Jul/2025:22:21:42 -0400] "POST /xmlrpc.php HTTP/1.1" 403 1242 "-" "Mozilla/5.0 (Windows NT 6.1; Win64; x64) AppleWebKit/537.36 (KHTML, like Gecko) Chrome/63.0.3239.132 Safari/537.36"
192.210.144.233 - - [05/Jul/2025:22:21:54 -0400] "POST /xmlrpc.php HTTP/1.1" 403 1242 "-" "Mozilla/5.0 (Windows NT 6.1; rv:17.0) Gecko/20100101 Firefox/20.6.14"
49.212.207.103 - - [05/Jul/2025:22:21:56 -0400] "POST /xmlrpc.php HTTP/1.1" 403 1242 "-" "Mozilla/5.0 (Windows NT 6.1; Win64; x64; rv:25.0) Gecko/20100101 Firefox/29.0"
49.212.207.103 - - [05/Jul/2025:22:22:06 -0400] "POST /xmlrpc.php HTTP/1.1" 403 1242 "-" "Mozilla/5.0 (Windows NT 6.2; Win64; x64) AppleWebKit/537.36 (KHTML, like Gecko) Chrome/60.0.3112.90 Safari/537.36"
66.29.146.47 - - [05/Jul/2025:22:22:51 -0400] "POST /wp-cron.php?doing_wp_cron=1751768570.9463260173797607421875 HTTP/1.1" 403 1242 "-" "WordPress/6.8; https://gootech.app"
114.119.140.170 - - [05/Jul/2025:22:22:43 -0400] "GET /robots.txt HTTP/1.1" 200 92 "-" "Mozilla/5.0 (compatible;PetalBot;+https://webmaster.petalsearch.com/site/petalbot)"
172.121.223.26 - - [05/Jul/2025:22:28:44 -0400] "HEAD / HTTP/1.1" 200 0 "-" "Mozilla/5.0 (Windows NT 10.0; Win64; x64) AppleWebKit/537.36 (KHTML, like Gecko) Chrome/122.0.0.0 Safari/537.36 Trailer/93.3.3516.28"
104.168.40.246 - - [05/Jul/2025:22:28:46 -0400] "HEAD / HTTP/1.1" 200 0 "-" "Mozilla/5.0 (Windows NT 10.0; Win64; x64) AppleWebKit/537.36 (KHTML, like Gecko) Chrome/121.0.0.0 Safari/537.36 Edg/121.0.0.0"
66.29.146.47 - - [05/Jul/2025:22:28:52 -0400] "POST /wp-cron.php?doing_wp_cron=1751768930.8379650115966796875000 HTTP/1.1" 403 1242 "-" "WordPress/6.8; https://gootech.app"
66.29.146.47 - - [05/Jul/2025:22:28:52 -0400] "POST /wp-cron.php?doing_wp_cron=1751768930.8610270023345947265625 HTTP/1.1" 403 1242 "-" "WordPress/6.8; https://gootech.app"
104.194.196.181 - - [05/Jul/2025:22:28:55 -0400] "GET / HTTP/1.1" 301 0 "-" "Mozilla/5.0 (Macintosh; Intel Mac OS X 14_2_1) AppleWebKit/605.1.15 (KHTML, like Gecko) Version/17.2 Safari/605.1.15"
104.194.196.181 - - [05/Jul/2025:22:28:56 -0400] "GET / HTTP/1.1" 302 0 "-" "Mozilla/5.0 (Macintosh; Intel Mac OS X 14_2_1) AppleWebKit/605.1.15 (KHTML, like Gecko) Version/17.2 Safari/605.1.15"
66.29.146.47 - - [05/Jul/2025:22:29:00 -0400] "POST /en/wp-cron.php?doing_wp_cron=1751768939.6606628894805908203125 HTTP/1.1" 403 1242 "-" "WordPress/6.8; https://gootech.app/en"
104.194.196.181 - - [05/Jul/2025:22:28:58 -0400] "GET /en/ HTTP/1.1" 200 10170 "-" "Mozilla/5.0 (Macintosh; Intel Mac OS X 14_2_1) AppleWebKit/605.1.15 (KHTML, like Gecko) Version/17.2 Safari/605.1.15"
104.194.196.181 - - [05/Jul/2025:22:29:02 -0400] "GET /robots.txt HTTP/1.1" 301 0 "https://gootech.app/en/" "Mozilla/5.0 (Macintosh; Intel Mac OS X 14_2_1) AppleWebKit/605.1.15 (KHTML, like Gecko) Version/17.2 Safari/605.1.15"
104.194.196.181 - - [05/Jul/2025:22:29:04 -0400] "GET / HTTP/1.1" 301 0 "-" "Mozilla/5.0 (Macintosh; Intel Mac OS X 14_2_1) AppleWebKit/605.1.15 (KHTML, like Gecko) Version/17.2 Safari/605.1.15"
172.121.222.132 - - [05/Jul/2025:22:29:06 -0400] "GET / HTTP/1.1" 302 0 "-" "Mozilla/5.0 (Macintosh; Intel Mac OS X 14.2; rv:109.0) Gecko/20100101 Firefox/121.0"
172.121.222.132 - - [05/Jul/2025:22:29:06 -0400] "GET /en/ HTTP/1.1" 200 10170 "-" "Mozilla/5.0 (Macintosh; Intel Mac OS X 14.2; rv:109.0) Gecko/20100101 Firefox/121.0"
172.121.222.132 - - [05/Jul/2025:22:29:09 -0400] "GET /robots.txt HTTP/1.1" 200 92 "https://gootech.app/en/" "Mozilla/5.0 (Macintosh; Intel Mac OS X 14.2; rv:109.0) Gecko/20100101 Firefox/121.0"
172.121.222.132 - - [05/Jul/2025:22:29:10 -0400] "GET / HTTP/1.1" 302 0 "-" "Mozilla/5.0 (Macintosh; Intel Mac OS X 14.2; rv:109.0) Gecko/20100101 Firefox/121.0"
172.121.222.132 - - [05/Jul/2025:22:29:11 -0400] "GET /en/ HTTP/1.1" 200 10115 "-" "Mozilla/5.0 (Macintosh; Intel Mac OS X 14.2; rv:109.0) Gecko/20100101 Firefox/121.0"
85.91.237.112 - - [05/Jul/2025:22:34:23 -0400] "POST /xmlrpc.php HTTP/1.1" 403 1242 "-" "Mozilla/5.0 (X11; Ubuntu; Linux x86_64; rv:85.0) Gecko/20100101 Firefox/91.0"
104.232.199.114 - - [05/Jul/2025:22:35:14 -0400] "GET /wp-login.php HTTP/1.1" 200 0 "-" "Mozilla/5.0 (X11; Ubuntu; Linux x86_64; rv:109.0) Gecko/20100101 Firefox/121.0"
172.121.219.149 - - [05/Jul/2025:22:35:14 -0400] "GET /wp-login.php HTTP/1.1" 200 0 "-" "Mozilla/5.0 (X11; Ubuntu; Linux x86_64; rv:109.0) Gecko/20100101 Firefox/121.0"
66.29.146.47 - - [05/Jul/2025:22:35:23 -0400] "POST /wp-cron.php?doing_wp_cron=1751769322.6509621143341064453125 HTTP/1.1" 403 1242 "-" "WordPress/6.8; https://gootech.app"
66.29.146.47 - - [05/Jul/2025:22:35:23 -0400] "POST /wp-cron.php?doing_wp_cron=1751769322.6945068836212158203125 HTTP/1.1" 403 1242 "-" "WordPress/6.8; https://gootech.app"
66.29.146.47 - - [05/Jul/2025:22:35:23 -0400] "POST /wp-cron.php?doing_wp_cron=1751769322.7359480857849121093750 HTTP/1.1" 403 1242 "-" "WordPress/6.8; https://gootech.app"
45.5.67.36 - - [05/Jul/2025:22:35:21 -0400] "GET /wp-login.php HTTP/1.1" 200 1912 "-" "Mozilla/5.0 (X11; Ubuntu; Linux x86_64; rv:109.0) Gecko/20100101 Firefox/121.0"
45.5.66.135 - - [05/Jul/2025:22:35:21 -0400] "GET /wp-login.php HTTP/1.1" 200 1912 "-" "Mozilla/5.0 (X11; Ubuntu; Linux x86_64; rv:109.0) Gecko/20100101 Firefox/121.0"
134.17.14.12 - - [05/Jul/2025:22:41:54 -0400] "GET /admin.php?action=p&api=p&path=p&token= HTTP/1.1" 404 1251 "-" "Mozilla/5.0 (Windows NT 10.0; Win64; x64; rv:140.0) Gecko/20100101 Firefox/140.0"
194.145.227.125 - - [05/Jul/2025:22:44:11 -0400] "GET /sites/default/modules/civicrm/packages/OpenFlashChart/php-ofc-library/ofc_upload_image.php HTTP/1.1" 403 1242 "-" "ALittle Client"
34.162.14.236 - - [05/Jul/2025:22:58:33 -0400] "GET /.git/config HTTP/1.1" 403 1242 "-" "ct\xe2\x80\x91git\xe2\x80\x91scanner/0.4"
34.162.14.236 - - [05/Jul/2025:22:58:34 -0400] "GET /.git/HEAD HTTP/1.1" 403 1242 "-" "ct\xe2\x80\x91git\xe2\x80\x91scanner/0.4"
66.29.146.47 - - [05/Jul/2025:22:58:55 -0400] "POST /wp-cron.php?doing_wp_cron=1751770734.8040208816528320312500 HTTP/1.1" 403 1242 "-" "WordPress/6.8; https://gootech.app"
49.7.227.204 - - [05/Jul/2025:22:58:43 -0400] "GET / HTTP/1.1" 301 0 "http://www.gootech.app" "Mozilla/5.0 (iPhone; CPU iPhone OS 13_2_3 like Mac OS X) AppleWebKit/605.1.15 (KHTML, like Gecko) Version/13.0.3 Mobile/15E148 Safari/604.1"

Youez - 2016 - github.com/yon3zu
LinuXploit