66.249.74.71 - - [05/Jul/2025:12:46:43 -0400] "GET /q-~84hcd2V4vm4CXxEsgFBZrRC6VjZvwQLZ36051/ HTTP/1.1" 404 1251 "-" "Mozilla/5.0 (Linux; Android 6.0.1; Nexus 5X Build/MMB29P) AppleWebKit/537.36 (KHTML, like Gecko) Chrome/137.0.7151.103 Mobile Safari/537.36 (compatible; Googlebot/2.1; +http://www.google.com/bot.html)"
66.249.74.72 - - [05/Jul/2025:12:47:00 -0400] "GET /q-~286FQ5duto1Sgx9aC3U2m05b7BbHfsyGT27551/ HTTP/1.1" 404 1251 "-" "Mozilla/5.0 (Linux; Android 6.0.1; Nexus 5X Build/MMB29P) AppleWebKit/537.36 (KHTML, like Gecko) Chrome/137.0.7151.103 Mobile Safari/537.36 (compatible; Googlebot/2.1; +http://www.google.com/bot.html)"
66.249.74.72 - - [05/Jul/2025:12:47:40 -0400] "GET /q-~232t7oowJNZZwTw36ssVZzMdLXo2gtThy35467/ HTTP/1.1" 404 1251 "-" "Mozilla/5.0 (compatible; Googlebot/2.1; +http://www.google.com/bot.html)"
66.249.74.71 - - [05/Jul/2025:12:47:43 -0400] "GET /q-~104jo1UJ6EMRyJ8qWXJFNat0sIGUzqSYJ31043/ HTTP/1.1" 404 1251 "-" "Mozilla/5.0 (Linux; Android 6.0.1; Nexus 5X Build/MMB29P) AppleWebKit/537.36 (KHTML, like Gecko) Chrome/137.0.7151.103 Mobile Safari/537.36 (compatible; Googlebot/2.1; +http://www.google.com/bot.html)"
66.249.74.72 - - [05/Jul/2025:12:48:11 -0400] "GET /items/dburo19/47879?key=sense HTTP/1.1" 404 1251 "-" "Mozilla/5.0 (Linux; Android 6.0.1; Nexus 5X Build/MMB29P) AppleWebKit/537.36 (KHTML, like Gecko) Chrome/137.0.7151.103 Mobile Safari/537.36 (compatible; Googlebot/2.1; +http://www.google.com/bot.html)"
66.249.74.71 - - [05/Jul/2025:12:48:55 -0400] "GET /items/qufll14/42892?key=rough HTTP/1.1" 404 1251 "-" "Mozilla/5.0 (compatible; Googlebot/2.1; +http://www.google.com/bot.html)"
66.249.74.73 - - [05/Jul/2025:12:49:41 -0400] "GET /q-~16fg9GmjDiF2jiZpxMR63R0pk7BKncZM42999/ HTTP/1.1" 404 1251 "-" "Mozilla/5.0 (compatible; Googlebot/2.1; +http://www.google.com/bot.html)"
40.77.167.55 - - [05/Jul/2025:12:49:59 -0400] "GET /index.php/online HTTP/1.1" 404 1251 "-" "Mozilla/5.0 AppleWebKit/537.36 (KHTML, like Gecko; compatible; bingbot/2.0; +http://www.bing.com/bingbot.htm) Chrome/116.0.1938.76 Safari/537.36"
66.249.74.72 - - [05/Jul/2025:12:50:05 -0400] "GET /items/iteor46/29008?key=prove HTTP/1.1" 404 1251 "-" "Mozilla/5.0 (Linux; Android 6.0.1; Nexus 5X Build/MMB29P) AppleWebKit/537.36 (KHTML, like Gecko) Chrome/137.0.7151.103 Mobile Safari/537.36 (compatible; Googlebot/2.1; +http://www.google.com/bot.html)"
66.249.74.71 - - [05/Jul/2025:12:50:09 -0400] "GET /items/vmnml165/47739?key=mandate HTTP/1.1" 404 1251 "-" "Mozilla/5.0 (Linux; Android 6.0.1; Nexus 5X Build/MMB29P) AppleWebKit/537.36 (KHTML, like Gecko) Chrome/137.0.7151.103 Mobile Safari/537.36 (compatible; GoogleOther)"
66.249.74.72 - - [05/Jul/2025:12:51:02 -0400] "GET /items/gyfai83/24817?key=potential HTTP/1.1" 404 1251 "-" "Mozilla/5.0 (compatible; Googlebot/2.1; +http://www.google.com/bot.html)"
66.249.74.71 - - [05/Jul/2025:12:51:23 -0400] "GET /q-~235feSZUyuGYFbZzkYQnabYFZX0wardcU18374/ HTTP/1.1" 404 1251 "-" "Mozilla/5.0 (compatible; Googlebot/2.1; +http://www.google.com/bot.html)"
66.249.74.71 - - [05/Jul/2025:12:51:34 -0400] "GET /q-~139JSMIPUgMuT2bbluQs1cLM2YITILwpd48138/ HTTP/1.1" 404 1251 "-" "Mozilla/5.0 (compatible; Googlebot/2.1; +http://www.google.com/bot.html)"
66.249.74.71 - - [05/Jul/2025:12:51:42 -0400] "GET /q-~42Fr0HKwR3mJTDsRvqxlIL0nsDghKYGC30389/ HTTP/1.1" 404 1251 "-" "Mozilla/5.0 (Linux; Android 6.0.1; Nexus 5X Build/MMB29P) AppleWebKit/537.36 (KHTML, like Gecko) Chrome/137.0.7151.103 Mobile Safari/537.36 (compatible; Googlebot/2.1; +http://www.google.com/bot.html)"
66.249.74.71 - - [05/Jul/2025:12:51:46 -0400] "GET /q-~300Y62jFH6QNz5iiBBAF0DTrCyYwoyHWP26307/ HTTP/1.1" 404 1251 "-" "Mozilla/5.0 (Linux; Android 6.0.1; Nexus 5X Build/MMB29P) AppleWebKit/537.36 (KHTML, like Gecko) Chrome/137.0.7151.103 Mobile Safari/537.36 (compatible; Googlebot/2.1; +http://www.google.com/bot.html)"
66.249.74.73 - - [05/Jul/2025:12:52:03 -0400] "GET /q-~41j2Q98l1r0zz5q6f7WR7Um8DgzQpKfi35854/ HTTP/1.1" 404 1251 "-" "Mozilla/5.0 (Linux; Android 6.0.1; Nexus 5X Build/MMB29P) AppleWebKit/537.36 (KHTML, like Gecko) Chrome/137.0.7151.103 Mobile Safari/537.36 (compatible; Googlebot/2.1; +http://www.google.com/bot.html)"
66.249.74.71 - - [05/Jul/2025:12:52:07 -0400] "GET /q-~232rq9ya7fDNvkcS9gieGOUSxgNqj9Gqh3075/ HTTP/1.1" 404 1251 "-" "Mozilla/5.0 (Linux; Android 6.0.1; Nexus 5X Build/MMB29P) AppleWebKit/537.36 (KHTML, like Gecko) Chrome/137.0.7151.103 Mobile Safari/537.36 (compatible; Googlebot/2.1; +http://www.google.com/bot.html)"
66.249.74.72 - - [05/Jul/2025:12:53:37 -0400] "GET /q-~41fGGaBNMVwGAgHTVASAUZHdDlDcYBps3132/ HTTP/1.1" 404 1251 "-" "Mozilla/5.0 (Linux; Android 6.0.1; Nexus 5X Build/MMB29P) AppleWebKit/537.36 (KHTML, like Gecko) Chrome/137.0.7151.103 Mobile Safari/537.36 (compatible; Googlebot/2.1; +http://www.google.com/bot.html)"
66.249.73.73 - - [05/Jul/2025:12:54:37 -0400] "GET /search?category=5000000&search_word= HTTP/1.1" 404 1251 "-" "Mozilla/5.0 (Linux; Android 6.0.1; Nexus 5X Build/MMB29P) AppleWebKit/537.36 (KHTML, like Gecko) Chrome/137.0.7151.103 Mobile Safari/537.36 (compatible; Googlebot/2.1; +http://www.google.com/bot.html)"
66.249.74.64 - - [05/Jul/2025:12:54:57 -0400] "GET /q-~53Xmy3lLFrqfumyczoIP1rQhjef9tZlO10696/ HTTP/1.1" 404 1251 "-" "Mozilla/5.0 (compatible; Googlebot/2.1; +http://www.google.com/bot.html)"
66.249.74.78 - - [05/Jul/2025:12:55:28 -0400] "GET /q-~167QSaH8u60wN6vjuhB0BKNg1n98l8sbm16644/ HTTP/1.1" 404 1251 "-" "Mozilla/5.0 (compatible; Googlebot/2.1; +http://www.google.com/bot.html)"
66.249.74.65 - - [05/Jul/2025:12:55:29 -0400] "GET /q-~167QSaH8u60wN6vjuhB0BKNg1n98l8sbm16644/ HTTP/1.1" 404 1251 "-" "Mozilla/5.0 (Linux; Android 6.0.1; Nexus 5X Build/MMB29P) AppleWebKit/537.36 (KHTML, like Gecko) Chrome/137.0.7151.103 Mobile Safari/537.36 (compatible; Googlebot/2.1; +http://www.google.com/bot.html)"
66.249.74.78 - - [05/Jul/2025:12:55:35 -0400] "GET /q-~160k61TwZrCfU6fVGBSmQA7cKtnIZVSUA36819/ HTTP/1.1" 404 1251 "-" "Mozilla/5.0 (Linux; Android 6.0.1; Nexus 5X Build/MMB29P) AppleWebKit/537.36 (KHTML, like Gecko) Chrome/137.0.7151.103 Mobile Safari/537.36 (compatible; GoogleOther)"
66.249.74.78 - - [05/Jul/2025:12:55:53 -0400] "GET /items/iuiox224/30360?key=text HTTP/1.1" 404 1251 "-" "Mozilla/5.0 (compatible; Googlebot/2.1; +http://www.google.com/bot.html)"
66.249.74.78 - - [05/Jul/2025:12:56:34 -0400] "GET /items/tjimx248/46078?key=exciting HTTP/1.1" 404 1251 "-" "Mozilla/5.0 (Linux; Android 6.0.1; Nexus 5X Build/MMB29P) AppleWebKit/537.36 (KHTML, like Gecko) Chrome/137.0.7151.103 Mobile Safari/537.36 (compatible; GoogleOther)"
66.249.74.65 - - [05/Jul/2025:12:57:56 -0400] "GET /q-~245jhDO2rTCFQ07tchd6Js6BG7GbNi1vk45476/ HTTP/1.1" 404 1251 "-" "Mozilla/5.0 (compatible; Googlebot/2.1; +http://www.google.com/bot.html)"
66.249.74.64 - - [05/Jul/2025:12:58:01 -0400] "GET /q-~102kPhiOVKZYyoKOR0fPnEFG0uCfo25MA32875/ HTTP/1.1" 404 1251 "-" "Mozilla/5.0 (compatible; Googlebot/2.1; +http://www.google.com/bot.html)"
66.249.74.64 - - [05/Jul/2025:12:58:01 -0400] "GET /q-~102kPhiOVKZYyoKOR0fPnEFG0uCfo25MA32875/ HTTP/1.1" 404 1251 "-" "Mozilla/5.0 (Linux; Android 6.0.1; Nexus 5X Build/MMB29P) AppleWebKit/537.36 (KHTML, like Gecko) Chrome/137.0.7151.103 Mobile Safari/537.36 (compatible; Googlebot/2.1; +http://www.google.com/bot.html)"
2a03:2880:f800:c:: - - [05/Jul/2025:12:58:14 -0400] "GET /wp-includes/customize/ HTTP/1.1" 200 1731 "-" "meta-externalagent/1.1 (+https://developers.facebook.com/docs/sharing/webmasters/crawler)"
141.95.53.61 - - [05/Jul/2025:12:59:01 -0400] "GET /xmlrpc.php HTTP/1.1" 403 1242 "http://nas-yemen.org/xmlrpc.php" "Mozilla/5.0 (X11; Ubuntu; Linux x86_64; rv:85.0) Gecko/20100101 Firefox/91.0"
66.249.74.64 - - [05/Jul/2025:12:59:52 -0400] "GET /q-~230XgCbr7coDfPhLrvpfY8KR6KVPSfz9N13625/ HTTP/1.1" 404 1251 "-" "Mozilla/5.0 (Linux; Android 6.0.1; Nexus 5X Build/MMB29P) AppleWebKit/537.36 (KHTML, like Gecko) Chrome/137.0.7151.103 Mobile Safari/537.36 (compatible; Googlebot/2.1; +http://www.google.com/bot.html)"
66.249.74.73 - - [05/Jul/2025:13:00:20 -0400] "GET /q-~1Jlkk5BQy5QvFi48afHvp5fbNEjtE5W15244/ HTTP/1.1" 404 1251 "-" "Mozilla/5.0 (Linux; Android 6.0.1; Nexus 5X Build/MMB29P) AppleWebKit/537.36 (KHTML, like Gecko) Chrome/137.0.7151.103 Mobile Safari/537.36 (compatible; GoogleOther)"
66.249.74.72 - - [05/Jul/2025:13:00:27 -0400] "GET /q-~151BydnfH2UpPsEpqHWptw5NpfGZzP6rj46170/ HTTP/1.1" 404 1251 "-" "Mozilla/5.0 (Linux; Android 6.0.1; Nexus 5X Build/MMB29P) AppleWebKit/537.36 (KHTML, like Gecko) Chrome/137.0.7151.103 Mobile Safari/537.36 (compatible; Googlebot/2.1; +http://www.google.com/bot.html)"
66.249.74.71 - - [05/Jul/2025:13:00:40 -0400] "GET /items/kmbuj273/36989?key=clearly HTTP/1.1" 404 1251 "-" "Mozilla/5.0 (Linux; Android 6.0.1; Nexus 5X Build/MMB29P) AppleWebKit/537.36 (KHTML, like Gecko) Chrome/137.0.7151.103 Mobile Safari/537.36 (compatible; Googlebot/2.1; +http://www.google.com/bot.html)"
66.249.74.72 - - [05/Jul/2025:13:02:29 -0400] "GET /q-~271EHlMukQ7Adk6I2TtlXiZPV22e59Bzd29836/ HTTP/1.1" 404 1251 "-" "Mozilla/5.0 (Linux; Android 6.0.1; Nexus 5X Build/MMB29P) AppleWebKit/537.36 (KHTML, like Gecko) Chrome/137.0.7151.103 Mobile Safari/537.36 (compatible; Googlebot/2.1; +http://www.google.com/bot.html)"
66.249.74.71 - - [05/Jul/2025:13:02:35 -0400] "GET /items/dfbpd23/9469?key=potentially HTTP/1.1" 404 1251 "-" "Mozilla/5.0 (Linux; Android 6.0.1; Nexus 5X Build/MMB29P) AppleWebKit/537.36 (KHTML, like Gecko) Chrome/137.0.7151.103 Mobile Safari/537.36 (compatible; Googlebot/2.1; +http://www.google.com/bot.html)"
66.249.74.71 - - [05/Jul/2025:13:03:00 -0400] "GET /items/cbyqp40/37416?key=political HTTP/1.1" 404 1251 "-" "Mozilla/5.0 (Linux; Android 6.0.1; Nexus 5X Build/MMB29P) AppleWebKit/537.36 (KHTML, like Gecko) Chrome/137.0.7151.103 Mobile Safari/537.36 (compatible; GoogleOther)"
66.249.74.71 - - [05/Jul/2025:13:03:41 -0400] "GET /q-~109U955Y5lg96mL8n94eIbWDKm3jBoP9G14384/ HTTP/1.1" 404 1251 "-" "Mozilla/5.0 (Linux; Android 6.0.1; Nexus 5X Build/MMB29P) AppleWebKit/537.36 (KHTML, like Gecko) Chrome/137.0.7151.103 Mobile Safari/537.36 (compatible; Googlebot/2.1; +http://www.google.com/bot.html)"
66.249.74.71 - - [05/Jul/2025:13:04:41 -0400] "GET /q-~47fsjh4Wyr8okhZqFO68wx9sX6clqelh40218/ HTTP/1.1" 404 1251 "-" "Mozilla/5.0 (compatible; Googlebot/2.1; +http://www.google.com/bot.html)"
66.249.74.71 - - [05/Jul/2025:13:05:04 -0400] "GET /q-~132LUET19dSCzd1o6JwSePCI5g97Gw27q34291/ HTTP/1.1" 404 1251 "-" "Mozilla/5.0 (Linux; Android 6.0.1; Nexus 5X Build/MMB29P) AppleWebKit/537.36 (KHTML, like Gecko) Chrome/137.0.7151.103 Mobile Safari/537.36 (compatible; GoogleOther)"
66.249.74.78 - - [05/Jul/2025:13:06:07 -0400] "GET /q-~290GU8iydHxBoHAIrJjOh3yB3I6loO0zo8773/ HTTP/1.1" 404 1251 "-" "Mozilla/5.0 (Linux; Android 6.0.1; Nexus 5X Build/MMB29P) AppleWebKit/537.36 (KHTML, like Gecko) Chrome/137.0.7151.103 Mobile Safari/537.36 (compatible; Googlebot/2.1; +http://www.google.com/bot.html)"
66.249.74.78 - - [05/Jul/2025:13:06:35 -0400] "GET /q-~97JJ7vWtlLDjUE1p3XI5VTicMybPcl0K29540/ HTTP/1.1" 404 1251 "-" "Mozilla/5.0 (Linux; Android 6.0.1; Nexus 5X Build/MMB29P) AppleWebKit/537.36 (KHTML, like Gecko) Chrome/137.0.7151.103 Mobile Safari/537.36 (compatible; Googlebot/2.1; +http://www.google.com/bot.html)"
66.249.74.78 - - [05/Jul/2025:13:08:50 -0400] "GET /items/rtbdl271/9349?key=prospect HTTP/1.1" 404 1251 "-" "Mozilla/5.0 (Linux; Android 6.0.1; Nexus 5X Build/MMB29P) AppleWebKit/537.36 (KHTML, like Gecko) Chrome/137.0.7151.103 Mobile Safari/537.36 (compatible; Googlebot/2.1; +http://www.google.com/bot.html)"
66.249.74.65 - - [05/Jul/2025:13:09:25 -0400] "GET /q-~182MDsg0HYO2zQuUytQb5XwS62y0aEhtg33923/ HTTP/1.1" 404 1251 "-" "Mozilla/5.0 (Linux; Android 6.0.1; Nexus 5X Build/MMB29P) AppleWebKit/537.36 (KHTML, like Gecko) Chrome/137.0.7151.103 Mobile Safari/537.36 (compatible; GoogleOther)"
66.249.74.64 - - [05/Jul/2025:13:09:48 -0400] "GET /q-~147ZnCpxrZ1avBOXpdqFDCZcoNjMuzonc27432/ HTTP/1.1" 404 1251 "-" "Mozilla/5.0 (Linux; Android 6.0.1; Nexus 5X Build/MMB29P) AppleWebKit/537.36 (KHTML, like Gecko) Chrome/137.0.7151.103 Mobile Safari/537.36 (compatible; GoogleOther)"
66.249.74.78 - - [05/Jul/2025:13:10:36 -0400] "GET /q-~206N0wHbNaS0ShmvkH5LMU047jUwooaRz36501/ HTTP/1.1" 404 1251 "-" "Mozilla/5.0 (Linux; Android 6.0.1; Nexus 5X Build/MMB29P) AppleWebKit/537.36 (KHTML, like Gecko) Chrome/137.0.7151.103 Mobile Safari/537.36 (compatible; Googlebot/2.1; +http://www.google.com/bot.html)"
66.249.74.64 - - [05/Jul/2025:13:10:48 -0400] "GET /q-~236gDv8g6mhth7TzWH8oPeuJEZK0DiCDO18983/ HTTP/1.1" 404 1251 "-" "Mozilla/5.0 (Linux; Android 6.0.1; Nexus 5X Build/MMB29P) AppleWebKit/537.36 (KHTML, like Gecko) Chrome/137.0.7151.103 Mobile Safari/537.36 (compatible; Googlebot/2.1; +http://www.google.com/bot.html)"
66.249.74.64 - - [05/Jul/2025:13:11:32 -0400] "GET /q-~90hJAJAhdmZXBUfUhBKLljVJSceNulAd12393/ HTTP/1.1" 404 1251 "-" "Mozilla/5.0 (compatible; Googlebot/2.1; +http://www.google.com/bot.html)"
66.249.74.78 - - [05/Jul/2025:13:11:50 -0400] "GET /q-~240Bjlkli2xY22oEntYnGirYjDEC0f2vJ45775/ HTTP/1.1" 404 1251 "-" "Mozilla/5.0 (compatible; Googlebot/2.1; +http://www.google.com/bot.html)"
66.249.75.4 - - [05/Jul/2025:13:12:00 -0400] "GET /q-~12ipIRBCtwr28L4M8Wptr1DWzd3eDpQc31119/ HTTP/1.1" 404 1251 "-" "Mozilla/5.0 (Linux; Android 6.0.1; Nexus 5X Build/MMB29P) AppleWebKit/537.36 (KHTML, like Gecko) Chrome/137.0.7151.103 Mobile Safari/537.36 (compatible; Googlebot/2.1; +http://www.google.com/bot.html)"
35.87.205.207 - - [05/Jul/2025:13:12:08 -0400] "GET / HTTP/1.1" 200 1470 "-" "Mozilla/5.0 (Linux; Android 9; motorola one vision) AppleWebKit/537.36 (KHTML, like Gecko) Chrome/76.0.3809.111 Mobile Safari/537.36"
35.87.205.207 - - [05/Jul/2025:13:12:18 -0400] "GET /_autoindex/assets/js/tablesort.number.js HTTP/1.1" 200 322 "-" "SonyEricssonW995/R1EA Profile/MIDP-2.1 Configuration/CLDC-1.1 UNTRUSTED/1.0"
35.87.205.207 - - [05/Jul/2025:13:12:22 -0400] "GET /_autoindex/assets/js/tablesort.js HTTP/1.1" 200 2137 "-" "Mozilla/5.0 (X11; Linux i686) AppleWebKit/537.36 (KHTML, like Gecko) Ubuntu Chromium/65.0.3325.181 Chrome/65.0.3325.181 Safari/537.36"
66.249.74.78 - - [05/Jul/2025:13:12:55 -0400] "GET /q-~33G0pne6C8nDcPyKtTXgPWA9A86hGiOZ32088/ HTTP/1.1" 404 1251 "-" "Mozilla/5.0 (compatible; Googlebot/2.1; +http://www.google.com/bot.html)"
66.249.74.78 - - [05/Jul/2025:13:13:26 -0400] "GET /q-~168nlY5U6GpsKxZfZeMK4PxOJ7ATn998y29635/ HTTP/1.1" 404 1251 "-" "Mozilla/5.0 (Linux; Android 6.0.1; Nexus 5X Build/MMB29P) AppleWebKit/537.36 (KHTML, like Gecko) Chrome/137.0.7151.103 Mobile Safari/537.36 (compatible; Googlebot/2.1; +http://www.google.com/bot.html)"
66.249.74.64 - - [05/Jul/2025:13:13:52 -0400] "GET /items/yglmx149/18395?key=which HTTP/1.1" 404 1251 "-" "Mozilla/5.0 (compatible; Googlebot/2.1; +http://www.google.com/bot.html)"
66.249.74.78 - - [05/Jul/2025:13:14:32 -0400] "GET /items/kcwoe291/49609?key=idea HTTP/1.1" 404 1251 "-" "Mozilla/5.0 (Linux; Android 6.0.1; Nexus 5X Build/MMB29P) AppleWebKit/537.36 (KHTML, like Gecko) Chrome/137.0.7151.103 Mobile Safari/537.36 (compatible; GoogleOther)"
66.249.73.71 - - [05/Jul/2025:13:14:36 -0400] "GET /zhHant/product/surugaya/m39473242920?campaign_uid=f64d716db5e979ed2f947dbaf4296895b951ae7f HTTP/1.1" 404 1251 "-" "Mozilla/5.0 (Linux; Android 6.0.1; Nexus 5X Build/MMB29P) AppleWebKit/537.36 (KHTML, like Gecko) Chrome/137.0.7151.103 Mobile Safari/537.36 (compatible; Googlebot/2.1; +http://www.google.com/bot.html)"
66.249.74.78 - - [05/Jul/2025:13:14:42 -0400] "GET /q-~280R6T6ewIJLczdYqNFSsnvoXqMjOWXtm38055/ HTTP/1.1" 404 1251 "-" "Mozilla/5.0 (Linux; Android 6.0.1; Nexus 5X Build/MMB29P) AppleWebKit/537.36 (KHTML, like Gecko) Chrome/137.0.7151.103 Mobile Safari/537.36 (compatible; Googlebot/2.1; +http://www.google.com/bot.html)"
66.249.74.64 - - [05/Jul/2025:13:14:44 -0400] "GET /q-~280R6T6ewIJLczdYqNFSsnvoXqMjOWXtm38055/ HTTP/1.1" 404 1251 "-" "Mozilla/5.0 (compatible; Googlebot/2.1; +http://www.google.com/bot.html)"
66.249.74.78 - - [05/Jul/2025:13:14:54 -0400] "GET /items/nnzmc272/17448?key=these HTTP/1.1" 404 1251 "-" "Mozilla/5.0 (compatible; Googlebot/2.1; +http://www.google.com/bot.html)"
66.249.74.78 - - [05/Jul/2025:13:14:54 -0400] "GET /items/nnzmc272/17448?key=these HTTP/1.1" 404 1251 "-" "Mozilla/5.0 (Linux; Android 6.0.1; Nexus 5X Build/MMB29P) AppleWebKit/537.36 (KHTML, like Gecko) Chrome/137.0.7151.103 Mobile Safari/537.36 (compatible; Googlebot/2.1; +http://www.google.com/bot.html)"
66.249.74.65 - - [05/Jul/2025:13:15:36 -0400] "GET /items/zurgf220/17116?key=wrong HTTP/1.1" 404 1251 "-" "Mozilla/5.0 (Linux; Android 6.0.1; Nexus 5X Build/MMB29P) AppleWebKit/537.36 (KHTML, like Gecko) Chrome/137.0.7151.103 Mobile Safari/537.36 (compatible; Googlebot/2.1; +http://www.google.com/bot.html)"
66.249.74.64 - - [05/Jul/2025:13:15:51 -0400] "GET /items/rucsw280/5662?key=react HTTP/1.1" 404 1251 "-" "Mozilla/5.0 (Linux; Android 6.0.1; Nexus 5X Build/MMB29P) AppleWebKit/537.36 (KHTML, like Gecko) Chrome/137.0.7151.103 Mobile Safari/537.36 (compatible; GoogleOther)"
135.125.181.14 - - [05/Jul/2025:13:16:24 -0400] "GET /xmlrpc.php HTTP/1.1" 403 1242 "http://nas-yemen.org" "Mozilla/5.0 (Macintosh; Intel Mac OS X 14_4_1) AppleWebKit/605.1.15 (KHTML, like Gecko) Version/17.3.1 Safari/605.1.15"
66.249.74.78 - - [05/Jul/2025:13:16:29 -0400] "GET /q-~294gYRvBbcpVcTPXwwU5OXAuHWC1QEcyz6477/ HTTP/1.1" 404 1251 "-" "Mozilla/5.0 (compatible; Googlebot/2.1; +http://www.google.com/bot.html)"
66.29.146.47 - - [05/Jul/2025:13:16:31 -0400] "POST /wp-cron.php?doing_wp_cron=1751735790.8696019649505615234375 HTTP/1.1" 403 1242 "-" "WordPress/6.8; https://nas-yemen.org"
135.125.181.14 - - [05/Jul/2025:13:16:24 -0400] "POST /wp-login.php HTTP/1.1" 200 2097 "https://nas-yemen.org" "Mozilla/5.0 (Macintosh; Intel Mac OS X 10_15_7; rv:127.0) Gecko/20100101 Firefox/127.0"
47.82.60.2 - - [05/Jul/2025:13:16:40 -0400] "GET /sig.html HTTP/1.1" 200 964 "https://nas-yemen.org/sig.html" "Mozilla/5.0 (Windows NT 10.0; Win64; x64) AppleWebKit/537.36 (KHTML, like Gecko) Chrome/114.0.0.0 Safari/537.36 Edg/114.0.1823.43"
51.68.236.73 - - [05/Jul/2025:13:17:30 -0400] "GET /robots.txt HTTP/1.1" 304 0 "-" "-"
51.68.236.73 - - [05/Jul/2025:13:17:31 -0400] "GET / HTTP/1.1" 200 1470 "-" "-"
51.68.236.73 - - [05/Jul/2025:13:17:32 -0400] "GET /robots.txt HTTP/1.1" 200 108 "-" "-"
66.249.74.65 - - [05/Jul/2025:13:17:32 -0400] "GET /q-~164JJnIMCAwnKOYuwodfegX6iUfZx2pwU47347/ HTTP/1.1" 404 1251 "-" "Mozilla/5.0 (Linux; Android 6.0.1; Nexus 5X Build/MMB29P) AppleWebKit/537.36 (KHTML, like Gecko) Chrome/137.0.7151.103 Mobile Safari/537.36 (compatible; Googlebot/2.1; +http://www.google.com/bot.html)"
51.68.236.73 - - [05/Jul/2025:13:17:32 -0400] "GET / HTTP/1.1" 200 1473 "-" "-"
66.249.74.64 - - [05/Jul/2025:13:17:36 -0400] "GET /q-~251R8tW2IjxuTj7ScprfiiyPROX2829IN24054/ HTTP/1.1" 404 1251 "-" "Mozilla/5.0 (Linux; Android 6.0.1; Nexus 5X Build/MMB29P) AppleWebKit/537.36 (KHTML, like Gecko) Chrome/137.0.7151.103 Mobile Safari/537.36 (compatible; Googlebot/2.1; +http://www.google.com/bot.html)"
66.249.74.78 - - [05/Jul/2025:13:17:38 -0400] "GET /q-~97d5Cpr0mhhwrGuRd1pm7s0s1SN9GlYE48184/ HTTP/1.1" 404 1251 "-" "Mozilla/5.0 (Linux; Android 6.0.1; Nexus 5X Build/MMB29P) AppleWebKit/537.36 (KHTML, like Gecko) Chrome/137.0.7151.103 Mobile Safari/537.36 (compatible; Googlebot/2.1; +http://www.google.com/bot.html)"
66.249.74.78 - - [05/Jul/2025:13:17:46 -0400] "GET /q-~5PPoniUvzdQsWcE5xFE67GrQJDVKmAD28552/ HTTP/1.1" 404 1251 "-" "Mozilla/5.0 (Linux; Android 6.0.1; Nexus 5X Build/MMB29P) AppleWebKit/537.36 (KHTML, like Gecko) Chrome/137.0.7151.103 Mobile Safari/537.36 (compatible; Googlebot/2.1; +http://www.google.com/bot.html)"
66.249.74.65 - - [05/Jul/2025:13:19:17 -0400] "GET /q-~255wNyOtfERxcBEG0cQSyJUez0PaTTpZn22900/ HTTP/1.1" 404 1251 "-" "Mozilla/5.0 (Linux; Android 6.0.1; Nexus 5X Build/MMB29P) AppleWebKit/537.36 (KHTML, like Gecko) Chrome/137.0.7151.103 Mobile Safari/537.36 (compatible; GoogleOther)"
47.82.60.27 - - [05/Jul/2025:13:21:26 -0400] "GET /items/ggelr274/25414?key=cooperation HTTP/1.1" 404 1251 "https://nas-yemen.org/items/ggelr274/25414?key=cooperation" "Mozilla/5.0 (Windows NT 10.0; Win64; x64) AppleWebKit/537.36 (KHTML, like Gecko) Chrome/114.0.0.0 Safari/537.36 Edg/114.0.1823.43"
66.249.74.64 - - [05/Jul/2025:13:22:17 -0400] "GET /q-~56Zctceh2zOLzlzkDaX4dK0veQgrfTqZ32957/ HTTP/1.1" 404 1251 "-" "Mozilla/5.0 (Linux; Android 6.0.1; Nexus 5X Build/MMB29P) AppleWebKit/537.36 (KHTML, like Gecko) Chrome/137.0.7151.103 Mobile Safari/537.36 (compatible; GoogleOther)"
66.249.74.65 - - [05/Jul/2025:13:22:19 -0400] "GET /q-~232M6ips2bGmkwBDKF49UQhrN0V3FKKsQ7353/ HTTP/1.1" 404 1251 "-" "Mozilla/5.0 (Linux; Android 6.0.1; Nexus 5X Build/MMB29P) AppleWebKit/537.36 (KHTML, like Gecko) Chrome/137.0.7151.103 Mobile Safari/537.36 (compatible; Googlebot/2.1; +http://www.google.com/bot.html)"
66.249.74.64 - - [05/Jul/2025:13:22:44 -0400] "GET /items/xvofk54/45814?key=reinforce HTTP/1.1" 404 1251 "-" "Mozilla/5.0 (Linux; Android 6.0.1; Nexus 5X Build/MMB29P) AppleWebKit/537.36 (KHTML, like Gecko) Chrome/137.0.7151.103 Mobile Safari/537.36 (compatible; Googlebot/2.1; +http://www.google.com/bot.html)"
51.222.253.13 - - [05/Jul/2025:13:23:22 -0400] "GET /?sitemap347.xml HTTP/1.1" 200 1470 "-" "Mozilla/5.0 (compatible; AhrefsBot/7.0; +http://ahrefs.com/robot/)"
66.249.74.65 - - [05/Jul/2025:13:23:22 -0400] "GET /q-~293qlnnq2B44HvxcAayTp06FhXyDn1c8Q30594/ HTTP/1.1" 404 1251 "-" "Mozilla/5.0 (compatible; Googlebot/2.1; +http://www.google.com/bot.html)"
66.249.74.64 - - [05/Jul/2025:13:23:34 -0400] "GET /q-~249jjpuYXSrQA3MBRFOGAHBSC5aLcLqGZ43652/ HTTP/1.1" 404 1251 "-" "Mozilla/5.0 (Linux; Android 6.0.1; Nexus 5X Build/MMB29P) AppleWebKit/537.36 (KHTML, like Gecko) Chrome/137.0.7151.103 Mobile Safari/537.36 (compatible; Googlebot/2.1; +http://www.google.com/bot.html)"
66.249.74.78 - - [05/Jul/2025:13:23:42 -0400] "GET /items/nxadw186/20832?key=version HTTP/1.1" 404 1251 "-" "Mozilla/5.0 (compatible; Googlebot/2.1; +http://www.google.com/bot.html)"
66.249.74.78 - - [05/Jul/2025:13:23:43 -0400] "GET /items/fkhkf164/282?key=radio HTTP/1.1" 404 1251 "-" "Mozilla/5.0 (Linux; Android 6.0.1; Nexus 5X Build/MMB29P) AppleWebKit/537.36 (KHTML, like Gecko) Chrome/137.0.7151.103 Mobile Safari/537.36 (compatible; Googlebot/2.1; +http://www.google.com/bot.html)"
66.249.74.78 - - [05/Jul/2025:13:23:46 -0400] "GET /q-~20ODIQPU3A9989tTYUcGjkZJ7k6TA2Xl7593/ HTTP/1.1" 404 1251 "-" "Mozilla/5.0 (Linux; Android 6.0.1; Nexus 5X Build/MMB29P) AppleWebKit/537.36 (KHTML, like Gecko) Chrome/137.0.7151.103 Mobile Safari/537.36 (compatible; Googlebot/2.1; +http://www.google.com/bot.html)"
66.249.74.78 - - [05/Jul/2025:13:23:55 -0400] "GET /q-~174fuAUQguDwc54mfW0Ifny1gZOCqliJS5235/ HTTP/1.1" 404 1251 "-" "Mozilla/5.0 (compatible; Googlebot/2.1; +http://www.google.com/bot.html)"
66.249.74.78 - - [05/Jul/2025:13:24:01 -0400] "GET /q-~122bUAXP0HfYtiURjlrAiQRxCxeLTgXsk33995/ HTTP/1.1" 404 1251 "-" "Mozilla/5.0 (Linux; Android 6.0.1; Nexus 5X Build/MMB29P) AppleWebKit/537.36 (KHTML, like Gecko) Chrome/137.0.7151.103 Mobile Safari/537.36 (compatible; GoogleOther)"
66.249.74.78 - - [05/Jul/2025:13:24:15 -0400] "GET /q-~142b53tsxAlC7K9PPMUTXQik319v5I3mq36679/ HTTP/1.1" 404 1251 "-" "Mozilla/5.0 (compatible; Googlebot/2.1; +http://www.google.com/bot.html)"
66.249.74.78 - - [05/Jul/2025:13:24:16 -0400] "GET /q-~173k7O9L98pXwGvQzbP3ovZPCy6MImAwP21646/ HTTP/1.1" 404 1251 "-" "Mozilla/5.0 (compatible; Googlebot/2.1; +http://www.google.com/bot.html)"
66.249.74.78 - - [05/Jul/2025:13:24:21 -0400] "GET /items/zyfqh198/47430?key=helicopter HTTP/1.1" 404 1251 "-" "Mozilla/5.0 (Linux; Android 6.0.1; Nexus 5X Build/MMB29P) AppleWebKit/537.36 (KHTML, like Gecko) Chrome/137.0.7151.103 Mobile Safari/537.36 (compatible; Googlebot/2.1; +http://www.google.com/bot.html)"
66.249.74.78 - - [05/Jul/2025:13:24:41 -0400] "GET /items/lqnzv266/43904?key=respectively HTTP/1.1" 404 1251 "-" "Mozilla/5.0 (Linux; Android 6.0.1; Nexus 5X Build/MMB29P) AppleWebKit/537.36 (KHTML, like Gecko) Chrome/137.0.7151.103 Mobile Safari/537.36 (compatible; Googlebot/2.1; +http://www.google.com/bot.html)"
66.249.74.78 - - [05/Jul/2025:13:25:05 -0400] "GET /q-~107zLH5HmPKI74i6ejHLPBJlaEfLqjsEb8852/ HTTP/1.1" 404 1251 "-" "Mozilla/5.0 (compatible; Googlebot/2.1; +http://www.google.com/bot.html)"
66.249.74.78 - - [05/Jul/2025:13:25:40 -0400] "GET /q-~287i1Fh3ihRFcrRPVPn5Ed5jTfynfp0Nq9216/ HTTP/1.1" 404 1251 "-" "Mozilla/5.0 (compatible; Googlebot/2.1; +http://www.google.com/bot.html)"
66.249.74.64 - - [05/Jul/2025:13:25:43 -0400] "GET /items/ykshg252/19650?key=combination HTTP/1.1" 404 1251 "-" "Mozilla/5.0 (compatible; Googlebot/2.1; +http://www.google.com/bot.html)"
66.249.74.64 - - [05/Jul/2025:13:26:29 -0400] "GET /q-~176BXAycKt9AWpIbXMoG7mlw1oGvSzifF48707/ HTTP/1.1" 404 1251 "-" "Mozilla/5.0 (compatible; Googlebot/2.1; +http://www.google.com/bot.html)"
66.249.74.64 - - [05/Jul/2025:13:26:35 -0400] "GET /q-~158SFpHBUVUi2JAjfu7DvBz7JFIfyndTv8277/ HTTP/1.1" 404 1251 "-" "Mozilla/5.0 (Linux; Android 6.0.1; Nexus 5X Build/MMB29P) AppleWebKit/537.36 (KHTML, like Gecko) Chrome/137.0.7151.103 Mobile Safari/537.36 (compatible; Googlebot/2.1; +http://www.google.com/bot.html)"
66.249.74.64 - - [05/Jul/2025:13:27:35 -0400] "GET /q-~263mtpy5C7jThF9BYWSCD32OlTOdniSDj15074/ HTTP/1.1" 404 1251 "-" "Mozilla/5.0 (Linux; Android 6.0.1; Nexus 5X Build/MMB29P) AppleWebKit/537.36 (KHTML, like Gecko) Chrome/137.0.7151.103 Mobile Safari/537.36 (compatible; Googlebot/2.1; +http://www.google.com/bot.html)"
66.249.74.64 - - [05/Jul/2025:13:28:43 -0400] "GET /q-~143hk9AP7YybkP8dU9RimaEZdNsdcppCJ39220/ HTTP/1.1" 404 1251 "-" "Mozilla/5.0 (Linux; Android 6.0.1; Nexus 5X Build/MMB29P) AppleWebKit/537.36 (KHTML, like Gecko) Chrome/137.0.7151.103 Mobile Safari/537.36 (compatible; GoogleOther)"
2400:6ea0:0:1248::a4b5 - - [05/Jul/2025:13:28:46 -0400] "GET /xmlrpc.php HTTP/1.1" 403 1242 "http://nas-yemen.org" "Mozilla/5.0 (Macintosh; Intel Mac OS X 10_15_7; rv:126.0) Gecko/20100101 Firefox/126.0"
66.29.146.47 - - [05/Jul/2025:13:28:52 -0400] "POST /wp-cron.php?doing_wp_cron=1751736532.1932389736175537109375 HTTP/1.1" 403 1242 "-" "WordPress/6.8; https://nas-yemen.org"
2400:6ea0:0:1248::a4b5 - - [05/Jul/2025:13:28:47 -0400] "POST /wp-login.php HTTP/1.1" 200 2097 "https://nas-yemen.org" "Mozilla/5.0 (Macintosh; Intel Mac OS X 13.3; rv:126.0) Gecko/20100101 Firefox/126.0"
2a03:2880:f800:7:: - - [05/Jul/2025:13:29:19 -0400] "GET /wp-includes/html-api/html5-named-character-references.php HTTP/1.1" 403 1242 "-" "meta-externalagent/1.1 (+https://developers.facebook.com/docs/sharing/webmasters/crawler)"
66.249.74.65 - - [05/Jul/2025:13:30:17 -0400] "GET /q-~144m7OZDZB45nds06KwHv42tFQiGupbcY30903/ HTTP/1.1" 404 1251 "-" "Mozilla/5.0 (Linux; Android 6.0.1; Nexus 5X Build/MMB29P) AppleWebKit/537.36 (KHTML, like Gecko) Chrome/137.0.7151.103 Mobile Safari/537.36 (compatible; Googlebot/2.1; +http://www.google.com/bot.html)"
66.249.74.64 - - [05/Jul/2025:13:30:22 -0400] "GET /q-~174E01yeUrdGHWS1ohU3gPGkqEqafIBJS5319/ HTTP/1.1" 404 1251 "-" "Mozilla/5.0 (Linux; Android 6.0.1; Nexus 5X Build/MMB29P) AppleWebKit/537.36 (KHTML, like Gecko) Chrome/137.0.7151.103 Mobile Safari/537.36 (compatible; Googlebot/2.1; +http://www.google.com/bot.html)"
66.249.74.78 - - [05/Jul/2025:13:30:51 -0400] "GET /q-~112r5BFid7poKsKpNgyHQgvuzQOxOKhvO26717/ HTTP/1.1" 404 1251 "-" "Mozilla/5.0 (compatible; Googlebot/2.1; +http://www.google.com/bot.html)"
66.249.74.78 - - [05/Jul/2025:13:31:27 -0400] "GET /q-~258pxPKRvgcWrCrNtOS0sIwUA959NBCdm7171/ HTTP/1.1" 404 1251 "-" "Mozilla/5.0 (compatible; Googlebot/2.1; +http://www.google.com/bot.html)"
66.249.73.65 - - [05/Jul/2025:13:31:29 -0400] "GET /q-~12tdJjLFlw2b69np5SxGzSe61CfIMO0W43727/ HTTP/1.1" 404 1251 "-" "Mozilla/5.0 (Linux; Android 6.0.1; Nexus 5X Build/MMB29P) AppleWebKit/537.36 (KHTML, like Gecko) Chrome/137.0.7151.103 Mobile Safari/537.36 (compatible; Googlebot/2.1; +http://www.google.com/bot.html)"
66.249.74.65 - - [05/Jul/2025:13:32:09 -0400] "GET /q-~50EyXC8kSuScRGWvZEEZrSSnKvcXbd8t24747/ HTTP/1.1" 404 1251 "-" "Mozilla/5.0 (Linux; Android 6.0.1; Nexus 5X Build/MMB29P) AppleWebKit/537.36 (KHTML, like Gecko) Chrome/137.0.7151.103 Mobile Safari/537.36 (compatible; Googlebot/2.1; +http://www.google.com/bot.html)"
66.249.74.78 - - [05/Jul/2025:13:32:28 -0400] "GET /q-~53uRi2lRBqTqQmQzfzuVF47xVLZZDsmL43068/ HTTP/1.1" 404 1251 "-" "Mozilla/5.0 (compatible; Googlebot/2.1; +http://www.google.com/bot.html)"
66.249.74.78 - - [05/Jul/2025:13:32:49 -0400] "GET /q-~231mF9DAh61uq74W6q3lj0biKYBtWrlez42802/ HTTP/1.1" 404 1251 "-" "Mozilla/5.0 (Linux; Android 6.0.1; Nexus 5X Build/MMB29P) AppleWebKit/537.36 (KHTML, like Gecko) Chrome/137.0.7151.103 Mobile Safari/537.36 (compatible; Googlebot/2.1; +http://www.google.com/bot.html)"
66.249.74.78 - - [05/Jul/2025:13:33:17 -0400] "GET /q-~232whuNRyBw0ajDaAAjD0Dh9wzfVVlLlF45619/ HTTP/1.1" 404 1251 "-" "Mozilla/5.0 (Linux; Android 6.0.1; Nexus 5X Build/MMB29P) AppleWebKit/537.36 (KHTML, like Gecko) Chrome/137.0.7151.103 Mobile Safari/537.36 (compatible; Googlebot/2.1; +http://www.google.com/bot.html)"
66.249.74.78 - - [05/Jul/2025:13:33:29 -0400] "GET /q-~296ML2U5FDBVG6ctk53d3gDxVpbZIpDPn45111/ HTTP/1.1" 404 1251 "-" "Mozilla/5.0 (Linux; Android 6.0.1; Nexus 5X Build/MMB29P) AppleWebKit/537.36 (KHTML, like Gecko) Chrome/137.0.7151.103 Mobile Safari/537.36 (compatible; GoogleOther)"
66.249.74.78 - - [05/Jul/2025:13:33:40 -0400] "GET /q-~26q28XOHPIYSXawIUCwNriuHVLxet7ji47849/ HTTP/1.1" 404 1251 "-" "Mozilla/5.0 (compatible; Googlebot/2.1; +http://www.google.com/bot.html)"
216.73.216.220 - - [05/Jul/2025:13:34:04 -0400] "GET / HTTP/1.1" 200 1470 "-" "Mozilla/5.0 AppleWebKit/537.36 (KHTML, like Gecko; compatible; ClaudeBot/1.0; [email protected])"
66.249.74.72 - - [05/Jul/2025:13:34:06 -0400] "GET /q-~186nCzB8nhnJC7BoPiUX3twUKrKUSdEaZ38737/ HTTP/1.1" 404 1251 "-" "Mozilla/5.0 (Linux; Android 6.0.1; Nexus 5X Build/MMB29P) AppleWebKit/537.36 (KHTML, like Gecko) Chrome/137.0.7151.103 Mobile Safari/537.36 (compatible; Googlebot/2.1; +http://www.google.com/bot.html)"
2a03:2880:f800:d:: - - [05/Jul/2025:13:34:10 -0400] "GET /?sitemap946.xml HTTP/1.1" 200 1470 "-" "meta-externalagent/1.1 (+https://developers.facebook.com/docs/sharing/webmasters/crawler)"
66.249.74.72 - - [05/Jul/2025:13:35:09 -0400] "GET /q-~130H4DNtmqwPPbFUfALTue7ySEGl741VJ46573/ HTTP/1.1" 404 1251 "-" "Mozilla/5.0 (Linux; Android 6.0.1; Nexus 5X Build/MMB29P) AppleWebKit/537.36 (KHTML, like Gecko) Chrome/137.0.7151.103 Mobile Safari/537.36 (compatible; GoogleOther)"
50.6.152.191 - - [05/Jul/2025:13:35:09 -0400] "GET /xmlrpc.php HTTP/1.1" 403 1242 "http://nas-yemen.org/xmlrpc.php" "Mozilla/5.0 (X11; Ubuntu; Linux x86_64; rv:85.0) Gecko/20100101 Firefox/91.0"
66.249.74.73 - - [05/Jul/2025:13:36:56 -0400] "GET /items/gnvdk173/4821?key=merchant HTTP/1.1" 404 1251 "-" "Mozilla/5.0 (compatible; Googlebot/2.1; +http://www.google.com/bot.html)"
66.249.74.71 - - [05/Jul/2025:13:38:47 -0400] "GET /q-~154eVRlxpEpUvOxe96z2zStPuxkm1Z77b10965/ HTTP/1.1" 404 1251 "-" "Mozilla/5.0 (Linux; Android 6.0.1; Nexus 5X Build/MMB29P) AppleWebKit/537.36 (KHTML, like Gecko) Chrome/137.0.7151.103 Mobile Safari/537.36 (compatible; Googlebot/2.1; +http://www.google.com/bot.html)"
66.249.74.72 - - [05/Jul/2025:13:39:09 -0400] "GET /items/qtknm129/29279?key=effort HTTP/1.1" 404 1251 "-" "Mozilla/5.0 (Linux; Android 6.0.1; Nexus 5X Build/MMB29P) AppleWebKit/537.36 (KHTML, like Gecko) Chrome/137.0.7151.103 Mobile Safari/537.36 (compatible; Googlebot/2.1; +http://www.google.com/bot.html)"
66.249.74.71 - - [05/Jul/2025:13:40:48 -0400] "GET /q-~4cV88QuaPunmfeuedYCRNsECwJaF74x1429/ HTTP/1.1" 404 1251 "-" "Mozilla/5.0 (compatible; Googlebot/2.1; +http://www.google.com/bot.html)"
198.244.233.124 - - [05/Jul/2025:13:41:23 -0400] "GET /xmlrpc.php HTTP/1.1" 403 1242 "http://nas-yemen.org" "Mozilla/5.0 (Macintosh; Intel Mac OS X 13.3; rv:126.0) Gecko/20100101 Firefox/126.0"
66.249.74.73 - - [05/Jul/2025:13:41:27 -0400] "GET /q-~222WiHiuAwLi24KaHd8CNqiHR2n827ssv40979/ HTTP/1.1" 404 1251 "-" "Mozilla/5.0 (compatible; Googlebot/2.1; +http://www.google.com/bot.html)"
198.244.233.124 - - [05/Jul/2025:13:41:24 -0400] "POST /wp-login.php HTTP/1.1" 200 0 "https://nas-yemen.org" "Mozilla/5.0 (Macintosh; Intel Mac OS X 14.5) AppleWebKit/618.3.5 (KHTML, like Gecko) Version/17.4 Safari/618.3.5"
66.249.74.72 - - [05/Jul/2025:13:41:34 -0400] "GET /q-~55JUZgFHrcK96ugikeaOQ4stFrp7u4Lq10872/ HTTP/1.1" 404 1251 "-" "Mozilla/5.0 (Linux; Android 6.0.1; Nexus 5X Build/MMB29P) AppleWebKit/537.36 (KHTML, like Gecko) Chrome/137.0.7151.103 Mobile Safari/537.36 (compatible; GoogleOther)"
66.29.146.47 - - [05/Jul/2025:13:41:35 -0400] "POST /wp-cron.php?doing_wp_cron=1751737295.6256840229034423828125 HTTP/1.1" 403 1242 "-" "WordPress/6.8; https://nas-yemen.org"
66.249.74.71 - - [05/Jul/2025:13:41:42 -0400] "GET /q-~234pdB3UbyVuIGl0VKJtWfBfHkt4G9dvI22069/ HTTP/1.1" 404 1251 "-" "Mozilla/5.0 (Linux; Android 6.0.1; Nexus 5X Build/MMB29P) AppleWebKit/537.36 (KHTML, like Gecko) Chrome/137.0.7151.103 Mobile Safari/537.36 (compatible; Googlebot/2.1; +http://www.google.com/bot.html)"
66.249.74.72 - - [05/Jul/2025:13:42:03 -0400] "GET /items/nkbuk99/19923?key=adult HTTP/1.1" 404 1251 "-" "Mozilla/5.0 (Linux; Android 6.0.1; Nexus 5X Build/MMB29P) AppleWebKit/537.36 (KHTML, like Gecko) Chrome/137.0.7151.103 Mobile Safari/537.36 (compatible; Googlebot/2.1; +http://www.google.com/bot.html)"
66.249.74.73 - - [05/Jul/2025:13:42:06 -0400] "GET /q-~165XqrtGPASGpkVFSR5Oa594znLTamAxY32624/ HTTP/1.1" 404 1251 "-" "Mozilla/5.0 (compatible; Googlebot/2.1; +http://www.google.com/bot.html)"
66.249.74.72 - - [05/Jul/2025:13:42:17 -0400] "GET /items/ddjjs126/40162?key=rough HTTP/1.1" 404 1251 "-" "Mozilla/5.0 (compatible; Googlebot/2.1; +http://www.google.com/bot.html)"
66.249.74.71 - - [05/Jul/2025:13:42:31 -0400] "GET /items/qdgbd200/1842?key=rose HTTP/1.1" 404 1251 "-" "Mozilla/5.0 (Linux; Android 6.0.1; Nexus 5X Build/MMB29P) AppleWebKit/537.36 (KHTML, like Gecko) Chrome/137.0.7151.103 Mobile Safari/537.36 (compatible; Googlebot/2.1; +http://www.google.com/bot.html)"
34.162.17.207 - - [05/Jul/2025:13:42:35 -0400] "GET /.git/config HTTP/1.1" 403 1242 "-" "ct\xe2\x80\x91git\xe2\x80\x91scanner/0.4"
34.162.17.207 - - [05/Jul/2025:13:42:35 -0400] "GET /.git/HEAD HTTP/1.1" 403 1242 "-" "ct\xe2\x80\x91git\xe2\x80\x91scanner/0.4"
66.249.74.71 - - [05/Jul/2025:13:42:57 -0400] "GET /items/ciqun104/10950?key=important HTTP/1.1" 404 1251 "-" "Mozilla/5.0 (Linux; Android 6.0.1; Nexus 5X Build/MMB29P) AppleWebKit/537.36 (KHTML, like Gecko) Chrome/137.0.7151.103 Mobile Safari/537.36 (compatible; GoogleOther)"
66.249.74.78 - - [05/Jul/2025:13:44:13 -0400] "GET /q-~275ZEMpVxS9fxqW8NuARq7BHBQJhlrZIt27976/ HTTP/1.1" 404 1251 "-" "Mozilla/5.0 (compatible; Googlebot/2.1; +http://www.google.com/bot.html)"
66.249.74.64 - - [05/Jul/2025:13:47:32 -0400] "GET /items/sbqtm197/10665?key=ratio HTTP/1.1" 404 1251 "-" "Mozilla/5.0 (compatible; Googlebot/2.1; +http://www.google.com/bot.html)"
66.249.74.78 - - [05/Jul/2025:13:48:01 -0400] "GET /q-~156PX0332FTc1BJNLmf4h6mHWbAAi2lnn43983/ HTTP/1.1" 404 1251 "-" "Mozilla/5.0 (Linux; Android 6.0.1; Nexus 5X Build/MMB29P) AppleWebKit/537.36 (KHTML, like Gecko) Chrome/137.0.7151.103 Mobile Safari/537.36 (compatible; GoogleOther)"
66.249.74.64 - - [05/Jul/2025:13:49:03 -0400] "GET /q-~7UmcbOjPoSB9TKaqqt7gtlHuNTybGzv17926/ HTTP/1.1" 404 1251 "-" "Mozilla/5.0 (compatible; Googlebot/2.1; +http://www.google.com/bot.html)"
66.249.74.78 - - [05/Jul/2025:13:50:08 -0400] "GET /items/hegiy31/8129?key=conference HTTP/1.1" 404 1251 "-" "Mozilla/5.0 (Linux; Android 6.0.1; Nexus 5X Build/MMB29P) AppleWebKit/537.36 (KHTML, like Gecko) Chrome/137.0.7151.103 Mobile Safari/537.36 (compatible; Googlebot/2.1; +http://www.google.com/bot.html)"
66.249.74.78 - - [05/Jul/2025:13:50:17 -0400] "GET /q-~211J5Snbs5PHcdhH5kpAdenmDRWVQ4Jsh9216/ HTTP/1.1" 404 1251 "-" "Mozilla/5.0 (Linux; Android 6.0.1; Nexus 5X Build/MMB29P) AppleWebKit/537.36 (KHTML, like Gecko) Chrome/137.0.7151.103 Mobile Safari/537.36 (compatible; Googlebot/2.1; +http://www.google.com/bot.html)"
66.249.74.78 - - [05/Jul/2025:13:51:06 -0400] "GET /q-~140wK1fhU3mssJuZzTYPO4Vgbl5m4nICB33307/ HTTP/1.1" 404 1251 "-" "Mozilla/5.0 (compatible; Googlebot/2.1; +http://www.google.com/bot.html)"
66.249.73.73 - - [05/Jul/2025:13:51:15 -0400] "GET /q-~268czCR39OnY0gRfeaYGhFE7Hy1PMw6TC40059/ HTTP/1.1" 404 1251 "-" "Mozilla/5.0 (Linux; Android 6.0.1; Nexus 5X Build/MMB29P) AppleWebKit/537.36 (KHTML, like Gecko) Chrome/137.0.7151.103 Mobile Safari/537.36 (compatible; Googlebot/2.1; +http://www.google.com/bot.html)"
66.249.74.64 - - [05/Jul/2025:13:52:00 -0400] "GET /q-~246wbSeWITtrF35R86O8XX7IMRtqOjr3T36535/ HTTP/1.1" 404 1251 "-" "Mozilla/5.0 (Linux; Android 6.0.1; Nexus 5X Build/MMB29P) AppleWebKit/537.36 (KHTML, like Gecko) Chrome/137.0.7151.103 Mobile Safari/537.36 (compatible; Googlebot/2.1; +http://www.google.com/bot.html)"
2406:30c0:0:66:be24:11ff:fe2e:3b02 - - [05/Jul/2025:13:52:23 -0400] "GET /xmlrpc.php HTTP/1.1" 403 1242 "http://nas-yemen.org/xmlrpc.php" "Mozilla/5.0 (X11; Ubuntu; Linux x86_64; rv:85.0) Gecko/20100101 Firefox/91.0"
2a03:2880:f800:: - - [05/Jul/2025:13:52:33 -0400] "GET /wp-includes/html-api/class-wp-html-active-formatting-elements.php HTTP/1.1" 403 1242 "-" "meta-externalagent/1.1 (+https://developers.facebook.com/docs/sharing/webmasters/crawler)"
66.249.74.65 - - [05/Jul/2025:13:53:15 -0400] "GET /q-~204IGkRW7BkqJZmxgGEb0wmiSOLo363ZG33321/ HTTP/1.1" 404 1251 "-" "Mozilla/5.0 (Linux; Android 6.0.1; Nexus 5X Build/MMB29P) AppleWebKit/537.36 (KHTML, like Gecko) Chrome/137.0.7151.103 Mobile Safari/537.36 (compatible; Googlebot/2.1; +http://www.google.com/bot.html)"
173.247.245.44 - - [05/Jul/2025:13:53:34 -0400] "GET /xmlrpc.php HTTP/1.1" 403 1242 "http://nas-yemen.org" "Mozilla/5.0 (Windows NT 10.0; Win64; x64; rv:126.0) Gecko/20100101 Firefox/126.0"
66.29.146.47 - - [05/Jul/2025:13:53:39 -0400] "POST /wp-cron.php?doing_wp_cron=1751738019.2254979610443115234375 HTTP/1.1" 403 1242 "-" "WordPress/6.8; https://nas-yemen.org"
173.247.245.44 - - [05/Jul/2025:13:53:35 -0400] "POST /wp-login.php HTTP/1.1" 200 2097 "https://nas-yemen.org" "Mozilla/5.0 (Macintosh; Intel Mac OS X 13.3; rv:126.0) Gecko/20100101 Firefox/126.0"
66.249.74.64 - - [05/Jul/2025:13:53:43 -0400] "GET /q-~202pnMAof1cQllL0ypHoJSoZ6i4zjdf1L46729/ HTTP/1.1" 404 1251 "-" "Mozilla/5.0 (Linux; Android 6.0.1; Nexus 5X Build/MMB29P) AppleWebKit/537.36 (KHTML, like Gecko) Chrome/137.0.7151.103 Mobile Safari/537.36 (compatible; Googlebot/2.1; +http://www.google.com/bot.html)"
66.249.74.78 - - [05/Jul/2025:13:54:25 -0400] "GET /q-~122coOWz8LFQ3phwbtDQTG00pGLO4ifIA26003/ HTTP/1.1" 404 1251 "-" "Mozilla/5.0 (Linux; Android 6.0.1; Nexus 5X Build/MMB29P) AppleWebKit/537.36 (KHTML, like Gecko) Chrome/137.0.7151.103 Mobile Safari/537.36 (compatible; GoogleOther)"
66.249.74.78 - - [05/Jul/2025:13:55:28 -0400] "GET /q-~271l2P5aLGpHk6sXn4jq9PietkjrzmiHX3112/ HTTP/1.1" 404 1251 "-" "Mozilla/5.0 (Linux; Android 6.0.1; Nexus 5X Build/MMB29P) AppleWebKit/537.36 (KHTML, like Gecko) Chrome/137.0.7151.103 Mobile Safari/537.36 (compatible; Googlebot/2.1; +http://www.google.com/bot.html)"
66.249.74.78 - - [05/Jul/2025:13:55:46 -0400] "GET /items/lysab167/49623?key=tendency HTTP/1.1" 404 1251 "-" "Mozilla/5.0 (Linux; Android 6.0.1; Nexus 5X Build/MMB29P) AppleWebKit/537.36 (KHTML, like Gecko) Chrome/137.0.7151.103 Mobile Safari/537.36 (compatible; Googlebot/2.1; +http://www.google.com/bot.html)"
66.249.74.78 - - [05/Jul/2025:13:55:50 -0400] "GET /q-~81fuSHXrxqV7lbZWtQAZighcWQRVHe3K10956/ HTTP/1.1" 404 1251 "-" "Mozilla/5.0 (Linux; Android 6.0.1; Nexus 5X Build/MMB29P) AppleWebKit/537.36 (KHTML, like Gecko) Chrome/137.0.7151.103 Mobile Safari/537.36 (compatible; Googlebot/2.1; +http://www.google.com/bot.html)"
66.249.74.64 - - [05/Jul/2025:13:57:01 -0400] "GET /q-~71LKkIwag8yi1v1RUVf5B6uvyFDhPyYE47186/ HTTP/1.1" 404 1251 "-" "Mozilla/5.0 (compatible; Googlebot/2.1; +http://www.google.com/bot.html)"
66.249.74.64 - - [05/Jul/2025:13:57:17 -0400] "GET /q-~75wN9asrc2Ytc0sV3M1dXPL38smo5Dnb18178/ HTTP/1.1" 404 1251 "-" "Mozilla/5.0 (Linux; Android 6.0.1; Nexus 5X Build/MMB29P) AppleWebKit/537.36 (KHTML, like Gecko) Chrome/137.0.7151.103 Mobile Safari/537.36 (compatible; Googlebot/2.1; +http://www.google.com/bot.html)"
66.249.74.78 - - [05/Jul/2025:13:57:36 -0400] "GET /items/mtigh254/27238?key=human HTTP/1.1" 404 1251 "-" "Mozilla/5.0 (Linux; Android 6.0.1; Nexus 5X Build/MMB29P) AppleWebKit/537.36 (KHTML, like Gecko) Chrome/137.0.7151.103 Mobile Safari/537.36 (compatible; Googlebot/2.1; +http://www.google.com/bot.html)"
66.249.74.78 - - [05/Jul/2025:13:57:45 -0400] "GET /items/tgovd148/10182?key=bridge HTTP/1.1" 404 1251 "-" "Mozilla/5.0 (Linux; Android 6.0.1; Nexus 5X Build/MMB29P) AppleWebKit/537.36 (KHTML, like Gecko) Chrome/137.0.7151.103 Mobile Safari/537.36 (compatible; Googlebot/2.1; +http://www.google.com/bot.html)"
66.249.74.65 - - [05/Jul/2025:13:58:53 -0400] "GET /items/uhwly176/19724?key=football HTTP/1.1" 404 1251 "-" "Mozilla/5.0 (Linux; Android 6.0.1; Nexus 5X Build/MMB29P) AppleWebKit/537.36 (KHTML, like Gecko) Chrome/137.0.7151.103 Mobile Safari/537.36 (compatible; Googlebot/2.1; +http://www.google.com/bot.html)"
66.249.74.64 - - [05/Jul/2025:14:00:07 -0400] "GET /q-~173CWZOygcQf8mWCOIA7c2LH5id2K50FA6992/ HTTP/1.1" 404 1251 "-" "Mozilla/5.0 (compatible; Googlebot/2.1; +http://www.google.com/bot.html)"
66.249.74.65 - - [05/Jul/2025:14:00:11 -0400] "GET /q-~282R7pwws7WVdx5GucK6erzg3onrWOm0c10935/ HTTP/1.1" 404 1251 "-" "Mozilla/5.0 (compatible; Googlebot/2.1; +http://www.google.com/bot.html)"
40.77.167.150 - - [05/Jul/2025:14:00:39 -0400] "GET /index.php/cat-products/inaiinai/ HTTP/1.1" 404 1251 "-" "Mozilla/5.0 AppleWebKit/537.36 (KHTML, like Gecko; compatible; bingbot/2.0; +http://www.bing.com/bingbot.htm) Chrome/116.0.1938.76 Safari/537.36"
196.251.85.183 - - [05/Jul/2025:14:00:48 -0400] "GET / HTTP/1.1" 200 1470 "-" "Mozilla/5.0 (Windows NT 10.0; Win64; x64) AppleWebKit/537.36 (KHTML, like Gecko) Chrome/89.0.4389.114 Safari/537.36"
196.251.85.183 - - [05/Jul/2025:14:00:49 -0400] "GET //wp-includes/wlwmanifest.xml HTTP/1.1" 404 1251 "-" "Mozilla/5.0 (Windows NT 10.0; Win64; x64) AppleWebKit/537.36 (KHTML, like Gecko) Chrome/89.0.4389.114 Safari/537.36"
196.251.85.183 - - [05/Jul/2025:14:00:49 -0400] "GET //xmlrpc.php?rsd HTTP/1.1" 403 1242 "-" "Mozilla/5.0 (Windows NT 10.0; Win64; x64) AppleWebKit/537.36 (KHTML, like Gecko) Chrome/89.0.4389.114 Safari/537.36"
196.251.85.183 - - [05/Jul/2025:14:00:50 -0400] "GET / HTTP/1.1" 200 1470 "-" "Mozilla/5.0 (Windows NT 10.0; Win64; x64) AppleWebKit/537.36 (KHTML, like Gecko) Chrome/89.0.4389.114 Safari/537.36"
196.251.85.183 - - [05/Jul/2025:14:00:51 -0400] "GET //?author=1 HTTP/1.1" 200 1528 "-" "Mozilla/5.0 (Windows NT 10.0; Win64; x64) AppleWebKit/537.36 (KHTML, like Gecko) Chrome/89.0.4389.114 Safari/537.36"
66.249.74.78 - - [05/Jul/2025:14:00:51 -0400] "GET /items/zwlqw51/34943?key=feature HTTP/1.1" 404 1251 "-" "Mozilla/5.0 (Linux; Android 6.0.1; Nexus 5X Build/MMB29P) AppleWebKit/537.36 (KHTML, like Gecko) Chrome/137.0.7151.103 Mobile Safari/537.36 (compatible; GoogleOther)"
196.251.85.183 - - [05/Jul/2025:14:00:52 -0400] "GET //?author=2 HTTP/1.1" 200 1528 "-" "Mozilla/5.0 (Windows NT 10.0; Win64; x64) AppleWebKit/537.36 (KHTML, like Gecko) Chrome/89.0.4389.114 Safari/537.36"
196.251.85.183 - - [05/Jul/2025:14:00:52 -0400] "GET //?author=3 HTTP/1.1" 200 1528 "-" "Mozilla/5.0 (Windows NT 10.0; Win64; x64) AppleWebKit/537.36 (KHTML, like Gecko) Chrome/89.0.4389.114 Safari/537.36"
196.251.85.183 - - [05/Jul/2025:14:00:53 -0400] "GET //wp-json/wp/v2/users/ HTTP/1.1" 404 1251 "-" "Mozilla/5.0 (Windows NT 10.0; Win64; x64) AppleWebKit/537.36 (KHTML, like Gecko) Chrome/89.0.4389.114 Safari/537.36"
196.251.85.183 - - [05/Jul/2025:14:00:53 -0400] "GET //wp-json/oembed/1.0/embed?url=https://nas-yemen.org/ HTTP/1.1" 404 1251 "-" "Mozilla/5.0 (Windows NT 10.0; Win64; x64) AppleWebKit/537.36 (KHTML, like Gecko) Chrome/89.0.4389.114 Safari/537.36"
196.251.85.183 - - [05/Jul/2025:14:00:54 -0400] "POST //xmlrpc.php HTTP/1.1" 403 1242 "-" "Mozilla/5.0 (Windows NT 10.0; Win64; x64) AppleWebKit/537.36 (KHTML, like Gecko) Chrome/89.0.4389.114 Safari/537.36"
66.249.74.65 - - [05/Jul/2025:14:01:51 -0400] "GET /items/ixmap133/35511?key=museum HTTP/1.1" 404 1251 "-" "Mozilla/5.0 (Linux; Android 6.0.1; Nexus 5X Build/MMB29P) AppleWebKit/537.36 (KHTML, like Gecko) Chrome/137.0.7151.103 Mobile Safari/537.36 (compatible; Googlebot/2.1; +http://www.google.com/bot.html)"
114.119.133.126 - - [05/Jul/2025:14:01:53 -0400] "GET /en/about/vision HTTP/1.1" 404 1251 "-" "Mozilla/5.0 (Linux; Android 7.0;) AppleWebKit/537.36 (KHTML, like Gecko) Mobile Safari/537.36 (compatible; PetalBot;+https://webmaster.petalsearch.com/site/petalbot)"
208.110.64.178 - - [05/Jul/2025:14:02:15 -0400] "GET /wp-content/admin.php HTTP/1.1" 404 1251 "https://nas-yemen.org/wp-content/admin.php" "Mozilla/5.0 (Windows NT 10.0; Win64; x64) AppleWebKit/537.36 (KHTML, like Gecko) Chrome/58.0.3029.110 Safari/537.3"
66.249.74.78 - - [05/Jul/2025:14:02:52 -0400] "GET /q-~216OGRhjcp6N4Bxd0RQvAwCA7IEaYkfWj43583/ HTTP/1.1" 404 1251 "-" "Mozilla/5.0 (compatible; Googlebot/2.1; +http://www.google.com/bot.html)"
101.99.88.90 - - [05/Jul/2025:14:03:13 -0400] "GET / HTTP/1.1" 200 1470 "-" "Mozilla/5.0 (compatible; Googlebot/2.1; +http://www.google.com/bot.html)"
101.99.88.90 - - [05/Jul/2025:14:03:16 -0400] "GET /wp-content/admin.php HTTP/1.1" 404 1251 "-" "-"
114.119.133.126 - - [05/Jul/2025:14:03:16 -0400] "GET /en/a2 HTTP/1.1" 404 1251 "-" "Mozilla/5.0 (Linux; Android 7.0;) AppleWebKit/537.36 (KHTML, like Gecko) Mobile Safari/537.36 (compatible; PetalBot;+https://webmaster.petalsearch.com/site/petalbot)"
172.182.211.201 - - [05/Jul/2025:14:03:33 -0400] "GET /items/qavai90/24568?key=mathematics HTTP/1.1" 404 1251 "-" "Mozilla/5.0 (Macintosh; Intel Mac OS X 10_15_7) AppleWebKit/537.36 (KHTML, like Gecko) Chrome/131.0.0.0 Safari/537.36; compatible; OAI-SearchBot/1.0; +https://openai.com/searchbot"
66.249.74.78 - - [05/Jul/2025:14:04:08 -0400] "GET /q-~155f5SnBIAQ7lC4i8gZizPKgzubEVxHZz35948/ HTTP/1.1" 404 1251 "-" "Mozilla/5.0 (Linux; Android 6.0.1; Nexus 5X Build/MMB29P) AppleWebKit/537.36 (KHTML, like Gecko) Chrome/137.0.7151.103 Mobile Safari/537.36 (compatible; Googlebot/2.1; +http://www.google.com/bot.html)"
66.249.74.78 - - [05/Jul/2025:14:05:00 -0400] "GET /items/wqcxa181/2865?key=desperately HTTP/1.1" 404 1251 "-" "Mozilla/5.0 (compatible; Googlebot/2.1; +http://www.google.com/bot.html)"
66.249.74.64 - - [05/Jul/2025:14:05:13 -0400] "GET /items/ocezy257/49621?key=cargo HTTP/1.1" 404 1251 "-" "Mozilla/5.0 (Linux; Android 6.0.1; Nexus 5X Build/MMB29P) AppleWebKit/537.36 (KHTML, like Gecko) Chrome/137.0.7151.103 Mobile Safari/537.36 (compatible; Googlebot/2.1; +http://www.google.com/bot.html)"
34.46.107.224 - - [05/Jul/2025:14:05:43 -0400] "GET /xmlrpc.php HTTP/1.1" 403 1242 "http://nas-yemen.org" "Mozilla/5.0 (Macintosh; Intel Mac OS X 10_15_7; rv:129.0) Gecko/20100101 Firefox/129.0"
66.249.74.78 - - [05/Jul/2025:14:05:43 -0400] "GET /q-~192rfZPf35eSfkhH82DpP0grclgQ2jc9f5925/ HTTP/1.1" 404 1251 "-" "Mozilla/5.0 (Linux; Android 6.0.1; Nexus 5X Build/MMB29P) AppleWebKit/537.36 (KHTML, like Gecko) Chrome/137.0.7151.103 Mobile Safari/537.36 (compatible; Googlebot/2.1; +http://www.google.com/bot.html)"
66.249.74.78 - - [05/Jul/2025:14:05:44 -0400] "GET /q-~239kqHwVTVOOC5Fey7ePewpz1EJqFCd5a13944/ HTTP/1.1" 404 1251 "-" "Mozilla/5.0 (compatible; Googlebot/2.1; +http://www.google.com/bot.html)"
34.46.107.224 - - [05/Jul/2025:14:05:43 -0400] "POST /wp-login.php HTTP/1.1" 200 0 "https://nas-yemen.org" "Mozilla/5.0 (Windows NT 10.0; Win64; x64) AppleWebKit/537.36 (KHTML, like Gecko) Chrome/115.0.5790.102 Safari/537.36"
66.29.146.47 - - [05/Jul/2025:14:06:03 -0400] "POST /wp-cron.php?doing_wp_cron=1751738762.9242560863494873046875 HTTP/1.1" 403 1242 "-" "WordPress/6.8; https://nas-yemen.org"
66.249.74.65 - - [05/Jul/2025:14:06:29 -0400] "GET /q-~7ZdHT9u8XdkxoPZuHVC0lm0IU5cHleC35156/ HTTP/1.1" 404 1251 "-" "Mozilla/5.0 (Linux; Android 6.0.1; Nexus 5X Build/MMB29P) AppleWebKit/537.36 (KHTML, like Gecko) Chrome/137.0.7151.103 Mobile Safari/537.36 (compatible; Googlebot/2.1; +http://www.google.com/bot.html)"
66.249.74.65 - - [05/Jul/2025:14:07:17 -0400] "GET /q-~283wXI0Juyzcxy7tccmDL0J71FucmZLqv7830/ HTTP/1.1" 404 1251 "-" "Mozilla/5.0 (Linux; Android 6.0.1; Nexus 5X Build/MMB29P) AppleWebKit/537.36 (KHTML, like Gecko) Chrome/137.0.7151.103 Mobile Safari/537.36 (compatible; GoogleOther)"
66.249.74.78 - - [05/Jul/2025:14:07:21 -0400] "GET /q-~103w7uDa7XoyZXYZ2DwEt1QfBlLezpxJf20400/ HTTP/1.1" 404 1251 "-" "Mozilla/5.0 (Linux; Android 6.0.1; Nexus 5X Build/MMB29P) AppleWebKit/537.36 (KHTML, like Gecko) Chrome/137.0.7151.103 Mobile Safari/537.36 (compatible; Googlebot/2.1; +http://www.google.com/bot.html)"
52.70.155.150 - - [05/Jul/2025:14:08:37 -0400] "GET /xmlrpc.php HTTP/1.1" 403 1242 "http://nas-yemen.org/xmlrpc.php" "Mozilla/5.0 (X11; Ubuntu; Linux x86_64; rv:85.0) Gecko/20100101 Firefox/91.0"
69.197.182.50 - - [05/Jul/2025:14:08:39 -0400] "GET /wp-content/admin.php HTTP/1.1" 404 1251 "https://nas-yemen.org/wp-content/admin.php" "Mozilla/5.0 (Windows NT 10.0; Win64; x64) AppleWebKit/537.36 (KHTML, like Gecko) Chrome/58.0.3029.110 Safari/537.3"
66.249.73.71 - - [05/Jul/2025:14:09:02 -0400] "GET /q-~11gas45VhAwGoSU4akWtQpP4Ge0NAnaB5418/ HTTP/1.1" 404 1251 "-" "Mozilla/5.0 (Linux; Android 6.0.1; Nexus 5X Build/MMB29P) AppleWebKit/537.36 (KHTML, like Gecko) Chrome/137.0.7151.103 Mobile Safari/537.36 (compatible; Googlebot/2.1; +http://www.google.com/bot.html)"
