66.249.74.71 - - [05/Jul/2025:15:08:38 -0400] "GET /q-~274tDH2fBLfYE1bcc86jtjOAaLn4GACRO22201/ HTTP/1.1" 404 1251 "-" "Mozilla/5.0 (Linux; Android 6.0.1; Nexus 5X Build/MMB29P) AppleWebKit/537.36 (KHTML, like Gecko) Chrome/137.0.7151.103 Mobile Safari/537.36 (compatible; Googlebot/2.1; +http://www.google.com/bot.html)"
66.249.74.72 - - [05/Jul/2025:15:09:09 -0400] "GET /q-~148C9X5GIiXkcnEbQpmlqtzhTGBBPwp2q31787/ HTTP/1.1" 404 1251 "-" "Mozilla/5.0 (compatible; Googlebot/2.1; +http://www.google.com/bot.html)"
216.73.216.220 - - [05/Jul/2025:15:09:42 -0400] "GET / HTTP/1.1" 200 1470 "-" "Mozilla/5.0 AppleWebKit/537.36 (KHTML, like Gecko; compatible; ClaudeBot/1.0; [email protected])"
66.249.74.71 - - [05/Jul/2025:15:09:46 -0400] "GET /items/jyyvw25/40435?key=circuit HTTP/1.1" 404 1251 "-" "Mozilla/5.0 (Linux; Android 6.0.1; Nexus 5X Build/MMB29P) AppleWebKit/537.36 (KHTML, like Gecko) Chrome/137.0.7151.103 Mobile Safari/537.36 (compatible; GoogleOther)"
66.249.74.71 - - [05/Jul/2025:15:09:48 -0400] "GET /items/ykoig90/47888?key=reward HTTP/1.1" 404 1251 "-" "Mozilla/5.0 (compatible; Googlebot/2.1; +http://www.google.com/bot.html)"
69.197.135.226 - - [05/Jul/2025:15:10:20 -0400] "GET /wp-content/admin.php HTTP/1.1" 404 1251 "https://nas-yemen.org/wp-content/admin.php" "Mozilla/5.0 (Windows NT 10.0; Win64; x64) AppleWebKit/537.36 (KHTML, like Gecko) Chrome/58.0.3029.110 Safari/537.3"
66.249.74.73 - - [05/Jul/2025:15:11:56 -0400] "GET /q-~47YKSmks6A2ZE35LNuMG8cfFTd86zOag46538/ HTTP/1.1" 404 1251 "-" "Mozilla/5.0 (Linux; Android 6.0.1; Nexus 5X Build/MMB29P) AppleWebKit/537.36 (KHTML, like Gecko) Chrome/137.0.7151.103 Mobile Safari/537.36 (compatible; Googlebot/2.1; +http://www.google.com/bot.html)"
66.249.74.73 - - [05/Jul/2025:15:12:15 -0400] "GET /q-~14XMxHc33snapsJ7G8IYFgN24ZQM8GQz12737/ HTTP/1.1" 404 1251 "-" "Mozilla/5.0 (compatible; Googlebot/2.1; +http://www.google.com/bot.html)"
66.249.74.71 - - [05/Jul/2025:15:12:19 -0400] "GET /q-~7VXzfyH8vnKSNi4Dmd5WEYSUifGJr0E15508/ HTTP/1.1" 404 1251 "-" "Mozilla/5.0 (Linux; Android 6.0.1; Nexus 5X Build/MMB29P) AppleWebKit/537.36 (KHTML, like Gecko) Chrome/137.0.7151.103 Mobile Safari/537.36 (compatible; Googlebot/2.1; +http://www.google.com/bot.html)"
66.249.74.72 - - [05/Jul/2025:15:12:57 -0400] "GET /q-~242SrwBrNUahBQo1qC9l8rHRIOdK0Nttr4095/ HTTP/1.1" 404 1251 "-" "Mozilla/5.0 (Linux; Android 6.0.1; Nexus 5X Build/MMB29P) AppleWebKit/537.36 (KHTML, like Gecko) Chrome/137.0.7151.103 Mobile Safari/537.36 (compatible; Googlebot/2.1; +http://www.google.com/bot.html)"
66.249.73.64 - - [05/Jul/2025:15:13:34 -0400] "GET /items/fkusr5/23915?key=economics HTTP/1.1" 404 1251 "-" "Mozilla/5.0 (Linux; Android 6.0.1; Nexus 5X Build/MMB29P) AppleWebKit/537.36 (KHTML, like Gecko) Chrome/137.0.7151.103 Mobile Safari/537.36 (compatible; Googlebot/2.1; +http://www.google.com/bot.html)"
66.249.74.71 - - [05/Jul/2025:15:14:22 -0400] "GET /q-~11wBbjRbIfJReiHF6el7IzVK2cMwr1YZ9800/ HTTP/1.1" 404 1251 "-" "Mozilla/5.0 (Linux; Android 6.0.1; Nexus 5X Build/MMB29P) AppleWebKit/537.36 (KHTML, like Gecko) Chrome/137.0.7151.103 Mobile Safari/537.36 (compatible; Googlebot/2.1; +http://www.google.com/bot.html)"
66.249.74.72 - - [05/Jul/2025:15:14:30 -0400] "GET /items/xsqlw264/19292?key=invention HTTP/1.1" 404 1251 "-" "Mozilla/5.0 (Linux; Android 6.0.1; Nexus 5X Build/MMB29P) AppleWebKit/537.36 (KHTML, like Gecko) Chrome/137.0.7151.103 Mobile Safari/537.36 (compatible; GoogleOther)"
66.249.74.71 - - [05/Jul/2025:15:14:31 -0400] "GET /q-~105JWUodMWVXrKT0Z8vt74mSVXo6L0WUZ6904/ HTTP/1.1" 404 1251 "-" "Mozilla/5.0 (Linux; Android 6.0.1; Nexus 5X Build/MMB29P) AppleWebKit/537.36 (KHTML, like Gecko) Chrome/137.0.7151.103 Mobile Safari/537.36 (compatible; Googlebot/2.1; +http://www.google.com/bot.html)"
43.143.60.88 - - [05/Jul/2025:15:15:51 -0400] "GET / HTTP/1.1" 200 1469 "http://mail.nas-yemen.org" "Mozilla/5.0 (Linux; Android 10; LIO-AN00 Build/HUAWEILIO-AN00; wv) MicroMessenger Weixin QQ AppleWebKit/537.36 (KHTML, like Gecko) Version/4.0 Chrome/78.0.3904.62 XWEB/2692 MMWEBSDK/200901 Mobile Safari/537.36"
66.249.74.73 - - [05/Jul/2025:15:16:17 -0400] "GET /q-~105xYegV6RpWanDhHdXsD9OkrrrdjeB7h5224/ HTTP/1.1" 404 1251 "-" "Mozilla/5.0 (compatible; Googlebot/2.1; +http://www.google.com/bot.html)"
66.249.74.71 - - [05/Jul/2025:15:16:32 -0400] "GET /q-~124o47bbe2trAdHR7pFkS3g3T00Nu2I0M1827/ HTTP/1.1" 404 1251 "-" "Mozilla/5.0 (compatible; Googlebot/2.1; +http://www.google.com/bot.html)"
20.171.207.96 - - [05/Jul/2025:15:17:13 -0400] "GET /asylum/ooSt.shtml HTTP/1.1" 404 1251 "-" "Mozilla/5.0 AppleWebKit/537.36 (KHTML, like Gecko; compatible; GPTBot/1.2; +https://openai.com/gptbot)"
20.171.207.96 - - [05/Jul/2025:15:17:19 -0400] "GET /?items/ HTTP/1.1" 200 1470 "-" "Mozilla/5.0 AppleWebKit/537.36 (KHTML, like Gecko; compatible; GPTBot/1.2; +https://openai.com/gptbot)"
66.249.74.72 - - [05/Jul/2025:15:17:23 -0400] "GET /q-~120Cj1YjuacYPgxTIsNyNOwOIvUHs14Zu45907/ HTTP/1.1" 404 1251 "-" "Mozilla/5.0 (Linux; Android 6.0.1; Nexus 5X Build/MMB29P) AppleWebKit/537.36 (KHTML, like Gecko) Chrome/137.0.7151.103 Mobile Safari/537.36 (compatible; Googlebot/2.1; +http://www.google.com/bot.html)"
2001:4ca0:108:42::24 - - [05/Jul/2025:15:17:32 -0400] "GET /robots.txt HTTP/1.1" 304 0 "-" "Mozilla/5.0 (Windows NT 10.0; Win64; x64) AppleWebKit/537.36 (KHTML, like Gecko) Chrome/103.0.5060.134 Safari/537.36"
2001:1bb0:e000:1e::387 - - [05/Jul/2025:15:17:41 -0400] "GET /xmlrpc.php HTTP/1.1" 403 1242 "http://nas-yemen.org" "Mozilla/5.0 (Windows NT 10.0; Win64; x64) AppleWebKit/537.36 (KHTML, like Gecko) Chrome/126.0.0.0 Safari/537.36"
66.249.74.71 - - [05/Jul/2025:15:17:45 -0400] "GET /items/zcfxv294/20912?key=heel HTTP/1.1" 404 1251 "-" "Mozilla/5.0 (compatible; Googlebot/2.1; +http://www.google.com/bot.html)"
2001:1bb0:e000:1e::387 - - [05/Jul/2025:15:17:41 -0400] "POST /wp-login.php HTTP/1.1" 200 0 "https://nas-yemen.org" "Mozilla/5.0 (Macintosh; Intel Mac OS X 10_15_7) AppleWebKit/537.36 (KHTML, like Gecko) Chrome/112.0.5615.138 Safari/537.36"
66.29.146.47 - - [05/Jul/2025:15:17:54 -0400] "POST /wp-cron.php?doing_wp_cron=1751743073.6449449062347412109375 HTTP/1.1" 403 1242 "-" "WordPress/6.8; https://nas-yemen.org"
20.171.207.96 - - [05/Jul/2025:15:18:54 -0400] "GET /dougashima/dougashima-ichiran/ HTTP/1.1" 404 1251 "-" "Mozilla/5.0 AppleWebKit/537.36 (KHTML, like Gecko; compatible; GPTBot/1.2; +https://openai.com/gptbot)"
66.249.74.71 - - [05/Jul/2025:15:19:14 -0400] "GET /q-~99uTRH1V1mAFyBExUepUXgo6q5wfgtDm43822/ HTTP/1.1" 404 1251 "-" "Mozilla/5.0 (Linux; Android 6.0.1; Nexus 5X Build/MMB29P) AppleWebKit/537.36 (KHTML, like Gecko) Chrome/137.0.7151.103 Mobile Safari/537.36 (compatible; GoogleOther)"
157.55.39.192 - - [05/Jul/2025:15:20:05 -0400] "GET /?/introduction/service/home_phone/ HTTP/1.1" 200 1470 "-" "Mozilla/5.0 AppleWebKit/537.36 (KHTML, like Gecko; compatible; bingbot/2.0; +http://www.bing.com/bingbot.htm) Chrome/116.0.1938.76 Safari/537.36"
66.249.74.72 - - [05/Jul/2025:15:20:35 -0400] "GET /items/zyebn98/29690?key=tremendous HTTP/1.1" 404 1251 "-" "Mozilla/5.0 (Linux; Android 6.0.1; Nexus 5X Build/MMB29P) AppleWebKit/537.36 (KHTML, like Gecko) Chrome/137.0.7151.103 Mobile Safari/537.36 (compatible; Googlebot/2.1; +http://www.google.com/bot.html)"
66.249.74.71 - - [05/Jul/2025:15:20:51 -0400] "GET /q-~51olTxeRvVgqJ1rc5uhSiAG4UQablaED5950/ HTTP/1.1" 404 1251 "-" "Mozilla/5.0 (compatible; Googlebot/2.1; +http://www.google.com/bot.html)"
66.249.74.72 - - [05/Jul/2025:15:21:53 -0400] "GET /items/phonx247/48071?key=individual HTTP/1.1" 404 1251 "-" "Mozilla/5.0 (Linux; Android 6.0.1; Nexus 5X Build/MMB29P) AppleWebKit/537.36 (KHTML, like Gecko) Chrome/137.0.7151.103 Mobile Safari/537.36 (compatible; Googlebot/2.1; +http://www.google.com/bot.html)"
20.171.207.96 - - [05/Jul/2025:15:22:57 -0400] "GET /?indoors/865t3_htm HTTP/1.1" 200 1470 "-" "Mozilla/5.0 AppleWebKit/537.36 (KHTML, like Gecko; compatible; GPTBot/1.2; +https://openai.com/gptbot)"
66.249.74.71 - - [05/Jul/2025:15:23:58 -0400] "GET /q-~138tT5SxKdFGIhLfCnPT1mp3sTYy6aTPK23065/ HTTP/1.1" 404 1251 "-" "Mozilla/5.0 (Linux; Android 6.0.1; Nexus 5X Build/MMB29P) AppleWebKit/537.36 (KHTML, like Gecko) Chrome/137.0.7151.103 Mobile Safari/537.36 (compatible; GoogleOther)"
66.249.74.72 - - [05/Jul/2025:15:24:37 -0400] "GET /q-~108XJWa0JPGp0tDe55v68utaqB1iqLC4l31427/ HTTP/1.1" 404 1251 "-" "Mozilla/5.0 (Linux; Android 6.0.1; Nexus 5X Build/MMB29P) AppleWebKit/537.36 (KHTML, like Gecko) Chrome/137.0.7151.103 Mobile Safari/537.36 (compatible; Googlebot/2.1; +http://www.google.com/bot.html)"
66.249.74.71 - - [05/Jul/2025:15:24:58 -0400] "GET /q-~160DFHl12hxQCUrta3tsFIQd59NiAfahX39539/ HTTP/1.1" 404 1251 "-" "Mozilla/5.0 (Linux; Android 6.0.1; Nexus 5X Build/MMB29P) AppleWebKit/537.36 (KHTML, like Gecko) Chrome/137.0.7151.103 Mobile Safari/537.36 (compatible; Googlebot/2.1; +http://www.google.com/bot.html)"
66.249.73.72 - - [05/Jul/2025:15:25:33 -0400] "GET /items/czimh51/4595?key=tablespoon HTTP/1.1" 404 1251 "-" "Mozilla/5.0 (Linux; Android 6.0.1; Nexus 5X Build/MMB29P) AppleWebKit/537.36 (KHTML, like Gecko) Chrome/137.0.7151.103 Mobile Safari/537.36 (compatible; Googlebot/2.1; +http://www.google.com/bot.html)"
20.171.207.96 - - [05/Jul/2025:15:26:06 -0400] "GET /wakasajipm/?hl=ja HTTP/1.1" 404 1251 "-" "Mozilla/5.0 AppleWebKit/537.36 (KHTML, like Gecko; compatible; GPTBot/1.2; +https://openai.com/gptbot)"
66.249.74.73 - - [05/Jul/2025:15:26:16 -0400] "GET /q-~233gkZ3lSJLhqxwQHOTaP4Riaf0AhaiYs29466/ HTTP/1.1" 404 1251 "-" "Mozilla/5.0 (compatible; Googlebot/2.1; +http://www.google.com/bot.html)"
2a01:4f9:4b:1d85::2 - - [05/Jul/2025:15:26:23 -0400] "GET /xmlrpc.php HTTP/1.1" 403 1242 "http://nas-yemen.org/xmlrpc.php" "Mozilla/5.0 (X11; Ubuntu; Linux x86_64; rv:85.0) Gecko/20100101 Firefox/91.0"
66.249.74.72 - - [05/Jul/2025:15:26:52 -0400] "GET /q-~60Z9EU42mi53oYjM0JL8KCnbUcxqdNXb42131/ HTTP/1.1" 404 1251 "-" "Mozilla/5.0 (compatible; Googlebot/2.1; +http://www.google.com/bot.html)"
66.249.74.71 - - [05/Jul/2025:15:27:01 -0400] "GET /q-~2iRnP0FajCcaDk8O3lpvZTz7Hw20YaD44869/ HTTP/1.1" 404 1251 "-" "Mozilla/5.0 (compatible; Googlebot/2.1; +http://www.google.com/bot.html)"
66.249.74.72 - - [05/Jul/2025:15:28:52 -0400] "GET /q-~211dOqNZoRui1lNKR55ujXcJyxoL6GOiT47146/ HTTP/1.1" 404 1251 "-" "Mozilla/5.0 (compatible; Googlebot/2.1; +http://www.google.com/bot.html)"
66.249.74.73 - - [05/Jul/2025:15:28:54 -0400] "GET /q-~69Bn9Q7zLlgXxa234C8w0GukG7hdJ3or31202/ HTTP/1.1" 404 1251 "-" "Mozilla/5.0 (Linux; Android 6.0.1; Nexus 5X Build/MMB29P) AppleWebKit/537.36 (KHTML, like Gecko) Chrome/137.0.7151.103 Mobile Safari/537.36 (compatible; Googlebot/2.1; +http://www.google.com/bot.html)"
122.180.244.216 - - [05/Jul/2025:15:29:41 -0400] "GET /xmlrpc.php HTTP/1.1" 403 1242 "http://nas-yemen.org" "Mozilla/5.0 (Macintosh; Intel Mac OS X 13.3; rv:126.0) Gecko/20100101 Firefox/126.0"
122.180.244.216 - - [05/Jul/2025:15:29:42 -0400] "POST /wp-login.php HTTP/1.1" 200 0 "https://nas-yemen.org" "Mozilla/5.0 (Macintosh; Intel Mac OS X 10_15_7) AppleWebKit/537.36 (KHTML, like Gecko) Chrome/115.0.5790.102 Safari/537.36"
66.29.146.47 - - [05/Jul/2025:15:29:52 -0400] "POST /wp-cron.php?doing_wp_cron=1751743791.7380270957946777343750 HTTP/1.1" 403 1242 "-" "WordPress/6.8; https://nas-yemen.org"
66.249.74.71 - - [05/Jul/2025:15:30:02 -0400] "GET /q-~80ruNnHCfAZZkOP6zIUdKK0bhSBfuhAV5947/ HTTP/1.1" 404 1251 "-" "Mozilla/5.0 (Linux; Android 6.0.1; Nexus 5X Build/MMB29P) AppleWebKit/537.36 (KHTML, like Gecko) Chrome/137.0.7151.103 Mobile Safari/537.36 (compatible; Googlebot/2.1; +http://www.google.com/bot.html)"
40.77.167.23 - - [05/Jul/2025:15:30:14 -0400] "GET /?sitemapindex.xml HTTP/1.1" 200 1470 "-" "Mozilla/5.0 AppleWebKit/537.36 (KHTML, like Gecko; compatible; bingbot/2.0; +http://www.bing.com/bingbot.htm) Chrome/116.0.1938.76 Safari/537.36"
157.55.39.201 - - [05/Jul/2025:15:30:17 -0400] "GET /?sitemap946.xml HTTP/1.1" 200 1470 "-" "Mozilla/5.0 AppleWebKit/537.36 (KHTML, like Gecko; compatible; bingbot/2.0; +http://www.bing.com/bingbot.htm) Chrome/116.0.1938.76 Safari/537.36"
157.55.39.201 - - [05/Jul/2025:15:30:17 -0400] "GET /index.php?/hot-news/ HTTP/1.1" 404 1251 "-" "Mozilla/5.0 AppleWebKit/537.36 (KHTML, like Gecko; compatible; bingbot/2.0; +http://www.bing.com/bingbot.htm) Chrome/116.0.1938.76 Safari/537.36"
40.77.167.26 - - [05/Jul/2025:15:30:22 -0400] "GET /?sitemap347.xml HTTP/1.1" 200 1470 "-" "Mozilla/5.0 AppleWebKit/537.36 (KHTML, like Gecko; compatible; bingbot/2.0; +http://www.bing.com/bingbot.htm) Chrome/116.0.1938.76 Safari/537.36"
40.77.167.26 - - [05/Jul/2025:15:30:23 -0400] "GET /?sitemap265.xml HTTP/1.1" 200 1470 "-" "Mozilla/5.0 AppleWebKit/537.36 (KHTML, like Gecko; compatible; bingbot/2.0; +http://www.bing.com/bingbot.htm) Chrome/116.0.1938.76 Safari/537.36"
40.77.167.26 - - [05/Jul/2025:15:30:24 -0400] "GET /?sitemap853.xml HTTP/1.1" 200 1470 "-" "Mozilla/5.0 AppleWebKit/537.36 (KHTML, like Gecko; compatible; bingbot/2.0; +http://www.bing.com/bingbot.htm) Chrome/116.0.1938.76 Safari/537.36"
40.77.167.26 - - [05/Jul/2025:15:30:25 -0400] "GET /?sitemap806.xml HTTP/1.1" 200 1470 "-" "Mozilla/5.0 AppleWebKit/537.36 (KHTML, like Gecko; compatible; bingbot/2.0; +http://www.bing.com/bingbot.htm) Chrome/116.0.1938.76 Safari/537.36"
35.202.105.172 - - [05/Jul/2025:15:30:26 -0400] "HEAD /wordpress HTTP/1.1" 404 0 "http://mail.nas-yemen.org/wordpress" "Mozilla/5.0 (Windows NT 10.0; Win64; x64) AppleWebKit/537.36 (KHTML, like Gecko) Chrome/74.0.3729.169 Safari/537.36"
35.202.105.172 - - [05/Jul/2025:15:30:26 -0400] "HEAD / HTTP/1.1" 200 0 "http://mail.nas-yemen.org/" "Mozilla/5.0 (Windows NT 10.0; Win64; x64) AppleWebKit/537.36 (KHTML, like Gecko) Chrome/74.0.3729.169 Safari/537.36"
35.202.105.172 - - [05/Jul/2025:15:30:27 -0400] "HEAD /wp HTTP/1.1" 404 0 "http://mail.nas-yemen.org/wp" "Mozilla/5.0 (Windows NT 10.0; Win64; x64) AppleWebKit/537.36 (KHTML, like Gecko) Chrome/74.0.3729.169 Safari/537.36"
35.202.105.172 - - [05/Jul/2025:15:30:28 -0400] "HEAD /bc HTTP/1.1" 404 0 "http://mail.nas-yemen.org/bc" "Mozilla/5.0 (Windows NT 10.0; Win64; x64) AppleWebKit/537.36 (KHTML, like Gecko) Chrome/74.0.3729.169 Safari/537.36"
35.202.105.172 - - [05/Jul/2025:15:30:28 -0400] "HEAD /bk HTTP/1.1" 404 0 "http://mail.nas-yemen.org/bk" "Mozilla/5.0 (Windows NT 10.0; Win64; x64) AppleWebKit/537.36 (KHTML, like Gecko) Chrome/74.0.3729.169 Safari/537.36"
35.202.105.172 - - [05/Jul/2025:15:30:28 -0400] "HEAD /backup HTTP/1.1" 404 0 "http://mail.nas-yemen.org/backup" "Mozilla/5.0 (Windows NT 10.0; Win64; x64) AppleWebKit/537.36 (KHTML, like Gecko) Chrome/74.0.3729.169 Safari/537.36"
35.202.105.172 - - [05/Jul/2025:15:30:28 -0400] "HEAD /old HTTP/1.1" 404 0 "http://mail.nas-yemen.org/old" "Mozilla/5.0 (Windows NT 10.0; Win64; x64) AppleWebKit/537.36 (KHTML, like Gecko) Chrome/74.0.3729.169 Safari/537.36"
35.202.105.172 - - [05/Jul/2025:15:30:29 -0400] "HEAD /new HTTP/1.1" 404 0 "http://mail.nas-yemen.org/new" "Mozilla/5.0 (Windows NT 10.0; Win64; x64) AppleWebKit/537.36 (KHTML, like Gecko) Chrome/74.0.3729.169 Safari/537.36"
35.202.105.172 - - [05/Jul/2025:15:30:29 -0400] "HEAD /main HTTP/1.1" 404 0 "http://mail.nas-yemen.org/main" "Mozilla/5.0 (Windows NT 10.0; Win64; x64) AppleWebKit/537.36 (KHTML, like Gecko) Chrome/74.0.3729.169 Safari/537.36"
35.202.105.172 - - [05/Jul/2025:15:30:29 -0400] "HEAD /home HTTP/1.1" 404 0 "http://mail.nas-yemen.org/home" "Mozilla/5.0 (Windows NT 10.0; Win64; x64) AppleWebKit/537.36 (KHTML, like Gecko) Chrome/74.0.3729.169 Safari/537.36"
66.249.74.71 - - [05/Jul/2025:15:30:33 -0400] "GET /items/yusvd262/33606?key=correctly HTTP/1.1" 404 1251 "-" "Mozilla/5.0 (Linux; Android 6.0.1; Nexus 5X Build/MMB29P) AppleWebKit/537.36 (KHTML, like Gecko) Chrome/137.0.7151.103 Mobile Safari/537.36 (compatible; Googlebot/2.1; +http://www.google.com/bot.html)"
40.77.167.23 - - [05/Jul/2025:15:30:35 -0400] "GET /?/line-up/beers/ HTTP/1.1" 200 1470 "-" "Mozilla/5.0 AppleWebKit/537.36 (KHTML, like Gecko; compatible; bingbot/2.0; +http://www.bing.com/bingbot.htm) Chrome/116.0.1938.76 Safari/537.36"
66.249.74.71 - - [05/Jul/2025:15:30:45 -0400] "GET /q-~102vi1enZsanGwss7mri1GQAes7fr0Hah8013/ HTTP/1.1" 404 1251 "-" "Mozilla/5.0 (compatible; Googlebot/2.1; +http://www.google.com/bot.html)"
66.249.74.71 - - [05/Jul/2025:15:30:52 -0400] "GET /items/maxow3/117?key=kiss HTTP/1.1" 404 1251 "-" "Mozilla/5.0 (compatible; Googlebot/2.1; +http://www.google.com/bot.html)"
66.249.74.71 - - [05/Jul/2025:15:30:53 -0400] "GET /q-~267ZdUeQWtLdkmkay2gcOc3AkGBMmanQE33294/ HTTP/1.1" 404 1251 "-" "Mozilla/5.0 (Linux; Android 6.0.1; Nexus 5X Build/MMB29P) AppleWebKit/537.36 (KHTML, like Gecko) Chrome/137.0.7151.103 Mobile Safari/537.36 (compatible; Googlebot/2.1; +http://www.google.com/bot.html)"
66.249.74.64 - - [05/Jul/2025:15:31:23 -0400] "GET /q-~207lMiLd9CgKowEHUk66A4I0tZ875cZzZ49404/ HTTP/1.1" 404 1251 "-" "Mozilla/5.0 (Linux; Android 6.0.1; Nexus 5X Build/MMB29P) AppleWebKit/537.36 (KHTML, like Gecko) Chrome/137.0.7151.103 Mobile Safari/537.36 (compatible; Googlebot/2.1; +http://www.google.com/bot.html)"
20.171.207.96 - - [05/Jul/2025:15:31:27 -0400] "GET /nephelometry/owfgwwy28.shtml HTTP/1.1" 404 1251 "-" "Mozilla/5.0 AppleWebKit/537.36 (KHTML, like Gecko; compatible; GPTBot/1.2; +https://openai.com/gptbot)"
66.249.74.78 - - [05/Jul/2025:15:31:30 -0400] "GET /q-~237OqmhsQT2DWW1P1AWZpWuVdpEjN7hbZ18160/ HTTP/1.1" 404 1251 "-" "Mozilla/5.0 (Linux; Android 6.0.1; Nexus 5X Build/MMB29P) AppleWebKit/537.36 (KHTML, like Gecko) Chrome/137.0.7151.103 Mobile Safari/537.36 (compatible; Googlebot/2.1; +http://www.google.com/bot.html)"
66.249.74.64 - - [05/Jul/2025:15:31:30 -0400] "GET /q-~237OqmhsQT2DWW1P1AWZpWuVdpEjN7hbZ18160/ HTTP/1.1" 404 1251 "-" "Mozilla/5.0 (compatible; Googlebot/2.1; +http://www.google.com/bot.html)"
66.249.74.78 - - [05/Jul/2025:15:31:55 -0400] "GET /q-~145EehOa5ycCe60cNgz7Dnf6EnNEoCM5h30252/ HTTP/1.1" 404 1251 "-" "Mozilla/5.0 (Linux; Android 6.0.1; Nexus 5X Build/MMB29P) AppleWebKit/537.36 (KHTML, like Gecko) Chrome/137.0.7151.103 Mobile Safari/537.36 (compatible; Googlebot/2.1; +http://www.google.com/bot.html)"
66.249.74.65 - - [05/Jul/2025:15:32:33 -0400] "GET /q-~243ixAemMb68yrkh5htCWjtsvUD29i0GN44518/ HTTP/1.1" 404 1251 "-" "Mozilla/5.0 (Linux; Android 6.0.1; Nexus 5X Build/MMB29P) AppleWebKit/537.36 (KHTML, like Gecko) Chrome/137.0.7151.103 Mobile Safari/537.36 (compatible; Googlebot/2.1; +http://www.google.com/bot.html)"
66.249.74.78 - - [05/Jul/2025:15:32:44 -0400] "GET /q-~161gUtjqC8Ag2PZnZo4SFQoRnj6kWO3rn34892/ HTTP/1.1" 404 1251 "-" "Mozilla/5.0 (Linux; Android 6.0.1; Nexus 5X Build/MMB29P) AppleWebKit/537.36 (KHTML, like Gecko) Chrome/137.0.7151.103 Mobile Safari/537.36 (compatible; Googlebot/2.1; +http://www.google.com/bot.html)"
66.249.74.64 - - [05/Jul/2025:15:32:45 -0400] "GET /q-~252koukEs2QzC1o0CHWznoJufJzRlqQ3m38943/ HTTP/1.1" 404 1251 "-" "Mozilla/5.0 (compatible; Googlebot/2.1; +http://www.google.com/bot.html)"
66.249.74.78 - - [05/Jul/2025:15:33:00 -0400] "GET /q-~202B6rp4VDAVxxuomJMYZaSajsl7xP9lh43107/ HTTP/1.1" 404 1251 "-" "Mozilla/5.0 (compatible; Googlebot/2.1; +http://www.google.com/bot.html)"
66.249.74.64 - - [05/Jul/2025:15:33:04 -0400] "GET /q-~239yb9oOU0yUTh3VLK2P5c0zieBu1UEKX7246/ HTTP/1.1" 404 1251 "-" "Mozilla/5.0 (compatible; Googlebot/2.1; +http://www.google.com/bot.html)"
66.249.74.78 - - [05/Jul/2025:15:33:15 -0400] "GET /items/syzhn255/11657?key=ideological HTTP/1.1" 404 1251 "-" "Mozilla/5.0 (compatible; Googlebot/2.1; +http://www.google.com/bot.html)"
66.249.74.78 - - [05/Jul/2025:15:33:27 -0400] "GET /q-~92oqJFzYbzgVl19QNL2XKQHPCvCQ2LpM40323/ HTTP/1.1" 404 1251 "-" "Mozilla/5.0 (Linux; Android 6.0.1; Nexus 5X Build/MMB29P) AppleWebKit/537.36 (KHTML, like Gecko) Chrome/137.0.7151.103 Mobile Safari/537.36 (compatible; GoogleOther)"
66.249.74.65 - - [05/Jul/2025:15:34:38 -0400] "GET /q-~14ghPTDS2wEECEPWZfYSshPHRPQZNBBW6947/ HTTP/1.1" 404 1251 "-" "Mozilla/5.0 (compatible; Googlebot/2.1; +http://www.google.com/bot.html)"
74.125.217.64 - - [05/Jul/2025:15:35:03 -0400] "GET /q-~56ddd7rraxONKoJbE3aaRN7SklR5qCrN8619/ HTTP/1.1" 404 1251 "-" "Mozilla/5.0 AppleWebKit/537.36 (KHTML, like Gecko) Chrome/137.0.7151.119 Safari/537.36"
66.249.74.65 - - [05/Jul/2025:15:36:05 -0400] "GET /q-~256ncfJlhz7h2mxesx73MMcVvD8BeqPjC37519/ HTTP/1.1" 404 1251 "-" "Mozilla/5.0 (compatible; Googlebot/2.1; +http://www.google.com/bot.html)"
157.55.39.201 - - [05/Jul/2025:15:36:17 -0400] "GET /nephelometry/bNb36m.shtml HTTP/1.1" 404 1251 "-" "Mozilla/5.0 AppleWebKit/537.36 (KHTML, like Gecko; compatible; bingbot/2.0; +http://www.bing.com/bingbot.htm) Chrome/116.0.1938.76 Safari/537.36"
66.249.74.78 - - [05/Jul/2025:15:36:57 -0400] "GET /q-~158BPr3QtRafMIEY2ESOkAKHZ1jmOGHyy37535/ HTTP/1.1" 404 1251 "-" "Mozilla/5.0 (Linux; Android 6.0.1; Nexus 5X Build/MMB29P) AppleWebKit/537.36 (KHTML, like Gecko) Chrome/137.0.7151.103 Mobile Safari/537.36 (compatible; Googlebot/2.1; +http://www.google.com/bot.html)"
66.249.74.65 - - [05/Jul/2025:15:37:27 -0400] "GET /q-~120Nomv6XKcMmcJ5c2qdDMec7PykHmiQH25707/ HTTP/1.1" 404 1251 "-" "Mozilla/5.0 (compatible; Googlebot/2.1; +http://www.google.com/bot.html)"
66.249.74.64 - - [05/Jul/2025:15:37:29 -0400] "GET /q-~106uymhul1u9SztptDMR8kpxiJydy5veN32345/ HTTP/1.1" 404 1251 "-" "Mozilla/5.0 (Linux; Android 6.0.1; Nexus 5X Build/MMB29P) AppleWebKit/537.36 (KHTML, like Gecko) Chrome/137.0.7151.103 Mobile Safari/537.36 (compatible; Googlebot/2.1; +http://www.google.com/bot.html)"
66.249.74.78 - - [05/Jul/2025:15:37:52 -0400] "GET /q-~44njpYKduZOKWth2A5v50BMiGvBXSkTT20913/ HTTP/1.1" 404 1251 "-" "Mozilla/5.0 (compatible; Googlebot/2.1; +http://www.google.com/bot.html)"
66.249.74.78 - - [05/Jul/2025:15:38:33 -0400] "GET /items/yxuua45/15733?key=wedding HTTP/1.1" 404 1251 "-" "Mozilla/5.0 (Linux; Android 6.0.1; Nexus 5X Build/MMB29P) AppleWebKit/537.36 (KHTML, like Gecko) Chrome/137.0.7151.103 Mobile Safari/537.36 (compatible; Googlebot/2.1; +http://www.google.com/bot.html)"
66.249.74.78 - - [05/Jul/2025:15:39:32 -0400] "GET /q-~57gpPX02GUCIv0sAAIhV0SeKDkz9ydLa22222/ HTTP/1.1" 404 1251 "-" "Mozilla/5.0 (Linux; Android 6.0.1; Nexus 5X Build/MMB29P) AppleWebKit/537.36 (KHTML, like Gecko) Chrome/137.0.7151.103 Mobile Safari/537.36 (compatible; Googlebot/2.1; +http://www.google.com/bot.html)"
66.249.74.64 - - [05/Jul/2025:15:40:27 -0400] "GET /q-~40LvuiJJ5vbLq0Dorax0V4oVld1IV0AK20041/ HTTP/1.1" 404 1251 "-" "Mozilla/5.0 (compatible; Googlebot/2.1; +http://www.google.com/bot.html)"
66.249.74.64 - - [05/Jul/2025:15:41:02 -0400] "GET /q-~207OEfLHQFNt5wC8jmfNWySZqGCC3x5rx13518/ HTTP/1.1" 404 1251 "-" "Mozilla/5.0 (Linux; Android 6.0.1; Nexus 5X Build/MMB29P) AppleWebKit/537.36 (KHTML, like Gecko) Chrome/137.0.7151.103 Mobile Safari/537.36 (compatible; Googlebot/2.1; +http://www.google.com/bot.html)"
66.249.74.65 - - [05/Jul/2025:15:41:03 -0400] "GET /q-~42NcVRd30pLPBVBev9Ifc35dCAQP2qYg3659/ HTTP/1.1" 404 1251 "-" "Mozilla/5.0 (Linux; Android 6.0.1; Nexus 5X Build/MMB29P) AppleWebKit/537.36 (KHTML, like Gecko) Chrome/137.0.7151.103 Mobile Safari/537.36 (compatible; Googlebot/2.1; +http://www.google.com/bot.html)"
57.141.0.23 - - [05/Jul/2025:15:41:16 -0400] "GET /wp-includes/default-filters.php HTTP/1.1" 403 1242 "-" "meta-externalagent/1.1 (+https://developers.facebook.com/docs/sharing/webmasters/crawler)"
8.133.253.244 - - [05/Jul/2025:15:41:45 -0400] "GET /xmlrpc.php HTTP/1.1" 403 1242 "http://nas-yemen.org" "Mozilla/5.0 (Macintosh; Intel Mac OS X 13_3) AppleWebKit/537.36 (KHTML, like Gecko) Chrome/126.0.0.0 Safari/537.36"
8.133.253.244 - - [05/Jul/2025:15:41:46 -0400] "POST /wp-login.php HTTP/1.1" 200 0 "https://nas-yemen.org" "Mozilla/5.0 (Macintosh; Intel Mac OS X 13_3) AppleWebKit/537.36 (KHTML, like Gecko) Chrome/126.0.0.0 Safari/537.36"
66.29.146.47 - - [05/Jul/2025:15:42:03 -0400] "POST /wp-cron.php?doing_wp_cron=1751744523.5464510917663574218750 HTTP/1.1" 403 1242 "-" "WordPress/6.8; https://nas-yemen.org"
51.222.253.3 - - [05/Jul/2025:15:42:06 -0400] "GET /?sitemap347.xml HTTP/1.1" 200 1470 "-" "Mozilla/5.0 (compatible; AhrefsBot/7.0; +http://ahrefs.com/robot/)"
66.249.74.73 - - [05/Jul/2025:15:42:34 -0400] "GET /items/xnwka78/46818?key=hold HTTP/1.1" 404 1251 "-" "Mozilla/5.0 (compatible; Googlebot/2.1; +http://www.google.com/bot.html)"
66.249.74.71 - - [05/Jul/2025:15:42:37 -0400] "GET /q-~126BPDbujzGP8XquTWBhuXSuM8GQjXp9q26741/ HTTP/1.1" 404 1251 "-" "Mozilla/5.0 (Linux; Android 6.0.1; Nexus 5X Build/MMB29P) AppleWebKit/537.36 (KHTML, like Gecko) Chrome/137.0.7151.103 Mobile Safari/537.36 (compatible; Googlebot/2.1; +http://www.google.com/bot.html)"
66.249.74.71 - - [05/Jul/2025:15:42:39 -0400] "GET /q-~57aPA5pjsbalHr5uE7DQ7jx398BkZZGR31624/ HTTP/1.1" 404 1251 "-" "Mozilla/5.0 (compatible; Googlebot/2.1; +http://www.google.com/bot.html)"
66.249.74.71 - - [05/Jul/2025:15:42:54 -0400] "GET /q-~133NVkRZvNwopFd2EEepSx9GTpWQyk5Jr21026/ HTTP/1.1" 404 1251 "-" "Mozilla/5.0 (Linux; Android 6.0.1; Nexus 5X Build/MMB29P) AppleWebKit/537.36 (KHTML, like Gecko) Chrome/137.0.7151.103 Mobile Safari/537.36 (compatible; Googlebot/2.1; +http://www.google.com/bot.html)"
66.249.74.71 - - [05/Jul/2025:15:42:54 -0400] "GET /q-~133NVkRZvNwopFd2EEepSx9GTpWQyk5Jr21026/ HTTP/1.1" 404 1251 "-" "Mozilla/5.0 (compatible; Googlebot/2.1; +http://www.google.com/bot.html)"
66.249.74.71 - - [05/Jul/2025:15:42:55 -0400] "GET /items/hwzgs11/7897?key=stranger HTTP/1.1" 404 1251 "-" "Mozilla/5.0 (Linux; Android 6.0.1; Nexus 5X Build/MMB29P) AppleWebKit/537.36 (KHTML, like Gecko) Chrome/137.0.7151.103 Mobile Safari/537.36 (compatible; GoogleOther)"
66.249.74.71 - - [05/Jul/2025:15:43:19 -0400] "GET /q-~86q5olFLrgdfAjTbvGj9zMgLPKsTtv7U15237/ HTTP/1.1" 404 1251 "-" "Mozilla/5.0 (Linux; Android 6.0.1; Nexus 5X Build/MMB29P) AppleWebKit/537.36 (KHTML, like Gecko) Chrome/137.0.7151.103 Mobile Safari/537.36 (compatible; Googlebot/2.1; +http://www.google.com/bot.html)"
66.249.74.71 - - [05/Jul/2025:15:43:35 -0400] "GET /q-~266gkZ3lSJLhqxwQHOTaP4Riaf0AhaiYs29433/ HTTP/1.1" 404 1251 "-" "Mozilla/5.0 (compatible; Googlebot/2.1; +http://www.google.com/bot.html)"
66.249.74.71 - - [05/Jul/2025:15:44:28 -0400] "GET /items/ncypy14/7298?key=supporter HTTP/1.1" 404 1251 "-" "Mozilla/5.0 (Linux; Android 6.0.1; Nexus 5X Build/MMB29P) AppleWebKit/537.36 (KHTML, like Gecko) Chrome/137.0.7151.103 Mobile Safari/537.36 (compatible; Googlebot/2.1; +http://www.google.com/bot.html)"
66.249.74.73 - - [05/Jul/2025:15:45:44 -0400] "GET /q-~132suV1ZC3tL38B8I3YGSzsUAGIMufD1I15045/ HTTP/1.1" 404 1251 "-" "Mozilla/5.0 (Linux; Android 6.0.1; Nexus 5X Build/MMB29P) AppleWebKit/537.36 (KHTML, like Gecko) Chrome/137.0.7151.103 Mobile Safari/537.36 (compatible; Googlebot/2.1; +http://www.google.com/bot.html)"
20.171.207.96 - - [05/Jul/2025:15:46:40 -0400] "GET /?/ronbun/h2.pdf HTTP/1.1" 200 1470 "-" "Mozilla/5.0 AppleWebKit/537.36 (KHTML, like Gecko; compatible; GPTBot/1.2; +https://openai.com/gptbot)"
20.171.207.96 - - [05/Jul/2025:15:46:42 -0400] "GET /?/ronbun/h2.pdf HTTP/1.1" 200 1470 "-" "Mozilla/5.0 AppleWebKit/537.36 (KHTML, like Gecko; compatible; GPTBot/1.2; +https://openai.com/gptbot)"
66.249.74.71 - - [05/Jul/2025:15:46:47 -0400] "GET /q-~2naTD6Dxk8rXJXAWRcyhmqMuXrWfndg8949/ HTTP/1.1" 404 1251 "-" "Mozilla/5.0 (compatible; Googlebot/2.1; +http://www.google.com/bot.html)"
66.249.74.71 - - [05/Jul/2025:15:47:08 -0400] "GET /q-~214Gp0pDyev1kaKd5VsFP7mOG0WvYpDPt14507/ HTTP/1.1" 404 1251 "-" "Mozilla/5.0 (compatible; Googlebot/2.1; +http://www.google.com/bot.html)"
66.249.74.71 - - [05/Jul/2025:15:47:21 -0400] "GET /q-~43f7rkfBu4Y1lhVWtbhgglP0EFQW8mij41460/ HTTP/1.1" 404 1251 "-" "Mozilla/5.0 (Linux; Android 6.0.1; Nexus 5X Build/MMB29P) AppleWebKit/537.36 (KHTML, like Gecko) Chrome/137.0.7151.103 Mobile Safari/537.36 (compatible; Googlebot/2.1; +http://www.google.com/bot.html)"
66.249.74.71 - - [05/Jul/2025:15:47:25 -0400] "GET /q-~71MoPOlprB1BFAKLn01QeEnNOJsLTOBy16028/ HTTP/1.1" 404 1251 "-" "Mozilla/5.0 (compatible; Googlebot/2.1; +http://www.google.com/bot.html)"
20.171.207.96 - - [05/Jul/2025:15:47:28 -0400] "GET /bairitsu.html HTTP/1.1" 404 1251 "-" "Mozilla/5.0 AppleWebKit/537.36 (KHTML, like Gecko; compatible; GPTBot/1.2; +https://openai.com/gptbot)"
66.249.74.71 - - [05/Jul/2025:15:47:33 -0400] "GET /items/xyxeu148/33642?key=artist HTTP/1.1" 404 1251 "-" "Mozilla/5.0 (Linux; Android 6.0.1; Nexus 5X Build/MMB29P) AppleWebKit/537.36 (KHTML, like Gecko) Chrome/137.0.7151.103 Mobile Safari/537.36 (compatible; Googlebot/2.1; +http://www.google.com/bot.html)"
66.249.74.71 - - [05/Jul/2025:15:47:41 -0400] "GET /q-~111nHdgIKXIKQ7gDwrtae6NCiuLEDVP3E43260/ HTTP/1.1" 404 1251 "-" "Mozilla/5.0 (Linux; Android 6.0.1; Nexus 5X Build/MMB29P) AppleWebKit/537.36 (KHTML, like Gecko) Chrome/137.0.7151.103 Mobile Safari/537.36 (compatible; Googlebot/2.1; +http://www.google.com/bot.html)"
66.249.74.71 - - [05/Jul/2025:15:47:46 -0400] "GET /q-~105yhX9gOv71TzufokhdF6aMbyhUbVzNa47558/ HTTP/1.1" 404 1251 "-" "Mozilla/5.0 (compatible; Googlebot/2.1; +http://www.google.com/bot.html)"
66.249.73.71 - - [05/Jul/2025:15:48:35 -0400] "GET /search?category=65200&search_word= HTTP/1.1" 404 1251 "-" "Mozilla/5.0 (Linux; Android 6.0.1; Nexus 5X Build/MMB29P) AppleWebKit/537.36 (KHTML, like Gecko) Chrome/137.0.7151.103 Mobile Safari/537.36 (compatible; Googlebot/2.1; +http://www.google.com/bot.html)"
2a01:4f8:c013:87cd::1 - - [05/Jul/2025:15:48:54 -0400] "GET /xmlrpc.php HTTP/1.1" 403 1242 "http://nas-yemen.org/xmlrpc.php" "Mozilla/5.0 (X11; Ubuntu; Linux x86_64; rv:85.0) Gecko/20100101 Firefox/91.0"
66.249.74.73 - - [05/Jul/2025:15:49:39 -0400] "GET /items/wdfun58/6170?key=really HTTP/1.1" 404 1251 "-" "Mozilla/5.0 (Linux; Android 6.0.1; Nexus 5X Build/MMB29P) AppleWebKit/537.36 (KHTML, like Gecko) Chrome/137.0.7151.103 Mobile Safari/537.36 (compatible; Googlebot/2.1; +http://www.google.com/bot.html)"
20.171.207.96 - - [05/Jul/2025:15:50:17 -0400] "GET /facilities/floor_guide.html HTTP/1.1" 404 1251 "-" "Mozilla/5.0 AppleWebKit/537.36 (KHTML, like Gecko; compatible; GPTBot/1.2; +https://openai.com/gptbot)"
20.171.207.96 - - [05/Jul/2025:15:50:37 -0400] "GET /boutonniere/kvYAfao.shtml HTTP/1.1" 404 1251 "-" "Mozilla/5.0 AppleWebKit/537.36 (KHTML, like Gecko; compatible; GPTBot/1.2; +https://openai.com/gptbot)"
66.249.74.73 - - [05/Jul/2025:15:51:07 -0400] "GET /q-~77CprdMOPAP0IUR86kWbIlWWFj81fZTo43104/ HTTP/1.1" 404 1251 "-" "Mozilla/5.0 (compatible; Googlebot/2.1; +http://www.google.com/bot.html)"
20.171.207.96 - - [05/Jul/2025:15:51:33 -0400] "GET /agonal/uJmt7.htm HTTP/1.1" 404 1251 "-" "Mozilla/5.0 AppleWebKit/537.36 (KHTML, like Gecko; compatible; GPTBot/1.2; +https://openai.com/gptbot)"
66.249.74.72 - - [05/Jul/2025:15:52:23 -0400] "GET /q-~13fFDg1juhQqHQSELmXBz8E7PNkXXUOW43914/ HTTP/1.1" 404 1251 "-" "Mozilla/5.0 (Linux; Android 6.0.1; Nexus 5X Build/MMB29P) AppleWebKit/537.36 (KHTML, like Gecko) Chrome/137.0.7151.103 Mobile Safari/537.36 (compatible; GoogleOther)"
66.249.74.72 - - [05/Jul/2025:15:52:39 -0400] "GET /items/rofzo179/29267?key=contractor HTTP/1.1" 404 1251 "-" "Mozilla/5.0 (compatible; Googlebot/2.1; +http://www.google.com/bot.html)"
66.249.74.71 - - [05/Jul/2025:15:52:58 -0400] "GET /q-~60yh48TaQBtcnCrOAK16Fd1qZf0RoJge15587/ HTTP/1.1" 404 1251 "-" "Mozilla/5.0 (compatible; Googlebot/2.1; +http://www.google.com/bot.html)"
66.249.74.71 - - [05/Jul/2025:15:52:58 -0400] "GET /q-~60yh48TaQBtcnCrOAK16Fd1qZf0RoJge15587/ HTTP/1.1" 404 1251 "-" "Mozilla/5.0 (compatible; Googlebot/2.1; +http://www.google.com/bot.html)"
20.171.207.96 - - [05/Jul/2025:15:53:47 -0400] "GET /lythe/duB6.htm HTTP/1.1" 404 1251 "-" "Mozilla/5.0 AppleWebKit/537.36 (KHTML, like Gecko; compatible; GPTBot/1.2; +https://openai.com/gptbot)"
66.249.74.73 - - [05/Jul/2025:15:54:34 -0400] "GET /items/wdrso115/33669?key=jump HTTP/1.1" 404 1251 "-" "Mozilla/5.0 (Linux; Android 6.0.1; Nexus 5X Build/MMB29P) AppleWebKit/537.36 (KHTML, like Gecko) Chrome/137.0.7151.103 Mobile Safari/537.36 (compatible; Googlebot/2.1; +http://www.google.com/bot.html)"
20.171.207.96 - - [05/Jul/2025:15:54:37 -0400] "GET /category/case HTTP/1.1" 404 1251 "-" "Mozilla/5.0 AppleWebKit/537.36 (KHTML, like Gecko; compatible; GPTBot/1.2; +https://openai.com/gptbot)"
40.77.167.55 - - [05/Jul/2025:15:55:09 -0400] "GET /index.php?/gyu.php HTTP/1.1" 404 1251 "-" "Mozilla/5.0 AppleWebKit/537.36 (KHTML, like Gecko; compatible; bingbot/2.0; +http://www.bing.com/bingbot.htm) Chrome/116.0.1938.76 Safari/537.36"
66.249.74.71 - - [05/Jul/2025:15:55:44 -0400] "GET /q-~62KeMjgPgNp2biCsBN9x1qGM7rSHKUlk33051/ HTTP/1.1" 404 1251 "-" "Mozilla/5.0 (compatible; Googlebot/2.1; +http://www.google.com/bot.html)"
66.249.74.73 - - [05/Jul/2025:15:56:39 -0400] "GET /q-~49x1fMGJN8ufYQ34uki8mxAoSzDwtaEp41778/ HTTP/1.1" 404 1251 "-" "Mozilla/5.0 (Linux; Android 6.0.1; Nexus 5X Build/MMB29P) AppleWebKit/537.36 (KHTML, like Gecko) Chrome/137.0.7151.103 Mobile Safari/537.36 (compatible; Googlebot/2.1; +http://www.google.com/bot.html)"
20.171.207.96 - - [05/Jul/2025:15:56:49 -0400] "GET /skeeler/fG9z6vdr.html HTTP/1.1" 404 1251 "-" "Mozilla/5.0 AppleWebKit/537.36 (KHTML, like Gecko; compatible; GPTBot/1.2; +https://openai.com/gptbot)"
66.249.74.71 - - [05/Jul/2025:15:57:21 -0400] "GET /q-~86jhvuR9lisf9FnKNAyr2rVEoT0vQ6Jz8337/ HTTP/1.1" 404 1251 "-" "Mozilla/5.0 (compatible; Googlebot/2.1; +http://www.google.com/bot.html)"
66.249.74.72 - - [05/Jul/2025:15:57:24 -0400] "GET /q-~257zrweLgxgWG8TPLWC9mxIO86nfjclxi39062/ HTTP/1.1" 404 1251 "-" "Mozilla/5.0 (Linux; Android 6.0.1; Nexus 5X Build/MMB29P) AppleWebKit/537.36 (KHTML, like Gecko) Chrome/137.0.7151.103 Mobile Safari/537.36 (compatible; Googlebot/2.1; +http://www.google.com/bot.html)"
66.249.74.73 - - [05/Jul/2025:15:57:24 -0400] "GET /q-~257zrweLgxgWG8TPLWC9mxIO86nfjclxi39062/ HTTP/1.1" 404 1251 "-" "Mozilla/5.0 (compatible; Googlebot/2.1; +http://www.google.com/bot.html)"
20.171.207.96 - - [05/Jul/2025:15:57:25 -0400] "GET /?embroidery HTTP/1.1" 200 1470 "-" "Mozilla/5.0 AppleWebKit/537.36 (KHTML, like Gecko; compatible; GPTBot/1.2; +https://openai.com/gptbot)"
66.249.74.71 - - [05/Jul/2025:15:57:27 -0400] "GET /q-~119TdMPtV1fSJCEHDOIQZNuHYKnQbfsZy17208/ HTTP/1.1" 404 1251 "-" "Mozilla/5.0 (compatible; Googlebot/2.1; +http://www.google.com/bot.html)"
66.249.74.71 - - [05/Jul/2025:15:57:33 -0400] "GET /q-~91jOSFEjSFbjl4S8wzC2pT22TjMPQpws49144/ HTTP/1.1" 404 1251 "-" "Mozilla/5.0 (Linux; Android 6.0.1; Nexus 5X Build/MMB29P) AppleWebKit/537.36 (KHTML, like Gecko) Chrome/137.0.7151.103 Mobile Safari/537.36 (compatible; Googlebot/2.1; +http://www.google.com/bot.html)"
66.249.74.71 - - [05/Jul/2025:15:57:53 -0400] "GET /q-~95DY5SAMkIIQKaCuh0fsNUWLibvZKfEW42000/ HTTP/1.1" 404 1251 "-" "Mozilla/5.0 (Linux; Android 6.0.1; Nexus 5X Build/MMB29P) AppleWebKit/537.36 (KHTML, like Gecko) Chrome/137.0.7151.103 Mobile Safari/537.36 (compatible; Googlebot/2.1; +http://www.google.com/bot.html)"
66.249.74.71 - - [05/Jul/2025:15:57:59 -0400] "GET /q-~252heZkOlVGOCGT4fsTg4Lw66nWzqQbZd30159/ HTTP/1.1" 404 1251 "-" "Mozilla/5.0 (compatible; Googlebot/2.1; +http://www.google.com/bot.html)"
66.249.74.65 - - [05/Jul/2025:15:58:22 -0400] "GET /q-~263jY83eyqFapE3tMSbmBcevJUxP858jp18406/ HTTP/1.1" 404 1251 "-" "Mozilla/5.0 (Linux; Android 6.0.1; Nexus 5X Build/MMB29P) AppleWebKit/537.36 (KHTML, like Gecko) Chrome/137.0.7151.103 Mobile Safari/537.36 (compatible; Googlebot/2.1; +http://www.google.com/bot.html)"
66.249.74.64 - - [05/Jul/2025:15:58:47 -0400] "GET /q-~181BTFBIaXIJuivYp0pWobriYPkCiieJY18918/ HTTP/1.1" 404 1251 "-" "Mozilla/5.0 (compatible; Googlebot/2.1; +http://www.google.com/bot.html)"
66.249.74.78 - - [05/Jul/2025:15:59:09 -0400] "GET /q-~251H9n9Ig79TexnoYpkf9fyDGu0IkbYkk10758/ HTTP/1.1" 404 1251 "-" "Mozilla/5.0 (Linux; Android 6.0.1; Nexus 5X Build/MMB29P) AppleWebKit/537.36 (KHTML, like Gecko) Chrome/137.0.7151.103 Mobile Safari/537.36 (compatible; Googlebot/2.1; +http://www.google.com/bot.html)"
66.249.74.78 - - [05/Jul/2025:15:59:28 -0400] "GET /items/lmxnh256/17092?key=Bible HTTP/1.1" 404 1251 "-" "Mozilla/5.0 (Linux; Android 6.0.1; Nexus 5X Build/MMB29P) AppleWebKit/537.36 (KHTML, like Gecko) Chrome/137.0.7151.103 Mobile Safari/537.36 (compatible; Googlebot/2.1; +http://www.google.com/bot.html)"
66.249.74.78 - - [05/Jul/2025:15:59:34 -0400] "GET /items/vcwci279/38171?key=counselor HTTP/1.1" 404 1251 "-" "Mozilla/5.0 (Linux; Android 6.0.1; Nexus 5X Build/MMB29P) AppleWebKit/537.36 (KHTML, like Gecko) Chrome/137.0.7151.103 Mobile Safari/537.36 (compatible; Googlebot/2.1; +http://www.google.com/bot.html)"
66.249.73.72 - - [05/Jul/2025:15:59:34 -0400] "GET /search?category=1004&search_word= HTTP/1.1" 404 1251 "-" "Mozilla/5.0 (Linux; Android 6.0.1; Nexus 5X Build/MMB29P) AppleWebKit/537.36 (KHTML, like Gecko) Chrome/137.0.7151.103 Mobile Safari/537.36 (compatible; Googlebot/2.1; +http://www.google.com/bot.html)"
66.249.74.78 - - [05/Jul/2025:15:59:47 -0400] "GET /q-~182fRT7ABdYo6OMrOSy9zhPTDIy7FcmYT16467/ HTTP/1.1" 404 1251 "-" "Mozilla/5.0 (compatible; Googlebot/2.1; +http://www.google.com/bot.html)"
74.225.209.11 - - [05/Jul/2025:16:00:20 -0400] "GET /wp-admin/css/ HTTP/1.1" 200 2733 "binance.com" "Mozilla/5.0 (Windows NT 10.0; Win64; x64) AppleWebKit/537.36 (KHTML, like Gecko) Chrome/90.0.4430.85 Safari/537.36"
66.249.74.78 - - [05/Jul/2025:16:00:22 -0400] "GET /q-~31pjHlXIv5tTJAAgstHz3VTWdoraIjQk4322/ HTTP/1.1" 404 1251 "-" "Mozilla/5.0 (compatible; Googlebot/2.1; +http://www.google.com/bot.html)"
74.225.209.11 - - [05/Jul/2025:16:00:32 -0400] "GET /wp-content/uploads/2025/07/ HTTP/1.1" 404 1251 "binance.com" "Mozilla/5.0 (Windows NT 10.0; Win64; x64) AppleWebKit/537.36 (KHTML, like Gecko) Chrome/90.0.4430.85 Safari/537.36"
74.225.209.11 - - [05/Jul/2025:16:00:40 -0400] "GET /wp-content/uploads/2025/06/ HTTP/1.1" 404 1251 "binance.com" "Mozilla/5.0 (Windows NT 10.0; Win64; x64) AppleWebKit/537.36 (KHTML, like Gecko) Chrome/90.0.4430.85 Safari/537.36"
74.225.209.11 - - [05/Jul/2025:16:00:50 -0400] "GET /wp-content/uploads/ HTTP/1.1" 200 733 "binance.com" "Mozilla/5.0 (Windows NT 10.0; Win64; x64) AppleWebKit/537.36 (KHTML, like Gecko) Chrome/90.0.4430.85 Safari/537.36"
74.225.209.11 - - [05/Jul/2025:16:01:02 -0400] "GET /wp-content/upgrade/ HTTP/1.1" 200 545 "binance.com" "Mozilla/5.0 (Windows NT 10.0; Win64; x64) AppleWebKit/537.36 (KHTML, like Gecko) Chrome/90.0.4430.85 Safari/537.36"
69.197.182.50 - - [05/Jul/2025:16:01:22 -0400] "GET /wp-content/admin.php HTTP/1.1" 404 1251 "https://nas-yemen.org/wp-content/admin.php" "Mozilla/5.0 (Windows NT 10.0; Win64; x64) AppleWebKit/537.36 (KHTML, like Gecko) Chrome/58.0.3029.110 Safari/537.3"
74.225.209.11 - - [05/Jul/2025:16:01:24 -0400] "GET /wp-content/languages/ HTTP/1.1" 200 2997 "binance.com" "Mozilla/5.0 (Windows NT 10.0; Win64; x64) AppleWebKit/537.36 (KHTML, like Gecko) Chrome/90.0.4430.85 Safari/537.36"
57.141.0.24 - - [05/Jul/2025:16:01:30 -0400] "GET /wp-includes/class-wp-scripts.php HTTP/1.1" 403 1242 "-" "meta-externalagent/1.1 (+https://developers.facebook.com/docs/sharing/webmasters/crawler)"
74.225.209.11 - - [05/Jul/2025:16:01:35 -0400] "GET /wp-admin/includes/ HTTP/1.1" 200 3333 "binance.com" "Mozilla/5.0 (Windows NT 10.0; Win64; x64) AppleWebKit/537.36 (KHTML, like Gecko) Chrome/90.0.4430.85 Safari/537.36"
74.225.209.11 - - [05/Jul/2025:16:01:46 -0400] "GET /wp-admin/includes/ HTTP/1.1" 200 3333 "binance.com" "Mozilla/5.0 (Windows NT 10.0; Win64; x64) AppleWebKit/537.36 (KHTML, like Gecko) Chrome/90.0.4430.85 Safari/537.36"
66.249.74.78 - - [05/Jul/2025:16:01:52 -0400] "GET /items/xefof137/47969?key=same HTTP/1.1" 404 1251 "-" "Mozilla/5.0 (Linux; Android 6.0.1; Nexus 5X Build/MMB29P) AppleWebKit/537.36 (KHTML, like Gecko) Chrome/137.0.7151.103 Mobile Safari/537.36 (compatible; GoogleOther)"
74.225.209.11 - - [05/Jul/2025:16:01:55 -0400] "GET /wp-admin/maint/ HTTP/1.1" 200 623 "binance.com" "Mozilla/5.0 (Windows NT 10.0; Win64; x64) AppleWebKit/537.36 (KHTML, like Gecko) Chrome/90.0.4430.85 Safari/537.36"
74.225.209.11 - - [05/Jul/2025:16:02:16 -0400] "GET /wp-admin/maint/ HTTP/1.1" 200 623 "binance.com" "Mozilla/5.0 (Windows NT 10.0; Win64; x64) AppleWebKit/537.36 (KHTML, like Gecko) Chrome/90.0.4430.85 Safari/537.36"
74.225.209.11 - - [05/Jul/2025:16:02:26 -0400] "GET /wp-admin/network/ HTTP/1.1" 200 0 "binance.com" "Mozilla/5.0 (Windows NT 10.0; Win64; x64) AppleWebKit/537.36 (KHTML, like Gecko) Chrome/90.0.4430.85 Safari/537.36"
66.29.146.47 - - [05/Jul/2025:16:02:45 -0400] "POST /wp-cron.php?doing_wp_cron=1751745765.2356209754943847656250 HTTP/1.1" 403 1242 "-" "WordPress/6.8; https://nas-yemen.org"
74.225.209.11 - - [05/Jul/2025:16:02:53 -0400] "GET /wp-admin/user/ HTTP/1.1" 302 0 "binance.com" "Mozilla/5.0 (Windows NT 10.0; Win64; x64) AppleWebKit/537.36 (KHTML, like Gecko) Chrome/90.0.4430.85 Safari/537.36"
74.225.209.11 - - [05/Jul/2025:16:02:53 -0400] "GET /wp-login.php?redirect_to=https%3A%2F%2Fnas-yemen.org%2Fwp-admin%2Fuser%2F&reauth=1 HTTP/1.1" 200 1954 "binance.com" "Mozilla/5.0 (Windows NT 10.0; Win64; x64) AppleWebKit/537.36 (KHTML, like Gecko) Chrome/90.0.4430.85 Safari/537.36"
66.249.74.65 - - [05/Jul/2025:16:02:58 -0400] "GET /q-~1KnROldWMRZdRsIKizvIqkPTJXeU71d8604/ HTTP/1.1" 404 1251 "-" "Mozilla/5.0 (compatible; Googlebot/2.1; +http://www.google.com/bot.html)"
66.249.74.78 - - [05/Jul/2025:16:03:05 -0400] "GET /q-~117BGKzN2HZMNmXTUD7wFGwIwgmgjxTBx47158/ HTTP/1.1" 404 1251 "-" "Mozilla/5.0 (compatible; Googlebot/2.1; +http://www.google.com/bot.html)"
74.225.209.11 - - [05/Jul/2025:16:03:11 -0400] "GET /wp-admin/css/ HTTP/1.1" 200 2802 "binance.com" "Mozilla/5.0 (Windows NT 10.0; Win64; x64) AppleWebKit/537.36 (KHTML, like Gecko) Chrome/90.0.4430.85 Safari/537.36"
74.225.209.11 - - [05/Jul/2025:16:03:20 -0400] "GET /wp-admin/css/colors/ HTTP/1.1" 200 1102 "binance.com" "Mozilla/5.0 (Windows NT 10.0; Win64; x64) AppleWebKit/537.36 (KHTML, like Gecko) Chrome/90.0.4430.85 Safari/537.36"
74.225.209.11 - - [05/Jul/2025:16:03:30 -0400] "GET /wp-admin/css/colors/blue/ HTTP/1.1" 200 712 "binance.com" "Mozilla/5.0 (Windows NT 10.0; Win64; x64) AppleWebKit/537.36 (KHTML, like Gecko) Chrome/90.0.4430.85 Safari/537.36"
74.225.209.11 - - [05/Jul/2025:16:03:38 -0400] "GET /wp-admin/css/colors/coffee/ HTTP/1.1" 200 725 "binance.com" "Mozilla/5.0 (Windows NT 10.0; Win64; x64) AppleWebKit/537.36 (KHTML, like Gecko) Chrome/90.0.4430.85 Safari/537.36"
74.225.209.11 - - [05/Jul/2025:16:03:49 -0400] "GET /wp-admin/css/colors/ectoplasm/ HTTP/1.1" 200 709 "binance.com" "Mozilla/5.0 (Windows NT 10.0; Win64; x64) AppleWebKit/537.36 (KHTML, like Gecko) Chrome/90.0.4430.85 Safari/537.36"
20.171.207.96 - - [05/Jul/2025:16:03:50 -0400] "GET /?dumpmecheck=1 HTTP/1.1" 200 1470 "-" "Mozilla/5.0 AppleWebKit/537.36 (KHTML, like Gecko; compatible; GPTBot/1.2; +https://openai.com/gptbot)"
66.249.74.71 - - [05/Jul/2025:16:03:52 -0400] "GET /q-~119TNnx4tDt4xJXHCgBQpw9b5NdGkU0pm4136/ HTTP/1.1" 404 1251 "-" "Mozilla/5.0 (Linux; Android 6.0.1; Nexus 5X Build/MMB29P) AppleWebKit/537.36 (KHTML, like Gecko) Chrome/137.0.7151.103 Mobile Safari/537.36 (compatible; Googlebot/2.1; +http://www.google.com/bot.html)"
74.225.209.11 - - [05/Jul/2025:16:04:01 -0400] "GET /wp-admin/css/colors/light/ HTTP/1.1" 200 724 "binance.com" "Mozilla/5.0 (Windows NT 10.0; Win64; x64) AppleWebKit/537.36 (KHTML, like Gecko) Chrome/90.0.4430.85 Safari/537.36"
74.225.209.11 - - [05/Jul/2025:16:04:14 -0400] "GET /wp-admin/css/colors/midnight/ HTTP/1.1" 200 718 "binance.com" "Mozilla/5.0 (Windows NT 10.0; Win64; x64) AppleWebKit/537.36 (KHTML, like Gecko) Chrome/90.0.4430.85 Safari/537.36"
69.197.182.50 - - [05/Jul/2025:16:04:27 -0400] "GET /wp-content/admin.php HTTP/1.1" 404 1251 "https://nas-yemen.org/wp-content/admin.php" "Mozilla/5.0 (Windows NT 10.0; Win64; x64) AppleWebKit/537.36 (KHTML, like Gecko) Chrome/58.0.3029.110 Safari/537.3"
74.225.209.11 - - [05/Jul/2025:16:04:27 -0400] "GET /wp-admin/css/colors/modern/ HTTP/1.1" 200 720 "binance.com" "Mozilla/5.0 (Windows NT 10.0; Win64; x64) AppleWebKit/537.36 (KHTML, like Gecko) Chrome/90.0.4430.85 Safari/537.36"
74.225.209.11 - - [05/Jul/2025:16:04:40 -0400] "GET /wp-admin/css/colors/ocean/ HTTP/1.1" 200 720 "binance.com" "Mozilla/5.0 (Windows NT 10.0; Win64; x64) AppleWebKit/537.36 (KHTML, like Gecko) Chrome/90.0.4430.85 Safari/537.36"
74.225.209.11 - - [05/Jul/2025:16:04:52 -0400] "GET /wp-admin/css/colors/sunrise/%20 HTTP/1.1" 404 1251 "binance.com" "Mozilla/5.0 (Windows NT 10.0; Win64; x64) AppleWebKit/537.36 (KHTML, like Gecko) Chrome/90.0.4430.85 Safari/537.36"
74.225.209.11 - - [05/Jul/2025:16:05:00 -0400] "GET /wp-admin/images/ HTTP/1.1" 200 2329 "binance.com" "Mozilla/5.0 (Windows NT 10.0; Win64; x64) AppleWebKit/537.36 (KHTML, like Gecko) Chrome/90.0.4430.85 Safari/537.36"
74.225.209.11 - - [05/Jul/2025:16:05:09 -0400] "GET /wp-admin/js/ HTTP/1.1" 200 2908 "binance.com" "Mozilla/5.0 (Windows NT 10.0; Win64; x64) AppleWebKit/537.36 (KHTML, like Gecko) Chrome/90.0.4430.85 Safari/537.36"
74.225.209.11 - - [05/Jul/2025:16:05:20 -0400] "GET /wp-admin/js/widgets/ HTTP/1.1" 200 1201 "binance.com" "Mozilla/5.0 (Windows NT 10.0; Win64; x64) AppleWebKit/537.36 (KHTML, like Gecko) Chrome/90.0.4430.85 Safari/537.36"
66.249.74.71 - - [05/Jul/2025:16:05:28 -0400] "GET /q-~58WcWYXudqsJz3TVbTiKE12ofeSVFcBn20155/ HTTP/1.1" 404 1251 "-" "Mozilla/5.0 (compatible; Googlebot/2.1; +http://www.google.com/bot.html)"
74.225.209.11 - - [05/Jul/2025:16:05:33 -0400] "GET /wp-includes/ HTTP/1.1" 200 6935 "binance.com" "Mozilla/5.0 (Windows NT 10.0; Win64; x64) AppleWebKit/537.36 (KHTML, like Gecko) Chrome/90.0.4430.85 Safari/537.36"
66.249.74.72 - - [05/Jul/2025:16:05:41 -0400] "GET /q-~294bs2TvECDk52DgOec6qt6QotPZHIZgZ5229/ HTTP/1.1" 404 1251 "-" "Mozilla/5.0 (Linux; Android 6.0.1; Nexus 5X Build/MMB29P) AppleWebKit/537.36 (KHTML, like Gecko) Chrome/137.0.7151.103 Mobile Safari/537.36 (compatible; Googlebot/2.1; +http://www.google.com/bot.html)"
74.225.209.11 - - [05/Jul/2025:16:05:51 -0400] "GET /wp-includes/ HTTP/1.1" 200 6935 "binance.com" "Mozilla/5.0 (Windows NT 10.0; Win64; x64) AppleWebKit/537.36 (KHTML, like Gecko) Chrome/90.0.4430.85 Safari/537.36"
188.165.54.175 - - [05/Jul/2025:16:05:58 -0400] "GET /xmlrpc.php HTTP/1.1" 403 1242 "http://nas-yemen.org" "Mozilla/5.0 (Macintosh; Intel Mac OS X 10_15_7) AppleWebKit/537.36 (KHTML, like Gecko) Chrome/115.0.5790.102 Safari/537.36"
74.225.209.11 - - [05/Jul/2025:16:06:03 -0400] "GET /wp-includes/block-bindings.php HTTP/1.1" 403 1242 "binance.com" "Mozilla/5.0 (Windows NT 10.0; Win64; x64) AppleWebKit/537.36 (KHTML, like Gecko) Chrome/90.0.4430.85 Safari/537.36"
188.165.54.175 - - [05/Jul/2025:16:05:59 -0400] "POST /wp-login.php HTTP/1.1" 200 0 "https://nas-yemen.org" "Mozilla/5.0 (Windows NT 10.0; Win64; x64) AppleWebKit/537.36 (KHTML, like Gecko) Chrome/116.0.5845.96 Safari/537.36 Edg/116.0.1938.62"
66.29.146.47 - - [05/Jul/2025:16:06:08 -0400] "POST /wp-cron.php?doing_wp_cron=1751745968.3427510261535644531250 HTTP/1.1" 403 1242 "-" "WordPress/6.8; https://nas-yemen.org"
47.82.60.39 - - [05/Jul/2025:16:06:12 -0400] "GET /aa48b HTTP/1.1" 301 795 "https://www.nas-yemen.org/aa48b" "Mozilla/5.0 (Windows NT 10.0; Win64; x64) AppleWebKit/537.36 (KHTML, like Gecko) Chrome/114.0.0.0 Safari/537.36 Edg/114.0.1823.43"
47.82.60.39 - - [05/Jul/2025:16:06:12 -0400] "GET /aa48b/ HTTP/1.1" 200 536 "https://www.nas-yemen.org/aa48b" "Mozilla/5.0 (Windows NT 10.0; Win64; x64) AppleWebKit/537.36 (KHTML, like Gecko) Chrome/114.0.0.0 Safari/537.36 Edg/114.0.1823.43"
74.225.209.11 - - [05/Jul/2025:16:06:16 -0400] "GET /wp-includes/block-editor.php HTTP/1.1" 403 1242 "binance.com" "Mozilla/5.0 (Windows NT 10.0; Win64; x64) AppleWebKit/537.36 (KHTML, like Gecko) Chrome/90.0.4430.85 Safari/537.36"
74.225.209.11 - - [05/Jul/2025:16:06:27 -0400] "GET /wp-includes/block-template-utils.php HTTP/1.1" 403 1242 "binance.com" "Mozilla/5.0 (Windows NT 10.0; Win64; x64) AppleWebKit/537.36 (KHTML, like Gecko) Chrome/90.0.4430.85 Safari/537.36"
66.249.74.73 - - [05/Jul/2025:16:06:31 -0400] "GET /q-~188JpETOjjhCCPvbm5DDHRXPvk31XOXWY10953/ HTTP/1.1" 404 1251 "-" "Mozilla/5.0 (compatible; Googlebot/2.1; +http://www.google.com/bot.html)"
47.82.60.50 - - [05/Jul/2025:16:06:35 -0400] "GET /wp-comments-post.php HTTP/1.1" 403 1242 "https://nas-yemen.org/wp-comments-post.php" "Mozilla/5.0 (Windows NT 10.0; Win64; x64) AppleWebKit/537.36 (KHTML, like Gecko) Chrome/114.0.0.0 Safari/537.36 Edg/114.0.1823.43"
74.225.209.11 - - [05/Jul/2025:16:06:36 -0400] "GET /wp-includes/block-template.php HTTP/1.1" 403 1242 "binance.com" "Mozilla/5.0 (Windows NT 10.0; Win64; x64) AppleWebKit/537.36 (KHTML, like Gecko) Chrome/90.0.4430.85 Safari/537.36"
74.225.209.11 - - [05/Jul/2025:16:06:47 -0400] "GET /wp-includes/class-avif-info.php HTTP/1.1" 403 1242 "binance.com" "Mozilla/5.0 (Windows NT 10.0; Win64; x64) AppleWebKit/537.36 (KHTML, like Gecko) Chrome/90.0.4430.85 Safari/537.36"
66.249.74.71 - - [05/Jul/2025:16:06:53 -0400] "GET /q-~210M0dw8lVnFJXNf2JD4S4q8VxjCDqCNP46319/ HTTP/1.1" 404 1251 "-" "Mozilla/5.0 (compatible; Googlebot/2.1; +http://www.google.com/bot.html)"
74.225.209.11 - - [05/Jul/2025:16:06:57 -0400] "GET /wp-includes/class-wp-block-bindings-registry.php HTTP/1.1" 403 1242 "binance.com" "Mozilla/5.0 (Windows NT 10.0; Win64; x64) AppleWebKit/537.36 (KHTML, like Gecko) Chrome/90.0.4430.85 Safari/537.36"
74.225.209.11 - - [05/Jul/2025:16:07:10 -0400] "GET /wp-includes/class-wp-block-bindings-source.php HTTP/1.1" 403 1242 "binance.com" "Mozilla/5.0 (Windows NT 10.0; Win64; x64) AppleWebKit/537.36 (KHTML, like Gecko) Chrome/90.0.4430.85 Safari/537.36"
