66.249.74.71 - - [05/Jul/2025:23:05:36 -0400] "GET /q-~296RHLxAjgJfETXqA7kz7eTcFJRitMW6D13817/ HTTP/1.1" 404 1251 "-" "Mozilla/5.0 (Linux; Android 6.0.1; Nexus 5X Build/MMB29P) AppleWebKit/537.36 (KHTML, like Gecko) Chrome/137.0.7151.103 Mobile Safari/537.36 (compatible; GoogleOther)"
192.241.254.129 - - [05/Jul/2025:23:05:41 -0400] "GET /wp-admin/css/colors/light/ HTTP/1.1" 200 724 "binance.com" "Mozilla/5.0 (Windows NT 10.0; Win64; x64) AppleWebKit/537.36 (KHTML, like Gecko) Chrome/90.0.4430.85 Safari/537.36"
66.249.74.71 - - [05/Jul/2025:23:05:45 -0400] "GET /q-~194jytexcpIfjVfjebaWk36yKGR1JI5gN15231/ HTTP/1.1" 404 1251 "-" "Mozilla/5.0 (Linux; Android 6.0.1; Nexus 5X Build/MMB29P) AppleWebKit/537.36 (KHTML, like Gecko) Chrome/137.0.7151.103 Mobile Safari/537.36 (compatible; Googlebot/2.1; +http://www.google.com/bot.html)"
192.241.254.129 - - [05/Jul/2025:23:05:53 -0400] "GET /wp-admin/css/colors/midnight/ HTTP/1.1" 200 718 "binance.com" "Mozilla/5.0 (Windows NT 10.0; Win64; x64) AppleWebKit/537.36 (KHTML, like Gecko) Chrome/90.0.4430.85 Safari/537.36"
192.241.254.129 - - [05/Jul/2025:23:06:05 -0400] "GET /wp-admin/css/colors/modern/ HTTP/1.1" 200 720 "binance.com" "Mozilla/5.0 (Windows NT 10.0; Win64; x64) AppleWebKit/537.36 (KHTML, like Gecko) Chrome/90.0.4430.85 Safari/537.36"
66.249.74.72 - - [05/Jul/2025:23:06:07 -0400] "GET /q-~44yERVLsfsaKH05SkW4OdQ9pnMZ5ni0B22371/ HTTP/1.1" 404 1251 "-" "Mozilla/5.0 (Linux; Android 6.0.1; Nexus 5X Build/MMB29P) AppleWebKit/537.36 (KHTML, like Gecko) Chrome/137.0.7151.103 Mobile Safari/537.36 (compatible; Googlebot/2.1; +http://www.google.com/bot.html)"
114.119.131.136 - - [05/Jul/2025:23:06:18 -0400] "GET /index.php/?sitemapmobile5.xml HTTP/1.1" 404 1251 "-" "Mozilla/5.0 (Linux; Android 7.0;) AppleWebKit/537.36 (KHTML, like Gecko) Mobile Safari/537.36 (compatible; PetalBot;+https://webmaster.petalsearch.com/site/petalbot)"
192.241.254.129 - - [05/Jul/2025:23:06:20 -0400] "GET /wp-admin/css/colors/ocean/ HTTP/1.1" 200 720 "binance.com" "Mozilla/5.0 (Windows NT 10.0; Win64; x64) AppleWebKit/537.36 (KHTML, like Gecko) Chrome/90.0.4430.85 Safari/537.36"
192.241.254.129 - - [05/Jul/2025:23:06:33 -0400] "GET /wp-admin/css/colors/sunrise/%20 HTTP/1.1" 404 1251 "binance.com" "Mozilla/5.0 (Windows NT 10.0; Win64; x64) AppleWebKit/537.36 (KHTML, like Gecko) Chrome/90.0.4430.85 Safari/537.36"
66.249.74.72 - - [05/Jul/2025:23:06:40 -0400] "GET /q-~273dFNkKXYWyCj7rAdridNveuayqrbZ7K38574/ HTTP/1.1" 404 1251 "-" "Mozilla/5.0 (Linux; Android 6.0.1; Nexus 5X Build/MMB29P) AppleWebKit/537.36 (KHTML, like Gecko) Chrome/137.0.7151.103 Mobile Safari/537.36 (compatible; Googlebot/2.1; +http://www.google.com/bot.html)"
192.241.254.129 - - [05/Jul/2025:23:06:44 -0400] "GET /wp-admin/images/ HTTP/1.1" 200 2329 "binance.com" "Mozilla/5.0 (Windows NT 10.0; Win64; x64) AppleWebKit/537.36 (KHTML, like Gecko) Chrome/90.0.4430.85 Safari/537.36"
192.241.254.129 - - [05/Jul/2025:23:06:56 -0400] "GET /wp-admin/js/ HTTP/1.1" 200 2908 "binance.com" "Mozilla/5.0 (Windows NT 10.0; Win64; x64) AppleWebKit/537.36 (KHTML, like Gecko) Chrome/90.0.4430.85 Safari/537.36"
192.241.254.129 - - [05/Jul/2025:23:07:09 -0400] "GET /wp-admin/js/widgets/ HTTP/1.1" 200 1201 "binance.com" "Mozilla/5.0 (Windows NT 10.0; Win64; x64) AppleWebKit/537.36 (KHTML, like Gecko) Chrome/90.0.4430.85 Safari/537.36"
57.141.0.6 - - [05/Jul/2025:23:07:10 -0400] "GET /wp-includes/widgets/class-wp-widget-text.php HTTP/1.1" 403 1242 "-" "meta-externalagent/1.1 (+https://developers.facebook.com/docs/sharing/webmasters/crawler)"
192.241.254.129 - - [05/Jul/2025:23:07:23 -0400] "GET /wp-includes/ HTTP/1.1" 200 6935 "binance.com" "Mozilla/5.0 (Windows NT 10.0; Win64; x64) AppleWebKit/537.36 (KHTML, like Gecko) Chrome/90.0.4430.85 Safari/537.36"
192.241.254.129 - - [05/Jul/2025:23:07:37 -0400] "GET /wp-includes/ HTTP/1.1" 200 6935 "binance.com" "Mozilla/5.0 (Windows NT 10.0; Win64; x64) AppleWebKit/537.36 (KHTML, like Gecko) Chrome/90.0.4430.85 Safari/537.36"
66.249.74.72 - - [05/Jul/2025:23:07:42 -0400] "GET /q-~70PJPgQQnjBBLM5tQwNpteB9SHC82TwM47575/ HTTP/1.1" 404 1251 "-" "Mozilla/5.0 (compatible; Googlebot/2.1; +http://www.google.com/bot.html)"
114.119.153.131 - - [05/Jul/2025:23:07:43 -0400] "GET /ar/implementation-of-the-second-phase-of-the-livelihoods-project/img_%D9%A2%D9%A0%D9%A2%D9%A1%D9%A0%D9%A1%D9%A3%D9%A0_%D9%A1%D9%A5%D9%A2%D9%A7%D9%A4%D9%A5 HTTP/1.1" 404 1251 "https://nas-yemen.org/en/implementation-of-the-second-phase-of-the-livelihoods-project/img_%D9%A2%D9%A0%D9%A2%D9%A1%D9%A0%D9%A1%D9%A3%D9%A0_%D9%A1%D9%A5%D9%A2%D9%A7%D9%A4%D9%A5" "Mozilla/5.0 (Linux; Android 7.0;) AppleWebKit/537.36 (KHTML, like Gecko) Mobile Safari/537.36 (compatible; PetalBot;+https://webmaster.petalsearch.com/site/petalbot)"
192.241.254.129 - - [05/Jul/2025:23:07:50 -0400] "GET /wp-includes/block-bindings.php HTTP/1.1" 403 1242 "binance.com" "Mozilla/5.0 (Windows NT 10.0; Win64; x64) AppleWebKit/537.36 (KHTML, like Gecko) Chrome/90.0.4430.85 Safari/537.36"
192.241.254.129 - - [05/Jul/2025:23:08:02 -0400] "GET /wp-includes/block-editor.php HTTP/1.1" 403 1242 "binance.com" "Mozilla/5.0 (Windows NT 10.0; Win64; x64) AppleWebKit/537.36 (KHTML, like Gecko) Chrome/90.0.4430.85 Safari/537.36"
43.165.190.5 - - [05/Jul/2025:23:08:10 -0400] "GET / HTTP/1.1" 200 1473 "http://www.nas-yemen.org" "Mozilla/5.0 (iPhone; CPU iPhone OS 13_2_3 like Mac OS X) AppleWebKit/605.1.15 (KHTML, like Gecko) Version/13.0.3 Mobile/15E148 Safari/604.1"
192.241.254.129 - - [05/Jul/2025:23:08:15 -0400] "GET /wp-includes/block-template-utils.php HTTP/1.1" 403 1242 "binance.com" "Mozilla/5.0 (Windows NT 10.0; Win64; x64) AppleWebKit/537.36 (KHTML, like Gecko) Chrome/90.0.4430.85 Safari/537.36"
66.249.73.73 - - [05/Jul/2025:23:08:25 -0400] "GET /man/kaitori/kaitoritop.html HTTP/1.1" 404 1251 "-" "Mozilla/5.0 (Linux; Android 6.0.1; Nexus 5X Build/MMB29P) AppleWebKit/537.36 (KHTML, like Gecko) Chrome/137.0.7151.103 Mobile Safari/537.36 (compatible; Googlebot/2.1; +http://www.google.com/bot.html)"
66.249.73.64 - - [05/Jul/2025:23:08:25 -0400] "GET /robots.txt HTTP/1.1" 304 0 "-" "Mozilla/5.0 (compatible; Googlebot/2.1; +http://www.google.com/bot.html)"
66.249.74.73 - - [05/Jul/2025:23:08:29 -0400] "GET /items/lmhfn87/22609?key=swallow HTTP/1.1" 404 1251 "-" "Mozilla/5.0 (Linux; Android 6.0.1; Nexus 5X Build/MMB29P) AppleWebKit/537.36 (KHTML, like Gecko) Chrome/137.0.7151.103 Mobile Safari/537.36 (compatible; Googlebot/2.1; +http://www.google.com/bot.html)"
192.241.254.129 - - [05/Jul/2025:23:08:30 -0400] "GET /wp-includes/block-template.php HTTP/1.1" 403 1242 "binance.com" "Mozilla/5.0 (Windows NT 10.0; Win64; x64) AppleWebKit/537.36 (KHTML, like Gecko) Chrome/90.0.4430.85 Safari/537.36"
192.241.254.129 - - [05/Jul/2025:23:08:43 -0400] "GET /wp-includes/class-avif-info.php HTTP/1.1" 403 1242 "binance.com" "Mozilla/5.0 (Windows NT 10.0; Win64; x64) AppleWebKit/537.36 (KHTML, like Gecko) Chrome/90.0.4430.85 Safari/537.36"
192.241.254.129 - - [05/Jul/2025:23:08:56 -0400] "GET /wp-includes/class-wp-block-bindings-registry.php HTTP/1.1" 403 1242 "binance.com" "Mozilla/5.0 (Windows NT 10.0; Win64; x64) AppleWebKit/537.36 (KHTML, like Gecko) Chrome/90.0.4430.85 Safari/537.36"
114.119.146.142 - - [05/Jul/2025:23:09:08 -0400] "GET /index.php/hostile/nhi4S9J.html HTTP/1.1" 404 1251 "-" "Mozilla/5.0 (Linux; Android 7.0;) AppleWebKit/537.36 (KHTML, like Gecko) Mobile Safari/537.36 (compatible; PetalBot;+https://webmaster.petalsearch.com/site/petalbot)"
192.241.254.129 - - [05/Jul/2025:23:09:09 -0400] "GET /wp-includes/class-wp-block-bindings-source.php HTTP/1.1" 403 1242 "binance.com" "Mozilla/5.0 (Windows NT 10.0; Win64; x64) AppleWebKit/537.36 (KHTML, like Gecko) Chrome/90.0.4430.85 Safari/537.36"
66.249.74.72 - - [05/Jul/2025:23:09:15 -0400] "GET /q-~294V2B4UiV0TVL976nWppDPqy1oEkGScy25705/ HTTP/1.1" 404 1251 "-" "Mozilla/5.0 (compatible; Googlebot/2.1; +http://www.google.com/bot.html)"
192.241.254.129 - - [05/Jul/2025:23:09:23 -0400] "GET /wp-includes/class-wp-block-editor-context.php HTTP/1.1" 403 1242 "binance.com" "Mozilla/5.0 (Windows NT 10.0; Win64; x64) AppleWebKit/537.36 (KHTML, like Gecko) Chrome/90.0.4430.85 Safari/537.36"
192.241.254.129 - - [05/Jul/2025:23:09:34 -0400] "GET /wp-includes/class-wp-block-metadata-registry.php HTTP/1.1" 403 1242 "binance.com" "Mozilla/5.0 (Windows NT 10.0; Win64; x64) AppleWebKit/537.36 (KHTML, like Gecko) Chrome/90.0.4430.85 Safari/537.36"
192.241.254.129 - - [05/Jul/2025:23:09:47 -0400] "GET /wp-includes/class-wp-block-parser-block.php HTTP/1.1" 403 1242 "binance.com" "Mozilla/5.0 (Windows NT 10.0; Win64; x64) AppleWebKit/537.36 (KHTML, like Gecko) Chrome/90.0.4430.85 Safari/537.36"
66.249.74.72 - - [05/Jul/2025:23:09:52 -0400] "GET /q-~30phxh9Mav7WFkh7RMNRzxKfQZxFfyCb14231/ HTTP/1.1" 404 1251 "-" "Mozilla/5.0 (Linux; Android 6.0.1; Nexus 5X Build/MMB29P) AppleWebKit/537.36 (KHTML, like Gecko) Chrome/137.0.7151.103 Mobile Safari/537.36 (compatible; Googlebot/2.1; +http://www.google.com/bot.html)"
192.241.254.129 - - [05/Jul/2025:23:10:01 -0400] "GET /wp-includes/class-wp-block-parser-frame.php HTTP/1.1" 403 1242 "binance.com" "Mozilla/5.0 (Windows NT 10.0; Win64; x64) AppleWebKit/537.36 (KHTML, like Gecko) Chrome/90.0.4430.85 Safari/537.36"
192.241.254.129 - - [05/Jul/2025:23:10:16 -0400] "GET /wp-includes/class-wp-block-template.php HTTP/1.1" 403 1242 "binance.com" "Mozilla/5.0 (Windows NT 10.0; Win64; x64) AppleWebKit/537.36 (KHTML, like Gecko) Chrome/90.0.4430.85 Safari/537.36"
192.241.254.129 - - [05/Jul/2025:23:10:30 -0400] "GET /wp-includes/class-wp-block-templates-registry.php HTTP/1.1" 403 1242 "binance.com" "Mozilla/5.0 (Windows NT 10.0; Win64; x64) AppleWebKit/537.36 (KHTML, like Gecko) Chrome/90.0.4430.85 Safari/537.36"
114.119.148.103 - - [05/Jul/2025:23:10:30 -0400] "GET /index.php/beautiful/6nzzwhj.shtml HTTP/1.1" 404 1251 "-" "Mozilla/5.0 (Linux; Android 7.0;) AppleWebKit/537.36 (KHTML, like Gecko) Mobile Safari/537.36 (compatible; PetalBot;+https://webmaster.petalsearch.com/site/petalbot)"
66.249.74.72 - - [05/Jul/2025:23:10:36 -0400] "GET /q-~24KioB0ZevR5cLiHcITorLuBL16eoo6F12741/ HTTP/1.1" 404 1251 "-" "Mozilla/5.0 (Linux; Android 6.0.1; Nexus 5X Build/MMB29P) AppleWebKit/537.36 (KHTML, like Gecko) Chrome/137.0.7151.103 Mobile Safari/537.36 (compatible; GoogleOther)"
192.241.254.129 - - [05/Jul/2025:23:10:44 -0400] "GET /wp-includes/class-wp-classic-to-block-menu-converter.php HTTP/1.1" 403 1242 "binance.com" "Mozilla/5.0 (Windows NT 10.0; Win64; x64) AppleWebKit/537.36 (KHTML, like Gecko) Chrome/90.0.4430.85 Safari/537.36"
192.241.254.129 - - [05/Jul/2025:23:11:01 -0400] "GET /wp-includes/class-wp-dependencies.php HTTP/1.1" 403 1242 "binance.com" "Mozilla/5.0 (Windows NT 10.0; Win64; x64) AppleWebKit/537.36 (KHTML, like Gecko) Chrome/90.0.4430.85 Safari/537.36"
66.249.74.71 - - [05/Jul/2025:23:11:04 -0400] "GET /q-~279cwaUjmZe3lEnWJhh5K73l5VxGKdrbj27462/ HTTP/1.1" 404 1251 "-" "Mozilla/5.0 (compatible; Googlebot/2.1; +http://www.google.com/bot.html)"
20.171.207.96 - - [05/Jul/2025:23:11:14 -0400] "GET /disadvise/yW376fh.html HTTP/1.1" 404 1251 "-" "Mozilla/5.0 AppleWebKit/537.36 (KHTML, like Gecko; compatible; GPTBot/1.2; +https://openai.com/gptbot)"
192.241.254.129 - - [05/Jul/2025:23:11:14 -0400] "GET /wp-includes/class-wp-duotone.php HTTP/1.1" 403 1242 "binance.com" "Mozilla/5.0 (Windows NT 10.0; Win64; x64) AppleWebKit/537.36 (KHTML, like Gecko) Chrome/90.0.4430.85 Safari/537.36"
192.241.254.129 - - [05/Jul/2025:23:11:28 -0400] "GET /wp-includes/class-wp-exception.php HTTP/1.1" 403 1242 "binance.com" "Mozilla/5.0 (Windows NT 10.0; Win64; x64) AppleWebKit/537.36 (KHTML, like Gecko) Chrome/90.0.4430.85 Safari/537.36"
192.241.254.129 - - [05/Jul/2025:23:11:40 -0400] "GET /wp-includes/class-wp-http.php HTTP/1.1" 403 1242 "binance.com" "Mozilla/5.0 (Windows NT 10.0; Win64; x64) AppleWebKit/537.36 (KHTML, like Gecko) Chrome/90.0.4430.85 Safari/537.36"
2a03:2880:f800:8:: - - [05/Jul/2025:23:11:43 -0400] "GET /wp-includes/sodium_compat/autoload.php HTTP/1.1" 403 1242 "-" "meta-externalagent/1.1 (+https://developers.facebook.com/docs/sharing/webmasters/crawler)"
192.241.254.129 - - [05/Jul/2025:23:11:53 -0400] "GET /wp-includes/class-wp-navigation-fallback.php HTTP/1.1" 403 1242 "binance.com" "Mozilla/5.0 (Windows NT 10.0; Win64; x64) AppleWebKit/537.36 (KHTML, like Gecko) Chrome/90.0.4430.85 Safari/537.36"
114.119.141.116 - - [05/Jul/2025:23:11:54 -0400] "GET /index.php/dermatogen/byndp.htm HTTP/1.1" 404 1251 "-" "Mozilla/5.0 (Linux; Android 7.0;) AppleWebKit/537.36 (KHTML, like Gecko) Mobile Safari/537.36 (compatible; PetalBot;+https://webmaster.petalsearch.com/site/petalbot)"
192.241.254.129 - - [05/Jul/2025:23:12:06 -0400] "GET /wp-includes/class-wp-phpmailer.php HTTP/1.1" 403 1242 "binance.com" "Mozilla/5.0 (Windows NT 10.0; Win64; x64) AppleWebKit/537.36 (KHTML, like Gecko) Chrome/90.0.4430.85 Safari/537.36"
66.249.74.71 - - [05/Jul/2025:23:12:11 -0400] "GET /q-~300sAZmApmWY4nTcUxuiwGQodrQDU8dAZ36441/ HTTP/1.1" 404 1251 "-" "Mozilla/5.0 (Linux; Android 6.0.1; Nexus 5X Build/MMB29P) AppleWebKit/537.36 (KHTML, like Gecko) Chrome/137.0.7151.103 Mobile Safari/537.36 (compatible; Googlebot/2.1; +http://www.google.com/bot.html)"
192.241.254.129 - - [05/Jul/2025:23:12:17 -0400] "GET /wp-includes/class-wp-plugin-dependencies.php HTTP/1.1" 403 1242 "binance.com" "Mozilla/5.0 (Windows NT 10.0; Win64; x64) AppleWebKit/537.36 (KHTML, like Gecko) Chrome/90.0.4430.85 Safari/537.36"
192.241.254.129 - - [05/Jul/2025:23:12:29 -0400] "GET /wp-includes/class-wp-script-modules.php HTTP/1.1" 403 1242 "binance.com" "Mozilla/5.0 (Windows NT 10.0; Win64; x64) AppleWebKit/537.36 (KHTML, like Gecko) Chrome/90.0.4430.85 Safari/537.36"
192.241.254.129 - - [05/Jul/2025:23:12:41 -0400] "GET /wp-includes/class-wp-scripts.php HTTP/1.1" 403 1242 "binance.com" "Mozilla/5.0 (Windows NT 10.0; Win64; x64) AppleWebKit/537.36 (KHTML, like Gecko) Chrome/90.0.4430.85 Safari/537.36"
66.249.74.71 - - [05/Jul/2025:23:12:43 -0400] "GET /q-~37O0NJUmEiAk9o0ZX5diTzT9gTJJvG1r17112/ HTTP/1.1" 404 1251 "-" "Mozilla/5.0 (compatible; Googlebot/2.1; +http://www.google.com/bot.html)"
66.249.74.71 - - [05/Jul/2025:23:12:51 -0400] "GET /items/eyvtk155/32841?key=since HTTP/1.1" 404 1251 "-" "Mozilla/5.0 (Linux; Android 6.0.1; Nexus 5X Build/MMB29P) AppleWebKit/537.36 (KHTML, like Gecko) Chrome/137.0.7151.103 Mobile Safari/537.36 (compatible; Googlebot/2.1; +http://www.google.com/bot.html)"
192.241.254.129 - - [05/Jul/2025:23:12:58 -0400] "GET /wp-includes/class-wp-speculation-rules.php HTTP/1.1" 403 1242 "binance.com" "Mozilla/5.0 (Windows NT 10.0; Win64; x64) AppleWebKit/537.36 (KHTML, like Gecko) Chrome/90.0.4430.85 Safari/537.36"
192.241.254.129 - - [05/Jul/2025:23:13:10 -0400] "GET /wp-includes/class-wp-styles.php HTTP/1.1" 403 1242 "binance.com" "Mozilla/5.0 (Windows NT 10.0; Win64; x64) AppleWebKit/537.36 (KHTML, like Gecko) Chrome/90.0.4430.85 Safari/537.36"
66.249.74.71 - - [05/Jul/2025:23:13:16 -0400] "GET /q-~51olTxeRvVgqJ1rc5uhSiAG4UQablaED5950/ HTTP/1.1" 404 1251 "-" "Mozilla/5.0 (Linux; Android 6.0.1; Nexus 5X Build/MMB29P) AppleWebKit/537.36 (KHTML, like Gecko) Chrome/137.0.7151.103 Mobile Safari/537.36 (compatible; Googlebot/2.1; +http://www.google.com/bot.html)"
40.77.167.52 - - [05/Jul/2025:23:13:16 -0400] "GET /tycgonline/index.jsp HTTP/1.1" 404 1251 "-" "Mozilla/5.0 AppleWebKit/537.36 (KHTML, like Gecko; compatible; bingbot/2.0; +http://www.bing.com/bingbot.htm) Chrome/116.0.1938.76 Safari/537.36"
114.119.133.253 - - [05/Jul/2025:23:13:21 -0400] "GET /index.php/?sitemap85.xml HTTP/1.1" 404 1251 "-" "Mozilla/5.0 (Linux; Android 7.0;) AppleWebKit/537.36 (KHTML, like Gecko) Mobile Safari/537.36 (compatible; PetalBot;+https://webmaster.petalsearch.com/site/petalbot)"
192.241.254.129 - - [05/Jul/2025:23:13:22 -0400] "GET /wp-includes/class-wp-textdomain-registry.php HTTP/1.1" 403 1242 "binance.com" "Mozilla/5.0 (Windows NT 10.0; Win64; x64) AppleWebKit/537.36 (KHTML, like Gecko) Chrome/90.0.4430.85 Safari/537.36"
192.241.254.129 - - [05/Jul/2025:23:13:35 -0400] "GET /wp-includes/class-wp-theme-json-data.php HTTP/1.1" 403 1242 "binance.com" "Mozilla/5.0 (Windows NT 10.0; Win64; x64) AppleWebKit/537.36 (KHTML, like Gecko) Chrome/90.0.4430.85 Safari/537.36"
66.249.74.64 - - [05/Jul/2025:23:13:39 -0400] "GET /q-~50rO8XnjJkLABxVIZ2QiFN7rgBGFJVKU33607/ HTTP/1.1" 404 1251 "-" "Mozilla/5.0 (Linux; Android 6.0.1; Nexus 5X Build/MMB29P) AppleWebKit/537.36 (KHTML, like Gecko) Chrome/137.0.7151.103 Mobile Safari/537.36 (compatible; Googlebot/2.1; +http://www.google.com/bot.html)"
66.249.74.78 - - [05/Jul/2025:23:13:40 -0400] "GET /q-~50rO8XnjJkLABxVIZ2QiFN7rgBGFJVKU33607/ HTTP/1.1" 404 1251 "-" "Mozilla/5.0 (Linux; Android 6.0.1; Nexus 5X Build/MMB29P) AppleWebKit/537.36 (KHTML, like Gecko) Chrome/137.0.7151.103 Mobile Safari/537.36 (compatible; Googlebot/2.1; +http://www.google.com/bot.html)"
192.241.254.129 - - [05/Jul/2025:23:13:47 -0400] "GET /wp-includes/class-wp-theme-json-resolver.php HTTP/1.1" 403 1242 "binance.com" "Mozilla/5.0 (Windows NT 10.0; Win64; x64) AppleWebKit/537.36 (KHTML, like Gecko) Chrome/90.0.4430.85 Safari/537.36"
192.241.254.129 - - [05/Jul/2025:23:13:59 -0400] "GET /wp-includes/class-wp-theme-json-schema.php HTTP/1.1" 403 1242 "binance.com" "Mozilla/5.0 (Windows NT 10.0; Win64; x64) AppleWebKit/537.36 (KHTML, like Gecko) Chrome/90.0.4430.85 Safari/537.36"
192.241.254.129 - - [05/Jul/2025:23:14:11 -0400] "GET /wp-includes/class-wp-theme-json.php HTTP/1.1" 403 1242 "binance.com" "Mozilla/5.0 (Windows NT 10.0; Win64; x64) AppleWebKit/537.36 (KHTML, like Gecko) Chrome/90.0.4430.85 Safari/537.36"
2400:6180:100:d0::6114:7001 - - [05/Jul/2025:23:14:17 -0400] "GET /xmlrpc.php HTTP/1.1" 403 1242 "http://nas-yemen.org" "Mozilla/5.0 (Windows NT 10.0; Win64; x64) AppleWebKit/537.36 (KHTML, like Gecko) Chrome/113.0.5672.126 Safari/537.36 Edg/113.0.1774.50"
2a03:2880:f800:2:: - - [05/Jul/2025:23:14:20 -0400] "GET /wp-includes/widgets/class-wp-widget-media-audio.php HTTP/1.1" 403 1242 "-" "meta-externalagent/1.1 (+https://developers.facebook.com/docs/sharing/webmasters/crawler)"
20.171.207.96 - - [05/Jul/2025:23:14:22 -0400] "GET /?/page/ehr.aspx HTTP/1.1" 200 1470 "-" "Mozilla/5.0 AppleWebKit/537.36 (KHTML, like Gecko; compatible; GPTBot/1.2; +https://openai.com/gptbot)"
192.241.254.129 - - [05/Jul/2025:23:14:24 -0400] "GET /wp-includes/class-wp-token-map.php HTTP/1.1" 403 1242 "binance.com" "Mozilla/5.0 (Windows NT 10.0; Win64; x64) AppleWebKit/537.36 (KHTML, like Gecko) Chrome/90.0.4430.85 Safari/537.36"
2400:6180:100:d0::6114:7001 - - [05/Jul/2025:23:14:18 -0400] "POST /wp-login.php HTTP/1.1" 200 0 "https://nas-yemen.org" "Mozilla/5.0 (Windows NT 10.0; Win64; x64) AppleWebKit/537.36 (KHTML, like Gecko) Chrome/126.0.0.0 Safari/537.36"
66.249.74.64 - - [05/Jul/2025:23:14:29 -0400] "GET /q-~135dKWwscIXajfPlbvpkF3nDtdyDuJJ9o22964/ HTTP/1.1" 404 1251 "-" "Mozilla/5.0 (Linux; Android 6.0.1; Nexus 5X Build/MMB29P) AppleWebKit/537.36 (KHTML, like Gecko) Chrome/137.0.7151.103 Mobile Safari/537.36 (compatible; GoogleOther)"
192.241.254.129 - - [05/Jul/2025:23:14:35 -0400] "GET /wp-includes/class-wp-url-pattern-prefixer.php HTTP/1.1" 403 1242 "binance.com" "Mozilla/5.0 (Windows NT 10.0; Win64; x64) AppleWebKit/537.36 (KHTML, like Gecko) Chrome/90.0.4430.85 Safari/537.36"
114.119.131.136 - - [05/Jul/2025:23:14:43 -0400] "GET /index.php/fluidics/w4segx.htm HTTP/1.1" 404 1251 "-" "Mozilla/5.0 (Linux; Android 7.0;) AppleWebKit/537.36 (KHTML, like Gecko) Mobile Safari/537.36 (compatible; PetalBot;+https://webmaster.petalsearch.com/site/petalbot)"
66.249.74.78 - - [05/Jul/2025:23:14:43 -0400] "GET /q-~14enEGjKSDQSyJIk436N40ho4pNGGipW13561/ HTTP/1.1" 404 1251 "-" "Mozilla/5.0 (compatible; Googlebot/2.1; +http://www.google.com/bot.html)"
66.249.74.78 - - [05/Jul/2025:23:14:47 -0400] "GET /q-~126OwO7jJpJhJV7aznENGpqtsvjnkKL1o4713/ HTTP/1.1" 404 1251 "-" "Mozilla/5.0 (compatible; Googlebot/2.1; +http://www.google.com/bot.html)"
192.241.254.129 - - [05/Jul/2025:23:14:48 -0400] "GET /wp-includes/class-wpdb.php HTTP/1.1" 403 1242 "binance.com" "Mozilla/5.0 (Windows NT 10.0; Win64; x64) AppleWebKit/537.36 (KHTML, like Gecko) Chrome/90.0.4430.85 Safari/537.36"
66.249.74.78 - - [05/Jul/2025:23:14:58 -0400] "GET /q-~253ULuB6CdDgIvO5bVglfeX8fhIjDoTkK14/ HTTP/1.1" 404 1251 "-" "Mozilla/5.0 (compatible; Googlebot/2.1; +http://www.google.com/bot.html)"
192.241.254.129 - - [05/Jul/2025:23:15:03 -0400] "GET /wp-includes/fonts.php HTTP/1.1" 403 1242 "binance.com" "Mozilla/5.0 (Windows NT 10.0; Win64; x64) AppleWebKit/537.36 (KHTML, like Gecko) Chrome/90.0.4430.85 Safari/537.36"
2a03:2880:f800:4:: - - [05/Jul/2025:23:15:10 -0400] "GET /wp-includes/widgets/class-wp-widget-block.php HTTP/1.1" 403 1242 "-" "meta-externalagent/1.1 (+https://developers.facebook.com/docs/sharing/webmasters/crawler)"
66.249.74.65 - - [05/Jul/2025:23:15:17 -0400] "GET /q-~50gtQSibBndF0ZmJDTzKsWE5Dh9G7MgA16363/ HTTP/1.1" 404 1251 "-" "Mozilla/5.0 (Linux; Android 6.0.1; Nexus 5X Build/MMB29P) AppleWebKit/537.36 (KHTML, like Gecko) Chrome/137.0.7151.103 Mobile Safari/537.36 (compatible; Googlebot/2.1; +http://www.google.com/bot.html)"
192.241.254.129 - - [05/Jul/2025:23:15:19 -0400] "GET /wp-includes/global-styles-and-settings.php HTTP/1.1" 403 1242 "binance.com" "Mozilla/5.0 (Windows NT 10.0; Win64; x64) AppleWebKit/537.36 (KHTML, like Gecko) Chrome/90.0.4430.85 Safari/537.36"
66.249.74.65 - - [05/Jul/2025:23:15:19 -0400] "GET /q-~180TDc0qRxsazdzMkvymJEX8eajXvRSJK8251/ HTTP/1.1" 404 1251 "-" "Mozilla/5.0 (Linux; Android 6.0.1; Nexus 5X Build/MMB29P) AppleWebKit/537.36 (KHTML, like Gecko) Chrome/137.0.7151.103 Mobile Safari/537.36 (compatible; Googlebot/2.1; +http://www.google.com/bot.html)"
192.241.254.129 - - [05/Jul/2025:23:15:32 -0400] "GET /wp-includes/https-detection.php HTTP/1.1" 403 1242 "binance.com" "Mozilla/5.0 (Windows NT 10.0; Win64; x64) AppleWebKit/537.36 (KHTML, like Gecko) Chrome/90.0.4430.85 Safari/537.36"
66.249.74.64 - - [05/Jul/2025:23:15:36 -0400] "GET /q-~117Mkm6Zig6jbn4D0aHemtemhnHlzQOyl43242/ HTTP/1.1" 404 1251 "-" "Mozilla/5.0 (Linux; Android 6.0.1; Nexus 5X Build/MMB29P) AppleWebKit/537.36 (KHTML, like Gecko) Chrome/137.0.7151.103 Mobile Safari/537.36 (compatible; GoogleOther)"
192.241.254.129 - - [05/Jul/2025:23:15:46 -0400] "GET /wp-includes/https-migration.php HTTP/1.1" 403 1242 "binance.com" "Mozilla/5.0 (Windows NT 10.0; Win64; x64) AppleWebKit/537.36 (KHTML, like Gecko) Chrome/90.0.4430.85 Safari/537.36"
66.249.74.78 - - [05/Jul/2025:23:15:48 -0400] "GET /q-~80Hrkn9H1AGQn36iN9EgR6sjo0MENsKl29787/ HTTP/1.1" 404 1251 "-" "Mozilla/5.0 (compatible; Googlebot/2.1; +http://www.google.com/bot.html)"
192.241.254.129 - - [05/Jul/2025:23:16:00 -0400] "GET /wp-includes/robots-template.php HTTP/1.1" 403 1242 "binance.com" "Mozilla/5.0 (Windows NT 10.0; Win64; x64) AppleWebKit/537.36 (KHTML, like Gecko) Chrome/90.0.4430.85 Safari/537.36"
66.249.74.65 - - [05/Jul/2025:23:16:04 -0400] "GET /q-~160KEPGPkW52T4hD1oZOK7wOeftc6NNIC16199/ HTTP/1.1" 404 1251 "-" "Mozilla/5.0 (Linux; Android 6.0.1; Nexus 5X Build/MMB29P) AppleWebKit/537.36 (KHTML, like Gecko) Chrome/137.0.7151.103 Mobile Safari/537.36 (compatible; Googlebot/2.1; +http://www.google.com/bot.html)"
2a03:2880:f800:8:: - - [05/Jul/2025:23:16:11 -0400] "GET /wp-includes/widgets/class-wp-widget-rss.php HTTP/1.1" 403 1242 "-" "meta-externalagent/1.1 (+https://developers.facebook.com/docs/sharing/webmasters/crawler)"
192.241.254.129 - - [05/Jul/2025:23:16:12 -0400] "GET /wp-includes/script-modules.php HTTP/1.1" 403 1242 "binance.com" "Mozilla/5.0 (Windows NT 10.0; Win64; x64) AppleWebKit/537.36 (KHTML, like Gecko) Chrome/90.0.4430.85 Safari/537.36"
192.241.254.129 - - [05/Jul/2025:23:16:25 -0400] "GET /wp-includes/speculative-loading.php HTTP/1.1" 403 1242 "binance.com" "Mozilla/5.0 (Windows NT 10.0; Win64; x64) AppleWebKit/537.36 (KHTML, like Gecko) Chrome/90.0.4430.85 Safari/537.36"
192.241.254.129 - - [05/Jul/2025:23:16:34 -0400] "GET /wp-includes/style-engine.php HTTP/1.1" 403 1242 "binance.com" "Mozilla/5.0 (Windows NT 10.0; Win64; x64) AppleWebKit/537.36 (KHTML, like Gecko) Chrome/90.0.4430.85 Safari/537.36"
66.249.73.73 - - [05/Jul/2025:23:16:42 -0400] "GET /search?category=1024&search_word= HTTP/1.1" 404 1251 "-" "Mozilla/5.0 (Linux; Android 6.0.1; Nexus 5X Build/MMB29P) AppleWebKit/537.36 (KHTML, like Gecko) Chrome/137.0.7151.103 Mobile Safari/537.36 (compatible; Googlebot/2.1; +http://www.google.com/bot.html)"
192.241.254.129 - - [05/Jul/2025:23:16:48 -0400] "GET /wp-includes/template-canvas.php HTTP/1.1" 403 1242 "binance.com" "Mozilla/5.0 (Windows NT 10.0; Win64; x64) AppleWebKit/537.36 (KHTML, like Gecko) Chrome/90.0.4430.85 Safari/537.36"
66.249.74.64 - - [05/Jul/2025:23:16:54 -0400] "GET /q-~239Q2MhKISLTyl2IlzI5uYkkPBs2Jri1W20962/ HTTP/1.1" 404 1251 "-" "Mozilla/5.0 (compatible; Googlebot/2.1; +http://www.google.com/bot.html)"
192.241.254.129 - - [05/Jul/2025:23:17:00 -0400] "GET /wp-includes/theme-previews.php HTTP/1.1" 403 1242 "binance.com" "Mozilla/5.0 (Windows NT 10.0; Win64; x64) AppleWebKit/537.36 (KHTML, like Gecko) Chrome/90.0.4430.85 Safari/537.36"
192.241.254.129 - - [05/Jul/2025:23:17:15 -0400] "GET /wp-includes/theme-templates.php HTTP/1.1" 403 1242 "binance.com" "Mozilla/5.0 (Windows NT 10.0; Win64; x64) AppleWebKit/537.36 (KHTML, like Gecko) Chrome/90.0.4430.85 Safari/537.36"
66.249.74.78 - - [05/Jul/2025:23:17:23 -0400] "GET /q-~28tZuEaoHAXNiWi33xiLGy8jHsbZGEBU37793/ HTTP/1.1" 404 1251 "-" "Mozilla/5.0 (compatible; Googlebot/2.1; +http://www.google.com/bot.html)"
192.241.254.129 - - [05/Jul/2025:23:17:26 -0400] "GET /wp-includes/ID3/ HTTP/1.1" 200 1319 "binance.com" "Mozilla/5.0 (Windows NT 10.0; Win64; x64) AppleWebKit/537.36 (KHTML, like Gecko) Chrome/90.0.4430.85 Safari/537.36"
192.241.254.129 - - [05/Jul/2025:23:17:38 -0400] "GET /wp-includes/ID3/ HTTP/1.1" 200 1319 "binance.com" "Mozilla/5.0 (Windows NT 10.0; Win64; x64) AppleWebKit/537.36 (KHTML, like Gecko) Chrome/90.0.4430.85 Safari/537.36"
192.241.254.129 - - [05/Jul/2025:23:17:50 -0400] "GET /wp-includes/IXR/ HTTP/1.1" 200 1124 "binance.com" "Mozilla/5.0 (Windows NT 10.0; Win64; x64) AppleWebKit/537.36 (KHTML, like Gecko) Chrome/90.0.4430.85 Safari/537.36"
192.241.254.129 - - [05/Jul/2025:23:18:03 -0400] "GET /wp-includes/IXR/ HTTP/1.1" 200 1124 "binance.com" "Mozilla/5.0 (Windows NT 10.0; Win64; x64) AppleWebKit/537.36 (KHTML, like Gecko) Chrome/90.0.4430.85 Safari/537.36"
192.241.254.129 - - [05/Jul/2025:23:18:15 -0400] "GET /wp-includes/PHPMailer/ HTTP/1.1" 200 688 "binance.com" "Mozilla/5.0 (Windows NT 10.0; Win64; x64) AppleWebKit/537.36 (KHTML, like Gecko) Chrome/90.0.4430.85 Safari/537.36"
192.241.254.129 - - [05/Jul/2025:23:18:29 -0400] "GET /wp-includes/PHPMailer/ HTTP/1.1" 200 688 "binance.com" "Mozilla/5.0 (Windows NT 10.0; Win64; x64) AppleWebKit/537.36 (KHTML, like Gecko) Chrome/90.0.4430.85 Safari/537.36"
66.249.74.64 - - [05/Jul/2025:23:18:37 -0400] "GET /items/aczsr124/42706?key=and HTTP/1.1" 404 1251 "-" "Mozilla/5.0 (Linux; Android 6.0.1; Nexus 5X Build/MMB29P) AppleWebKit/537.36 (KHTML, like Gecko) Chrome/137.0.7151.103 Mobile Safari/537.36 (compatible; Googlebot/2.1; +http://www.google.com/bot.html)"
192.241.254.129 - - [05/Jul/2025:23:18:41 -0400] "GET /wp-includes/Text/ HTTP/1.1" 200 694 "binance.com" "Mozilla/5.0 (Windows NT 10.0; Win64; x64) AppleWebKit/537.36 (KHTML, like Gecko) Chrome/90.0.4430.85 Safari/537.36"
66.249.74.72 - - [05/Jul/2025:23:18:45 -0400] "GET /q-~178tz4lSlpagidWxpVOHtZwg7LOUq9ULs49527/ HTTP/1.1" 404 1251 "-" "Mozilla/5.0 (compatible; Googlebot/2.1; +http://www.google.com/bot.html)"
192.241.254.129 - - [05/Jul/2025:23:18:52 -0400] "GET /wp-includes/Text/ HTTP/1.1" 200 694 "binance.com" "Mozilla/5.0 (Windows NT 10.0; Win64; x64) AppleWebKit/537.36 (KHTML, like Gecko) Chrome/90.0.4430.85 Safari/537.36"
192.241.254.129 - - [05/Jul/2025:23:19:04 -0400] "GET /wp-includes/Text/Diff/ HTTP/1.1" 200 686 "binance.com" "Mozilla/5.0 (Windows NT 10.0; Win64; x64) AppleWebKit/537.36 (KHTML, like Gecko) Chrome/90.0.4430.85 Safari/537.36"
66.249.74.71 - - [05/Jul/2025:23:19:05 -0400] "GET /q-~227oM0vWNpIm9McOesttDlJ3d04EbuFjV20154/ HTTP/1.1" 404 1251 "-" "Mozilla/5.0 (Linux; Android 6.0.1; Nexus 5X Build/MMB29P) AppleWebKit/537.36 (KHTML, like Gecko) Chrome/137.0.7151.103 Mobile Safari/537.36 (compatible; Googlebot/2.1; +http://www.google.com/bot.html)"
192.241.254.129 - - [05/Jul/2025:23:19:18 -0400] "GET /wp-includes/Text/Diff/ HTTP/1.1" 200 686 "binance.com" "Mozilla/5.0 (Windows NT 10.0; Win64; x64) AppleWebKit/537.36 (KHTML, like Gecko) Chrome/90.0.4430.85 Safari/537.36"
66.249.74.71 - - [05/Jul/2025:23:19:20 -0400] "GET /q-~154U9QZUqaPRah2UicIZWsWvJIE20Hfpq43291/ HTTP/1.1" 404 1251 "-" "Mozilla/5.0 (Linux; Android 6.0.1; Nexus 5X Build/MMB29P) AppleWebKit/537.36 (KHTML, like Gecko) Chrome/137.0.7151.103 Mobile Safari/537.36 (compatible; Googlebot/2.1; +http://www.google.com/bot.html)"
66.249.74.71 - - [05/Jul/2025:23:19:31 -0400] "GET /items/mojcn292/31950?key=me HTTP/1.1" 404 1251 "-" "Mozilla/5.0 (Linux; Android 6.0.1; Nexus 5X Build/MMB29P) AppleWebKit/537.36 (KHTML, like Gecko) Chrome/137.0.7151.103 Mobile Safari/537.36 (compatible; Googlebot/2.1; +http://www.google.com/bot.html)"
192.241.254.129 - - [05/Jul/2025:23:19:33 -0400] "GET /wp-includes/Text/Diff/Engine/ HTTP/1.1" 200 697 "binance.com" "Mozilla/5.0 (Windows NT 10.0; Win64; x64) AppleWebKit/537.36 (KHTML, like Gecko) Chrome/90.0.4430.85 Safari/537.36"
192.241.254.129 - - [05/Jul/2025:23:19:44 -0400] "GET /wp-includes/Text/Diff/Engine/ HTTP/1.1" 200 697 "binance.com" "Mozilla/5.0 (Windows NT 10.0; Win64; x64) AppleWebKit/537.36 (KHTML, like Gecko) Chrome/90.0.4430.85 Safari/537.36"
74.125.217.71 - - [05/Jul/2025:23:19:52 -0400] "GET /q-~3DPJ71isvph1Gs1fZUNnj1PCa1ZBGlK1464/ HTTP/1.1" 404 1251 "-" "Mozilla/5.0 (Linux; Android 6.0.1; Nexus 5X Build/MMB29P) AppleWebKit/537.36 (KHTML, like Gecko) Chrome/137.0.7151.103 Mobile Safari/537.36 (compatible; AdsBot-Google-Mobile; +http://www.google.com/mobile/adsbot.html)"
192.241.254.129 - - [05/Jul/2025:23:19:56 -0400] "GET /wp-includes/Text/Diff/Renderer/ HTTP/1.1" 200 631 "binance.com" "Mozilla/5.0 (Windows NT 10.0; Win64; x64) AppleWebKit/537.36 (KHTML, like Gecko) Chrome/90.0.4430.85 Safari/537.36"
192.241.254.129 - - [05/Jul/2025:23:20:09 -0400] "GET /wp-includes/Text/Diff/Renderer/ HTTP/1.1" 200 631 "binance.com" "Mozilla/5.0 (Windows NT 10.0; Win64; x64) AppleWebKit/537.36 (KHTML, like Gecko) Chrome/90.0.4430.85 Safari/537.36"
192.241.254.129 - - [05/Jul/2025:23:20:22 -0400] "GET /wp-includes/blocks/ HTTP/1.1" 200 6 "binance.com" "Mozilla/5.0 (Windows NT 10.0; Win64; x64) AppleWebKit/537.36 (KHTML, like Gecko) Chrome/90.0.4430.85 Safari/537.36"
192.241.254.129 - - [05/Jul/2025:23:20:34 -0400] "GET /wp-includes/pomo/ HTTP/1.1" 200 1023 "binance.com" "Mozilla/5.0 (Windows NT 10.0; Win64; x64) AppleWebKit/537.36 (KHTML, like Gecko) Chrome/90.0.4430.85 Safari/537.36"
66.249.74.71 - - [05/Jul/2025:23:20:37 -0400] "GET /q-~174Z8iP2G0g7a5x1fgu0zlRTRtsTjQz8S14809/ HTTP/1.1" 404 1251 "-" "Mozilla/5.0 (Linux; Android 6.0.1; Nexus 5X Build/MMB29P) AppleWebKit/537.36 (KHTML, like Gecko) Chrome/137.0.7151.103 Mobile Safari/537.36 (compatible; GoogleOther)"
192.241.254.129 - - [05/Jul/2025:23:20:49 -0400] "GET /wp-includes/pomo/ HTTP/1.1" 200 1023 "binance.com" "Mozilla/5.0 (Windows NT 10.0; Win64; x64) AppleWebKit/537.36 (KHTML, like Gecko) Chrome/90.0.4430.85 Safari/537.36"
66.249.74.72 - - [05/Jul/2025:23:21:01 -0400] "GET /q-~73RH3eohEVkQIIlFEAw7gyNLFm569Irf686/ HTTP/1.1" 404 1251 "-" "Mozilla/5.0 (Linux; Android 6.0.1; Nexus 5X Build/MMB29P) AppleWebKit/537.36 (KHTML, like Gecko) Chrome/137.0.7151.103 Mobile Safari/537.36 (compatible; Googlebot/2.1; +http://www.google.com/bot.html)"
192.241.254.129 - - [05/Jul/2025:23:21:02 -0400] "GET /wp-includes/sitemaps/ HTTP/1.1" 200 1059 "binance.com" "Mozilla/5.0 (Windows NT 10.0; Win64; x64) AppleWebKit/537.36 (KHTML, like Gecko) Chrome/90.0.4430.85 Safari/537.36"
192.241.254.129 - - [05/Jul/2025:23:21:13 -0400] "GET /wp-includes/sitemaps/ HTTP/1.1" 200 1059 "binance.com" "Mozilla/5.0 (Windows NT 10.0; Win64; x64) AppleWebKit/537.36 (KHTML, like Gecko) Chrome/90.0.4430.85 Safari/537.36"
66.249.74.72 - - [05/Jul/2025:23:21:21 -0400] "GET /en/about HTTP/1.1" 404 1251 "-" "Mozilla/5.0 (Linux; Android 6.0.1; Nexus 5X Build/MMB29P) AppleWebKit/537.36 (KHTML, like Gecko) Chrome/137.0.7151.103 Mobile Safari/537.36 (compatible; Googlebot/2.1; +http://www.google.com/bot.html)"
192.241.254.129 - - [05/Jul/2025:23:21:25 -0400] "GET /wp-includes/sitemaps/providers/ HTTP/1.1" 200 688 "binance.com" "Mozilla/5.0 (Windows NT 10.0; Win64; x64) AppleWebKit/537.36 (KHTML, like Gecko) Chrome/90.0.4430.85 Safari/537.36"
192.241.254.129 - - [05/Jul/2025:23:21:35 -0400] "GET /wp-includes/sitemaps/providers/ HTTP/1.1" 200 688 "binance.com" "Mozilla/5.0 (Windows NT 10.0; Win64; x64) AppleWebKit/537.36 (KHTML, like Gecko) Chrome/90.0.4430.85 Safari/537.36"
192.241.254.129 - - [05/Jul/2025:23:21:47 -0400] "GET /wp-includes/widgets/ HTTP/1.1" 200 1344 "binance.com" "Mozilla/5.0 (Windows NT 10.0; Win64; x64) AppleWebKit/537.36 (KHTML, like Gecko) Chrome/90.0.4430.85 Safari/537.36"
192.241.254.129 - - [05/Jul/2025:23:21:59 -0400] "GET /wp-includes/widgets/ HTTP/1.1" 200 1344 "binance.com" "Mozilla/5.0 (Windows NT 10.0; Win64; x64) AppleWebKit/537.36 (KHTML, like Gecko) Chrome/90.0.4430.85 Safari/537.36"
66.249.74.73 - - [05/Jul/2025:23:22:03 -0400] "GET /items/zbvth163/44805?key=region HTTP/1.1" 404 1251 "-" "Mozilla/5.0 (Linux; Android 6.0.1; Nexus 5X Build/MMB29P) AppleWebKit/537.36 (KHTML, like Gecko) Chrome/137.0.7151.103 Mobile Safari/537.36 (compatible; Googlebot/2.1; +http://www.google.com/bot.html)"
192.241.254.129 - - [05/Jul/2025:23:22:10 -0400] "GET /wp-includes/widgets/class-wp-widget-block.php HTTP/1.1" 403 1242 "binance.com" "Mozilla/5.0 (Windows NT 10.0; Win64; x64) AppleWebKit/537.36 (KHTML, like Gecko) Chrome/90.0.4430.85 Safari/537.36"
192.241.254.129 - - [05/Jul/2025:23:22:21 -0400] "GET /wp-includes/css/ HTTP/1.1" 200 1698 "binance.com" "Mozilla/5.0 (Windows NT 10.0; Win64; x64) AppleWebKit/537.36 (KHTML, like Gecko) Chrome/90.0.4430.85 Safari/537.36"
192.241.254.129 - - [05/Jul/2025:23:22:32 -0400] "GET /wp-includes/css/dist/ HTTP/1.1" 200 1145 "binance.com" "Mozilla/5.0 (Windows NT 10.0; Win64; x64) AppleWebKit/537.36 (KHTML, like Gecko) Chrome/90.0.4430.85 Safari/537.36"
66.249.74.72 - - [05/Jul/2025:23:22:37 -0400] "GET /q-~146O3SSNCyH8CriJVu9alBqAOHzxFfjYa5723/ HTTP/1.1" 404 1251 "-" "Mozilla/5.0 (Linux; Android 6.0.1; Nexus 5X Build/MMB29P) AppleWebKit/537.36 (KHTML, like Gecko) Chrome/137.0.7151.103 Mobile Safari/537.36 (compatible; Googlebot/2.1; +http://www.google.com/bot.html)"
192.241.254.129 - - [05/Jul/2025:23:22:42 -0400] "GET /wp-includes/fonts/ HTTP/1.1" 200 1154 "binance.com" "Mozilla/5.0 (Windows NT 10.0; Win64; x64) AppleWebKit/537.36 (KHTML, like Gecko) Chrome/90.0.4430.85 Safari/537.36"
192.241.254.129 - - [05/Jul/2025:23:22:53 -0400] "GET /wp-includes/fonts/ HTTP/1.1" 200 1154 "binance.com" "Mozilla/5.0 (Windows NT 10.0; Win64; x64) AppleWebKit/537.36 (KHTML, like Gecko) Chrome/90.0.4430.85 Safari/537.36"
192.241.254.129 - - [05/Jul/2025:23:23:04 -0400] "GET /wp-includes/fonts/class-wp-font-collection.php HTTP/1.1" 403 1242 "binance.com" "Mozilla/5.0 (Windows NT 10.0; Win64; x64) AppleWebKit/537.36 (KHTML, like Gecko) Chrome/90.0.4430.85 Safari/537.36"
20.171.207.96 - - [05/Jul/2025:23:23:06 -0400] "GET /?sitemapimages39.xml HTTP/1.1" 200 1470 "-" "Mozilla/5.0 AppleWebKit/537.36 (KHTML, like Gecko; compatible; GPTBot/1.2; +https://openai.com/gptbot)"
192.241.254.129 - - [05/Jul/2025:23:23:16 -0400] "GET /wp-includes/fonts/class-wp-font-face-resolver.php HTTP/1.1" 403 1242 "binance.com" "Mozilla/5.0 (Windows NT 10.0; Win64; x64) AppleWebKit/537.36 (KHTML, like Gecko) Chrome/90.0.4430.85 Safari/537.36"
66.249.74.73 - - [05/Jul/2025:23:23:17 -0400] "GET /q-~223anUzIsDB0IBLFRa1OTRP12ZFzebcHK28280/ HTTP/1.1" 404 1251 "-" "Mozilla/5.0 (Linux; Android 6.0.1; Nexus 5X Build/MMB29P) AppleWebKit/537.36 (KHTML, like Gecko) Chrome/137.0.7151.103 Mobile Safari/537.36 (compatible; Googlebot/2.1; +http://www.google.com/bot.html)"
192.241.254.129 - - [05/Jul/2025:23:23:28 -0400] "GET /wp-includes/fonts/class-wp-font-face.php HTTP/1.1" 403 1242 "binance.com" "Mozilla/5.0 (Windows NT 10.0; Win64; x64) AppleWebKit/537.36 (KHTML, like Gecko) Chrome/90.0.4430.85 Safari/537.36"
66.249.74.71 - - [05/Jul/2025:23:23:29 -0400] "GET /q-~241kPSfofipkwtCERWUBKT9YAKHmFXMHL29916/ HTTP/1.1" 404 1251 "-" "Mozilla/5.0 (compatible; Googlebot/2.1; +http://www.google.com/bot.html)"
192.241.254.129 - - [05/Jul/2025:23:23:38 -0400] "GET /wp-includes/fonts/class-wp-font-library.php HTTP/1.1" 403 1242 "binance.com" "Mozilla/5.0 (Windows NT 10.0; Win64; x64) AppleWebKit/537.36 (KHTML, like Gecko) Chrome/90.0.4430.85 Safari/537.36"
66.249.74.71 - - [05/Jul/2025:23:23:43 -0400] "GET /items/ieyny220/22138?key=generate HTTP/1.1" 404 1251 "-" "Mozilla/5.0 (compatible; Googlebot/2.1; +http://www.google.com/bot.html)"
66.249.74.71 - - [05/Jul/2025:23:23:44 -0400] "GET /q-~239IfFo5ZBzFYNu7ZW7K9vEfEy7scTEov15748/ HTTP/1.1" 404 1251 "-" "Mozilla/5.0 (compatible; Googlebot/2.1; +http://www.google.com/bot.html)"
66.249.74.71 - - [05/Jul/2025:23:23:45 -0400] "GET /items/axhnx240/34556?key=cruise HTTP/1.1" 404 1251 "-" "Mozilla/5.0 (compatible; Googlebot/2.1; +http://www.google.com/bot.html)"
192.241.254.129 - - [05/Jul/2025:23:23:51 -0400] "GET /wp-includes/fonts/class-wp-font-utils.php HTTP/1.1" 403 1242 "binance.com" "Mozilla/5.0 (Windows NT 10.0; Win64; x64) AppleWebKit/537.36 (KHTML, like Gecko) Chrome/90.0.4430.85 Safari/537.36"
192.241.254.129 - - [05/Jul/2025:23:24:03 -0400] "GET /wp-includes/images/ HTTP/1.1" 200 1444 "binance.com" "Mozilla/5.0 (Windows NT 10.0; Win64; x64) AppleWebKit/537.36 (KHTML, like Gecko) Chrome/90.0.4430.85 Safari/537.36"
192.241.254.129 - - [05/Jul/2025:23:24:15 -0400] "GET /wp-includes/images/crystal/ HTTP/1.1" 200 1125 "binance.com" "Mozilla/5.0 (Windows NT 10.0; Win64; x64) AppleWebKit/537.36 (KHTML, like Gecko) Chrome/90.0.4430.85 Safari/537.36"
2a03:2880:f800:16:: - - [05/Jul/2025:23:24:16 -0400] "GET /wp-includes/l10n/?ND HTTP/1.1" 200 728 "-" "meta-externalagent/1.1 (+https://developers.facebook.com/docs/sharing/webmasters/crawler)"
192.241.254.129 - - [05/Jul/2025:23:24:26 -0400] "GET /wp-includes/images/media/ HTTP/1.1" 200 1197 "binance.com" "Mozilla/5.0 (Windows NT 10.0; Win64; x64) AppleWebKit/537.36 (KHTML, like Gecko) Chrome/90.0.4430.85 Safari/537.36"
192.241.254.129 - - [05/Jul/2025:23:24:38 -0400] "GET /wp-includes/images/smilies/ HTTP/1.1" 200 1363 "binance.com" "Mozilla/5.0 (Windows NT 10.0; Win64; x64) AppleWebKit/537.36 (KHTML, like Gecko) Chrome/90.0.4430.85 Safari/537.36"
66.249.74.65 - - [05/Jul/2025:23:24:43 -0400] "GET /items/malid275/5985?key=cap HTTP/1.1" 404 1251 "-" "Mozilla/5.0 (Linux; Android 6.0.1; Nexus 5X Build/MMB29P) AppleWebKit/537.36 (KHTML, like Gecko) Chrome/137.0.7151.103 Mobile Safari/537.36 (compatible; Googlebot/2.1; +http://www.google.com/bot.html)"
114.119.148.103 - - [05/Jul/2025:23:24:44 -0400] "GET /index.php/tribunism/n9l1g.html HTTP/1.1" 404 1251 "-" "Mozilla/5.0 (Linux; Android 7.0;) AppleWebKit/537.36 (KHTML, like Gecko) Mobile Safari/537.36 (compatible; PetalBot;+https://webmaster.petalsearch.com/site/petalbot)"
66.249.74.78 - - [05/Jul/2025:23:24:47 -0400] "GET /q-~22RTxzYV4PfRbLinf67NTfcLT7eelFfi33869/ HTTP/1.1" 404 1251 "-" "Mozilla/5.0 (compatible; Googlebot/2.1; +http://www.google.com/bot.html)"
192.241.254.129 - - [05/Jul/2025:23:24:50 -0400] "GET /wp-includes/images/wlw/ HTTP/1.1" 404 1251 "binance.com" "Mozilla/5.0 (Windows NT 10.0; Win64; x64) AppleWebKit/537.36 (KHTML, like Gecko) Chrome/90.0.4430.85 Safari/537.36"
20.171.207.96 - - [05/Jul/2025:23:24:54 -0400] "GET /en_US/feed/ HTTP/1.1" 404 1251 "-" "Mozilla/5.0 AppleWebKit/537.36 (KHTML, like Gecko; compatible; GPTBot/1.2; +https://openai.com/gptbot)"
192.241.254.129 - - [05/Jul/2025:23:25:02 -0400] "GET /wp-includes/js/%20 HTTP/1.1" 404 1251 "binance.com" "Mozilla/5.0 (Windows NT 10.0; Win64; x64) AppleWebKit/537.36 (KHTML, like Gecko) Chrome/90.0.4430.85 Safari/537.36"
192.241.254.129 - - [05/Jul/2025:23:25:13 -0400] "GET /wp-includes/js/codemirror/ HTTP/1.1" 200 1087 "binance.com" "Mozilla/5.0 (Windows NT 10.0; Win64; x64) AppleWebKit/537.36 (KHTML, like Gecko) Chrome/90.0.4430.85 Safari/537.36"
192.241.254.129 - - [05/Jul/2025:23:25:25 -0400] "GET /wp-includes/js/plupload/ HTTP/1.1" 200 1098 "binance.com" "Mozilla/5.0 (Windows NT 10.0; Win64; x64) AppleWebKit/537.36 (KHTML, like Gecko) Chrome/90.0.4430.85 Safari/537.36"
192.241.254.129 - - [05/Jul/2025:23:25:37 -0400] "GET /.well-known/ HTTP/1.1" 404 1251 "binance.com" "Mozilla/5.0 (Windows NT 10.0; Win64; x64) AppleWebKit/537.36 (KHTML, like Gecko) Chrome/90.0.4430.85 Safari/537.36"
66.249.74.64 - - [05/Jul/2025:23:25:41 -0400] "GET /q-~114VeH4DipENWXt9006zCSdova8IBUIWQ20269/ HTTP/1.1" 404 1251 "-" "Mozilla/5.0 (compatible; Googlebot/2.1; +http://www.google.com/bot.html)"
66.249.74.78 - - [05/Jul/2025:23:25:48 -0400] "GET /items/vjmdo190/29576?key=finish HTTP/1.1" 404 1251 "-" "Mozilla/5.0 (Linux; Android 6.0.1; Nexus 5X Build/MMB29P) AppleWebKit/537.36 (KHTML, like Gecko) Chrome/137.0.7151.119 Mobile Safari/537.36 (compatible; Googlebot/2.1; +http://www.google.com/bot.html)"
20.171.207.96 - - [05/Jul/2025:23:26:02 -0400] "GET /saiga/w03lf8kl.html HTTP/1.1" 404 1251 "-" "Mozilla/5.0 AppleWebKit/537.36 (KHTML, like Gecko; compatible; GPTBot/1.2; +https://openai.com/gptbot)"
114.119.146.142 - - [05/Jul/2025:23:26:07 -0400] "GET /index.php/nephelometry/oyxC.shtml HTTP/1.1" 404 1251 "-" "Mozilla/5.0 (Linux; Android 7.0;) AppleWebKit/537.36 (KHTML, like Gecko) Mobile Safari/537.36 (compatible; PetalBot;+https://webmaster.petalsearch.com/site/petalbot)"
20.171.207.96 - - [05/Jul/2025:23:26:10 -0400] "GET /en/projects-en/prgm4/ HTTP/1.1" 404 1251 "-" "Mozilla/5.0 AppleWebKit/537.36 (KHTML, like Gecko; compatible; GPTBot/1.2; +https://openai.com/gptbot)"
66.249.74.65 - - [05/Jul/2025:23:26:16 -0400] "GET /items/zovnc52/17760?key=probably HTTP/1.1" 404 1251 "-" "Mozilla/5.0 (compatible; Googlebot/2.1; +http://www.google.com/bot.html)"
66.249.74.64 - - [05/Jul/2025:23:26:59 -0400] "GET /q-~30M0dw8lVnFJXNf2JD4S4q8VxjCDqCNP46499/ HTTP/1.1" 404 1251 "-" "Mozilla/5.0 (compatible; Googlebot/2.1; +http://www.google.com/bot.html)"
66.249.74.64 - - [05/Jul/2025:23:27:20 -0400] "GET /items/nllbr36/6590?key=cure HTTP/1.1" 404 1251 "-" "Mozilla/5.0 (Linux; Android 6.0.1; Nexus 5X Build/MMB29P) AppleWebKit/537.36 (KHTML, like Gecko) Chrome/137.0.7151.103 Mobile Safari/537.36 (compatible; GoogleOther)"
66.249.74.78 - - [05/Jul/2025:23:27:26 -0400] "GET /q-~156jbpHkBXFIG5fhp1DeeJOwlXAMEzhKL49783/ HTTP/1.1" 404 1251 "-" "Mozilla/5.0 (Linux; Android 6.0.1; Nexus 5X Build/MMB29P) AppleWebKit/537.36 (KHTML, like Gecko) Chrome/137.0.7151.103 Mobile Safari/537.36 (compatible; Googlebot/2.1; +http://www.google.com/bot.html)"
114.119.133.253 - - [05/Jul/2025:23:27:29 -0400] "GET /index.php/indoors/Dm2ldp3y5Ul.html HTTP/1.1" 404 1251 "-" "Mozilla/5.0 (Linux; Android 7.0;) AppleWebKit/537.36 (KHTML, like Gecko) Mobile Safari/537.36 (compatible; PetalBot;+https://webmaster.petalsearch.com/site/petalbot)"
64.140.170.196 - - [05/Jul/2025:23:27:35 -0400] "GET /xmlrpc.php HTTP/1.1" 403 1242 "http://nas-yemen.org" "Mozilla/5.0 (Macintosh; Intel Mac OS X 10_15_7) AppleWebKit/537.36 (KHTML, like Gecko) Chrome/113.0.5672.93 Safari/537.36"
66.29.146.47 - - [05/Jul/2025:23:27:40 -0400] "POST /wp-cron.php?doing_wp_cron=1751772459.8973810672760009765625 HTTP/1.1" 403 1242 "-" "WordPress/6.8; https://nas-yemen.org"
64.140.170.196 - - [05/Jul/2025:23:27:36 -0400] "POST /wp-login.php HTTP/1.1" 200 2096 "https://nas-yemen.org" "Mozilla/5.0 (Windows NT 11.0; Win64; x64) AppleWebKit/537.36 (KHTML, like Gecko) Chrome/126.0.0.0 Safari/537.36 Edg/126.0.0.0"
66.249.74.64 - - [05/Jul/2025:23:28:11 -0400] "GET /q-~122JWhzehcOtHhUbHMxylB7nPHU4eMSoM5509/ HTTP/1.1" 404 1251 "-" "Mozilla/5.0 (Linux; Android 6.0.1; Nexus 5X Build/MMB29P) AppleWebKit/537.36 (KHTML, like Gecko) Chrome/137.0.7151.103 Mobile Safari/537.36 (compatible; Googlebot/2.1; +http://www.google.com/bot.html)"
66.249.74.78 - - [05/Jul/2025:23:28:14 -0400] "GET /q-~300GfowdWTkvZBSKJeBps0tt3fHA79OXN43843/ HTTP/1.1" 404 1251 "-" "Mozilla/5.0 (Linux; Android 6.0.1; Nexus 5X Build/MMB29P) AppleWebKit/537.36 (KHTML, like Gecko) Chrome/137.0.7151.103 Mobile Safari/537.36 (compatible; Googlebot/2.1; +http://www.google.com/bot.html)"
114.119.141.116 - - [05/Jul/2025:23:28:57 -0400] "GET /index.php/dytiscid/Kz1N.html HTTP/1.1" 404 1251 "-" "Mozilla/5.0 (Linux; Android 7.0;) AppleWebKit/537.36 (KHTML, like Gecko) Mobile Safari/537.36 (compatible; PetalBot;+https://webmaster.petalsearch.com/site/petalbot)"
66.249.74.64 - - [05/Jul/2025:23:29:03 -0400] "GET /q-~291ZlY6z1fTmm0G57OIc8HTRPGuRmDRDd25406/ HTTP/1.1" 404 1251 "-" "Mozilla/5.0 (compatible; Googlebot/2.1; +http://www.google.com/bot.html)"
66.249.74.65 - - [05/Jul/2025:23:29:05 -0400] "GET /q-~228BL3hZ8ZBXTNNTBp2N3oOsNcpa81KdG12649/ HTTP/1.1" 404 1251 "-" "Mozilla/5.0 (compatible; Googlebot/2.1; +http://www.google.com/bot.html)"
66.249.74.64 - - [05/Jul/2025:23:29:06 -0400] "GET /items/pehky119/2923?key=human HTTP/1.1" 404 1251 "-" "Mozilla/5.0 (Linux; Android 6.0.1; Nexus 5X Build/MMB29P) AppleWebKit/537.36 (KHTML, like Gecko) Chrome/137.0.7151.103 Mobile Safari/537.36 (compatible; Googlebot/2.1; +http://www.google.com/bot.html)"
66.249.74.78 - - [05/Jul/2025:23:29:08 -0400] "GET /q-~243h5YJjWEFqYKsYyE4xjE4naJlJ6JDZc924/ HTTP/1.1" 404 1251 "-" "Mozilla/5.0 (Linux; Android 6.0.1; Nexus 5X Build/MMB29P) AppleWebKit/537.36 (KHTML, like Gecko) Chrome/137.0.7151.103 Mobile Safari/537.36 (compatible; Googlebot/2.1; +http://www.google.com/bot.html)"
66.249.74.71 - - [05/Jul/2025:23:29:58 -0400] "GET /q-~54I9pFRfhrxhE7W5S1U5nbvpE3683nQY35129/ HTTP/1.1" 404 1251 "-" "Mozilla/5.0 (compatible; Googlebot/2.1; +http://www.google.com/bot.html)"
66.249.74.73 - - [05/Jul/2025:23:30:02 -0400] "GET /q-~168BxougbcIqYB9UnKtCRyHBUOVAag0jD6299/ HTTP/1.1" 404 1251 "-" "Mozilla/5.0 (compatible; Googlebot/2.1; +http://www.google.com/bot.html)"
134.17.14.12 - - [05/Jul/2025:23:30:10 -0400] "GET /admin.php?action=p&api=p&path=p&token= HTTP/1.1" 404 1251 "-" "Mozilla/5.0 (Windows NT 10.0; Win64; x64; rv:140.0) Gecko/20100101 Firefox/140.0"
66.249.74.72 - - [05/Jul/2025:23:30:28 -0400] "GET /items/yusvd66/33802?key=transition HTTP/1.1" 404 1251 "-" "Mozilla/5.0 (compatible; Googlebot/2.1; +http://www.google.com/bot.html)"
57.141.0.24 - - [05/Jul/2025:23:30:30 -0400] "GET /wp-includes/widgets/class-wp-widget-pages.php HTTP/1.1" 403 1242 "-" "meta-externalagent/1.1 (+https://developers.facebook.com/docs/sharing/webmasters/crawler)"
66.249.74.71 - - [05/Jul/2025:23:30:31 -0400] "GET /items/tgvnw258/3806?key=now HTTP/1.1" 404 1251 "-" "Mozilla/5.0 (Linux; Android 6.0.1; Nexus 5X Build/MMB29P) AppleWebKit/537.36 (KHTML, like Gecko) Chrome/137.0.7151.103 Mobile Safari/537.36 (compatible; GoogleOther)"
20.171.207.96 - - [05/Jul/2025:23:30:33 -0400] "GET /counsel/index.html HTTP/1.1" 404 1251 "-" "Mozilla/5.0 AppleWebKit/537.36 (KHTML, like Gecko; compatible; GPTBot/1.2; +https://openai.com/gptbot)"
20.171.207.96 - - [05/Jul/2025:23:30:39 -0400] "GET /lipography/2fWqym.shtml HTTP/1.1" 404 1251 "-" "Mozilla/5.0 AppleWebKit/537.36 (KHTML, like Gecko; compatible; GPTBot/1.2; +https://openai.com/gptbot)"
66.249.74.71 - - [05/Jul/2025:23:31:07 -0400] "GET /q-~257THjKL6mWKAX94PzavMOPx4Lo7XMAJw8358/ HTTP/1.1" 404 1251 "-" "Mozilla/5.0 (compatible; Googlebot/2.1; +http://www.google.com/bot.html)"
66.249.74.72 - - [05/Jul/2025:23:31:11 -0400] "GET /q-~236vWTarmtWN3iMtT7s9twoyXbLSFmP7j30909/ HTTP/1.1" 404 1251 "-" "Mozilla/5.0 (Linux; Android 6.0.1; Nexus 5X Build/MMB29P) AppleWebKit/537.36 (KHTML, like Gecko) Chrome/137.0.7151.103 Mobile Safari/537.36 (compatible; Googlebot/2.1; +http://www.google.com/bot.html)"
43.166.255.102 - - [05/Jul/2025:23:32:06 -0400] "GET / HTTP/1.1" 200 1470 "http://nas-yemen.org" "Mozilla/5.0 (iPhone; CPU iPhone OS 13_2_3 like Mac OS X) AppleWebKit/605.1.15 (KHTML, like Gecko) Version/13.0.3 Mobile/15E148 Safari/604.1"
66.249.74.73 - - [05/Jul/2025:23:32:37 -0400] "GET /items/flylr30/23076?key=small HTTP/1.1" 404 1251 "-" "Mozilla/5.0 (Linux; Android 6.0.1; Nexus 5X Build/MMB29P) AppleWebKit/537.36 (KHTML, like Gecko) Chrome/137.0.7151.103 Mobile Safari/537.36 (compatible; Googlebot/2.1; +http://www.google.com/bot.html)"
66.249.74.71 - - [05/Jul/2025:23:32:52 -0400] "GET /q-~172lHvbIMkEISZPsUjCM5GcjOnRMSxCDS6043/ HTTP/1.1" 404 1251 "-" "Mozilla/5.0 (Linux; Android 6.0.1; Nexus 5X Build/MMB29P) AppleWebKit/537.36 (KHTML, like Gecko) Chrome/137.0.7151.103 Mobile Safari/537.36 (compatible; Googlebot/2.1; +http://www.google.com/bot.html)"
66.249.74.72 - - [05/Jul/2025:23:33:30 -0400] "GET /q-~117lTiNL7FWEa1FineB4Njvop9zE8to3H38376/ HTTP/1.1" 404 1251 "-" "Mozilla/5.0 (compatible; Googlebot/2.1; +http://www.google.com/bot.html)"
66.249.74.72 - - [05/Jul/2025:23:33:34 -0400] "GET /items/lbtww78/17176?key=instruction HTTP/1.1" 404 1251 "-" "Mozilla/5.0 (Linux; Android 6.0.1; Nexus 5X Build/MMB29P) AppleWebKit/537.36 (KHTML, like Gecko) Chrome/137.0.7151.103 Mobile Safari/537.36 (compatible; GoogleOther)"
20.171.207.96 - - [05/Jul/2025:23:33:41 -0400] "GET /keichoken/ HTTP/1.1" 404 1251 "-" "Mozilla/5.0 AppleWebKit/537.36 (KHTML, like Gecko; compatible; GPTBot/1.2; +https://openai.com/gptbot)"
