66.249.74.73 - - [05/Jul/2025:16:07:18 -0400] "GET /q-~233O6SL935vfe1VhV3Sck2dwOaf54QcRv21244/ HTTP/1.1" 404 1251 "-" "Mozilla/5.0 (Linux; Android 6.0.1; Nexus 5X Build/MMB29P) AppleWebKit/537.36 (KHTML, like Gecko) Chrome/137.0.7151.119 Mobile Safari/537.36 (compatible; Googlebot/2.1; +http://www.google.com/bot.html)"
66.249.74.71 - - [05/Jul/2025:16:07:18 -0400] "GET /items/ortba163/153?key=bureau HTTP/1.1" 404 1251 "-" "Mozilla/5.0 (compatible; Googlebot/2.1; +http://www.google.com/bot.html)"
74.225.209.11 - - [05/Jul/2025:16:07:24 -0400] "GET /wp-includes/class-wp-block-editor-context.php HTTP/1.1" 403 1242 "binance.com" "Mozilla/5.0 (Windows NT 10.0; Win64; x64) AppleWebKit/537.36 (KHTML, like Gecko) Chrome/90.0.4430.85 Safari/537.36"
74.225.209.11 - - [05/Jul/2025:16:07:35 -0400] "GET /wp-includes/class-wp-block-metadata-registry.php HTTP/1.1" 403 1242 "binance.com" "Mozilla/5.0 (Windows NT 10.0; Win64; x64) AppleWebKit/537.36 (KHTML, like Gecko) Chrome/90.0.4430.85 Safari/537.36"
74.225.209.11 - - [05/Jul/2025:16:07:46 -0400] "GET /wp-includes/class-wp-block-parser-block.php HTTP/1.1" 403 1242 "binance.com" "Mozilla/5.0 (Windows NT 10.0; Win64; x64) AppleWebKit/537.36 (KHTML, like Gecko) Chrome/90.0.4430.85 Safari/537.36"
66.249.74.71 - - [05/Jul/2025:16:07:51 -0400] "GET /items/bmnbn173/13153?key=admission HTTP/1.1" 404 1251 "-" "Mozilla/5.0 (Linux; Android 6.0.1; Nexus 5X Build/MMB29P) AppleWebKit/537.36 (KHTML, like Gecko) Chrome/137.0.7151.103 Mobile Safari/537.36 (compatible; Googlebot/2.1; +http://www.google.com/bot.html)"
74.225.209.11 - - [05/Jul/2025:16:07:58 -0400] "GET /wp-includes/class-wp-block-parser-frame.php HTTP/1.1" 403 1242 "binance.com" "Mozilla/5.0 (Windows NT 10.0; Win64; x64) AppleWebKit/537.36 (KHTML, like Gecko) Chrome/90.0.4430.85 Safari/537.36"
74.225.209.11 - - [05/Jul/2025:16:08:11 -0400] "GET /wp-includes/class-wp-block-template.php HTTP/1.1" 403 1242 "binance.com" "Mozilla/5.0 (Windows NT 10.0; Win64; x64) AppleWebKit/537.36 (KHTML, like Gecko) Chrome/90.0.4430.85 Safari/537.36"
74.225.209.11 - - [05/Jul/2025:16:08:25 -0400] "GET /wp-includes/class-wp-block-templates-registry.php HTTP/1.1" 403 1242 "binance.com" "Mozilla/5.0 (Windows NT 10.0; Win64; x64) AppleWebKit/537.36 (KHTML, like Gecko) Chrome/90.0.4430.85 Safari/537.36"
66.249.74.65 - - [05/Jul/2025:16:08:30 -0400] "GET /q-~109D69ZVh78mja0tvAb25WIRMWdJRR8yF7992/ HTTP/1.1" 404 1251 "-" "Mozilla/5.0 (Linux; Android 6.0.1; Nexus 5X Build/MMB29P) AppleWebKit/537.36 (KHTML, like Gecko) Chrome/137.0.7151.119 Mobile Safari/537.36 (compatible; Googlebot/2.1; +http://www.google.com/bot.html)"
74.225.209.11 - - [05/Jul/2025:16:08:39 -0400] "GET /wp-includes/class-wp-classic-to-block-menu-converter.php HTTP/1.1" 403 1242 "binance.com" "Mozilla/5.0 (Windows NT 10.0; Win64; x64) AppleWebKit/537.36 (KHTML, like Gecko) Chrome/90.0.4430.85 Safari/537.36"
66.249.74.64 - - [05/Jul/2025:16:08:48 -0400] "GET /q-~226MY1Ubmbevdq4FUCNy3K0YjiEOwKetV30845/ HTTP/1.1" 404 1251 "-" "Mozilla/5.0 (Linux; Android 6.0.1; Nexus 5X Build/MMB29P) AppleWebKit/537.36 (KHTML, like Gecko) Chrome/137.0.7151.103 Mobile Safari/537.36 (compatible; Googlebot/2.1; +http://www.google.com/bot.html)"
74.225.209.11 - - [05/Jul/2025:16:08:49 -0400] "GET /wp-includes/class-wp-dependencies.php HTTP/1.1" 403 1242 "binance.com" "Mozilla/5.0 (Windows NT 10.0; Win64; x64) AppleWebKit/537.36 (KHTML, like Gecko) Chrome/90.0.4430.85 Safari/537.36"
66.249.74.64 - - [05/Jul/2025:16:09:00 -0400] "GET /q-~68sO7iJzgbMqNPsv9PBoO45ailiwq5IO7139/ HTTP/1.1" 404 1251 "-" "Mozilla/5.0 (compatible; Googlebot/2.1; +http://www.google.com/bot.html)"
74.225.209.11 - - [05/Jul/2025:16:09:02 -0400] "GET /wp-includes/class-wp-duotone.php HTTP/1.1" 403 1242 "binance.com" "Mozilla/5.0 (Windows NT 10.0; Win64; x64) AppleWebKit/537.36 (KHTML, like Gecko) Chrome/90.0.4430.85 Safari/537.36"
74.225.209.11 - - [05/Jul/2025:16:09:15 -0400] "GET /wp-includes/class-wp-exception.php HTTP/1.1" 403 1242 "binance.com" "Mozilla/5.0 (Windows NT 10.0; Win64; x64) AppleWebKit/537.36 (KHTML, like Gecko) Chrome/90.0.4430.85 Safari/537.36"
66.249.74.78 - - [05/Jul/2025:16:09:19 -0400] "GET /q-~48px2iUF5kx9rkWKRsTI6OR2xcBFXuIo40313/ HTTP/1.1" 404 1251 "-" "Mozilla/5.0 (Linux; Android 6.0.1; Nexus 5X Build/MMB29P) AppleWebKit/537.36 (KHTML, like Gecko) Chrome/137.0.7151.103 Mobile Safari/537.36 (compatible; Googlebot/2.1; +http://www.google.com/bot.html)"
74.225.209.11 - - [05/Jul/2025:16:09:25 -0400] "GET /wp-includes/class-wp-http.php HTTP/1.1" 403 1242 "binance.com" "Mozilla/5.0 (Windows NT 10.0; Win64; x64) AppleWebKit/537.36 (KHTML, like Gecko) Chrome/90.0.4430.85 Safari/537.36"
74.225.209.11 - - [05/Jul/2025:16:09:39 -0400] "GET /wp-includes/class-wp-navigation-fallback.php HTTP/1.1" 403 1242 "binance.com" "Mozilla/5.0 (Windows NT 10.0; Win64; x64) AppleWebKit/537.36 (KHTML, like Gecko) Chrome/90.0.4430.85 Safari/537.36"
74.225.209.11 - - [05/Jul/2025:16:09:51 -0400] "GET /wp-includes/class-wp-phpmailer.php HTTP/1.1" 403 1242 "binance.com" "Mozilla/5.0 (Windows NT 10.0; Win64; x64) AppleWebKit/537.36 (KHTML, like Gecko) Chrome/90.0.4430.85 Safari/537.36"
74.225.209.11 - - [05/Jul/2025:16:10:01 -0400] "GET /wp-includes/class-wp-plugin-dependencies.php HTTP/1.1" 403 1242 "binance.com" "Mozilla/5.0 (Windows NT 10.0; Win64; x64) AppleWebKit/537.36 (KHTML, like Gecko) Chrome/90.0.4430.85 Safari/537.36"
74.225.209.11 - - [05/Jul/2025:16:10:15 -0400] "GET /wp-includes/class-wp-script-modules.php HTTP/1.1" 403 1242 "binance.com" "Mozilla/5.0 (Windows NT 10.0; Win64; x64) AppleWebKit/537.36 (KHTML, like Gecko) Chrome/90.0.4430.85 Safari/537.36"
74.225.209.11 - - [05/Jul/2025:16:10:25 -0400] "GET /wp-includes/class-wp-scripts.php HTTP/1.1" 403 1242 "binance.com" "Mozilla/5.0 (Windows NT 10.0; Win64; x64) AppleWebKit/537.36 (KHTML, like Gecko) Chrome/90.0.4430.85 Safari/537.36"
66.249.74.64 - - [05/Jul/2025:16:10:30 -0400] "GET /q-~185d71pDUM5pkESPQRL6FAZSSOasyJdMG29924/ HTTP/1.1" 404 1251 "-" "Mozilla/5.0 (Linux; Android 6.0.1; Nexus 5X Build/MMB29P) AppleWebKit/537.36 (KHTML, like Gecko) Chrome/137.0.7151.103 Mobile Safari/537.36 (compatible; Googlebot/2.1; +http://www.google.com/bot.html)"
74.225.209.11 - - [05/Jul/2025:16:10:36 -0400] "GET /wp-includes/class-wp-speculation-rules.php HTTP/1.1" 403 1242 "binance.com" "Mozilla/5.0 (Windows NT 10.0; Win64; x64) AppleWebKit/537.36 (KHTML, like Gecko) Chrome/90.0.4430.85 Safari/537.36"
66.249.74.78 - - [05/Jul/2025:16:10:40 -0400] "GET /q-~265joE1b6J53NRDLrIV2BaRovog9oqN0T40588/ HTTP/1.1" 404 1251 "-" "Mozilla/5.0 (Linux; Android 6.0.1; Nexus 5X Build/MMB29P) AppleWebKit/537.36 (KHTML, like Gecko) Chrome/137.0.7151.103 Mobile Safari/537.36 (compatible; Googlebot/2.1; +http://www.google.com/bot.html)"
74.225.209.11 - - [05/Jul/2025:16:10:45 -0400] "GET /wp-includes/class-wp-styles.php HTTP/1.1" 403 1242 "binance.com" "Mozilla/5.0 (Windows NT 10.0; Win64; x64) AppleWebKit/537.36 (KHTML, like Gecko) Chrome/90.0.4430.85 Safari/537.36"
74.225.209.11 - - [05/Jul/2025:16:10:57 -0400] "GET /wp-includes/class-wp-textdomain-registry.php HTTP/1.1" 403 1242 "binance.com" "Mozilla/5.0 (Windows NT 10.0; Win64; x64) AppleWebKit/537.36 (KHTML, like Gecko) Chrome/90.0.4430.85 Safari/537.36"
74.225.209.11 - - [05/Jul/2025:16:11:04 -0400] "GET /wp-includes/class-wp-theme-json-data.php HTTP/1.1" 403 1242 "binance.com" "Mozilla/5.0 (Windows NT 10.0; Win64; x64) AppleWebKit/537.36 (KHTML, like Gecko) Chrome/90.0.4430.85 Safari/537.36"
74.225.209.11 - - [05/Jul/2025:16:11:13 -0400] "GET /wp-includes/class-wp-theme-json-resolver.php HTTP/1.1" 403 1242 "binance.com" "Mozilla/5.0 (Windows NT 10.0; Win64; x64) AppleWebKit/537.36 (KHTML, like Gecko) Chrome/90.0.4430.85 Safari/537.36"
69.197.182.50 - - [05/Jul/2025:16:11:19 -0400] "GET /wp-content/admin.php HTTP/1.1" 404 1251 "https://nas-yemen.org/wp-content/admin.php" "Mozilla/5.0 (Windows NT 10.0; Win64; x64) AppleWebKit/537.36 (KHTML, like Gecko) Chrome/58.0.3029.110 Safari/537.3"
74.225.209.11 - - [05/Jul/2025:16:11:21 -0400] "GET /wp-includes/class-wp-theme-json-schema.php HTTP/1.1" 403 1242 "binance.com" "Mozilla/5.0 (Windows NT 10.0; Win64; x64) AppleWebKit/537.36 (KHTML, like Gecko) Chrome/90.0.4430.85 Safari/537.36"
66.249.74.78 - - [05/Jul/2025:16:11:22 -0400] "GET /items/bfsop94/15180?key=longtime HTTP/1.1" 404 1251 "-" "Mozilla/5.0 (Linux; Android 6.0.1; Nexus 5X Build/MMB29P) AppleWebKit/537.36 (KHTML, like Gecko) Chrome/137.0.7151.103 Mobile Safari/537.36 (compatible; GoogleOther)"
74.225.209.11 - - [05/Jul/2025:16:11:33 -0400] "GET /wp-includes/class-wp-theme-json.php HTTP/1.1" 403 1242 "binance.com" "Mozilla/5.0 (Windows NT 10.0; Win64; x64) AppleWebKit/537.36 (KHTML, like Gecko) Chrome/90.0.4430.85 Safari/537.36"
66.249.73.73 - - [05/Jul/2025:16:11:34 -0400] "GET /search?category=300&search_word= HTTP/1.1" 404 1251 "-" "Mozilla/5.0 (Linux; Android 6.0.1; Nexus 5X Build/MMB29P) AppleWebKit/537.36 (KHTML, like Gecko) Chrome/137.0.7151.103 Mobile Safari/537.36 (compatible; Googlebot/2.1; +http://www.google.com/bot.html)"
74.225.209.11 - - [05/Jul/2025:16:11:45 -0400] "GET /wp-includes/class-wp-token-map.php HTTP/1.1" 403 1242 "binance.com" "Mozilla/5.0 (Windows NT 10.0; Win64; x64) AppleWebKit/537.36 (KHTML, like Gecko) Chrome/90.0.4430.85 Safari/537.36"
66.249.74.78 - - [05/Jul/2025:16:11:46 -0400] "GET /q-~73YwiwsHkZz6OnDsc5G6LoUj1C7Ior9S12754/ HTTP/1.1" 404 1251 "-" "Mozilla/5.0 (Linux; Android 6.0.1; Nexus 5X Build/MMB29P) AppleWebKit/537.36 (KHTML, like Gecko) Chrome/137.0.7151.103 Mobile Safari/537.36 (compatible; Googlebot/2.1; +http://www.google.com/bot.html)"
74.225.209.11 - - [05/Jul/2025:16:11:54 -0400] "GET /wp-includes/class-wp-url-pattern-prefixer.php HTTP/1.1" 403 1242 "binance.com" "Mozilla/5.0 (Windows NT 10.0; Win64; x64) AppleWebKit/537.36 (KHTML, like Gecko) Chrome/90.0.4430.85 Safari/537.36"
74.225.209.11 - - [05/Jul/2025:16:12:04 -0400] "GET /wp-includes/class-wpdb.php HTTP/1.1" 403 1242 "binance.com" "Mozilla/5.0 (Windows NT 10.0; Win64; x64) AppleWebKit/537.36 (KHTML, like Gecko) Chrome/90.0.4430.85 Safari/537.36"
74.225.209.11 - - [05/Jul/2025:16:12:15 -0400] "GET /wp-includes/fonts.php HTTP/1.1" 403 1242 "binance.com" "Mozilla/5.0 (Windows NT 10.0; Win64; x64) AppleWebKit/537.36 (KHTML, like Gecko) Chrome/90.0.4430.85 Safari/537.36"
74.225.209.11 - - [05/Jul/2025:16:12:26 -0400] "GET /wp-includes/global-styles-and-settings.php HTTP/1.1" 403 1242 "binance.com" "Mozilla/5.0 (Windows NT 10.0; Win64; x64) AppleWebKit/537.36 (KHTML, like Gecko) Chrome/90.0.4430.85 Safari/537.36"
74.225.209.11 - - [05/Jul/2025:16:12:37 -0400] "GET /wp-includes/https-detection.php HTTP/1.1" 403 1242 "binance.com" "Mozilla/5.0 (Windows NT 10.0; Win64; x64) AppleWebKit/537.36 (KHTML, like Gecko) Chrome/90.0.4430.85 Safari/537.36"
74.225.209.11 - - [05/Jul/2025:16:12:48 -0400] "GET /wp-includes/https-migration.php HTTP/1.1" 403 1242 "binance.com" "Mozilla/5.0 (Windows NT 10.0; Win64; x64) AppleWebKit/537.36 (KHTML, like Gecko) Chrome/90.0.4430.85 Safari/537.36"
66.249.74.78 - - [05/Jul/2025:16:12:53 -0400] "GET /q-~227I3zpiM3pxQfWqvgqyQPae6IYxmleYs42792/ HTTP/1.1" 404 1251 "-" "Mozilla/5.0 (compatible; Googlebot/2.1; +http://www.google.com/bot.html)"
66.249.74.64 - - [05/Jul/2025:16:12:54 -0400] "GET /q-~128v0toc1ajhp2iVXKHP7EV7mA3hhz0Wb19053/ HTTP/1.1" 404 1251 "-" "Mozilla/5.0 (Linux; Android 6.0.1; Nexus 5X Build/MMB29P) AppleWebKit/537.36 (KHTML, like Gecko) Chrome/137.0.7151.103 Mobile Safari/537.36 (compatible; Googlebot/2.1; +http://www.google.com/bot.html)"
66.249.74.65 - - [05/Jul/2025:16:12:55 -0400] "GET /q-~128v0toc1ajhp2iVXKHP7EV7mA3hhz0Wb19053/ HTTP/1.1" 404 1251 "-" "Mozilla/5.0 (compatible; Googlebot/2.1; +http://www.google.com/bot.html)"
103.81.249.126 - - [05/Jul/2025:16:13:01 -0400] "GET /xmlrpc.php HTTP/1.1" 403 1242 "http://nas-yemen.org/xmlrpc.php" "Mozilla/5.0 (X11; Ubuntu; Linux x86_64; rv:85.0) Gecko/20100101 Firefox/91.0"
74.225.209.11 - - [05/Jul/2025:16:13:06 -0400] "GET /wp-includes/robots-template.php HTTP/1.1" 403 1242 "binance.com" "Mozilla/5.0 (Windows NT 10.0; Win64; x64) AppleWebKit/537.36 (KHTML, like Gecko) Chrome/90.0.4430.85 Safari/537.36"
74.225.209.11 - - [05/Jul/2025:16:13:23 -0400] "GET /wp-includes/script-modules.php HTTP/1.1" 403 1242 "binance.com" "Mozilla/5.0 (Windows NT 10.0; Win64; x64) AppleWebKit/537.36 (KHTML, like Gecko) Chrome/90.0.4430.85 Safari/537.36"
74.225.209.11 - - [05/Jul/2025:16:13:34 -0400] "GET /wp-includes/speculative-loading.php HTTP/1.1" 403 1242 "binance.com" "Mozilla/5.0 (Windows NT 10.0; Win64; x64) AppleWebKit/537.36 (KHTML, like Gecko) Chrome/90.0.4430.85 Safari/537.36"
144.76.33.48 - - [05/Jul/2025:16:13:36 -0400] "GET /robots.txt HTTP/1.1" 304 0 "-" "Mozilla/5.0 (compatible; BLEXBot/1.0; +https://help.seranking.com/en/blex-crawler)"
144.76.33.48 - - [05/Jul/2025:16:13:37 -0400] "GET / HTTP/1.1" 200 1470 "-" "Mozilla/5.0 (compatible; BLEXBot/1.0; +https://help.seranking.com/en/blex-crawler)"
74.225.209.11 - - [05/Jul/2025:16:13:44 -0400] "GET /wp-includes/style-engine.php HTTP/1.1" 403 1242 "binance.com" "Mozilla/5.0 (Windows NT 10.0; Win64; x64) AppleWebKit/537.36 (KHTML, like Gecko) Chrome/90.0.4430.85 Safari/537.36"
144.76.33.48 - - [05/Jul/2025:16:13:53 -0400] "GET /?MA HTTP/1.1" 200 1472 "-" "Mozilla/5.0 (compatible; BLEXBot/1.0; +https://help.seranking.com/en/blex-crawler)"
74.225.209.11 - - [05/Jul/2025:16:13:54 -0400] "GET /wp-includes/template-canvas.php HTTP/1.1" 403 1242 "binance.com" "Mozilla/5.0 (Windows NT 10.0; Win64; x64) AppleWebKit/537.36 (KHTML, like Gecko) Chrome/90.0.4430.85 Safari/537.36"
144.76.33.48 - - [05/Jul/2025:16:13:59 -0400] "GET /?ND HTTP/1.1" 200 1463 "-" "Mozilla/5.0 (compatible; BLEXBot/1.0; +https://help.seranking.com/en/blex-crawler)"
74.225.209.11 - - [05/Jul/2025:16:14:04 -0400] "GET /wp-includes/theme-previews.php HTTP/1.1" 403 1242 "binance.com" "Mozilla/5.0 (Windows NT 10.0; Win64; x64) AppleWebKit/537.36 (KHTML, like Gecko) Chrome/90.0.4430.85 Safari/537.36"
66.249.74.71 - - [05/Jul/2025:16:14:11 -0400] "GET /items/txfox201/24359?key=tournament HTTP/1.1" 404 1251 "-" "Mozilla/5.0 (compatible; Googlebot/2.1; +http://www.google.com/bot.html)"
144.76.33.48 - - [05/Jul/2025:16:14:16 -0400] "GET /?SA HTTP/1.1" 200 1482 "-" "Mozilla/5.0 (compatible; BLEXBot/1.0; +https://help.seranking.com/en/blex-crawler)"
74.225.209.11 - - [05/Jul/2025:16:14:17 -0400] "GET /wp-includes/theme-templates.php HTTP/1.1" 403 1242 "binance.com" "Mozilla/5.0 (Windows NT 10.0; Win64; x64) AppleWebKit/537.36 (KHTML, like Gecko) Chrome/90.0.4430.85 Safari/537.36"
74.225.209.11 - - [05/Jul/2025:16:14:28 -0400] "GET /wp-includes/ID3/ HTTP/1.1" 200 1319 "binance.com" "Mozilla/5.0 (Windows NT 10.0; Win64; x64) AppleWebKit/537.36 (KHTML, like Gecko) Chrome/90.0.4430.85 Safari/537.36"
74.225.209.11 - - [05/Jul/2025:16:14:39 -0400] "GET /wp-includes/ID3/ HTTP/1.1" 200 1319 "binance.com" "Mozilla/5.0 (Windows NT 10.0; Win64; x64) AppleWebKit/537.36 (KHTML, like Gecko) Chrome/90.0.4430.85 Safari/537.36"
66.249.74.72 - - [05/Jul/2025:16:14:39 -0400] "GET /items/sexvh151/47011?key=every HTTP/1.1" 404 1251 "-" "Mozilla/5.0 (Linux; Android 6.0.1; Nexus 5X Build/MMB29P) AppleWebKit/537.36 (KHTML, like Gecko) Chrome/137.0.7151.103 Mobile Safari/537.36 (compatible; Googlebot/2.1; +http://www.google.com/bot.html)"
66.249.74.71 - - [05/Jul/2025:16:14:51 -0400] "GET /items/lkrzu233/10375?key=theater HTTP/1.1" 404 1251 "-" "Mozilla/5.0 (compatible; Googlebot/2.1; +http://www.google.com/bot.html)"
74.225.209.11 - - [05/Jul/2025:16:14:51 -0400] "GET /wp-includes/IXR/ HTTP/1.1" 200 1124 "binance.com" "Mozilla/5.0 (Windows NT 10.0; Win64; x64) AppleWebKit/537.36 (KHTML, like Gecko) Chrome/90.0.4430.85 Safari/537.36"
74.225.209.11 - - [05/Jul/2025:16:15:02 -0400] "GET /wp-includes/IXR/ HTTP/1.1" 200 1124 "binance.com" "Mozilla/5.0 (Windows NT 10.0; Win64; x64) AppleWebKit/537.36 (KHTML, like Gecko) Chrome/90.0.4430.85 Safari/537.36"
74.225.209.11 - - [05/Jul/2025:16:15:13 -0400] "GET /wp-includes/PHPMailer/ HTTP/1.1" 200 688 "binance.com" "Mozilla/5.0 (Windows NT 10.0; Win64; x64) AppleWebKit/537.36 (KHTML, like Gecko) Chrome/90.0.4430.85 Safari/537.36"
74.225.209.11 - - [05/Jul/2025:16:15:23 -0400] "GET /wp-includes/PHPMailer/ HTTP/1.1" 200 688 "binance.com" "Mozilla/5.0 (Windows NT 10.0; Win64; x64) AppleWebKit/537.36 (KHTML, like Gecko) Chrome/90.0.4430.85 Safari/537.36"
69.197.182.50 - - [05/Jul/2025:16:15:24 -0400] "GET /wp-content/admin.php HTTP/1.1" 404 1251 "https://nas-yemen.org/wp-content/admin.php" "Mozilla/5.0 (Windows NT 10.0; Win64; x64) AppleWebKit/537.36 (KHTML, like Gecko) Chrome/58.0.3029.110 Safari/537.3"
74.225.209.11 - - [05/Jul/2025:16:15:35 -0400] "GET /wp-includes/Text/ HTTP/1.1" 200 694 "binance.com" "Mozilla/5.0 (Windows NT 10.0; Win64; x64) AppleWebKit/537.36 (KHTML, like Gecko) Chrome/90.0.4430.85 Safari/537.36"
66.249.74.71 - - [05/Jul/2025:16:15:46 -0400] "GET /q-~216j7fWLHcJ92SiggYOR53xXTtLPU8Ayo34373/ HTTP/1.1" 404 1251 "-" "Mozilla/5.0 (compatible; Googlebot/2.1; +http://www.google.com/bot.html)"
74.225.209.11 - - [05/Jul/2025:16:15:48 -0400] "GET /wp-includes/Text/ HTTP/1.1" 200 694 "binance.com" "Mozilla/5.0 (Windows NT 10.0; Win64; x64) AppleWebKit/537.36 (KHTML, like Gecko) Chrome/90.0.4430.85 Safari/537.36"
20.171.207.96 - - [05/Jul/2025:16:15:55 -0400] "GET /mishellene/cSwzjaH5B.html HTTP/1.1" 404 1251 "-" "Mozilla/5.0 AppleWebKit/537.36 (KHTML, like Gecko; compatible; GPTBot/1.2; +https://openai.com/gptbot)"
74.225.209.11 - - [05/Jul/2025:16:15:58 -0400] "GET /wp-includes/Text/Diff/ HTTP/1.1" 200 686 "binance.com" "Mozilla/5.0 (Windows NT 10.0; Win64; x64) AppleWebKit/537.36 (KHTML, like Gecko) Chrome/90.0.4430.85 Safari/537.36"
66.249.74.73 - - [05/Jul/2025:16:16:06 -0400] "GET /q-~83y0t9ZoPcGwXQeB843OgDPOCE15aEhs21854/ HTTP/1.1" 404 1251 "-" "Mozilla/5.0 (Linux; Android 6.0.1; Nexus 5X Build/MMB29P) AppleWebKit/537.36 (KHTML, like Gecko) Chrome/137.0.7151.103 Mobile Safari/537.36 (compatible; Googlebot/2.1; +http://www.google.com/bot.html)"
74.225.209.11 - - [05/Jul/2025:16:16:09 -0400] "GET /wp-includes/Text/Diff/ HTTP/1.1" 200 686 "binance.com" "Mozilla/5.0 (Windows NT 10.0; Win64; x64) AppleWebKit/537.36 (KHTML, like Gecko) Chrome/90.0.4430.85 Safari/537.36"
74.225.209.11 - - [05/Jul/2025:16:16:18 -0400] "GET /wp-includes/Text/Diff/Engine/ HTTP/1.1" 200 697 "binance.com" "Mozilla/5.0 (Windows NT 10.0; Win64; x64) AppleWebKit/537.36 (KHTML, like Gecko) Chrome/90.0.4430.85 Safari/537.36"
66.249.74.72 - - [05/Jul/2025:16:16:19 -0400] "GET /q-~191FOR7JjFZDz0HpK3rRM83Y1btPOdthQ15822/ HTTP/1.1" 404 1251 "-" "Mozilla/5.0 (Linux; Android 6.0.1; Nexus 5X Build/MMB29P) AppleWebKit/537.36 (KHTML, like Gecko) Chrome/137.0.7151.103 Mobile Safari/537.36 (compatible; Googlebot/2.1; +http://www.google.com/bot.html)"
66.249.74.71 - - [05/Jul/2025:16:16:26 -0400] "GET /items/fwwrm52/11366?key=odds HTTP/1.1" 404 1251 "-" "Mozilla/5.0 (compatible; Googlebot/2.1; +http://www.google.com/bot.html)"
74.225.209.11 - - [05/Jul/2025:16:16:28 -0400] "GET /wp-includes/Text/Diff/Engine/ HTTP/1.1" 200 697 "binance.com" "Mozilla/5.0 (Windows NT 10.0; Win64; x64) AppleWebKit/537.36 (KHTML, like Gecko) Chrome/90.0.4430.85 Safari/537.36"
74.225.209.11 - - [05/Jul/2025:16:16:38 -0400] "GET /wp-includes/Text/Diff/Renderer/ HTTP/1.1" 200 631 "binance.com" "Mozilla/5.0 (Windows NT 10.0; Win64; x64) AppleWebKit/537.36 (KHTML, like Gecko) Chrome/90.0.4430.85 Safari/537.36"
66.249.74.71 - - [05/Jul/2025:16:16:42 -0400] "GET /q-~69fT6P9evLk9NqMY1uU4Kq7vncp3xWfA46934/ HTTP/1.1" 404 1251 "-" "Mozilla/5.0 (compatible; Googlebot/2.1; +http://www.google.com/bot.html)"
74.225.209.11 - - [05/Jul/2025:16:16:49 -0400] "GET /wp-includes/Text/Diff/Renderer/ HTTP/1.1" 200 631 "binance.com" "Mozilla/5.0 (Windows NT 10.0; Win64; x64) AppleWebKit/537.36 (KHTML, like Gecko) Chrome/90.0.4430.85 Safari/537.36"
66.249.74.71 - - [05/Jul/2025:16:16:50 -0400] "GET /q-~246SwlXY6pUfIIChXrgPHbjFQwsmfEpvL31807/ HTTP/1.1" 404 1251 "-" "Mozilla/5.0 (Linux; Android 6.0.1; Nexus 5X Build/MMB29P) AppleWebKit/537.36 (KHTML, like Gecko) Chrome/137.0.7151.103 Mobile Safari/537.36 (compatible; Googlebot/2.1; +http://www.google.com/bot.html)"
74.225.209.11 - - [05/Jul/2025:16:16:59 -0400] "GET /wp-includes/blocks/ HTTP/1.1" 200 6 "binance.com" "Mozilla/5.0 (Windows NT 10.0; Win64; x64) AppleWebKit/537.36 (KHTML, like Gecko) Chrome/90.0.4430.85 Safari/537.36"
74.225.209.11 - - [05/Jul/2025:16:17:11 -0400] "GET /wp-includes/pomo/ HTTP/1.1" 200 1023 "binance.com" "Mozilla/5.0 (Windows NT 10.0; Win64; x64) AppleWebKit/537.36 (KHTML, like Gecko) Chrome/90.0.4430.85 Safari/537.36"
74.225.209.11 - - [05/Jul/2025:16:17:23 -0400] "GET /wp-includes/pomo/ HTTP/1.1" 200 1023 "binance.com" "Mozilla/5.0 (Windows NT 10.0; Win64; x64) AppleWebKit/537.36 (KHTML, like Gecko) Chrome/90.0.4430.85 Safari/537.36"
74.225.209.11 - - [05/Jul/2025:16:17:32 -0400] "GET /wp-includes/sitemaps/ HTTP/1.1" 200 1059 "binance.com" "Mozilla/5.0 (Windows NT 10.0; Win64; x64) AppleWebKit/537.36 (KHTML, like Gecko) Chrome/90.0.4430.85 Safari/537.36"
66.249.74.71 - - [05/Jul/2025:16:17:34 -0400] "GET /q-~209C6gMM3zsqV2j50eEPqyYWbvbyIPVdG44166/ HTTP/1.1" 404 1251 "-" "Mozilla/5.0 (compatible; Googlebot/2.1; +http://www.google.com/bot.html)"
74.225.209.11 - - [05/Jul/2025:16:17:44 -0400] "GET /wp-includes/sitemaps/ HTTP/1.1" 200 1059 "binance.com" "Mozilla/5.0 (Windows NT 10.0; Win64; x64) AppleWebKit/537.36 (KHTML, like Gecko) Chrome/90.0.4430.85 Safari/537.36"
74.225.209.11 - - [05/Jul/2025:16:17:57 -0400] "GET /wp-includes/sitemaps/providers/ HTTP/1.1" 200 688 "binance.com" "Mozilla/5.0 (Windows NT 10.0; Win64; x64) AppleWebKit/537.36 (KHTML, like Gecko) Chrome/90.0.4430.85 Safari/537.36"
66.249.74.71 - - [05/Jul/2025:16:17:59 -0400] "GET /q-~215cDdRsnaSOu6gT5OumQTlj5vSRuEaOq23798/ HTTP/1.1" 404 1251 "-" "Mozilla/5.0 (Linux; Android 6.0.1; Nexus 5X Build/MMB29P) AppleWebKit/537.36 (KHTML, like Gecko) Chrome/137.0.7151.103 Mobile Safari/537.36 (compatible; Googlebot/2.1; +http://www.google.com/bot.html)"
122.180.244.216 - - [05/Jul/2025:16:18:00 -0400] "GET /xmlrpc.php HTTP/1.1" 403 1242 "http://nas-yemen.org" "Mozilla/5.0 (Macintosh; Intel Mac OS X 10_15_7; rv:128.0) Gecko/20100101 Firefox/128.0"
74.225.209.11 - - [05/Jul/2025:16:18:07 -0400] "GET /wp-includes/sitemaps/providers/ HTTP/1.1" 200 688 "binance.com" "Mozilla/5.0 (Windows NT 10.0; Win64; x64) AppleWebKit/537.36 (KHTML, like Gecko) Chrome/90.0.4430.85 Safari/537.36"
122.180.244.216 - - [05/Jul/2025:16:18:01 -0400] "POST /wp-login.php HTTP/1.1" 200 0 "https://nas-yemen.org" "Mozilla/5.0 (Windows NT 10.0; Win64; x64) AppleWebKit/537.36 (KHTML, like Gecko) Chrome/114.0.5735.134 Safari/537.36"
20.171.207.96 - - [05/Jul/2025:16:18:11 -0400] "GET /?%2Fgreen-stock%2Fwork_186023%2F%3Fvia_recruit_page=1 HTTP/1.1" 200 1470 "-" "Mozilla/5.0 AppleWebKit/537.36 (KHTML, like Gecko; compatible; GPTBot/1.2; +https://openai.com/gptbot)"
66.29.146.47 - - [05/Jul/2025:16:18:11 -0400] "POST /wp-cron.php?doing_wp_cron=1751746691.4346129894256591796875 HTTP/1.1" 403 1242 "-" "WordPress/6.8; https://nas-yemen.org"
74.225.209.11 - - [05/Jul/2025:16:18:19 -0400] "GET /wp-includes/widgets/ HTTP/1.1" 200 1344 "binance.com" "Mozilla/5.0 (Windows NT 10.0; Win64; x64) AppleWebKit/537.36 (KHTML, like Gecko) Chrome/90.0.4430.85 Safari/537.36"
74.225.209.11 - - [05/Jul/2025:16:18:30 -0400] "GET /wp-includes/widgets/ HTTP/1.1" 200 1344 "binance.com" "Mozilla/5.0 (Windows NT 10.0; Win64; x64) AppleWebKit/537.36 (KHTML, like Gecko) Chrome/90.0.4430.85 Safari/537.36"
74.225.209.11 - - [05/Jul/2025:16:18:40 -0400] "GET /wp-includes/widgets/class-wp-widget-block.php HTTP/1.1" 403 1242 "binance.com" "Mozilla/5.0 (Windows NT 10.0; Win64; x64) AppleWebKit/537.36 (KHTML, like Gecko) Chrome/90.0.4430.85 Safari/537.36"
74.225.209.11 - - [05/Jul/2025:16:18:50 -0400] "GET /wp-includes/css/ HTTP/1.1" 200 1698 "binance.com" "Mozilla/5.0 (Windows NT 10.0; Win64; x64) AppleWebKit/537.36 (KHTML, like Gecko) Chrome/90.0.4430.85 Safari/537.36"
20.171.207.96 - - [05/Jul/2025:16:18:57 -0400] "GET /venoclysis/ceffyo.shtml HTTP/1.1" 404 1251 "-" "Mozilla/5.0 AppleWebKit/537.36 (KHTML, like Gecko; compatible; GPTBot/1.2; +https://openai.com/gptbot)"
74.225.209.11 - - [05/Jul/2025:16:19:01 -0400] "GET /wp-includes/css/dist/ HTTP/1.1" 200 1145 "binance.com" "Mozilla/5.0 (Windows NT 10.0; Win64; x64) AppleWebKit/537.36 (KHTML, like Gecko) Chrome/90.0.4430.85 Safari/537.36"
74.225.209.11 - - [05/Jul/2025:16:19:11 -0400] "GET /wp-includes/fonts/ HTTP/1.1" 200 1154 "binance.com" "Mozilla/5.0 (Windows NT 10.0; Win64; x64) AppleWebKit/537.36 (KHTML, like Gecko) Chrome/90.0.4430.85 Safari/537.36"
74.225.209.11 - - [05/Jul/2025:16:19:24 -0400] "GET /wp-includes/fonts/ HTTP/1.1" 200 1154 "binance.com" "Mozilla/5.0 (Windows NT 10.0; Win64; x64) AppleWebKit/537.36 (KHTML, like Gecko) Chrome/90.0.4430.85 Safari/537.36"
74.225.209.11 - - [05/Jul/2025:16:19:34 -0400] "GET /wp-includes/fonts/class-wp-font-collection.php HTTP/1.1" 403 1242 "binance.com" "Mozilla/5.0 (Windows NT 10.0; Win64; x64) AppleWebKit/537.36 (KHTML, like Gecko) Chrome/90.0.4430.85 Safari/537.36"
66.249.74.71 - - [05/Jul/2025:16:19:34 -0400] "GET /q-~222YfKmHT1ExbchdE1vqNeJhS4k7gg6xs39981/ HTTP/1.1" 404 1251 "-" "Mozilla/5.0 (Linux; Android 6.0.1; Nexus 5X Build/MMB29P) AppleWebKit/537.36 (KHTML, like Gecko) Chrome/137.0.7151.103 Mobile Safari/537.36 (compatible; Googlebot/2.1; +http://www.google.com/bot.html)"
74.225.209.11 - - [05/Jul/2025:16:19:45 -0400] "GET /wp-includes/fonts/class-wp-font-face-resolver.php HTTP/1.1" 403 1242 "binance.com" "Mozilla/5.0 (Windows NT 10.0; Win64; x64) AppleWebKit/537.36 (KHTML, like Gecko) Chrome/90.0.4430.85 Safari/537.36"
66.249.74.72 - - [05/Jul/2025:16:19:50 -0400] "GET /q-~73a9tjJeYBy18LYmMySZizdmJ42NAtZB22510/ HTTP/1.1" 404 1251 "-" "Mozilla/5.0 (Linux; Android 6.0.1; Nexus 5X Build/MMB29P) AppleWebKit/537.36 (KHTML, like Gecko) Chrome/137.0.7151.103 Mobile Safari/537.36 (compatible; Googlebot/2.1; +http://www.google.com/bot.html)"
74.225.209.11 - - [05/Jul/2025:16:19:57 -0400] "GET /wp-includes/fonts/class-wp-font-face.php HTTP/1.1" 403 1242 "binance.com" "Mozilla/5.0 (Windows NT 10.0; Win64; x64) AppleWebKit/537.36 (KHTML, like Gecko) Chrome/90.0.4430.85 Safari/537.36"
74.225.209.11 - - [05/Jul/2025:16:20:10 -0400] "GET /wp-includes/fonts/class-wp-font-library.php HTTP/1.1" 403 1242 "binance.com" "Mozilla/5.0 (Windows NT 10.0; Win64; x64) AppleWebKit/537.36 (KHTML, like Gecko) Chrome/90.0.4430.85 Safari/537.36"
74.225.209.11 - - [05/Jul/2025:16:20:20 -0400] "GET /wp-includes/fonts/class-wp-font-utils.php HTTP/1.1" 403 1242 "binance.com" "Mozilla/5.0 (Windows NT 10.0; Win64; x64) AppleWebKit/537.36 (KHTML, like Gecko) Chrome/90.0.4430.85 Safari/537.36"
74.225.209.11 - - [05/Jul/2025:16:20:31 -0400] "GET /wp-includes/images/ HTTP/1.1" 200 1444 "binance.com" "Mozilla/5.0 (Windows NT 10.0; Win64; x64) AppleWebKit/537.36 (KHTML, like Gecko) Chrome/90.0.4430.85 Safari/537.36"
66.249.74.71 - - [05/Jul/2025:16:20:35 -0400] "GET /items/xgrcc76/26072?key=your HTTP/1.1" 404 1251 "-" "Mozilla/5.0 (compatible; Googlebot/2.1; +http://www.google.com/bot.html)"
74.225.209.11 - - [05/Jul/2025:16:20:41 -0400] "GET /wp-includes/images/crystal/ HTTP/1.1" 200 1125 "binance.com" "Mozilla/5.0 (Windows NT 10.0; Win64; x64) AppleWebKit/537.36 (KHTML, like Gecko) Chrome/90.0.4430.85 Safari/537.36"
66.249.74.72 - - [05/Jul/2025:16:20:49 -0400] "GET /items/kjaze95/18283?key=poet HTTP/1.1" 404 1251 "-" "Mozilla/5.0 (Linux; Android 6.0.1; Nexus 5X Build/MMB29P) AppleWebKit/537.36 (KHTML, like Gecko) Chrome/137.0.7151.103 Mobile Safari/537.36 (compatible; GoogleOther)"
74.225.209.11 - - [05/Jul/2025:16:20:54 -0400] "GET /wp-includes/images/media/ HTTP/1.1" 200 1197 "binance.com" "Mozilla/5.0 (Windows NT 10.0; Win64; x64) AppleWebKit/537.36 (KHTML, like Gecko) Chrome/90.0.4430.85 Safari/537.36"
74.225.209.11 - - [05/Jul/2025:16:21:05 -0400] "GET /wp-includes/images/smilies/ HTTP/1.1" 200 1363 "binance.com" "Mozilla/5.0 (Windows NT 10.0; Win64; x64) AppleWebKit/537.36 (KHTML, like Gecko) Chrome/90.0.4430.85 Safari/537.36"
74.225.209.11 - - [05/Jul/2025:16:21:16 -0400] "GET /wp-includes/images/wlw/ HTTP/1.1" 404 1251 "binance.com" "Mozilla/5.0 (Windows NT 10.0; Win64; x64) AppleWebKit/537.36 (KHTML, like Gecko) Chrome/90.0.4430.85 Safari/537.36"
66.249.74.71 - - [05/Jul/2025:16:21:23 -0400] "GET /q-~36ScLEJIIluh7VuqDKs78huEI51nph3k6947/ HTTP/1.1" 404 1251 "-" "Mozilla/5.0 (compatible; Googlebot/2.1; +http://www.google.com/bot.html)"
74.225.209.11 - - [05/Jul/2025:16:21:28 -0400] "GET /wp-includes/js/%20 HTTP/1.1" 404 1251 "binance.com" "Mozilla/5.0 (Windows NT 10.0; Win64; x64) AppleWebKit/537.36 (KHTML, like Gecko) Chrome/90.0.4430.85 Safari/537.36"
74.225.209.11 - - [05/Jul/2025:16:21:37 -0400] "GET /wp-includes/js/codemirror/ HTTP/1.1" 200 1087 "binance.com" "Mozilla/5.0 (Windows NT 10.0; Win64; x64) AppleWebKit/537.36 (KHTML, like Gecko) Chrome/90.0.4430.85 Safari/537.36"
66.249.74.71 - - [05/Jul/2025:16:21:38 -0400] "GET /items/dronx26/7720?key=cost HTTP/1.1" 404 1251 "-" "Mozilla/5.0 (Linux; Android 6.0.1; Nexus 5X Build/MMB29P) AppleWebKit/537.36 (KHTML, like Gecko) Chrome/137.0.7151.103 Mobile Safari/537.36 (compatible; Googlebot/2.1; +http://www.google.com/bot.html)"
74.225.209.11 - - [05/Jul/2025:16:21:49 -0400] "GET /wp-includes/js/plupload/ HTTP/1.1" 200 1098 "binance.com" "Mozilla/5.0 (Windows NT 10.0; Win64; x64) AppleWebKit/537.36 (KHTML, like Gecko) Chrome/90.0.4430.85 Safari/537.36"
20.171.207.96 - - [05/Jul/2025:16:21:57 -0400] "GET /?/tanabeeigyou/index_html HTTP/1.1" 200 1470 "-" "Mozilla/5.0 AppleWebKit/537.36 (KHTML, like Gecko; compatible; GPTBot/1.2; +https://openai.com/gptbot)"
74.225.209.11 - - [05/Jul/2025:16:21:58 -0400] "GET /.well-known/ HTTP/1.1" 404 1251 "binance.com" "Mozilla/5.0 (Windows NT 10.0; Win64; x64) AppleWebKit/537.36 (KHTML, like Gecko) Chrome/90.0.4430.85 Safari/537.36"
20.171.207.96 - - [05/Jul/2025:16:22:07 -0400] "GET /forensics/n5clgs7/vCchg.htm HTTP/1.1" 404 1251 "-" "Mozilla/5.0 AppleWebKit/537.36 (KHTML, like Gecko; compatible; GPTBot/1.2; +https://openai.com/gptbot)"
66.249.74.72 - - [05/Jul/2025:16:22:17 -0400] "GET /q-~133aU4St56ycg4ebvbptUJ7vAJuEbQaxv6068/ HTTP/1.1" 404 1251 "-" "Mozilla/5.0 (Linux; Android 6.0.1; Nexus 5X Build/MMB29P) AppleWebKit/537.36 (KHTML, like Gecko) Chrome/137.0.7151.103 Mobile Safari/537.36 (compatible; Googlebot/2.1; +http://www.google.com/bot.html)"
66.249.74.72 - - [05/Jul/2025:16:22:26 -0400] "GET /items/fbdgh89/13465?key=rate HTTP/1.1" 404 1251 "-" "Mozilla/5.0 (compatible; Googlebot/2.1; +http://www.google.com/bot.html)"
66.249.73.72 - - [05/Jul/2025:16:22:35 -0400] "GET /pcsp.html HTTP/1.1" 404 1251 "-" "Mozilla/5.0 (Linux; Android 6.0.1; Nexus 5X Build/MMB29P) AppleWebKit/537.36 (KHTML, like Gecko) Chrome/137.0.7151.103 Mobile Safari/537.36 (compatible; Googlebot/2.1; +http://www.google.com/bot.html)"
20.171.207.96 - - [05/Jul/2025:16:24:24 -0400] "GET /appraise/gx3GJ94.html HTTP/1.1" 404 1251 "-" "Mozilla/5.0 AppleWebKit/537.36 (KHTML, like Gecko; compatible; GPTBot/1.2; +https://openai.com/gptbot)"
66.249.74.73 - - [05/Jul/2025:16:24:34 -0400] "GET /items/cbcjf248/36070?key=planet HTTP/1.1" 404 1251 "-" "Mozilla/5.0 (Linux; Android 6.0.1; Nexus 5X Build/MMB29P) AppleWebKit/537.36 (KHTML, like Gecko) Chrome/137.0.7151.103 Mobile Safari/537.36 (compatible; Googlebot/2.1; +http://www.google.com/bot.html)"
66.249.74.71 - - [05/Jul/2025:16:24:35 -0400] "GET /q-~14eALacZVDhli0DI2MLEmYou472lvImS39261/ HTTP/1.1" 404 1251 "-" "Mozilla/5.0 (Linux; Android 6.0.1; Nexus 5X Build/MMB29P) AppleWebKit/537.36 (KHTML, like Gecko) Chrome/137.0.7151.103 Mobile Safari/537.36 (compatible; Googlebot/2.1; +http://www.google.com/bot.html)"
66.249.74.72 - - [05/Jul/2025:16:24:39 -0400] "GET /q-~222sUJ8Q40Um2J9NB2VptHvbFeiHOGP9u33659/ HTTP/1.1" 404 1251 "-" "Mozilla/5.0 (Linux; Android 6.0.1; Nexus 5X Build/MMB29P) AppleWebKit/537.36 (KHTML, like Gecko) Chrome/137.0.7151.103 Mobile Safari/537.36 (compatible; Googlebot/2.1; +http://www.google.com/bot.html)"
20.171.207.96 - - [05/Jul/2025:16:25:51 -0400] "GET /?/gallery_index HTTP/1.1" 200 1470 "-" "Mozilla/5.0 AppleWebKit/537.36 (KHTML, like Gecko; compatible; GPTBot/1.2; +https://openai.com/gptbot)"
66.249.74.78 - - [05/Jul/2025:16:26:13 -0400] "GET /q-~1C9QmwwhgdipKUdVgxMEYyV52HZkoPn35938/ HTTP/1.1" 404 1251 "-" "Mozilla/5.0 (Linux; Android 6.0.1; Nexus 5X Build/MMB29P) AppleWebKit/537.36 (KHTML, like Gecko) Chrome/137.0.7151.103 Mobile Safari/537.36 (compatible; Googlebot/2.1; +http://www.google.com/bot.html)"
66.249.74.64 - - [05/Jul/2025:16:26:41 -0400] "GET /items/drucn257/7029?key=about HTTP/1.1" 404 1251 "-" "Mozilla/5.0 (Linux; Android 6.0.1; Nexus 5X Build/MMB29P) AppleWebKit/537.36 (KHTML, like Gecko) Chrome/137.0.7151.103 Mobile Safari/537.36 (compatible; Googlebot/2.1; +http://www.google.com/bot.html)"
20.171.207.96 - - [05/Jul/2025:16:28:10 -0400] "GET /mishellene/mqlvQn.shtml HTTP/1.1" 404 1251 "-" "Mozilla/5.0 AppleWebKit/537.36 (KHTML, like Gecko; compatible; GPTBot/1.2; +https://openai.com/gptbot)"
20.171.207.96 - - [05/Jul/2025:16:28:25 -0400] "GET /?/link/link_morningstar_toshin_list.html HTTP/1.1" 200 1470 "-" "Mozilla/5.0 AppleWebKit/537.36 (KHTML, like Gecko; compatible; GPTBot/1.2; +https://openai.com/gptbot)"
66.249.74.65 - - [05/Jul/2025:16:29:00 -0400] "GET /q-~217YY9N0NEQrTplPtRIaKaEB0SO3ihjYD7218/ HTTP/1.1" 404 1251 "-" "Mozilla/5.0 (compatible; Googlebot/2.1; +http://www.google.com/bot.html)"
66.249.74.78 - - [05/Jul/2025:16:29:34 -0400] "GET /items/grfml240/28264?key=diary HTTP/1.1" 404 1251 "-" "Mozilla/5.0 (Linux; Android 6.0.1; Nexus 5X Build/MMB29P) AppleWebKit/537.36 (KHTML, like Gecko) Chrome/137.0.7151.103 Mobile Safari/537.36 (compatible; GoogleOther)"
66.249.74.78 - - [05/Jul/2025:16:29:36 -0400] "GET /q-~104gC1UIEWEs8wPqY7NDRc4lLrMHrCFuT27507/ HTTP/1.1" 404 1251 "-" "Mozilla/5.0 (Linux; Android 6.0.1; Nexus 5X Build/MMB29P) AppleWebKit/537.36 (KHTML, like Gecko) Chrome/137.0.7151.103 Mobile Safari/537.36 (compatible; GoogleOther)"
66.249.74.78 - - [05/Jul/2025:16:29:59 -0400] "GET /q-~258oLXHiq8ftkVHhk7OlvGbXJl5blMYrm8333/ HTTP/1.1" 404 1251 "-" "Mozilla/5.0 (compatible; Googlebot/2.1; +http://www.google.com/bot.html)"
104.168.22.92 - - [05/Jul/2025:16:30:13 -0400] "GET /xmlrpc.php HTTP/1.1" 403 1242 "http://nas-yemen.org" "Mozilla/5.0 (Windows NT 10.0; Win64; x64) AppleWebKit/537.36 (KHTML, like Gecko) Chrome/112.0.5615.138 Safari/537.36"
104.168.22.92 - - [05/Jul/2025:16:30:14 -0400] "POST /wp-login.php HTTP/1.1" 200 0 "https://nas-yemen.org" "Mozilla/5.0 (Macintosh; Intel Mac OS X 13_3) AppleWebKit/537.36 (KHTML, like Gecko) Chrome/126.0.0.0 Safari/537.36 Edg/126.0.0.0"
2406:da1c:883:300:97e2:15bd:6fb0:ff51 - - [05/Jul/2025:16:30:23 -0400] "GET / HTTP/1.1" 200 1470 "-" "Mozilla/5.0 (Windows NT 10.0; Win64; x64) AppleWebKit/537.36 (KHTML, like Gecko) Chrome/91.0.4472.124 Safari/537.36"
66.249.74.64 - - [05/Jul/2025:16:30:23 -0400] "GET /items/hctub246/15616?key=comprehensive HTTP/1.1" 404 1251 "-" "Mozilla/5.0 (compatible; Googlebot/2.1; +http://www.google.com/bot.html)"
2406:da1c:883:300:97e2:15bd:6fb0:ff51 - - [05/Jul/2025:16:30:25 -0400] "GET / HTTP/1.1" 200 1470 "-" "Mozilla/5.0 (Windows NT 10.0; Win64; x64) AppleWebKit/537.36 (KHTML, like Gecko) Chrome/91.0.4472.124 Safari/537.36"
66.249.74.64 - - [05/Jul/2025:16:30:33 -0400] "GET /q-~85ZOu5LgtZrV7NmWEfbx87CBalJsD0jV44380/ HTTP/1.1" 404 1251 "-" "Mozilla/5.0 (Linux; Android 6.0.1; Nexus 5X Build/MMB29P) AppleWebKit/537.36 (KHTML, like Gecko) Chrome/137.0.7151.103 Mobile Safari/537.36 (compatible; Googlebot/2.1; +http://www.google.com/bot.html)"
66.249.74.64 - - [05/Jul/2025:16:30:33 -0400] "GET /items/ighug252/8874?key=red HTTP/1.1" 404 1251 "-" "Mozilla/5.0 (Linux; Android 6.0.1; Nexus 5X Build/MMB29P) AppleWebKit/537.36 (KHTML, like Gecko) Chrome/137.0.7151.103 Mobile Safari/537.36 (compatible; Googlebot/2.1; +http://www.google.com/bot.html)"
66.29.146.47 - - [05/Jul/2025:16:30:38 -0400] "POST /wp-cron.php?doing_wp_cron=1751747437.8652310371398925781250 HTTP/1.1" 403 1242 "-" "WordPress/6.8; https://nas-yemen.org"
34.162.109.42 - - [05/Jul/2025:16:30:56 -0400] "GET /.git/config HTTP/1.1" 403 1242 "-" "ct\xe2\x80\x91git\xe2\x80\x91scanner/0.4"
34.162.109.42 - - [05/Jul/2025:16:30:56 -0400] "GET /.git/HEAD HTTP/1.1" 403 1242 "-" "ct\xe2\x80\x91git\xe2\x80\x91scanner/0.4"
66.249.74.78 - - [05/Jul/2025:16:32:38 -0400] "GET /q-~251FZkqtbwhl0ivujjk9swBPMHFp9sHSR1664/ HTTP/1.1" 404 1251 "-" "Mozilla/5.0 (compatible; Googlebot/2.1; +http://www.google.com/bot.html)"
66.249.74.64 - - [05/Jul/2025:16:32:40 -0400] "GET /items/thsxr30/26544?key=exclusively HTTP/1.1" 404 1251 "-" "Mozilla/5.0 (Linux; Android 6.0.1; Nexus 5X Build/MMB29P) AppleWebKit/537.36 (KHTML, like Gecko) Chrome/137.0.7151.103 Mobile Safari/537.36 (compatible; Googlebot/2.1; +http://www.google.com/bot.html)"
66.249.74.65 - - [05/Jul/2025:16:33:18 -0400] "GET /items/fdjht42/15124?key=away HTTP/1.1" 404 1251 "-" "Mozilla/5.0 (compatible; Googlebot/2.1; +http://www.google.com/bot.html)"
66.249.74.78 - - [05/Jul/2025:16:33:19 -0400] "GET /items/fdjht42/15124?key=away HTTP/1.1" 404 1251 "-" "Mozilla/5.0 (Linux; Android 6.0.1; Nexus 5X Build/MMB29P) AppleWebKit/537.36 (KHTML, like Gecko) Chrome/137.0.7151.103 Mobile Safari/537.36 (compatible; Googlebot/2.1; +http://www.google.com/bot.html)"
66.249.73.71 - - [05/Jul/2025:16:33:34 -0400] "GET /search?category=200&search_word= HTTP/1.1" 404 1251 "-" "Mozilla/5.0 (Linux; Android 6.0.1; Nexus 5X Build/MMB29P) AppleWebKit/537.36 (KHTML, like Gecko) Chrome/137.0.7151.103 Mobile Safari/537.36 (compatible; Googlebot/2.1; +http://www.google.com/bot.html)"
66.249.74.78 - - [05/Jul/2025:16:33:49 -0400] "GET /q-~75cgUcarl82x0wcIneweZrVeayFjILiP2862/ HTTP/1.1" 404 1251 "-" "Mozilla/5.0 (Linux; Android 6.0.1; Nexus 5X Build/MMB29P) AppleWebKit/537.36 (KHTML, like Gecko) Chrome/137.0.7151.103 Mobile Safari/537.36 (compatible; Googlebot/2.1; +http://www.google.com/bot.html)"
20.171.207.96 - - [05/Jul/2025:16:33:54 -0400] "GET /landsat/Cs1t.htm HTTP/1.1" 404 1251 "-" "Mozilla/5.0 AppleWebKit/537.36 (KHTML, like Gecko; compatible; GPTBot/1.2; +https://openai.com/gptbot)"
66.249.74.78 - - [05/Jul/2025:16:34:14 -0400] "GET /items/bpakq234/4894?key=grave HTTP/1.1" 404 1251 "-" "Mozilla/5.0 (Linux; Android 6.0.1; Nexus 5X Build/MMB29P) AppleWebKit/537.36 (KHTML, like Gecko) Chrome/137.0.7151.103 Mobile Safari/537.36 (compatible; Googlebot/2.1; +http://www.google.com/bot.html)"
66.249.74.78 - - [05/Jul/2025:16:34:30 -0400] "GET /q-~198ZnZ9x7fafcQvgf50BArP4E0Gl0rCgT45175/ HTTP/1.1" 404 1251 "-" "Mozilla/5.0 (Linux; Android 6.0.1; Nexus 5X Build/MMB29P) AppleWebKit/537.36 (KHTML, like Gecko) Chrome/137.0.7151.103 Mobile Safari/537.36 (compatible; Googlebot/2.1; +http://www.google.com/bot.html)"
57.141.0.17 - - [05/Jul/2025:16:35:15 -0400] "GET /wp-includes/js/jcrop/ HTTP/1.1" 200 693 "-" "meta-externalagent/1.1 (+https://developers.facebook.com/docs/sharing/webmasters/crawler)"
66.249.74.71 - - [05/Jul/2025:16:35:49 -0400] "GET /q-~84uWC2hpYW7vhxVpXxJOvBPbTTGOxHow44257/ HTTP/1.1" 404 1251 "-" "Mozilla/5.0 (Linux; Android 6.0.1; Nexus 5X Build/MMB29P) AppleWebKit/537.36 (KHTML, like Gecko) Chrome/137.0.7151.103 Mobile Safari/537.36 (compatible; GoogleOther)"
66.249.74.72 - - [05/Jul/2025:16:35:55 -0400] "GET /q-~241SRerZsznFb77KM4ZQhHRBDvWp7Dydd29850/ HTTP/1.1" 404 1251 "-" "Mozilla/5.0 (compatible; Googlebot/2.1; +http://www.google.com/bot.html)"
66.249.74.71 - - [05/Jul/2025:16:36:40 -0400] "GET /q-~88cM3dph893KmJe7YfM4qM4NFzA2RzZX13903/ HTTP/1.1" 404 1251 "-" "Mozilla/5.0 (compatible; Googlebot/2.1; +http://www.google.com/bot.html)"
66.249.74.73 - - [05/Jul/2025:16:36:42 -0400] "GET /q-~131j1rkubczEGK7AasukSrQRb43VFGHqQ26830/ HTTP/1.1" 404 1251 "-" "Mozilla/5.0 (Linux; Android 6.0.1; Nexus 5X Build/MMB29P) AppleWebKit/537.36 (KHTML, like Gecko) Chrome/137.0.7151.103 Mobile Safari/537.36 (compatible; Googlebot/2.1; +http://www.google.com/bot.html)"
66.249.74.73 - - [05/Jul/2025:16:37:12 -0400] "GET /q-~204aP7bVdsAIdwPU1VEKRwLUTJ39TsWRK17655/ HTTP/1.1" 404 1251 "-" "Mozilla/5.0 (Linux; Android 6.0.1; Nexus 5X Build/MMB29P) AppleWebKit/537.36 (KHTML, like Gecko) Chrome/137.0.7151.103 Mobile Safari/537.36 (compatible; Googlebot/2.1; +http://www.google.com/bot.html)"
66.249.74.72 - - [05/Jul/2025:16:37:29 -0400] "GET /q-~285agiq1LMiiclmTm9nLEwhBAV02Dt6MA18832/ HTTP/1.1" 404 1251 "-" "Mozilla/5.0 (Linux; Android 6.0.1; Nexus 5X Build/MMB29P) AppleWebKit/537.36 (KHTML, like Gecko) Chrome/137.0.7151.103 Mobile Safari/537.36 (compatible; Googlebot/2.1; +http://www.google.com/bot.html)"
66.249.74.71 - - [05/Jul/2025:16:38:16 -0400] "GET /q-~76GD6yMsqyFuD82V7dsZ5MgZIeKd3HPZ30399/ HTTP/1.1" 404 1251 "-" "Mozilla/5.0 (Linux; Android 6.0.1; Nexus 5X Build/MMB29P) AppleWebKit/537.36 (KHTML, like Gecko) Chrome/137.0.7151.103 Mobile Safari/537.36 (compatible; Googlebot/2.1; +http://www.google.com/bot.html)"
203.217.101.237 - - [05/Jul/2025:16:38:26 -0400] "GET /xmlrpc.php HTTP/1.1" 403 1242 "http://nas-yemen.org/xmlrpc.php" "Mozilla/5.0 (X11; Ubuntu; Linux x86_64; rv:85.0) Gecko/20100101 Firefox/91.0"
66.249.74.72 - - [05/Jul/2025:16:38:32 -0400] "GET /q-~87ZDH2MFoF00UKhiXy5w5zstJNPyJJZv40458/ HTTP/1.1" 404 1251 "-" "Mozilla/5.0 (compatible; Googlebot/2.1; +http://www.google.com/bot.html)"
66.249.74.72 - - [05/Jul/2025:16:40:41 -0400] "GET /q-~223MDhxbMhwaXnhxqfFApAFUM75n3Epsu17340/ HTTP/1.1" 404 1251 "-" "Mozilla/5.0 (Linux; Android 6.0.1; Nexus 5X Build/MMB29P) AppleWebKit/537.36 (KHTML, like Gecko) Chrome/137.0.7151.103 Mobile Safari/537.36 (compatible; Googlebot/2.1; +http://www.google.com/bot.html)"
66.249.74.78 - - [05/Jul/2025:16:40:50 -0400] "GET /q-~21g44hMZ3ihFohDLN0iMwU6aLISp9kfS34522/ HTTP/1.1" 404 1251 "-" "Mozilla/5.0 (Linux; Android 6.0.1; Nexus 5X Build/MMB29P) AppleWebKit/537.36 (KHTML, like Gecko) Chrome/137.0.7151.103 Mobile Safari/537.36 (compatible; Googlebot/2.1; +http://www.google.com/bot.html)"
66.249.74.78 - - [05/Jul/2025:16:41:23 -0400] "GET /q-~93KrqrzQ973KTJNqFIjGr1uGhiypqS2r28460/ HTTP/1.1" 404 1251 "-" "Mozilla/5.0 (compatible; Googlebot/2.1; +http://www.google.com/bot.html)"
103.163.214.6 - - [05/Jul/2025:16:42:15 -0400] "GET /xmlrpc.php HTTP/1.1" 403 1242 "http://nas-yemen.org" "Mozilla/5.0 (Macintosh; Intel Mac OS X 10_15_7) AppleWebKit/537.36 (KHTML, like Gecko) Chrome/112.0.5615.138 Safari/537.36"
66.249.74.65 - - [05/Jul/2025:16:42:18 -0400] "GET /items/njelj112/7434?key=cab HTTP/1.1" 404 1251 "-" "Mozilla/5.0 (Linux; Android 6.0.1; Nexus 5X Build/MMB29P) AppleWebKit/537.36 (KHTML, like Gecko) Chrome/137.0.7151.103 Mobile Safari/537.36 (compatible; Googlebot/2.1; +http://www.google.com/bot.html)"
103.163.214.6 - - [05/Jul/2025:16:42:16 -0400] "POST /wp-login.php HTTP/1.1" 200 0 "https://nas-yemen.org" "Mozilla/5.0 (Windows NT 10.0; Win64; x64; rv:127.0) Gecko/20100101 Firefox/127.0"
66.249.74.64 - - [05/Jul/2025:16:42:34 -0400] "GET /items/mabyn65/13633?key=investor HTTP/1.1" 404 1251 "-" "Mozilla/5.0 (Linux; Android 6.0.1; Nexus 5X Build/MMB29P) AppleWebKit/537.36 (KHTML, like Gecko) Chrome/137.0.7151.103 Mobile Safari/537.36 (compatible; Googlebot/2.1; +http://www.google.com/bot.html)"
66.29.146.47 - - [05/Jul/2025:16:42:34 -0400] "POST /wp-cron.php?doing_wp_cron=1751748154.3596200942993164062500 HTTP/1.1" 403 1242 "-" "WordPress/6.8; https://nas-yemen.org"
66.249.74.78 - - [05/Jul/2025:16:42:49 -0400] "GET /items/zewgl187/39063?key=heat HTTP/1.1" 404 1251 "-" "Mozilla/5.0 (compatible; Googlebot/2.1; +http://www.google.com/bot.html)"
66.249.74.78 - - [05/Jul/2025:16:43:19 -0400] "GET /q-~151tuMEnBugkeKZWoWUYdAuVInehFjmGP4018/ HTTP/1.1" 404 1251 "-" "Mozilla/5.0 (Linux; Android 6.0.1; Nexus 5X Build/MMB29P) AppleWebKit/537.36 (KHTML, like Gecko) Chrome/137.0.7151.103 Mobile Safari/537.36 (compatible; GoogleOther)"
66.249.74.78 - - [05/Jul/2025:16:43:32 -0400] "GET /items/hadyo31/47521?key=day HTTP/1.1" 404 1251 "-" "Mozilla/5.0 (Linux; Android 6.0.1; Nexus 5X Build/MMB29P) AppleWebKit/537.36 (KHTML, like Gecko) Chrome/137.0.7151.103 Mobile Safari/537.36 (compatible; Googlebot/2.1; +http://www.google.com/bot.html)"
66.249.73.65 - - [05/Jul/2025:16:43:34 -0400] "GET /feature/honten/index.html HTTP/1.1" 404 1251 "-" "Mozilla/5.0 (Linux; Android 6.0.1; Nexus 5X Build/MMB29P) AppleWebKit/537.36 (KHTML, like Gecko) Chrome/137.0.7151.103 Mobile Safari/537.36 (compatible; Googlebot/2.1; +http://www.google.com/bot.html)"
66.249.74.78 - - [05/Jul/2025:16:43:37 -0400] "GET /q-~255RJ0uGppAVijFIKYqgoiXK6Cam0yrvc23344/ HTTP/1.1" 404 1251 "-" "Mozilla/5.0 (Linux; Android 6.0.1; Nexus 5X Build/MMB29P) AppleWebKit/537.36 (KHTML, like Gecko) Chrome/137.0.7151.103 Mobile Safari/537.36 (compatible; Googlebot/2.1; +http://www.google.com/bot.html)"
66.249.74.78 - - [05/Jul/2025:16:44:47 -0400] "GET /items/wtlun57/4175?key=evening HTTP/1.1" 404 1251 "-" "Mozilla/5.0 (compatible; Googlebot/2.1; +http://www.google.com/bot.html)"
2a03:2880:f800:d:: - - [05/Jul/2025:16:45:05 -0400] "GET /wp-includes/SimplePie/src/ HTTP/1.1" 200 1574 "-" "meta-externalagent/1.1 (+https://developers.facebook.com/docs/sharing/webmasters/crawler)"
66.249.74.78 - - [05/Jul/2025:16:45:25 -0400] "GET /q-~16rHZmQGSYBgcJkEKKO2jAWn2F4eNOGq39211/ HTTP/1.1" 404 1251 "-" "Mozilla/5.0 (compatible; Googlebot/2.1; +http://www.google.com/bot.html)"
66.249.74.64 - - [05/Jul/2025:16:45:35 -0400] "GET /items/ludln145/16305?key=senior HTTP/1.1" 404 1251 "-" "Mozilla/5.0 (Linux; Android 6.0.1; Nexus 5X Build/MMB29P) AppleWebKit/537.36 (KHTML, like Gecko) Chrome/137.0.7151.103 Mobile Safari/537.36 (compatible; Googlebot/2.1; +http://www.google.com/bot.html)"
66.249.74.78 - - [05/Jul/2025:16:45:43 -0400] "GET /q-~45LMQKg6ziabtZz8GufOKNqEqQCLprsn39210/ HTTP/1.1" 404 1251 "-" "Mozilla/5.0 (Linux; Android 6.0.1; Nexus 5X Build/MMB29P) AppleWebKit/537.36 (KHTML, like Gecko) Chrome/137.0.7151.103 Mobile Safari/537.36 (compatible; Googlebot/2.1; +http://www.google.com/bot.html)"
66.249.74.72 - - [05/Jul/2025:16:46:50 -0400] "GET /items/pfcxc228/43716?key=user HTTP/1.1" 404 1251 "-" "Mozilla/5.0 (Linux; Android 6.0.1; Nexus 5X Build/MMB29P) AppleWebKit/537.36 (KHTML, like Gecko) Chrome/137.0.7151.103 Mobile Safari/537.36 (compatible; Googlebot/2.1; +http://www.google.com/bot.html)"
66.249.74.73 - - [05/Jul/2025:16:46:51 -0400] "GET /items/pfcxc228/43716?key=user HTTP/1.1" 404 1251 "-" "Mozilla/5.0 (compatible; Googlebot/2.1; +http://www.google.com/bot.html)"
20.171.207.96 - - [05/Jul/2025:16:47:08 -0400] "GET /?hemisect/1Rc4m.htm HTTP/1.1" 200 1470 "-" "Mozilla/5.0 AppleWebKit/537.36 (KHTML, like Gecko; compatible; GPTBot/1.2; +https://openai.com/gptbot)"
66.249.74.71 - - [05/Jul/2025:16:47:20 -0400] "GET /items/gyaqk155/10961?key=rid HTTP/1.1" 404 1251 "-" "Mozilla/5.0 (Linux; Android 6.0.1; Nexus 5X Build/MMB29P) AppleWebKit/537.36 (KHTML, like Gecko) Chrome/137.0.7151.103 Mobile Safari/537.36 (compatible; Googlebot/2.1; +http://www.google.com/bot.html)"
47.82.60.59 - - [05/Jul/2025:16:47:22 -0400] "GET /q-~29WQpNy0iSUTwRxOnqFMzWGPYS78rXFr32194/ HTTP/1.1" 404 1251 "https://nas-yemen.org/q-~29WQpNy0iSUTwRxOnqFMzWGPYS78rXFr32194/" "Mozilla/5.0 (Windows NT 10.0; Win64; x64) AppleWebKit/537.36 (KHTML, like Gecko) Chrome/114.0.0.0 Safari/537.36 Edg/114.0.1823.43"
51.222.253.20 - - [05/Jul/2025:16:47:28 -0400] "GET /?sitemap946.xml HTTP/1.1" 200 1470 "-" "Mozilla/5.0 (compatible; AhrefsBot/7.0; +http://ahrefs.com/robot/)"
66.249.74.71 - - [05/Jul/2025:16:47:34 -0400] "GET /items/bghly275/445?key=increasing HTTP/1.1" 404 1251 "-" "Mozilla/5.0 (Linux; Android 6.0.1; Nexus 5X Build/MMB29P) AppleWebKit/537.36 (KHTML, like Gecko) Chrome/137.0.7151.103 Mobile Safari/537.36 (compatible; Googlebot/2.1; +http://www.google.com/bot.html)"
66.249.74.71 - - [05/Jul/2025:16:47:47 -0400] "GET /q-~257K8Lge2hH0Fe52ozz1CQ4Ch5O3wx7vZ34422/ HTTP/1.1" 404 1251 "-" "Mozilla/5.0 (Linux; Android 6.0.1; Nexus 5X Build/MMB29P) AppleWebKit/537.36 (KHTML, like Gecko) Chrome/137.0.7151.103 Mobile Safari/537.36 (compatible; Googlebot/2.1; +http://www.google.com/bot.html)"
20.171.207.96 - - [05/Jul/2025:16:48:18 -0400] "GET /disagree/nhA654q.htm HTTP/1.1" 404 1251 "-" "Mozilla/5.0 AppleWebKit/537.36 (KHTML, like Gecko; compatible; GPTBot/1.2; +https://openai.com/gptbot)"
20.171.207.96 - - [05/Jul/2025:16:49:01 -0400] "GET /lille/30x4dsowv.shtml HTTP/1.1" 404 1251 "-" "Mozilla/5.0 AppleWebKit/537.36 (KHTML, like Gecko; compatible; GPTBot/1.2; +https://openai.com/gptbot)"
66.249.74.71 - - [05/Jul/2025:16:49:06 -0400] "GET /items/vxnfe252/41136?key=fashion HTTP/1.1" 404 1251 "-" "Mozilla/5.0 (Linux; Android 6.0.1; Nexus 5X Build/MMB29P) AppleWebKit/537.36 (KHTML, like Gecko) Chrome/137.0.7151.103 Mobile Safari/537.36 (compatible; Googlebot/2.1; +http://www.google.com/bot.html)"
66.249.74.71 - - [05/Jul/2025:16:49:06 -0400] "GET /q-~161nwOiZygcLIklwMmyuccyZxXkc2Jx0O17998/ HTTP/1.1" 404 1251 "-" "Mozilla/5.0 (compatible; Googlebot/2.1; +http://www.google.com/bot.html)"
2a03:2880:f800:1:: - - [05/Jul/2025:16:49:25 -0400] "GET /wp-includes/js/?MA HTTP/1.1" 200 3369 "-" "meta-externalagent/1.1 (+https://developers.facebook.com/docs/sharing/webmasters/crawler)"
66.249.74.72 - - [05/Jul/2025:16:49:38 -0400] "GET /q-~267d5QmPhd1pyL6ODTlY5YEi37XQM7XTW33464/ HTTP/1.1" 404 1251 "-" "Mozilla/5.0 (Linux; Android 6.0.1; Nexus 5X Build/MMB29P) AppleWebKit/537.36 (KHTML, like Gecko) Chrome/137.0.7151.103 Mobile Safari/537.36 (compatible; Googlebot/2.1; +http://www.google.com/bot.html)"
66.249.74.71 - - [05/Jul/2025:16:49:46 -0400] "GET /q-~265rPlMVMZjglTZ2dH4GNx32SpxD5ST0E24704/ HTTP/1.1" 404 1251 "-" "Mozilla/5.0 (Linux; Android 6.0.1; Nexus 5X Build/MMB29P) AppleWebKit/537.36 (KHTML, like Gecko) Chrome/137.0.7151.103 Mobile Safari/537.36 (compatible; Googlebot/2.1; +http://www.google.com/bot.html)"
