66.249.73.65 - - [05/Jul/2025:09:19:19 -0400] "GET /items/jtwqu8/37662?key=desire HTTP/1.1" 404 1251 "-" "Mozilla/5.0 (Linux; Android 6.0.1; Nexus 5X Build/MMB29P) AppleWebKit/537.36 (KHTML, like Gecko) Chrome/137.0.7151.103 Mobile Safari/537.36 (compatible; Googlebot/2.1; +http://www.google.com/bot.html)"
66.249.74.78 - - [05/Jul/2025:09:19:19 -0400] "GET /items/shqsi266/11936?key=pad HTTP/1.1" 404 1251 "-" "Mozilla/5.0 (Linux; Android 6.0.1; Nexus 5X Build/MMB29P) AppleWebKit/537.36 (KHTML, like Gecko) Chrome/137.0.7151.103 Mobile Safari/537.36 (compatible; Googlebot/2.1; +http://www.google.com/bot.html)"
66.249.74.78 - - [05/Jul/2025:09:19:48 -0400] "GET /q-~181MAznAeuevxUP6gR2YDypJLnmBY6cKw43094/ HTTP/1.1" 404 1251 "-" "Mozilla/5.0 (compatible; Googlebot/2.1; +http://www.google.com/bot.html)"
66.249.74.78 - - [05/Jul/2025:09:20:11 -0400] "GET /q-~81M9tWJfAMBLsGvQjnwcjWczvyRINEnR9448/ HTTP/1.1" 404 1251 "-" "Mozilla/5.0 (Linux; Android 6.0.1; Nexus 5X Build/MMB29P) AppleWebKit/537.36 (KHTML, like Gecko) Chrome/137.0.7151.103 Mobile Safari/537.36 (compatible; Googlebot/2.1; +http://www.google.com/bot.html)"
66.249.74.78 - - [05/Jul/2025:09:20:20 -0400] "GET /q-~105uz1JusQXFzGwIvi7B6CWDmohAqW1Vs6574/ HTTP/1.1" 404 1251 "-" "Mozilla/5.0 (Linux; Android 6.0.1; Nexus 5X Build/MMB29P) AppleWebKit/537.36 (KHTML, like Gecko) Chrome/137.0.7151.103 Mobile Safari/537.36 (compatible; Googlebot/2.1; +http://www.google.com/bot.html)"
66.249.74.78 - - [05/Jul/2025:09:20:27 -0400] "GET /q-~120sGEDzkDpUtYjLgmGjrRzdcKxLrVwZV40131/ HTTP/1.1" 404 1251 "-" "Mozilla/5.0 (compatible; Googlebot/2.1; +http://www.google.com/bot.html)"
66.249.74.78 - - [05/Jul/2025:09:20:27 -0400] "GET /q-~23xqEVXPESW53YrOdT41iDE4zViTyElx18712/ HTTP/1.1" 404 1251 "-" "Mozilla/5.0 (compatible; Googlebot/2.1; +http://www.google.com/bot.html)"
66.249.74.78 - - [05/Jul/2025:09:20:42 -0400] "GET /items/gaujl28/21632?key=welfare HTTP/1.1" 404 1251 "-" "Mozilla/5.0 (compatible; Googlebot/2.1; +http://www.google.com/bot.html)"
66.249.74.78 - - [05/Jul/2025:09:21:15 -0400] "GET /items/sriur253/16847?key=buy HTTP/1.1" 404 1251 "-" "Mozilla/5.0 (Linux; Android 6.0.1; Nexus 5X Build/MMB29P) AppleWebKit/537.36 (KHTML, like Gecko) Chrome/137.0.7151.103 Mobile Safari/537.36 (compatible; GoogleOther)"
66.29.146.47 - - [05/Jul/2025:09:21:16 -0400] "POST /wp-cron.php?doing_wp_cron=1751721675.7436130046844482421875 HTTP/1.1" 403 1242 "-" "WordPress/6.8; https://nas-yemen.org"
178.20.42.24 - - [05/Jul/2025:09:20:58 -0400] "GET /wp-login.php?action=register HTTP/1.1" 302 0 "-" "Mozilla/4.0 (compatible; MSIE 6.0; Windows NT 5.1; SV1)"
178.20.42.24 - - [05/Jul/2025:09:21:17 -0400] "GET /wp-signup.php HTTP/1.1" 403 1242 "-" "Mozilla/4.0 (compatible; MSIE 6.0; Windows NT 5.1; SV1)"
157.55.39.200 - - [05/Jul/2025:09:21:40 -0400] "GET /facture/LiVtf.htm HTTP/1.1" 404 1251 "-" "Mozilla/5.0 AppleWebKit/537.36 (KHTML, like Gecko; compatible; bingbot/2.0; +http://www.bing.com/bingbot.htm) Chrome/116.0.1938.76 Safari/537.36"
66.249.74.64 - - [05/Jul/2025:09:22:31 -0400] "GET /q-~143V4jxMmzMrHraQ9zoxn8XnmCIvKk9nn11238/ HTTP/1.1" 404 1251 "-" "Mozilla/5.0 (Linux; Android 6.0.1; Nexus 5X Build/MMB29P) AppleWebKit/537.36 (KHTML, like Gecko) Chrome/137.0.7151.103 Mobile Safari/537.36 (compatible; GoogleOther)"
66.249.74.78 - - [05/Jul/2025:09:23:43 -0400] "GET /q-~264s6V360Ag408Vx6Nl05Liivb22LJFrb38375/ HTTP/1.1" 404 1251 "-" "Mozilla/5.0 (compatible; Googlebot/2.1; +http://www.google.com/bot.html)"
66.249.74.78 - - [05/Jul/2025:09:23:54 -0400] "GET /items/wgrpi83/39821?key=scholar HTTP/1.1" 404 1251 "-" "Mozilla/5.0 (Linux; Android 6.0.1; Nexus 5X Build/MMB29P) AppleWebKit/537.36 (KHTML, like Gecko) Chrome/137.0.7151.103 Mobile Safari/537.36 (compatible; Googlebot/2.1; +http://www.google.com/bot.html)"
69.197.135.226 - - [05/Jul/2025:09:24:00 -0400] "GET /wp-content/admin.php HTTP/1.1" 404 1251 "https://nas-yemen.org/wp-content/admin.php" "Mozilla/5.0 (Windows NT 10.0; Win64; x64) AppleWebKit/537.36 (KHTML, like Gecko) Chrome/58.0.3029.110 Safari/537.3"
66.249.74.65 - - [05/Jul/2025:09:24:44 -0400] "GET /items/hvhgb149/23779?key=companion HTTP/1.1" 404 1251 "-" "Mozilla/5.0 (compatible; Googlebot/2.1; +http://www.google.com/bot.html)"
66.249.74.78 - - [05/Jul/2025:09:26:06 -0400] "GET /items/huiia12/28286?key=dock HTTP/1.1" 404 1251 "-" "Mozilla/5.0 (compatible; Googlebot/2.1; +http://www.google.com/bot.html)"
66.249.74.64 - - [05/Jul/2025:09:26:39 -0400] "GET /q-~130UWybTYEyxHtCOv73cdIOJXXdKnONQm22141/ HTTP/1.1" 404 1251 "-" "Mozilla/5.0 (compatible; Googlebot/2.1; +http://www.google.com/bot.html)"
139.59.113.169 - - [05/Jul/2025:09:26:57 -0400] "GET /wp-includes/wlwmanifest.xml HTTP/1.1" 404 1251 "-" "python-requests/2.27.1"
139.59.113.169 - - [05/Jul/2025:09:26:59 -0400] "GET /administrator/index.php HTTP/1.1" 404 1251 "-" "python-requests/2.27.1"
139.59.113.169 - - [05/Jul/2025:09:27:01 -0400] "GET /view-source: HTTP/1.1" 404 1251 "-" "python-requests/2.27.1"
139.59.113.169 - - [05/Jul/2025:09:27:03 -0400] "GET /misc/ajax.js HTTP/1.1" 404 1251 "-" "python-requests/2.27.1"
66.249.74.65 - - [05/Jul/2025:09:27:32 -0400] "GET /?_ga=2.198039845.1956928957.1720904209-883864482.1699013672&_bdsid=9khxwz.n~FGIAI.1766878935596.1725528451&_bd_prev_page=https://nas-yemen.org/vendor.cgi?items/rhwqd42/9126?key=cognitive HTTP/1.1" 200 1470 "-" "Mozilla/5.0 (Linux; Android 6.0.1; Nexus 5X Build/MMB29P) AppleWebKit/537.36 (KHTML, like Gecko) Chrome/137.0.7151.103 Mobile Safari/537.36 (compatible; Googlebot/2.1; +http://www.google.com/bot.html)"
66.249.74.64 - - [05/Jul/2025:09:27:40 -0400] "GET /q-~48DY81dqzKt7YJhsRhtg1TLXmttLyEeL36853/ HTTP/1.1" 404 1251 "-" "Mozilla/5.0 (compatible; Googlebot/2.1; +http://www.google.com/bot.html)"
66.249.74.64 - - [05/Jul/2025:09:27:40 -0400] "GET /q-~141LwgZcHXeE6VHIjtiQUi9bG4WuyehQn14060/ HTTP/1.1" 404 1251 "-" "Mozilla/5.0 (Linux; Android 6.0.1; Nexus 5X Build/MMB29P) AppleWebKit/537.36 (KHTML, like Gecko) Chrome/137.0.7151.103 Mobile Safari/537.36 (compatible; GoogleOther)"
66.249.74.65 - - [05/Jul/2025:09:28:20 -0400] "GET /items/egzoy86/8260?key=flat HTTP/1.1" 404 1251 "-" "Mozilla/5.0 (Linux; Android 6.0.1; Nexus 5X Build/MMB29P) AppleWebKit/537.36 (KHTML, like Gecko) Chrome/137.0.7151.103 Mobile Safari/537.36 (compatible; Googlebot/2.1; +http://www.google.com/bot.html)"
66.249.74.78 - - [05/Jul/2025:09:28:20 -0400] "GET /items/egzoy86/8260?key=flat HTTP/1.1" 404 1251 "-" "Mozilla/5.0 (compatible; Googlebot/2.1; +http://www.google.com/bot.html)"
34.141.229.34 - - [05/Jul/2025:09:29:29 -0400] "GET / HTTP/1.1" 200 1473 "-" "Scrapy/2.12.0 (+https://scrapy.org)"
66.249.74.73 - - [05/Jul/2025:09:30:16 -0400] "GET /q-~284UIutLHA2TcrAT7bGMp82rrJjWs9Y4Q33801/ HTTP/1.1" 404 1251 "-" "Mozilla/5.0 (Linux; Android 6.0.1; Nexus 5X Build/MMB29P) AppleWebKit/537.36 (KHTML, like Gecko) Chrome/137.0.7151.103 Mobile Safari/537.36 (compatible; Googlebot/2.1; +http://www.google.com/bot.html)"
74.208.224.25 - - [05/Jul/2025:09:31:19 -0400] "GET /xmlrpc.php HTTP/1.1" 403 1242 "http://nas-yemen.org" "Mozilla/5.0 (Macintosh; Intel Mac OS X 10.15; rv:126.0) Gecko/20100101 Firefox/126.0"
74.208.224.25 - - [05/Jul/2025:09:31:20 -0400] "POST /wp-login.php HTTP/1.1" 200 0 "https://nas-yemen.org" "Mozilla/5.0 (Macintosh; Intel Mac OS X 10_15_7; rv:125.0.1) Gecko/20100101 Firefox/125.0.1"
66.249.74.71 - - [05/Jul/2025:09:31:31 -0400] "GET /items/ocdca277/41377?key=scale HTTP/1.1" 404 1251 "-" "Mozilla/5.0 (Linux; Android 6.0.1; Nexus 5X Build/MMB29P) AppleWebKit/537.36 (KHTML, like Gecko) Chrome/137.0.7151.103 Mobile Safari/537.36 (compatible; GoogleOther)"
66.29.146.47 - - [05/Jul/2025:09:31:37 -0400] "POST /wp-cron.php?doing_wp_cron=1751722296.4379899501800537109375 HTTP/1.1" 403 1242 "-" "WordPress/6.8; https://nas-yemen.org"
66.249.73.72 - - [05/Jul/2025:09:33:00 -0400] "GET /q-~42gizot1Bxz9XxmY56XZqL76su4AzVDD47461/ HTTP/1.1" 404 1251 "-" "Mozilla/5.0 (Linux; Android 6.0.1; Nexus 5X Build/MMB29P) AppleWebKit/537.36 (KHTML, like Gecko) Chrome/137.0.7151.103 Mobile Safari/537.36 (compatible; Googlebot/2.1; +http://www.google.com/bot.html)"
66.249.74.73 - - [05/Jul/2025:09:34:06 -0400] "GET /items/ywfxw94/26300?key=protective HTTP/1.1" 404 1251 "-" "Mozilla/5.0 (Linux; Android 6.0.1; Nexus 5X Build/MMB29P) AppleWebKit/537.36 (KHTML, like Gecko) Chrome/137.0.7151.103 Mobile Safari/537.36 (compatible; GoogleOther)"
66.249.74.72 - - [05/Jul/2025:09:34:13 -0400] "GET /q-~176ZYKcUyihBtRP8KiOVGKtUgxGyvxmOZ12829/ HTTP/1.1" 404 1251 "-" "Mozilla/5.0 (compatible; Googlebot/2.1; +http://www.google.com/bot.html)"
196.251.117.231 - - [05/Jul/2025:09:34:24 -0400] "GET /about.php?action=p&api=p&path=p&token= HTTP/1.1" 404 1251 "www.google.com" "Mozlila/5.0 (Linux; Android 7.0; SM-G892A Bulid/NRD90M; wv) AppleWebKit/537.36 (KHTML, like Gecko) Version/4.0 Chrome/60.0.3112.107 Moblie Safari/537.36"
66.249.74.71 - - [05/Jul/2025:09:34:24 -0400] "GET /q-~31N9e8v52souqiuX28jZTnKQ9vOyw84Z44178/ HTTP/1.1" 404 1251 "-" "Mozilla/5.0 (Linux; Android 6.0.1; Nexus 5X Build/MMB29P) AppleWebKit/537.36 (KHTML, like Gecko) Chrome/137.0.7151.103 Mobile Safari/537.36 (compatible; Googlebot/2.1; +http://www.google.com/bot.html)"
196.251.117.231 - - [05/Jul/2025:09:34:40 -0400] "GET /admin.php?action=p&api=p&path=p&token= HTTP/1.1" 404 1251 "www.google.com" "Mozlila/5.0 (Linux; Android 7.0; SM-G892A Bulid/NRD90M; wv) AppleWebKit/537.36 (KHTML, like Gecko) Version/4.0 Chrome/60.0.3112.107 Moblie Safari/537.36"
196.251.117.231 - - [05/Jul/2025:09:34:40 -0400] "GET /admin.php?action=p&api=p&path=p&token= HTTP/1.1" 404 1251 "www.google.com" "Mozlila/5.0 (Linux; Android 7.0; SM-G892A Bulid/NRD90M; wv) AppleWebKit/537.36 (KHTML, like Gecko) Version/4.0 Chrome/60.0.3112.107 Moblie Safari/537.36"
103.174.50.180 - - [05/Jul/2025:09:35:08 -0400] "GET /xmlrpc.php HTTP/1.1" 403 1242 "http://nas-yemen.org/xmlrpc.php" "Mozilla/5.0 (X11; Ubuntu; Linux x86_64; rv:85.0) Gecko/20100101 Firefox/91.0"
66.249.74.73 - - [05/Jul/2025:09:36:25 -0400] "GET /items/qbuff48/7534?key=response HTTP/1.1" 404 1251 "-" "Mozilla/5.0 (compatible; Googlebot/2.1; +http://www.google.com/bot.html)"
20.171.207.96 - - [05/Jul/2025:09:36:31 -0400] "GET /xoanon/qzxhn0t.shtml HTTP/1.1" 404 1251 "-" "Mozilla/5.0 AppleWebKit/537.36 (KHTML, like Gecko; compatible; GPTBot/1.2; +https://openai.com/gptbot)"
66.249.74.71 - - [05/Jul/2025:09:36:36 -0400] "GET /q-~49OZto6Klu0fvmGrzYAGpV55B9gxtqCP19392/ HTTP/1.1" 404 1251 "-" "Mozilla/5.0 (Linux; Android 6.0.1; Nexus 5X Build/MMB29P) AppleWebKit/537.36 (KHTML, like Gecko) Chrome/137.0.7151.103 Mobile Safari/537.36 (compatible; Googlebot/2.1; +http://www.google.com/bot.html)"
66.249.74.71 - - [05/Jul/2025:09:36:48 -0400] "GET /q-~2KVMfHmMIFnv5RjAPQNraMBSo9cZ4pb31003/ HTTP/1.1" 404 1251 "-" "Mozilla/5.0 (Linux; Android 6.0.1; Nexus 5X Build/MMB29P) AppleWebKit/537.36 (KHTML, like Gecko) Chrome/137.0.7151.103 Mobile Safari/537.36 (compatible; Googlebot/2.1; +http://www.google.com/bot.html)"
74.125.217.73 - - [05/Jul/2025:09:37:32 -0400] "GET /items/wmikn280/25846?key=stadium HTTP/1.1" 404 1251 "-" "Mozilla/5.0 (X11; Linux x86_64) AppleWebKit/537.36 (KHTML, like Gecko) Chrome/137.0.7151.119 Safari/537.36"
66.249.74.71 - - [05/Jul/2025:09:38:06 -0400] "GET /q-~175kuMFtE5xzDDyqSmdUNIJvk0lWfyE9K43586/ HTTP/1.1" 404 1251 "-" "Mozilla/5.0 (compatible; Googlebot/2.1; +http://www.google.com/bot.html)"
66.249.74.72 - - [05/Jul/2025:09:38:43 -0400] "GET /q-~144rpZWTlqDUpeKLQVDDItnOWInTDaPIO26871/ HTTP/1.1" 404 1251 "-" "Mozilla/5.0 (Linux; Android 6.0.1; Nexus 5X Build/MMB29P) AppleWebKit/537.36 (KHTML, like Gecko) Chrome/137.0.7151.103 Mobile Safari/537.36 (compatible; Googlebot/2.1; +http://www.google.com/bot.html)"
66.249.74.73 - - [05/Jul/2025:09:39:02 -0400] "GET /items/ouozs294/18874?key=exceed HTTP/1.1" 404 1251 "-" "Mozilla/5.0 (compatible; Googlebot/2.1; +http://www.google.com/bot.html)"
66.249.74.71 - - [05/Jul/2025:09:39:23 -0400] "GET /q-~161CXA7UW9U1TRfkyNYlY6qrJBzo20RJY46654/ HTTP/1.1" 404 1251 "-" "Mozilla/5.0 (compatible; Googlebot/2.1; +http://www.google.com/bot.html)"
161.35.163.28 - - [05/Jul/2025:09:39:27 -0400] "GET /blurbs.php HTTP/1.1" 404 1251 "-" "Mozilla/5.0 (Windows NT 6.1; WOW64) AppleWebKit/537.36 Chrome/108.0.0.0 Safari/537.36"
161.35.163.28 - - [05/Jul/2025:09:39:28 -0400] "GET /class-t.api.php HTTP/1.1" 404 1251 "-" "Mozilla/5.0 (Windows NT 6.1; WOW64) AppleWebKit/537.36 Chrome/108.0.0.0 Safari/537.36"
66.249.74.71 - - [05/Jul/2025:09:39:40 -0400] "GET /q-~178wujtkgPVhbxLiim97cirzZDJdbKicM21/ HTTP/1.1" 404 1251 "-" "Mozilla/5.0 (compatible; Googlebot/2.1; +http://www.google.com/bot.html)"
20.171.207.96 - - [05/Jul/2025:09:39:55 -0400] "GET /order-process/index.html HTTP/1.1" 404 1251 "-" "Mozilla/5.0 AppleWebKit/537.36 (KHTML, like Gecko; compatible; GPTBot/1.2; +https://openai.com/gptbot)"
66.249.74.71 - - [05/Jul/2025:09:40:31 -0400] "GET /q-~279ZaH9YHwltegTBaNxQarHRcjjmJL4oY33064/ HTTP/1.1" 404 1251 "-" "Mozilla/5.0 (Linux; Android 6.0.1; Nexus 5X Build/MMB29P) AppleWebKit/537.36 (KHTML, like Gecko) Chrome/137.0.7151.103 Mobile Safari/537.36 (compatible; GoogleOther)"
66.249.74.71 - - [05/Jul/2025:09:40:33 -0400] "GET /q-~34JiWQaU7DgTTjnc57SLBhwQxznVMFEz23853/ HTTP/1.1" 404 1251 "-" "Mozilla/5.0 (Linux; Android 6.0.1; Nexus 5X Build/MMB29P) AppleWebKit/537.36 (KHTML, like Gecko) Chrome/137.0.7151.103 Mobile Safari/537.36 (compatible; GoogleOther)"
66.249.74.71 - - [05/Jul/2025:09:41:17 -0400] "GET /q-~95IjPVWY1RywEWHlKtjpKviLVw5dhKeW47428/ HTTP/1.1" 404 1251 "-" "Mozilla/5.0 (Linux; Android 6.0.1; Nexus 5X Build/MMB29P) AppleWebKit/537.36 (KHTML, like Gecko) Chrome/137.0.7151.103 Mobile Safari/537.36 (compatible; Googlebot/2.1; +http://www.google.com/bot.html)"
66.249.74.65 - - [05/Jul/2025:09:42:20 -0400] "GET /items/njxko19/1477?key=makeup HTTP/1.1" 404 1251 "-" "Mozilla/5.0 (Linux; Android 6.0.1; Nexus 5X Build/MMB29P) AppleWebKit/537.36 (KHTML, like Gecko) Chrome/137.0.7151.103 Mobile Safari/537.36 (compatible; Googlebot/2.1; +http://www.google.com/bot.html)"
66.249.74.64 - - [05/Jul/2025:09:42:50 -0400] "GET /q-~88cM3dph893KmJe7YfM4qM4NFzA2RzZX13903/ HTTP/1.1" 404 1251 "-" "Mozilla/5.0 (Linux; Android 6.0.1; Nexus 5X Build/MMB29P) AppleWebKit/537.36 (KHTML, like Gecko) Chrome/137.0.7151.103 Mobile Safari/537.36 (compatible; Googlebot/2.1; +http://www.google.com/bot.html)"
66.249.74.78 - - [05/Jul/2025:09:43:40 -0400] "GET /q-~66ZHJJPYu3dhjEeEQRKZrbH20begITAl2735/ HTTP/1.1" 404 1251 "-" "Mozilla/5.0 (compatible; Googlebot/2.1; +http://www.google.com/bot.html)"
216.73.216.220 - - [05/Jul/2025:09:44:24 -0400] "GET /pages.php HTTP/1.1" 404 1251 "-" "Mozilla/5.0 AppleWebKit/537.36 (KHTML, like Gecko; compatible; ClaudeBot/1.0; [email protected])"
8.133.253.244 - - [05/Jul/2025:09:44:36 -0400] "GET /xmlrpc.php HTTP/1.1" 403 1242 "http://nas-yemen.org" "Mozilla/5.0 (Windows NT 10.0; Win64; x64) AppleWebKit/537.36 (KHTML, like Gecko) Chrome/114.0.5735.134 Safari/537.36"
8.133.253.244 - - [05/Jul/2025:09:44:38 -0400] "POST /wp-login.php HTTP/1.1" 200 0 "https://nas-yemen.org" "Mozilla/5.0 (Macintosh; Intel Mac OS X 14.5) AppleWebKit/618.3.5 (KHTML, like Gecko) Version/17.4 Safari/618.3.5"
66.29.146.47 - - [05/Jul/2025:09:45:06 -0400] "POST /wp-cron.php?doing_wp_cron=1751723105.1527509689331054687500 HTTP/1.1" 403 1242 "-" "WordPress/6.8; https://nas-yemen.org"
66.249.74.64 - - [05/Jul/2025:09:45:27 -0400] "GET /q-~137wqXdttKU8RP4yM4MNjzUlErbMGOV9a19784/ HTTP/1.1" 404 1251 "-" "Mozilla/5.0 (compatible; Googlebot/2.1; +http://www.google.com/bot.html)"
66.249.74.78 - - [05/Jul/2025:09:45:28 -0400] "GET /q-~137wqXdttKU8RP4yM4MNjzUlErbMGOV9a19784/ HTTP/1.1" 404 1251 "-" "Mozilla/5.0 (Linux; Android 6.0.1; Nexus 5X Build/MMB29P) AppleWebKit/537.36 (KHTML, like Gecko) Chrome/137.0.7151.103 Mobile Safari/537.36 (compatible; Googlebot/2.1; +http://www.google.com/bot.html)"
20.171.207.96 - - [05/Jul/2025:09:45:55 -0400] "GET /chappy/6lqc79js8.shtml HTTP/1.1" 404 1251 "-" "Mozilla/5.0 AppleWebKit/537.36 (KHTML, like Gecko; compatible; GPTBot/1.2; +https://openai.com/gptbot)"
66.249.74.78 - - [05/Jul/2025:09:46:57 -0400] "GET /items/jzwsi255/45167?key=yeah HTTP/1.1" 404 1251 "-" "Mozilla/5.0 (Linux; Android 6.0.1; Nexus 5X Build/MMB29P) AppleWebKit/537.36 (KHTML, like Gecko) Chrome/137.0.7151.103 Mobile Safari/537.36 (compatible; GoogleOther)"
66.249.74.65 - - [05/Jul/2025:09:47:21 -0400] "GET /items/lbjlk244/42918?key=peak HTTP/1.1" 404 1251 "-" "Mozilla/5.0 (Linux; Android 6.0.1; Nexus 5X Build/MMB29P) AppleWebKit/537.36 (KHTML, like Gecko) Chrome/137.0.7151.103 Mobile Safari/537.36 (compatible; Googlebot/2.1; +http://www.google.com/bot.html)"
47.82.60.98 - - [05/Jul/2025:09:48:37 -0400] "GET /aa48b HTTP/1.1" 301 795 "https://nas-yemen.org/aa48b" "Mozilla/5.0 (Windows NT 10.0; Win64; x64) AppleWebKit/537.36 (KHTML, like Gecko) Chrome/114.0.0.0 Safari/537.36 Edg/114.0.1823.43"
47.82.60.98 - - [05/Jul/2025:09:48:37 -0400] "GET /aa48b/ HTTP/1.1" 200 533 "https://nas-yemen.org/aa48b" "Mozilla/5.0 (Windows NT 10.0; Win64; x64) AppleWebKit/537.36 (KHTML, like Gecko) Chrome/114.0.0.0 Safari/537.36 Edg/114.0.1823.43"
66.249.74.64 - - [05/Jul/2025:09:49:17 -0400] "GET /items/qwgoa192/21552?key=distract HTTP/1.1" 404 1251 "-" "Mozilla/5.0 (Linux; Android 6.0.1; Nexus 5X Build/MMB29P) AppleWebKit/537.36 (KHTML, like Gecko) Chrome/137.0.7151.103 Mobile Safari/537.36 (compatible; Googlebot/2.1; +http://www.google.com/bot.html)"
47.82.60.60 - - [05/Jul/2025:09:49:20 -0400] "GET /q-~175VB3jJitrcHpj72Roo4FcRnS7RIjxMr23538/ HTTP/1.1" 404 1251 "https://nas-yemen.org/q-~175VB3jJitrcHpj72Roo4FcRnS7RIjxMr23538/" "Mozilla/5.0 (Windows NT 10.0; Win64; x64) AppleWebKit/537.36 (KHTML, like Gecko) Chrome/114.0.0.0 Safari/537.36 Edg/114.0.1823.43"
66.249.74.64 - - [05/Jul/2025:09:49:31 -0400] "GET /items/ytozl297/28541?key=amount HTTP/1.1" 404 1251 "-" "Mozilla/5.0 (Linux; Android 6.0.1; Nexus 5X Build/MMB29P) AppleWebKit/537.36 (KHTML, like Gecko) Chrome/137.0.7151.103 Mobile Safari/537.36 (compatible; GoogleOther)"
47.82.60.16 - - [05/Jul/2025:09:50:30 -0400] "GET /q-~168FVgxOqsdXB36ePOF3Qf8TXwh7l48qB27731/ HTTP/1.1" 404 1251 "https://nas-yemen.org/q-~168FVgxOqsdXB36ePOF3Qf8TXwh7l48qB27731/" "Mozilla/5.0 (Windows NT 10.0; Win64; x64) AppleWebKit/537.36 (KHTML, like Gecko) Chrome/114.0.0.0 Safari/537.36 Edg/114.0.1823.43"
47.82.60.17 - - [05/Jul/2025:09:51:18 -0400] "GET /xmlrpc.php HTTP/1.1" 403 1242 "https://nas-yemen.org/xmlrpc.php" "Mozilla/5.0 (Windows NT 10.0; Win64; x64) AppleWebKit/537.36 (KHTML, like Gecko) Chrome/114.0.0.0 Safari/537.36 Edg/114.0.1823.43"
66.249.74.64 - - [05/Jul/2025:09:51:36 -0400] "GET /q-~262zNViVTSqdtNJDFvAIkqElm85srk03t47859/ HTTP/1.1" 404 1251 "-" "Mozilla/5.0 (compatible; Googlebot/2.1; +http://www.google.com/bot.html)"
66.249.74.78 - - [05/Jul/2025:09:52:14 -0400] "GET /q-~67GucHdnvy6BTL1uHcGMOa03u7h2d7bv28748/ HTTP/1.1" 404 1251 "-" "Mozilla/5.0 (Linux; Android 6.0.1; Nexus 5X Build/MMB29P) AppleWebKit/537.36 (KHTML, like Gecko) Chrome/137.0.7151.103 Mobile Safari/537.36 (compatible; Googlebot/2.1; +http://www.google.com/bot.html)"
66.249.74.78 - - [05/Jul/2025:09:53:23 -0400] "GET /q-~76oaamKXk6wbRAbWTOp5eJBr7zWtdT1x20635/ HTTP/1.1" 404 1251 "-" "Mozilla/5.0 (Linux; Android 6.0.1; Nexus 5X Build/MMB29P) AppleWebKit/537.36 (KHTML, like Gecko) Chrome/137.0.7151.103 Mobile Safari/537.36 (compatible; GoogleOther)"
51.222.253.14 - - [05/Jul/2025:09:54:53 -0400] "GET /?sitemap946.xml HTTP/1.1" 200 1470 "-" "Mozilla/5.0 (compatible; AhrefsBot/7.0; +http://ahrefs.com/robot/)"
66.249.74.78 - - [05/Jul/2025:09:56:28 -0400] "GET /q-~270uz1JusQXFzGwIvi7B6CWDmohAqW1Vs6409/ HTTP/1.1" 404 1251 "-" "Mozilla/5.0 (Linux; Android 6.0.1; Nexus 5X Build/MMB29P) AppleWebKit/537.36 (KHTML, like Gecko) Chrome/137.0.7151.103 Mobile Safari/537.36 (compatible; Googlebot/2.1; +http://www.google.com/bot.html)"
20.171.207.96 - - [05/Jul/2025:09:56:33 -0400] "GET /appraise/ybmt4tpe.html HTTP/1.1" 404 1251 "-" "Mozilla/5.0 AppleWebKit/537.36 (KHTML, like Gecko; compatible; GPTBot/1.2; +https://openai.com/gptbot)"
66.249.74.78 - - [05/Jul/2025:09:57:00 -0400] "GET /q-~274V4auKXaqT7hSCvtaMbolq6mxbsy4ON47261/ HTTP/1.1" 404 1251 "-" "Mozilla/5.0 (compatible; Googlebot/2.1; +http://www.google.com/bot.html)"
52.167.144.206 - - [05/Jul/2025:09:57:20 -0400] "GET /catalogs HTTP/1.1" 404 1251 "-" "Mozilla/5.0 AppleWebKit/537.36 (KHTML, like Gecko; compatible; bingbot/2.0; +http://www.bing.com/bingbot.htm) Chrome/116.0.1938.76 Safari/537.36"
66.249.74.64 - - [05/Jul/2025:09:57:23 -0400] "GET /q-~273IUHcCDFqxykzpH7zS5BOTd0aC5Kosg17400/ HTTP/1.1" 404 1251 "-" "Mozilla/5.0 (compatible; Googlebot/2.1; +http://www.google.com/bot.html)"
91.229.236.38 - - [05/Jul/2025:09:57:41 -0400] "GET /xmlrpc.php HTTP/1.1" 403 1242 "http://nas-yemen.org" "Mozilla/5.0 (Windows NT 10.0; Win64; x64) AppleWebKit/537.36 (KHTML, like Gecko) Chrome/112.0.5615.138 Safari/537.36"
91.229.236.38 - - [05/Jul/2025:09:57:42 -0400] "POST /wp-login.php HTTP/1.1" 200 0 "https://nas-yemen.org" "Mozilla/5.0 (Macintosh; Intel Mac OS X 10_15_7) AppleWebKit/537.36 (KHTML, like Gecko) Chrome/126.0.0.0 Safari/537.36"
66.29.146.47 - - [05/Jul/2025:09:57:52 -0400] "POST /wp-cron.php?doing_wp_cron=1751723871.7415809631347656250000 HTTP/1.1" 403 1242 "-" "WordPress/6.8; https://nas-yemen.org"
47.82.60.63 - - [05/Jul/2025:09:58:31 -0400] "GET /wp-mail.php HTTP/1.1" 403 1242 "https://nas-yemen.org/wp-mail.php" "Mozilla/5.0 (Windows NT 10.0; Win64; x64) AppleWebKit/537.36 (KHTML, like Gecko) Chrome/114.0.0.0 Safari/537.36 Edg/114.0.1823.43"
66.249.74.73 - - [05/Jul/2025:09:58:31 -0400] "GET /items/dwgfu242/20770?key=troop HTTP/1.1" 404 1251 "-" "Mozilla/5.0 (Linux; Android 6.0.1; Nexus 5X Build/MMB29P) AppleWebKit/537.36 (KHTML, like Gecko) Chrome/137.0.7151.103 Mobile Safari/537.36 (compatible; Googlebot/2.1; +http://www.google.com/bot.html)"
66.249.74.72 - - [05/Jul/2025:09:58:32 -0400] "GET /items/nwibx33/31121?key=integrity HTTP/1.1" 404 1251 "-" "Mozilla/5.0 (Linux; Android 6.0.1; Nexus 5X Build/MMB29P) AppleWebKit/537.36 (KHTML, like Gecko) Chrome/137.0.7151.103 Mobile Safari/537.36 (compatible; Googlebot/2.1; +http://www.google.com/bot.html)"
66.249.74.71 - - [05/Jul/2025:09:58:32 -0400] "GET /q-~258scEMdQsE0XeU8xRrNxJ1AndAacIAdt21289/ HTTP/1.1" 404 1251 "-" "Mozilla/5.0 (compatible; Googlebot/2.1; +http://www.google.com/bot.html)"
66.249.74.71 - - [05/Jul/2025:09:58:37 -0400] "GET /q-~32wqgjBfhPanxZ6tLUfTyK6QhV5QZKDH21967/ HTTP/1.1" 404 1251 "-" "Mozilla/5.0 (compatible; Googlebot/2.1; +http://www.google.com/bot.html)"
66.249.74.71 - - [05/Jul/2025:09:59:44 -0400] "GET /q-~174kJgwN7xb62TzwnrBYXGtTapgDHNMoh15725/ HTTP/1.1" 404 1251 "-" "Mozilla/5.0 (Linux; Android 6.0.1; Nexus 5X Build/MMB29P) AppleWebKit/537.36 (KHTML, like Gecko) Chrome/137.0.7151.103 Mobile Safari/537.36 (compatible; Googlebot/2.1; +http://www.google.com/bot.html)"
66.249.74.71 - - [05/Jul/2025:09:59:48 -0400] "GET /q-~121FF8hJvCTrQBPbnFofJtautEbN0KEvR48136/ HTTP/1.1" 404 1251 "-" "Mozilla/5.0 (Linux; Android 6.0.1; Nexus 5X Build/MMB29P) AppleWebKit/537.36 (KHTML, like Gecko) Chrome/137.0.7151.103 Mobile Safari/537.36 (compatible; GoogleOther)"
66.249.74.71 - - [05/Jul/2025:10:00:52 -0400] "GET /q-~248D2HQtzwZ2u1fTUrfDpTmnhtlPUeqMY23387/ HTTP/1.1" 404 1251 "-" "Mozilla/5.0 (compatible; Googlebot/2.1; +http://www.google.com/bot.html)"
66.249.74.71 - - [05/Jul/2025:10:01:41 -0400] "GET /items/syrph84/5566?key=search HTTP/1.1" 404 1251 "-" "Mozilla/5.0 (Linux; Android 6.0.1; Nexus 5X Build/MMB29P) AppleWebKit/537.36 (KHTML, like Gecko) Chrome/137.0.7151.103 Mobile Safari/537.36 (compatible; Googlebot/2.1; +http://www.google.com/bot.html)"
66.249.74.72 - - [05/Jul/2025:10:02:29 -0400] "GET /q-~114XkboGbi3Er2rwotvw2qEdqhC5SYcxa3027/ HTTP/1.1" 404 1251 "-" "Mozilla/5.0 (Linux; Android 6.0.1; Nexus 5X Build/MMB29P) AppleWebKit/537.36 (KHTML, like Gecko) Chrome/137.0.7151.103 Mobile Safari/537.36 (compatible; Googlebot/2.1; +http://www.google.com/bot.html)"
66.249.74.71 - - [05/Jul/2025:10:02:34 -0400] "GET /items/rftol186/41566?key=merchant HTTP/1.1" 404 1251 "-" "Mozilla/5.0 (Linux; Android 6.0.1; Nexus 5X Build/MMB29P) AppleWebKit/537.36 (KHTML, like Gecko) Chrome/137.0.7151.103 Mobile Safari/537.36 (compatible; Googlebot/2.1; +http://www.google.com/bot.html)"
66.249.74.71 - - [05/Jul/2025:10:02:59 -0400] "GET /items/lmbqz50/8542?key=nearby HTTP/1.1" 404 1251 "-" "Mozilla/5.0 (compatible; Googlebot/2.1; +http://www.google.com/bot.html)"
20.171.207.96 - - [05/Jul/2025:10:03:41 -0400] "GET /dastardliness/cgl1w.shtml HTTP/1.1" 404 1251 "-" "Mozilla/5.0 AppleWebKit/537.36 (KHTML, like Gecko; compatible; GPTBot/1.2; +https://openai.com/gptbot)"
47.82.60.22 - - [05/Jul/2025:10:05:47 -0400] "GET /wp-trackback.php HTTP/1.1" 403 1242 "https://www.nas-yemen.org/wp-trackback.php" "Mozilla/5.0 (Windows NT 10.0; Win64; x64) AppleWebKit/537.36 (KHTML, like Gecko) Chrome/114.0.0.0 Safari/537.36 Edg/114.0.1823.43"
66.249.74.78 - - [05/Jul/2025:10:06:14 -0400] "GET /q-~3RANG141GjUIqsSa4MsnPPDmRXYyFLN17572/ HTTP/1.1" 404 1251 "-" "Mozilla/5.0 (Linux; Android 6.0.1; Nexus 5X Build/MMB29P) AppleWebKit/537.36 (KHTML, like Gecko) Chrome/137.0.7151.103 Mobile Safari/537.36 (compatible; GoogleOther)"
20.171.207.96 - - [05/Jul/2025:10:06:17 -0400] "GET /goldwasser/XhqV2v5/y3e4nLb.shtml HTTP/1.1" 404 1251 "-" "Mozilla/5.0 AppleWebKit/537.36 (KHTML, like Gecko; compatible; GPTBot/1.2; +https://openai.com/gptbot)"
47.82.60.63 - - [05/Jul/2025:10:07:44 -0400] "GET /wp-settings.php HTTP/1.1" 403 1242 "https://nas-yemen.org/wp-settings.php" "Mozilla/5.0 (Windows NT 10.0; Win64; x64) AppleWebKit/537.36 (KHTML, like Gecko) Chrome/114.0.0.0 Safari/537.36 Edg/114.0.1823.43"
52.167.144.189 - - [05/Jul/2025:10:08:13 -0400] "GET /shinketsu/index.html HTTP/1.1" 404 1251 "-" "Mozilla/5.0 AppleWebKit/537.36 (KHTML, like Gecko; compatible; bingbot/2.0; +http://www.bing.com/bingbot.htm) Chrome/116.0.1938.76 Safari/537.36"
66.249.74.78 - - [05/Jul/2025:10:08:21 -0400] "GET /q-~179jQgsFwQarUtCJIXa1D4uqbPKOia15v23286/ HTTP/1.1" 404 1251 "-" "Mozilla/5.0 (compatible; Googlebot/2.1; +http://www.google.com/bot.html)"
66.249.74.65 - - [05/Jul/2025:10:08:22 -0400] "GET /q-~179jQgsFwQarUtCJIXa1D4uqbPKOia15v23286/ HTTP/1.1" 404 1251 "-" "Mozilla/5.0 (Linux; Android 6.0.1; Nexus 5X Build/MMB29P) AppleWebKit/537.36 (KHTML, like Gecko) Chrome/137.0.7151.103 Mobile Safari/537.36 (compatible; Googlebot/2.1; +http://www.google.com/bot.html)"
66.249.74.78 - - [05/Jul/2025:10:09:04 -0400] "GET /items/xzsbp208/9050?key=belly HTTP/1.1" 404 1251 "-" "Mozilla/5.0 (Linux; Android 6.0.1; Nexus 5X Build/MMB29P) AppleWebKit/537.36 (KHTML, like Gecko) Chrome/137.0.7151.103 Mobile Safari/537.36 (compatible; Googlebot/2.1; +http://www.google.com/bot.html)"
66.249.74.65 - - [05/Jul/2025:10:10:51 -0400] "GET /items/ciccf100/48324?key=valid HTTP/1.1" 404 1251 "-" "Mozilla/5.0 (Linux; Android 6.0.1; Nexus 5X Build/MMB29P) AppleWebKit/537.36 (KHTML, like Gecko) Chrome/137.0.7151.103 Mobile Safari/537.36 (compatible; Googlebot/2.1; +http://www.google.com/bot.html)"
66.249.74.64 - - [05/Jul/2025:10:10:58 -0400] "GET /q-~18RsVjaWKPgtcsnikNskTknzxt4i4u5C47083/ HTTP/1.1" 404 1251 "-" "Mozilla/5.0 (compatible; Googlebot/2.1; +http://www.google.com/bot.html)"
59.110.47.144 - - [05/Jul/2025:10:11:10 -0400] "GET /xmlrpc.php HTTP/1.1" 403 1242 "http://nas-yemen.org" "Mozilla/5.0 (Macintosh; Intel Mac OS X 10_15_7) AppleWebKit/537.36 (KHTML, like Gecko) Chrome/114.0.5735.134 Safari/537.36"
66.249.74.72 - - [05/Jul/2025:10:11:17 -0400] "GET /q-~250kzw09tTlsBZtP2LlnFG9zOdo2VeOCO9913/ HTTP/1.1" 404 1251 "-" "Mozilla/5.0 (Linux; Android 6.0.1; Nexus 5X Build/MMB29P) AppleWebKit/537.36 (KHTML, like Gecko) Chrome/137.0.7151.103 Mobile Safari/537.36 (compatible; Googlebot/2.1; +http://www.google.com/bot.html)"
59.110.47.144 - - [05/Jul/2025:10:11:16 -0400] "POST /wp-login.php HTTP/1.1" 200 0 "https://nas-yemen.org" "Mozilla/5.0 (Windows NT 10.0; Win64; x64; rv:127.0) Gecko/20100101 Firefox/127.0"
66.29.146.47 - - [05/Jul/2025:10:11:30 -0400] "POST /wp-cron.php?doing_wp_cron=1751724689.6499259471893310546875 HTTP/1.1" 403 1242 "-" "WordPress/6.8; https://nas-yemen.org"
20.171.207.96 - - [05/Jul/2025:10:12:33 -0400] "GET /police/ctzZvg0dj.shtml HTTP/1.1" 404 1251 "-" "Mozilla/5.0 AppleWebKit/537.36 (KHTML, like Gecko; compatible; GPTBot/1.2; +https://openai.com/gptbot)"
66.249.74.72 - - [05/Jul/2025:10:12:40 -0400] "GET /q-~183uS5pdCX9o7TQdFW0xfwUP4bfSKzQ3B2148/ HTTP/1.1" 404 1251 "-" "Mozilla/5.0 (Linux; Android 6.0.1; Nexus 5X Build/MMB29P) AppleWebKit/537.36 (KHTML, like Gecko) Chrome/137.0.7151.103 Mobile Safari/537.36 (compatible; GoogleOther)"
66.249.74.72 - - [05/Jul/2025:10:12:44 -0400] "GET /q-~269Ykn5pVoNaVh4Wf4V8vXKVi6fAPxfed11250/ HTTP/1.1" 404 1251 "-" "Mozilla/5.0 (Linux; Android 6.0.1; Nexus 5X Build/MMB29P) AppleWebKit/537.36 (KHTML, like Gecko) Chrome/137.0.7151.103 Mobile Safari/537.36 (compatible; Googlebot/2.1; +http://www.google.com/bot.html)"
66.249.74.71 - - [05/Jul/2025:10:13:00 -0400] "GET /q-~48nG7SDdDnXRYOfP1FmUCeWeLXHJZ5pl41943/ HTTP/1.1" 404 1251 "-" "Mozilla/5.0 (Linux; Android 6.0.1; Nexus 5X Build/MMB29P) AppleWebKit/537.36 (KHTML, like Gecko) Chrome/137.0.7151.103 Mobile Safari/537.36 (compatible; Googlebot/2.1; +http://www.google.com/bot.html)"
66.249.74.71 - - [05/Jul/2025:10:13:47 -0400] "GET /q-~101I7xLCekW3djQf2PHo0Eyi1RO1JoAnp28060/ HTTP/1.1" 404 1251 "-" "Mozilla/5.0 (compatible; Googlebot/2.1; +http://www.google.com/bot.html)"
66.249.74.71 - - [05/Jul/2025:10:13:47 -0400] "GET /q-~263swhw4KET9F9NbwDcQh4V2XgYOMl8mu33306/ HTTP/1.1" 404 1251 "-" "Mozilla/5.0 (Linux; Android 6.0.1; Nexus 5X Build/MMB29P) AppleWebKit/537.36 (KHTML, like Gecko) Chrome/137.0.7151.103 Mobile Safari/537.36 (compatible; Googlebot/2.1; +http://www.google.com/bot.html)"
66.249.74.71 - - [05/Jul/2025:10:13:58 -0400] "GET /items/fwpqa291/48257?key=must HTTP/1.1" 404 1251 "-" "Mozilla/5.0 (Linux; Android 6.0.1; Nexus 5X Build/MMB29P) AppleWebKit/537.36 (KHTML, like Gecko) Chrome/137.0.7151.103 Mobile Safari/537.36 (compatible; Googlebot/2.1; +http://www.google.com/bot.html)"
66.249.74.72 - - [05/Jul/2025:10:14:08 -0400] "GET /q-~7xkqx1hHe54aylxhFDRetzHF0CaJ7kG34886/ HTTP/1.1" 404 1251 "-" "Mozilla/5.0 (compatible; Googlebot/2.1; +http://www.google.com/bot.html)"
66.249.74.71 - - [05/Jul/2025:10:15:05 -0400] "GET /q-~157evAb6Mr9HV1xeEoGUdkYoA7Dz5hG1x46432/ HTTP/1.1" 404 1251 "-" "Mozilla/5.0 (Linux; Android 6.0.1; Nexus 5X Build/MMB29P) AppleWebKit/537.36 (KHTML, like Gecko) Chrome/137.0.7151.103 Mobile Safari/537.36 (compatible; Googlebot/2.1; +http://www.google.com/bot.html)"
66.249.74.72 - - [05/Jul/2025:10:15:27 -0400] "GET /q-~71tbUQoYfmtik2C2tSfAnRGPz4lIL4Rl44314/ HTTP/1.1" 404 1251 "-" "Mozilla/5.0 (Linux; Android 6.0.1; Nexus 5X Build/MMB29P) AppleWebKit/537.36 (KHTML, like Gecko) Chrome/137.0.7151.103 Mobile Safari/537.36 (compatible; Googlebot/2.1; +http://www.google.com/bot.html)"
20.171.207.96 - - [05/Jul/2025:10:15:31 -0400] "GET /wp-includes/theme-compat/ccx/ HTTP/1.1" 404 1251 "-" "Mozilla/5.0 AppleWebKit/537.36 (KHTML, like Gecko; compatible; GPTBot/1.2; +https://openai.com/gptbot)"
66.249.74.71 - - [05/Jul/2025:10:15:33 -0400] "GET /q-~174IznEvnAc0f4XwKQzZG27WPq5oZogtX3513/ HTTP/1.1" 404 1251 "-" "Mozilla/5.0 (Linux; Android 6.0.1; Nexus 5X Build/MMB29P) AppleWebKit/537.36 (KHTML, like Gecko) Chrome/137.0.7151.103 Mobile Safari/537.36 (compatible; Googlebot/2.1; +http://www.google.com/bot.html)"
20.171.207.96 - - [05/Jul/2025:10:16:13 -0400] "GET /fluidics/3szNvht34.html HTTP/1.1" 404 1251 "-" "Mozilla/5.0 AppleWebKit/537.36 (KHTML, like Gecko; compatible; GPTBot/1.2; +https://openai.com/gptbot)"
66.249.74.73 - - [05/Jul/2025:10:16:25 -0400] "GET /q-~277zw463KrbJlGfv5qFjHmgBkXoWNYxGK9928/ HTTP/1.1" 404 1251 "-" "Mozilla/5.0 (compatible; Googlebot/2.1; +http://www.google.com/bot.html)"
172.207.247.67 - - [05/Jul/2025:10:16:56 -0400] "GET /wp-content/plugins/hellopress/wp_filemanager.php HTTP/1.1" 404 1251 "-" "-"
172.207.247.67 - - [05/Jul/2025:10:16:56 -0400] "GET /wp.php HTTP/1.1" 404 1251 "-" "-"
172.207.247.67 - - [05/Jul/2025:10:16:57 -0400] "GET /wp-content/plugins/TOPXOH/wDR.php HTTP/1.1" 404 1251 "-" "-"
172.207.247.67 - - [05/Jul/2025:10:16:57 -0400] "GET /admin.php HTTP/1.1" 404 1251 "-" "-"
172.207.247.67 - - [05/Jul/2025:10:16:58 -0400] "GET /admin.php?p= HTTP/1.1" 404 1251 "-" "-"
172.207.247.67 - - [05/Jul/2025:10:16:58 -0400] "GET /wp-includes/Text/Diff/Engine/about.php HTTP/1.1" 404 1251 "-" "-"
172.207.247.67 - - [05/Jul/2025:10:16:58 -0400] "GET /index/function.php HTTP/1.1" 404 1251 "-" "-"
172.207.247.67 - - [05/Jul/2025:10:16:59 -0400] "GET /wp-includes/ID3/rk2.php HTTP/1.1" 404 1251 "-" "-"
172.207.247.67 - - [05/Jul/2025:10:16:59 -0400] "GET /license.php HTTP/1.1" 404 1251 "-" "-"
172.207.247.67 - - [05/Jul/2025:10:16:59 -0400] "GET /radio.php HTTP/1.1" 404 1251 "-" "-"
172.207.247.67 - - [05/Jul/2025:10:16:59 -0400] "GET /info.php HTTP/1.1" 404 1251 "-" "-"
172.207.247.67 - - [05/Jul/2025:10:17:00 -0400] "GET /alfanew.php HTTP/1.1" 404 1251 "-" "-"
172.207.247.67 - - [05/Jul/2025:10:17:00 -0400] "GET /inputs.php?p= HTTP/1.1" 404 1251 "-" "-"
172.207.247.67 - - [05/Jul/2025:10:17:00 -0400] "GET /admin/function.php HTTP/1.1" 404 1251 "-" "-"
172.207.247.67 - - [05/Jul/2025:10:17:00 -0400] "GET /wp-includes/assets/index.php HTTP/1.1" 404 1251 "-" "-"
172.207.247.67 - - [05/Jul/2025:10:17:00 -0400] "GET /wp-admin/images/index.php HTTP/1.1" 404 1251 "-" "-"
172.207.247.67 - - [05/Jul/2025:10:17:01 -0400] "GET /default.php HTTP/1.1" 404 1251 "-" "-"
172.207.247.67 - - [05/Jul/2025:10:17:01 -0400] "GET /lv.php HTTP/1.1" 404 1251 "-" "-"
172.207.247.67 - - [05/Jul/2025:10:17:02 -0400] "GET /wp-content/themes/wp-pridmag/init.php HTTP/1.1" 404 1251 "-" "-"
172.207.247.67 - - [05/Jul/2025:10:17:02 -0400] "GET /marijuana.php HTTP/1.1" 404 1251 "-" "-"
172.207.247.67 - - [05/Jul/2025:10:17:03 -0400] "GET /wp-includes/autoload_classmap.php HTTP/1.1" 404 1251 "-" "-"
172.207.247.67 - - [05/Jul/2025:10:17:03 -0400] "GET /wp-content/403.php HTTP/1.1" 404 1251 "-" "-"
172.207.247.67 - - [05/Jul/2025:10:17:03 -0400] "GET /css/colors/coffee/index.php HTTP/1.1" 404 1251 "-" "-"
172.207.247.67 - - [05/Jul/2025:10:17:03 -0400] "GET /css.php HTTP/1.1" 404 1251 "-" "-"
66.29.146.47 - - [05/Jul/2025:10:17:08 -0400] "POST /wp-cron.php?doing_wp_cron=1751725028.0451169013977050781250 HTTP/1.1" 403 1242 "-" "WordPress/6.8; https://nas-yemen.org"
172.207.247.67 - - [05/Jul/2025:10:17:04 -0400] "GET /wp-admin/user/about.php HTTP/1.1" 302 0 "-" "-"
172.207.247.67 - - [05/Jul/2025:10:17:09 -0400] "GET /wp-login.php?redirect_to=https%3A%2F%2Fnas-yemen.org%2Fwp-admin%2Fuser%2Fabout.php&reauth=1 HTTP/1.1" 200 1956 "-" "-"
172.207.247.67 - - [05/Jul/2025:10:17:09 -0400] "GET /about.php HTTP/1.1" 404 1251 "-" "-"
172.207.247.67 - - [05/Jul/2025:10:17:10 -0400] "GET /1.php? HTTP/1.1" 404 1251 "-" "-"
172.207.247.67 - - [05/Jul/2025:10:17:10 -0400] "GET /marijuana.php? HTTP/1.1" 404 1251 "-" "-"
172.207.247.67 - - [05/Jul/2025:10:17:10 -0400] "GET /about/function.php? HTTP/1.1" 404 1251 "-" "-"
172.207.247.67 - - [05/Jul/2025:10:17:10 -0400] "GET /simple.php HTTP/1.1" 404 1251 "-" "-"
172.207.247.67 - - [05/Jul/2025:10:17:11 -0400] "GET /goat1.php HTTP/1.1" 404 1251 "-" "-"
172.207.247.67 - - [05/Jul/2025:10:17:11 -0400] "GET /chosen.php? HTTP/1.1" 404 1251 "-" "-"
172.207.247.67 - - [05/Jul/2025:10:17:11 -0400] "GET /wp-cron.php? HTTP/1.1" 403 1242 "-" "-"
172.207.247.67 - - [05/Jul/2025:10:17:11 -0400] "GET /yanz.php HTTP/1.1" 404 1251 "-" "-"
172.207.247.67 - - [05/Jul/2025:10:17:12 -0400] "GET /config.php? HTTP/1.1" 404 1251 "-" "-"
172.207.247.67 - - [05/Jul/2025:10:17:12 -0400] "GET /network.php HTTP/1.1" 404 1251 "-" "-"
172.207.247.67 - - [05/Jul/2025:10:17:12 -0400] "GET /wp-2019.php? HTTP/1.1" 404 1251 "-" "-"
172.207.247.67 - - [05/Jul/2025:10:17:12 -0400] "GET /bypass.php HTTP/1.1" 404 1251 "-" "-"
172.207.247.67 - - [05/Jul/2025:10:17:13 -0400] "GET /wp-includes/IXR/admin.php HTTP/1.1" 404 1251 "-" "-"
172.207.247.67 - - [05/Jul/2025:10:17:13 -0400] "GET /wp-includes/theme-compat/wp-login.php HTTP/1.1" 404 1251 "-" "-"
172.207.247.67 - - [05/Jul/2025:10:17:13 -0400] "GET /tiny.php?p= HTTP/1.1" 404 1251 "-" "-"
172.207.247.67 - - [05/Jul/2025:10:17:13 -0400] "GET /lock.php HTTP/1.1" 404 1251 "-" "-"
172.207.247.67 - - [05/Jul/2025:10:17:14 -0400] "GET /mail.php? HTTP/1.1" 404 1251 "-" "-"
172.207.247.67 - - [05/Jul/2025:10:17:14 -0400] "GET /wp-includes/system_log.php? HTTP/1.1" 404 1251 "-" "-"
172.207.247.67 - - [05/Jul/2025:10:17:14 -0400] "GET /file.php? HTTP/1.1" 404 1251 "-" "-"
172.207.247.67 - - [05/Jul/2025:10:17:14 -0400] "GET /as.php HTTP/1.1" 404 1251 "-" "-"
172.207.247.67 - - [05/Jul/2025:10:17:15 -0400] "GET /wp-content/themes/wp-pridmag/init.php? HTTP/1.1" 404 1251 "-" "-"
172.207.247.67 - - [05/Jul/2025:10:17:15 -0400] "GET /manager.php?p= HTTP/1.1" 404 1251 "-" "-"
172.207.247.67 - - [05/Jul/2025:10:17:15 -0400] "GET /plugins/pwnd/as.php HTTP/1.1" 404 1251 "-" "-"
172.207.247.67 - - [05/Jul/2025:10:17:15 -0400] "GET /wp-configs.php? HTTP/1.1" 404 1251 "-" "-"
172.207.247.67 - - [05/Jul/2025:10:17:15 -0400] "GET /wp-includes/html-api/wp-conflg.php?p= HTTP/1.1" 404 1251 "-" "-"
172.207.247.67 - - [05/Jul/2025:10:17:16 -0400] "GET /wp-includes/js/crop/zmFM.php HTTP/1.1" 404 1251 "-" "-"
172.207.247.67 - - [05/Jul/2025:10:17:16 -0400] "GET /wp-includes/rest-api/fields/index.php? HTTP/1.1" 404 1251 "-" "-"
172.207.247.67 - - [05/Jul/2025:10:17:16 -0400] "GET /index/fucku.php HTTP/1.1" 404 1251 "-" "-"
172.207.247.67 - - [05/Jul/2025:10:17:16 -0400] "GET /upload/wp-info.php HTTP/1.1" 404 1251 "-" "-"
172.207.247.67 - - [05/Jul/2025:10:17:16 -0400] "GET /post.php HTTP/1.1" 404 1251 "-" "-"
66.249.74.71 - - [05/Jul/2025:10:17:19 -0400] "GET /search?category=407&search_word= HTTP/1.1" 404 1251 "-" "Mozilla/5.0 (Linux; Android 6.0.1; Nexus 5X Build/MMB29P) AppleWebKit/537.36 (KHTML, like Gecko) Chrome/137.0.7151.103 Mobile Safari/537.36 (compatible; Googlebot/2.1; +http://www.google.com/bot.html)"
66.249.74.71 - - [05/Jul/2025:10:19:07 -0400] "GET /items/wvgal91/44347?key=league HTTP/1.1" 404 1251 "-" "Mozilla/5.0 (Linux; Android 6.0.1; Nexus 5X Build/MMB29P) AppleWebKit/537.36 (KHTML, like Gecko) Chrome/137.0.7151.103 Mobile Safari/537.36 (compatible; GoogleOther)"
66.249.74.71 - - [05/Jul/2025:10:19:34 -0400] "GET /q-~265zSA14y021Wz9rUWRAGQEfxUwowfbkw29906/ HTTP/1.1" 404 1251 "-" "Mozilla/5.0 (Linux; Android 6.0.1; Nexus 5X Build/MMB29P) AppleWebKit/537.36 (KHTML, like Gecko) Chrome/137.0.7151.103 Mobile Safari/537.36 (compatible; Googlebot/2.1; +http://www.google.com/bot.html)"
66.249.74.71 - - [05/Jul/2025:10:20:07 -0400] "GET /q-~19xYJxWQtCM6NMI1E7iS3p4Y5xTOS8ox27920/ HTTP/1.1" 404 1251 "-" "Mozilla/5.0 (compatible; Googlebot/2.1; +http://www.google.com/bot.html)"
66.249.74.72 - - [05/Jul/2025:10:20:17 -0400] "GET /q-~192QGzuBuQUDOo8AtCrOU26a8FPpzVotX46635/ HTTP/1.1" 404 1251 "-" "Mozilla/5.0 (Linux; Android 6.0.1; Nexus 5X Build/MMB29P) AppleWebKit/537.36 (KHTML, like Gecko) Chrome/137.0.7151.103 Mobile Safari/537.36 (compatible; Googlebot/2.1; +http://www.google.com/bot.html)"
66.249.74.71 - - [05/Jul/2025:10:20:33 -0400] "GET /q-~108b67Zjxn2heDCz05UC8fRLyiLYaRble29865/ HTTP/1.1" 404 1251 "-" "Mozilla/5.0 (compatible; Googlebot/2.1; +http://www.google.com/bot.html)"
66.249.74.71 - - [05/Jul/2025:10:20:35 -0400] "GET /items/jzizb107/46087?key=fortune HTTP/1.1" 404 1251 "-" "Mozilla/5.0 (Linux; Android 6.0.1; Nexus 5X Build/MMB29P) AppleWebKit/537.36 (KHTML, like Gecko) Chrome/137.0.7151.103 Mobile Safari/537.36 (compatible; GoogleOther)"
20.171.207.96 - - [05/Jul/2025:10:20:41 -0400] "GET /?%2Froc.armyhq%2F%3Ffref=ts HTTP/1.1" 200 1470 "-" "Mozilla/5.0 AppleWebKit/537.36 (KHTML, like Gecko; compatible; GPTBot/1.2; +https://openai.com/gptbot)"
20.171.207.96 - - [05/Jul/2025:10:21:11 -0400] "GET /?multivalve/aap545c1Y.html HTTP/1.1" 200 1470 "-" "Mozilla/5.0 AppleWebKit/537.36 (KHTML, like Gecko; compatible; GPTBot/1.2; +https://openai.com/gptbot)"
66.249.74.71 - - [05/Jul/2025:10:21:47 -0400] "GET /q-~90U8o3TJ8NifqAoRRBcBk85elAkfSfAD479/ HTTP/1.1" 404 1251 "-" "Mozilla/5.0 (compatible; Googlebot/2.1; +http://www.google.com/bot.html)"
66.249.74.71 - - [05/Jul/2025:10:23:01 -0400] "GET /q-~251ZPbAJ6d6IWBJFSIHrBzwJU362GuNCq21042/ HTTP/1.1" 404 1251 "-" "Mozilla/5.0 (Linux; Android 6.0.1; Nexus 5X Build/MMB29P) AppleWebKit/537.36 (KHTML, like Gecko) Chrome/137.0.7151.103 Mobile Safari/537.36 (compatible; Googlebot/2.1; +http://www.google.com/bot.html)"
188.166.237.78 - - [05/Jul/2025:10:24:40 -0400] "GET /xmlrpc.php HTTP/1.1" 403 1242 "http://nas-yemen.org" "Mozilla/5.0 (Windows NT 10.0; Win64; x64) AppleWebKit/537.36 (KHTML, like Gecko) Chrome/115.0.5790.102 Safari/537.36"
66.29.146.47 - - [05/Jul/2025:10:24:45 -0400] "POST /wp-cron.php?doing_wp_cron=1751725485.0570979118347167968750 HTTP/1.1" 403 1242 "-" "WordPress/6.8; https://nas-yemen.org"
188.166.237.78 - - [05/Jul/2025:10:24:41 -0400] "POST /wp-login.php HTTP/1.1" 200 2097 "https://nas-yemen.org" "Mozilla/5.0 (Windows NT 10.0; Win64; x64) AppleWebKit/537.36 (KHTML, like Gecko) Chrome/114.0.5735.134 Safari/537.36"
66.249.74.71 - - [05/Jul/2025:10:24:54 -0400] "GET /q-~194wdzNbAHvgPGuw8sCmaJ2pNPPIO8OlS34445/ HTTP/1.1" 404 1251 "-" "Mozilla/5.0 (Linux; Android 6.0.1; Nexus 5X Build/MMB29P) AppleWebKit/537.36 (KHTML, like Gecko) Chrome/137.0.7151.103 Mobile Safari/537.36 (compatible; Googlebot/2.1; +http://www.google.com/bot.html)"
66.249.74.71 - - [05/Jul/2025:10:25:34 -0400] "GET /q-~22QFQRiKOWuL4hu03AMH8owew6glmVGp48433/ HTTP/1.1" 404 1251 "-" "Mozilla/5.0 (Linux; Android 6.0.1; Nexus 5X Build/MMB29P) AppleWebKit/537.36 (KHTML, like Gecko) Chrome/137.0.7151.103 Mobile Safari/537.36 (compatible; Googlebot/2.1; +http://www.google.com/bot.html)"
66.249.74.71 - - [05/Jul/2025:10:25:37 -0400] "GET /items/swlaa300/26390?key=eliminate HTTP/1.1" 404 1251 "-" "Mozilla/5.0 (Linux; Android 6.0.1; Nexus 5X Build/MMB29P) AppleWebKit/537.36 (KHTML, like Gecko) Chrome/137.0.7151.103 Mobile Safari/537.36 (compatible; Googlebot/2.1; +http://www.google.com/bot.html)"
66.249.74.71 - - [05/Jul/2025:10:25:58 -0400] "GET /q-~150MgAESoNRRj0lIMZAjJNlld0ccQRa3h36029/ HTTP/1.1" 404 1251 "-" "Mozilla/5.0 (Linux; Android 6.0.1; Nexus 5X Build/MMB29P) AppleWebKit/537.36 (KHTML, like Gecko) Chrome/137.0.7151.103 Mobile Safari/537.36 (compatible; Googlebot/2.1; +http://www.google.com/bot.html)"
40.77.167.52 - - [05/Jul/2025:10:26:07 -0400] "GET /seminar/list/ HTTP/1.1" 404 1251 "-" "Mozilla/5.0 AppleWebKit/537.36 (KHTML, like Gecko; compatible; bingbot/2.0; +http://www.bing.com/bingbot.htm) Chrome/116.0.1938.76 Safari/537.36"
66.249.74.71 - - [05/Jul/2025:10:27:20 -0400] "GET /q-~104uMUWNRTTHiZiLIfol8zgmyE13nQquS47275/ HTTP/1.1" 404 1251 "-" "Mozilla/5.0 (compatible; Googlebot/2.1; +http://www.google.com/bot.html)"
184.72.127.237 - - [05/Jul/2025:10:27:38 -0400] "GET / HTTP/1.1" 200 1470 "-" "Mozilla/5.0 (Windows NT 10.0; Win64; x64) AppleWebKit/537.36 (KHTML, like Gecko) Chrome/78.0.3904.108 Safari/537.36"
184.72.127.237 - - [05/Jul/2025:10:27:39 -0400] "GET //wp-includes/wlwmanifest.xml HTTP/1.1" 404 1251 "-" "Mozilla/5.0 (Windows NT 10.0; Win64; x64) AppleWebKit/537.36 (KHTML, like Gecko) Chrome/78.0.3904.108 Safari/537.36"
184.72.127.237 - - [05/Jul/2025:10:27:39 -0400] "GET //xmlrpc.php?rsd HTTP/1.1" 403 1242 "-" "Mozilla/5.0 (Windows NT 10.0; Win64; x64) AppleWebKit/537.36 (KHTML, like Gecko) Chrome/78.0.3904.108 Safari/537.36"
184.72.127.237 - - [05/Jul/2025:10:27:39 -0400] "GET / HTTP/1.1" 200 1470 "-" "Mozilla/5.0 (Windows NT 10.0; Win64; x64) AppleWebKit/537.36 (KHTML, like Gecko) Chrome/78.0.3904.108 Safari/537.36"
184.72.127.237 - - [05/Jul/2025:10:27:39 -0400] "GET //?author=1 HTTP/1.1" 200 1528 "-" "Mozilla/5.0 (Windows NT 10.0; Win64; x64) AppleWebKit/537.36 (KHTML, like Gecko) Chrome/78.0.3904.108 Safari/537.36"
184.72.127.237 - - [05/Jul/2025:10:27:39 -0400] "GET //?author=2 HTTP/1.1" 200 1528 "-" "Mozilla/5.0 (Windows NT 10.0; Win64; x64) AppleWebKit/537.36 (KHTML, like Gecko) Chrome/78.0.3904.108 Safari/537.36"
184.72.127.237 - - [05/Jul/2025:10:27:39 -0400] "GET //wp-json/wp/v2/users/ HTTP/1.1" 404 1251 "-" "Mozilla/5.0 (Windows NT 10.0; Win64; x64) AppleWebKit/537.36 (KHTML, like Gecko) Chrome/78.0.3904.108 Safari/537.36"
184.72.127.237 - - [05/Jul/2025:10:27:39 -0400] "GET //wp-json/oembed/1.0/embed?url=https://nas-yemen.org/ HTTP/1.1" 404 1251 "-" "Mozilla/5.0 (Windows NT 10.0; Win64; x64) AppleWebKit/537.36 (KHTML, like Gecko) Chrome/78.0.3904.108 Safari/537.36"
184.72.127.237 - - [05/Jul/2025:10:27:39 -0400] "POST //xmlrpc.php HTTP/1.1" 403 1242 "-" "Mozilla/5.0 (Windows NT 10.0; Win64; x64) AppleWebKit/537.36 (KHTML, like Gecko) Chrome/78.0.3904.108 Safari/537.36"
66.249.74.71 - - [05/Jul/2025:10:28:46 -0400] "GET /q-~146lnBJ76yit92ueDFUNkGGB7MyGR1Oho47/ HTTP/1.1" 404 1251 "-" "Mozilla/5.0 (Linux; Android 6.0.1; Nexus 5X Build/MMB29P) AppleWebKit/537.36 (KHTML, like Gecko) Chrome/137.0.7151.103 Mobile Safari/537.36 (compatible; Googlebot/2.1; +http://www.google.com/bot.html)"
66.249.74.71 - - [05/Jul/2025:10:29:38 -0400] "GET /q-~162dqvv9UM4LZkecQmI7Pjo5mS72IQzfh15213/ HTTP/1.1" 404 1251 "-" "Mozilla/5.0 (compatible; Googlebot/2.1; +http://www.google.com/bot.html)"
66.249.74.72 - - [05/Jul/2025:10:29:58 -0400] "GET /q-~9MpvUVDRxIrKeSXkTsTEFPUq0DUgv4P32326/ HTTP/1.1" 404 1251 "-" "Mozilla/5.0 (Linux; Android 6.0.1; Nexus 5X Build/MMB29P) AppleWebKit/537.36 (KHTML, like Gecko) Chrome/137.0.7151.103 Mobile Safari/537.36 (compatible; Googlebot/2.1; +http://www.google.com/bot.html)"
66.249.73.73 - - [05/Jul/2025:10:30:23 -0400] "GET /robots.txt HTTP/1.1" 304 0 "-" "Mozilla/5.0 (compatible; Googlebot/2.1; +http://www.google.com/bot.html)"
66.249.73.72 - - [05/Jul/2025:10:30:23 -0400] "GET /search?category=311&search_word= HTTP/1.1" 404 1251 "-" "Mozilla/5.0 (Linux; Android 6.0.1; Nexus 5X Build/MMB29P) AppleWebKit/537.36 (KHTML, like Gecko) Chrome/137.0.7151.103 Mobile Safari/537.36 (compatible; Googlebot/2.1; +http://www.google.com/bot.html)"
66.249.74.71 - - [05/Jul/2025:10:31:49 -0400] "GET /q-~12Sismfb8DjGdQpQMxxTcRPKRa4iNJkt4671/ HTTP/1.1" 404 1251 "-" "Mozilla/5.0 (compatible; Googlebot/2.1; +http://www.google.com/bot.html)"
66.249.74.78 - - [05/Jul/2025:10:32:45 -0400] "GET /q-~178ZFMUCzZefJkkXC0Gu8Sy3ek5Zn0kzY25229/ HTTP/1.1" 404 1251 "-" "Mozilla/5.0 (compatible; Googlebot/2.1; +http://www.google.com/bot.html)"
66.249.74.78 - - [05/Jul/2025:10:33:40 -0400] "GET /q-~50gK8oPphLz1RxEE9jNEqEGYol0gTGip12903/ HTTP/1.1" 404 1251 "-" "Mozilla/5.0 (compatible; Googlebot/2.1; +http://www.google.com/bot.html)"
66.249.74.78 - - [05/Jul/2025:10:34:28 -0400] "GET /q-~129J5sj3hAMQgoZ9Mksxs9FlU5jjWIqaO38940/ HTTP/1.1" 404 1251 "-" "Mozilla/5.0 (compatible; Googlebot/2.1; +http://www.google.com/bot.html)"
66.249.74.78 - - [05/Jul/2025:10:34:56 -0400] "GET /q-~78bbve3bKPYubx4bUS6uvLwlaZvLer4g37557/ HTTP/1.1" 404 1251 "-" "Mozilla/5.0 (compatible; Googlebot/2.1; +http://www.google.com/bot.html)"
66.249.74.64 - - [05/Jul/2025:10:35:28 -0400] "GET /q-~175Y27HRx7rWP0x8lyTlzJ61O9T3RpjXv32616/ HTTP/1.1" 404 1251 "-" "Mozilla/5.0 (compatible; Googlebot/2.1; +http://www.google.com/bot.html)"
66.249.74.64 - - [05/Jul/2025:10:35:34 -0400] "GET /q-~187tk3GelGzMSfHmrTEXAJkHtDAhrTOkO22510/ HTTP/1.1" 404 1251 "-" "Mozilla/5.0 (Linux; Android 6.0.1; Nexus 5X Build/MMB29P) AppleWebKit/537.36 (KHTML, like Gecko) Chrome/137.0.7151.103 Mobile Safari/537.36 (compatible; GoogleOther)"
66.249.74.78 - - [05/Jul/2025:10:35:55 -0400] "GET /items/qufll296/42610?key=player HTTP/1.1" 404 1251 "-" "Mozilla/5.0 (Linux; Android 6.0.1; Nexus 5X Build/MMB29P) AppleWebKit/537.36 (KHTML, like Gecko) Chrome/137.0.7151.103 Mobile Safari/537.36 (compatible; Googlebot/2.1; +http://www.google.com/bot.html)"
66.249.74.78 - - [05/Jul/2025:10:36:23 -0400] "GET /items/nwdgk250/23130?key=indigenous HTTP/1.1" 404 1251 "-" "Mozilla/5.0 (Linux; Android 6.0.1; Nexus 5X Build/MMB29P) AppleWebKit/537.36 (KHTML, like Gecko) Chrome/137.0.7151.103 Mobile Safari/537.36 (compatible; Googlebot/2.1; +http://www.google.com/bot.html)"
66.249.74.78 - - [05/Jul/2025:10:36:37 -0400] "GET /q-~46EGxXqeCjwnmk8nfHG88tz6zmAORvil14743/ HTTP/1.1" 404 1251 "-" "Mozilla/5.0 (compatible; Googlebot/2.1; +http://www.google.com/bot.html)"
2a01:4f9:4b:1d85::2 - - [05/Jul/2025:10:36:47 -0400] "GET /xmlrpc.php HTTP/1.1" 403 1242 "http://nas-yemen.org/xmlrpc.php" "Mozilla/5.0 (X11; Ubuntu; Linux x86_64; rv:85.0) Gecko/20100101 Firefox/91.0"
66.249.74.64 - - [05/Jul/2025:10:37:14 -0400] "GET /q-~147Yfij2syxJRe9hdyfgV8CWCf8WRtF2G19718/ HTTP/1.1" 404 1251 "-" "Mozilla/5.0 (Linux; Android 6.0.1; Nexus 5X Build/MMB29P) AppleWebKit/537.36 (KHTML, like Gecko) Chrome/137.0.7151.103 Mobile Safari/537.36 (compatible; Googlebot/2.1; +http://www.google.com/bot.html)"
20.171.207.96 - - [05/Jul/2025:10:38:05 -0400] "GET /?/gojokai/index.html HTTP/1.1" 200 1470 "-" "Mozilla/5.0 AppleWebKit/537.36 (KHTML, like Gecko; compatible; GPTBot/1.2; +https://openai.com/gptbot)"
2a02:4780:14:ac3a::1 - - [05/Jul/2025:10:38:17 -0400] "GET /xmlrpc.php HTTP/1.1" 403 1242 "http://nas-yemen.org" "Mozilla/5.0 (Macintosh; Intel Mac OS X 10_15_7; rv:125.0.1) Gecko/20100101 Firefox/125.0.1"
66.29.146.47 - - [05/Jul/2025:10:38:22 -0400] "POST /wp-cron.php?doing_wp_cron=1751726302.5490989685058593750000 HTTP/1.1" 403 1242 "-" "WordPress/6.8; https://nas-yemen.org"
2a02:4780:14:ac3a::1 - - [05/Jul/2025:10:38:17 -0400] "POST /wp-login.php HTTP/1.1" 200 2097 "https://nas-yemen.org" "Mozilla/5.0 (Macintosh; Intel Mac OS X 13.3; rv:126.0) Gecko/20100101 Firefox/126.0"
66.249.74.72 - - [05/Jul/2025:10:38:35 -0400] "GET /q-~118Zqp6o6cY7rl1YZMoaSYts9uooyEaea20755/ HTTP/1.1" 404 1251 "-" "Mozilla/5.0 (compatible; Googlebot/2.1; +http://www.google.com/bot.html)"
