172.207.228.117 - - [05/Jul/2025:23:04:38 -0400] "GET /wp-admin/user/ HTTP/1.1" 302 0 "binance.com" "Mozilla/5.0 (Windows NT 10.0; Win64; x64) AppleWebKit/537.36 (KHTML, like Gecko) Chrome/90.0.4430.85 Safari/537.36"
172.207.228.117 - - [05/Jul/2025:23:04:42 -0400] "GET /wp-login.php?redirect_to=https%3A%2F%2Fshabwahrefinery.com%2Fwp-admin%2Fuser%2F&reauth=1 HTTP/1.1" 200 1785 "binance.com" "Mozilla/5.0 (Windows NT 10.0; Win64; x64) AppleWebKit/537.36 (KHTML, like Gecko) Chrome/90.0.4430.85 Safari/537.36"
172.207.228.117 - - [05/Jul/2025:23:04:54 -0400] "GET /wp-admin/css/ HTTP/1.1" 200 2671 "binance.com" "Mozilla/5.0 (Windows NT 10.0; Win64; x64) AppleWebKit/537.36 (KHTML, like Gecko) Chrome/90.0.4430.85 Safari/537.36"
172.207.228.117 - - [05/Jul/2025:23:05:25 -0400] "GET /wp-admin/css/colors/ HTTP/1.1" 200 1102 "binance.com" "Mozilla/5.0 (Windows NT 10.0; Win64; x64) AppleWebKit/537.36 (KHTML, like Gecko) Chrome/90.0.4430.85 Safari/537.36"
172.207.228.117 - - [05/Jul/2025:23:05:40 -0400] "GET /wp-admin/css/colors/blue/ HTTP/1.1" 200 717 "binance.com" "Mozilla/5.0 (Windows NT 10.0; Win64; x64) AppleWebKit/537.36 (KHTML, like Gecko) Chrome/90.0.4430.85 Safari/537.36"
172.207.228.117 - - [05/Jul/2025:23:05:54 -0400] "GET /wp-admin/css/colors/coffee/ HTTP/1.1" 200 728 "binance.com" "Mozilla/5.0 (Windows NT 10.0; Win64; x64) AppleWebKit/537.36 (KHTML, like Gecko) Chrome/90.0.4430.85 Safari/537.36"
172.207.228.117 - - [05/Jul/2025:23:06:09 -0400] "GET /wp-admin/css/colors/ectoplasm/ HTTP/1.1" 200 714 "binance.com" "Mozilla/5.0 (Windows NT 10.0; Win64; x64) AppleWebKit/537.36 (KHTML, like Gecko) Chrome/90.0.4430.85 Safari/537.36"
172.207.228.117 - - [05/Jul/2025:23:06:23 -0400] "GET /wp-admin/css/colors/light/ HTTP/1.1" 200 725 "binance.com" "Mozilla/5.0 (Windows NT 10.0; Win64; x64) AppleWebKit/537.36 (KHTML, like Gecko) Chrome/90.0.4430.85 Safari/537.36"
172.207.228.117 - - [05/Jul/2025:23:06:36 -0400] "GET /wp-admin/css/colors/midnight/ HTTP/1.1" 200 722 "binance.com" "Mozilla/5.0 (Windows NT 10.0; Win64; x64) AppleWebKit/537.36 (KHTML, like Gecko) Chrome/90.0.4430.85 Safari/537.36"
172.207.228.117 - - [05/Jul/2025:23:06:50 -0400] "GET /wp-admin/css/colors/modern/ HTTP/1.1" 200 725 "binance.com" "Mozilla/5.0 (Windows NT 10.0; Win64; x64) AppleWebKit/537.36 (KHTML, like Gecko) Chrome/90.0.4430.85 Safari/537.36"
82.140.66.78 - - [05/Jul/2025:23:06:55 -0400] "GET /xmlrpc.php HTTP/1.1" 403 1242 "http://shabwahrefinery.com" "Mozilla/5.0 (Macintosh; Intel Mac OS X 14_6) AppleWebKit/605.1.15 (KHTML, like Gecko) Version/17.5 Safari/605.1.15"
172.207.228.117 - - [05/Jul/2025:23:07:02 -0400] "GET /wp-admin/css/colors/ocean/ HTTP/1.1" 200 724 "binance.com" "Mozilla/5.0 (Windows NT 10.0; Win64; x64) AppleWebKit/537.36 (KHTML, like Gecko) Chrome/90.0.4430.85 Safari/537.36"
66.29.146.47 - - [05/Jul/2025:23:07:03 -0400] "POST /wp-cron.php?doing_wp_cron=1751771222.9621620178222656250000 HTTP/1.1" 403 1242 "-" "WordPress/6.8; https://shabwahrefinery.com"
82.140.66.78 - - [05/Jul/2025:23:06:56 -0400] "POST /wp-login.php HTTP/1.1" 200 1903 "https://shabwahrefinery.com" "Mozilla/5.0 (Macintosh; Intel Mac OS X 10.15; rv:126.0) Gecko/20100101 Firefox/126.0"
172.207.228.117 - - [05/Jul/2025:23:07:33 -0400] "GET /wp-admin/css/colors/sunrise/%20 HTTP/1.1" 404 1251 "binance.com" "Mozilla/5.0 (Windows NT 10.0; Win64; x64) AppleWebKit/537.36 (KHTML, like Gecko) Chrome/90.0.4430.85 Safari/537.36"
172.207.228.117 - - [05/Jul/2025:23:07:45 -0400] "GET /wp-admin/images/ HTTP/1.1" 200 2331 "binance.com" "Mozilla/5.0 (Windows NT 10.0; Win64; x64) AppleWebKit/537.36 (KHTML, like Gecko) Chrome/90.0.4430.85 Safari/537.36"
172.207.228.117 - - [05/Jul/2025:23:07:56 -0400] "GET /wp-admin/js/ HTTP/1.1" 200 2912 "binance.com" "Mozilla/5.0 (Windows NT 10.0; Win64; x64) AppleWebKit/537.36 (KHTML, like Gecko) Chrome/90.0.4430.85 Safari/537.36"
172.207.228.117 - - [05/Jul/2025:23:08:10 -0400] "GET /wp-admin/js/widgets/ HTTP/1.1" 200 1208 "binance.com" "Mozilla/5.0 (Windows NT 10.0; Win64; x64) AppleWebKit/537.36 (KHTML, like Gecko) Chrome/90.0.4430.85 Safari/537.36"
172.207.228.117 - - [05/Jul/2025:23:08:22 -0400] "GET /wp-includes/ HTTP/1.1" 200 6932 "binance.com" "Mozilla/5.0 (Windows NT 10.0; Win64; x64) AppleWebKit/537.36 (KHTML, like Gecko) Chrome/90.0.4430.85 Safari/537.36"
172.207.228.117 - - [05/Jul/2025:23:08:45 -0400] "GET /wp-includes/ HTTP/1.1" 200 6932 "binance.com" "Mozilla/5.0 (Windows NT 10.0; Win64; x64) AppleWebKit/537.36 (KHTML, like Gecko) Chrome/90.0.4430.85 Safari/537.36"
172.207.228.117 - - [05/Jul/2025:23:08:58 -0400] "GET /wp-includes/block-bindings.php HTTP/1.1" 403 1242 "binance.com" "Mozilla/5.0 (Windows NT 10.0; Win64; x64) AppleWebKit/537.36 (KHTML, like Gecko) Chrome/90.0.4430.85 Safari/537.36"
172.207.228.117 - - [05/Jul/2025:23:09:13 -0400] "GET /wp-includes/block-editor.php HTTP/1.1" 403 1242 "binance.com" "Mozilla/5.0 (Windows NT 10.0; Win64; x64) AppleWebKit/537.36 (KHTML, like Gecko) Chrome/90.0.4430.85 Safari/537.36"
172.207.228.117 - - [05/Jul/2025:23:09:27 -0400] "GET /wp-includes/block-template-utils.php HTTP/1.1" 403 1242 "binance.com" "Mozilla/5.0 (Windows NT 10.0; Win64; x64) AppleWebKit/537.36 (KHTML, like Gecko) Chrome/90.0.4430.85 Safari/537.36"
172.207.228.117 - - [05/Jul/2025:23:09:41 -0400] "GET /wp-includes/block-template.php HTTP/1.1" 403 1242 "binance.com" "Mozilla/5.0 (Windows NT 10.0; Win64; x64) AppleWebKit/537.36 (KHTML, like Gecko) Chrome/90.0.4430.85 Safari/537.36"
170.83.49.7 - - [05/Jul/2025:23:09:41 -0400] "POST /wp-login.php HTTP/1.1" 200 1903 "-" "Mozilla/5.0"
172.207.228.117 - - [05/Jul/2025:23:10:19 -0400] "GET /wp-includes/class-avif-info.php HTTP/1.1" 403 1242 "binance.com" "Mozilla/5.0 (Windows NT 10.0; Win64; x64) AppleWebKit/537.36 (KHTML, like Gecko) Chrome/90.0.4430.85 Safari/537.36"
172.207.228.117 - - [05/Jul/2025:23:10:34 -0400] "GET /wp-includes/class-wp-block-bindings-registry.php HTTP/1.1" 403 1242 "binance.com" "Mozilla/5.0 (Windows NT 10.0; Win64; x64) AppleWebKit/537.36 (KHTML, like Gecko) Chrome/90.0.4430.85 Safari/537.36"
172.207.228.117 - - [05/Jul/2025:23:10:46 -0400] "GET /wp-includes/class-wp-block-bindings-source.php HTTP/1.1" 403 1242 "binance.com" "Mozilla/5.0 (Windows NT 10.0; Win64; x64) AppleWebKit/537.36 (KHTML, like Gecko) Chrome/90.0.4430.85 Safari/537.36"
172.207.228.117 - - [05/Jul/2025:23:11:06 -0400] "GET /wp-includes/class-wp-block-editor-context.php HTTP/1.1" 403 1242 "binance.com" "Mozilla/5.0 (Windows NT 10.0; Win64; x64) AppleWebKit/537.36 (KHTML, like Gecko) Chrome/90.0.4430.85 Safari/537.36"
172.207.228.117 - - [05/Jul/2025:23:11:28 -0400] "GET /wp-includes/class-wp-block-metadata-registry.php HTTP/1.1" 403 1242 "binance.com" "Mozilla/5.0 (Windows NT 10.0; Win64; x64) AppleWebKit/537.36 (KHTML, like Gecko) Chrome/90.0.4430.85 Safari/537.36"
172.207.228.117 - - [05/Jul/2025:23:11:43 -0400] "GET /wp-includes/class-wp-block-parser-block.php HTTP/1.1" 403 1242 "binance.com" "Mozilla/5.0 (Windows NT 10.0; Win64; x64) AppleWebKit/537.36 (KHTML, like Gecko) Chrome/90.0.4430.85 Safari/537.36"
172.207.228.117 - - [05/Jul/2025:23:11:54 -0400] "GET /wp-includes/class-wp-block-parser-frame.php HTTP/1.1" 403 1242 "binance.com" "Mozilla/5.0 (Windows NT 10.0; Win64; x64) AppleWebKit/537.36 (KHTML, like Gecko) Chrome/90.0.4430.85 Safari/537.36"
172.207.228.117 - - [05/Jul/2025:23:12:08 -0400] "GET /wp-includes/class-wp-block-template.php HTTP/1.1" 403 1242 "binance.com" "Mozilla/5.0 (Windows NT 10.0; Win64; x64) AppleWebKit/537.36 (KHTML, like Gecko) Chrome/90.0.4430.85 Safari/537.36"
172.207.228.117 - - [05/Jul/2025:23:12:21 -0400] "GET /wp-includes/class-wp-block-templates-registry.php HTTP/1.1" 403 1242 "binance.com" "Mozilla/5.0 (Windows NT 10.0; Win64; x64) AppleWebKit/537.36 (KHTML, like Gecko) Chrome/90.0.4430.85 Safari/537.36"
172.207.228.117 - - [05/Jul/2025:23:12:38 -0400] "GET /wp-includes/class-wp-classic-to-block-menu-converter.php HTTP/1.1" 403 1242 "binance.com" "Mozilla/5.0 (Windows NT 10.0; Win64; x64) AppleWebKit/537.36 (KHTML, like Gecko) Chrome/90.0.4430.85 Safari/537.36"
172.207.228.117 - - [05/Jul/2025:23:12:52 -0400] "GET /wp-includes/class-wp-dependencies.php HTTP/1.1" 403 1242 "binance.com" "Mozilla/5.0 (Windows NT 10.0; Win64; x64) AppleWebKit/537.36 (KHTML, like Gecko) Chrome/90.0.4430.85 Safari/537.36"
172.207.228.117 - - [05/Jul/2025:23:13:21 -0400] "GET /wp-includes/class-wp-duotone.php HTTP/1.1" 403 1242 "binance.com" "Mozilla/5.0 (Windows NT 10.0; Win64; x64) AppleWebKit/537.36 (KHTML, like Gecko) Chrome/90.0.4430.85 Safari/537.36"
172.207.228.117 - - [05/Jul/2025:23:13:48 -0400] "GET /wp-includes/class-wp-exception.php HTTP/1.1" 403 1242 "binance.com" "Mozilla/5.0 (Windows NT 10.0; Win64; x64) AppleWebKit/537.36 (KHTML, like Gecko) Chrome/90.0.4430.85 Safari/537.36"
172.207.228.117 - - [05/Jul/2025:23:14:03 -0400] "GET /wp-includes/class-wp-http.php HTTP/1.1" 403 1242 "binance.com" "Mozilla/5.0 (Windows NT 10.0; Win64; x64) AppleWebKit/537.36 (KHTML, like Gecko) Chrome/90.0.4430.85 Safari/537.36"
172.207.228.117 - - [05/Jul/2025:23:14:16 -0400] "GET /wp-includes/class-wp-navigation-fallback.php HTTP/1.1" 403 1242 "binance.com" "Mozilla/5.0 (Windows NT 10.0; Win64; x64) AppleWebKit/537.36 (KHTML, like Gecko) Chrome/90.0.4430.85 Safari/537.36"
172.207.228.117 - - [05/Jul/2025:23:14:30 -0400] "GET /wp-includes/class-wp-phpmailer.php HTTP/1.1" 403 1242 "binance.com" "Mozilla/5.0 (Windows NT 10.0; Win64; x64) AppleWebKit/537.36 (KHTML, like Gecko) Chrome/90.0.4430.85 Safari/537.36"
172.207.228.117 - - [05/Jul/2025:23:14:46 -0400] "GET /wp-includes/class-wp-plugin-dependencies.php HTTP/1.1" 403 1242 "binance.com" "Mozilla/5.0 (Windows NT 10.0; Win64; x64) AppleWebKit/537.36 (KHTML, like Gecko) Chrome/90.0.4430.85 Safari/537.36"
172.207.228.117 - - [05/Jul/2025:23:14:58 -0400] "GET /wp-includes/class-wp-script-modules.php HTTP/1.1" 403 1242 "binance.com" "Mozilla/5.0 (Windows NT 10.0; Win64; x64) AppleWebKit/537.36 (KHTML, like Gecko) Chrome/90.0.4430.85 Safari/537.36"
172.207.228.117 - - [05/Jul/2025:23:15:09 -0400] "GET /wp-includes/class-wp-scripts.php HTTP/1.1" 403 1242 "binance.com" "Mozilla/5.0 (Windows NT 10.0; Win64; x64) AppleWebKit/537.36 (KHTML, like Gecko) Chrome/90.0.4430.85 Safari/537.36"
172.207.228.117 - - [05/Jul/2025:23:15:25 -0400] "GET /wp-includes/class-wp-speculation-rules.php HTTP/1.1" 403 1242 "binance.com" "Mozilla/5.0 (Windows NT 10.0; Win64; x64) AppleWebKit/537.36 (KHTML, like Gecko) Chrome/90.0.4430.85 Safari/537.36"
172.207.228.117 - - [05/Jul/2025:23:15:44 -0400] "GET /wp-includes/class-wp-styles.php HTTP/1.1" 403 1242 "binance.com" "Mozilla/5.0 (Windows NT 10.0; Win64; x64) AppleWebKit/537.36 (KHTML, like Gecko) Chrome/90.0.4430.85 Safari/537.36"
172.207.228.117 - - [05/Jul/2025:23:16:00 -0400] "GET /wp-includes/class-wp-textdomain-registry.php HTTP/1.1" 403 1242 "binance.com" "Mozilla/5.0 (Windows NT 10.0; Win64; x64) AppleWebKit/537.36 (KHTML, like Gecko) Chrome/90.0.4430.85 Safari/537.36"
172.207.228.117 - - [05/Jul/2025:23:16:13 -0400] "GET /wp-includes/class-wp-theme-json-data.php HTTP/1.1" 403 1242 "binance.com" "Mozilla/5.0 (Windows NT 10.0; Win64; x64) AppleWebKit/537.36 (KHTML, like Gecko) Chrome/90.0.4430.85 Safari/537.36"
172.207.228.117 - - [05/Jul/2025:23:16:28 -0400] "GET /wp-includes/class-wp-theme-json-resolver.php HTTP/1.1" 403 1242 "binance.com" "Mozilla/5.0 (Windows NT 10.0; Win64; x64) AppleWebKit/537.36 (KHTML, like Gecko) Chrome/90.0.4430.85 Safari/537.36"
198.98.53.3 - - [05/Jul/2025:23:16:32 -0400] "GET /wp-login.php HTTP/1.1" 200 1782 "-" "Mozilla/5.0 (Windows NT 6.2; WOW64; rv:31.0) Gecko/20100101 Firefox/31.0"
172.207.228.117 - - [05/Jul/2025:23:16:42 -0400] "GET /wp-includes/class-wp-theme-json-schema.php HTTP/1.1" 403 1242 "binance.com" "Mozilla/5.0 (Windows NT 10.0; Win64; x64) AppleWebKit/537.36 (KHTML, like Gecko) Chrome/90.0.4430.85 Safari/537.36"
198.98.53.3 - - [05/Jul/2025:23:16:43 -0400] "POST /wp-login.php HTTP/1.1" 200 1914 "-" "Mozilla/5.0 (Windows NT 6.2; WOW64; rv:31.0) Gecko/20100101 Firefox/31.0"
172.207.228.117 - - [05/Jul/2025:23:16:53 -0400] "GET /wp-includes/class-wp-theme-json.php HTTP/1.1" 403 1242 "binance.com" "Mozilla/5.0 (Windows NT 10.0; Win64; x64) AppleWebKit/537.36 (KHTML, like Gecko) Chrome/90.0.4430.85 Safari/537.36"
172.207.228.117 - - [05/Jul/2025:23:17:14 -0400] "GET /wp-includes/class-wp-token-map.php HTTP/1.1" 403 1242 "binance.com" "Mozilla/5.0 (Windows NT 10.0; Win64; x64) AppleWebKit/537.36 (KHTML, like Gecko) Chrome/90.0.4430.85 Safari/537.36"
172.207.228.117 - - [05/Jul/2025:23:17:50 -0400] "GET /wp-includes/class-wp-url-pattern-prefixer.php HTTP/1.1" 403 1242 "binance.com" "Mozilla/5.0 (Windows NT 10.0; Win64; x64) AppleWebKit/537.36 (KHTML, like Gecko) Chrome/90.0.4430.85 Safari/537.36"
170.106.192.3 - - [05/Jul/2025:23:17:59 -0400] "GET / HTTP/1.1" 200 1284 "http://www.shabwahrefinery.com" "Mozilla/5.0 (iPhone; CPU iPhone OS 13_2_3 like Mac OS X) AppleWebKit/605.1.15 (KHTML, like Gecko) Version/13.0.3 Mobile/15E148 Safari/604.1"
172.207.228.117 - - [05/Jul/2025:23:18:15 -0400] "GET /wp-includes/class-wpdb.php HTTP/1.1" 403 1242 "binance.com" "Mozilla/5.0 (Windows NT 10.0; Win64; x64) AppleWebKit/537.36 (KHTML, like Gecko) Chrome/90.0.4430.85 Safari/537.36"
172.207.228.117 - - [05/Jul/2025:23:18:28 -0400] "GET /wp-includes/fonts.php HTTP/1.1" 403 1242 "binance.com" "Mozilla/5.0 (Windows NT 10.0; Win64; x64) AppleWebKit/537.36 (KHTML, like Gecko) Chrome/90.0.4430.85 Safari/537.36"
172.207.228.117 - - [05/Jul/2025:23:18:40 -0400] "GET /wp-includes/global-styles-and-settings.php HTTP/1.1" 403 1242 "binance.com" "Mozilla/5.0 (Windows NT 10.0; Win64; x64) AppleWebKit/537.36 (KHTML, like Gecko) Chrome/90.0.4430.85 Safari/537.36"
172.207.228.117 - - [05/Jul/2025:23:18:50 -0400] "GET /wp-includes/https-detection.php HTTP/1.1" 403 1242 "binance.com" "Mozilla/5.0 (Windows NT 10.0; Win64; x64) AppleWebKit/537.36 (KHTML, like Gecko) Chrome/90.0.4430.85 Safari/537.36"
66.29.146.47 - - [05/Jul/2025:23:18:54 -0400] "POST /wp-cron.php?doing_wp_cron=1751771934.6443760395050048828125 HTTP/1.1" 403 1242 "-" "WordPress/6.8; https://shabwahrefinery.com"
170.83.49.7 - - [05/Jul/2025:23:18:50 -0400] "POST /wp-login.php HTTP/1.1" 200 1903 "-" "Mozilla/5.0"
172.207.228.117 - - [05/Jul/2025:23:19:03 -0400] "GET /wp-includes/https-migration.php HTTP/1.1" 403 1242 "binance.com" "Mozilla/5.0 (Windows NT 10.0; Win64; x64) AppleWebKit/537.36 (KHTML, like Gecko) Chrome/90.0.4430.85 Safari/537.36"
172.207.228.117 - - [05/Jul/2025:23:19:16 -0400] "GET /wp-includes/robots-template.php HTTP/1.1" 403 1242 "binance.com" "Mozilla/5.0 (Windows NT 10.0; Win64; x64) AppleWebKit/537.36 (KHTML, like Gecko) Chrome/90.0.4430.85 Safari/537.36"
172.207.228.117 - - [05/Jul/2025:23:19:41 -0400] "GET /wp-includes/script-modules.php HTTP/1.1" 403 1242 "binance.com" "Mozilla/5.0 (Windows NT 10.0; Win64; x64) AppleWebKit/537.36 (KHTML, like Gecko) Chrome/90.0.4430.85 Safari/537.36"
172.207.228.117 - - [05/Jul/2025:23:20:07 -0400] "GET /wp-includes/speculative-loading.php HTTP/1.1" 403 1242 "binance.com" "Mozilla/5.0 (Windows NT 10.0; Win64; x64) AppleWebKit/537.36 (KHTML, like Gecko) Chrome/90.0.4430.85 Safari/537.36"
165.22.223.164 - - [05/Jul/2025:23:20:15 -0400] "GET /xmlrpc.php HTTP/1.1" 403 1242 "http://shabwahrefinery.com" "Mozilla/5.0 (Windows NT 10.0; Win64; x64; rv:125.0.1) Gecko/20100101 Firefox/125.0.1"
165.22.223.164 - - [05/Jul/2025:23:20:18 -0400] "POST /wp-login.php HTTP/1.1" 200 1903 "https://shabwahrefinery.com" "Mozilla/5.0 (Windows NT 11.0; Win64; x64) AppleWebKit/537.36 (KHTML, like Gecko) Chrome/126.0.0.0 Safari/537.36 Edg/126.0.0.0"
172.207.228.117 - - [05/Jul/2025:23:20:25 -0400] "GET /wp-includes/style-engine.php HTTP/1.1" 403 1242 "binance.com" "Mozilla/5.0 (Windows NT 10.0; Win64; x64) AppleWebKit/537.36 (KHTML, like Gecko) Chrome/90.0.4430.85 Safari/537.36"
172.207.228.117 - - [05/Jul/2025:23:20:42 -0400] "GET /wp-includes/template-canvas.php HTTP/1.1" 403 1242 "binance.com" "Mozilla/5.0 (Windows NT 10.0; Win64; x64) AppleWebKit/537.36 (KHTML, like Gecko) Chrome/90.0.4430.85 Safari/537.36"
172.207.228.117 - - [05/Jul/2025:23:20:54 -0400] "GET /wp-includes/theme-previews.php HTTP/1.1" 403 1242 "binance.com" "Mozilla/5.0 (Windows NT 10.0; Win64; x64) AppleWebKit/537.36 (KHTML, like Gecko) Chrome/90.0.4430.85 Safari/537.36"
172.207.228.117 - - [05/Jul/2025:23:21:27 -0400] "GET /wp-includes/theme-templates.php HTTP/1.1" 403 1242 "binance.com" "Mozilla/5.0 (Windows NT 10.0; Win64; x64) AppleWebKit/537.36 (KHTML, like Gecko) Chrome/90.0.4430.85 Safari/537.36"
172.207.228.117 - - [05/Jul/2025:23:21:42 -0400] "GET /wp-includes/ID3/ HTTP/1.1" 200 1322 "binance.com" "Mozilla/5.0 (Windows NT 10.0; Win64; x64) AppleWebKit/537.36 (KHTML, like Gecko) Chrome/90.0.4430.85 Safari/537.36"
172.207.228.117 - - [05/Jul/2025:23:21:54 -0400] "GET /wp-includes/ID3/ HTTP/1.1" 200 1322 "binance.com" "Mozilla/5.0 (Windows NT 10.0; Win64; x64) AppleWebKit/537.36 (KHTML, like Gecko) Chrome/90.0.4430.85 Safari/537.36"
172.207.228.117 - - [05/Jul/2025:23:22:08 -0400] "GET /wp-includes/IXR/ HTTP/1.1" 200 1130 "binance.com" "Mozilla/5.0 (Windows NT 10.0; Win64; x64) AppleWebKit/537.36 (KHTML, like Gecko) Chrome/90.0.4430.85 Safari/537.36"
172.207.228.117 - - [05/Jul/2025:23:22:24 -0400] "GET /wp-includes/IXR/ HTTP/1.1" 200 1130 "binance.com" "Mozilla/5.0 (Windows NT 10.0; Win64; x64) AppleWebKit/537.36 (KHTML, like Gecko) Chrome/90.0.4430.85 Safari/537.36"
172.207.228.117 - - [05/Jul/2025:23:22:41 -0400] "GET /wp-includes/PHPMailer/ HTTP/1.1" 200 693 "binance.com" "Mozilla/5.0 (Windows NT 10.0; Win64; x64) AppleWebKit/537.36 (KHTML, like Gecko) Chrome/90.0.4430.85 Safari/537.36"
172.207.228.117 - - [05/Jul/2025:23:22:53 -0400] "GET /wp-includes/PHPMailer/ HTTP/1.1" 200 693 "binance.com" "Mozilla/5.0 (Windows NT 10.0; Win64; x64) AppleWebKit/537.36 (KHTML, like Gecko) Chrome/90.0.4430.85 Safari/537.36"
172.207.228.117 - - [05/Jul/2025:23:23:08 -0400] "GET /wp-includes/Text/ HTTP/1.1" 200 699 "binance.com" "Mozilla/5.0 (Windows NT 10.0; Win64; x64) AppleWebKit/537.36 (KHTML, like Gecko) Chrome/90.0.4430.85 Safari/537.36"
172.207.228.117 - - [05/Jul/2025:23:23:35 -0400] "GET /wp-includes/Text/ HTTP/1.1" 200 699 "binance.com" "Mozilla/5.0 (Windows NT 10.0; Win64; x64) AppleWebKit/537.36 (KHTML, like Gecko) Chrome/90.0.4430.85 Safari/537.36"
172.207.228.117 - - [05/Jul/2025:23:23:52 -0400] "GET /wp-includes/Text/Diff/ HTTP/1.1" 200 690 "binance.com" "Mozilla/5.0 (Windows NT 10.0; Win64; x64) AppleWebKit/537.36 (KHTML, like Gecko) Chrome/90.0.4430.85 Safari/537.36"
172.207.228.117 - - [05/Jul/2025:23:24:18 -0400] "GET /wp-includes/Text/Diff/ HTTP/1.1" 200 690 "binance.com" "Mozilla/5.0 (Windows NT 10.0; Win64; x64) AppleWebKit/537.36 (KHTML, like Gecko) Chrome/90.0.4430.85 Safari/537.36"
172.207.228.117 - - [05/Jul/2025:23:24:33 -0400] "GET /wp-includes/Text/Diff/Engine/ HTTP/1.1" 200 702 "binance.com" "Mozilla/5.0 (Windows NT 10.0; Win64; x64) AppleWebKit/537.36 (KHTML, like Gecko) Chrome/90.0.4430.85 Safari/537.36"
172.207.228.117 - - [05/Jul/2025:23:24:45 -0400] "GET /wp-includes/Text/Diff/Engine/ HTTP/1.1" 200 702 "binance.com" "Mozilla/5.0 (Windows NT 10.0; Win64; x64) AppleWebKit/537.36 (KHTML, like Gecko) Chrome/90.0.4430.85 Safari/537.36"
172.207.228.117 - - [05/Jul/2025:23:24:59 -0400] "GET /wp-includes/Text/Diff/Renderer/ HTTP/1.1" 200 636 "binance.com" "Mozilla/5.0 (Windows NT 10.0; Win64; x64) AppleWebKit/537.36 (KHTML, like Gecko) Chrome/90.0.4430.85 Safari/537.36"
172.207.228.117 - - [05/Jul/2025:23:25:13 -0400] "GET /wp-includes/Text/Diff/Renderer/ HTTP/1.1" 200 636 "binance.com" "Mozilla/5.0 (Windows NT 10.0; Win64; x64) AppleWebKit/537.36 (KHTML, like Gecko) Chrome/90.0.4430.85 Safari/537.36"
172.207.228.117 - - [05/Jul/2025:23:25:28 -0400] "GET /wp-includes/blocks/ HTTP/1.1" 200 6 "binance.com" "Mozilla/5.0 (Windows NT 10.0; Win64; x64) AppleWebKit/537.36 (KHTML, like Gecko) Chrome/90.0.4430.85 Safari/537.36"
172.207.228.117 - - [05/Jul/2025:23:26:01 -0400] "GET /wp-includes/pomo/ HTTP/1.1" 200 1028 "binance.com" "Mozilla/5.0 (Windows NT 10.0; Win64; x64) AppleWebKit/537.36 (KHTML, like Gecko) Chrome/90.0.4430.85 Safari/537.36"
172.207.228.117 - - [05/Jul/2025:23:26:14 -0400] "GET /wp-includes/pomo/ HTTP/1.1" 200 1028 "binance.com" "Mozilla/5.0 (Windows NT 10.0; Win64; x64) AppleWebKit/537.36 (KHTML, like Gecko) Chrome/90.0.4430.85 Safari/537.36"
172.207.228.117 - - [05/Jul/2025:23:26:26 -0400] "GET /wp-includes/sitemaps/ HTTP/1.1" 200 1062 "binance.com" "Mozilla/5.0 (Windows NT 10.0; Win64; x64) AppleWebKit/537.36 (KHTML, like Gecko) Chrome/90.0.4430.85 Safari/537.36"
172.207.228.117 - - [05/Jul/2025:23:26:40 -0400] "GET /wp-includes/sitemaps/ HTTP/1.1" 200 1062 "binance.com" "Mozilla/5.0 (Windows NT 10.0; Win64; x64) AppleWebKit/537.36 (KHTML, like Gecko) Chrome/90.0.4430.85 Safari/537.36"
172.207.228.117 - - [05/Jul/2025:23:26:56 -0400] "GET /wp-includes/sitemaps/providers/ HTTP/1.1" 200 693 "binance.com" "Mozilla/5.0 (Windows NT 10.0; Win64; x64) AppleWebKit/537.36 (KHTML, like Gecko) Chrome/90.0.4430.85 Safari/537.36"
172.207.228.117 - - [05/Jul/2025:23:27:07 -0400] "GET /wp-includes/sitemaps/providers/ HTTP/1.1" 200 693 "binance.com" "Mozilla/5.0 (Windows NT 10.0; Win64; x64) AppleWebKit/537.36 (KHTML, like Gecko) Chrome/90.0.4430.85 Safari/537.36"
52.167.144.24 - - [05/Jul/2025:23:27:18 -0400] "GET /good/ztxosd-s115159010.html HTTP/1.1" 404 1251 "-" "Mozilla/5.0 AppleWebKit/537.36 (KHTML, like Gecko; compatible; bingbot/2.0; +http://www.bing.com/bingbot.htm) Chrome/116.0.1938.76 Safari/537.36"
172.207.228.117 - - [05/Jul/2025:23:27:20 -0400] "GET /wp-includes/widgets/ HTTP/1.1" 200 1344 "binance.com" "Mozilla/5.0 (Windows NT 10.0; Win64; x64) AppleWebKit/537.36 (KHTML, like Gecko) Chrome/90.0.4430.85 Safari/537.36"
172.207.228.117 - - [05/Jul/2025:23:27:48 -0400] "GET /wp-includes/widgets/ HTTP/1.1" 200 1344 "binance.com" "Mozilla/5.0 (Windows NT 10.0; Win64; x64) AppleWebKit/537.36 (KHTML, like Gecko) Chrome/90.0.4430.85 Safari/537.36"
172.207.228.117 - - [05/Jul/2025:23:28:04 -0400] "GET /wp-includes/widgets/class-wp-widget-block.php HTTP/1.1" 403 1242 "binance.com" "Mozilla/5.0 (Windows NT 10.0; Win64; x64) AppleWebKit/537.36 (KHTML, like Gecko) Chrome/90.0.4430.85 Safari/537.36"
172.207.228.117 - - [05/Jul/2025:23:28:17 -0400] "GET /wp-includes/css/ HTTP/1.1" 200 1707 "binance.com" "Mozilla/5.0 (Windows NT 10.0; Win64; x64) AppleWebKit/537.36 (KHTML, like Gecko) Chrome/90.0.4430.85 Safari/537.36"
66.29.146.47 - - [05/Jul/2025:23:28:21 -0400] "POST /wp-cron.php?doing_wp_cron=1751772500.4719491004943847656250 HTTP/1.1" 403 1242 "-" "WordPress/6.8; https://shabwahrefinery.com"
170.83.49.7 - - [05/Jul/2025:23:28:17 -0400] "POST /wp-login.php HTTP/1.1" 200 1903 "-" "Mozilla/5.0"
172.207.228.117 - - [05/Jul/2025:23:28:34 -0400] "GET /wp-includes/css/dist/ HTTP/1.1" 200 1150 "binance.com" "Mozilla/5.0 (Windows NT 10.0; Win64; x64) AppleWebKit/537.36 (KHTML, like Gecko) Chrome/90.0.4430.85 Safari/537.36"
172.207.228.117 - - [05/Jul/2025:23:28:55 -0400] "GET /wp-includes/fonts/ HTTP/1.1" 200 1161 "binance.com" "Mozilla/5.0 (Windows NT 10.0; Win64; x64) AppleWebKit/537.36 (KHTML, like Gecko) Chrome/90.0.4430.85 Safari/537.36"
172.207.228.117 - - [05/Jul/2025:23:29:21 -0400] "GET /wp-includes/fonts/ HTTP/1.1" 200 1161 "binance.com" "Mozilla/5.0 (Windows NT 10.0; Win64; x64) AppleWebKit/537.36 (KHTML, like Gecko) Chrome/90.0.4430.85 Safari/537.36"
172.207.228.117 - - [05/Jul/2025:23:29:41 -0400] "GET /wp-includes/fonts/class-wp-font-collection.php HTTP/1.1" 403 1242 "binance.com" "Mozilla/5.0 (Windows NT 10.0; Win64; x64) AppleWebKit/537.36 (KHTML, like Gecko) Chrome/90.0.4430.85 Safari/537.36"
172.207.228.117 - - [05/Jul/2025:23:30:04 -0400] "GET /wp-includes/fonts/class-wp-font-face-resolver.php HTTP/1.1" 403 1242 "binance.com" "Mozilla/5.0 (Windows NT 10.0; Win64; x64) AppleWebKit/537.36 (KHTML, like Gecko) Chrome/90.0.4430.85 Safari/537.36"
172.207.228.117 - - [05/Jul/2025:23:30:21 -0400] "GET /wp-includes/fonts/class-wp-font-face.php HTTP/1.1" 403 1242 "binance.com" "Mozilla/5.0 (Windows NT 10.0; Win64; x64) AppleWebKit/537.36 (KHTML, like Gecko) Chrome/90.0.4430.85 Safari/537.36"
172.207.228.117 - - [05/Jul/2025:23:30:38 -0400] "GET /wp-includes/fonts/class-wp-font-library.php HTTP/1.1" 403 1242 "binance.com" "Mozilla/5.0 (Windows NT 10.0; Win64; x64) AppleWebKit/537.36 (KHTML, like Gecko) Chrome/90.0.4430.85 Safari/537.36"
172.207.228.117 - - [05/Jul/2025:23:31:02 -0400] "GET /wp-includes/fonts/class-wp-font-utils.php HTTP/1.1" 403 1242 "binance.com" "Mozilla/5.0 (Windows NT 10.0; Win64; x64) AppleWebKit/537.36 (KHTML, like Gecko) Chrome/90.0.4430.85 Safari/537.36"
172.207.228.117 - - [05/Jul/2025:23:31:21 -0400] "GET /wp-includes/images/ HTTP/1.1" 200 1446 "binance.com" "Mozilla/5.0 (Windows NT 10.0; Win64; x64) AppleWebKit/537.36 (KHTML, like Gecko) Chrome/90.0.4430.85 Safari/537.36"
172.207.228.117 - - [05/Jul/2025:23:31:39 -0400] "GET /wp-includes/images/crystal/ HTTP/1.1" 200 1129 "binance.com" "Mozilla/5.0 (Windows NT 10.0; Win64; x64) AppleWebKit/537.36 (KHTML, like Gecko) Chrome/90.0.4430.85 Safari/537.36"
172.207.228.117 - - [05/Jul/2025:23:32:12 -0400] "GET /wp-includes/images/media/ HTTP/1.1" 200 1198 "binance.com" "Mozilla/5.0 (Windows NT 10.0; Win64; x64) AppleWebKit/537.36 (KHTML, like Gecko) Chrome/90.0.4430.85 Safari/537.36"
172.207.228.117 - - [05/Jul/2025:23:32:28 -0400] "GET /wp-includes/images/smilies/ HTTP/1.1" 200 1367 "binance.com" "Mozilla/5.0 (Windows NT 10.0; Win64; x64) AppleWebKit/537.36 (KHTML, like Gecko) Chrome/90.0.4430.85 Safari/537.36"
172.207.228.117 - - [05/Jul/2025:23:32:46 -0400] "GET /wp-includes/images/wlw/ HTTP/1.1" 404 1251 "binance.com" "Mozilla/5.0 (Windows NT 10.0; Win64; x64) AppleWebKit/537.36 (KHTML, like Gecko) Chrome/90.0.4430.85 Safari/537.36"
172.207.228.117 - - [05/Jul/2025:23:33:02 -0400] "GET /wp-includes/js/%20 HTTP/1.1" 404 1251 "binance.com" "Mozilla/5.0 (Windows NT 10.0; Win64; x64) AppleWebKit/537.36 (KHTML, like Gecko) Chrome/90.0.4430.85 Safari/537.36"
163.47.203.81 - - [05/Jul/2025:23:33:14 -0400] "GET /xmlrpc.php HTTP/1.1" 403 1242 "http://shabwahrefinery.com" "Mozilla/5.0 (Macintosh; Intel Mac OS X 10_15_7; rv:128.0) Gecko/20100101 Firefox/128.0"
172.207.228.117 - - [05/Jul/2025:23:33:17 -0400] "GET /wp-includes/js/codemirror/ HTTP/1.1" 200 1090 "binance.com" "Mozilla/5.0 (Windows NT 10.0; Win64; x64) AppleWebKit/537.36 (KHTML, like Gecko) Chrome/90.0.4430.85 Safari/537.36"
66.29.146.47 - - [05/Jul/2025:23:33:21 -0400] "POST /wp-cron.php?doing_wp_cron=1751772799.9731431007385253906250 HTTP/1.1" 200 0 "-" "WordPress/6.8; https://shabwahrefinery.com"
163.47.203.81 - - [05/Jul/2025:23:33:17 -0400] "POST /wp-login.php HTTP/1.1" 200 1903 "https://shabwahrefinery.com" "Mozilla/5.0 (Windows NT 10.0; Win64; x64) AppleWebKit/537.36 (KHTML, like Gecko) Chrome/112.0.5615.138 Safari/537.36 Edg/112.0.1722.68"
172.207.228.117 - - [05/Jul/2025:23:33:42 -0400] "GET /wp-includes/js/plupload/ HTTP/1.1" 200 1100 "binance.com" "Mozilla/5.0 (Windows NT 10.0; Win64; x64) AppleWebKit/537.36 (KHTML, like Gecko) Chrome/90.0.4430.85 Safari/537.36"
172.207.228.117 - - [05/Jul/2025:23:33:51 -0400] "GET /.well-known/ HTTP/1.1" 200 620 "binance.com" "Mozilla/5.0 (Windows NT 10.0; Win64; x64) AppleWebKit/537.36 (KHTML, like Gecko) Chrome/90.0.4430.85 Safari/537.36"
2001:41d0:304:200::7518 - - [05/Jul/2025:23:34:44 -0400] "GET /xmlrpc.php HTTP/1.1" 403 1242 "http://shabwahrefinery.com/xmlrpc.php" "Mozilla/5.0 (X11; Ubuntu; Linux x86_64; rv:85.0) Gecko/20100101 Firefox/91.0"
66.29.146.47 - - [05/Jul/2025:23:37:45 -0400] "POST /wp-cron.php?doing_wp_cron=1751773065.4950718879699707031250 HTTP/1.1" 403 1242 "-" "WordPress/6.8; https://shabwahrefinery.com"
170.83.49.7 - - [05/Jul/2025:23:37:43 -0400] "POST /wp-login.php HTTP/1.1" 200 1903 "-" "Mozilla/5.0"

Youez - 2016 - github.com/yon3zu
LinuXploit