34.93.16.66 - - [05/Jul/2025:16:35:30 -0400] "POST /wp-login.php HTTP/1.1" 200 1904 "https://shabwahrefinery.com" "Mozilla/5.0 (Macintosh; Intel Mac OS X 10_15_7) AppleWebKit/537.36 (KHTML, like Gecko) Chrome/115.0.5790.102 Safari/537.36"
66.29.146.47 - - [05/Jul/2025:16:41:59 -0400] "POST /wp-cron.php?doing_wp_cron=1751748118.9397170543670654296875 HTTP/1.1" 403 1242 "-" "WordPress/6.8; https://shabwahrefinery.com"
170.83.49.7 - - [05/Jul/2025:16:41:40 -0400] "POST /wp-login.php HTTP/1.1" 200 0 "-" "Mozilla/5.0"
199.195.252.139 - - [05/Jul/2025:16:45:46 -0400] "GET /wp-login.php HTTP/1.1" 200 1783 "-" "Mozilla/5.0 (Macintosh; Intel Mac OS X 10_9_4) AppleWebKit/537.36 (KHTML, like Gecko) Chrome/36.0.1985.143 Safari/537.36"
199.195.252.139 - - [05/Jul/2025:16:45:57 -0400] "POST /wp-login.php HTTP/1.1" 200 1914 "-" "Mozilla/5.0 (Macintosh; Intel Mac OS X 10_9_4) AppleWebKit/537.36 (KHTML, like Gecko) Chrome/36.0.1985.143 Safari/537.36"
74.208.35.34 - - [05/Jul/2025:16:47:32 -0400] "GET /xmlrpc.php HTTP/1.1" 403 1242 "http://shabwahrefinery.com" "Mozilla/5.0 (Windows NT 10.0; Win64; x64) AppleWebKit/537.36 (KHTML, like Gecko) Chrome/114.0.5735.199 Safari/537.36 Edg/114.0.1823.67"
66.29.146.47 - - [05/Jul/2025:16:47:39 -0400] "POST /wp-cron.php?doing_wp_cron=1751748459.6417579650878906250000 HTTP/1.1" 403 1242 "-" "WordPress/6.8; https://shabwahrefinery.com"
74.208.35.34 - - [05/Jul/2025:16:47:32 -0400] "POST /wp-login.php HTTP/1.1" 200 1904 "https://shabwahrefinery.com" "Mozilla/5.0 (Macintosh; Intel Mac OS X 10_15_7) AppleWebKit/537.36 (KHTML, like Gecko) Chrome/114.0.5735.134 Safari/537.36"
205.185.121.21 - - [05/Jul/2025:16:48:25 -0400] "GET /wp-login.php HTTP/1.1" 200 1783 "-" "Mozilla/5.0 (Macintosh; Intel Mac OS X 10_10) AppleWebKit/600.1.3 (KHTML, like Gecko) Version/8.0 Safari/600.1.3"
205.185.121.21 - - [05/Jul/2025:16:48:26 -0400] "POST /wp-login.php HTTP/1.1" 200 1914 "-" "Mozilla/5.0 (Macintosh; Intel Mac OS X 10_10) AppleWebKit/600.1.3 (KHTML, like Gecko) Version/8.0 Safari/600.1.3"
66.29.146.47 - - [05/Jul/2025:16:50:07 -0400] "POST /wp-cron.php?doing_wp_cron=1751748606.5799889564514160156250 HTTP/1.1" 403 1242 "-" "WordPress/6.8; https://shabwahrefinery.com"
170.83.49.7 - - [05/Jul/2025:16:50:01 -0400] "POST /wp-login.php HTTP/1.1" 200 1904 "-" "Mozilla/5.0"
199.195.252.145 - - [05/Jul/2025:16:50:14 -0400] "GET /wp-login.php HTTP/1.1" 200 1783 "-" "Mozilla/5.0 (Windows NT 6.1; Trident/7.0; rv:11.0) like Gecko"
199.195.252.145 - - [05/Jul/2025:16:50:17 -0400] "POST /wp-login.php HTTP/1.1" 200 1914 "-" "Mozilla/5.0 (Windows NT 6.1; Trident/7.0; rv:11.0) like Gecko"
43.157.174.69 - - [05/Jul/2025:16:53:53 -0400] "GET / HTTP/1.1" 200 1284 "http://www.shabwahrefinery.com" "Mozilla/5.0 (iPhone; CPU iPhone OS 13_2_3 like Mac OS X) AppleWebKit/605.1.15 (KHTML, like Gecko) Version/13.0.3 Mobile/15E148 Safari/604.1"
103.127.134.129 - - [05/Jul/2025:16:57:39 -0400] "GET /xmlrpc.php HTTP/1.1" 403 1242 "http://shabwahrefinery.com/xmlrpc.php" "Mozilla/5.0 (X11; Ubuntu; Linux x86_64; rv:85.0) Gecko/20100101 Firefox/91.0"
66.29.146.47 - - [05/Jul/2025:16:58:07 -0400] "POST /wp-cron.php?doing_wp_cron=1751749086.5438981056213378906250 HTTP/1.1" 403 1242 "-" "WordPress/6.8; https://shabwahrefinery.com"
170.83.49.7 - - [05/Jul/2025:16:57:55 -0400] "POST /wp-login.php HTTP/1.1" 200 1904 "-" "Mozilla/5.0"
192.250.227.100 - - [05/Jul/2025:16:59:42 -0400] "GET /xmlrpc.php HTTP/1.1" 403 1242 "http://shabwahrefinery.com" "Mozilla/5.0 (Macintosh; Intel Mac OS X 13_3) AppleWebKit/537.36 (KHTML, like Gecko) Chrome/126.0.0.0 Safari/537.36 Edg/126.0.0.0"
66.29.146.47 - - [05/Jul/2025:16:59:51 -0400] "POST /wp-cron.php?doing_wp_cron=1751749191.0451030731201171875000 HTTP/1.1" 403 1242 "-" "WordPress/6.8; https://shabwahrefinery.com"
192.250.227.100 - - [05/Jul/2025:16:59:42 -0400] "POST /wp-login.php HTTP/1.1" 200 1904 "https://shabwahrefinery.com" "Mozilla/5.0 (Windows NT 10.0; Win64; x64) AppleWebKit/537.36 (KHTML, like Gecko) Chrome/114.0.5735.199 Safari/537.36 Edg/114.0.1823.67"
66.29.146.47 - - [05/Jul/2025:17:06:50 -0400] "POST /wp-cron.php?doing_wp_cron=1751749609.4370770454406738281250 HTTP/1.1" 403 1242 "-" "WordPress/6.8; https://shabwahrefinery.com"
170.83.49.7 - - [05/Jul/2025:17:06:39 -0400] "POST /wp-login.php HTTP/1.1" 200 1904 "-" "Mozilla/5.0"
185.238.75.243 - - [05/Jul/2025:17:11:41 -0400] "GET /xmlrpc.php HTTP/1.1" 403 1242 "http://shabwahrefinery.com" "Mozilla/5.0 (Windows NT 10.0; Win64; x64; rv:126.0) Gecko/20100101 Firefox/126.0"
185.238.75.243 - - [05/Jul/2025:17:11:42 -0400] "POST /wp-login.php HTTP/1.1" 200 0 "https://shabwahrefinery.com" "Mozilla/5.0 (Macintosh; Intel Mac OS X 10_15_7) AppleWebKit/537.36 (KHTML, like Gecko) Chrome/114.0.5735.134 Safari/537.36"
66.29.146.47 - - [05/Jul/2025:17:11:53 -0400] "POST /wp-cron.php?doing_wp_cron=1751749912.7550759315490722656250 HTTP/1.1" 403 1242 "-" "WordPress/6.8; https://shabwahrefinery.com"
66.29.146.47 - - [05/Jul/2025:17:15:24 -0400] "POST /wp-cron.php?doing_wp_cron=1751750123.9410879611968994140625 HTTP/1.1" 403 1242 "-" "WordPress/6.8; https://shabwahrefinery.com"
170.83.49.7 - - [05/Jul/2025:17:15:14 -0400] "POST /wp-login.php HTTP/1.1" 200 1904 "-" "Mozilla/5.0"
2a03:2880:22ff:: - - [05/Jul/2025:17:20:29 -0400] "GET /robots.txt HTTP/1.1" 404 1251 "-" "facebookexternalhit/1.1 (+http://www.facebook.com/externalhit_uatext.php)"
2a03:2880:f800:: - - [05/Jul/2025:17:21:09 -0400] "GET /wp-includes/rest-api/search/class-wp-rest-search-handler.php HTTP/1.1" 403 1242 "-" "meta-externalagent/1.1 (+https://developers.facebook.com/docs/sharing/webmasters/crawler)"
66.29.146.47 - - [05/Jul/2025:17:24:37 -0400] "POST /wp-cron.php?doing_wp_cron=1751750676.5618059635162353515625 HTTP/1.1" 403 1242 "-" "WordPress/6.8; https://shabwahrefinery.com"
170.83.49.7 - - [05/Jul/2025:17:24:21 -0400] "POST /wp-login.php HTTP/1.1" 200 1904 "-" "Mozilla/5.0"
94.23.222.158 - - [05/Jul/2025:17:25:20 -0400] "GET /xmlrpc.php HTTP/1.1" 403 1242 "http://shabwahrefinery.com/xmlrpc.php" "Mozilla/5.0 (X11; Ubuntu; Linux x86_64; rv:85.0) Gecko/20100101 Firefox/91.0"
66.29.146.47 - - [05/Jul/2025:17:33:34 -0400] "POST /wp-cron.php?doing_wp_cron=1751751214.4407150745391845703125 HTTP/1.1" 403 1242 "-" "WordPress/6.8; https://shabwahrefinery.com"
170.83.49.7 - - [05/Jul/2025:17:33:22 -0400] "POST /wp-login.php HTTP/1.1" 200 1904 "-" "Mozilla/5.0"
199.195.252.139 - - [05/Jul/2025:17:33:43 -0400] "GET /wp-login.php HTTP/1.1" 200 1783 "-" "Mozilla/5.0 (Windows NT 6.1) AppleWebKit/537.36 (KHTML, like Gecko) Chrome/35.0.1916.153 Safari/537.36"
199.195.252.139 - - [05/Jul/2025:17:33:44 -0400] "POST /wp-login.php HTTP/1.1" 200 1914 "-" "Mozilla/5.0 (Windows NT 6.1) AppleWebKit/537.36 (KHTML, like Gecko) Chrome/35.0.1916.153 Safari/537.36"
54.82.219.226 - - [05/Jul/2025:17:36:15 -0400] "GET /xmlrpc.php HTTP/1.1" 403 1242 "http://shabwahrefinery.com" "Mozilla/5.0 (Windows NT 10.0; Win64; x64) AppleWebKit/537.36 (KHTML, like Gecko) Chrome/116.0.5845.96 Safari/537.36 Edg/116.0.1938.62"
54.82.219.226 - - [05/Jul/2025:17:36:16 -0400] "POST /wp-login.php HTTP/1.1" 200 0 "https://shabwahrefinery.com" "Mozilla/5.0 (Macintosh; Intel Mac OS X 10_15_7; rv:127.0) Gecko/20100101 Firefox/127.0"
66.29.146.47 - - [05/Jul/2025:17:36:25 -0400] "POST /wp-cron.php?doing_wp_cron=1751751385.5436201095581054687500 HTTP/1.1" 403 1242 "-" "WordPress/6.8; https://shabwahrefinery.com"
184.73.47.24 - - [05/Jul/2025:17:37:33 -0400] "GET /?SA HTTP/1.1" 200 1273 "-" "Mozilla/5.0 AppleWebKit/537.36 (KHTML, like Gecko; compatible; Amazonbot/0.1; +https://developer.amazon.com/support/amazonbot) Chrome/119.0.6045.214 Safari/537.36"
66.29.146.47 - - [05/Jul/2025:17:42:37 -0400] "POST /wp-cron.php?doing_wp_cron=1751751757.4386899471282958984375 HTTP/1.1" 403 1242 "-" "WordPress/6.8; https://shabwahrefinery.com"
170.83.49.7 - - [05/Jul/2025:17:42:29 -0400] "POST /wp-login.php HTTP/1.1" 200 1904 "-" "Mozilla/5.0"
89.233.107.32 - - [05/Jul/2025:17:48:58 -0400] "GET /xmlrpc.php HTTP/1.1" 403 1242 "http://shabwahrefinery.com" "Mozilla/5.0 (Windows NT 10.0; Win64; x64; rv:129.0) Gecko/20100101 Firefox/129.0"
89.233.107.32 - - [05/Jul/2025:17:48:58 -0400] "POST /wp-login.php HTTP/1.1" 200 0 "https://shabwahrefinery.com" "Mozilla/5.0 (Macintosh; Intel Mac OS X 10_15_7; rv:125.0.1) Gecko/20100101 Firefox/125.0.1"
66.29.146.47 - - [05/Jul/2025:17:49:10 -0400] "POST /wp-cron.php?doing_wp_cron=1751752149.7351419925689697265625 HTTP/1.1" 403 1242 "-" "WordPress/6.8; https://shabwahrefinery.com"
66.29.146.47 - - [05/Jul/2025:17:51:35 -0400] "POST /wp-cron.php?doing_wp_cron=1751752295.0397210121154785156250 HTTP/1.1" 403 1242 "-" "WordPress/6.8; https://shabwahrefinery.com"
170.83.49.7 - - [05/Jul/2025:17:51:24 -0400] "POST /wp-login.php HTTP/1.1" 200 1904 "-" "Mozilla/5.0"
20.171.207.160 - - [05/Jul/2025:17:52:22 -0400] "GET /wp-sitemap.xml HTTP/1.1" 404 1251 "-" "Mozilla/5.0 AppleWebKit/537.36 (KHTML, like Gecko; compatible; GPTBot/1.2; +https://openai.com/gptbot)"
103.127.134.129 - - [05/Jul/2025:17:55:18 -0400] "GET /xmlrpc.php HTTP/1.1" 403 1242 "http://shabwahrefinery.com/xmlrpc.php" "Mozilla/5.0 (X11; Ubuntu; Linux x86_64; rv:85.0) Gecko/20100101 Firefox/91.0"
66.29.146.47 - - [05/Jul/2025:18:00:43 -0400] "POST /wp-cron.php?doing_wp_cron=1751752842.4575359821319580078125 HTTP/1.1" 403 1242 "-" "WordPress/6.8; https://shabwahrefinery.com"
170.83.49.7 - - [05/Jul/2025:18:00:31 -0400] "POST /wp-login.php HTTP/1.1" 200 1904 "-" "Mozilla/5.0"
15.204.43.173 - - [05/Jul/2025:18:01:50 -0400] "GET /xmlrpc.php HTTP/1.1" 403 1242 "http://shabwahrefinery.com" "Mozilla/5.0 (Windows NT 10.0; Win64; x64) AppleWebKit/537.36 (KHTML, like Gecko) Chrome/116.0.5845.96 Safari/537.36 Edg/116.0.1938.62"
66.29.146.47 - - [05/Jul/2025:18:01:52 -0400] "POST /wp-cron.php?doing_wp_cron=1751752911.9601919651031494140625 HTTP/1.1" 403 1242 "-" "WordPress/6.8; https://shabwahrefinery.com"
15.204.43.173 - - [05/Jul/2025:18:01:51 -0400] "POST /wp-login.php HTTP/1.1" 200 1904 "https://shabwahrefinery.com" "Mozilla/5.0 (Windows NT 10.0; Win64; x64) AppleWebKit/537.36 (KHTML, like Gecko) Chrome/126.0.0.0 Safari/537.36 Edg/126.0.0.0"
66.249.73.130 - - [05/Jul/2025:18:05:05 -0400] "GET /wp-includes/images/media/text.png HTTP/1.1" 200 188 "-" "Googlebot-Image/1.0"
66.29.146.47 - - [05/Jul/2025:18:09:40 -0400] "POST /wp-cron.php?doing_wp_cron=1751753379.9654099941253662109375 HTTP/1.1" 403 1242 "-" "WordPress/6.8; https://shabwahrefinery.com"
170.83.49.7 - - [05/Jul/2025:18:09:28 -0400] "POST /wp-login.php HTTP/1.1" 200 1904 "-" "Mozilla/5.0"
51.91.105.134 - - [05/Jul/2025:18:14:48 -0400] "GET /xmlrpc.php HTTP/1.1" 403 1242 "http://shabwahrefinery.com" "Mozilla/5.0 (Macintosh; Intel Mac OS X 13_3) AppleWebKit/537.36 (KHTML, like Gecko) Chrome/126.0.0.0 Safari/537.36 Edg/126.0.0.0"
51.91.105.134 - - [05/Jul/2025:18:14:48 -0400] "POST /wp-login.php HTTP/1.1" 200 0 "https://shabwahrefinery.com" "Mozilla/5.0 (Macintosh; Intel Mac OS X 13_3) AppleWebKit/537.36 (KHTML, like Gecko) Chrome/126.0.0.0 Safari/537.36"
66.29.146.47 - - [05/Jul/2025:18:14:58 -0400] "POST /wp-cron.php?doing_wp_cron=1751753698.2408359050750732421875 HTTP/1.1" 403 1242 "-" "WordPress/6.8; https://shabwahrefinery.com"
47.82.60.18 - - [05/Jul/2025:18:18:06 -0400] "GET /wp-includes/sodium_compat/namespaced/Core/Curve25519/Ge/Precomp.php HTTP/1.1" 403 1242 "https://shabwahrefinery.com/wp-includes/sodium_compat/namespaced/Core/Curve25519/Ge/Precomp.php" "Mozilla/5.0 (Windows NT 10.0; Win64; x64) AppleWebKit/537.36 (KHTML, like Gecko) Chrome/114.0.0.0 Safari/537.36 Edg/114.0.1823.43"
66.29.146.47 - - [05/Jul/2025:18:18:37 -0400] "POST /wp-cron.php?doing_wp_cron=1751753917.7405359745025634765625 HTTP/1.1" 403 1242 "-" "WordPress/6.8; https://shabwahrefinery.com"
170.83.49.7 - - [05/Jul/2025:18:18:29 -0400] "POST /wp-login.php HTTP/1.1" 200 1904 "-" "Mozilla/5.0"
182.42.105.144 - - [05/Jul/2025:18:20:18 -0400] "GET / HTTP/1.1" 200 1284 "http://www.shabwahrefinery.com" "Mozilla/5.0 (iPhone; CPU iPhone OS 13_2_3 like Mac OS X) AppleWebKit/605.1.15 (KHTML, like Gecko) Version/13.0.3 Mobile/15E148 Safari/604.1"
34.162.250.238 - - [05/Jul/2025:18:21:39 -0400] "GET /.git/config HTTP/1.1" 403 1242 "-" "ct\xe2\x80\x91git\xe2\x80\x91scanner/0.4"
34.162.250.238 - - [05/Jul/2025:18:21:39 -0400] "GET /.git/HEAD HTTP/1.1" 403 1242 "-" "ct\xe2\x80\x91git\xe2\x80\x91scanner/0.4"
2001:4ca0:108:42::24 - - [05/Jul/2025:18:23:28 -0400] "GET /robots.txt HTTP/1.1" 404 1251 "-" "Mozilla/5.0 (Windows NT 10.0; Win64; x64) AppleWebKit/537.36 (KHTML, like Gecko) Chrome/103.0.5060.134 Safari/537.36"
129.226.174.80 - - [05/Jul/2025:18:25:56 -0400] "GET / HTTP/1.1" 200 1278 "http://shabwahrefinery.com" "Mozilla/5.0 (iPhone; CPU iPhone OS 13_2_3 like Mac OS X) AppleWebKit/605.1.15 (KHTML, like Gecko) Version/13.0.3 Mobile/15E148 Safari/604.1"
148.72.214.194 - - [05/Jul/2025:18:27:04 -0400] "GET /xmlrpc.php HTTP/1.1" 403 1242 "http://shabwahrefinery.com/xmlrpc.php" "Mozilla/5.0 (X11; Ubuntu; Linux x86_64; rv:85.0) Gecko/20100101 Firefox/91.0"
66.29.146.47 - - [05/Jul/2025:18:27:33 -0400] "POST /wp-cron.php?doing_wp_cron=1751754453.2422440052032470703125 HTTP/1.1" 403 1242 "-" "WordPress/6.8; https://shabwahrefinery.com"
170.83.49.7 - - [05/Jul/2025:18:27:26 -0400] "POST /wp-login.php HTTP/1.1" 200 1904 "-" "Mozilla/5.0"
2600:3c00::f03c:93ff:fe5a:c926 - - [05/Jul/2025:18:27:37 -0400] "GET /xmlrpc.php HTTP/1.1" 403 1242 "http://shabwahrefinery.com" "Mozilla/5.0 (Windows NT 10.0; Win64; x64; rv:126.0) Gecko/20100101 Firefox/126.0"
2600:3c00::f03c:93ff:fe5a:c926 - - [05/Jul/2025:18:27:37 -0400] "POST /wp-login.php HTTP/1.1" 200 1904 "https://shabwahrefinery.com" "Mozilla/5.0 (Windows NT 10.0; Win64; x64) AppleWebKit/537.36 (KHTML, like Gecko) Chrome/113.0.5672.126 Safari/537.36 Edg/113.0.1774.50"
66.29.146.47 - - [05/Jul/2025:18:36:43 -0400] "POST /wp-cron.php?doing_wp_cron=1751755003.1446840763092041015625 HTTP/1.1" 403 1242 "-" "WordPress/6.8; https://shabwahrefinery.com"
170.83.49.7 - - [05/Jul/2025:18:36:39 -0400] "POST /wp-login.php HTTP/1.1" 200 1904 "-" "Mozilla/5.0"
110.232.114.55 - - [05/Jul/2025:18:40:15 -0400] "GET /xmlrpc.php HTTP/1.1" 403 1242 "http://shabwahrefinery.com" "Mozilla/5.0 (Windows NT 10.0; Win64; x64) AppleWebKit/537.36 (KHTML, like Gecko) Chrome/116.0.5845.96 Safari/537.36"
66.29.146.47 - - [05/Jul/2025:18:40:19 -0400] "POST /wp-cron.php?doing_wp_cron=1751755219.8406848907470703125000 HTTP/1.1" 403 1242 "-" "WordPress/6.8; https://shabwahrefinery.com"
110.232.114.55 - - [05/Jul/2025:18:40:16 -0400] "POST /wp-login.php HTTP/1.1" 200 1904 "https://shabwahrefinery.com" "Mozilla/5.0 (Macintosh; Intel Mac OS X 10_15_7; rv:128.0) Gecko/20100101 Firefox/128.0"
66.29.146.47 - - [05/Jul/2025:18:45:59 -0400] "POST /wp-cron.php?doing_wp_cron=1751755559.6787409782409667968750 HTTP/1.1" 403 1242 "-" "WordPress/6.8; https://shabwahrefinery.com"
170.83.49.7 - - [05/Jul/2025:18:45:55 -0400] "POST /wp-login.php HTTP/1.1" 200 1904 "-" "Mozilla/5.0"
2a0a:4cc0:100:349:18cc:41ff:fea9:aea2 - - [05/Jul/2025:18:53:00 -0400] "GET /xmlrpc.php HTTP/1.1" 403 1242 "http://shabwahrefinery.com" "Mozilla/5.0 (Windows NT 10.0; Win64; x64; rv:125.0.1) Gecko/20100101 Firefox/125.0.1"
66.29.146.47 - - [05/Jul/2025:18:53:04 -0400] "POST /wp-cron.php?doing_wp_cron=1751755984.3447139263153076171875 HTTP/1.1" 403 1242 "-" "WordPress/6.8; https://shabwahrefinery.com"
2a0a:4cc0:100:349:18cc:41ff:fea9:aea2 - - [05/Jul/2025:18:53:00 -0400] "POST /wp-login.php HTTP/1.1" 200 1904 "https://shabwahrefinery.com" "Mozilla/5.0 (Macintosh; Intel Mac OS X 13.3; rv:126.0) Gecko/20100101 Firefox/126.0"
66.29.146.47 - - [05/Jul/2025:18:55:27 -0400] "POST /wp-cron.php?doing_wp_cron=1751756127.5835969448089599609375 HTTP/1.1" 403 1242 "-" "WordPress/6.8; https://shabwahrefinery.com"
170.83.49.7 - - [05/Jul/2025:18:55:24 -0400] "POST /wp-login.php HTTP/1.1" 200 1904 "-" "Mozilla/5.0"
65.181.112.107 - - [05/Jul/2025:19:00:46 -0400] "GET /xmlrpc.php HTTP/1.1" 403 1242 "http://shabwahrefinery.com/xmlrpc.php" "Mozilla/5.0 (X11; Ubuntu; Linux x86_64; rv:85.0) Gecko/20100101 Firefox/91.0"
196.251.83.156 - - [05/Jul/2025:19:02:02 -0400] "GET / HTTP/1.1" 200 1278 "-" "Mozilla/5.0 (Windows NT 10.0; Win64; x64) AppleWebKit/537.36 (KHTML, like Gecko) Chrome/89.0.4389.114 Safari/537.36"
196.251.83.156 - - [05/Jul/2025:19:02:03 -0400] "GET //wp-includes/wlwmanifest.xml HTTP/1.1" 404 1251 "-" "Mozilla/5.0 (Windows NT 10.0; Win64; x64) AppleWebKit/537.36 (KHTML, like Gecko) Chrome/89.0.4389.114 Safari/537.36"
196.251.83.156 - - [05/Jul/2025:19:02:03 -0400] "GET //xmlrpc.php?rsd HTTP/1.1" 403 1242 "-" "Mozilla/5.0 (Windows NT 10.0; Win64; x64) AppleWebKit/537.36 (KHTML, like Gecko) Chrome/89.0.4389.114 Safari/537.36"
196.251.83.156 - - [05/Jul/2025:19:02:03 -0400] "GET / HTTP/1.1" 200 1278 "-" "Mozilla/5.0 (Windows NT 10.0; Win64; x64) AppleWebKit/537.36 (KHTML, like Gecko) Chrome/89.0.4389.114 Safari/537.36"
196.251.83.156 - - [05/Jul/2025:19:02:03 -0400] "GET //?author=1 HTTP/1.1" 200 1330 "-" "Mozilla/5.0 (Windows NT 10.0; Win64; x64) AppleWebKit/537.36 (KHTML, like Gecko) Chrome/89.0.4389.114 Safari/537.36"
196.251.83.156 - - [05/Jul/2025:19:02:04 -0400] "GET //?author=2 HTTP/1.1" 200 1330 "-" "Mozilla/5.0 (Windows NT 10.0; Win64; x64) AppleWebKit/537.36 (KHTML, like Gecko) Chrome/89.0.4389.114 Safari/537.36"
196.251.83.156 - - [05/Jul/2025:19:02:04 -0400] "GET //?author=3 HTTP/1.1" 200 1330 "-" "Mozilla/5.0 (Windows NT 10.0; Win64; x64) AppleWebKit/537.36 (KHTML, like Gecko) Chrome/89.0.4389.114 Safari/537.36"
196.251.83.156 - - [05/Jul/2025:19:02:04 -0400] "GET //wp-json/wp/v2/users/ HTTP/1.1" 404 1251 "-" "Mozilla/5.0 (Windows NT 10.0; Win64; x64) AppleWebKit/537.36 (KHTML, like Gecko) Chrome/89.0.4389.114 Safari/537.36"
196.251.83.156 - - [05/Jul/2025:19:02:04 -0400] "GET //wp-json/oembed/1.0/embed?url=https://shabwahrefinery.com/ HTTP/1.1" 404 1251 "-" "Mozilla/5.0 (Windows NT 10.0; Win64; x64) AppleWebKit/537.36 (KHTML, like Gecko) Chrome/89.0.4389.114 Safari/537.36"
196.251.83.156 - - [05/Jul/2025:19:02:05 -0400] "POST //xmlrpc.php HTTP/1.1" 403 1242 "-" "Mozilla/5.0 (Windows NT 10.0; Win64; x64) AppleWebKit/537.36 (KHTML, like Gecko) Chrome/89.0.4389.114 Safari/537.36"
66.29.146.47 - - [05/Jul/2025:19:04:28 -0400] "POST /wp-cron.php?doing_wp_cron=1751756667.8814840316772460937500 HTTP/1.1" 403 1242 "-" "WordPress/6.8; https://shabwahrefinery.com"
170.83.49.7 - - [05/Jul/2025:19:04:25 -0400] "POST /wp-login.php HTTP/1.1" 200 1904 "-" "Mozilla/5.0"
192.250.229.38 - - [05/Jul/2025:19:05:38 -0400] "GET /xmlrpc.php HTTP/1.1" 403 1242 "http://shabwahrefinery.com" "Mozilla/5.0 (Macintosh; Intel Mac OS X 10_15_7; rv:128.0) Gecko/20100101 Firefox/128.0"
66.29.146.47 - - [05/Jul/2025:19:05:38 -0400] "POST /wp-cron.php?doing_wp_cron=1751756738.6585860252380371093750 HTTP/1.1" 403 1242 "-" "WordPress/6.8; https://shabwahrefinery.com"
192.250.229.38 - - [05/Jul/2025:19:05:38 -0400] "POST /wp-login.php HTTP/1.1" 200 1904 "https://shabwahrefinery.com" "Mozilla/5.0 (Windows NT 11.0; Win64; x64) AppleWebKit/537.36 (KHTML, like Gecko) Chrome/126.0.0.0 Safari/537.36"
47.82.60.34 - - [05/Jul/2025:19:06:57 -0400] "GET /wp-includes/sodium_compat/namespaced/Core/Curve25519/Ge/P3.php HTTP/1.1" 403 1242 "https://shabwahrefinery.com/wp-includes/sodium_compat/namespaced/Core/Curve25519/Ge/P3.php" "Mozilla/5.0 (Windows NT 10.0; Win64; x64) AppleWebKit/537.36 (KHTML, like Gecko) Chrome/114.0.0.0 Safari/537.36 Edg/114.0.1823.43"
66.29.146.47 - - [05/Jul/2025:19:13:29 -0400] "POST /wp-cron.php?doing_wp_cron=1751757209.5519289970397949218750 HTTP/1.1" 403 1242 "-" "WordPress/6.8; https://shabwahrefinery.com"
170.83.49.7 - - [05/Jul/2025:19:13:27 -0400] "POST /wp-login.php HTTP/1.1" 200 1904 "-" "Mozilla/5.0"
113.45.227.187 - - [05/Jul/2025:19:18:18 -0400] "GET /xmlrpc.php HTTP/1.1" 403 1242 "http://shabwahrefinery.com" "Mozilla/5.0 (Windows NT 10.0; Win64; x64) AppleWebKit/537.36 (KHTML, like Gecko) Chrome/115.0.5790.171 Safari/537.36 Edg/115.0.1901.203"
66.29.146.47 - - [05/Jul/2025:19:18:22 -0400] "POST /wp-cron.php?doing_wp_cron=1751757502.5547740459442138671875 HTTP/1.1" 403 1242 "-" "WordPress/6.8; https://shabwahrefinery.com"
113.45.227.187 - - [05/Jul/2025:19:18:19 -0400] "POST /wp-login.php HTTP/1.1" 200 1904 "https://shabwahrefinery.com" "Mozilla/5.0 (Macintosh; Intel Mac OS X 13_3) AppleWebKit/537.36 (KHTML, like Gecko) Chrome/126.0.0.0 Safari/537.36 Edg/126.0.0.0"
66.29.146.47 - - [05/Jul/2025:19:20:00 -0400] "POST /wp-cron.php?doing_wp_cron=1751757600.0353579521179199218750 HTTP/1.1" 403 1242 "-" "WordPress/6.8; https://shabwahrefinery.com"
198.98.57.237 - - [05/Jul/2025:19:19:58 -0400] "GET /wp-login.php HTTP/1.1" 200 1783 "-" "Mozilla/5.0 (Windows NT 6.3; WOW64; rv:31.0) Gecko/20100101 Firefox/31.0"
198.98.57.237 - - [05/Jul/2025:19:20:23 -0400] "POST /wp-login.php HTTP/1.1" 200 1914 "-" "Mozilla/5.0 (Windows NT 6.3; WOW64; rv:31.0) Gecko/20100101 Firefox/31.0"
66.29.146.47 - - [05/Jul/2025:19:21:02 -0400] "POST /wp-cron.php?doing_wp_cron=1751757661.9861819744110107421875 HTTP/1.1" 403 1242 "-" "WordPress/6.8; https://shabwahrefinery.com"
205.185.118.101 - - [05/Jul/2025:19:21:01 -0400] "GET /wp-login.php HTTP/1.1" 200 1783 "-" "Mozilla/5.0 (iPad; CPU OS 7_1_1 like Mac OS X) AppleWebKit/537.51.2 (KHTML, like Gecko) Version/7.0 Mobile/11D201 Safari/9537.53"
205.185.118.101 - - [05/Jul/2025:19:21:02 -0400] "POST /wp-login.php HTTP/1.1" 200 1914 "-" "Mozilla/5.0 (iPad; CPU OS 7_1_1 like Mac OS X) AppleWebKit/537.51.2 (KHTML, like Gecko) Version/7.0 Mobile/11D201 Safari/9537.53"
66.29.146.47 - - [05/Jul/2025:19:22:48 -0400] "POST /wp-cron.php?doing_wp_cron=1751757767.9772460460662841796875 HTTP/1.1" 403 1242 "-" "WordPress/6.8; https://shabwahrefinery.com"
170.83.49.7 - - [05/Jul/2025:19:22:45 -0400] "POST /wp-login.php HTTP/1.1" 200 1904 "-" "Mozilla/5.0"
66.29.146.47 - - [05/Jul/2025:19:29:57 -0400] "POST /wp-cron.php?doing_wp_cron=1751758196.9572200775146484375000 HTTP/1.1" 403 1242 "-" "WordPress/6.8; https://shabwahrefinery.com"
205.185.116.195 - - [05/Jul/2025:19:29:54 -0400] "GET /wp-login.php HTTP/1.1" 200 1783 "-" "Mozilla/5.0 (Macintosh; Intel Mac OS X 10_6_8) AppleWebKit/537.36 (KHTML, like Gecko) Chrome/36.0.1985.125 Safari/537.36"
205.185.116.195 - - [05/Jul/2025:19:29:57 -0400] "POST /wp-login.php HTTP/1.1" 200 1914 "-" "Mozilla/5.0 (Macintosh; Intel Mac OS X 10_6_8) AppleWebKit/537.36 (KHTML, like Gecko) Chrome/36.0.1985.125 Safari/537.36"
144.126.135.120 - - [05/Jul/2025:19:30:44 -0400] "GET /xmlrpc.php HTTP/1.1" 403 1242 "http://shabwahrefinery.com" "Mozilla/5.0 (Windows NT 10.0; Win64; x64) AppleWebKit/537.36 (KHTML, like Gecko) Chrome/113.0.5672.126 Safari/537.36 Edg/113.0.1774.50"
144.126.135.120 - - [05/Jul/2025:19:30:45 -0400] "POST /wp-login.php HTTP/1.1" 200 1904 "https://shabwahrefinery.com" "Mozilla/5.0 (Macintosh; Intel Mac OS X 10_15_7) AppleWebKit/537.36 (KHTML, like Gecko) Chrome/126.0.0.0 Safari/537.36"
66.29.146.47 - - [05/Jul/2025:19:32:15 -0400] "POST /wp-cron.php?doing_wp_cron=1751758335.3632349967956542968750 HTTP/1.1" 403 1242 "-" "WordPress/6.8; https://shabwahrefinery.com"
170.83.49.7 - - [05/Jul/2025:19:32:10 -0400] "POST /wp-login.php HTTP/1.1" 200 1904 "-" "Mozilla/5.0"
2a01:4f8:c17:6380::2 - - [05/Jul/2025:19:34:54 -0400] "GET /xmlrpc.php HTTP/1.1" 403 1242 "http://shabwahrefinery.com/xmlrpc.php" "Mozilla/5.0 (X11; Ubuntu; Linux x86_64; rv:85.0) Gecko/20100101 Firefox/91.0"
2001:4ca0:108:42::24 - - [05/Jul/2025:19:38:11 -0400] "GET /robots.txt HTTP/1.1" 404 1251 "-" "Mozilla/5.0 (Windows NT 10.0; Win64; x64) AppleWebKit/537.36 (KHTML, like Gecko) Chrome/103.0.5060.134 Safari/537.36"
66.29.146.47 - - [05/Jul/2025:19:41:30 -0400] "POST /wp-cron.php?doing_wp_cron=1751758890.5819571018218994140625 HTTP/1.1" 403 1242 "-" "WordPress/6.8; https://shabwahrefinery.com"
170.83.49.7 - - [05/Jul/2025:19:41:27 -0400] "POST /wp-login.php HTTP/1.1" 200 1904 "-" "Mozilla/5.0"
190.92.174.33 - - [05/Jul/2025:19:43:17 -0400] "GET /xmlrpc.php HTTP/1.1" 403 1242 "http://shabwahrefinery.com" "Mozilla/5.0 (Macintosh; Intel Mac OS X 14_6) AppleWebKit/605.1.15 (KHTML, like Gecko) Version/17.5 Safari/605.1.15"
66.29.146.47 - - [05/Jul/2025:19:50:53 -0400] "POST /wp-cron.php?doing_wp_cron=1751759453.6793470382690429687500 HTTP/1.1" 403 1242 "-" "WordPress/6.8; https://shabwahrefinery.com"
170.83.49.7 - - [05/Jul/2025:19:50:47 -0400] "POST /wp-login.php HTTP/1.1" 200 1904 "-" "Mozilla/5.0"
185.238.75.243 - - [05/Jul/2025:19:55:45 -0400] "GET /xmlrpc.php HTTP/1.1" 403 1242 "http://shabwahrefinery.com" "Mozilla/5.0 (Macintosh; Intel Mac OS X 14.5) AppleWebKit/618.3.5 (KHTML, like Gecko) Version/17.4 Safari/618.3.5"
66.29.146.47 - - [05/Jul/2025:19:55:48 -0400] "POST /wp-cron.php?doing_wp_cron=1751759748.4448320865631103515625 HTTP/1.1" 403 1242 "-" "WordPress/6.8; https://shabwahrefinery.com"
185.238.75.243 - - [05/Jul/2025:19:55:46 -0400] "POST /wp-login.php HTTP/1.1" 200 1904 "https://shabwahrefinery.com" "Mozilla/5.0 (Windows NT 10.0; Win64; x64) AppleWebKit/537.36 (KHTML, like Gecko) Chrome/115.0.5790.171 Safari/537.36 Edg/115.0.1901.203"
66.29.146.47 - - [05/Jul/2025:19:59:53 -0400] "POST /wp-cron.php?doing_wp_cron=1751759993.3387689590454101562500 HTTP/1.1" 403 1242 "-" "WordPress/6.8; https://shabwahrefinery.com"
170.83.49.7 - - [05/Jul/2025:19:59:50 -0400] "POST /wp-login.php HTTP/1.1" 200 1904 "-" "Mozilla/5.0"
89.45.83.89 - - [05/Jul/2025:20:08:23 -0400] "GET /xmlrpc.php HTTP/1.1" 403 1242 "http://shabwahrefinery.com" "Mozilla/5.0 (Windows NT 10.0; Win64; x64) AppleWebKit/537.36 (KHTML, like Gecko) Chrome/115.0.5790.171 Safari/537.36 Edg/115.0.1901.203"
66.29.146.47 - - [05/Jul/2025:20:08:26 -0400] "POST /wp-cron.php?doing_wp_cron=1751760506.2490289211273193359375 HTTP/1.1" 403 1242 "-" "WordPress/6.8; https://shabwahrefinery.com"
89.45.83.89 - - [05/Jul/2025:20:08:23 -0400] "POST /wp-login.php HTTP/1.1" 200 1903 "https://shabwahrefinery.com" "Mozilla/5.0 (Macintosh; Intel Mac OS X 13.3; rv:126.0) Gecko/20100101 Firefox/126.0"
170.83.49.7 - - [05/Jul/2025:20:08:52 -0400] "POST /wp-login.php HTTP/1.1" 200 1903 "-" "Mozilla/5.0"
167.71.222.191 - - [05/Jul/2025:20:09:16 -0400] "GET /xmlrpc.php HTTP/1.1" 403 1242 "http://shabwahrefinery.com/xmlrpc.php" "Mozilla/5.0 (X11; Ubuntu; Linux x86_64; rv:85.0) Gecko/20100101 Firefox/91.0"
198.235.24.146 - - [05/Jul/2025:20:09:44 -0400] "GET / HTTP/1.1" 200 1278 "http://104.21.12.13:80/" "-"
66.29.146.47 - - [05/Jul/2025:20:17:48 -0400] "POST /wp-cron.php?doing_wp_cron=1751761068.8066248893737792968750 HTTP/1.1" 403 1242 "-" "WordPress/6.8; https://shabwahrefinery.com"
170.83.49.7 - - [05/Jul/2025:20:17:45 -0400] "POST /wp-login.php HTTP/1.1" 200 1903 "-" "Mozilla/5.0"
47.82.60.14 - - [05/Jul/2025:20:19:06 -0400] "GET /wp-includes/sodium_compat/namespaced/Core/Curve25519/Ge/P1p1.php HTTP/1.1" 403 1242 "https://shabwahrefinery.com/wp-includes/sodium_compat/namespaced/Core/Curve25519/Ge/P1p1.php" "Mozilla/5.0 (Windows NT 10.0; Win64; x64) AppleWebKit/537.36 (KHTML, like Gecko) Chrome/114.0.0.0 Safari/537.36 Edg/114.0.1823.43"
85.239.243.68 - - [05/Jul/2025:20:20:54 -0400] "GET /xmlrpc.php HTTP/1.1" 403 1242 "http://shabwahrefinery.com" "Mozilla/5.0 (Macintosh; Intel Mac OS X 14.5) AppleWebKit/618.3.5 (KHTML, like Gecko) Version/17.4 Safari/618.3.5"
66.29.146.47 - - [05/Jul/2025:20:20:56 -0400] "POST /wp-cron.php?doing_wp_cron=1751761256.7528910636901855468750 HTTP/1.1" 403 1242 "-" "WordPress/6.8; https://shabwahrefinery.com"
85.239.243.68 - - [05/Jul/2025:20:20:54 -0400] "POST /wp-login.php HTTP/1.1" 200 1903 "https://shabwahrefinery.com" "Mozilla/5.0 (Windows NT 10.0; Win64; x64; rv:126.0) Gecko/20100101 Firefox/126.0"
66.29.146.47 - - [05/Jul/2025:20:26:56 -0400] "POST /wp-cron.php?doing_wp_cron=1751761616.2350490093231201171875 HTTP/1.1" 403 1242 "-" "WordPress/6.8; https://shabwahrefinery.com"
170.83.49.7 - - [05/Jul/2025:20:26:51 -0400] "POST /wp-login.php HTTP/1.1" 200 1903 "-" "Mozilla/5.0"
91.151.95.70 - - [05/Jul/2025:20:33:36 -0400] "GET /xmlrpc.php HTTP/1.1" 403 1242 "http://shabwahrefinery.com" "Mozilla/5.0 (Windows NT 10.0; Win64; x64) AppleWebKit/537.36 (KHTML, like Gecko) Chrome/126.0.0.0 Safari/537.36 Edg/126.0.0.0"
66.29.146.47 - - [05/Jul/2025:20:33:43 -0400] "POST /wp-cron.php?doing_wp_cron=1751762023.2422139644622802734375 HTTP/1.1" 403 1242 "-" "WordPress/6.8; https://shabwahrefinery.com"
91.151.95.70 - - [05/Jul/2025:20:33:37 -0400] "POST /wp-login.php HTTP/1.1" 200 1903 "https://shabwahrefinery.com" "Mozilla/5.0 (Macintosh; Intel Mac OS X 10_15_7; rv:126.0) Gecko/20100101 Firefox/126.0"
91.134.91.17 - - [05/Jul/2025:20:34:16 -0400] "GET / HTTP/1.1" 200 1278 "-" "Mozilla/5.0 (Debian; Linux x86_64) AppleWebKit/537.36 (KHTML, like Gecko) Chrome/119.0.0.0 Safari/537.36"
124.198.131.200 - - [05/Jul/2025:20:34:53 -0400] "POST /wp-plain.php HTTP/1.1" 404 1251 "www.google.com" "Mozilla/5.0 (Linux; Android 7.0; SM-G892A Bulid/NRD90M; wv) AppleWebKit/537.36 (KHTML, like Gecko) Version/4.0 Chrome/60.0.3112.107 Moblie Safari/537.36"
124.198.131.200 - - [05/Jul/2025:20:34:53 -0400] "POST /ALFA_DATA/alfacgiapi/perl.alfa HTTP/1.1" 404 1251 "www.google.com" "Mozlila/5.0 (Linux; Android 7.0; SM-G892A Bulid/NRD90M; wv) AppleWebKit/537.36 (KHTML, like Gecko) Version/4.0 Chrome/60.0.3112.107 Moblie Safari/537.36"
124.198.131.200 - - [05/Jul/2025:20:34:53 -0400] "GET /wp-content/plugins/fix/up.php HTTP/1.1" 404 1251 "-" "Mozilla/5.0 (Windows NT 10.0; Win64; x64) AppleWebKit/537.36 (KHTML, like Gecko) Chrome/85.0.4183.102 Safari/537.36"
124.198.131.200 - - [05/Jul/2025:20:34:53 -0400] "GET /wp-content/themes/seotheme/db.php?u HTTP/1.1" 404 1251 "www.google.com" "Mozlila/5.0 (Linux; Android 7.0; SM-G892A Bulid/NRD90M; wv) AppleWebKit/537.36 (KHTML, like Gecko) Version/4.0 Chrome/60.0.3112.107 Moblie Safari/537.36"
124.198.131.200 - - [05/Jul/2025:20:34:53 -0400] "GET /vhntnjxp.php?Fox=d3wL7 HTTP/1.1" 404 1251 "www.google.com" "Mozilla/5.0 (Linux; Android 7.0; SM-G892A Bulid/NRD90M; wv) AppleWebKit/537.36 (KHTML, like Gecko) Version/4.0 Chrome/60.0.3112.107 Moblie Safari/537.36"
124.198.131.200 - - [05/Jul/2025:20:34:53 -0400] "GET / HTTP/1.1" 200 1278 "-" "Mozlila/5.0 (Linux; Android 7.0; SM-G892A Bulid/NRD90M; wv) AppleWebKit/537.36 (KHTML, like Gecko) Version/4.0 Chrome/60.0.3112.107 Moblie Safari/537.36"
124.198.131.200 - - [05/Jul/2025:20:34:53 -0400] "GET /wp-content/themes/seotheme/db.php?u HTTP/1.1" 404 1251 "www.google.com" "Mozlila/5.0 (Linux; Android 7.0; SM-G892A Bulid/NRD90M; wv) AppleWebKit/537.36 (KHTML, like Gecko) Version/4.0 Chrome/60.0.3112.107 Moblie Safari/537.36"
124.198.131.200 - - [05/Jul/2025:20:34:53 -0400] "POST /alfacgiapi/perl.alfa HTTP/1.1" 404 1251 "www.google.com" "Mozlila/5.0 (Linux; Android 7.0; SM-G892A Bulid/NRD90M; wv) AppleWebKit/537.36 (KHTML, like Gecko) Version/4.0 Chrome/60.0.3112.107 Moblie Safari/537.36"
124.198.131.200 - - [05/Jul/2025:20:34:53 -0400] "GET /wp-content/plugins/apikey/apikey.php?test=hello HTTP/1.1" 404 1251 "-" "Mozlila/5.0 (Linux; Android 7.0; SM-G892A Bulid/NRD90M; wv) AppleWebKit/537.36 (KHTML, like Gecko) Version/4.0 Chrome/60.0.3112.107 Moblie Safari/537.36"
124.198.131.200 - - [05/Jul/2025:20:34:53 -0400] "GET /plugins/content/apismtp/apismtp.php?test=hello HTTP/1.1" 403 1242 "-" "Mozlila/5.0 (Linux; Android 7.0; SM-G892A Bulid/NRD90M; wv) AppleWebKit/537.36 (KHTML, like Gecko) Version/4.0 Chrome/60.0.3112.107 Moblie Safari/537.36"
124.198.131.200 - - [05/Jul/2025:20:34:53 -0400] "GET /wp-content/plugins/apikey/apikey.php.suspected?test=hello HTTP/1.1" 404 1251 "-" "Mozlila/5.0 (Linux; Android 7.0; SM-G892A Bulid/NRD90M; wv) AppleWebKit/537.36 (KHTML, like Gecko) Version/4.0 Chrome/60.0.3112.107 Moblie Safari/537.36"
124.198.131.200 - - [05/Jul/2025:20:34:54 -0400] "GET /plugins/content/apismtp/apismtp.php.suspected?test=hello HTTP/1.1" 404 1251 "-" "Mozlila/5.0 (Linux; Android 7.0; SM-G892A Bulid/NRD90M; wv) AppleWebKit/537.36 (KHTML, like Gecko) Version/4.0 Chrome/60.0.3112.107 Moblie Safari/537.36"
66.29.146.47 - - [05/Jul/2025:20:36:08 -0400] "POST /wp-cron.php?doing_wp_cron=1751762168.5416750907897949218750 HTTP/1.1" 403 1242 "-" "WordPress/6.8; https://shabwahrefinery.com"
170.83.49.7 - - [05/Jul/2025:20:36:04 -0400] "POST /wp-login.php HTTP/1.1" 200 1903 "-" "Mozilla/5.0"
66.29.146.47 - - [05/Jul/2025:20:45:17 -0400] "POST /wp-cron.php?doing_wp_cron=1751762716.9542930126190185546875 HTTP/1.1" 403 1242 "-" "WordPress/6.8; https://shabwahrefinery.com"
170.83.49.7 - - [05/Jul/2025:20:45:12 -0400] "POST /wp-login.php HTTP/1.1" 200 1903 "-" "Mozilla/5.0"
2001:41d0:203:b338:: - - [05/Jul/2025:20:45:43 -0400] "GET /xmlrpc.php HTTP/1.1" 403 1242 "http://shabwahrefinery.com/xmlrpc.php" "Mozilla/5.0 (X11; Ubuntu; Linux x86_64; rv:85.0) Gecko/20100101 Firefox/91.0"
185.249.227.165 - - [05/Jul/2025:20:46:32 -0400] "GET /xmlrpc.php HTTP/1.1" 403 1242 "http://shabwahrefinery.com" "Mozilla/5.0 (Windows NT 10.0; Win64; x64; rv:126.0) Gecko/20100101 Firefox/126.0"
66.29.146.47 - - [05/Jul/2025:20:46:33 -0400] "POST /wp-cron.php?doing_wp_cron=1751762793.0479741096496582031250 HTTP/1.1" 403 1242 "-" "WordPress/6.8; https://shabwahrefinery.com"
185.249.227.165 - - [05/Jul/2025:20:46:32 -0400] "POST /wp-login.php HTTP/1.1" 200 1903 "https://shabwahrefinery.com" "Mozilla/5.0 (Windows NT 10.0; Win64; x64) AppleWebKit/537.36 (KHTML, like Gecko) Chrome/114.0.5735.199 Safari/537.36 Edg/114.0.1823.67"
66.29.146.47 - - [05/Jul/2025:20:51:45 -0400] "POST /wp-cron.php?doing_wp_cron=1751763105.7427079677581787109375 HTTP/1.1" 403 1242 "-" "WordPress/6.8; https://shabwahrefinery.com"
209.141.36.186 - - [05/Jul/2025:20:51:41 -0400] "GET /wp-login.php HTTP/1.1" 200 1782 "-" "Mozilla/5.0 (Windows NT 6.3; WOW64) AppleWebKit/537.36 (KHTML, like Gecko) Chrome/35.0.1916.153 Safari/537.36"
209.141.36.186 - - [05/Jul/2025:20:51:51 -0400] "POST /wp-login.php HTTP/1.1" 200 1914 "-" "Mozilla/5.0 (Windows NT 6.3; WOW64) AppleWebKit/537.36 (KHTML, like Gecko) Chrome/35.0.1916.153 Safari/537.36"
34.162.250.238 - - [05/Jul/2025:20:53:51 -0400] "GET /.git/config HTTP/1.1" 403 1242 "-" "ct\xe2\x80\x91git\xe2\x80\x91scanner/0.4"
34.162.250.238 - - [05/Jul/2025:20:53:51 -0400] "GET /.git/HEAD HTTP/1.1" 403 1242 "-" "ct\xe2\x80\x91git\xe2\x80\x91scanner/0.4"
66.29.146.47 - - [05/Jul/2025:20:54:26 -0400] "POST /wp-cron.php?doing_wp_cron=1751763266.5459389686584472656250 HTTP/1.1" 403 1242 "-" "WordPress/6.8; https://shabwahrefinery.com"
170.83.49.7 - - [05/Jul/2025:20:54:19 -0400] "POST /wp-login.php HTTP/1.1" 200 1903 "-" "Mozilla/5.0"
37.61.155.189 - - [05/Jul/2025:20:59:23 -0400] "GET /xmlrpc.php HTTP/1.1" 403 1242 "http://shabwahrefinery.com" "Mozilla/5.0 (Windows NT 10.0; Win64; x64) AppleWebKit/537.36 (KHTML, like Gecko) Chrome/114.0.5735.134 Safari/537.36"
66.29.146.47 - - [05/Jul/2025:20:59:31 -0400] "POST /wp-cron.php?doing_wp_cron=1751763571.4476509094238281250000 HTTP/1.1" 403 1242 "-" "WordPress/6.8; https://shabwahrefinery.com"
37.61.155.189 - - [05/Jul/2025:20:59:24 -0400] "POST /wp-login.php HTTP/1.1" 200 1903 "https://shabwahrefinery.com" "Mozilla/5.0 (Macintosh; Intel Mac OS X 10_15_7) AppleWebKit/537.36 (KHTML, like Gecko) Chrome/112.0.5615.138 Safari/537.36"
66.29.146.47 - - [05/Jul/2025:21:04:02 -0400] "POST /wp-cron.php?doing_wp_cron=1751763842.2539579868316650390625 HTTP/1.1" 403 1242 "-" "WordPress/6.8; https://shabwahrefinery.com"
170.83.49.7 - - [05/Jul/2025:21:03:50 -0400] "POST /wp-login.php HTTP/1.1" 200 1903 "-" "Mozilla/5.0"
2806:2f0:5341:e712:419:650d:934a:7768 - - [05/Jul/2025:21:08:20 -0400] "POST /xmlrpc.php HTTP/1.1" 403 1242 "-" "Mozilla/5.0 (Windows NT 10.0; Win64; x64) AppleWebKit/537.36 (KHTML, like Gecko) Chrome/91.0.4472.124 Safari/537.36"
47.82.60.30 - - [05/Jul/2025:21:10:57 -0400] "GET /wp-includes/sodium_compat/namespaced/Core/Curve25519/Ge/P2.php HTTP/1.1" 403 1242 "https://shabwahrefinery.com/wp-includes/sodium_compat/namespaced/Core/Curve25519/Ge/P2.php" "Mozilla/5.0 (Windows NT 10.0; Win64; x64) AppleWebKit/537.36 (KHTML, like Gecko) Chrome/114.0.0.0 Safari/537.36 Edg/114.0.1823.43"
2001:41d0:403:20c2::1 - - [05/Jul/2025:21:11:51 -0400] "GET /xmlrpc.php HTTP/1.1" 403 1242 "http://shabwahrefinery.com" "Mozilla/5.0 (Macintosh; Intel Mac OS X 10_15_7) AppleWebKit/537.36 (KHTML, like Gecko) Chrome/116.0.5845.96 Safari/537.36"
2001:41d0:403:20c2::1 - - [05/Jul/2025:21:11:52 -0400] "POST /wp-login.php HTTP/1.1" 200 0 "https://shabwahrefinery.com" "Mozilla/5.0 (Windows NT 10.0; Win64; x64) AppleWebKit/537.36 (KHTML, like Gecko) Chrome/114.0.5735.134 Safari/537.36"
66.29.146.47 - - [05/Jul/2025:21:12:02 -0400] "POST /wp-cron.php?doing_wp_cron=1751764321.6448619365692138671875 HTTP/1.1" 403 1242 "-" "WordPress/6.8; https://shabwahrefinery.com"
66.29.146.47 - - [05/Jul/2025:21:13:04 -0400] "POST /wp-cron.php?doing_wp_cron=1751764384.1492209434509277343750 HTTP/1.1" 403 1242 "-" "WordPress/6.8; https://shabwahrefinery.com"
170.83.49.7 - - [05/Jul/2025:21:13:03 -0400] "POST /wp-login.php HTTP/1.1" 200 1903 "-" "Mozilla/5.0"
113.141.91.58 - - [05/Jul/2025:21:16:14 -0400] "GET / HTTP/1.1" 200 1278 "http://shabwahrefinery.com" "Mozilla/5.0 (iPhone; CPU iPhone OS 13_2_3 like Mac OS X) AppleWebKit/605.1.15 (KHTML, like Gecko) Version/13.0.3 Mobile/15E148 Safari/604.1"
194.163.152.77 - - [05/Jul/2025:21:21:31 -0400] "GET / HTTP/1.1" 200 1278 "-" "Opera/7.50 (Windows ME; U) [en]"
194.163.152.77 - - [05/Jul/2025:21:21:51 -0400] "GET /_autoindex/assets/js/tablesort.js HTTP/1.1" 304 0 "-" "Mozilla/5.0 (Windows NT 6.1; WOW64) AppleWebKit/537.36 (KHTML, like Gecko) Chrome/69.0.3947.100 Safari/537.36"
194.163.152.77 - - [05/Jul/2025:21:21:51 -0400] "GET /_autoindex/assets/js/tablesort.number.js HTTP/1.1" 304 0 "-" "Mozilla/5.0 (X11; U; Linux i686; en-US; rv:1.9.0.11) Gecko/2009060309 Ubuntu/9.10 (karmic) Firefox/3.0.11"
66.29.146.47 - - [05/Jul/2025:21:22:05 -0400] "POST /wp-cron.php?doing_wp_cron=1751764925.6408939361572265625000 HTTP/1.1" 403 1242 "-" "WordPress/6.8; https://shabwahrefinery.com"
170.83.49.7 - - [05/Jul/2025:21:21:56 -0400] "POST /wp-login.php HTTP/1.1" 200 1903 "-" "Mozilla/5.0"
62.84.96.179 - - [05/Jul/2025:21:22:20 -0400] "GET /en/ HTTP/1.1" 404 1251 "https://shabwahrefinery.com/en/" "Mozilla/5.0 (Windows NT 10.0; Win64; x64) AppleWebKit/537.36 (KHTML, like Gecko) Chrome/130.0.0.0 Safari/537.36 CCleaner/130.0.0.0"
62.84.96.179 - - [05/Jul/2025:21:22:20 -0400] "GET / HTTP/1.1" 200 1278 "https://shabwahrefinery.com/" "Mozilla/5.0 (Windows NT 10.0; Win64; x64) AppleWebKit/537.36 (KHTML, like Gecko) Chrome/130.0.0.0 Safari/537.36 CCleaner/130.0.0.0"
62.169.20.37 - - [05/Jul/2025:21:24:44 -0400] "GET /xmlrpc.php HTTP/1.1" 403 1242 "http://shabwahrefinery.com/xmlrpc.php" "Mozilla/5.0 (X11; Ubuntu; Linux x86_64; rv:85.0) Gecko/20100101 Firefox/91.0"
66.29.146.47 - - [05/Jul/2025:21:30:50 -0400] "POST /wp-cron.php?doing_wp_cron=1751765450.1491389274597167968750 HTTP/1.1" 403 1242 "-" "WordPress/6.8; https://shabwahrefinery.com"
170.83.49.7 - - [05/Jul/2025:21:30:40 -0400] "POST /wp-login.php HTTP/1.1" 200 1903 "-" "Mozilla/5.0"
122.180.244.216 - - [05/Jul/2025:21:36:50 -0400] "GET /xmlrpc.php HTTP/1.1" 403 1242 "http://shabwahrefinery.com" "Mozilla/5.0 (Windows NT 10.0; Win64; x64) AppleWebKit/537.36 (KHTML, like Gecko) Chrome/113.0.5672.93 Safari/537.36"
122.180.244.216 - - [05/Jul/2025:21:36:51 -0400] "POST /wp-login.php HTTP/1.1" 200 0 "https://shabwahrefinery.com" "Mozilla/5.0 (Windows NT 10.0; Win64; x64) AppleWebKit/537.36 (KHTML, like Gecko) Chrome/115.0.5790.102 Safari/537.36"
66.29.146.47 - - [05/Jul/2025:21:37:13 -0400] "POST /wp-cron.php?doing_wp_cron=1751765832.9526000022888183593750 HTTP/1.1" 403 1242 "-" "WordPress/6.8; https://shabwahrefinery.com"
3.94.40.182 - - [05/Jul/2025:21:37:21 -0400] "GET /?MD HTTP/1.1" 200 1266 "-" "Mozilla/5.0 AppleWebKit/537.36 (KHTML, like Gecko; compatible; Amazonbot/0.1; +https://developer.amazon.com/support/amazonbot) Chrome/119.0.6045.214 Safari/537.36"
170.83.49.7 - - [05/Jul/2025:21:39:35 -0400] "POST /wp-login.php HTTP/1.1" 200 0 "-" "Mozilla/5.0"
66.29.146.47 - - [05/Jul/2025:21:40:03 -0400] "POST /wp-cron.php?doing_wp_cron=1751766003.1608440876007080078125 HTTP/1.1" 403 1242 "-" "WordPress/6.8; https://shabwahrefinery.com"
66.249.73.131 - - [05/Jul/2025:21:46:06 -0400] "GET /robots.txt HTTP/1.1" 404 1251 "-" "Mozilla/5.0 (compatible; Googlebot/2.1; +http://www.google.com/bot.html)"
66.249.73.131 - - [05/Jul/2025:21:46:06 -0400] "GET /wp-includes/images/toggle-arrow.png HTTP/1.1" 200 289 "-" "Googlebot-Image/1.0"
66.29.146.47 - - [05/Jul/2025:21:48:23 -0400] "POST /wp-cron.php?doing_wp_cron=1751766503.0481519699096679687500 HTTP/1.1" 403 1242 "-" "WordPress/6.8; https://shabwahrefinery.com"
170.83.49.7 - - [05/Jul/2025:21:48:14 -0400] "POST /wp-login.php HTTP/1.1" 200 1903 "-" "Mozilla/5.0"
51.91.105.134 - - [05/Jul/2025:21:49:15 -0400] "GET /xmlrpc.php HTTP/1.1" 403 1242 "http://shabwahrefinery.com" "Mozilla/5.0 (Macintosh; Intel Mac OS X 14.5) AppleWebKit/618.3.5 (KHTML, like Gecko) Version/17.4 Safari/618.3.5"
51.91.105.134 - - [05/Jul/2025:21:49:16 -0400] "POST /wp-login.php HTTP/1.1" 200 1903 "https://shabwahrefinery.com" "Mozilla/5.0 (Windows NT 10.0; Win64; x64) AppleWebKit/537.36 (KHTML, like Gecko) Chrome/112.0.5615.138 Safari/537.36"
66.29.146.47 - - [05/Jul/2025:21:57:03 -0400] "POST /wp-cron.php?doing_wp_cron=1751767023.4393670558929443359375 HTTP/1.1" 403 1242 "-" "WordPress/6.8; https://shabwahrefinery.com"
170.83.49.7 - - [05/Jul/2025:21:56:56 -0400] "POST /wp-login.php HTTP/1.1" 200 1903 "-" "Mozilla/5.0"
135.125.181.14 - - [05/Jul/2025:22:01:40 -0400] "GET /xmlrpc.php HTTP/1.1" 403 1242 "http://shabwahrefinery.com" "Mozilla/5.0 (Macintosh; Intel Mac OS X 13.3; rv:126.0) Gecko/20100101 Firefox/126.0"
66.29.146.47 - - [05/Jul/2025:22:01:48 -0400] "POST /wp-cron.php?doing_wp_cron=1751767307.7647430896759033203125 HTTP/1.1" 403 1242 "-" "WordPress/6.8; https://shabwahrefinery.com"
135.125.181.14 - - [05/Jul/2025:22:01:41 -0400] "POST /wp-login.php HTTP/1.1" 200 1903 "https://shabwahrefinery.com" "Mozilla/5.0 (Windows NT 10.0; Win64; x64) AppleWebKit/537.36 (KHTML, like Gecko) Chrome/126.0.0.0 Safari/537.36 Edg/126.0.0.0"
66.29.146.47 - - [05/Jul/2025:22:06:03 -0400] "POST /wp-cron.php?doing_wp_cron=1751767563.0219180583953857421875 HTTP/1.1" 403 1242 "-" "WordPress/6.8; https://shabwahrefinery.com"
170.83.49.7 - - [05/Jul/2025:22:05:53 -0400] "POST /wp-login.php HTTP/1.1" 200 1903 "-" "Mozilla/5.0"
52.167.144.225 - - [05/Jul/2025:22:06:45 -0400] "GET /good/decnwk-s11577640.html HTTP/1.1" 404 1251 "-" "Mozilla/5.0 AppleWebKit/537.36 (KHTML, like Gecko; compatible; bingbot/2.0; +http://www.bing.com/bingbot.htm) Chrome/116.0.1938.76 Safari/537.36"
103.174.50.180 - - [05/Jul/2025:22:07:43 -0400] "GET /xmlrpc.php HTTP/1.1" 403 1242 "http://shabwahrefinery.com/xmlrpc.php" "Mozilla/5.0 (X11; Ubuntu; Linux x86_64; rv:85.0) Gecko/20100101 Firefox/91.0"
2001:4ca0:108:42::24 - - [05/Jul/2025:22:13:06 -0400] "GET /robots.txt HTTP/1.1" 404 1251 "-" "Mozilla/5.0 (Windows NT 10.0; Win64; x64) AppleWebKit/537.36 (KHTML, like Gecko) Chrome/103.0.5060.134 Safari/537.36"
2.58.81.109 - - [05/Jul/2025:22:14:32 -0400] "GET /xmlrpc.php HTTP/1.1" 403 1242 "http://shabwahrefinery.com" "Mozilla/5.0 (Windows NT 10.0; Win64; x64) AppleWebKit/537.36 (KHTML, like Gecko) Chrome/112.0.5615.138 Safari/537.36"
66.29.146.47 - - [05/Jul/2025:22:14:42 -0400] "POST /wp-cron.php?doing_wp_cron=1751768081.6516880989074707031250 HTTP/1.1" 403 1242 "-" "WordPress/6.8; https://shabwahrefinery.com"
2.58.81.109 - - [05/Jul/2025:22:14:33 -0400] "POST /wp-login.php HTTP/1.1" 200 1903 "https://shabwahrefinery.com" "Mozilla/5.0 (Macintosh; Intel Mac OS X 14.5) AppleWebKit/618.3.5 (KHTML, like Gecko) Version/17.4 Safari/618.3.5"
170.83.49.7 - - [05/Jul/2025:22:15:16 -0400] "POST /wp-login.php HTTP/1.1" 200 1903 "-" "Mozilla/5.0"
47.82.60.21 - - [05/Jul/2025:22:18:46 -0400] "GET /wp-includes/sodium_compat/namespaced/Core/Curve25519/Ge/Cached.php HTTP/1.1" 403 1242 "https://shabwahrefinery.com/wp-includes/sodium_compat/namespaced/Core/Curve25519/Ge/Cached.php" "Mozilla/5.0 (Windows NT 10.0; Win64; x64) AppleWebKit/537.36 (KHTML, like Gecko) Chrome/114.0.0.0 Safari/537.36 Edg/114.0.1823.43"
170.83.49.7 - - [05/Jul/2025:22:24:34 -0400] "POST /wp-login.php HTTP/1.1" 200 1903 "-" "Mozilla/5.0"
80.94.97.38 - - [05/Jul/2025:22:27:21 -0400] "GET /xmlrpc.php HTTP/1.1" 403 1242 "http://shabwahrefinery.com" "Mozilla/5.0 (Windows NT 10.0; Win64; x64) AppleWebKit/537.36 (KHTML, like Gecko) Chrome/115.0.5790.102 Safari/537.36"
80.94.97.38 - - [05/Jul/2025:22:27:23 -0400] "POST /wp-login.php HTTP/1.1" 200 0 "https://shabwahrefinery.com" "Mozilla/5.0 (Macintosh; Intel Mac OS X 10_15_7; rv:125.0.1) Gecko/20100101 Firefox/125.0.1"
66.29.146.47 - - [05/Jul/2025:22:34:00 -0400] "POST /wp-cron.php?doing_wp_cron=1751769239.3607249259948730468750 HTTP/1.1" 403 1242 "-" "WordPress/6.8; https://shabwahrefinery.com"
170.83.49.7 - - [05/Jul/2025:22:33:50 -0400] "POST /wp-login.php HTTP/1.1" 200 1903 "-" "Mozilla/5.0"
192.250.229.38 - - [05/Jul/2025:22:40:14 -0400] "GET /xmlrpc.php HTTP/1.1" 403 1242 "http://shabwahrefinery.com" "Mozilla/5.0 (Windows NT 10.0; Win64; x64) AppleWebKit/537.36 (KHTML, like Gecko) Chrome/115.0.5790.171 Safari/537.36 Edg/115.0.1901.203"
66.29.146.47 - - [05/Jul/2025:22:40:22 -0400] "POST /wp-cron.php?doing_wp_cron=1751769621.0486280918121337890625 HTTP/1.1" 403 1242 "-" "WordPress/6.8; https://shabwahrefinery.com"
192.250.229.38 - - [05/Jul/2025:22:40:15 -0400] "POST /wp-login.php HTTP/1.1" 200 1903 "https://shabwahrefinery.com" "Mozilla/5.0 (Macintosh; Intel Mac OS X 10_15_7) AppleWebKit/537.36 (KHTML, like Gecko) Chrome/115.0.5790.102 Safari/537.36"
66.29.146.47 - - [05/Jul/2025:22:42:52 -0400] "POST /wp-cron.php?doing_wp_cron=1751769771.7886950969696044921875 HTTP/1.1" 403 1242 "-" "WordPress/6.8; https://shabwahrefinery.com"
170.83.49.7 - - [05/Jul/2025:22:42:45 -0400] "POST /wp-login.php HTTP/1.1" 200 1903 "-" "Mozilla/5.0"
66.29.146.47 - - [05/Jul/2025:22:51:53 -0400] "POST /wp-cron.php?doing_wp_cron=1751770312.1600289344787597656250 HTTP/1.1" 403 1242 "-" "WordPress/6.8; https://shabwahrefinery.com"
170.83.49.7 - - [05/Jul/2025:22:51:40 -0400] "POST /wp-login.php HTTP/1.1" 200 1903 "-" "Mozilla/5.0"
2001:19f0:6801:1636:5400:3ff:fef6:e701 - - [05/Jul/2025:22:52:15 -0400] "GET /xmlrpc.php HTTP/1.1" 403 1242 "http://shabwahrefinery.com/xmlrpc.php" "Mozilla/5.0 (X11; Ubuntu; Linux x86_64; rv:85.0) Gecko/20100101 Firefox/91.0"
194.164.54.162 - - [05/Jul/2025:22:53:26 -0400] "GET /xmlrpc.php HTTP/1.1" 403 1242 "http://shabwahrefinery.com" "Mozilla/5.0 (Windows NT 10.0; Win64; x64) AppleWebKit/537.36 (KHTML, like Gecko) Chrome/116.0.5845.96 Safari/537.36 Edg/116.0.1938.62"
194.164.54.162 - - [05/Jul/2025:22:53:27 -0400] "POST /wp-login.php HTTP/1.1" 200 0 "https://shabwahrefinery.com" "Mozilla/5.0 (Windows NT 10.0; Win64; x64; rv:127.0) Gecko/20100101 Firefox/127.0"
170.83.49.7 - - [05/Jul/2025:23:00:21 -0400] "POST /wp-login.php HTTP/1.1" 200 1903 "-" "Mozilla/5.0"
172.207.228.117 - - [05/Jul/2025:23:01:24 -0400] "GET /wp-admin/css/ HTTP/1.1" 200 2671 "binance.com" "Mozilla/5.0 (Windows NT 10.0; Win64; x64) AppleWebKit/537.36 (KHTML, like Gecko) Chrome/90.0.4430.85 Safari/537.36"
172.207.228.117 - - [05/Jul/2025:23:01:42 -0400] "GET /wp-content/uploads/2025/07/ HTTP/1.1" 404 1251 "binance.com" "Mozilla/5.0 (Windows NT 10.0; Win64; x64) AppleWebKit/537.36 (KHTML, like Gecko) Chrome/90.0.4430.85 Safari/537.36"
172.207.228.117 - - [05/Jul/2025:23:01:58 -0400] "GET /wp-content/uploads/2025/06/ HTTP/1.1" 404 1251 "binance.com" "Mozilla/5.0 (Windows NT 10.0; Win64; x64) AppleWebKit/537.36 (KHTML, like Gecko) Chrome/90.0.4430.85 Safari/537.36"
172.207.228.117 - - [05/Jul/2025:23:02:13 -0400] "GET /wp-content/uploads/ HTTP/1.1" 200 1016 "binance.com" "Mozilla/5.0 (Windows NT 10.0; Win64; x64) AppleWebKit/537.36 (KHTML, like Gecko) Chrome/90.0.4430.85 Safari/537.36"
172.207.228.117 - - [05/Jul/2025:23:02:26 -0400] "GET /wp-content/upgrade/ HTTP/1.1" 200 550 "binance.com" "Mozilla/5.0 (Windows NT 10.0; Win64; x64) AppleWebKit/537.36 (KHTML, like Gecko) Chrome/90.0.4430.85 Safari/537.36"
172.207.228.117 - - [05/Jul/2025:23:02:44 -0400] "GET /wp-content/languages/ HTTP/1.1" 404 1251 "binance.com" "Mozilla/5.0 (Windows NT 10.0; Win64; x64) AppleWebKit/537.36 (KHTML, like Gecko) Chrome/90.0.4430.85 Safari/537.36"
172.207.228.117 - - [05/Jul/2025:23:03:11 -0400] "GET /wp-admin/includes/ HTTP/1.1" 200 3340 "binance.com" "Mozilla/5.0 (Windows NT 10.0; Win64; x64) AppleWebKit/537.36 (KHTML, like Gecko) Chrome/90.0.4430.85 Safari/537.36"
172.207.228.117 - - [05/Jul/2025:23:03:27 -0400] "GET /wp-admin/includes/ HTTP/1.1" 200 3340 "binance.com" "Mozilla/5.0 (Windows NT 10.0; Win64; x64) AppleWebKit/537.36 (KHTML, like Gecko) Chrome/90.0.4430.85 Safari/537.36"
172.207.228.117 - - [05/Jul/2025:23:03:39 -0400] "GET /wp-admin/maint/ HTTP/1.1" 200 628 "binance.com" "Mozilla/5.0 (Windows NT 10.0; Win64; x64) AppleWebKit/537.36 (KHTML, like Gecko) Chrome/90.0.4430.85 Safari/537.36"
172.207.228.117 - - [05/Jul/2025:23:03:55 -0400] "GET /wp-admin/maint/ HTTP/1.1" 200 628 "binance.com" "Mozilla/5.0 (Windows NT 10.0; Win64; x64) AppleWebKit/537.36 (KHTML, like Gecko) Chrome/90.0.4430.85 Safari/537.36"
66.29.146.47 - - [05/Jul/2025:23:04:23 -0400] "GET /wp-admin/upgrade.php?step=1 HTTP/1.1" 403 1242 "-" "WordPress/6.8; https://shabwahrefinery.com"
172.207.228.117 - - [05/Jul/2025:23:04:11 -0400] "GET /wp-admin/network/ HTTP/1.1" 302 0 "binance.com" "Mozilla/5.0 (Windows NT 10.0; Win64; x64) AppleWebKit/537.36 (KHTML, like Gecko) Chrome/90.0.4430.85 Safari/537.36"
66.29.146.47 - - [05/Jul/2025:23:04:39 -0400] "GET /wp-admin/upgrade.php?step=1 HTTP/1.1" 403 1242 "-" "WordPress/6.8; https://shabwahrefinery.com"
