47.82.60.8 - - [14/Jul/2025:13:42:55 -0400] "GET /pcmypage?callback=product/detail/tuzukiya-i52-2405 HTTP/1.1" 404 23126 "https://dangroup.sa/pcmypage?callback=product%2Fdetail%2Ftuzukiya-i52-2405" "Mozilla/5.0 (Windows NT 10.0; Win64; x64) AppleWebKit/537.36 (KHTML, like Gecko) Chrome/114.0.0.0 Safari/537.36 Edg/114.0.1823.43"
40.127.130.21 - - [14/Jul/2025:13:42:58 -0400] "GET /wp-content/plugins/about.php HTTP/1.1" 404 23128 "-" "-"
136.243.228.194 - - [14/Jul/2025:13:42:58 -0400] "GET /273hbave19364.html HTTP/1.1" 404 23126 "-" "Mozilla/5.0 (compatible; DataForSeoBot/1.0; +https://dataforseo.com/dataforseo-bot)"
66.29.146.47 - - [14/Jul/2025:13:43:14 -0400] "POST /wp-cron.php?doing_wp_cron=1752514994.3825700283050537109375 HTTP/1.1" 403 1242 "-" "WordPress/6.8; https://dangroup.sa"
47.82.60.6 - - [14/Jul/2025:13:43:17 -0400] "GET /pcmypage?callback=product/detail/moto-occ-10802-01ncn HTTP/1.1" 301 0 "https://www.dangroup.sa/pcmypage?callback=product%2Fdetail%2Fmoto-occ-10802-01ncn" "Mozilla/5.0 (Windows NT 10.0; Win64; x64) AppleWebKit/537.36 (KHTML, like Gecko) Chrome/114.0.0.0 Safari/537.36 Edg/114.0.1823.43"
40.127.130.21 - - [14/Jul/2025:13:43:13 -0400] "GET /wp-admin/css/colors/blue/about.php HTTP/1.1" 200 0 "-" "-"
47.82.60.7 - - [14/Jul/2025:13:43:21 -0400] "GET /30eqfr1111.html HTTP/1.1" 200 0 "https://dangroup.sa/30eqfr1111.html" "Mozilla/5.0 (Windows NT 10.0; Win64; x64) AppleWebKit/537.36 (KHTML, like Gecko) Chrome/114.0.0.0 Safari/537.36 Edg/114.0.1823.43"
47.82.60.55 - - [14/Jul/2025:13:43:27 -0400] "GET /items/ulqhn23/16649?key=terms HTTP/1.1" 301 0 "https://www.dangroup.sa/items/ulqhn23/16649?key=terms" "Mozilla/5.0 (Windows NT 10.0; Win64; x64) AppleWebKit/537.36 (KHTML, like Gecko) Chrome/114.0.0.0 Safari/537.36 Edg/114.0.1823.43"
136.243.228.194 - - [14/Jul/2025:13:43:15 -0400] "GET /23kgwes10572.html HTTP/1.1" 404 23128 "-" "Mozilla/5.0 (compatible; DataForSeoBot/1.0; +https://dataforseo.com/dataforseo-bot)"
47.82.60.8 - - [14/Jul/2025:13:43:17 -0400] "GET /pcmypage?callback=/product/detail*uc-orangetokei-ds-2592468 HTTP/1.1" 404 23128 "https://dangroup.sa/pcmypage?callback=/product%2Fdetail%2Auc-orangetokei-ds-2592468" "Mozilla/5.0 (Windows NT 10.0; Win64; x64) AppleWebKit/537.36 (KHTML, like Gecko) Chrome/114.0.0.0 Safari/537.36 Edg/114.0.1823.43"
40.127.130.21 - - [14/Jul/2025:13:43:28 -0400] "GET /edit.php HTTP/1.1" 200 0 "-" "-"
47.82.60.6 - - [14/Jul/2025:13:43:22 -0400] "GET /pcmypage?callback=product/detail/moto-occ-10802-01ncn HTTP/1.1" 404 23128 "https://www.dangroup.sa/pcmypage?callback=product%2Fdetail%2Fmoto-occ-10802-01ncn" "Mozilla/5.0 (Windows NT 10.0; Win64; x64) AppleWebKit/537.36 (KHTML, like Gecko) Chrome/114.0.0.0 Safari/537.36 Edg/114.0.1823.43"
47.82.60.6 - - [14/Jul/2025:13:43:30 -0400] "GET /pcmypage?callback=product/review/asty-shop-c2-1tdw0ur4ja-8ej6 HTTP/1.1" 404 23126 "https://dangroup.sa/pcmypage?callback=product/review/asty-shop-c2-1tdw0ur4ja-8ej6" "Mozilla/5.0 (Windows NT 10.0; Win64; x64) AppleWebKit/537.36 (KHTML, like Gecko) Chrome/114.0.0.0 Safari/537.36 Edg/114.0.1823.43"
47.82.60.55 - - [14/Jul/2025:13:43:35 -0400] "GET /items/ulqhn23/16649?key=terms HTTP/1.1" 404 23126 "https://www.dangroup.sa/items/ulqhn23/16649?key=terms" "Mozilla/5.0 (Windows NT 10.0; Win64; x64) AppleWebKit/537.36 (KHTML, like Gecko) Chrome/114.0.0.0 Safari/537.36 Edg/114.0.1823.43"
20.171.207.27 - - [14/Jul/2025:13:43:32 -0400] "GET /128skosr20725.html HTTP/1.1" 404 23128 "-" "Mozilla/5.0 AppleWebKit/537.36 (KHTML, like Gecko; compatible; GPTBot/1.2; +https://openai.com/gptbot)"
136.243.228.194 - - [14/Jul/2025:13:43:35 -0400] "GET /items/xyeuo12/9778?key=scratch HTTP/1.1" 404 23126 "-" "Mozilla/5.0 (compatible; DataForSeoBot/1.0; +https://dataforseo.com/dataforseo-bot)"
40.127.130.21 - - [14/Jul/2025:13:43:43 -0400] "GET /options.php HTTP/1.1" 404 23126 "-" "-"
40.127.130.21 - - [14/Jul/2025:13:43:57 -0400] "GET /wp-admin/network/index.php HTTP/1.1" 302 0 "-" "-"
40.127.130.21 - - [14/Jul/2025:13:44:00 -0400] "GET /wp-login.php?redirect_to=https%3A%2F%2Fdangroup.sa%2Fwp-admin%2Fnetwork%2Findex.php&reauth=1 HTTP/1.1" 200 3104 "-" "-"
136.243.228.194 - - [14/Jul/2025:13:43:53 -0400] "GET /items/enypk112/22750?key=ladder HTTP/1.1" 404 23126 "-" "Mozilla/5.0 (compatible; DataForSeoBot/1.0; +https://dataforseo.com/dataforseo-bot)"
40.127.130.21 - - [14/Jul/2025:13:44:03 -0400] "GET /rest-api/about.php HTTP/1.1" 404 23126 "-" "-"
136.243.228.194 - - [14/Jul/2025:13:44:04 -0400] "GET /300njciw37225.html HTTP/1.1" 404 23126 "-" "Mozilla/5.0 (compatible; DataForSeoBot/1.0; +https://dataforseo.com/dataforseo-bot)"
66.29.146.47 - - [14/Jul/2025:13:44:15 -0400] "POST /wp-cron.php?doing_wp_cron=1752515054.9754559993743896484375 HTTP/1.1" 403 1242 "-" "WordPress/6.8; https://dangroup.sa"
40.127.130.21 - - [14/Jul/2025:13:44:13 -0400] "GET /system_log.php HTTP/1.1" 404 23128 "-" "-"
136.243.228.194 - - [14/Jul/2025:13:44:15 -0400] "GET /98ynq14521.html HTTP/1.1" 404 23126 "-" "Mozilla/5.0 (compatible; DataForSeoBot/1.0; +https://dataforseo.com/dataforseo-bot)"
40.127.130.21 - - [14/Jul/2025:13:44:23 -0400] "GET /wp-configs.php HTTP/1.1" 404 23128 "-" "-"
139.162.24.217 - - [14/Jul/2025:13:44:35 -0400] "GET /wp-login.php HTTP/1.1" 200 3092 "-" "Mozilla/5.0 (Windows NT 6.1; WOW64; Trident/7.0; AS; rv:11.0) like Gecko"
136.243.228.194 - - [14/Jul/2025:13:44:28 -0400] "GET /items/dwfyx88/5528?key=hear HTTP/1.1" 404 23126 "-" "Mozilla/5.0 (compatible; DataForSeoBot/1.0; +https://dataforseo.com/dataforseo-bot)"
139.162.24.217 - - [14/Jul/2025:13:44:42 -0400] "POST /wp-login.php HTTP/1.1" 200 3230 "-" "Mozilla/5.0 (Windows NT 6.1; WOW64; Trident/7.0; AS; rv:11.0) like Gecko"
20.171.207.27 - - [14/Jul/2025:13:44:29 -0400] "GET /250csxvy33607.html HTTP/1.1" 404 23126 "-" "Mozilla/5.0 AppleWebKit/537.36 (KHTML, like Gecko; compatible; GPTBot/1.2; +https://openai.com/gptbot)"
40.127.130.21 - - [14/Jul/2025:13:44:38 -0400] "GET /a.php HTTP/1.1" 404 23126 "-" "-"
136.243.228.194 - - [14/Jul/2025:13:44:45 -0400] "GET /items/obdtf274/41076?key=glass HTTP/1.1" 404 23126 "-" "Mozilla/5.0 (compatible; DataForSeoBot/1.0; +https://dataforseo.com/dataforseo-bot)"
40.127.130.21 - - [14/Jul/2025:13:44:52 -0400] "GET /wp-content/themes/sketch/404.php HTTP/1.1" 404 23126 "-" "-"
136.243.228.194 - - [14/Jul/2025:13:44:57 -0400] "GET /45mwcp27706.html HTTP/1.1" 404 23126 "-" "Mozilla/5.0 (compatible; DataForSeoBot/1.0; +https://dataforseo.com/dataforseo-bot)"
40.127.130.21 - - [14/Jul/2025:13:45:02 -0400] "GET /wp-content/plugins/pwnd/pwnd.php HTTP/1.1" 404 23126 "-" "-"
40.127.130.21 - - [14/Jul/2025:13:45:09 -0400] "GET /chosen.php?p= HTTP/1.1" 301 0 "-" "-"
136.243.228.194 - - [14/Jul/2025:13:45:08 -0400] "GET /items/jhvsy247/16765?key=hunger HTTP/1.1" 404 23126 "-" "Mozilla/5.0 (compatible; DataForSeoBot/1.0; +https://dataforseo.com/dataforseo-bot)"
40.127.130.21 - - [14/Jul/2025:13:45:12 -0400] "GET /chosen.php HTTP/1.1" 404 23126 "-" "-"
136.243.228.194 - - [14/Jul/2025:13:45:17 -0400] "GET /165mgrq20202.html HTTP/1.1" 404 23126 "-" "Mozilla/5.0 (compatible; DataForSeoBot/1.0; +https://dataforseo.com/dataforseo-bot)"
136.243.228.194 - - [14/Jul/2025:13:45:27 -0400] "GET /items/kwhxj152/5380?key=salad HTTP/1.1" 404 23126 "-" "Mozilla/5.0 (compatible; DataForSeoBot/1.0; +https://dataforseo.com/dataforseo-bot)"
20.171.207.27 - - [14/Jul/2025:13:45:27 -0400] "GET /164axlfh45693.html HTTP/1.1" 404 23126 "-" "Mozilla/5.0 AppleWebKit/537.36 (KHTML, like Gecko; compatible; GPTBot/1.2; +https://openai.com/gptbot)"
136.243.228.194 - - [14/Jul/2025:13:45:38 -0400] "GET /items/afpct56/20776?key=opportunity HTTP/1.1" 404 23126 "-" "Mozilla/5.0 (compatible; DataForSeoBot/1.0; +https://dataforseo.com/dataforseo-bot)"
66.249.79.135 - - [14/Jul/2025:13:45:50 -0400] "GET /51hkpv762.html HTTP/1.1" 200 86427 "-" "Mozilla/5.0 (Linux; Android 6.0.1; Nexus 5X Build/MMB29P) AppleWebKit/537.36 (KHTML, like Gecko) Chrome/137.0.7151.103 Mobile Safari/537.36 (compatible; Googlebot/2.1; +http://www.google.com/bot.html)"
136.243.228.194 - - [14/Jul/2025:13:45:48 -0400] "GET /98iux11185.html HTTP/1.1" 404 23126 "-" "Mozilla/5.0 (compatible; DataForSeoBot/1.0; +https://dataforseo.com/dataforseo-bot)"
136.243.228.194 - - [14/Jul/2025:13:45:55 -0400] "GET /268hhhyy37213.html HTTP/1.1" 404 23126 "-" "Mozilla/5.0 (compatible; DataForSeoBot/1.0; +https://dataforseo.com/dataforseo-bot)"
136.243.228.194 - - [14/Jul/2025:13:46:03 -0400] "GET /53swvt28436.html HTTP/1.1" 404 23126 "-" "Mozilla/5.0 (compatible; DataForSeoBot/1.0; +https://dataforseo.com/dataforseo-bot)"
66.29.146.47 - - [14/Jul/2025:13:46:16 -0400] "POST /wp-cron.php?doing_wp_cron=1752515175.7862789630889892578125 HTTP/1.1" 403 1242 "-" "WordPress/6.8; https://dangroup.sa"
139.162.24.217 - - [14/Jul/2025:13:46:18 -0400] "GET /wp-login.php HTTP/1.1" 200 3092 "-" "Mozilla/5.0 (Windows NT 6.3; WOW64; rv:40.0) Gecko/20100101 Firefox/40.0"
136.243.228.194 - - [14/Jul/2025:13:46:14 -0400] "GET /12ade41407.html HTTP/1.1" 404 23126 "-" "Mozilla/5.0 (compatible; DataForSeoBot/1.0; +https://dataforseo.com/dataforseo-bot)"
139.162.24.217 - - [14/Jul/2025:13:46:24 -0400] "POST /wp-login.php HTTP/1.1" 200 3272 "-" "Mozilla/5.0 (Windows NT 6.3; WOW64; rv:40.0) Gecko/20100101 Firefox/40.0"
20.171.207.27 - - [14/Jul/2025:13:46:24 -0400] "GET /175vdlrf47254.html HTTP/1.1" 404 23128 "-" "Mozilla/5.0 AppleWebKit/537.36 (KHTML, like Gecko; compatible; GPTBot/1.2; +https://openai.com/gptbot)"
136.243.228.194 - - [14/Jul/2025:13:46:25 -0400] "GET /275hdtu12562.html HTTP/1.1" 404 23126 "-" "Mozilla/5.0 (compatible; DataForSeoBot/1.0; +https://dataforseo.com/dataforseo-bot)"
136.243.228.194 - - [14/Jul/2025:13:46:37 -0400] "GET /18jsry35503.html HTTP/1.1" 404 23126 "-" "Mozilla/5.0 (compatible; DataForSeoBot/1.0; +https://dataforseo.com/dataforseo-bot)"
136.243.228.194 - - [14/Jul/2025:13:46:47 -0400] "GET /items/xtjrc57/16485?key=bullet HTTP/1.1" 404 23126 "-" "Mozilla/5.0 (compatible; DataForSeoBot/1.0; +https://dataforseo.com/dataforseo-bot)"
136.243.228.194 - - [14/Jul/2025:13:46:54 -0400] "GET /items/vqeng48/37308?key=thumb HTTP/1.1" 404 23126 "-" "Mozilla/5.0 (compatible; DataForSeoBot/1.0; +https://dataforseo.com/dataforseo-bot)"
136.243.228.194 - - [14/Jul/2025:13:46:59 -0400] "GET /items/lnjks75/46851?key=huh HTTP/1.1" 404 23126 "-" "Mozilla/5.0 (compatible; DataForSeoBot/1.0; +https://dataforseo.com/dataforseo-bot)"
136.243.228.194 - - [14/Jul/2025:13:47:06 -0400] "GET /206negp31933.html HTTP/1.1" 404 23126 "-" "Mozilla/5.0 (compatible; DataForSeoBot/1.0; +https://dataforseo.com/dataforseo-bot)"
66.29.146.47 - - [14/Jul/2025:13:47:18 -0400] "POST /wp-cron.php?doing_wp_cron=1752515238.3254120349884033203125 HTTP/1.1" 403 1242 "-" "WordPress/6.8; https://dangroup.sa"
136.243.228.194 - - [14/Jul/2025:13:47:17 -0400] "GET /287lqzck34696.html HTTP/1.1" 404 23126 "-" "Mozilla/5.0 (compatible; DataForSeoBot/1.0; +https://dataforseo.com/dataforseo-bot)"
20.171.207.27 - - [14/Jul/2025:13:47:18 -0400] "GET /236bbkhu19773.html HTTP/1.1" 404 23126 "-" "Mozilla/5.0 AppleWebKit/537.36 (KHTML, like Gecko; compatible; GPTBot/1.2; +https://openai.com/gptbot)"
139.162.24.217 - - [14/Jul/2025:13:47:27 -0400] "GET /wp-login.php HTTP/1.1" 200 3092 "-" "Mozilla/5.0 (Windows NT 6.1; WOW64; Trident/7.0; AS; rv:11.0) like Gecko"
136.243.228.194 - - [14/Jul/2025:13:47:29 -0400] "GET /85trlby38440.html HTTP/1.1" 404 23128 "-" "Mozilla/5.0 (compatible; DataForSeoBot/1.0; +https://dataforseo.com/dataforseo-bot)"
139.162.24.217 - - [14/Jul/2025:13:47:35 -0400] "POST /wp-login.php HTTP/1.1" 200 3230 "-" "Mozilla/5.0 (Windows NT 6.1; WOW64; Trident/7.0; AS; rv:11.0) like Gecko"
208.110.64.178 - - [14/Jul/2025:13:47:40 -0400] "GET /wp-content/install.php HTTP/1.1" 200 10 "https://dangroup.sa/wp-content/install.php" "Mozilla/5.0 (Windows NT 10.0; Win64; x64) AppleWebKit/537.36 (KHTML, like Gecko) Chrome/58.0.3029.110 Safari/537.3"
136.243.228.194 - - [14/Jul/2025:13:47:39 -0400] "GET /2vgzsu9151.html HTTP/1.1" 404 23126 "-" "Mozilla/5.0 (compatible; DataForSeoBot/1.0; +https://dataforseo.com/dataforseo-bot)"
136.243.228.194 - - [14/Jul/2025:13:47:47 -0400] "GET /items/iyspt78/49686?key=pasta HTTP/1.1" 404 23126 "-" "Mozilla/5.0 (compatible; DataForSeoBot/1.0; +https://dataforseo.com/dataforseo-bot)"
136.243.228.194 - - [14/Jul/2025:13:47:52 -0400] "GET /items/goehz210/41596?key=cite HTTP/1.1" 404 23126 "-" "Mozilla/5.0 (compatible; DataForSeoBot/1.0; +https://dataforseo.com/dataforseo-bot)"
136.243.228.194 - - [14/Jul/2025:13:47:58 -0400] "GET /items/yapcb232/4292?key=skin HTTP/1.1" 404 23128 "-" "Mozilla/5.0 (compatible; DataForSeoBot/1.0; +https://dataforseo.com/dataforseo-bot)"
136.243.228.194 - - [14/Jul/2025:13:48:03 -0400] "GET /273jmzfh40928.html HTTP/1.1" 404 23126 "-" "Mozilla/5.0 (compatible; DataForSeoBot/1.0; +https://dataforseo.com/dataforseo-bot)"
136.243.228.194 - - [14/Jul/2025:13:48:07 -0400] "GET /items/kjues207/18843?key=choose HTTP/1.1" 404 23126 "-" "Mozilla/5.0 (compatible; DataForSeoBot/1.0; +https://dataforseo.com/dataforseo-bot)"
139.162.24.217 - - [14/Jul/2025:13:48:13 -0400] "GET /wp-login.php HTTP/1.1" 200 3127 "-" "Mozilla/5.0 (Windows NT 10.0; Win64; x64) AppleWebKit/537.36 (KHTML, like Gecko) Chrome/58.0.3029.110 Safari/537.3"
136.243.228.194 - - [14/Jul/2025:13:48:14 -0400] "GET /32lsvn20997.html HTTP/1.1" 404 23128 "-" "Mozilla/5.0 (compatible; DataForSeoBot/1.0; +https://dataforseo.com/dataforseo-bot)"
66.29.146.47 - - [14/Jul/2025:13:48:25 -0400] "POST /wp-cron.php?doing_wp_cron=1752515304.6822080612182617187500 HTTP/1.1" 403 1242 "-" "WordPress/6.8; https://dangroup.sa"
139.162.24.217 - - [14/Jul/2025:13:48:21 -0400] "POST /wp-login.php HTTP/1.1" 200 3230 "-" "Mozilla/5.0 (Windows NT 10.0; Win64; x64) AppleWebKit/537.36 (KHTML, like Gecko) Chrome/58.0.3029.110 Safari/537.3"
20.171.207.27 - - [14/Jul/2025:13:48:16 -0400] "GET /206vbosq30669.html HTTP/1.1" 404 23127 "-" "Mozilla/5.0 AppleWebKit/537.36 (KHTML, like Gecko; compatible; GPTBot/1.2; +https://openai.com/gptbot)"
136.243.228.194 - - [14/Jul/2025:13:48:25 -0400] "GET /items/vqpii122/51352?key=proud HTTP/1.1" 404 23128 "-" "Mozilla/5.0 (compatible; DataForSeoBot/1.0; +https://dataforseo.com/dataforseo-bot)"
136.243.228.194 - - [14/Jul/2025:13:48:37 -0400] "GET /1hwt44190.html HTTP/1.1" 404 23126 "-" "Mozilla/5.0 (compatible; DataForSeoBot/1.0; +https://dataforseo.com/dataforseo-bot)"
136.243.228.194 - - [14/Jul/2025:13:48:46 -0400] "GET /items/mztqj192/31630?key=regulatory HTTP/1.1" 404 23128 "-" "Mozilla/5.0 (compatible; DataForSeoBot/1.0; +https://dataforseo.com/dataforseo-bot)"
139.162.24.217 - - [14/Jul/2025:13:48:58 -0400] "GET /wp-login.php HTTP/1.1" 200 3092 "-" "Mozilla/5.0 (Macintosh; Intel Mac OS X 10_11_5) AppleWebKit/537.36 (KHTML, like Gecko) Chrome/50.0.2661.102 Safari/537.36"
136.243.228.194 - - [14/Jul/2025:13:48:56 -0400] "GET /items/orfsn262/4526?key=Olympic HTTP/1.1" 404 23126 "-" "Mozilla/5.0 (compatible; DataForSeoBot/1.0; +https://dataforseo.com/dataforseo-bot)"
157.10.198.144 - - [14/Jul/2025:13:49:03 -0400] "POST /xmlrpc.php HTTP/1.1" 403 1242 "https://dangroup.sa" "Mozilla/5.0 (Macintosh; Intel Mac OS X 10_15_7) AppleWebKit/537.36 (KHTML, like Gecko) Chrome/113.0.5672.93 Safari/537.36"
139.162.24.217 - - [14/Jul/2025:13:49:06 -0400] "POST /wp-login.php HTTP/1.1" 200 3272 "-" "Mozilla/5.0 (Macintosh; Intel Mac OS X 10_11_5) AppleWebKit/537.36 (KHTML, like Gecko) Chrome/50.0.2661.102 Safari/537.36"
136.243.228.194 - - [14/Jul/2025:13:49:02 -0400] "GET /items/nihqe264/27268?key=originally HTTP/1.1" 404 23126 "-" "Mozilla/5.0 (compatible; DataForSeoBot/1.0; +https://dataforseo.com/dataforseo-bot)"
136.243.228.194 - - [14/Jul/2025:13:49:12 -0400] "GET /132umv17213.html HTTP/1.1" 404 23126 "-" "Mozilla/5.0 (compatible; DataForSeoBot/1.0; +https://dataforseo.com/dataforseo-bot)"
20.171.207.27 - - [14/Jul/2025:13:49:15 -0400] "GET /220gbsyc15409.html HTTP/1.1" 404 23126 "-" "Mozilla/5.0 AppleWebKit/537.36 (KHTML, like Gecko; compatible; GPTBot/1.2; +https://openai.com/gptbot)"
136.243.228.194 - - [14/Jul/2025:13:49:22 -0400] "GET /items/hfikw271/46179?key=criticism HTTP/1.1" 404 23126 "-" "Mozilla/5.0 (compatible; DataForSeoBot/1.0; +https://dataforseo.com/dataforseo-bot)"
66.29.146.47 - - [14/Jul/2025:13:49:33 -0400] "POST /wp-cron.php?doing_wp_cron=1752515373.4008600711822509765625 HTTP/1.1" 403 1242 "-" "WordPress/6.8; https://dangroup.sa"
136.243.228.194 - - [14/Jul/2025:13:49:32 -0400] "GET /75pvru17484.html HTTP/1.1" 404 23126 "-" "Mozilla/5.0 (compatible; DataForSeoBot/1.0; +https://dataforseo.com/dataforseo-bot)"
139.162.24.217 - - [14/Jul/2025:13:49:44 -0400] "GET /wp-login.php HTTP/1.1" 200 3092 "-" "Mozilla/5.0 (Windows NT 6.1; WOW64; Trident/7.0; AS; rv:11.0) like Gecko"
136.243.228.194 - - [14/Jul/2025:13:49:41 -0400] "GET /items/fnloc277/49609?key=enjoy HTTP/1.1" 404 23126 "-" "Mozilla/5.0 (compatible; DataForSeoBot/1.0; +https://dataforseo.com/dataforseo-bot)"
66.249.68.134 - - [14/Jul/2025:13:49:52 -0400] "GET /items/ijkgt4/998?key=but HTTP/1.1" 200 87211 "-" "Mozilla/5.0 (Linux; Android 6.0.1; Nexus 5X Build/MMB29P) AppleWebKit/537.36 (KHTML, like Gecko) Chrome/137.0.7151.103 Mobile Safari/537.36 (compatible; Googlebot/2.1; +http://www.google.com/bot.html)"
66.249.68.134 - - [14/Jul/2025:13:49:53 -0400] "GET /items/tcqmj109/6293?key=period HTTP/1.1" 200 86825 "-" "Mozilla/5.0 (Linux; Android 6.0.1; Nexus 5X Build/MMB29P) AppleWebKit/537.36 (KHTML, like Gecko) Chrome/137.0.7151.103 Mobile Safari/537.36 (compatible; Googlebot/2.1; +http://www.google.com/bot.html)"
54.174.58.240 - - [14/Jul/2025:13:49:45 -0400] "GET / HTTP/1.1" 200 33218 "-" "Mozilla/5.0 (compatible; HubSpot Crawler; HubSpot Domain check; +https://www.hubspot.com)"
139.162.24.217 - - [14/Jul/2025:13:49:53 -0400] "POST /wp-login.php HTTP/1.1" 200 3230 "-" "Mozilla/5.0 (Windows NT 6.1; WOW64; Trident/7.0; AS; rv:11.0) like Gecko"
66.249.79.136 - - [14/Jul/2025:13:49:54 -0400] "GET /items/hjxlt14/3472?key=shortage HTTP/1.1" 200 87576 "-" "Mozilla/5.0 (Linux; Android 6.0.1; Nexus 5X Build/MMB29P) AppleWebKit/537.36 (KHTML, like Gecko) Chrome/137.0.7151.103 Mobile Safari/537.36 (compatible; Googlebot/2.1; +http://www.google.com/bot.html)"
136.243.228.194 - - [14/Jul/2025:13:49:50 -0400] "GET /198mikts27741.html HTTP/1.1" 404 23126 "-" "Mozilla/5.0 (compatible; DataForSeoBot/1.0; +https://dataforseo.com/dataforseo-bot)"
66.249.68.133 - - [14/Jul/2025:13:49:56 -0400] "GET /items/yruss55/263?key=path HTTP/1.1" 200 87157 "-" "Mozilla/5.0 (Linux; Android 6.0.1; Nexus 5X Build/MMB29P) AppleWebKit/537.36 (KHTML, like Gecko) Chrome/137.0.7151.103 Mobile Safari/537.36 (compatible; Googlebot/2.1; +http://www.google.com/bot.html)"
66.249.68.132 - - [14/Jul/2025:13:49:57 -0400] "GET /items/gnqwn233/47607?key=tear HTTP/1.1" 200 86436 "-" "Mozilla/5.0 (Linux; Android 6.0.1; Nexus 5X Build/MMB29P) AppleWebKit/537.36 (KHTML, like Gecko) Chrome/137.0.7151.103 Mobile Safari/537.36 (compatible; Googlebot/2.1; +http://www.google.com/bot.html)"
136.243.228.194 - - [14/Jul/2025:13:49:58 -0400] "GET /items/nlcdk292/29732?key=identification HTTP/1.1" 404 23126 "-" "Mozilla/5.0 (compatible; DataForSeoBot/1.0; +https://dataforseo.com/dataforseo-bot)"
136.243.228.194 - - [14/Jul/2025:13:50:03 -0400] "GET /213eufl47420.html HTTP/1.1" 404 23126 "-" "Mozilla/5.0 (compatible; DataForSeoBot/1.0; +https://dataforseo.com/dataforseo-bot)"
136.243.228.194 - - [14/Jul/2025:13:50:09 -0400] "GET /183kwbe2778.html HTTP/1.1" 404 23126 "-" "Mozilla/5.0 (compatible; DataForSeoBot/1.0; +https://dataforseo.com/dataforseo-bot)"
47.82.60.4 - - [14/Jul/2025:13:50:09 -0400] "GET /items/mkgya255/42473?key=certain HTTP/1.1" 404 23126 "https://dangroup.sa/items/mkgya255/42473?key=certain" "Mozilla/5.0 (Windows NT 10.0; Win64; x64) AppleWebKit/537.36 (KHTML, like Gecko) Chrome/114.0.0.0 Safari/537.36 Edg/114.0.1823.43"
47.82.60.17 - - [14/Jul/2025:13:50:16 -0400] "GET /pcmypage?callback=product/review/hatoya-2-cr4520616223618 HTTP/1.1" 301 0 "https://www.dangroup.sa/pcmypage?callback=product/review/hatoya-2-cr4520616223618" "Mozilla/5.0 (Windows NT 10.0; Win64; x64) AppleWebKit/537.36 (KHTML, like Gecko) Chrome/114.0.0.0 Safari/537.36 Edg/114.0.1823.43"
20.171.207.27 - - [14/Jul/2025:13:50:14 -0400] "GET /128ehhnb20163.html HTTP/1.1" 404 23126 "-" "Mozilla/5.0 AppleWebKit/537.36 (KHTML, like Gecko; compatible; GPTBot/1.2; +https://openai.com/gptbot)"
136.243.228.194 - - [14/Jul/2025:13:50:16 -0400] "GET /items/qnicr282/40938?key=bomb HTTP/1.1" 404 23126 "-" "Mozilla/5.0 (compatible; DataForSeoBot/1.0; +https://dataforseo.com/dataforseo-bot)"
47.82.60.17 - - [14/Jul/2025:13:50:20 -0400] "GET /pcmypage?callback=product/review/hatoya-2-cr4520616223618 HTTP/1.1" 404 23126 "https://www.dangroup.sa/pcmypage?callback=product/review/hatoya-2-cr4520616223618" "Mozilla/5.0 (Windows NT 10.0; Win64; x64) AppleWebKit/537.36 (KHTML, like Gecko) Chrome/114.0.0.0 Safari/537.36 Edg/114.0.1823.43"
136.243.228.194 - - [14/Jul/2025:13:50:27 -0400] "GET /129zyr49932.html HTTP/1.1" 404 23126 "-" "Mozilla/5.0 (compatible; DataForSeoBot/1.0; +https://dataforseo.com/dataforseo-bot)"
66.29.146.47 - - [14/Jul/2025:13:50:36 -0400] "POST /wp-cron.php?doing_wp_cron=1752515435.9867949485778808593750 HTTP/1.1" 403 1242 "-" "WordPress/6.8; https://dangroup.sa"
136.243.228.194 - - [14/Jul/2025:13:50:34 -0400] "GET /items/qveze127/16035?key=casualty HTTP/1.1" 404 23126 "-" "Mozilla/5.0 (compatible; DataForSeoBot/1.0; +https://dataforseo.com/dataforseo-bot)"
136.243.228.194 - - [14/Jul/2025:13:50:45 -0400] "GET /items/hyisi16/16822?key=theoretical HTTP/1.1" 404 23126 "-" "Mozilla/5.0 (compatible; DataForSeoBot/1.0; +https://dataforseo.com/dataforseo-bot)"
139.162.24.217 - - [14/Jul/2025:13:50:57 -0400] "GET /wp-login.php HTTP/1.1" 200 3092 "-" "Mozilla/5.0 (Windows NT 6.1; WOW64; Trident/7.0; AS; rv:11.0) like Gecko"
136.243.228.194 - - [14/Jul/2025:13:50:54 -0400] "GET /items/mupzf78/47666?key=south HTTP/1.1" 404 23126 "-" "Mozilla/5.0 (compatible; DataForSeoBot/1.0; +https://dataforseo.com/dataforseo-bot)"
139.162.24.217 - - [14/Jul/2025:13:51:06 -0400] "POST /wp-login.php HTTP/1.1" 200 3272 "-" "Mozilla/5.0 (Windows NT 6.1; WOW64; Trident/7.0; AS; rv:11.0) like Gecko"
136.243.228.194 - - [14/Jul/2025:13:51:04 -0400] "GET /items/josvd42/38710?key=commodity HTTP/1.1" 404 23126 "-" "Mozilla/5.0 (compatible; DataForSeoBot/1.0; +https://dataforseo.com/dataforseo-bot)"
47.82.60.26 - - [14/Jul/2025:13:51:08 -0400] "GET /items/eshny31/34597?key=modify HTTP/1.1" 404 23126 "https://dangroup.sa/items/eshny31/34597?key=modify" "Mozilla/5.0 (Windows NT 10.0; Win64; x64) AppleWebKit/537.36 (KHTML, like Gecko) Chrome/114.0.0.0 Safari/537.36 Edg/114.0.1823.43"
20.171.207.27 - - [14/Jul/2025:13:51:09 -0400] "GET /263oqsxv14076.html HTTP/1.1" 404 23126 "-" "Mozilla/5.0 AppleWebKit/537.36 (KHTML, like Gecko; compatible; GPTBot/1.2; +https://openai.com/gptbot)"
47.82.60.48 - - [14/Jul/2025:13:51:11 -0400] "GET /172jhv10685.html HTTP/1.1" 404 23126 "https://dangroup.sa/172jhv10685.html" "Mozilla/5.0 (Windows NT 10.0; Win64; x64) AppleWebKit/537.36 (KHTML, like Gecko) Chrome/114.0.0.0 Safari/537.36 Edg/114.0.1823.43"
136.243.228.194 - - [14/Jul/2025:13:51:17 -0400] "GET /84lsmuq47949.html HTTP/1.1" 404 23126 "-" "Mozilla/5.0 (compatible; DataForSeoBot/1.0; +https://dataforseo.com/dataforseo-bot)"
66.29.146.47 - - [14/Jul/2025:13:51:36 -0400] "POST /wp-cron.php?doing_wp_cron=1752515495.9987359046936035156250 HTTP/1.1" 403 1242 "-" "WordPress/6.8; https://dangroup.sa"
47.82.60.8 - - [14/Jul/2025:13:51:26 -0400] "GET /items/kzriv259/35519?key=change HTTP/1.1" 404 23126 "https://dangroup.sa/items/kzriv259/35519?key=change" "Mozilla/5.0 (Windows NT 10.0; Win64; x64) AppleWebKit/537.36 (KHTML, like Gecko) Chrome/114.0.0.0 Safari/537.36 Edg/114.0.1823.43"
136.243.228.194 - - [14/Jul/2025:13:51:33 -0400] "GET /157nzy43034.html HTTP/1.1" 404 23126 "-" "Mozilla/5.0 (compatible; DataForSeoBot/1.0; +https://dataforseo.com/dataforseo-bot)"
47.82.60.7 - - [14/Jul/2025:13:51:38 -0400] "GET /246ioo39321.html HTTP/1.1" 404 23126 "https://dangroup.sa/246ioo39321.html" "Mozilla/5.0 (Windows NT 10.0; Win64; x64) AppleWebKit/537.36 (KHTML, like Gecko) Chrome/114.0.0.0 Safari/537.36 Edg/114.0.1823.43"
136.243.228.194 - - [14/Jul/2025:13:51:46 -0400] "GET /items/zqopi157/45925?key=innovation HTTP/1.1" 404 23126 "-" "Mozilla/5.0 (compatible; DataForSeoBot/1.0; +https://dataforseo.com/dataforseo-bot)"
47.82.60.2 - - [14/Jul/2025:13:51:49 -0400] "GET /items/zmopn164/18982?key=starting HTTP/1.1" 404 23126 "https://dangroup.sa/items/zmopn164/18982?key=starting" "Mozilla/5.0 (Windows NT 10.0; Win64; x64) AppleWebKit/537.36 (KHTML, like Gecko) Chrome/114.0.0.0 Safari/537.36 Edg/114.0.1823.43"
136.243.228.194 - - [14/Jul/2025:13:51:55 -0400] "GET /items/yogzg134/30448?key=collective HTTP/1.1" 404 23126 "-" "Mozilla/5.0 (compatible; DataForSeoBot/1.0; +https://dataforseo.com/dataforseo-bot)"
66.249.68.132 - - [14/Jul/2025:13:52:00 -0400] "GET /items/nbktd62/190?key=dark HTTP/1.1" 200 86451 "-" "Mozilla/5.0 (Linux; Android 6.0.1; Nexus 5X Build/MMB29P) AppleWebKit/537.36 (KHTML, like Gecko) Chrome/137.0.7151.103 Mobile Safari/537.36 (compatible; Googlebot/2.1; +http://www.google.com/bot.html)"
66.249.68.133 - - [14/Jul/2025:13:52:04 -0400] "GET /pcmypage?callback=product/review/camera-fanksproshop11-2049-000360 HTTP/1.1" 200 87117 "-" "Mozilla/5.0 (Linux; Android 6.0.1; Nexus 5X Build/MMB29P) AppleWebKit/537.36 (KHTML, like Gecko) Chrome/137.0.7151.103 Mobile Safari/537.36 (compatible; Googlebot/2.1; +http://www.google.com/bot.html)"
47.82.60.43 - - [14/Jul/2025:13:52:06 -0400] "GET /pcmypage?callback=product/review/bellwork-0041841-qq-e-f2-228t HTTP/1.1" 301 0 "https://www.dangroup.sa/pcmypage?callback=product/review/bellwork-0041841-qq-e-f2-228t" "Mozilla/5.0 (Windows NT 10.0; Win64; x64) AppleWebKit/537.36 (KHTML, like Gecko) Chrome/114.0.0.0 Safari/537.36 Edg/114.0.1823.43"
20.171.207.27 - - [14/Jul/2025:13:52:04 -0400] "GET /277wunrc19342.html HTTP/1.1" 404 23126 "-" "Mozilla/5.0 AppleWebKit/537.36 (KHTML, like Gecko; compatible; GPTBot/1.2; +https://openai.com/gptbot)"
136.243.228.194 - - [14/Jul/2025:13:52:04 -0400] "GET /items/skwin4/3988?key=constant HTTP/1.1" 404 23126 "-" "Mozilla/5.0 (compatible; DataForSeoBot/1.0; +https://dataforseo.com/dataforseo-bot)"
47.82.60.16 - - [14/Jul/2025:13:52:12 -0400] "GET /201zhjvk43298.html HTTP/1.1" 404 23126 "https://dangroup.sa/201zhjvk43298.html" "Mozilla/5.0 (Windows NT 10.0; Win64; x64) AppleWebKit/537.36 (KHTML, like Gecko) Chrome/114.0.0.0 Safari/537.36 Edg/114.0.1823.43"
47.82.60.43 - - [14/Jul/2025:13:52:10 -0400] "GET /pcmypage?callback=product/review/bellwork-0041841-qq-e-f2-228t HTTP/1.1" 404 23126 "https://www.dangroup.sa/pcmypage?callback=product/review/bellwork-0041841-qq-e-f2-228t" "Mozilla/5.0 (Windows NT 10.0; Win64; x64) AppleWebKit/537.36 (KHTML, like Gecko) Chrome/114.0.0.0 Safari/537.36 Edg/114.0.1823.43"
136.243.228.194 - - [14/Jul/2025:13:52:16 -0400] "GET /130oeuuv39777.html HTTP/1.1" 404 23126 "-" "Mozilla/5.0 (compatible; DataForSeoBot/1.0; +https://dataforseo.com/dataforseo-bot)"
47.82.60.5 - - [14/Jul/2025:13:52:22 -0400] "GET /130usy32625.html HTTP/1.1" 404 23126 "https://dangroup.sa/130usy32625.html" "Mozilla/5.0 (Windows NT 10.0; Win64; x64) AppleWebKit/537.36 (KHTML, like Gecko) Chrome/114.0.0.0 Safari/537.36 Edg/114.0.1823.43"
66.249.79.137 - - [14/Jul/2025:13:52:30 -0400] "GET /product/edit/hawaiian-shop-kukui-larimar-ring-oval HTTP/1.1" 200 87534 "-" "Mozilla/5.0 (compatible; Googlebot/2.1; +http://www.google.com/bot.html)"
136.243.228.194 - - [14/Jul/2025:13:52:28 -0400] "GET /items/khqlu86/30882?key=motive HTTP/1.1" 404 23128 "-" "Mozilla/5.0 (compatible; DataForSeoBot/1.0; +https://dataforseo.com/dataforseo-bot)"
66.29.146.47 - - [14/Jul/2025:13:52:47 -0400] "POST /wp-cron.php?doing_wp_cron=1752515565.8562090396881103515625 HTTP/1.1" 403 0 "-" "WordPress/6.8; https://dangroup.sa"
139.162.24.217 - - [14/Jul/2025:13:52:43 -0400] "GET /wp-login.php HTTP/1.1" 200 3092 "-" "Mozilla/5.0 (Windows NT 10.0; Win64; x64) AppleWebKit/537.36 (KHTML, like Gecko) Chrome/58.0.3029.110 Safari/537.3"
136.243.228.194 - - [14/Jul/2025:13:52:42 -0400] "GET /80ukf36369.html HTTP/1.1" 404 23126 "-" "Mozilla/5.0 (compatible; DataForSeoBot/1.0; +https://dataforseo.com/dataforseo-bot)"
139.162.24.217 - - [14/Jul/2025:13:52:52 -0400] "POST /wp-login.php HTTP/1.1" 200 3230 "-" "Mozilla/5.0 (Windows NT 10.0; Win64; x64) AppleWebKit/537.36 (KHTML, like Gecko) Chrome/58.0.3029.110 Safari/537.3"
47.82.60.21 - - [14/Jul/2025:13:52:56 -0400] "GET /pcmypage?callback=product/review/seikatu-souko-usdm-3353-4315 HTTP/1.1" 301 0 "https://www.dangroup.sa/pcmypage?callback=product/review/seikatu-souko-usdm-3353-4315" "Mozilla/5.0 (Windows NT 10.0; Win64; x64) AppleWebKit/537.36 (KHTML, like Gecko) Chrome/114.0.0.0 Safari/537.36 Edg/114.0.1823.43"
136.243.228.194 - - [14/Jul/2025:13:52:52 -0400] "GET /items/xdayz147/40665?key=best HTTP/1.1" 404 23126 "-" "Mozilla/5.0 (compatible; DataForSeoBot/1.0; +https://dataforseo.com/dataforseo-bot)"
47.82.60.21 - - [14/Jul/2025:13:53:00 -0400] "GET /pcmypage?callback=product/review/seikatu-souko-usdm-3353-4315 HTTP/1.1" 404 23126 "https://www.dangroup.sa/pcmypage?callback=product/review/seikatu-souko-usdm-3353-4315" "Mozilla/5.0 (Windows NT 10.0; Win64; x64) AppleWebKit/537.36 (KHTML, like Gecko) Chrome/114.0.0.0 Safari/537.36 Edg/114.0.1823.43"
136.243.228.194 - - [14/Jul/2025:13:53:01 -0400] "GET /items/ggxnc252/36512?key=fire HTTP/1.1" 404 23126 "-" "Mozilla/5.0 (compatible; DataForSeoBot/1.0; +https://dataforseo.com/dataforseo-bot)"
20.171.207.27 - - [14/Jul/2025:13:53:02 -0400] "GET /254peviw45647.html HTTP/1.1" 404 23128 "-" "Mozilla/5.0 AppleWebKit/537.36 (KHTML, like Gecko; compatible; GPTBot/1.2; +https://openai.com/gptbot)"
136.243.228.194 - - [14/Jul/2025:13:53:16 -0400] "GET /items/dkfik76/40450?key=running HTTP/1.1" 404 23126 "-" "Mozilla/5.0 (compatible; DataForSeoBot/1.0; +https://dataforseo.com/dataforseo-bot)"
139.162.24.217 - - [14/Jul/2025:13:53:26 -0400] "GET /wp-login.php HTTP/1.1" 200 3127 "-" "Mozilla/5.0 (Windows NT 6.3; WOW64; rv:40.0) Gecko/20100101 Firefox/40.0"
112.196.0.228 - - [14/Jul/2025:13:53:29 -0400] "GET /xmlrpc.php HTTP/1.1" 403 1242 "http://danevnt.com/xmlrpc.php" "Mozilla/5.0 (X11; Ubuntu; Linux x86_64; rv:85.0) Gecko/20100101 Firefox/91.0"
136.243.228.194 - - [14/Jul/2025:13:53:23 -0400] "GET /37ossi24754.html HTTP/1.1" 404 23126 "-" "Mozilla/5.0 (compatible; DataForSeoBot/1.0; +https://dataforseo.com/dataforseo-bot)"
139.162.24.217 - - [14/Jul/2025:13:53:29 -0400] "POST /wp-login.php HTTP/1.1" 200 3230 "-" "Mozilla/5.0 (Windows NT 6.3; WOW64; rv:40.0) Gecko/20100101 Firefox/40.0"
136.243.228.194 - - [14/Jul/2025:13:53:32 -0400] "GET /items/qfqwe180/45124?key=awareness HTTP/1.1" 404 23126 "-" "Mozilla/5.0 (compatible; DataForSeoBot/1.0; +https://dataforseo.com/dataforseo-bot)"
136.243.228.194 - - [14/Jul/2025:13:53:40 -0400] "GET /items/erhtk37/21507?key=pattern HTTP/1.1" 404 23126 "-" "Mozilla/5.0 (compatible; DataForSeoBot/1.0; +https://dataforseo.com/dataforseo-bot)"
66.29.146.47 - - [14/Jul/2025:13:53:50 -0400] "POST /wp-cron.php?doing_wp_cron=1752515630.2919549942016601562500 HTTP/1.1" 403 1242 "-" "WordPress/6.8; https://dangroup.sa"
136.243.228.194 - - [14/Jul/2025:13:53:48 -0400] "GET /items/tbotc167/42317?key=probably HTTP/1.1" 404 23126 "-" "Mozilla/5.0 (compatible; DataForSeoBot/1.0; +https://dataforseo.com/dataforseo-bot)"
136.243.228.194 - - [14/Jul/2025:13:53:57 -0400] "GET /266abubb21943.html HTTP/1.1" 404 23126 "-" "Mozilla/5.0 (compatible; DataForSeoBot/1.0; +https://dataforseo.com/dataforseo-bot)"
66.249.68.132 - - [14/Jul/2025:13:54:07 -0400] "GET /170mrxyx27357.html HTTP/1.1" 200 86503 "-" "Mozilla/5.0 (Linux; Android 6.0.1; Nexus 5X Build/MMB29P) AppleWebKit/537.36 (KHTML, like Gecko) Chrome/137.0.7151.103 Mobile Safari/537.36 (compatible; Googlebot/2.1; +http://www.google.com/bot.html)"
66.249.68.132 - - [14/Jul/2025:13:54:08 -0400] "GET /items/rhnjj32/40394?key=electricity HTTP/1.1" 200 86647 "-" "Mozilla/5.0 (Linux; Android 6.0.1; Nexus 5X Build/MMB29P) AppleWebKit/537.36 (KHTML, like Gecko) Chrome/137.0.7151.103 Mobile Safari/537.36 (compatible; Googlebot/2.1; +http://www.google.com/bot.html)"
20.171.207.27 - - [14/Jul/2025:13:54:01 -0400] "GET /264mhced32497.html HTTP/1.1" 404 23126 "-" "Mozilla/5.0 AppleWebKit/537.36 (KHTML, like Gecko; compatible; GPTBot/1.2; +https://openai.com/gptbot)"
66.249.68.134 - - [14/Jul/2025:13:54:10 -0400] "GET /items/jhkkg94/956?key=frown HTTP/1.1" 200 86536 "-" "Mozilla/5.0 (Linux; Android 6.0.1; Nexus 5X Build/MMB29P) AppleWebKit/537.36 (KHTML, like Gecko) Chrome/137.0.7151.103 Mobile Safari/537.36 (compatible; Googlebot/2.1; +http://www.google.com/bot.html)"
66.249.79.137 - - [14/Jul/2025:13:54:11 -0400] "GET /items/dhirk281/21985?key=incentive HTTP/1.1" 200 87040 "-" "Mozilla/5.0 (Linux; Android 6.0.1; Nexus 5X Build/MMB29P) AppleWebKit/537.36 (KHTML, like Gecko) Chrome/137.0.7151.103 Mobile Safari/537.36 (compatible; Googlebot/2.1; +http://www.google.com/bot.html)"
136.243.228.194 - - [14/Jul/2025:13:54:06 -0400] "GET /items/tsban17/46239?key=sexually HTTP/1.1" 404 23126 "-" "Mozilla/5.0 (compatible; DataForSeoBot/1.0; +https://dataforseo.com/dataforseo-bot)"
136.243.228.194 - - [14/Jul/2025:13:54:18 -0400] "GET /84aknn14995.html HTTP/1.1" 404 23126 "-" "Mozilla/5.0 (compatible; DataForSeoBot/1.0; +https://dataforseo.com/dataforseo-bot)"
139.162.24.217 - - [14/Jul/2025:13:54:30 -0400] "GET /wp-login.php HTTP/1.1" 200 3092 "-" "Mozilla/5.0 (Windows NT 6.3; WOW64; rv:40.0) Gecko/20100101 Firefox/40.0"
136.243.228.194 - - [14/Jul/2025:13:54:31 -0400] "GET /items/dobah228/46314?key=defensive HTTP/1.1" 404 23126 "-" "Mozilla/5.0 (compatible; DataForSeoBot/1.0; +https://dataforseo.com/dataforseo-bot)"
139.162.24.217 - - [14/Jul/2025:13:54:41 -0400] "POST /wp-login.php HTTP/1.1" 200 3230 "-" "Mozilla/5.0 (Windows NT 6.3; WOW64; rv:40.0) Gecko/20100101 Firefox/40.0"
136.243.228.194 - - [14/Jul/2025:13:54:41 -0400] "GET /152qhou36941.html HTTP/1.1" 404 23126 "-" "Mozilla/5.0 (compatible; DataForSeoBot/1.0; +https://dataforseo.com/dataforseo-bot)"
136.243.228.194 - - [14/Jul/2025:13:54:48 -0400] "GET /191lnm16708.html HTTP/1.1" 404 23126 "-" "Mozilla/5.0 (compatible; DataForSeoBot/1.0; +https://dataforseo.com/dataforseo-bot)"
66.29.146.47 - - [14/Jul/2025:13:54:56 -0400] "POST /wp-cron.php?doing_wp_cron=1752515695.6868729591369628906250 HTTP/1.1" 403 1242 "-" "WordPress/6.8; https://dangroup.sa"
136.243.228.194 - - [14/Jul/2025:13:54:53 -0400] "GET /items/dyiuv167/23245?key=before HTTP/1.1" 404 23126 "-" "Mozilla/5.0 (compatible; DataForSeoBot/1.0; +https://dataforseo.com/dataforseo-bot)"
20.171.207.27 - - [14/Jul/2025:13:55:00 -0400] "GET /262secqj45669.html HTTP/1.1" 404 23126 "-" "Mozilla/5.0 AppleWebKit/537.36 (KHTML, like Gecko; compatible; GPTBot/1.2; +https://openai.com/gptbot)"
136.243.228.194 - - [14/Jul/2025:13:55:04 -0400] "GET /61aca5266.html HTTP/1.1" 404 23126 "-" "Mozilla/5.0 (compatible; DataForSeoBot/1.0; +https://dataforseo.com/dataforseo-bot)"
136.243.228.194 - - [14/Jul/2025:13:55:12 -0400] "GET /232fgzck33347.html HTTP/1.1" 404 23126 "-" "Mozilla/5.0 (compatible; DataForSeoBot/1.0; +https://dataforseo.com/dataforseo-bot)"
136.243.228.194 - - [14/Jul/2025:13:55:19 -0400] "GET /9wykgj6222.html HTTP/1.1" 404 23126 "-" "Mozilla/5.0 (compatible; DataForSeoBot/1.0; +https://dataforseo.com/dataforseo-bot)"
136.243.228.194 - - [14/Jul/2025:13:55:28 -0400] "GET /256blp26835.html HTTP/1.1" 404 23128 "-" "Mozilla/5.0 (compatible; DataForSeoBot/1.0; +https://dataforseo.com/dataforseo-bot)"
136.243.228.194 - - [14/Jul/2025:13:55:36 -0400] "GET /items/uqpqq215/46453?key=procedure HTTP/1.1" 404 23126 "-" "Mozilla/5.0 (compatible; DataForSeoBot/1.0; +https://dataforseo.com/dataforseo-bot)"
139.162.24.217 - - [14/Jul/2025:13:55:45 -0400] "GET /wp-login.php HTTP/1.1" 200 3092 "-" "Mozilla/5.0 (Windows NT 6.3; WOW64; rv:40.0) Gecko/20100101 Firefox/40.0"
136.243.228.194 - - [14/Jul/2025:13:55:47 -0400] "GET /items/gecza78/39370?key=beyond HTTP/1.1" 404 23126 "-" "Mozilla/5.0 (compatible; DataForSeoBot/1.0; +https://dataforseo.com/dataforseo-bot)"
139.162.24.217 - - [14/Jul/2025:13:55:52 -0400] "POST /wp-login.php HTTP/1.1" 200 3230 "-" "Mozilla/5.0 (Windows NT 6.3; WOW64; rv:40.0) Gecko/20100101 Firefox/40.0"
66.29.146.47 - - [14/Jul/2025:13:55:58 -0400] "POST /wp-cron.php?doing_wp_cron=1752515757.7938070297241210937500 HTTP/1.1" 403 1242 "-" "WordPress/6.8; https://dangroup.sa"
66.29.146.47 - - [14/Jul/2025:13:55:58 -0400] "POST /wp-cron.php?doing_wp_cron=1752515758.2865459918975830078125 HTTP/1.1" 403 1242 "-" "WordPress/6.8; https://dangroup.sa"
40.77.167.150 - - [14/Jul/2025:13:55:59 -0400] "GET /yhgouko13765tpanethite HTTP/1.1" 200 17 "-" "Mozilla/5.0 AppleWebKit/537.36 (KHTML, like Gecko; compatible; bingbot/2.0; +http://www.bing.com/bingbot.htm) Chrome/116.0.1938.76 Safari/537.36"
136.243.228.194 - - [14/Jul/2025:13:55:55 -0400] "GET /items/idahf1/19243?key=post HTTP/1.1" 404 23126 "-" "Mozilla/5.0 (compatible; DataForSeoBot/1.0; +https://dataforseo.com/dataforseo-bot)"
20.171.207.27 - - [14/Jul/2025:13:55:56 -0400] "GET /295igwqk39094.html HTTP/1.1" 404 23126 "-" "Mozilla/5.0 AppleWebKit/537.36 (KHTML, like Gecko; compatible; GPTBot/1.2; +https://openai.com/gptbot)"
66.249.68.131 - - [14/Jul/2025:13:56:12 -0400] "GET /items/ftnpr43/1019?key=receiver HTTP/1.1" 200 86802 "-" "Mozilla/5.0 (Linux; Android 6.0.1; Nexus 5X Build/MMB29P) AppleWebKit/537.36 (KHTML, like Gecko) Chrome/137.0.7151.103 Mobile Safari/537.36 (compatible; Googlebot/2.1; +http://www.google.com/bot.html)"
136.243.228.194 - - [14/Jul/2025:13:56:07 -0400] "GET /items/anvfh224/42966?key=flame HTTP/1.1" 404 23126 "-" "Mozilla/5.0 (compatible; DataForSeoBot/1.0; +https://dataforseo.com/dataforseo-bot)"
136.243.228.194 - - [14/Jul/2025:13:56:16 -0400] "GET /39tvhd27824.html HTTP/1.1" 404 23126 "-" "Mozilla/5.0 (compatible; DataForSeoBot/1.0; +https://dataforseo.com/dataforseo-bot)"
139.162.24.217 - - [14/Jul/2025:13:56:27 -0400] "GET /wp-login.php HTTP/1.1" 200 3092 "-" "Mozilla/5.0 (Windows NT 6.1; WOW64; Trident/7.0; AS; rv:11.0) like Gecko"
139.162.24.217 - - [14/Jul/2025:13:56:35 -0400] "POST /wp-login.php HTTP/1.1" 200 3230 "-" "Mozilla/5.0 (Windows NT 6.1; WOW64; Trident/7.0; AS; rv:11.0) like Gecko"
136.243.228.194 - - [14/Jul/2025:13:56:27 -0400] "GET /121haive26640.html HTTP/1.1" 404 23126 "-" "Mozilla/5.0 (compatible; DataForSeoBot/1.0; +https://dataforseo.com/dataforseo-bot)"
136.243.228.194 - - [14/Jul/2025:13:56:39 -0400] "GET /items/lyzpo253/48935?key=exclusive HTTP/1.1" 404 23126 "-" "Mozilla/5.0 (compatible; DataForSeoBot/1.0; +https://dataforseo.com/dataforseo-bot)"
136.243.228.194 - - [14/Jul/2025:13:56:46 -0400] "GET /56ruj27323.html HTTP/1.1" 404 23128 "-" "Mozilla/5.0 (compatible; DataForSeoBot/1.0; +https://dataforseo.com/dataforseo-bot)"
20.171.207.27 - - [14/Jul/2025:13:56:52 -0400] "GET /264nzxgg14119.html HTTP/1.1" 404 23127 "-" "Mozilla/5.0 AppleWebKit/537.36 (KHTML, like Gecko; compatible; GPTBot/1.2; +https://openai.com/gptbot)"
136.243.228.194 - - [14/Jul/2025:13:56:54 -0400] "GET /74kcnf2689.html HTTP/1.1" 404 23126 "-" "Mozilla/5.0 (compatible; DataForSeoBot/1.0; +https://dataforseo.com/dataforseo-bot)"
66.29.146.47 - - [14/Jul/2025:13:57:13 -0400] "POST /wp-cron.php?doing_wp_cron=1752515833.3968119621276855468750 HTTP/1.1" 403 1242 "-" "WordPress/6.8; https://dangroup.sa"
139.162.24.217 - - [14/Jul/2025:13:57:14 -0400] "GET /wp-login.php HTTP/1.1" 200 3092 "-" "Mozilla/5.0 (Macintosh; Intel Mac OS X 10_11_5) AppleWebKit/537.36 (KHTML, like Gecko) Chrome/50.0.2661.102 Safari/537.36"
136.243.228.194 - - [14/Jul/2025:13:57:12 -0400] "GET /64vgzhz22061.html HTTP/1.1" 404 23126 "-" "Mozilla/5.0 (compatible; DataForSeoBot/1.0; +https://dataforseo.com/dataforseo-bot)"
136.243.228.194 - - [14/Jul/2025:13:57:18 -0400] "GET /items/fyzdx139/43203?key=importance HTTP/1.1" 404 23126 "-" "Mozilla/5.0 (compatible; DataForSeoBot/1.0; +https://dataforseo.com/dataforseo-bot)"
139.162.24.217 - - [14/Jul/2025:13:57:21 -0400] "POST /wp-login.php HTTP/1.1" 200 3230 "-" "Mozilla/5.0 (Macintosh; Intel Mac OS X 10_11_5) AppleWebKit/537.36 (KHTML, like Gecko) Chrome/50.0.2661.102 Safari/537.36"
136.243.228.194 - - [14/Jul/2025:13:57:24 -0400] "GET /278gyp45501.html HTTP/1.1" 404 23126 "-" "Mozilla/5.0 (compatible; DataForSeoBot/1.0; +https://dataforseo.com/dataforseo-bot)"
136.243.228.194 - - [14/Jul/2025:13:57:32 -0400] "GET /204skn1949.html HTTP/1.1" 404 23126 "-" "Mozilla/5.0 (compatible; DataForSeoBot/1.0; +https://dataforseo.com/dataforseo-bot)"
139.162.24.217 - - [14/Jul/2025:13:57:51 -0400] "GET /wp-login.php HTTP/1.1" 200 3092 "-" "Mozilla/5.0 (Windows NT 6.3; WOW64; rv:40.0) Gecko/20100101 Firefox/40.0"
20.171.207.27 - - [14/Jul/2025:13:57:50 -0400] "GET /260nwxuc24375.html HTTP/1.1" 404 23126 "-" "Mozilla/5.0 AppleWebKit/537.36 (KHTML, like Gecko; compatible; GPTBot/1.2; +https://openai.com/gptbot)"
139.162.24.217 - - [14/Jul/2025:13:57:57 -0400] "POST /wp-login.php HTTP/1.1" 200 3230 "-" "Mozilla/5.0 (Windows NT 6.3; WOW64; rv:40.0) Gecko/20100101 Firefox/40.0"
40.77.167.143 - - [14/Jul/2025:13:58:02 -0400] "GET /sitemap_index.xml HTTP/1.1" 200 17 "-" "Mozilla/5.0 AppleWebKit/537.36 (KHTML, like Gecko; compatible; bingbot/2.0; +http://www.bing.com/bingbot.htm) Chrome/116.0.1938.76 Safari/537.36"
66.249.68.130 - - [14/Jul/2025:13:58:14 -0400] "GET /1imc3536.html HTTP/1.1" 200 86755 "-" "Mozilla/5.0 (Linux; Android 6.0.1; Nexus 5X Build/MMB29P) AppleWebKit/537.36 (KHTML, like Gecko) Chrome/137.0.7151.103 Mobile Safari/537.36 (compatible; Googlebot/2.1; +http://www.google.com/bot.html)"
66.29.146.47 - - [14/Jul/2025:13:58:24 -0400] "POST /wp-cron.php?doing_wp_cron=1752515904.4941990375518798828125 HTTP/1.1" 403 1242 "-" "WordPress/6.8; https://dangroup.sa"
136.243.228.194 - - [14/Jul/2025:13:58:23 -0400] "GET /items/ktpwc220/47770?key=oxygen HTTP/1.1" 404 23126 "-" "Mozilla/5.0 (compatible; DataForSeoBot/1.0; +https://dataforseo.com/dataforseo-bot)"
136.243.228.194 - - [14/Jul/2025:13:58:32 -0400] "GET /items/hydnk119/3547?key=garage HTTP/1.1" 404 23126 "-" "Mozilla/5.0 (compatible; DataForSeoBot/1.0; +https://dataforseo.com/dataforseo-bot)"
136.243.228.194 - - [14/Jul/2025:13:58:38 -0400] "GET /254lfi45187.html HTTP/1.1" 404 23126 "-" "Mozilla/5.0 (compatible; DataForSeoBot/1.0; +https://dataforseo.com/dataforseo-bot)"
20.171.207.27 - - [14/Jul/2025:13:58:45 -0400] "GET /128rrmmz40907.html HTTP/1.1" 404 23127 "-" "Mozilla/5.0 AppleWebKit/537.36 (KHTML, like Gecko; compatible; GPTBot/1.2; +https://openai.com/gptbot)"
136.243.228.194 - - [14/Jul/2025:13:58:46 -0400] "GET /253skost25240.html HTTP/1.1" 404 23126 "-" "Mozilla/5.0 (compatible; DataForSeoBot/1.0; +https://dataforseo.com/dataforseo-bot)"
136.243.228.194 - - [14/Jul/2025:13:59:00 -0400] "GET /items/caeju293/42227?key=respectively HTTP/1.1" 404 23126 "-" "Mozilla/5.0 (compatible; DataForSeoBot/1.0; +https://dataforseo.com/dataforseo-bot)"
15.204.43.173 - - [14/Jul/2025:13:59:07 -0400] "POST /xmlrpc.php HTTP/1.1" 403 1242 "https://dangroup.sa" "Mozilla/5.0 (Windows NT 10.0; Win64; x64) AppleWebKit/537.36 (KHTML, like Gecko) Chrome/114.0.5735.199 Safari/537.36 Edg/114.0.1823.67"
136.243.228.194 - - [14/Jul/2025:13:59:09 -0400] "GET /items/xlzll72/22576?key=white HTTP/1.1" 404 23126 "-" "Mozilla/5.0 (compatible; DataForSeoBot/1.0; +https://dataforseo.com/dataforseo-bot)"
136.243.228.194 - - [14/Jul/2025:13:59:18 -0400] "GET /102nhcv31613.html HTTP/1.1" 404 23126 "-" "Mozilla/5.0 (compatible; DataForSeoBot/1.0; +https://dataforseo.com/dataforseo-bot)"
66.29.146.47 - - [14/Jul/2025:13:59:27 -0400] "POST /wp-cron.php?doing_wp_cron=1752515967.1899440288543701171875 HTTP/1.1" 403 1242 "-" "WordPress/6.8; https://dangroup.sa"
139.162.24.217 - - [14/Jul/2025:13:59:27 -0400] "GET /wp-login.php HTTP/1.1" 200 3092 "-" "Mozilla/5.0 (Macintosh; Intel Mac OS X 10_11_5) AppleWebKit/537.36 (KHTML, like Gecko) Chrome/50.0.2661.102 Safari/537.36"
136.243.228.194 - - [14/Jul/2025:13:59:26 -0400] "GET /155ijes26588.html HTTP/1.1" 404 23126 "-" "Mozilla/5.0 (compatible; DataForSeoBot/1.0; +https://dataforseo.com/dataforseo-bot)"
136.243.228.194 - - [14/Jul/2025:13:59:32 -0400] "GET /193aylf14428.html HTTP/1.1" 404 23126 "-" "Mozilla/5.0 (compatible; DataForSeoBot/1.0; +https://dataforseo.com/dataforseo-bot)"
139.162.24.217 - - [14/Jul/2025:13:59:34 -0400] "POST /wp-login.php HTTP/1.1" 200 3230 "-" "Mozilla/5.0 (Macintosh; Intel Mac OS X 10_11_5) AppleWebKit/537.36 (KHTML, like Gecko) Chrome/50.0.2661.102 Safari/537.36"
136.243.228.194 - - [14/Jul/2025:13:59:37 -0400] "GET /items/wfivv23/32339?key=wage HTTP/1.1" 404 23126 "-" "Mozilla/5.0 (compatible; DataForSeoBot/1.0; +https://dataforseo.com/dataforseo-bot)"
20.171.207.27 - - [14/Jul/2025:13:59:42 -0400] "GET /281legne25386.html HTTP/1.1" 404 23126 "-" "Mozilla/5.0 AppleWebKit/537.36 (KHTML, like Gecko; compatible; GPTBot/1.2; +https://openai.com/gptbot)"
136.243.228.194 - - [14/Jul/2025:13:59:45 -0400] "GET /items/zwjey178/45304?key=illness HTTP/1.1" 404 23126 "-" "Mozilla/5.0 (compatible; DataForSeoBot/1.0; +https://dataforseo.com/dataforseo-bot)"
136.243.228.194 - - [14/Jul/2025:13:59:56 -0400] "GET /items/jzwvm226/4804?key=rapid HTTP/1.1" 404 23126 "-" "Mozilla/5.0 (compatible; DataForSeoBot/1.0; +https://dataforseo.com/dataforseo-bot)"
136.243.228.194 - - [14/Jul/2025:14:00:07 -0400] "GET /items/sglya167/23589?key=boss HTTP/1.1" 404 23126 "-" "Mozilla/5.0 (compatible; DataForSeoBot/1.0; +https://dataforseo.com/dataforseo-bot)"
66.249.68.129 - - [14/Jul/2025:14:00:18 -0400] "GET /hobby/boardgame/index.html HTTP/1.1" 200 87577 "-" "Mozilla/5.0 (Linux; Android 6.0.1; Nexus 5X Build/MMB29P) AppleWebKit/537.36 (KHTML, like Gecko) Chrome/137.0.7151.103 Mobile Safari/537.36 (compatible; Googlebot/2.1; +http://www.google.com/bot.html)"
69.197.182.50 - - [14/Jul/2025:14:00:22 -0400] "GET /wp-content/install.php HTTP/1.1" 200 10 "https://dangroup.sa/wp-content/install.php" "Mozilla/5.0 (Windows NT 10.0; Win64; x64) AppleWebKit/537.36 (KHTML, like Gecko) Chrome/58.0.3029.110 Safari/537.3"
136.243.228.194 - - [14/Jul/2025:14:00:18 -0400] "GET /items/jsihw161/5947?key=institutional HTTP/1.1" 404 23126 "-" "Mozilla/5.0 (compatible; DataForSeoBot/1.0; +https://dataforseo.com/dataforseo-bot)"
66.29.146.47 - - [14/Jul/2025:14:00:29 -0400] "POST /wp-cron.php?doing_wp_cron=1752516028.2917499542236328125000 HTTP/1.1" 403 0 "-" "WordPress/6.8; https://dangroup.sa"
139.162.24.217 - - [14/Jul/2025:14:00:30 -0400] "GET /wp-login.php HTTP/1.1" 200 3092 "-" "Mozilla/5.0 (Macintosh; Intel Mac OS X 10_11_5) AppleWebKit/537.36 (KHTML, like Gecko) Chrome/50.0.2661.102 Safari/537.36"
136.243.228.194 - - [14/Jul/2025:14:00:26 -0400] "GET /items/psipp163/35623?key=shortly HTTP/1.1" 404 23126 "-" "Mozilla/5.0 (compatible; DataForSeoBot/1.0; +https://dataforseo.com/dataforseo-bot)"
2a01:4f8:171:290a::2 - - [14/Jul/2025:14:00:25 -0400] "GET / HTTP/1.1" 200 33218 "-" "Mozilla/5.0 (Macintosh; Intel Mac OS X 10_15_7) AppleWebKit/537.36 (KHTML, like Gecko) Chrome/110.0.0.0 Safari/537.36"
139.162.24.217 - - [14/Jul/2025:14:00:35 -0400] "POST /wp-login.php HTTP/1.1" 200 3230 "-" "Mozilla/5.0 (Macintosh; Intel Mac OS X 10_11_5) AppleWebKit/537.36 (KHTML, like Gecko) Chrome/50.0.2661.102 Safari/537.36"
136.243.228.194 - - [14/Jul/2025:14:00:37 -0400] "GET /items/tblbf114/6492?key=national HTTP/1.1" 404 23126 "-" "Mozilla/5.0 (compatible; DataForSeoBot/1.0; +https://dataforseo.com/dataforseo-bot)"
20.171.207.27 - - [14/Jul/2025:14:00:42 -0400] "GET /259tgdij41718.html HTTP/1.1" 404 23126 "-" "Mozilla/5.0 AppleWebKit/537.36 (KHTML, like Gecko; compatible; GPTBot/1.2; +https://openai.com/gptbot)"
136.243.228.194 - - [14/Jul/2025:14:00:43 -0400] "GET /items/bzmdx173/46615?key=refugee HTTP/1.1" 404 23126 "-" "Mozilla/5.0 (compatible; DataForSeoBot/1.0; +https://dataforseo.com/dataforseo-bot)"
136.243.228.194 - - [14/Jul/2025:14:00:54 -0400] "GET /145akfee59116.html HTTP/1.1" 404 23126 "-" "Mozilla/5.0 (compatible; DataForSeoBot/1.0; +https://dataforseo.com/dataforseo-bot)"
136.243.228.194 - - [14/Jul/2025:14:01:04 -0400] "GET /items/wxice76/31000?key=bid HTTP/1.1" 404 23126 "-" "Mozilla/5.0 (compatible; DataForSeoBot/1.0; +https://dataforseo.com/dataforseo-bot)"
47.82.60.8 - - [14/Jul/2025:14:01:09 -0400] "GET /pcmypage?callback=product/review/star-shop-btypezy8592 HTTP/1.1" 301 0 "https://www.dangroup.sa/pcmypage?callback=product/review/star-shop-btypezy8592" "Mozilla/5.0 (Windows NT 10.0; Win64; x64) AppleWebKit/537.36 (KHTML, like Gecko) Chrome/114.0.0.0 Safari/537.36 Edg/114.0.1823.43"
139.162.24.217 - - [14/Jul/2025:14:01:13 -0400] "GET /wp-login.php HTTP/1.1" 200 3092 "-" "Mozilla/5.0 (Windows NT 6.3; WOW64; rv:40.0) Gecko/20100101 Firefox/40.0"
47.82.60.22 - - [14/Jul/2025:14:01:11 -0400] "GET /items/ftnpr43/1019?key=likewise HTTP/1.1" 404 23126 "https://dangroup.sa/items/ftnpr43/1019?key=likewise" "Mozilla/5.0 (Windows NT 10.0; Win64; x64) AppleWebKit/537.36 (KHTML, like Gecko) Chrome/114.0.0.0 Safari/537.36 Edg/114.0.1823.43"
136.243.228.194 - - [14/Jul/2025:14:01:11 -0400] "GET /items/mdtaj70/6276?key=brilliant HTTP/1.1" 404 23126 "-" "Mozilla/5.0 (compatible; DataForSeoBot/1.0; +https://dataforseo.com/dataforseo-bot)"
47.82.60.8 - - [14/Jul/2025:14:01:15 -0400] "GET /pcmypage?callback=product/review/star-shop-btypezy8592 HTTP/1.1" 404 23126 "https://www.dangroup.sa/pcmypage?callback=product/review/star-shop-btypezy8592" "Mozilla/5.0 (Windows NT 10.0; Win64; x64) AppleWebKit/537.36 (KHTML, like Gecko) Chrome/114.0.0.0 Safari/537.36 Edg/114.0.1823.43"
