136.243.228.194 - - [14/Jul/2025:12:13:28 -0400] "GET /items/edmjd255/23459?key=obstacle HTTP/1.1" 404 23126 "-" "Mozilla/5.0 (compatible; DataForSeoBot/1.0; +https://dataforseo.com/dataforseo-bot)"
20.171.207.27 - - [14/Jul/2025:12:13:47 -0400] "GET /143gjbkj12756.html HTTP/1.1" 404 23126 "-" "Mozilla/5.0 AppleWebKit/537.36 (KHTML, like Gecko; compatible; GPTBot/1.2; +https://openai.com/gptbot)"
47.82.60.1 - - [14/Jul/2025:12:13:50 -0400] "GET /31jhd630.html HTTP/1.1" 301 0 "https://www.dangroup.sa/31jhd630.html" "Mozilla/5.0 (Windows NT 10.0; Win64; x64) AppleWebKit/537.36 (KHTML, like Gecko) Chrome/114.0.0.0 Safari/537.36 Edg/114.0.1823.43"
66.29.146.47 - - [14/Jul/2025:12:13:54 -0400] "POST /wp-cron.php?doing_wp_cron=1752509633.9611420631408691406250 HTTP/1.1" 403 1242 "-" "WordPress/6.8; https://dangroup.sa"
47.82.60.1 - - [14/Jul/2025:12:13:52 -0400] "GET /31jhd630.html HTTP/1.1" 404 23126 "https://www.dangroup.sa/31jhd630.html" "Mozilla/5.0 (Windows NT 10.0; Win64; x64) AppleWebKit/537.36 (KHTML, like Gecko) Chrome/114.0.0.0 Safari/537.36 Edg/114.0.1823.43"
139.162.24.217 - - [14/Jul/2025:12:14:00 -0400] "GET /wp-login.php HTTP/1.1" 200 3092 "-" "Mozilla/5.0 (Windows NT 6.1; WOW64; Trident/7.0; AS; rv:11.0) like Gecko"
47.82.60.15 - - [14/Jul/2025:12:13:58 -0400] "GET /items/zjvgn265/29219?key=send HTTP/1.1" 404 23126 "https://dangroup.sa/items/zjvgn265/29219?key=send" "Mozilla/5.0 (Windows NT 10.0; Win64; x64) AppleWebKit/537.36 (KHTML, like Gecko) Chrome/114.0.0.0 Safari/537.36 Edg/114.0.1823.43"
103.167.217.137 - - [14/Jul/2025:12:14:04 -0400] "GET /xmlrpc.php HTTP/1.1" 403 1242 "http://dangroup.sa/xmlrpc.php" "Mozilla/5.0 (X11; Ubuntu; Linux x86_64; rv:85.0) Gecko/20100101 Firefox/91.0"
139.162.24.217 - - [14/Jul/2025:12:14:06 -0400] "POST /wp-login.php HTTP/1.1" 200 3230 "-" "Mozilla/5.0 (Windows NT 6.1; WOW64; Trident/7.0; AS; rv:11.0) like Gecko"
139.59.79.178 - - [14/Jul/2025:12:14:17 -0400] "POST /wp-login.php HTTP/1.1" 200 3230 "-" "Mozilla/5.0"
136.243.228.194 - - [14/Jul/2025:12:14:19 -0400] "GET /items/evtyt159/31737?key=digital HTTP/1.1" 404 23126 "-" "Mozilla/5.0 (compatible; DataForSeoBot/1.0; +https://dataforseo.com/dataforseo-bot)"
136.243.228.194 - - [14/Jul/2025:12:14:26 -0400] "GET /items/qbmrd163/40293?key=slow HTTP/1.1" 404 23126 "-" "Mozilla/5.0 (compatible; DataForSeoBot/1.0; +https://dataforseo.com/dataforseo-bot)"
136.243.228.194 - - [14/Jul/2025:12:14:34 -0400] "GET /items/kfely89/6085?key=coming HTTP/1.1" 404 23126 "-" "Mozilla/5.0 (compatible; DataForSeoBot/1.0; +https://dataforseo.com/dataforseo-bot)"
54.236.1.11 - - [14/Jul/2025:12:14:37 -0400] "GET / HTTP/1.1" 200 33218 "-" "Mozilla/5.0 (compatible; Pinterestbot/1.0; +http://www.pinterest.com/bot.html)"
136.243.228.194 - - [14/Jul/2025:12:14:44 -0400] "GET /73rkw43776.html HTTP/1.1" 404 23128 "-" "Mozilla/5.0 (compatible; DataForSeoBot/1.0; +https://dataforseo.com/dataforseo-bot)"
20.171.207.27 - - [14/Jul/2025:12:14:46 -0400] "GET /239qkhbr42270.html HTTP/1.1" 404 23127 "-" "Mozilla/5.0 AppleWebKit/537.36 (KHTML, like Gecko; compatible; GPTBot/1.2; +https://openai.com/gptbot)"
66.29.146.47 - - [14/Jul/2025:12:14:59 -0400] "POST /wp-cron.php?doing_wp_cron=1752509699.3874680995941162109375 HTTP/1.1" 403 1242 "-" "WordPress/6.8; https://dangroup.sa"
136.243.228.194 - - [14/Jul/2025:12:14:58 -0400] "GET /160lfpze9949.html HTTP/1.1" 404 23126 "-" "Mozilla/5.0 (compatible; DataForSeoBot/1.0; +https://dataforseo.com/dataforseo-bot)"
136.243.228.194 - - [14/Jul/2025:12:15:04 -0400] "GET /items/cdndq90/29156?key=competition HTTP/1.1" 404 23126 "-" "Mozilla/5.0 (compatible; DataForSeoBot/1.0; +https://dataforseo.com/dataforseo-bot)"
136.243.228.194 - - [14/Jul/2025:12:15:10 -0400] "GET /253hmo35834.html HTTP/1.1" 404 23126 "-" "Mozilla/5.0 (compatible; DataForSeoBot/1.0; +https://dataforseo.com/dataforseo-bot)"
136.243.228.194 - - [14/Jul/2025:12:15:18 -0400] "GET /212tyymk31061.html HTTP/1.1" 404 23126 "-" "Mozilla/5.0 (compatible; DataForSeoBot/1.0; +https://dataforseo.com/dataforseo-bot)"
139.162.24.217 - - [14/Jul/2025:12:15:28 -0400] "GET /wp-login.php HTTP/1.1" 200 3092 "-" "Mozilla/5.0 (Windows NT 6.1; WOW64; Trident/7.0; AS; rv:11.0) like Gecko"
136.243.228.194 - - [14/Jul/2025:12:15:26 -0400] "GET /171shd47310.html HTTP/1.1" 404 23126 "-" "Mozilla/5.0 (compatible; DataForSeoBot/1.0; +https://dataforseo.com/dataforseo-bot)"
139.162.24.217 - - [14/Jul/2025:12:15:35 -0400] "POST /wp-login.php HTTP/1.1" 200 3230 "-" "Mozilla/5.0 (Windows NT 6.1; WOW64; Trident/7.0; AS; rv:11.0) like Gecko"
136.243.228.194 - - [14/Jul/2025:12:15:34 -0400] "GET /224kkrld14439.html HTTP/1.1" 404 23126 "-" "Mozilla/5.0 (compatible; DataForSeoBot/1.0; +https://dataforseo.com/dataforseo-bot)"
136.243.228.194 - - [14/Jul/2025:12:15:45 -0400] "GET /items/qpmoa247/2755?key=interview HTTP/1.1" 404 23126 "-" "Mozilla/5.0 (compatible; DataForSeoBot/1.0; +https://dataforseo.com/dataforseo-bot)"
20.171.207.27 - - [14/Jul/2025:12:15:45 -0400] "GET /142owygg21349.html HTTP/1.1" 404 23126 "-" "Mozilla/5.0 AppleWebKit/537.36 (KHTML, like Gecko; compatible; GPTBot/1.2; +https://openai.com/gptbot)"
66.29.146.47 - - [14/Jul/2025:12:16:00 -0400] "POST /wp-cron.php?doing_wp_cron=1752509759.8245420455932617187500 HTTP/1.1" 403 1242 "-" "WordPress/6.8; https://dangroup.sa"
136.243.228.194 - - [14/Jul/2025:12:15:58 -0400] "GET /170bdia47405.html HTTP/1.1" 404 23128 "-" "Mozilla/5.0 (compatible; DataForSeoBot/1.0; +https://dataforseo.com/dataforseo-bot)"
136.243.228.194 - - [14/Jul/2025:12:16:05 -0400] "GET /items/mvnag8/45252?key=bicycle HTTP/1.1" 404 23126 "-" "Mozilla/5.0 (compatible; DataForSeoBot/1.0; +https://dataforseo.com/dataforseo-bot)"
136.243.228.194 - - [14/Jul/2025:12:16:11 -0400] "GET /89khf21234.html HTTP/1.1" 404 23126 "-" "Mozilla/5.0 (compatible; DataForSeoBot/1.0; +https://dataforseo.com/dataforseo-bot)"
136.243.228.194 - - [14/Jul/2025:12:16:21 -0400] "GET /11yhhd9438.html HTTP/1.1" 404 23126 "-" "Mozilla/5.0 (compatible; DataForSeoBot/1.0; +https://dataforseo.com/dataforseo-bot)"
136.243.228.194 - - [14/Jul/2025:12:16:30 -0400] "GET /136eajpx30251.html HTTP/1.1" 404 23126 "-" "Mozilla/5.0 (compatible; DataForSeoBot/1.0; +https://dataforseo.com/dataforseo-bot)"
139.162.24.217 - - [14/Jul/2025:12:16:35 -0400] "GET /wp-login.php HTTP/1.1" 200 3092 "-" "Mozilla/5.0 (Windows NT 6.1; WOW64; Trident/7.0; AS; rv:11.0) like Gecko"
136.243.228.194 - - [14/Jul/2025:12:16:37 -0400] "GET /items/gkrcq173/21183?key=hundred HTTP/1.1" 404 23126 "-" "Mozilla/5.0 (compatible; DataForSeoBot/1.0; +https://dataforseo.com/dataforseo-bot)"
139.162.24.217 - - [14/Jul/2025:12:16:41 -0400] "POST /wp-login.php HTTP/1.1" 200 3272 "-" "Mozilla/5.0 (Windows NT 6.1; WOW64; Trident/7.0; AS; rv:11.0) like Gecko"
2a02:598:64:8a00::3100:1c - - [14/Jul/2025:12:16:42 -0400] "GET /sitemap203.xml HTTP/1.1" 200 37789 "-" "Mozilla/5.0 (compatible; SeznamBot/4.0; +https://o-seznam.cz/napoveda/vyhledavani/en/seznambot-crawler/)"
20.171.207.27 - - [14/Jul/2025:12:16:39 -0400] "GET /179fxwkd29340.html HTTP/1.1" 404 23196 "-" "Mozilla/5.0 AppleWebKit/537.36 (KHTML, like Gecko; compatible; GPTBot/1.2; +https://openai.com/gptbot)"
136.243.228.194 - - [14/Jul/2025:12:16:43 -0400] "GET /221dgrqq18626.html HTTP/1.1" 404 23126 "-" "Mozilla/5.0 (compatible; DataForSeoBot/1.0; +https://dataforseo.com/dataforseo-bot)"
136.243.228.194 - - [14/Jul/2025:12:16:53 -0400] "GET /items/dlwos191/46081?key=tap HTTP/1.1" 404 23126 "-" "Mozilla/5.0 (compatible; DataForSeoBot/1.0; +https://dataforseo.com/dataforseo-bot)"
66.29.146.47 - - [14/Jul/2025:12:17:03 -0400] "POST /wp-cron.php?doing_wp_cron=1752509823.2923660278320312500000 HTTP/1.1" 403 1242 "-" "WordPress/6.8; https://dangroup.sa"
136.243.228.194 - - [14/Jul/2025:12:17:02 -0400] "GET /items/dzrot231/29995?key=pretend HTTP/1.1" 404 23126 "-" "Mozilla/5.0 (compatible; DataForSeoBot/1.0; +https://dataforseo.com/dataforseo-bot)"
204.12.252.98 - - [14/Jul/2025:12:17:13 -0400] "GET /wp-content/install.php HTTP/1.1" 200 10 "https://dangroup.sa/wp-content/install.php" "Mozilla/5.0 (Windows NT 10.0; Win64; x64) AppleWebKit/537.36 (KHTML, like Gecko) Chrome/58.0.3029.110 Safari/537.3"
136.243.228.194 - - [14/Jul/2025:12:17:09 -0400] "GET /231etgn21136.html HTTP/1.1" 404 23126 "-" "Mozilla/5.0 (compatible; DataForSeoBot/1.0; +https://dataforseo.com/dataforseo-bot)"
136.243.228.194 - - [14/Jul/2025:12:17:16 -0400] "GET /items/sthkw111/30589?key=try HTTP/1.1" 404 23128 "-" "Mozilla/5.0 (compatible; DataForSeoBot/1.0; +https://dataforseo.com/dataforseo-bot)"
136.243.228.194 - - [14/Jul/2025:12:17:25 -0400] "GET /72sjshg34671.html HTTP/1.1" 404 23126 "-" "Mozilla/5.0 (compatible; DataForSeoBot/1.0; +https://dataforseo.com/dataforseo-bot)"
136.243.228.194 - - [14/Jul/2025:12:17:33 -0400] "GET /items/cotvn190/38650?key=print HTTP/1.1" 404 23128 "-" "Mozilla/5.0 (compatible; DataForSeoBot/1.0; +https://dataforseo.com/dataforseo-bot)"
20.171.207.27 - - [14/Jul/2025:12:17:36 -0400] "GET /169rutnh45082.html HTTP/1.1" 404 23126 "-" "Mozilla/5.0 AppleWebKit/537.36 (KHTML, like Gecko; compatible; GPTBot/1.2; +https://openai.com/gptbot)"
136.243.228.194 - - [14/Jul/2025:12:17:45 -0400] "GET /items/snnlz149/1301?key=bulk HTTP/1.1" 404 23126 "-" "Mozilla/5.0 (compatible; DataForSeoBot/1.0; +https://dataforseo.com/dataforseo-bot)"
136.243.228.194 - - [14/Jul/2025:12:17:54 -0400] "GET /items/upvwp278/47630?key=dead HTTP/1.1" 404 23126 "-" "Mozilla/5.0 (compatible; DataForSeoBot/1.0; +https://dataforseo.com/dataforseo-bot)"
136.243.228.194 - - [14/Jul/2025:12:18:00 -0400] "GET /items/ozofj86/1984?key=camp HTTP/1.1" 404 23126 "-" "Mozilla/5.0 (compatible; DataForSeoBot/1.0; +https://dataforseo.com/dataforseo-bot)"
66.29.146.47 - - [14/Jul/2025:12:18:05 -0400] "POST /wp-cron.php?doing_wp_cron=1752509885.2348959445953369140625 HTTP/1.1" 403 1242 "-" "WordPress/6.8; https://dangroup.sa"
139.162.24.217 - - [14/Jul/2025:12:18:05 -0400] "GET /wp-login.php HTTP/1.1" 200 3092 "-" "Mozilla/5.0 (Windows NT 6.3; WOW64; rv:40.0) Gecko/20100101 Firefox/40.0"
136.243.228.194 - - [14/Jul/2025:12:18:04 -0400] "GET /15ytk16512.html HTTP/1.1" 404 23126 "-" "Mozilla/5.0 (compatible; DataForSeoBot/1.0; +https://dataforseo.com/dataforseo-bot)"
139.162.24.217 - - [14/Jul/2025:12:18:07 -0400] "POST /wp-login.php HTTP/1.1" 200 3230 "-" "Mozilla/5.0 (Windows NT 6.3; WOW64; rv:40.0) Gecko/20100101 Firefox/40.0"
69.197.135.226 - - [14/Jul/2025:12:18:11 -0400] "GET /wp-content/install.php HTTP/1.1" 200 10 "https://dangroup.sa/wp-content/install.php" "Mozilla/5.0 (Windows NT 10.0; Win64; x64) AppleWebKit/537.36 (KHTML, like Gecko) Chrome/58.0.3029.110 Safari/537.3"
136.243.228.194 - - [14/Jul/2025:12:18:09 -0400] "GET /items/gbocf4/14988?key=arrival HTTP/1.1" 404 23126 "-" "Mozilla/5.0 (compatible; DataForSeoBot/1.0; +https://dataforseo.com/dataforseo-bot)"
136.243.228.194 - - [14/Jul/2025:12:18:14 -0400] "GET /109zdyvh37190.html HTTP/1.1" 404 23128 "-" "Mozilla/5.0 (compatible; DataForSeoBot/1.0; +https://dataforseo.com/dataforseo-bot)"
136.243.228.194 - - [14/Jul/2025:12:18:23 -0400] "GET /72ztfqo3607.html HTTP/1.1" 404 23126 "-" "Mozilla/5.0 (compatible; DataForSeoBot/1.0; +https://dataforseo.com/dataforseo-bot)"
136.243.228.194 - - [14/Jul/2025:12:18:30 -0400] "GET /items/twacc280/30438?key=attitude HTTP/1.1" 404 23128 "-" "Mozilla/5.0 (compatible; DataForSeoBot/1.0; +https://dataforseo.com/dataforseo-bot)"
139.162.24.217 - - [14/Jul/2025:12:18:39 -0400] "GET /wp-login.php HTTP/1.1" 200 3127 "-" "Mozilla/5.0 (Macintosh; Intel Mac OS X 10_11_5) AppleWebKit/537.36 (KHTML, like Gecko) Chrome/50.0.2661.102 Safari/537.36"
139.162.24.217 - - [14/Jul/2025:12:18:42 -0400] "POST /wp-login.php HTTP/1.1" 200 3230 "-" "Mozilla/5.0 (Macintosh; Intel Mac OS X 10_11_5) AppleWebKit/537.36 (KHTML, like Gecko) Chrome/50.0.2661.102 Safari/537.36"
20.171.207.27 - - [14/Jul/2025:12:18:35 -0400] "GET /160hbnxo23089.html HTTP/1.1" 404 23126 "-" "Mozilla/5.0 AppleWebKit/537.36 (KHTML, like Gecko; compatible; GPTBot/1.2; +https://openai.com/gptbot)"
136.243.228.194 - - [14/Jul/2025:12:18:40 -0400] "GET /items/ziotf216/44132?key=summary HTTP/1.1" 404 23128 "-" "Mozilla/5.0 (compatible; DataForSeoBot/1.0; +https://dataforseo.com/dataforseo-bot)"
136.243.228.194 - - [14/Jul/2025:12:18:51 -0400] "GET /108elh11769.html HTTP/1.1" 404 23126 "-" "Mozilla/5.0 (compatible; DataForSeoBot/1.0; +https://dataforseo.com/dataforseo-bot)"
136.243.228.194 - - [14/Jul/2025:12:18:59 -0400] "GET /280pcwy37281.html HTTP/1.1" 404 23126 "-" "Mozilla/5.0 (compatible; DataForSeoBot/1.0; +https://dataforseo.com/dataforseo-bot)"
136.243.228.194 - - [14/Jul/2025:12:19:03 -0400] "GET /243hjbfo32404.html HTTP/1.1" 404 23128 "-" "Mozilla/5.0 (compatible; DataForSeoBot/1.0; +https://dataforseo.com/dataforseo-bot)"
66.29.146.47 - - [14/Jul/2025:12:19:09 -0400] "POST /wp-cron.php?doing_wp_cron=1752509949.7172870635986328125000 HTTP/1.1" 403 1242 "-" "WordPress/6.8; https://dangroup.sa"
136.243.228.194 - - [14/Jul/2025:12:19:09 -0400] "GET /297khw39010.html HTTP/1.1" 404 23126 "-" "Mozilla/5.0 (compatible; DataForSeoBot/1.0; +https://dataforseo.com/dataforseo-bot)"
139.162.24.217 - - [14/Jul/2025:12:19:14 -0400] "GET /wp-login.php HTTP/1.1" 200 3092 "-" "Mozilla/5.0 (Windows NT 6.1; WOW64; Trident/7.0; AS; rv:11.0) like Gecko"
139.162.24.217 - - [14/Jul/2025:12:19:22 -0400] "POST /wp-login.php HTTP/1.1" 200 3230 "-" "Mozilla/5.0 (Windows NT 6.1; WOW64; Trident/7.0; AS; rv:11.0) like Gecko"
136.243.228.194 - - [14/Jul/2025:12:19:19 -0400] "GET /87gokd46858.html HTTP/1.1" 404 23126 "-" "Mozilla/5.0 (compatible; DataForSeoBot/1.0; +https://dataforseo.com/dataforseo-bot)"
195.2.71.225 - - [14/Jul/2025:12:19:23 -0400] "GET /ar/ HTTP/1.1" 404 23126 "https://dangroup.sa/ar/" "Mozilla/5.0 (Windows NT 10.0; Win64; x64) AppleWebKit/537.36 (KHTML, like Gecko) Chrome/131.0.0.0 Safari/537.36"
136.243.228.194 - - [14/Jul/2025:12:19:31 -0400] "GET /items/apoaf164/21356?key=begin HTTP/1.1" 404 23128 "-" "Mozilla/5.0 (compatible; DataForSeoBot/1.0; +https://dataforseo.com/dataforseo-bot)"
20.171.207.27 - - [14/Jul/2025:12:19:33 -0400] "GET /200bbons48077.html HTTP/1.1" 404 23126 "-" "Mozilla/5.0 AppleWebKit/537.36 (KHTML, like Gecko; compatible; GPTBot/1.2; +https://openai.com/gptbot)"
136.243.228.194 - - [14/Jul/2025:12:19:42 -0400] "GET /items/rnapo119/6973?key=elderly HTTP/1.1" 404 23128 "-" "Mozilla/5.0 (compatible; DataForSeoBot/1.0; +https://dataforseo.com/dataforseo-bot)"
136.243.228.194 - - [14/Jul/2025:12:19:49 -0400] "GET /295xuj15010.html HTTP/1.1" 404 23126 "-" "Mozilla/5.0 (compatible; DataForSeoBot/1.0; +https://dataforseo.com/dataforseo-bot)"
136.243.228.194 - - [14/Jul/2025:12:19:56 -0400] "GET /items/qgwpj81/31149?key=known HTTP/1.1" 404 23126 "-" "Mozilla/5.0 (compatible; DataForSeoBot/1.0; +https://dataforseo.com/dataforseo-bot)"
136.243.228.194 - - [14/Jul/2025:12:20:01 -0400] "GET /3knnsj14730.html HTTP/1.1" 404 23126 "-" "Mozilla/5.0 (compatible; DataForSeoBot/1.0; +https://dataforseo.com/dataforseo-bot)"
136.243.228.194 - - [14/Jul/2025:12:20:08 -0400] "GET /183kjp16870.html HTTP/1.1" 404 23126 "-" "Mozilla/5.0 (compatible; DataForSeoBot/1.0; +https://dataforseo.com/dataforseo-bot)"
66.29.146.47 - - [14/Jul/2025:12:20:17 -0400] "POST /wp-cron.php?doing_wp_cron=1752510016.8006970882415771484375 HTTP/1.1" 403 1242 "-" "WordPress/6.8; https://dangroup.sa"
136.243.228.194 - - [14/Jul/2025:12:20:16 -0400] "GET /items/yvabc213/1751?key=violate HTTP/1.1" 404 23126 "-" "Mozilla/5.0 (compatible; DataForSeoBot/1.0; +https://dataforseo.com/dataforseo-bot)"
139.162.24.217 - - [14/Jul/2025:12:20:22 -0400] "GET /wp-login.php HTTP/1.1" 200 3127 "-" "Mozilla/5.0 (Windows NT 6.3; WOW64; rv:40.0) Gecko/20100101 Firefox/40.0"
47.82.60.1 - - [14/Jul/2025:12:20:26 -0400] "GET /pcmypage?callback=product/detail/g-bike-127122-489563 HTTP/1.1" 301 0 "https://www.dangroup.sa/pcmypage?callback=product%2Fdetail%2Fg-bike-127122-489563" "Mozilla/5.0 (Windows NT 10.0; Win64; x64) AppleWebKit/537.36 (KHTML, like Gecko) Chrome/114.0.0.0 Safari/537.36 Edg/114.0.1823.43"
136.243.228.194 - - [14/Jul/2025:12:20:24 -0400] "GET /items/rfxjc165/25117?key=comprise HTTP/1.1" 404 23126 "-" "Mozilla/5.0 (compatible; DataForSeoBot/1.0; +https://dataforseo.com/dataforseo-bot)"
139.162.24.217 - - [14/Jul/2025:12:20:30 -0400] "POST /wp-login.php HTTP/1.1" 200 3230 "-" "Mozilla/5.0 (Windows NT 6.3; WOW64; rv:40.0) Gecko/20100101 Firefox/40.0"
47.82.60.1 - - [14/Jul/2025:12:20:30 -0400] "GET /pcmypage?callback=product/detail/g-bike-127122-489563 HTTP/1.1" 404 23128 "https://www.dangroup.sa/pcmypage?callback=product%2Fdetail%2Fg-bike-127122-489563" "Mozilla/5.0 (Windows NT 10.0; Win64; x64) AppleWebKit/537.36 (KHTML, like Gecko) Chrome/114.0.0.0 Safari/537.36 Edg/114.0.1823.43"
20.171.207.27 - - [14/Jul/2025:12:20:30 -0400] "GET /129eenab31554.html HTTP/1.1" 404 23126 "-" "Mozilla/5.0 AppleWebKit/537.36 (KHTML, like Gecko; compatible; GPTBot/1.2; +https://openai.com/gptbot)"
136.243.228.194 - - [14/Jul/2025:12:20:34 -0400] "GET /items/tdepr226/930?key=spark HTTP/1.1" 404 23126 "-" "Mozilla/5.0 (compatible; DataForSeoBot/1.0; +https://dataforseo.com/dataforseo-bot)"
47.82.60.63 - - [14/Jul/2025:12:20:37 -0400] "GET /pcmypage?callback=product/review/wsp-akoya-pi-739 HTTP/1.1" 404 23126 "https://dangroup.sa/pcmypage?callback=product/review/wsp-akoya-pi-739" "Mozilla/5.0 (Windows NT 10.0; Win64; x64) AppleWebKit/537.36 (KHTML, like Gecko) Chrome/114.0.0.0 Safari/537.36 Edg/114.0.1823.43"
47.82.60.10 - - [14/Jul/2025:12:20:48 -0400] "GET /pcmypage?callback=/product/detail.mon-shop-ilce-7c-s HTTP/1.1" 301 0 "https://www.dangroup.sa/pcmypage?callback=/product%2Fdetail%2Emon-shop-ilce-7c-s" "Mozilla/5.0 (Windows NT 10.0; Win64; x64) AppleWebKit/537.36 (KHTML, like Gecko) Chrome/114.0.0.0 Safari/537.36 Edg/114.0.1823.43"
47.82.60.16 - - [14/Jul/2025:12:20:57 -0400] "GET /67mequ43390.html HTTP/1.1" 301 0 "https://www.dangroup.sa/67mequ43390.html" "Mozilla/5.0 (Windows NT 10.0; Win64; x64) AppleWebKit/537.36 (KHTML, like Gecko) Chrome/114.0.0.0 Safari/537.36 Edg/114.0.1823.43"
136.243.228.194 - - [14/Jul/2025:12:20:49 -0400] "GET /items/dyikd190/7922?key=whether HTTP/1.1" 404 23128 "-" "Mozilla/5.0 (compatible; DataForSeoBot/1.0; +https://dataforseo.com/dataforseo-bot)"
47.82.60.10 - - [14/Jul/2025:12:20:51 -0400] "GET /pcmypage?callback=/product/detail.mon-shop-ilce-7c-s HTTP/1.1" 404 23128 "https://www.dangroup.sa/pcmypage?callback=/product%2Fdetail%2Emon-shop-ilce-7c-s" "Mozilla/5.0 (Windows NT 10.0; Win64; x64) AppleWebKit/537.36 (KHTML, like Gecko) Chrome/114.0.0.0 Safari/537.36 Edg/114.0.1823.43"
47.82.60.16 - - [14/Jul/2025:12:21:03 -0400] "GET /67mequ43390.html HTTP/1.1" 404 23126 "https://www.dangroup.sa/67mequ43390.html" "Mozilla/5.0 (Windows NT 10.0; Win64; x64) AppleWebKit/537.36 (KHTML, like Gecko) Chrome/114.0.0.0 Safari/537.36 Edg/114.0.1823.43"
136.243.228.194 - - [14/Jul/2025:12:21:04 -0400] "GET /items/fwtco183/38031?key=encourage HTTP/1.1" 404 23126 "-" "Mozilla/5.0 (compatible; DataForSeoBot/1.0; +https://dataforseo.com/dataforseo-bot)"
47.82.60.3 - - [14/Jul/2025:12:21:06 -0400] "GET /pcmypage?callback=product/detail/ssk-1-asve-134879_04- HTTP/1.1" 404 23128 "https://dangroup.sa/pcmypage?callback=product%2Fdetail%2Fssk-1-asve-134879_04-" "Mozilla/5.0 (Windows NT 10.0; Win64; x64) AppleWebKit/537.36 (KHTML, like Gecko) Chrome/114.0.0.0 Safari/537.36 Edg/114.0.1823.43"
66.29.146.47 - - [14/Jul/2025:12:21:22 -0400] "POST /wp-cron.php?doing_wp_cron=1752510082.1835660934448242187500 HTTP/1.1" 403 1242 "-" "WordPress/6.8; https://dangroup.sa"
136.243.228.194 - - [14/Jul/2025:12:21:20 -0400] "GET /30flmfc30489.html HTTP/1.1" 404 23126 "-" "Mozilla/5.0 (compatible; DataForSeoBot/1.0; +https://dataforseo.com/dataforseo-bot)"
20.171.207.27 - - [14/Jul/2025:12:21:27 -0400] "GET /291vssbl35262.html HTTP/1.1" 404 23126 "-" "Mozilla/5.0 AppleWebKit/537.36 (KHTML, like Gecko; compatible; GPTBot/1.2; +https://openai.com/gptbot)"
47.82.60.6 - - [14/Jul/2025:12:21:29 -0400] "GET /206ggw23901.html HTTP/1.1" 404 23126 "https://dangroup.sa/206ggw23901.html" "Mozilla/5.0 (Windows NT 10.0; Win64; x64) AppleWebKit/537.36 (KHTML, like Gecko) Chrome/114.0.0.0 Safari/537.36 Edg/114.0.1823.43"
136.243.228.194 - - [14/Jul/2025:12:21:31 -0400] "GET /items/uizxf166/12754?key=obvious HTTP/1.1" 404 23126 "-" "Mozilla/5.0 (compatible; DataForSeoBot/1.0; +https://dataforseo.com/dataforseo-bot)"
136.243.228.194 - - [14/Jul/2025:12:21:43 -0400] "GET /items/uvvko271/27633?key=proud HTTP/1.1" 404 23126 "-" "Mozilla/5.0 (compatible; DataForSeoBot/1.0; +https://dataforseo.com/dataforseo-bot)"
136.243.228.194 - - [14/Jul/2025:12:21:51 -0400] "GET /42tfo4735.html HTTP/1.1" 404 23128 "-" "Mozilla/5.0 (compatible; DataForSeoBot/1.0; +https://dataforseo.com/dataforseo-bot)"
136.243.228.194 - - [14/Jul/2025:12:22:01 -0400] "GET /252xzwn12113.html HTTP/1.1" 404 23128 "-" "Mozilla/5.0 (compatible; DataForSeoBot/1.0; +https://dataforseo.com/dataforseo-bot)"
47.82.60.69 - - [14/Jul/2025:12:22:01 -0400] "GET /items/rncxv165/31895?key=loss HTTP/1.1" 404 23126 "https://dangroup.sa/items/rncxv165/31895?key=loss" "Mozilla/5.0 (Windows NT 10.0; Win64; x64) AppleWebKit/537.36 (KHTML, like Gecko) Chrome/114.0.0.0 Safari/537.36 Edg/114.0.1823.43"
136.243.228.194 - - [14/Jul/2025:12:22:11 -0400] "GET /items/rjcdc234/27496?key=opportunity HTTP/1.1" 404 23128 "-" "Mozilla/5.0 (compatible; DataForSeoBot/1.0; +https://dataforseo.com/dataforseo-bot)"
66.29.146.47 - - [14/Jul/2025:12:22:28 -0400] "POST /wp-cron.php?doing_wp_cron=1752510147.6873490810394287109375 HTTP/1.1" 403 1242 "-" "WordPress/6.8; https://dangroup.sa"
136.243.228.194 - - [14/Jul/2025:12:22:19 -0400] "GET /items/arfcs284/2706?key=accurate HTTP/1.1" 404 23126 "-" "Mozilla/5.0 (compatible; DataForSeoBot/1.0; +https://dataforseo.com/dataforseo-bot)"
20.171.207.27 - - [14/Jul/2025:12:22:24 -0400] "GET /163grtle27856.html HTTP/1.1" 404 23127 "-" "Mozilla/5.0 AppleWebKit/537.36 (KHTML, like Gecko; compatible; GPTBot/1.2; +https://openai.com/gptbot)"
136.243.228.194 - - [14/Jul/2025:12:22:30 -0400] "GET /146ukim17299.html HTTP/1.1" 404 23126 "-" "Mozilla/5.0 (compatible; DataForSeoBot/1.0; +https://dataforseo.com/dataforseo-bot)"
47.82.60.19 - - [14/Jul/2025:12:22:52 -0400] "GET /items/oyayk297/14809?key=right HTTP/1.1" 301 0 "https://www.dangroup.sa/items/oyayk297/14809?key=right" "Mozilla/5.0 (Windows NT 10.0; Win64; x64) AppleWebKit/537.36 (KHTML, like Gecko) Chrome/114.0.0.0 Safari/537.36 Edg/114.0.1823.43"
47.82.60.15 - - [14/Jul/2025:12:22:42 -0400] "GET /items/cxsfv174/42650?key=steel HTTP/1.1" 404 23128 "https://dangroup.sa/items/cxsfv174/42650?key=steel" "Mozilla/5.0 (Windows NT 10.0; Win64; x64) AppleWebKit/537.36 (KHTML, like Gecko) Chrome/114.0.0.0 Safari/537.36 Edg/114.0.1823.43"
136.243.228.194 - - [14/Jul/2025:12:22:46 -0400] "GET /items/arzdr132/9350?key=spark HTTP/1.1" 404 23128 "-" "Mozilla/5.0 (compatible; DataForSeoBot/1.0; +https://dataforseo.com/dataforseo-bot)"
47.82.60.17 - - [14/Jul/2025:12:22:50 -0400] "GET /items/awpih286/37992?key=happiness HTTP/1.1" 404 23128 "https://dangroup.sa/items/awpih286/37992?key=happiness" "Mozilla/5.0 (Windows NT 10.0; Win64; x64) AppleWebKit/537.36 (KHTML, like Gecko) Chrome/114.0.0.0 Safari/537.36 Edg/114.0.1823.43"
47.82.60.19 - - [14/Jul/2025:12:22:57 -0400] "GET /items/oyayk297/14809?key=right HTTP/1.1" 404 23126 "https://www.dangroup.sa/items/oyayk297/14809?key=right" "Mozilla/5.0 (Windows NT 10.0; Win64; x64) AppleWebKit/537.36 (KHTML, like Gecko) Chrome/114.0.0.0 Safari/537.36 Edg/114.0.1823.43"
136.243.228.194 - - [14/Jul/2025:12:23:04 -0400] "GET /291pikk14080.html HTTP/1.1" 404 23126 "-" "Mozilla/5.0 (compatible; DataForSeoBot/1.0; +https://dataforseo.com/dataforseo-bot)"
136.243.228.194 - - [14/Jul/2025:12:23:11 -0400] "GET /133dpe39368.html HTTP/1.1" 404 23126 "-" "Mozilla/5.0 (compatible; DataForSeoBot/1.0; +https://dataforseo.com/dataforseo-bot)"
20.171.207.27 - - [14/Jul/2025:12:23:20 -0400] "GET /283vkpvo44716.html HTTP/1.1" 404 23126 "-" "Mozilla/5.0 AppleWebKit/537.36 (KHTML, like Gecko; compatible; GPTBot/1.2; +https://openai.com/gptbot)"
136.243.228.194 - - [14/Jul/2025:12:23:21 -0400] "GET /69ioe14694.html HTTP/1.1" 404 23128 "-" "Mozilla/5.0 (compatible; DataForSeoBot/1.0; +https://dataforseo.com/dataforseo-bot)"
66.29.146.47 - - [14/Jul/2025:12:23:37 -0400] "POST /wp-cron.php?doing_wp_cron=1752510216.6793580055236816406250 HTTP/1.1" 403 1242 "-" "WordPress/6.8; https://dangroup.sa"
136.243.228.194 - - [14/Jul/2025:12:23:35 -0400] "GET /272toj21623.html HTTP/1.1" 404 23126 "-" "Mozilla/5.0 (compatible; DataForSeoBot/1.0; +https://dataforseo.com/dataforseo-bot)"
136.243.228.194 - - [14/Jul/2025:12:23:44 -0400] "GET /204azwti13295.html HTTP/1.1" 404 23126 "-" "Mozilla/5.0 (compatible; DataForSeoBot/1.0; +https://dataforseo.com/dataforseo-bot)"
136.243.228.194 - - [14/Jul/2025:12:23:54 -0400] "GET /items/tvbcu124/3736?key=open HTTP/1.1" 404 23126 "-" "Mozilla/5.0 (compatible; DataForSeoBot/1.0; +https://dataforseo.com/dataforseo-bot)"
139.162.24.217 - - [14/Jul/2025:12:24:02 -0400] "GET /wp-login.php HTTP/1.1" 200 3092 "-" "Mozilla/5.0 (Windows NT 6.1; WOW64; Trident/7.0; AS; rv:11.0) like Gecko"
136.243.228.194 - - [14/Jul/2025:12:24:02 -0400] "GET /items/aeubf231/5375?key=treaty HTTP/1.1" 404 23128 "-" "Mozilla/5.0 (compatible; DataForSeoBot/1.0; +https://dataforseo.com/dataforseo-bot)"
139.162.24.217 - - [14/Jul/2025:12:24:09 -0400] "POST /wp-login.php HTTP/1.1" 200 3230 "-" "Mozilla/5.0 (Windows NT 6.1; WOW64; Trident/7.0; AS; rv:11.0) like Gecko"
136.243.228.194 - - [14/Jul/2025:12:24:07 -0400] "GET /items/ozcsb68/700?key=beauty HTTP/1.1" 404 23128 "-" "Mozilla/5.0 (compatible; DataForSeoBot/1.0; +https://dataforseo.com/dataforseo-bot)"
20.171.207.27 - - [14/Jul/2025:12:24:15 -0400] "GET /297qquta31556.html HTTP/1.1" 404 23126 "-" "Mozilla/5.0 AppleWebKit/537.36 (KHTML, like Gecko; compatible; GPTBot/1.2; +https://openai.com/gptbot)"
136.243.228.194 - - [14/Jul/2025:12:24:15 -0400] "GET /140yddm19465.html HTTP/1.1" 404 23126 "-" "Mozilla/5.0 (compatible; DataForSeoBot/1.0; +https://dataforseo.com/dataforseo-bot)"
136.243.228.194 - - [14/Jul/2025:12:24:28 -0400] "GET /items/otjpx32/32698?key=painter HTTP/1.1" 404 23128 "-" "Mozilla/5.0 (compatible; DataForSeoBot/1.0; +https://dataforseo.com/dataforseo-bot)"
66.29.146.47 - - [14/Jul/2025:12:24:38 -0400] "POST /wp-cron.php?doing_wp_cron=1752510278.0834169387817382812500 HTTP/1.1" 403 1242 "-" "WordPress/6.8; https://dangroup.sa"
139.162.24.217 - - [14/Jul/2025:12:24:41 -0400] "GET /wp-login.php HTTP/1.1" 200 3092 "-" "Mozilla/5.0 (Windows NT 6.3; WOW64; rv:40.0) Gecko/20100101 Firefox/40.0"
136.243.228.194 - - [14/Jul/2025:12:24:36 -0400] "GET /items/itjyt193/32805?key=well-being HTTP/1.1" 404 23126 "-" "Mozilla/5.0 (compatible; DataForSeoBot/1.0; +https://dataforseo.com/dataforseo-bot)"
139.162.24.217 - - [14/Jul/2025:12:24:44 -0400] "POST /wp-login.php HTTP/1.1" 200 3230 "-" "Mozilla/5.0 (Windows NT 6.3; WOW64; rv:40.0) Gecko/20100101 Firefox/40.0"
136.243.228.194 - - [14/Jul/2025:12:24:45 -0400] "GET /items/dojnd61/33781?key=elementary HTTP/1.1" 404 23128 "-" "Mozilla/5.0 (compatible; DataForSeoBot/1.0; +https://dataforseo.com/dataforseo-bot)"
185.197.250.102 - - [14/Jul/2025:12:24:50 -0400] "GET / HTTP/1.1" 200 33218 "https://danevnt.com/" "Mozilla/5.0 (Linux x86_64; rv:114.0) Gecko/20100101 Firefox/114.0"
136.243.228.194 - - [14/Jul/2025:12:24:53 -0400] "GET /81wiyuh33036.html HTTP/1.1" 404 23126 "-" "Mozilla/5.0 (compatible; DataForSeoBot/1.0; +https://dataforseo.com/dataforseo-bot)"
136.243.228.194 - - [14/Jul/2025:12:25:02 -0400] "GET /items/sflic289/13283?key=hero HTTP/1.1" 404 23126 "-" "Mozilla/5.0 (compatible; DataForSeoBot/1.0; +https://dataforseo.com/dataforseo-bot)"
136.243.228.194 - - [14/Jul/2025:12:25:09 -0400] "GET /6gaku47319.html HTTP/1.1" 404 23126 "-" "Mozilla/5.0 (compatible; DataForSeoBot/1.0; +https://dataforseo.com/dataforseo-bot)"
20.171.207.27 - - [14/Jul/2025:12:25:14 -0400] "GET /266pqwnd39605.html HTTP/1.1" 404 23128 "-" "Mozilla/5.0 AppleWebKit/537.36 (KHTML, like Gecko; compatible; GPTBot/1.2; +https://openai.com/gptbot)"
136.243.228.194 - - [14/Jul/2025:12:25:17 -0400] "GET /items/twztp127/41949?key=businessman HTTP/1.1" 404 23126 "-" "Mozilla/5.0 (compatible; DataForSeoBot/1.0; +https://dataforseo.com/dataforseo-bot)"
136.243.228.194 - - [14/Jul/2025:12:25:26 -0400] "GET /250aohqe3255.html HTTP/1.1" 404 23126 "-" "Mozilla/5.0 (compatible; DataForSeoBot/1.0; +https://dataforseo.com/dataforseo-bot)"
66.29.146.47 - - [14/Jul/2025:12:25:44 -0400] "POST /wp-cron.php?doing_wp_cron=1752510344.2967939376831054687500 HTTP/1.1" 403 1242 "-" "WordPress/6.8; https://dangroup.sa"
139.162.24.217 - - [14/Jul/2025:12:25:42 -0400] "GET /wp-login.php HTTP/1.1" 200 3127 "-" "Mozilla/5.0 (Windows NT 6.1; WOW64; Trident/7.0; AS; rv:11.0) like Gecko"
136.243.228.194 - - [14/Jul/2025:12:25:35 -0400] "GET /262ymxd15273.html HTTP/1.1" 404 23128 "-" "Mozilla/5.0 (compatible; DataForSeoBot/1.0; +https://dataforseo.com/dataforseo-bot)"
185.197.250.102 - - [14/Jul/2025:12:25:34 -0400] "GET / HTTP/1.1" 200 33219 "-" "Mozilla/5.0 (Macintosh; Intel Mac OS X 12_5) AppleWebKit/537.36 (KHTML, like Gecko) Chrome/114.0.0.0 Safari/537.36 Vivaldi/5.3.2679.68"
139.162.24.217 - - [14/Jul/2025:12:25:49 -0400] "POST /wp-login.php HTTP/1.1" 200 3230 "-" "Mozilla/5.0 (Windows NT 6.1; WOW64; Trident/7.0; AS; rv:11.0) like Gecko"
136.243.228.194 - - [14/Jul/2025:12:25:46 -0400] "GET /46hmit37287.html HTTP/1.1" 404 23126 "-" "Mozilla/5.0 (compatible; DataForSeoBot/1.0; +https://dataforseo.com/dataforseo-bot)"
185.197.250.102 - - [14/Jul/2025:12:25:50 -0400] "GET /contact/ HTTP/1.1" 200 24211 "https://dangroup.sa/" "Mozilla/5.0 (Macintosh; Intel Mac OS X 12_5) AppleWebKit/537.36 (KHTML, like Gecko) Chrome/114.0.0.0 Safari/537.36 Vivaldi/5.3.2679.68"
136.243.228.194 - - [14/Jul/2025:12:26:00 -0400] "GET /items/eqwqb142/6592?key=old HTTP/1.1" 404 23126 "-" "Mozilla/5.0 (compatible; DataForSeoBot/1.0; +https://dataforseo.com/dataforseo-bot)"
136.243.228.194 - - [14/Jul/2025:12:26:07 -0400] "GET /items/fkwii113/18883?key=swear HTTP/1.1" 404 23128 "-" "Mozilla/5.0 (compatible; DataForSeoBot/1.0; +https://dataforseo.com/dataforseo-bot)"
20.171.207.27 - - [14/Jul/2025:12:26:08 -0400] "GET /290kbuiw13403.html HTTP/1.1" 404 23126 "-" "Mozilla/5.0 AppleWebKit/537.36 (KHTML, like Gecko; compatible; GPTBot/1.2; +https://openai.com/gptbot)"
136.243.228.194 - - [14/Jul/2025:12:26:17 -0400] "GET /items/wsogl151/10431?key=encourage HTTP/1.1" 404 23126 "-" "Mozilla/5.0 (compatible; DataForSeoBot/1.0; +https://dataforseo.com/dataforseo-bot)"
139.162.24.217 - - [14/Jul/2025:12:26:23 -0400] "GET /wp-login.php HTTP/1.1" 200 3092 "-" "Mozilla/5.0 (Macintosh; Intel Mac OS X 10_11_5) AppleWebKit/537.36 (KHTML, like Gecko) Chrome/50.0.2661.102 Safari/537.36"
136.243.228.194 - - [14/Jul/2025:12:26:24 -0400] "GET /30sniy43663.html HTTP/1.1" 404 23126 "-" "Mozilla/5.0 (compatible; DataForSeoBot/1.0; +https://dataforseo.com/dataforseo-bot)"
139.162.24.217 - - [14/Jul/2025:12:26:25 -0400] "POST /wp-login.php HTTP/1.1" 200 3230 "-" "Mozilla/5.0 (Macintosh; Intel Mac OS X 10_11_5) AppleWebKit/537.36 (KHTML, like Gecko) Chrome/50.0.2661.102 Safari/537.36"
136.243.228.194 - - [14/Jul/2025:12:26:29 -0400] "GET /items/tnjoq249/47075?key=headquarters HTTP/1.1" 404 23126 "-" "Mozilla/5.0 (compatible; DataForSeoBot/1.0; +https://dataforseo.com/dataforseo-bot)"
136.243.228.194 - - [14/Jul/2025:12:26:37 -0400] "GET /items/xnmpe23/27819?key=arrest HTTP/1.1" 404 23126 "-" "Mozilla/5.0 (compatible; DataForSeoBot/1.0; +https://dataforseo.com/dataforseo-bot)"
66.29.146.47 - - [14/Jul/2025:12:26:48 -0400] "POST /wp-cron.php?doing_wp_cron=1752510408.4008119106292724609375 HTTP/1.1" 403 1242 "-" "WordPress/6.8; https://dangroup.sa"
136.243.228.194 - - [14/Jul/2025:12:26:47 -0400] "GET /items/mxyyx167/10025?key=helpful HTTP/1.1" 404 23126 "-" "Mozilla/5.0 (compatible; DataForSeoBot/1.0; +https://dataforseo.com/dataforseo-bot)"
136.243.228.194 - - [14/Jul/2025:12:26:55 -0400] "GET /8dll36687.html HTTP/1.1" 404 23126 "-" "Mozilla/5.0 (compatible; DataForSeoBot/1.0; +https://dataforseo.com/dataforseo-bot)"
136.243.228.194 - - [14/Jul/2025:12:27:03 -0400] "GET /items/cgxvj226/5132?key=hug HTTP/1.1" 404 23126 "-" "Mozilla/5.0 (compatible; DataForSeoBot/1.0; +https://dataforseo.com/dataforseo-bot)"
20.171.207.27 - - [14/Jul/2025:12:27:04 -0400] "GET /269rsobn26170.html HTTP/1.1" 404 23126 "-" "Mozilla/5.0 AppleWebKit/537.36 (KHTML, like Gecko; compatible; GPTBot/1.2; +https://openai.com/gptbot)"
136.243.228.194 - - [14/Jul/2025:12:27:17 -0400] "GET /items/ctimf102/33520?key=vs HTTP/1.1" 404 23126 "-" "Mozilla/5.0 (compatible; DataForSeoBot/1.0; +https://dataforseo.com/dataforseo-bot)"
139.162.24.217 - - [14/Jul/2025:12:27:23 -0400] "GET /wp-login.php HTTP/1.1" 200 3092 "-" "Mozilla/5.0 (Macintosh; Intel Mac OS X 10_11_5) AppleWebKit/537.36 (KHTML, like Gecko) Chrome/50.0.2661.102 Safari/537.36"
136.243.228.194 - - [14/Jul/2025:12:27:25 -0400] "GET /items/reaor206/42528?key=disturb HTTP/1.1" 404 23128 "-" "Mozilla/5.0 (compatible; DataForSeoBot/1.0; +https://dataforseo.com/dataforseo-bot)"
139.162.24.217 - - [14/Jul/2025:12:27:29 -0400] "POST /wp-login.php HTTP/1.1" 200 3230 "-" "Mozilla/5.0 (Macintosh; Intel Mac OS X 10_11_5) AppleWebKit/537.36 (KHTML, like Gecko) Chrome/50.0.2661.102 Safari/537.36"
136.243.228.194 - - [14/Jul/2025:12:27:32 -0400] "GET /74ofpdh36851.html HTTP/1.1" 404 23126 "-" "Mozilla/5.0 (compatible; DataForSeoBot/1.0; +https://dataforseo.com/dataforseo-bot)"
136.243.228.194 - - [14/Jul/2025:12:27:41 -0400] "GET /items/cewcq224/12578?key=faculty HTTP/1.1" 404 23126 "-" "Mozilla/5.0 (compatible; DataForSeoBot/1.0; +https://dataforseo.com/dataforseo-bot)"
66.29.146.47 - - [14/Jul/2025:12:27:49 -0400] "POST /wp-cron.php?doing_wp_cron=1752510469.2814691066741943359375 HTTP/1.1" 403 1242 "-" "WordPress/6.8; https://dangroup.sa"
136.243.228.194 - - [14/Jul/2025:12:27:48 -0400] "GET /279icl5334.html HTTP/1.1" 404 23126 "-" "Mozilla/5.0 (compatible; DataForSeoBot/1.0; +https://dataforseo.com/dataforseo-bot)"
136.243.228.194 - - [14/Jul/2025:12:27:55 -0400] "GET /19mwmu19254.html HTTP/1.1" 404 23126 "-" "Mozilla/5.0 (compatible; DataForSeoBot/1.0; +https://dataforseo.com/dataforseo-bot)"
20.171.207.27 - - [14/Jul/2025:12:27:59 -0400] "GET /245pasjh12108.html HTTP/1.1" 404 23126 "-" "Mozilla/5.0 AppleWebKit/537.36 (KHTML, like Gecko; compatible; GPTBot/1.2; +https://openai.com/gptbot)"
136.243.228.194 - - [14/Jul/2025:12:28:04 -0400] "GET /208wbs39281.html HTTP/1.1" 404 23309 "-" "Mozilla/5.0 (compatible; DataForSeoBot/1.0; +https://dataforseo.com/dataforseo-bot)"
136.243.228.194 - - [14/Jul/2025:12:28:16 -0400] "GET /items/srark3/20155?key=lock HTTP/1.1" 404 23126 "-" "Mozilla/5.0 (compatible; DataForSeoBot/1.0; +https://dataforseo.com/dataforseo-bot)"
136.243.228.194 - - [14/Jul/2025:12:28:21 -0400] "GET /items/gajio29/36993?key=nothing HTTP/1.1" 404 23126 "-" "Mozilla/5.0 (compatible; DataForSeoBot/1.0; +https://dataforseo.com/dataforseo-bot)"
136.243.228.194 - - [14/Jul/2025:12:28:25 -0400] "GET /238mujix6013.html HTTP/1.1" 404 23128 "-" "Mozilla/5.0 (compatible; DataForSeoBot/1.0; +https://dataforseo.com/dataforseo-bot)"
136.243.228.194 - - [14/Jul/2025:12:28:31 -0400] "GET /items/dihlu112/42534?key=English HTTP/1.1" 404 23126 "-" "Mozilla/5.0 (compatible; DataForSeoBot/1.0; +https://dataforseo.com/dataforseo-bot)"
136.243.228.194 - - [14/Jul/2025:12:28:41 -0400] "GET /items/wpgja69/6093?key=welcome HTTP/1.1" 404 23126 "-" "Mozilla/5.0 (compatible; DataForSeoBot/1.0; +https://dataforseo.com/dataforseo-bot)"
66.29.146.47 - - [14/Jul/2025:12:28:52 -0400] "POST /wp-cron.php?doing_wp_cron=1752510532.2849891185760498046875 HTTP/1.1" 403 1242 "-" "WordPress/6.8; https://dangroup.sa"
66.249.79.135 - - [14/Jul/2025:12:28:54 -0400] "GET /robots.txt HTTP/1.1" 304 0 "-" "Mozilla/5.0 (compatible; Googlebot/2.1; +http://www.google.com/bot.html)"
66.249.79.134 - - [14/Jul/2025:12:28:54 -0400] "GET /26hkt331.html HTTP/1.1" 200 87891 "-" "Mozilla/5.0 (Linux; Android 6.0.1; Nexus 5X Build/MMB29P) AppleWebKit/537.36 (KHTML, like Gecko) Chrome/137.0.7151.103 Mobile Safari/537.36 (compatible; Googlebot/2.1; +http://www.google.com/bot.html)"
66.249.79.135 - - [14/Jul/2025:12:28:55 -0400] "GET /items/wnkfy13/405?key=prison HTTP/1.1" 200 87036 "-" "Mozilla/5.0 (Linux; Android 6.0.1; Nexus 5X Build/MMB29P) AppleWebKit/537.36 (KHTML, like Gecko) Chrome/137.0.7151.103 Mobile Safari/537.36 (compatible; Googlebot/2.1; +http://www.google.com/bot.html)"
136.243.228.194 - - [14/Jul/2025:12:28:50 -0400] "GET /120vpyco3133.html HTTP/1.1" 404 23126 "-" "Mozilla/5.0 (compatible; DataForSeoBot/1.0; +https://dataforseo.com/dataforseo-bot)"
20.171.207.27 - - [14/Jul/2025:12:28:58 -0400] "GET /195pflsf23958.html HTTP/1.1" 404 23126 "-" "Mozilla/5.0 AppleWebKit/537.36 (KHTML, like Gecko; compatible; GPTBot/1.2; +https://openai.com/gptbot)"
136.243.228.194 - - [14/Jul/2025:12:28:59 -0400] "GET /items/xtyks156/8498?key=wine HTTP/1.1" 404 23126 "-" "Mozilla/5.0 (compatible; DataForSeoBot/1.0; +https://dataforseo.com/dataforseo-bot)"
139.162.24.217 - - [14/Jul/2025:12:29:13 -0400] "GET /wp-login.php HTTP/1.1" 200 3092 "-" "Mozilla/5.0 (Windows NT 10.0; Win64; x64) AppleWebKit/537.36 (KHTML, like Gecko) Chrome/58.0.3029.110 Safari/537.3"
136.243.228.194 - - [14/Jul/2025:12:29:11 -0400] "GET /243ajyy24646.html HTTP/1.1" 404 23126 "-" "Mozilla/5.0 (compatible; DataForSeoBot/1.0; +https://dataforseo.com/dataforseo-bot)"
139.162.24.217 - - [14/Jul/2025:12:29:18 -0400] "POST /wp-login.php HTTP/1.1" 200 3230 "-" "Mozilla/5.0 (Windows NT 10.0; Win64; x64) AppleWebKit/537.36 (KHTML, like Gecko) Chrome/58.0.3029.110 Safari/537.3"
136.243.228.194 - - [14/Jul/2025:12:29:18 -0400] "GET /246ioo30069.html HTTP/1.1" 404 23126 "-" "Mozilla/5.0 (compatible; DataForSeoBot/1.0; +https://dataforseo.com/dataforseo-bot)"
136.243.228.194 - - [14/Jul/2025:12:29:23 -0400] "GET /83mijqf10904.html HTTP/1.1" 404 23126 "-" "Mozilla/5.0 (compatible; DataForSeoBot/1.0; +https://dataforseo.com/dataforseo-bot)"
136.243.228.194 - - [14/Jul/2025:12:29:29 -0400] "GET /87vuoir36902.html HTTP/1.1" 404 23126 "-" "Mozilla/5.0 (compatible; DataForSeoBot/1.0; +https://dataforseo.com/dataforseo-bot)"
136.243.228.194 - - [14/Jul/2025:12:29:34 -0400] "GET /items/uqxmh125/16549?key=front HTTP/1.1" 404 23126 "-" "Mozilla/5.0 (compatible; DataForSeoBot/1.0; +https://dataforseo.com/dataforseo-bot)"
136.243.228.194 - - [14/Jul/2025:12:29:40 -0400] "GET /items/gwusi145/56701?key=generate HTTP/1.1" 404 23126 "-" "Mozilla/5.0 (compatible; DataForSeoBot/1.0; +https://dataforseo.com/dataforseo-bot)"
136.243.228.194 - - [14/Jul/2025:12:29:44 -0400] "GET /items/gbutx65/15917?key=permanent HTTP/1.1" 404 23126 "-" "Mozilla/5.0 (compatible; DataForSeoBot/1.0; +https://dataforseo.com/dataforseo-bot)"
139.162.24.217 - - [14/Jul/2025:12:29:50 -0400] "GET /wp-login.php HTTP/1.1" 200 3092 "-" "Mozilla/5.0 (Windows NT 10.0; Win64; x64) AppleWebKit/537.36 (KHTML, like Gecko) Chrome/58.0.3029.110 Safari/537.3"
66.29.146.47 - - [14/Jul/2025:12:29:54 -0400] "POST /wp-cron.php?doing_wp_cron=1752510593.9824490547180175781250 HTTP/1.1" 403 1242 "-" "WordPress/6.8; https://dangroup.sa"
139.162.24.217 - - [14/Jul/2025:12:29:53 -0400] "POST /wp-login.php HTTP/1.1" 200 3230 "-" "Mozilla/5.0 (Windows NT 10.0; Win64; x64) AppleWebKit/537.36 (KHTML, like Gecko) Chrome/58.0.3029.110 Safari/537.3"
136.243.228.194 - - [14/Jul/2025:12:29:52 -0400] "GET /items/fykvn75/7191?key=numerous HTTP/1.1" 404 23126 "-" "Mozilla/5.0 (compatible; DataForSeoBot/1.0; +https://dataforseo.com/dataforseo-bot)"
20.171.207.27 - - [14/Jul/2025:12:29:57 -0400] "GET /259biwdx40796.html HTTP/1.1" 404 23126 "-" "Mozilla/5.0 AppleWebKit/537.36 (KHTML, like Gecko; compatible; GPTBot/1.2; +https://openai.com/gptbot)"
136.243.228.194 - - [14/Jul/2025:12:30:05 -0400] "GET /255gnhph27676.html HTTP/1.1" 404 23126 "-" "Mozilla/5.0 (compatible; DataForSeoBot/1.0; +https://dataforseo.com/dataforseo-bot)"
47.82.60.25 - - [14/Jul/2025:12:30:11 -0400] "GET /pcmypage?callback=product/review/auc-b-city-1677032790_20230221 HTTP/1.1" 404 23126 "https://dangroup.sa/pcmypage?callback=product/review/auc-b-city-1677032790_20230221" "Mozilla/5.0 (Windows NT 10.0; Win64; x64) AppleWebKit/537.36 (KHTML, like Gecko) Chrome/114.0.0.0 Safari/537.36 Edg/114.0.1823.43"
136.243.228.194 - - [14/Jul/2025:12:30:15 -0400] "GET /items/nfhhm166/4086?key=jeans HTTP/1.1" 404 23126 "-" "Mozilla/5.0 (compatible; DataForSeoBot/1.0; +https://dataforseo.com/dataforseo-bot)"
136.243.228.194 - - [14/Jul/2025:12:30:22 -0400] "GET /221cxf36182.html HTTP/1.1" 404 23126 "-" "Mozilla/5.0 (compatible; DataForSeoBot/1.0; +https://dataforseo.com/dataforseo-bot)"
136.243.228.194 - - [14/Jul/2025:12:30:29 -0400] "GET /items/ufkue119/21579?key=veteran HTTP/1.1" 404 23126 "-" "Mozilla/5.0 (compatible; DataForSeoBot/1.0; +https://dataforseo.com/dataforseo-bot)"
47.82.60.66 - - [14/Jul/2025:12:30:35 -0400] "GET /210zynh8853.html HTTP/1.1" 301 0 "https://www.dangroup.sa/210zynh8853.html" "Mozilla/5.0 (Windows NT 10.0; Win64; x64) AppleWebKit/537.36 (KHTML, like Gecko) Chrome/114.0.0.0 Safari/537.36 Edg/114.0.1823.43"
136.243.228.194 - - [14/Jul/2025:12:30:35 -0400] "GET /153xogc42304.html HTTP/1.1" 404 23126 "-" "Mozilla/5.0 (compatible; DataForSeoBot/1.0; +https://dataforseo.com/dataforseo-bot)"
47.82.60.66 - - [14/Jul/2025:12:30:37 -0400] "GET /210zynh8853.html HTTP/1.1" 404 23126 "https://www.dangroup.sa/210zynh8853.html" "Mozilla/5.0 (Windows NT 10.0; Win64; x64) AppleWebKit/537.36 (KHTML, like Gecko) Chrome/114.0.0.0 Safari/537.36 Edg/114.0.1823.43"
2605:a140:2246:3501::1 - - [14/Jul/2025:12:30:42 -0400] "GET /xmlrpc.php HTTP/1.1" 403 1242 "http://danevnt.com/xmlrpc.php" "Mozilla/5.0 (X11; Ubuntu; Linux x86_64; rv:85.0) Gecko/20100101 Firefox/91.0"
136.243.228.194 - - [14/Jul/2025:12:30:44 -0400] "GET /items/mmyys148/25164?key=success HTTP/1.1" 404 23126 "-" "Mozilla/5.0 (compatible; DataForSeoBot/1.0; +https://dataforseo.com/dataforseo-bot)"
139.162.24.217 - - [14/Jul/2025:12:30:51 -0400] "GET /wp-login.php HTTP/1.1" 200 3127 "-" "Mozilla/5.0 (Macintosh; Intel Mac OS X 10_11_5) AppleWebKit/537.36 (KHTML, like Gecko) Chrome/50.0.2661.102 Safari/537.36"
136.243.228.194 - - [14/Jul/2025:12:30:49 -0400] "GET /293hxksc5616.html HTTP/1.1" 404 23126 "-" "Mozilla/5.0 (compatible; DataForSeoBot/1.0; +https://dataforseo.com/dataforseo-bot)"
66.29.146.47 - - [14/Jul/2025:12:30:58 -0400] "POST /wp-cron.php?doing_wp_cron=1752510658.2157990932464599609375 HTTP/1.1" 403 1242 "-" "WordPress/6.8; https://dangroup.sa"
20.171.207.27 - - [14/Jul/2025:12:30:51 -0400] "GET /109ukahv14818.html HTTP/1.1" 404 23126 "-" "Mozilla/5.0 AppleWebKit/537.36 (KHTML, like Gecko; compatible; GPTBot/1.2; +https://openai.com/gptbot)"
139.162.24.217 - - [14/Jul/2025:12:30:58 -0400] "POST /wp-login.php HTTP/1.1" 200 3230 "-" "Mozilla/5.0 (Macintosh; Intel Mac OS X 10_11_5) AppleWebKit/537.36 (KHTML, like Gecko) Chrome/50.0.2661.102 Safari/537.36"
47.82.60.31 - - [14/Jul/2025:12:31:00 -0400] "GET /14tnra19401.html HTTP/1.1" 301 0 "https://www.dangroup.sa/14tnra19401.html" "Mozilla/5.0 (Windows NT 10.0; Win64; x64) AppleWebKit/537.36 (KHTML, like Gecko) Chrome/114.0.0.0 Safari/537.36 Edg/114.0.1823.43"
136.243.228.194 - - [14/Jul/2025:12:30:57 -0400] "GET /items/cgfvp205/15059?key=devil HTTP/1.1" 404 23126 "-" "Mozilla/5.0 (compatible; DataForSeoBot/1.0; +https://dataforseo.com/dataforseo-bot)"
47.82.60.31 - - [14/Jul/2025:12:31:03 -0400] "GET /14tnra19401.html HTTP/1.1" 404 23128 "https://www.dangroup.sa/14tnra19401.html" "Mozilla/5.0 (Windows NT 10.0; Win64; x64) AppleWebKit/537.36 (KHTML, like Gecko) Chrome/114.0.0.0 Safari/537.36 Edg/114.0.1823.43"
136.243.228.194 - - [14/Jul/2025:12:31:04 -0400] "GET /258kfmue33937.html HTTP/1.1" 404 23126 "-" "Mozilla/5.0 (compatible; DataForSeoBot/1.0; +https://dataforseo.com/dataforseo-bot)"
136.243.228.194 - - [14/Jul/2025:12:31:14 -0400] "GET /items/dzxos67/14765?key=area HTTP/1.1" 404 23126 "-" "Mozilla/5.0 (compatible; DataForSeoBot/1.0; +https://dataforseo.com/dataforseo-bot)"
136.243.228.194 - - [14/Jul/2025:12:31:20 -0400] "GET /items/vdunl67/16041?key=disability HTTP/1.1" 404 23126 "-" "Mozilla/5.0 (compatible; DataForSeoBot/1.0; +https://dataforseo.com/dataforseo-bot)"
47.82.60.67 - - [14/Jul/2025:12:31:22 -0400] "GET /138zafx38063.html HTTP/1.1" 404 23126 "https://dangroup.sa/138zafx38063.html" "Mozilla/5.0 (Windows NT 10.0; Win64; x64) AppleWebKit/537.36 (KHTML, like Gecko) Chrome/114.0.0.0 Safari/537.36 Edg/114.0.1823.43"
136.243.228.194 - - [14/Jul/2025:12:31:25 -0400] "GET /items/dfspb296/8648?key=apple HTTP/1.1" 404 23126 "-" "Mozilla/5.0 (compatible; DataForSeoBot/1.0; +https://dataforseo.com/dataforseo-bot)"
47.82.60.3 - - [14/Jul/2025:12:31:28 -0400] "GET /items/eynel115/41625?key=through HTTP/1.1" 404 23126 "https://dangroup.sa/items/eynel115/41625?key=through" "Mozilla/5.0 (Windows NT 10.0; Win64; x64) AppleWebKit/537.36 (KHTML, like Gecko) Chrome/114.0.0.0 Safari/537.36 Edg/114.0.1823.43"
136.243.228.194 - - [14/Jul/2025:12:31:37 -0400] "GET /190mmvu44507.html HTTP/1.1" 404 23128 "-" "Mozilla/5.0 (compatible; DataForSeoBot/1.0; +https://dataforseo.com/dataforseo-bot)"
136.243.228.194 - - [14/Jul/2025:12:31:42 -0400] "GET /items/kzppt23/41815?key=bacteria HTTP/1.1" 404 23126 "-" "Mozilla/5.0 (compatible; DataForSeoBot/1.0; +https://dataforseo.com/dataforseo-bot)"
139.162.24.217 - - [14/Jul/2025:12:31:54 -0400] "GET /wp-login.php HTTP/1.1" 200 3127 "-" "Mozilla/5.0 (Windows NT 10.0; Win64; x64) AppleWebKit/537.36 (KHTML, like Gecko) Chrome/58.0.3029.110 Safari/537.3"
136.243.228.194 - - [14/Jul/2025:12:31:48 -0400] "GET /items/uhieb65/32389?key=able HTTP/1.1" 404 23126 "-" "Mozilla/5.0 (compatible; DataForSeoBot/1.0; +https://dataforseo.com/dataforseo-bot)"
47.82.60.67 - - [14/Jul/2025:12:31:48 -0400] "GET /56jmw30789.html HTTP/1.1" 404 23126 "https://dangroup.sa/56jmw30789.html" "Mozilla/5.0 (Windows NT 10.0; Win64; x64) AppleWebKit/537.36 (KHTML, like Gecko) Chrome/114.0.0.0 Safari/537.36 Edg/114.0.1823.43"
66.29.146.47 - - [14/Jul/2025:12:32:01 -0400] "POST /wp-cron.php?doing_wp_cron=1752510720.2773239612579345703125 HTTP/1.1" 403 1242 "-" "WordPress/6.8; https://dangroup.sa"
20.171.207.27 - - [14/Jul/2025:12:31:50 -0400] "GET /179lsnep35260.html HTTP/1.1" 404 23126 "-" "Mozilla/5.0 AppleWebKit/537.36 (KHTML, like Gecko; compatible; GPTBot/1.2; +https://openai.com/gptbot)"
47.82.60.35 - - [14/Jul/2025:12:31:54 -0400] "GET /296xaw9449.html HTTP/1.1" 404 23126 "https://dangroup.sa/296xaw9449.html" "Mozilla/5.0 (Windows NT 10.0; Win64; x64) AppleWebKit/537.36 (KHTML, like Gecko) Chrome/114.0.0.0 Safari/537.36 Edg/114.0.1823.43"
139.162.24.217 - - [14/Jul/2025:12:32:03 -0400] "POST /wp-login.php HTTP/1.1" 200 3230 "-" "Mozilla/5.0 (Windows NT 10.0; Win64; x64) AppleWebKit/537.36 (KHTML, like Gecko) Chrome/58.0.3029.110 Safari/537.3"
136.243.228.194 - - [14/Jul/2025:12:32:01 -0400] "GET /74gyicn1277.html HTTP/1.1" 404 23128 "-" "Mozilla/5.0 (compatible; DataForSeoBot/1.0; +https://dataforseo.com/dataforseo-bot)"
47.82.60.30 - - [14/Jul/2025:12:31:57 -0400] "GET /129yzxd39924.html HTTP/1.1" 404 23126 "https://dangroup.sa/129yzxd39924.html" "Mozilla/5.0 (Windows NT 10.0; Win64; x64) AppleWebKit/537.36 (KHTML, like Gecko) Chrome/114.0.0.0 Safari/537.36 Edg/114.0.1823.43"
47.82.60.32 - - [14/Jul/2025:12:32:03 -0400] "GET /items/dplmc84/14456?key=bench HTTP/1.1" 404 23126 "https://dangroup.sa/items/dplmc84/14456?key=bench" "Mozilla/5.0 (Windows NT 10.0; Win64; x64) AppleWebKit/537.36 (KHTML, like Gecko) Chrome/114.0.0.0 Safari/537.36 Edg/114.0.1823.43"
136.243.228.194 - - [14/Jul/2025:12:32:13 -0400] "GET /items/maceh131/21575?key=composition HTTP/1.1" 404 23193 "-" "Mozilla/5.0 (compatible; DataForSeoBot/1.0; +https://dataforseo.com/dataforseo-bot)"
136.243.228.194 - - [14/Jul/2025:12:32:22 -0400] "GET /items/khtce40/44162?key=actress HTTP/1.1" 404 23126 "-" "Mozilla/5.0 (compatible; DataForSeoBot/1.0; +https://dataforseo.com/dataforseo-bot)"
136.243.228.194 - - [14/Jul/2025:12:32:26 -0400] "GET /101hcpki27864.html HTTP/1.1" 404 23126 "-" "Mozilla/5.0 (compatible; DataForSeoBot/1.0; +https://dataforseo.com/dataforseo-bot)"
136.243.228.194 - - [14/Jul/2025:12:32:29 -0400] "GET /items/hzmzw145/48771?key=top HTTP/1.1" 404 23126 "-" "Mozilla/5.0 (compatible; DataForSeoBot/1.0; +https://dataforseo.com/dataforseo-bot)"
136.243.228.194 - - [14/Jul/2025:12:32:33 -0400] "GET /45buwak46920.html HTTP/1.1" 404 23128 "-" "Mozilla/5.0 (compatible; DataForSeoBot/1.0; +https://dataforseo.com/dataforseo-bot)"
139.162.24.217 - - [14/Jul/2025:12:32:35 -0400] "GET /wp-login.php HTTP/1.1" 200 3092 "-" "Mozilla/5.0 (Windows NT 6.3; WOW64; rv:40.0) Gecko/20100101 Firefox/40.0"
139.162.24.217 - - [14/Jul/2025:12:32:37 -0400] "POST /wp-login.php HTTP/1.1" 200 3230 "-" "Mozilla/5.0 (Windows NT 6.3; WOW64; rv:40.0) Gecko/20100101 Firefox/40.0"
136.243.228.194 - - [14/Jul/2025:12:32:38 -0400] "GET /73ykd29124.html HTTP/1.1" 404 23126 "-" "Mozilla/5.0 (compatible; DataForSeoBot/1.0; +https://dataforseo.com/dataforseo-bot)"
136.243.228.194 - - [14/Jul/2025:12:32:42 -0400] "GET /214phvi14307.html HTTP/1.1" 404 23126 "-" "Mozilla/5.0 (compatible; DataForSeoBot/1.0; +https://dataforseo.com/dataforseo-bot)"
20.171.207.27 - - [14/Jul/2025:12:32:47 -0400] "GET /233vrstw44360.html HTTP/1.1" 404 23126 "-" "Mozilla/5.0 AppleWebKit/537.36 (KHTML, like Gecko; compatible; GPTBot/1.2; +https://openai.com/gptbot)"
136.243.228.194 - - [14/Jul/2025:12:32:49 -0400] "GET /items/nkifq160/49884?key=glimpse HTTP/1.1" 404 23126 "-" "Mozilla/5.0 (compatible; DataForSeoBot/1.0; +https://dataforseo.com/dataforseo-bot)"
