136.243.228.194 - - [14/Jul/2025:15:17:09 -0400] "GET /items/owrtc122/19092?key=manufacturer HTTP/1.1" 404 23126 "-" "Mozilla/5.0 (compatible; DataForSeoBot/1.0; +https://dataforseo.com/dataforseo-bot)"
136.243.228.194 - - [14/Jul/2025:15:17:15 -0400] "GET /items/ritep257/7469?key=cattle HTTP/1.1" 404 23126 "-" "Mozilla/5.0 (compatible; DataForSeoBot/1.0; +https://dataforseo.com/dataforseo-bot)"
136.243.228.194 - - [14/Jul/2025:15:17:20 -0400] "GET /items/nghne216/17186?key=listen HTTP/1.1" 404 23126 "-" "Mozilla/5.0 (compatible; DataForSeoBot/1.0; +https://dataforseo.com/dataforseo-bot)"
136.243.228.194 - - [14/Jul/2025:15:17:25 -0400] "GET /items/iwfti256/25132?key=arise HTTP/1.1" 404 23128 "-" "Mozilla/5.0 (compatible; DataForSeoBot/1.0; +https://dataforseo.com/dataforseo-bot)"
136.243.228.194 - - [14/Jul/2025:15:17:31 -0400] "GET /167fpqn21680.html HTTP/1.1" 404 23128 "-" "Mozilla/5.0 (compatible; DataForSeoBot/1.0; +https://dataforseo.com/dataforseo-bot)"
136.243.228.194 - - [14/Jul/2025:15:17:35 -0400] "GET /43omlb39152.html HTTP/1.1" 404 23126 "-" "Mozilla/5.0 (compatible; DataForSeoBot/1.0; +https://dataforseo.com/dataforseo-bot)"
136.243.228.194 - - [14/Jul/2025:15:17:41 -0400] "GET /items/chjhw4/40060?key=darkness HTTP/1.1" 404 23126 "-" "Mozilla/5.0 (compatible; DataForSeoBot/1.0; +https://dataforseo.com/dataforseo-bot)"
66.29.146.47 - - [14/Jul/2025:15:17:46 -0400] "POST /wp-cron.php?doing_wp_cron=1752520666.1858339309692382812500 HTTP/1.1" 403 1242 "-" "WordPress/6.8; https://dangroup.sa"
136.243.228.194 - - [14/Jul/2025:15:17:45 -0400] "GET /items/ughnm265/18409?key=tomorrow HTTP/1.1" 404 23126 "-" "Mozilla/5.0 (compatible; DataForSeoBot/1.0; +https://dataforseo.com/dataforseo-bot)"
136.243.228.194 - - [14/Jul/2025:15:17:50 -0400] "GET /233gnmgy25754.html HTTP/1.1" 404 23126 "-" "Mozilla/5.0 (compatible; DataForSeoBot/1.0; +https://dataforseo.com/dataforseo-bot)"
136.243.228.194 - - [14/Jul/2025:15:17:55 -0400] "GET /273elwbo8770.html HTTP/1.1" 404 23126 "-" "Mozilla/5.0 (compatible; DataForSeoBot/1.0; +https://dataforseo.com/dataforseo-bot)"
136.243.228.194 - - [14/Jul/2025:15:18:00 -0400] "GET /items/tnhmh190/21548?key=species HTTP/1.1" 404 23126 "-" "Mozilla/5.0 (compatible; DataForSeoBot/1.0; +https://dataforseo.com/dataforseo-bot)"
136.243.228.194 - - [14/Jul/2025:15:18:05 -0400] "GET /148hib47021.html HTTP/1.1" 404 23126 "-" "Mozilla/5.0 (compatible; DataForSeoBot/1.0; +https://dataforseo.com/dataforseo-bot)"
136.243.228.194 - - [14/Jul/2025:15:18:10 -0400] "GET /36apho24141.html HTTP/1.1" 404 23126 "-" "Mozilla/5.0 (compatible; DataForSeoBot/1.0; +https://dataforseo.com/dataforseo-bot)"
20.171.207.27 - - [14/Jul/2025:15:18:11 -0400] "GET /104asiar27479.html HTTP/1.1" 404 23126 "-" "Mozilla/5.0 AppleWebKit/537.36 (KHTML, like Gecko; compatible; GPTBot/1.2; +https://openai.com/gptbot)"
136.243.228.194 - - [14/Jul/2025:15:18:16 -0400] "GET /items/gcyzd176/27452?key=highway HTTP/1.1" 404 23126 "-" "Mozilla/5.0 (compatible; DataForSeoBot/1.0; +https://dataforseo.com/dataforseo-bot)"
136.243.228.194 - - [14/Jul/2025:15:18:22 -0400] "GET /261mgdgj19650.html HTTP/1.1" 404 23126 "-" "Mozilla/5.0 (compatible; DataForSeoBot/1.0; +https://dataforseo.com/dataforseo-bot)"
136.243.228.194 - - [14/Jul/2025:15:18:26 -0400] "GET /28zejy20257.html HTTP/1.1" 404 23126 "-" "Mozilla/5.0 (compatible; DataForSeoBot/1.0; +https://dataforseo.com/dataforseo-bot)"
136.243.228.194 - - [14/Jul/2025:15:18:31 -0400] "GET /21pwk34368.html HTTP/1.1" 404 23126 "-" "Mozilla/5.0 (compatible; DataForSeoBot/1.0; +https://dataforseo.com/dataforseo-bot)"
136.243.228.194 - - [14/Jul/2025:15:18:36 -0400] "GET /items/zirqf38/9960?key=till HTTP/1.1" 404 23126 "-" "Mozilla/5.0 (compatible; DataForSeoBot/1.0; +https://dataforseo.com/dataforseo-bot)"
136.243.228.194 - - [14/Jul/2025:15:18:41 -0400] "GET /41dyv6852.html HTTP/1.1" 404 23126 "-" "Mozilla/5.0 (compatible; DataForSeoBot/1.0; +https://dataforseo.com/dataforseo-bot)"
66.29.146.47 - - [14/Jul/2025:15:18:47 -0400] "POST /wp-cron.php?doing_wp_cron=1752520727.3814990520477294921875 HTTP/1.1" 403 1242 "-" "WordPress/6.8; https://dangroup.sa"
136.243.228.194 - - [14/Jul/2025:15:18:46 -0400] "GET /116xzmug5051.html HTTP/1.1" 404 23126 "-" "Mozilla/5.0 (compatible; DataForSeoBot/1.0; +https://dataforseo.com/dataforseo-bot)"
136.243.228.194 - - [14/Jul/2025:15:18:51 -0400] "GET /items/zonpu114/15910?key=sheet HTTP/1.1" 404 23126 "-" "Mozilla/5.0 (compatible; DataForSeoBot/1.0; +https://dataforseo.com/dataforseo-bot)"
136.243.228.194 - - [14/Jul/2025:15:18:56 -0400] "GET /items/dmnxv44/6626?key=reform HTTP/1.1" 404 23126 "-" "Mozilla/5.0 (compatible; DataForSeoBot/1.0; +https://dataforseo.com/dataforseo-bot)"
136.243.228.194 - - [14/Jul/2025:15:19:02 -0400] "GET /89ebwq13300.html HTTP/1.1" 404 23126 "-" "Mozilla/5.0 (compatible; DataForSeoBot/1.0; +https://dataforseo.com/dataforseo-bot)"
34.204.150.196 - - [14/Jul/2025:15:19:08 -0400] "GET /robots.txt HTTP/1.1" 304 0 "-" "Mozilla/5.0 AppleWebKit/537.36 (KHTML, like Gecko; compatible; Amazonbot/0.1; +https://developer.amazon.com/support/amazonbot) Chrome/119.0.6045.214 Safari/537.36"
136.243.228.194 - - [14/Jul/2025:15:19:08 -0400] "GET /items/yoobd3/22647?key=spokesman HTTP/1.1" 404 23126 "-" "Mozilla/5.0 (compatible; DataForSeoBot/1.0; +https://dataforseo.com/dataforseo-bot)"
136.243.228.194 - - [14/Jul/2025:15:19:12 -0400] "GET /84xkobv3957.html HTTP/1.1" 404 23309 "-" "Mozilla/5.0 (compatible; DataForSeoBot/1.0; +https://dataforseo.com/dataforseo-bot)"
20.171.207.27 - - [14/Jul/2025:15:19:12 -0400] "GET /238byiso44965.html HTTP/1.1" 404 23128 "-" "Mozilla/5.0 AppleWebKit/537.36 (KHTML, like Gecko; compatible; GPTBot/1.2; +https://openai.com/gptbot)"
136.243.228.194 - - [14/Jul/2025:15:19:19 -0400] "GET /210ast8477.html HTTP/1.1" 404 23128 "-" "Mozilla/5.0 (compatible; DataForSeoBot/1.0; +https://dataforseo.com/dataforseo-bot)"
136.243.228.194 - - [14/Jul/2025:15:19:24 -0400] "GET /80wdosg31671.html HTTP/1.1" 404 23126 "-" "Mozilla/5.0 (compatible; DataForSeoBot/1.0; +https://dataforseo.com/dataforseo-bot)"
136.243.228.194 - - [14/Jul/2025:15:19:30 -0400] "GET /102eufl47531.html HTTP/1.1" 404 23126 "-" "Mozilla/5.0 (compatible; DataForSeoBot/1.0; +https://dataforseo.com/dataforseo-bot)"
136.243.228.194 - - [14/Jul/2025:15:19:35 -0400] "GET /25cyiyf48930.html HTTP/1.1" 404 23126 "-" "Mozilla/5.0 (compatible; DataForSeoBot/1.0; +https://dataforseo.com/dataforseo-bot)"
136.243.228.194 - - [14/Jul/2025:15:19:41 -0400] "GET /items/pbolq67/44583?key=truth HTTP/1.1" 404 23126 "-" "Mozilla/5.0 (compatible; DataForSeoBot/1.0; +https://dataforseo.com/dataforseo-bot)"
66.29.146.47 - - [14/Jul/2025:15:19:48 -0400] "POST /wp-cron.php?doing_wp_cron=1752520788.0267999172210693359375 HTTP/1.1" 403 1242 "-" "WordPress/6.8; https://dangroup.sa"
136.243.228.194 - - [14/Jul/2025:15:19:47 -0400] "GET /85exro22698.html HTTP/1.1" 404 23126 "-" "Mozilla/5.0 (compatible; DataForSeoBot/1.0; +https://dataforseo.com/dataforseo-bot)"
136.243.228.194 - - [14/Jul/2025:15:19:54 -0400] "GET /157qcewh35362.html HTTP/1.1" 404 23126 "-" "Mozilla/5.0 (compatible; DataForSeoBot/1.0; +https://dataforseo.com/dataforseo-bot)"
136.243.228.194 - - [14/Jul/2025:15:19:59 -0400] "GET /items/vkija18/36928?key=gym HTTP/1.1" 404 23126 "-" "Mozilla/5.0 (compatible; DataForSeoBot/1.0; +https://dataforseo.com/dataforseo-bot)"
216.73.216.117 - - [14/Jul/2025:15:20:08 -0400] "GET /robots.txt HTTP/1.1" 304 0 "-" "Mozilla/5.0 AppleWebKit/537.36 (KHTML, like Gecko; compatible; ClaudeBot/1.0; +claudebot@anthropic.com)"
136.243.228.194 - - [14/Jul/2025:15:20:06 -0400] "GET /items/edvjh177/3569?key=decade HTTP/1.1" 404 23126 "-" "Mozilla/5.0 (compatible; DataForSeoBot/1.0; +https://dataforseo.com/dataforseo-bot)"
216.73.216.117 - - [14/Jul/2025:15:20:09 -0400] "GET /search.php HTTP/1.1" 404 23126 "-" "Mozilla/5.0 AppleWebKit/537.36 (KHTML, like Gecko; compatible; ClaudeBot/1.0; +claudebot@anthropic.com)"
20.171.207.27 - - [14/Jul/2025:15:20:13 -0400] "GET /197ijokb15380.html HTTP/1.1" 404 23126 "-" "Mozilla/5.0 AppleWebKit/537.36 (KHTML, like Gecko; compatible; GPTBot/1.2; +https://openai.com/gptbot)"
136.243.228.194 - - [14/Jul/2025:15:20:13 -0400] "GET /items/tmojg195/20307?key=grace HTTP/1.1" 404 23126 "-" "Mozilla/5.0 (compatible; DataForSeoBot/1.0; +https://dataforseo.com/dataforseo-bot)"
136.243.228.194 - - [14/Jul/2025:15:20:21 -0400] "GET /165vyuri17410.html HTTP/1.1" 404 23126 "-" "Mozilla/5.0 (compatible; DataForSeoBot/1.0; +https://dataforseo.com/dataforseo-bot)"
66.249.79.135 - - [14/Jul/2025:15:20:25 -0400] "GET /pcmypage?callback=product/review/wonder-depo-w0b1twvyq7 HTTP/1.1" 200 88695 "-" "Mozilla/5.0 (Linux; Android 6.0.1; Nexus 5X Build/MMB29P) AppleWebKit/537.36 (KHTML, like Gecko) Chrome/137.0.7151.103 Mobile Safari/537.36 (compatible; Googlebot/2.1; +http://www.google.com/bot.html)"
66.249.79.136 - - [14/Jul/2025:15:20:26 -0400] "GET /items/hlfyt262/938?key=hearing HTTP/1.1" 200 87905 "-" "Mozilla/5.0 (Linux; Android 6.0.1; Nexus 5X Build/MMB29P) AppleWebKit/537.36 (KHTML, like Gecko) Chrome/137.0.7151.103 Mobile Safari/537.36 (compatible; Googlebot/2.1; +http://www.google.com/bot.html)"
136.243.228.194 - - [14/Jul/2025:15:20:28 -0400] "GET /280uds24553.html HTTP/1.1" 404 23126 "-" "Mozilla/5.0 (compatible; DataForSeoBot/1.0; +https://dataforseo.com/dataforseo-bot)"
136.243.228.194 - - [14/Jul/2025:15:20:33 -0400] "GET /191zkr39352.html HTTP/1.1" 404 23128 "-" "Mozilla/5.0 (compatible; DataForSeoBot/1.0; +https://dataforseo.com/dataforseo-bot)"
136.243.228.194 - - [14/Jul/2025:15:20:38 -0400] "GET /212ccaw12607.html HTTP/1.1" 404 23126 "-" "Mozilla/5.0 (compatible; DataForSeoBot/1.0; +https://dataforseo.com/dataforseo-bot)"
136.243.228.194 - - [14/Jul/2025:15:20:44 -0400] "GET /items/olcvf192/19500?key=weird HTTP/1.1" 404 23126 "-" "Mozilla/5.0 (compatible; DataForSeoBot/1.0; +https://dataforseo.com/dataforseo-bot)"
66.29.146.47 - - [14/Jul/2025:15:20:49 -0400] "POST /wp-cron.php?doing_wp_cron=1752520849.0781679153442382812500 HTTP/1.1" 403 1242 "-" "WordPress/6.8; https://dangroup.sa"
136.243.228.194 - - [14/Jul/2025:15:20:48 -0400] "GET /299jdj4712.html HTTP/1.1" 404 23126 "-" "Mozilla/5.0 (compatible; DataForSeoBot/1.0; +https://dataforseo.com/dataforseo-bot)"
47.82.60.8 - - [14/Jul/2025:15:20:54 -0400] "GET /218ywkjh8493.html HTTP/1.1" 301 0 "https://www.dangroup.sa/218ywkjh8493.html" "Mozilla/5.0 (Windows NT 10.0; Win64; x64) AppleWebKit/537.36 (KHTML, like Gecko) Chrome/114.0.0.0 Safari/537.36 Edg/114.0.1823.43"
136.243.228.194 - - [14/Jul/2025:15:20:54 -0400] "GET /4ahci41729.html HTTP/1.1" 404 23126 "-" "Mozilla/5.0 (compatible; DataForSeoBot/1.0; +https://dataforseo.com/dataforseo-bot)"
47.82.60.8 - - [14/Jul/2025:15:20:55 -0400] "GET /218ywkjh8493.html HTTP/1.1" 404 23128 "https://www.dangroup.sa/218ywkjh8493.html" "Mozilla/5.0 (Windows NT 10.0; Win64; x64) AppleWebKit/537.36 (KHTML, like Gecko) Chrome/114.0.0.0 Safari/537.36 Edg/114.0.1823.43"
136.243.228.194 - - [14/Jul/2025:15:21:01 -0400] "GET /282wiwh29587.html HTTP/1.1" 404 23126 "-" "Mozilla/5.0 (compatible; DataForSeoBot/1.0; +https://dataforseo.com/dataforseo-bot)"
47.82.60.8 - - [14/Jul/2025:15:21:02 -0400] "GET /206eku33175.html HTTP/1.1" 404 23128 "https://dangroup.sa/206eku33175.html" "Mozilla/5.0 (Windows NT 10.0; Win64; x64) AppleWebKit/537.36 (KHTML, like Gecko) Chrome/114.0.0.0 Safari/537.36 Edg/114.0.1823.43"
47.82.60.3 - - [14/Jul/2025:15:21:10 -0400] "GET /3lhrj2340.html HTTP/1.1" 301 0 "https://www.dangroup.sa/3lhrj2340.html" "Mozilla/5.0 (Windows NT 10.0; Win64; x64) AppleWebKit/537.36 (KHTML, like Gecko) Chrome/114.0.0.0 Safari/537.36 Edg/114.0.1823.43"
136.243.228.194 - - [14/Jul/2025:15:21:08 -0400] "GET /242fezhf19049.html HTTP/1.1" 404 23126 "-" "Mozilla/5.0 (compatible; DataForSeoBot/1.0; +https://dataforseo.com/dataforseo-bot)"
47.82.60.3 - - [14/Jul/2025:15:21:11 -0400] "GET /3lhrj2340.html HTTP/1.1" 404 23126 "https://www.dangroup.sa/3lhrj2340.html" "Mozilla/5.0 (Windows NT 10.0; Win64; x64) AppleWebKit/537.36 (KHTML, like Gecko) Chrome/114.0.0.0 Safari/537.36 Edg/114.0.1823.43"
136.243.228.194 - - [14/Jul/2025:15:21:14 -0400] "GET /items/pvxxs61/28631?key=output HTTP/1.1" 404 23126 "-" "Mozilla/5.0 (compatible; DataForSeoBot/1.0; +https://dataforseo.com/dataforseo-bot)"
47.82.60.10 - - [14/Jul/2025:15:21:19 -0400] "GET /pcmypage?callback=product/detail/kouguya-4549980602706 HTTP/1.1" 301 0 "https://www.dangroup.sa/pcmypage?callback=product%2Fdetail%2Fkouguya-4549980602706" "Mozilla/5.0 (Windows NT 10.0; Win64; x64) AppleWebKit/537.36 (KHTML, like Gecko) Chrome/114.0.0.0 Safari/537.36 Edg/114.0.1823.43"
20.171.207.27 - - [14/Jul/2025:15:21:18 -0400] "GET /166xucui25363.html HTTP/1.1" 404 23128 "-" "Mozilla/5.0 AppleWebKit/537.36 (KHTML, like Gecko; compatible; GPTBot/1.2; +https://openai.com/gptbot)"
47.82.60.10 - - [14/Jul/2025:15:21:21 -0400] "GET /pcmypage?callback=product/detail/kouguya-4549980602706 HTTP/1.1" 404 23126 "https://www.dangroup.sa/pcmypage?callback=product%2Fdetail%2Fkouguya-4549980602706" "Mozilla/5.0 (Windows NT 10.0; Win64; x64) AppleWebKit/537.36 (KHTML, like Gecko) Chrome/114.0.0.0 Safari/537.36 Edg/114.0.1823.43"
136.243.228.194 - - [14/Jul/2025:15:21:20 -0400] "GET /217jec39302.html HTTP/1.1" 404 23126 "-" "Mozilla/5.0 (compatible; DataForSeoBot/1.0; +https://dataforseo.com/dataforseo-bot)"
136.243.228.194 - - [14/Jul/2025:15:21:27 -0400] "GET /items/jmkek277/26135?key=relax HTTP/1.1" 404 23126 "-" "Mozilla/5.0 (compatible; DataForSeoBot/1.0; +https://dataforseo.com/dataforseo-bot)"
136.243.228.194 - - [14/Jul/2025:15:21:32 -0400] "GET /85rbqj15206.html HTTP/1.1" 404 23126 "-" "Mozilla/5.0 (compatible; DataForSeoBot/1.0; +https://dataforseo.com/dataforseo-bot)"
136.243.228.194 - - [14/Jul/2025:15:21:37 -0400] "GET /items/hqjbl263/5667?key=interpret HTTP/1.1" 404 23126 "-" "Mozilla/5.0 (compatible; DataForSeoBot/1.0; +https://dataforseo.com/dataforseo-bot)"
136.243.228.194 - - [14/Jul/2025:15:21:43 -0400] "GET /items/jdeww275/35853?key=surgery HTTP/1.1" 404 23126 "-" "Mozilla/5.0 (compatible; DataForSeoBot/1.0; +https://dataforseo.com/dataforseo-bot)"
136.243.228.194 - - [14/Jul/2025:15:21:47 -0400] "GET /190gfsh29757.html HTTP/1.1" 404 23126 "-" "Mozilla/5.0 (compatible; DataForSeoBot/1.0; +https://dataforseo.com/dataforseo-bot)"
66.29.146.47 - - [14/Jul/2025:15:21:52 -0400] "POST /wp-cron.php?doing_wp_cron=1752520912.1954319477081298828125 HTTP/1.1" 403 1242 "-" "WordPress/6.8; https://dangroup.sa"
136.243.228.194 - - [14/Jul/2025:15:21:51 -0400] "GET /items/kntol234/49266?key=fist HTTP/1.1" 404 23126 "-" "Mozilla/5.0 (compatible; DataForSeoBot/1.0; +https://dataforseo.com/dataforseo-bot)"
136.243.228.194 - - [14/Jul/2025:15:21:56 -0400] "GET /items/rwqxq25/34589?key=principle HTTP/1.1" 404 23126 "-" "Mozilla/5.0 (compatible; DataForSeoBot/1.0; +https://dataforseo.com/dataforseo-bot)"
136.243.228.194 - - [14/Jul/2025:15:22:00 -0400] "GET /items/kcvox125/39257?key=romantic HTTP/1.1" 404 23126 "-" "Mozilla/5.0 (compatible; DataForSeoBot/1.0; +https://dataforseo.com/dataforseo-bot)"
136.243.228.194 - - [14/Jul/2025:15:22:05 -0400] "GET /239wsbwz34878.html HTTP/1.1" 404 23126 "-" "Mozilla/5.0 (compatible; DataForSeoBot/1.0; +https://dataforseo.com/dataforseo-bot)"
136.243.228.194 - - [14/Jul/2025:15:22:10 -0400] "GET /30yyvxr11307.html HTTP/1.1" 404 23126 "-" "Mozilla/5.0 (compatible; DataForSeoBot/1.0; +https://dataforseo.com/dataforseo-bot)"
136.243.228.194 - - [14/Jul/2025:15:22:14 -0400] "GET /items/bygcg54/21894?key=motor HTTP/1.1" 404 23126 "-" "Mozilla/5.0 (compatible; DataForSeoBot/1.0; +https://dataforseo.com/dataforseo-bot)"
47.82.60.12 - - [14/Jul/2025:15:22:17 -0400] "GET /items/dofmm112/18296?key=trial HTTP/1.1" 301 0 "https://www.dangroup.sa/items/dofmm112/18296?key=trial" "Mozilla/5.0 (Windows NT 10.0; Win64; x64) AppleWebKit/537.36 (KHTML, like Gecko) Chrome/114.0.0.0 Safari/537.36 Edg/114.0.1823.43"
66.249.79.134 - - [14/Jul/2025:15:22:18 -0400] "GET /46nrjb795.html HTTP/1.1" 200 88031 "-" "Mozilla/5.0 (Linux; Android 6.0.1; Nexus 5X Build/MMB29P) AppleWebKit/537.36 (KHTML, like Gecko) Chrome/137.0.7151.103 Mobile Safari/537.36 (compatible; Googlebot/2.1; +http://www.google.com/bot.html)"
136.243.228.194 - - [14/Jul/2025:15:22:18 -0400] "GET /16rdz33039.html HTTP/1.1" 404 23309 "-" "Mozilla/5.0 (compatible; DataForSeoBot/1.0; +https://dataforseo.com/dataforseo-bot)"
47.82.60.12 - - [14/Jul/2025:15:22:18 -0400] "GET /items/dofmm112/18296?key=trial HTTP/1.1" 404 23128 "https://www.dangroup.sa/items/dofmm112/18296?key=trial" "Mozilla/5.0 (Windows NT 10.0; Win64; x64) AppleWebKit/537.36 (KHTML, like Gecko) Chrome/114.0.0.0 Safari/537.36 Edg/114.0.1823.43"
20.171.207.27 - - [14/Jul/2025:15:22:23 -0400] "GET /247swrgx13776.html HTTP/1.1" 404 23128 "-" "Mozilla/5.0 AppleWebKit/537.36 (KHTML, like Gecko; compatible; GPTBot/1.2; +https://openai.com/gptbot)"
136.243.228.194 - - [14/Jul/2025:15:22:25 -0400] "GET /items/ushpl79/49969?key=wagon HTTP/1.1" 404 23126 "-" "Mozilla/5.0 (compatible; DataForSeoBot/1.0; +https://dataforseo.com/dataforseo-bot)"
47.82.60.14 - - [14/Jul/2025:15:22:26 -0400] "GET /pcmypage?callback=product/detail/daishinshop-1427-7009232 HTTP/1.1" 404 23126 "https://dangroup.sa/pcmypage?callback=product%2Fdetail%2Fdaishinshop-1427-7009232" "Mozilla/5.0 (Windows NT 10.0; Win64; x64) AppleWebKit/537.36 (KHTML, like Gecko) Chrome/114.0.0.0 Safari/537.36 Edg/114.0.1823.43"
136.243.228.194 - - [14/Jul/2025:15:22:32 -0400] "GET /items/bmtlx209/14189?key=either HTTP/1.1" 404 23126 "-" "Mozilla/5.0 (compatible; DataForSeoBot/1.0; +https://dataforseo.com/dataforseo-bot)"
136.243.228.194 - - [14/Jul/2025:15:22:36 -0400] "GET /41for29584.html HTTP/1.1" 404 23126 "-" "Mozilla/5.0 (compatible; DataForSeoBot/1.0; +https://dataforseo.com/dataforseo-bot)"
136.243.228.194 - - [14/Jul/2025:15:22:41 -0400] "GET /181gzlh15816.html HTTP/1.1" 404 23126 "-" "Mozilla/5.0 (compatible; DataForSeoBot/1.0; +https://dataforseo.com/dataforseo-bot)"
136.243.228.194 - - [14/Jul/2025:15:22:46 -0400] "GET /264iwom24313.html HTTP/1.1" 404 23126 "-" "Mozilla/5.0 (compatible; DataForSeoBot/1.0; +https://dataforseo.com/dataforseo-bot)"
183.94.56.163 - - [14/Jul/2025:15:22:51 -0400] "GET /profile.pdf HTTP/1.1" 304 0 "-" "Mozilla/5.0 (Windows NT 10.0; Win64; x64) AppleWebKit/537.36 (KHTML, like Gecko) Chrome/127.0.0.0 Safari/537.36 Edg/127.0.0.0"
136.243.228.194 - - [14/Jul/2025:15:22:51 -0400] "GET /163gvc7346.html HTTP/1.1" 404 23126 "-" "Mozilla/5.0 (compatible; DataForSeoBot/1.0; +https://dataforseo.com/dataforseo-bot)"
66.29.146.47 - - [14/Jul/2025:15:22:57 -0400] "POST /wp-cron.php?doing_wp_cron=1752520977.5280010700225830078125 HTTP/1.1" 403 1242 "-" "WordPress/6.8; https://dangroup.sa"
136.243.228.194 - - [14/Jul/2025:15:22:57 -0400] "GET /items/murxn280/14766?key=praise HTTP/1.1" 404 23128 "-" "Mozilla/5.0 (compatible; DataForSeoBot/1.0; +https://dataforseo.com/dataforseo-bot)"
136.243.228.194 - - [14/Jul/2025:15:24:05 -0400] "GET /170bwm5669.html HTTP/1.1" 404 23126 "-" "Mozilla/5.0 (compatible; DataForSeoBot/1.0; +https://dataforseo.com/dataforseo-bot)"
136.243.228.194 - - [14/Jul/2025:15:24:10 -0400] "GET /194rivd9679.html HTTP/1.1" 404 23126 "-" "Mozilla/5.0 (compatible; DataForSeoBot/1.0; +https://dataforseo.com/dataforseo-bot)"
136.243.228.194 - - [14/Jul/2025:15:24:17 -0400] "GET /131vcsfp24404.html HTTP/1.1" 404 23126 "-" "Mozilla/5.0 (compatible; DataForSeoBot/1.0; +https://dataforseo.com/dataforseo-bot)"
136.243.228.194 - - [14/Jul/2025:15:24:23 -0400] "GET /259ons46538.html HTTP/1.1" 404 23126 "-" "Mozilla/5.0 (compatible; DataForSeoBot/1.0; +https://dataforseo.com/dataforseo-bot)"
20.171.207.27 - - [14/Jul/2025:15:24:26 -0400] "GET /203aules33514.html HTTP/1.1" 404 23126 "-" "Mozilla/5.0 AppleWebKit/537.36 (KHTML, like Gecko; compatible; GPTBot/1.2; +https://openai.com/gptbot)"
136.243.228.194 - - [14/Jul/2025:15:24:28 -0400] "GET /258oeoje26927.html HTTP/1.1" 404 23126 "-" "Mozilla/5.0 (compatible; DataForSeoBot/1.0; +https://dataforseo.com/dataforseo-bot)"
136.243.228.194 - - [14/Jul/2025:15:24:34 -0400] "GET /items/jzkhp227/28511?key=mineral HTTP/1.1" 404 23126 "-" "Mozilla/5.0 (compatible; DataForSeoBot/1.0; +https://dataforseo.com/dataforseo-bot)"
136.243.228.194 - - [14/Jul/2025:15:24:38 -0400] "GET /items/hwzjf136/22466?key=impulse HTTP/1.1" 404 23126 "-" "Mozilla/5.0 (compatible; DataForSeoBot/1.0; +https://dataforseo.com/dataforseo-bot)"
66.249.68.134 - - [14/Jul/2025:15:24:43 -0400] "GET /search?category=1015&search_word= HTTP/1.1" 200 86859 "-" "Mozilla/5.0 (compatible; Googlebot/2.1; +http://www.google.com/bot.html)"
136.243.228.194 - - [14/Jul/2025:15:24:43 -0400] "GET /items/kqvqr200/45854?key=scholarship HTTP/1.1" 404 23126 "-" "Mozilla/5.0 (compatible; DataForSeoBot/1.0; +https://dataforseo.com/dataforseo-bot)"
136.243.228.194 - - [14/Jul/2025:15:24:48 -0400] "GET /items/adonv256/3298?key=Italian HTTP/1.1" 404 23126 "-" "Mozilla/5.0 (compatible; DataForSeoBot/1.0; +https://dataforseo.com/dataforseo-bot)"
136.243.228.194 - - [14/Jul/2025:15:24:54 -0400] "GET /items/esoiw145/42255?key=these HTTP/1.1" 404 23126 "-" "Mozilla/5.0 (compatible; DataForSeoBot/1.0; +https://dataforseo.com/dataforseo-bot)"
136.243.228.194 - - [14/Jul/2025:15:24:59 -0400] "GET /260qho25493.html HTTP/1.1" 404 23126 "-" "Mozilla/5.0 (compatible; DataForSeoBot/1.0; +https://dataforseo.com/dataforseo-bot)"
66.29.146.47 - - [14/Jul/2025:15:25:05 -0400] "POST /wp-cron.php?doing_wp_cron=1752521104.8228249549865722656250 HTTP/1.1" 403 1242 "-" "WordPress/6.8; https://dangroup.sa"
136.243.228.194 - - [14/Jul/2025:15:25:04 -0400] "GET /items/iezqv186/28770?key=coat HTTP/1.1" 404 23126 "-" "Mozilla/5.0 (compatible; DataForSeoBot/1.0; +https://dataforseo.com/dataforseo-bot)"
136.243.228.194 - - [14/Jul/2025:15:25:09 -0400] "GET /224sgudu43477.html HTTP/1.1" 404 23126 "-" "Mozilla/5.0 (compatible; DataForSeoBot/1.0; +https://dataforseo.com/dataforseo-bot)"
136.243.228.194 - - [14/Jul/2025:15:25:15 -0400] "GET /61qoqo16566.html HTTP/1.1" 404 23126 "-" "Mozilla/5.0 (compatible; DataForSeoBot/1.0; +https://dataforseo.com/dataforseo-bot)"
136.243.228.194 - - [14/Jul/2025:15:25:19 -0400] "GET /187fbsci34354.html HTTP/1.1" 404 23126 "-" "Mozilla/5.0 (compatible; DataForSeoBot/1.0; +https://dataforseo.com/dataforseo-bot)"
136.243.228.194 - - [14/Jul/2025:15:25:25 -0400] "GET /items/lgzzg49/47053?key=happen HTTP/1.1" 404 23126 "-" "Mozilla/5.0 (compatible; DataForSeoBot/1.0; +https://dataforseo.com/dataforseo-bot)"
20.171.207.27 - - [14/Jul/2025:15:25:26 -0400] "GET /106pedsj47087.html HTTP/1.1" 404 23126 "-" "Mozilla/5.0 AppleWebKit/537.36 (KHTML, like Gecko; compatible; GPTBot/1.2; +https://openai.com/gptbot)"
136.243.228.194 - - [14/Jul/2025:15:25:30 -0400] "GET /63iso36320.html HTTP/1.1" 404 23126 "-" "Mozilla/5.0 (compatible; DataForSeoBot/1.0; +https://dataforseo.com/dataforseo-bot)"
136.243.228.194 - - [14/Jul/2025:15:25:35 -0400] "GET /items/mxchu177/36751?key=cottage HTTP/1.1" 404 23128 "-" "Mozilla/5.0 (compatible; DataForSeoBot/1.0; +https://dataforseo.com/dataforseo-bot)"
136.243.228.194 - - [14/Jul/2025:15:25:41 -0400] "GET /items/hnzag20/31326?key=glass HTTP/1.1" 404 23126 "-" "Mozilla/5.0 (compatible; DataForSeoBot/1.0; +https://dataforseo.com/dataforseo-bot)"
136.243.228.194 - - [14/Jul/2025:15:25:45 -0400] "GET /items/hxnpe130/17878?key=Italian HTTP/1.1" 404 23126 "-" "Mozilla/5.0 (compatible; DataForSeoBot/1.0; +https://dataforseo.com/dataforseo-bot)"
136.243.228.194 - - [14/Jul/2025:15:25:50 -0400] "GET /136wmxvx40447.html HTTP/1.1" 404 23126 "-" "Mozilla/5.0 (compatible; DataForSeoBot/1.0; +https://dataforseo.com/dataforseo-bot)"
136.243.228.194 - - [14/Jul/2025:15:25:55 -0400] "GET /69rqop17394.html HTTP/1.1" 404 23126 "-" "Mozilla/5.0 (compatible; DataForSeoBot/1.0; +https://dataforseo.com/dataforseo-bot)"
136.243.228.194 - - [14/Jul/2025:15:25:59 -0400] "GET /278zqrbj39053.html HTTP/1.1" 404 23126 "-" "Mozilla/5.0 (compatible; DataForSeoBot/1.0; +https://dataforseo.com/dataforseo-bot)"
136.243.228.194 - - [14/Jul/2025:15:26:03 -0400] "GET /234qminw9231.html HTTP/1.1" 404 23126 "-" "Mozilla/5.0 (compatible; DataForSeoBot/1.0; +https://dataforseo.com/dataforseo-bot)"
66.29.146.47 - - [14/Jul/2025:15:26:10 -0400] "POST /wp-cron.php?doing_wp_cron=1752521170.0155620574951171875000 HTTP/1.1" 403 1242 "-" "WordPress/6.8; https://dangroup.sa"
136.243.228.194 - - [14/Jul/2025:15:26:09 -0400] "GET /278ufdi11011.html HTTP/1.1" 404 23126 "-" "Mozilla/5.0 (compatible; DataForSeoBot/1.0; +https://dataforseo.com/dataforseo-bot)"
136.243.228.194 - - [14/Jul/2025:15:26:14 -0400] "GET /items/piwrh229/33033?key=achievement HTTP/1.1" 404 23128 "-" "Mozilla/5.0 (compatible; DataForSeoBot/1.0; +https://dataforseo.com/dataforseo-bot)"
136.243.228.194 - - [14/Jul/2025:15:26:19 -0400] "GET /items/pktmb130/18104?key=accent HTTP/1.1" 404 23126 "-" "Mozilla/5.0 (compatible; DataForSeoBot/1.0; +https://dataforseo.com/dataforseo-bot)"
136.243.228.194 - - [14/Jul/2025:15:26:24 -0400] "GET /283mfog8182.html HTTP/1.1" 404 23128 "-" "Mozilla/5.0 (compatible; DataForSeoBot/1.0; +https://dataforseo.com/dataforseo-bot)"
20.171.207.27 - - [14/Jul/2025:15:26:28 -0400] "GET /151mqnan19680.html HTTP/1.1" 404 23126 "-" "Mozilla/5.0 AppleWebKit/537.36 (KHTML, like Gecko; compatible; GPTBot/1.2; +https://openai.com/gptbot)"
136.243.228.194 - - [14/Jul/2025:15:26:31 -0400] "GET /items/usccw98/17748?key=fat HTTP/1.1" 404 23126 "-" "Mozilla/5.0 (compatible; DataForSeoBot/1.0; +https://dataforseo.com/dataforseo-bot)"
136.243.228.194 - - [14/Jul/2025:15:26:37 -0400] "GET /items/genqp121/26607?key=shortly HTTP/1.1" 404 23126 "-" "Mozilla/5.0 (compatible; DataForSeoBot/1.0; +https://dataforseo.com/dataforseo-bot)"
136.243.228.194 - - [14/Jul/2025:15:26:42 -0400] "GET /15vox31338.html HTTP/1.1" 404 23126 "-" "Mozilla/5.0 (compatible; DataForSeoBot/1.0; +https://dataforseo.com/dataforseo-bot)"
66.249.79.135 - - [14/Jul/2025:15:26:49 -0400] "GET /25gncqu1516.html HTTP/1.1" 200 88083 "-" "Mozilla/5.0 (Linux; Android 6.0.1; Nexus 5X Build/MMB29P) AppleWebKit/537.36 (KHTML, like Gecko) Chrome/137.0.7151.103 Mobile Safari/537.36 (compatible; Googlebot/2.1; +http://www.google.com/bot.html)"
136.243.228.194 - - [14/Jul/2025:15:26:47 -0400] "GET /257iop16798.html HTTP/1.1" 404 23126 "-" "Mozilla/5.0 (compatible; DataForSeoBot/1.0; +https://dataforseo.com/dataforseo-bot)"
136.243.228.194 - - [14/Jul/2025:15:26:53 -0400] "GET /items/ojpig180/37618?key=correct HTTP/1.1" 404 23128 "-" "Mozilla/5.0 (compatible; DataForSeoBot/1.0; +https://dataforseo.com/dataforseo-bot)"
136.243.228.194 - - [14/Jul/2025:15:26:57 -0400] "GET /items/epbxt133/3181?key=vessel HTTP/1.1" 404 23126 "-" "Mozilla/5.0 (compatible; DataForSeoBot/1.0; +https://dataforseo.com/dataforseo-bot)"
136.243.228.194 - - [14/Jul/2025:15:27:01 -0400] "GET /111kfwn44108.html HTTP/1.1" 404 23126 "-" "Mozilla/5.0 (compatible; DataForSeoBot/1.0; +https://dataforseo.com/dataforseo-bot)"
136.243.228.194 - - [14/Jul/2025:15:27:06 -0400] "GET /items/ejufk87/15969?key=manufacturer HTTP/1.1" 404 23126 "-" "Mozilla/5.0 (compatible; DataForSeoBot/1.0; +https://dataforseo.com/dataforseo-bot)"
66.29.146.47 - - [14/Jul/2025:15:27:13 -0400] "POST /wp-cron.php?doing_wp_cron=1752521232.9128739833831787109375 HTTP/1.1" 403 1242 "-" "WordPress/6.8; https://dangroup.sa"
136.243.228.194 - - [14/Jul/2025:15:27:12 -0400] "GET /items/opjho255/45935?key=frankly HTTP/1.1" 404 23126 "-" "Mozilla/5.0 (compatible; DataForSeoBot/1.0; +https://dataforseo.com/dataforseo-bot)"
136.243.228.194 - - [14/Jul/2025:15:27:17 -0400] "GET /40omqas19847.html HTTP/1.1" 404 23126 "-" "Mozilla/5.0 (compatible; DataForSeoBot/1.0; +https://dataforseo.com/dataforseo-bot)"
136.243.228.194 - - [14/Jul/2025:15:27:23 -0400] "GET /items/afean161/2519?key=thus HTTP/1.1" 404 23126 "-" "Mozilla/5.0 (compatible; DataForSeoBot/1.0; +https://dataforseo.com/dataforseo-bot)"
136.243.228.194 - - [14/Jul/2025:15:27:29 -0400] "GET /260spd30887.html HTTP/1.1" 404 23128 "-" "Mozilla/5.0 (compatible; DataForSeoBot/1.0; +https://dataforseo.com/dataforseo-bot)"
20.171.207.27 - - [14/Jul/2025:15:27:32 -0400] "GET /249tnznc17516.html HTTP/1.1" 404 23126 "-" "Mozilla/5.0 AppleWebKit/537.36 (KHTML, like Gecko; compatible; GPTBot/1.2; +https://openai.com/gptbot)"
136.243.228.194 - - [14/Jul/2025:15:27:34 -0400] "GET /items/gypsa228/42860?key=envelope HTTP/1.1" 404 23126 "-" "Mozilla/5.0 (compatible; DataForSeoBot/1.0; +https://dataforseo.com/dataforseo-bot)"
136.243.228.194 - - [14/Jul/2025:15:27:40 -0400] "GET /items/daxhj105/35059?key=consumption HTTP/1.1" 404 23126 "-" "Mozilla/5.0 (compatible; DataForSeoBot/1.0; +https://dataforseo.com/dataforseo-bot)"
136.243.228.194 - - [14/Jul/2025:15:27:45 -0400] "GET /110tdcmq20597.html HTTP/1.1" 404 23126 "-" "Mozilla/5.0 (compatible; DataForSeoBot/1.0; +https://dataforseo.com/dataforseo-bot)"
136.243.228.194 - - [14/Jul/2025:15:27:50 -0400] "GET /6txvzz24703.html HTTP/1.1" 404 23126 "-" "Mozilla/5.0 (compatible; DataForSeoBot/1.0; +https://dataforseo.com/dataforseo-bot)"
136.243.228.194 - - [14/Jul/2025:15:27:55 -0400] "GET /111bpd40042.html HTTP/1.1" 404 23126 "-" "Mozilla/5.0 (compatible; DataForSeoBot/1.0; +https://dataforseo.com/dataforseo-bot)"
136.243.228.194 - - [14/Jul/2025:15:27:59 -0400] "GET /164fgzng11961.html HTTP/1.1" 404 23128 "-" "Mozilla/5.0 (compatible; DataForSeoBot/1.0; +https://dataforseo.com/dataforseo-bot)"
136.243.228.194 - - [14/Jul/2025:15:28:04 -0400] "GET /items/sdxqf229/8985?key=enemy HTTP/1.1" 404 23126 "-" "Mozilla/5.0 (compatible; DataForSeoBot/1.0; +https://dataforseo.com/dataforseo-bot)"
136.243.228.194 - - [14/Jul/2025:15:28:09 -0400] "GET /items/gbasl17/23543?key=suspicion HTTP/1.1" 404 23126 "-" "Mozilla/5.0 (compatible; DataForSeoBot/1.0; +https://dataforseo.com/dataforseo-bot)"
66.29.146.47 - - [14/Jul/2025:15:28:14 -0400] "POST /wp-cron.php?doing_wp_cron=1752521294.6134469509124755859375 HTTP/1.1" 403 1242 "-" "WordPress/6.8; https://dangroup.sa"
136.243.228.194 - - [14/Jul/2025:15:28:14 -0400] "GET /230yvf18395.html HTTP/1.1" 404 23126 "-" "Mozilla/5.0 (compatible; DataForSeoBot/1.0; +https://dataforseo.com/dataforseo-bot)"
136.243.228.194 - - [14/Jul/2025:15:28:18 -0400] "GET /items/klbqt150/1996?key=naked HTTP/1.1" 404 23128 "-" "Mozilla/5.0 (compatible; DataForSeoBot/1.0; +https://dataforseo.com/dataforseo-bot)"
136.243.228.194 - - [14/Jul/2025:15:28:24 -0400] "GET /items/gnuhx78/35898?key=consecutive HTTP/1.1" 404 23126 "-" "Mozilla/5.0 (compatible; DataForSeoBot/1.0; +https://dataforseo.com/dataforseo-bot)"
136.243.228.194 - - [14/Jul/2025:15:28:29 -0400] "GET /items/grihx215/32581?key=forth HTTP/1.1" 404 23126 "-" "Mozilla/5.0 (compatible; DataForSeoBot/1.0; +https://dataforseo.com/dataforseo-bot)"
20.171.207.27 - - [14/Jul/2025:15:28:33 -0400] "GET /234mfgzx34573.html HTTP/1.1" 404 23126 "-" "Mozilla/5.0 AppleWebKit/537.36 (KHTML, like Gecko; compatible; GPTBot/1.2; +https://openai.com/gptbot)"
136.243.228.194 - - [14/Jul/2025:15:23:02 -0400] "GET /48bzt9619.html HTTP/1.1" 404 23126 "-" "Mozilla/5.0 (compatible; DataForSeoBot/1.0; +https://dataforseo.com/dataforseo-bot)"
136.243.228.194 - - [14/Jul/2025:15:23:06 -0400] "GET /179ifc39664.html HTTP/1.1" 404 23126 "-" "Mozilla/5.0 (compatible; DataForSeoBot/1.0; +https://dataforseo.com/dataforseo-bot)"
136.243.228.194 - - [14/Jul/2025:15:23:11 -0400] "GET /items/iwaey210/3270?key=current HTTP/1.1" 404 23126 "-" "Mozilla/5.0 (compatible; DataForSeoBot/1.0; +https://dataforseo.com/dataforseo-bot)"
136.243.228.194 - - [14/Jul/2025:15:23:18 -0400] "GET /209rgw9816.html HTTP/1.1" 404 23126 "-" "Mozilla/5.0 (compatible; DataForSeoBot/1.0; +https://dataforseo.com/dataforseo-bot)"
20.171.207.27 - - [14/Jul/2025:15:23:25 -0400] "GET /290cqurr27671.html HTTP/1.1" 404 23126 "-" "Mozilla/5.0 AppleWebKit/537.36 (KHTML, like Gecko; compatible; GPTBot/1.2; +https://openai.com/gptbot)"
136.243.228.194 - - [14/Jul/2025:15:23:25 -0400] "GET /257eeyu9578.html HTTP/1.1" 404 23126 "-" "Mozilla/5.0 (compatible; DataForSeoBot/1.0; +https://dataforseo.com/dataforseo-bot)"
136.243.228.194 - - [14/Jul/2025:15:23:34 -0400] "GET /items/zbuvk105/41579?key=we HTTP/1.1" 404 23128 "-" "Mozilla/5.0 (compatible; DataForSeoBot/1.0; +https://dataforseo.com/dataforseo-bot)"
47.82.60.23 - - [14/Jul/2025:15:23:35 -0400] "GET /items/zjwel207/45393?key=school HTTP/1.1" 404 23126 "https://dangroup.sa/items/zjwel207/45393?key=school" "Mozilla/5.0 (Windows NT 10.0; Win64; x64) AppleWebKit/537.36 (KHTML, like Gecko) Chrome/114.0.0.0 Safari/537.36 Edg/114.0.1823.43"
66.249.79.134 - - [14/Jul/2025:15:23:47 -0400] "GET /pcmypage?callback=product%2Fdetail%2Fsangostyle-aku1023207 HTTP/1.1" 200 88347 "-" "Mozilla/5.0 (Linux; Android 6.0.1; Nexus 5X Build/MMB29P) AppleWebKit/537.36 (KHTML, like Gecko) Chrome/137.0.7151.103 Mobile Safari/537.36 (compatible; Googlebot/2.1; +http://www.google.com/bot.html)"
136.243.228.194 - - [14/Jul/2025:15:23:43 -0400] "GET /items/ypmkx5/11977?key=discovery HTTP/1.1" 404 23128 "-" "Mozilla/5.0 (compatible; DataForSeoBot/1.0; +https://dataforseo.com/dataforseo-bot)"
136.243.228.194 - - [14/Jul/2025:15:23:50 -0400] "GET /items/bfwyd81/47475?key=horror HTTP/1.1" 404 23126 "-" "Mozilla/5.0 (compatible; DataForSeoBot/1.0; +https://dataforseo.com/dataforseo-bot)"
47.82.60.23 - - [14/Jul/2025:15:23:55 -0400] "GET /pcmypage?callback=/product/detail,loser01-835707 HTTP/1.1" 404 23126 "https://dangroup.sa/pcmypage?callback=/product%2Fdetail%2Closer01-835707" "Mozilla/5.0 (Windows NT 10.0; Win64; x64) AppleWebKit/537.36 (KHTML, like Gecko) Chrome/114.0.0.0 Safari/537.36 Edg/114.0.1823.43"
66.29.146.47 - - [14/Jul/2025:15:24:01 -0400] "POST /wp-cron.php?doing_wp_cron=1752521041.5320279598236083984375 HTTP/1.1" 403 1242 "-" "WordPress/6.8; https://dangroup.sa"
136.243.228.194 - - [14/Jul/2025:15:23:56 -0400] "GET /242gjim7681.html HTTP/1.1" 404 23126 "-" "Mozilla/5.0 (compatible; DataForSeoBot/1.0; +https://dataforseo.com/dataforseo-bot)"
47.82.60.20 - - [14/Jul/2025:15:23:59 -0400] "GET /items/gvtuc97/23125?key=owner HTTP/1.1" 404 23128 "https://dangroup.sa/items/gvtuc97/23125?key=owner" "Mozilla/5.0 (Windows NT 10.0; Win64; x64) AppleWebKit/537.36 (KHTML, like Gecko) Chrome/114.0.0.0 Safari/537.36 Edg/114.0.1823.43"
136.243.228.194 - - [14/Jul/2025:15:28:34 -0400] "GET /224negp31915.html HTTP/1.1" 404 23126 "-" "Mozilla/5.0 (compatible; DataForSeoBot/1.0; +https://dataforseo.com/dataforseo-bot)"
136.243.228.194 - - [14/Jul/2025:15:28:39 -0400] "GET /items/eperr166/19786?key=bullet HTTP/1.1" 404 23126 "-" "Mozilla/5.0 (compatible; DataForSeoBot/1.0; +https://dataforseo.com/dataforseo-bot)"
136.243.228.194 - - [14/Jul/2025:15:28:45 -0400] "GET /104mof4265.html HTTP/1.1" 404 23126 "-" "Mozilla/5.0 (compatible; DataForSeoBot/1.0; +https://dataforseo.com/dataforseo-bot)"
136.243.228.194 - - [14/Jul/2025:15:28:49 -0400] "GET /items/wtjya24/37614?key=naval HTTP/1.1" 404 23126 "-" "Mozilla/5.0 (compatible; DataForSeoBot/1.0; +https://dataforseo.com/dataforseo-bot)"
136.243.228.194 - - [14/Jul/2025:15:28:53 -0400] "GET /67zlxiq47448.html HTTP/1.1" 404 23126 "-" "Mozilla/5.0 (compatible; DataForSeoBot/1.0; +https://dataforseo.com/dataforseo-bot)"
136.243.228.194 - - [14/Jul/2025:15:28:59 -0400] "GET /items/yexpr68/19096?key=enter HTTP/1.1" 404 23126 "-" "Mozilla/5.0 (compatible; DataForSeoBot/1.0; +https://dataforseo.com/dataforseo-bot)"
136.243.228.194 - - [14/Jul/2025:15:29:03 -0400] "GET /163excx6368.html HTTP/1.1" 404 23126 "-" "Mozilla/5.0 (compatible; DataForSeoBot/1.0; +https://dataforseo.com/dataforseo-bot)"
136.243.228.194 - - [14/Jul/2025:15:29:08 -0400] "GET /items/pvhtj60/25290?key=opportunity HTTP/1.1" 404 23126 "-" "Mozilla/5.0 (compatible; DataForSeoBot/1.0; +https://dataforseo.com/dataforseo-bot)"
66.29.146.47 - - [14/Jul/2025:15:29:15 -0400] "POST /wp-cron.php?doing_wp_cron=1752521354.9260470867156982421875 HTTP/1.1" 403 1242 "-" "WordPress/6.8; https://dangroup.sa"
208.110.64.178 - - [14/Jul/2025:15:29:17 -0400] "GET /wp-content/install.php HTTP/1.1" 200 10 "https://dangroup.sa/wp-content/install.php" "Mozilla/5.0 (Windows NT 10.0; Win64; x64) AppleWebKit/537.36 (KHTML, like Gecko) Chrome/58.0.3029.110 Safari/537.3"
136.243.228.194 - - [14/Jul/2025:15:29:14 -0400] "GET /items/trugh73/21453?key=refugee HTTP/1.1" 404 23126 "-" "Mozilla/5.0 (compatible; DataForSeoBot/1.0; +https://dataforseo.com/dataforseo-bot)"
136.243.228.194 - - [14/Jul/2025:15:29:19 -0400] "GET /91qmk32566.html HTTP/1.1" 404 23126 "-" "Mozilla/5.0 (compatible; DataForSeoBot/1.0; +https://dataforseo.com/dataforseo-bot)"
136.243.228.194 - - [14/Jul/2025:15:29:24 -0400] "GET /items/gwcwa9/29519?key=minister HTTP/1.1" 404 23126 "-" "Mozilla/5.0 (compatible; DataForSeoBot/1.0; +https://dataforseo.com/dataforseo-bot)"
136.243.228.194 - - [14/Jul/2025:15:29:29 -0400] "GET /items/ygfbn122/59628?key=except HTTP/1.1" 404 23126 "-" "Mozilla/5.0 (compatible; DataForSeoBot/1.0; +https://dataforseo.com/dataforseo-bot)"
136.243.228.194 - - [14/Jul/2025:15:29:33 -0400] "GET /items/bkkpe173/38181?key=band HTTP/1.1" 404 23126 "-" "Mozilla/5.0 (compatible; DataForSeoBot/1.0; +https://dataforseo.com/dataforseo-bot)"
20.171.207.27 - - [14/Jul/2025:15:29:37 -0400] "GET /109mcqyc45198.html HTTP/1.1" 404 23126 "-" "Mozilla/5.0 AppleWebKit/537.36 (KHTML, like Gecko; compatible; GPTBot/1.2; +https://openai.com/gptbot)"
136.243.228.194 - - [14/Jul/2025:15:29:38 -0400] "GET /105pecve43882.html HTTP/1.1" 404 23128 "-" "Mozilla/5.0 (compatible; DataForSeoBot/1.0; +https://dataforseo.com/dataforseo-bot)"
136.243.228.194 - - [14/Jul/2025:15:29:44 -0400] "GET /153izojm28834.html HTTP/1.1" 404 23126 "-" "Mozilla/5.0 (compatible; DataForSeoBot/1.0; +https://dataforseo.com/dataforseo-bot)"
66.249.68.134 - - [14/Jul/2025:15:29:50 -0400] "GET /items/opxgm277/45879?key=fork HTTP/1.1" 200 87584 "-" "Mozilla/5.0 (Linux; Android 6.0.1; Nexus 5X Build/MMB29P) AppleWebKit/537.36 (KHTML, like Gecko) Chrome/137.0.7151.103 Mobile Safari/537.36 (compatible; Googlebot/2.1; +http://www.google.com/bot.html)"
66.249.68.134 - - [14/Jul/2025:15:29:50 -0400] "GET /items/yytzk83/743?key=poem HTTP/1.1" 200 87577 "-" "Mozilla/5.0 (Linux; Android 6.0.1; Nexus 5X Build/MMB29P) AppleWebKit/537.36 (KHTML, like Gecko) Chrome/137.0.7151.103 Mobile Safari/537.36 (compatible; Googlebot/2.1; +http://www.google.com/bot.html)"
136.243.228.194 - - [14/Jul/2025:15:29:50 -0400] "GET /items/rqdbs12/8954?key=biological HTTP/1.1" 404 23126 "-" "Mozilla/5.0 (compatible; DataForSeoBot/1.0; +https://dataforseo.com/dataforseo-bot)"
136.243.228.194 - - [14/Jul/2025:15:29:55 -0400] "GET /items/scagf142/21554?key=stick HTTP/1.1" 404 23128 "-" "Mozilla/5.0 (compatible; DataForSeoBot/1.0; +https://dataforseo.com/dataforseo-bot)"
136.243.228.194 - - [14/Jul/2025:15:30:00 -0400] "GET /items/pmuxs108/36396?key=ill HTTP/1.1" 404 23126 "-" "Mozilla/5.0 (compatible; DataForSeoBot/1.0; +https://dataforseo.com/dataforseo-bot)"
136.243.228.194 - - [14/Jul/2025:15:30:05 -0400] "GET /146xwp16001.html HTTP/1.1" 404 23126 "-" "Mozilla/5.0 (compatible; DataForSeoBot/1.0; +https://dataforseo.com/dataforseo-bot)"
136.243.228.194 - - [14/Jul/2025:15:30:12 -0400] "GET /items/tmpno62/12378?key=organizational HTTP/1.1" 404 23126 "-" "Mozilla/5.0 (compatible; DataForSeoBot/1.0; +https://dataforseo.com/dataforseo-bot)"
66.29.146.47 - - [14/Jul/2025:15:30:19 -0400] "POST /wp-cron.php?doing_wp_cron=1752521418.9265019893646240234375 HTTP/1.1" 403 1242 "-" "WordPress/6.8; https://dangroup.sa"
47.82.60.33 - - [14/Jul/2025:15:30:19 -0400] "GET /76pwg10821.html HTTP/1.1" 301 0 "https://www.dangroup.sa/76pwg10821.html" "Mozilla/5.0 (Windows NT 10.0; Win64; x64) AppleWebKit/537.36 (KHTML, like Gecko) Chrome/114.0.0.0 Safari/537.36 Edg/114.0.1823.43"
136.243.228.194 - - [14/Jul/2025:15:30:18 -0400] "GET /items/zhmgz212/39192?key=realm HTTP/1.1" 404 23126 "-" "Mozilla/5.0 (compatible; DataForSeoBot/1.0; +https://dataforseo.com/dataforseo-bot)"
47.82.60.33 - - [14/Jul/2025:15:30:22 -0400] "GET /76pwg10821.html HTTP/1.1" 404 23128 "https://www.dangroup.sa/76pwg10821.html" "Mozilla/5.0 (Windows NT 10.0; Win64; x64) AppleWebKit/537.36 (KHTML, like Gecko) Chrome/114.0.0.0 Safari/537.36 Edg/114.0.1823.43"
136.243.228.194 - - [14/Jul/2025:15:30:24 -0400] "GET /items/mcznf115/11379?key=ie HTTP/1.1" 404 23126 "-" "Mozilla/5.0 (compatible; DataForSeoBot/1.0; +https://dataforseo.com/dataforseo-bot)"
136.243.228.194 - - [14/Jul/2025:15:30:30 -0400] "GET /49wyyqe2866.html HTTP/1.1" 404 23126 "-" "Mozilla/5.0 (compatible; DataForSeoBot/1.0; +https://dataforseo.com/dataforseo-bot)"
136.243.228.194 - - [14/Jul/2025:15:30:36 -0400] "GET /items/nfffw221/38479?key=ask HTTP/1.1" 404 23126 "-" "Mozilla/5.0 (compatible; DataForSeoBot/1.0; +https://dataforseo.com/dataforseo-bot)"
136.243.228.194 - - [14/Jul/2025:15:30:40 -0400] "GET /87xucui25442.html HTTP/1.1" 404 23126 "-" "Mozilla/5.0 (compatible; DataForSeoBot/1.0; +https://dataforseo.com/dataforseo-bot)"
20.171.207.27 - - [14/Jul/2025:15:30:42 -0400] "GET /219xluqf30872.html HTTP/1.1" 404 23126 "-" "Mozilla/5.0 AppleWebKit/537.36 (KHTML, like Gecko; compatible; GPTBot/1.2; +https://openai.com/gptbot)"
136.243.228.194 - - [14/Jul/2025:15:30:47 -0400] "GET /items/lguzm65/31505?key=count HTTP/1.1" 404 23126 "-" "Mozilla/5.0 (compatible; DataForSeoBot/1.0; +https://dataforseo.com/dataforseo-bot)"
40.77.167.36 - - [14/Jul/2025:15:30:54 -0400] "GET /xoffabe26166sclausular HTTP/1.1" 200 17 "-" "Mozilla/5.0 AppleWebKit/537.36 (KHTML, like Gecko; compatible; bingbot/2.0; +http://www.bing.com/bingbot.htm) Chrome/116.0.1938.76 Safari/537.36"
136.243.228.194 - - [14/Jul/2025:15:30:52 -0400] "GET /items/zxttl293/47013?key=routinely HTTP/1.1" 404 23126 "-" "Mozilla/5.0 (compatible; DataForSeoBot/1.0; +https://dataforseo.com/dataforseo-bot)"
136.243.228.194 - - [14/Jul/2025:15:30:57 -0400] "GET /items/prrtp295/21327?key=elder HTTP/1.1" 404 23126 "-" "Mozilla/5.0 (compatible; DataForSeoBot/1.0; +https://dataforseo.com/dataforseo-bot)"
47.82.60.34 - - [14/Jul/2025:15:31:00 -0400] "GET /103kkkwv16048.html HTTP/1.1" 404 23126 "https://dangroup.sa/103kkkwv16048.html" "Mozilla/5.0 (Windows NT 10.0; Win64; x64) AppleWebKit/537.36 (KHTML, like Gecko) Chrome/114.0.0.0 Safari/537.36 Edg/114.0.1823.43"
136.243.228.194 - - [14/Jul/2025:15:31:02 -0400] "GET /65novf24106.html HTTP/1.1" 404 23126 "-" "Mozilla/5.0 (compatible; DataForSeoBot/1.0; +https://dataforseo.com/dataforseo-bot)"
136.243.228.194 - - [14/Jul/2025:15:31:08 -0400] "GET /items/czxtn287/41309?key=yellow HTTP/1.1" 404 23126 "-" "Mozilla/5.0 (compatible; DataForSeoBot/1.0; +https://dataforseo.com/dataforseo-bot)"
136.243.228.194 - - [14/Jul/2025:15:31:14 -0400] "GET /items/nvanw38/41894?key=urban HTTP/1.1" 404 23126 "-" "Mozilla/5.0 (compatible; DataForSeoBot/1.0; +https://dataforseo.com/dataforseo-bot)"
66.29.146.47 - - [14/Jul/2025:15:31:21 -0400] "POST /wp-cron.php?doing_wp_cron=1752521480.8395869731903076171875 HTTP/1.1" 403 1242 "-" "WordPress/6.8; https://dangroup.sa"
136.243.228.194 - - [14/Jul/2025:15:31:20 -0400] "GET /items/mjixt107/473?key=biological HTTP/1.1" 404 23126 "-" "Mozilla/5.0 (compatible; DataForSeoBot/1.0; +https://dataforseo.com/dataforseo-bot)"
136.243.228.194 - - [14/Jul/2025:15:31:26 -0400] "GET /items/tcnbs147/10411?key=poster HTTP/1.1" 404 23126 "-" "Mozilla/5.0 (compatible; DataForSeoBot/1.0; +https://dataforseo.com/dataforseo-bot)"
136.243.228.194 - - [14/Jul/2025:15:31:31 -0400] "GET /197xvzvk37112.html HTTP/1.1" 404 23126 "-" "Mozilla/5.0 (compatible; DataForSeoBot/1.0; +https://dataforseo.com/dataforseo-bot)"
136.243.228.194 - - [14/Jul/2025:15:31:37 -0400] "GET /133nwvti50892.html HTTP/1.1" 404 23126 "-" "Mozilla/5.0 (compatible; DataForSeoBot/1.0; +https://dataforseo.com/dataforseo-bot)"
47.82.60.60 - - [14/Jul/2025:15:31:45 -0400] "GET /19wql16384.html HTTP/1.1" 301 0 "https://www.dangroup.sa/19wql16384.html" "Mozilla/5.0 (Windows NT 10.0; Win64; x64) AppleWebKit/537.36 (KHTML, like Gecko) Chrome/114.0.0.0 Safari/537.36 Edg/114.0.1823.43"
20.171.207.27 - - [14/Jul/2025:15:31:43 -0400] "GET /263zhpid20916.html HTTP/1.1" 404 23126 "-" "Mozilla/5.0 AppleWebKit/537.36 (KHTML, like Gecko; compatible; GPTBot/1.2; +https://openai.com/gptbot)"
136.243.228.194 - - [14/Jul/2025:15:31:43 -0400] "GET /184jgcp46839.html HTTP/1.1" 404 23126 "-" "Mozilla/5.0 (compatible; DataForSeoBot/1.0; +https://dataforseo.com/dataforseo-bot)"
47.82.60.60 - - [14/Jul/2025:15:31:47 -0400] "GET /19wql16384.html HTTP/1.1" 404 23126 "https://www.dangroup.sa/19wql16384.html" "Mozilla/5.0 (Windows NT 10.0; Win64; x64) AppleWebKit/537.36 (KHTML, like Gecko) Chrome/114.0.0.0 Safari/537.36 Edg/114.0.1823.43"
136.243.228.194 - - [14/Jul/2025:15:31:54 -0400] "GET /108xmm27159.html HTTP/1.1" 404 23126 "-" "Mozilla/5.0 (compatible; DataForSeoBot/1.0; +https://dataforseo.com/dataforseo-bot)"
136.243.228.194 - - [14/Jul/2025:15:32:00 -0400] "GET /21gmlw39754.html HTTP/1.1" 404 23126 "-" "Mozilla/5.0 (compatible; DataForSeoBot/1.0; +https://dataforseo.com/dataforseo-bot)"
136.243.228.194 - - [14/Jul/2025:15:32:06 -0400] "GET /items/fsjmm286/20774?key=hypothesis HTTP/1.1" 404 23126 "-" "Mozilla/5.0 (compatible; DataForSeoBot/1.0; +https://dataforseo.com/dataforseo-bot)"
136.243.228.194 - - [14/Jul/2025:15:32:11 -0400] "GET /54edd40595.html HTTP/1.1" 404 23126 "-" "Mozilla/5.0 (compatible; DataForSeoBot/1.0; +https://dataforseo.com/dataforseo-bot)"
136.243.228.194 - - [14/Jul/2025:15:32:16 -0400] "GET /130cyfq10479.html HTTP/1.1" 404 23126 "-" "Mozilla/5.0 (compatible; DataForSeoBot/1.0; +https://dataforseo.com/dataforseo-bot)"
66.29.146.47 - - [14/Jul/2025:15:32:23 -0400] "POST /wp-cron.php?doing_wp_cron=1752521542.8966679573059082031250 HTTP/1.1" 403 1242 "-" "WordPress/6.8; https://dangroup.sa"
136.243.228.194 - - [14/Jul/2025:15:32:22 -0400] "GET /199cjnf16382.html HTTP/1.1" 404 23126 "-" "Mozilla/5.0 (compatible; DataForSeoBot/1.0; +https://dataforseo.com/dataforseo-bot)"
136.243.228.194 - - [14/Jul/2025:15:32:28 -0400] "GET /items/mlwuq199/10731?key=colony HTTP/1.1" 404 23126 "-" "Mozilla/5.0 (compatible; DataForSeoBot/1.0; +https://dataforseo.com/dataforseo-bot)"
136.243.228.194 - - [14/Jul/2025:15:32:33 -0400] "GET /298ykc20903.html HTTP/1.1" 404 23128 "-" "Mozilla/5.0 (compatible; DataForSeoBot/1.0; +https://dataforseo.com/dataforseo-bot)"
136.243.228.194 - - [14/Jul/2025:15:32:39 -0400] "GET /items/qgcli247/42163?key=look HTTP/1.1" 404 23126 "-" "Mozilla/5.0 (compatible; DataForSeoBot/1.0; +https://dataforseo.com/dataforseo-bot)"
136.243.228.194 - - [14/Jul/2025:15:32:44 -0400] "GET /items/gmnhk5/41521?key=garlic HTTP/1.1" 404 23126 "-" "Mozilla/5.0 (compatible; DataForSeoBot/1.0; +https://dataforseo.com/dataforseo-bot)"
66.249.68.132 - - [14/Jul/2025:15:32:52 -0400] "GET /items/wphif277/21611?key=wealth HTTP/1.1" 200 87570 "-" "Mozilla/5.0 (Linux; Android 6.0.1; Nexus 5X Build/MMB29P) AppleWebKit/537.36 (KHTML, like Gecko) Chrome/137.0.7151.103 Mobile Safari/537.36 (compatible; Googlebot/2.1; +http://www.google.com/bot.html)"
66.249.79.137 - - [14/Jul/2025:15:32:53 -0400] "GET /items/pzzih73/877?key=proud HTTP/1.1" 200 87867 "-" "Mozilla/5.0 (Linux; Android 6.0.1; Nexus 5X Build/MMB29P) AppleWebKit/537.36 (KHTML, like Gecko) Chrome/137.0.7151.103 Mobile Safari/537.36 (compatible; Googlebot/2.1; +http://www.google.com/bot.html)"
20.171.207.27 - - [14/Jul/2025:15:32:49 -0400] "GET /286vghru26717.html HTTP/1.1" 404 23126 "-" "Mozilla/5.0 AppleWebKit/537.36 (KHTML, like Gecko; compatible; GPTBot/1.2; +https://openai.com/gptbot)"
136.243.228.194 - - [14/Jul/2025:15:32:51 -0400] "GET /items/gabvt23/8579?key=election HTTP/1.1" 404 23126 "-" "Mozilla/5.0 (compatible; DataForSeoBot/1.0; +https://dataforseo.com/dataforseo-bot)"
136.243.228.194 - - [14/Jul/2025:15:32:58 -0400] "GET /items/fshrz83/37729?key=afraid HTTP/1.1" 404 23126 "-" "Mozilla/5.0 (compatible; DataForSeoBot/1.0; +https://dataforseo.com/dataforseo-bot)"
136.243.228.194 - - [14/Jul/2025:15:33:03 -0400] "GET /items/hears112/35152?key=drug HTTP/1.1" 404 23126 "-" "Mozilla/5.0 (compatible; DataForSeoBot/1.0; +https://dataforseo.com/dataforseo-bot)"
136.243.228.194 - - [14/Jul/2025:15:33:09 -0400] "GET /288knf16859.html HTTP/1.1" 404 23126 "-" "Mozilla/5.0 (compatible; DataForSeoBot/1.0; +https://dataforseo.com/dataforseo-bot)"
136.243.228.194 - - [14/Jul/2025:15:33:15 -0400] "GET /items/thlzr16/15528?key=impressive HTTP/1.1" 404 23126 "-" "Mozilla/5.0 (compatible; DataForSeoBot/1.0; +https://dataforseo.com/dataforseo-bot)"
136.243.228.194 - - [14/Jul/2025:15:33:20 -0400] "GET /149kpiks46578.html HTTP/1.1" 404 23126 "-" "Mozilla/5.0 (compatible; DataForSeoBot/1.0; +https://dataforseo.com/dataforseo-bot)"
66.29.146.47 - - [14/Jul/2025:15:33:28 -0400] "POST /wp-cron.php?doing_wp_cron=1752521607.8139059543609619140625 HTTP/1.1" 403 1242 "-" "WordPress/6.8; https://dangroup.sa"
136.243.228.194 - - [14/Jul/2025:15:33:27 -0400] "GET /287onpu45866.html HTTP/1.1" 404 23126 "-" "Mozilla/5.0 (compatible; DataForSeoBot/1.0; +https://dataforseo.com/dataforseo-bot)"
136.243.228.194 - - [14/Jul/2025:15:33:32 -0400] "GET /items/fywby69/19745?key=duck HTTP/1.1" 404 23126 "-" "Mozilla/5.0 (compatible; DataForSeoBot/1.0; +https://dataforseo.com/dataforseo-bot)"
136.243.228.194 - - [14/Jul/2025:15:33:38 -0400] "GET /185env44560.html HTTP/1.1" 404 23126 "-" "Mozilla/5.0 (compatible; DataForSeoBot/1.0; +https://dataforseo.com/dataforseo-bot)"
136.243.228.194 - - [14/Jul/2025:15:33:45 -0400] "GET /135gidzn48254.html HTTP/1.1" 404 23126 "-" "Mozilla/5.0 (compatible; DataForSeoBot/1.0; +https://dataforseo.com/dataforseo-bot)"
