139.162.24.217 - - [14/Jul/2025:08:57:55 -0400] "POST /wp-login.php HTTP/1.1" 200 3230 "-" "Mozilla/5.0 (Macintosh; Intel Mac OS X 10_11_5) AppleWebKit/537.36 (KHTML, like Gecko) Chrome/50.0.2661.102 Safari/537.36"
136.243.228.194 - - [14/Jul/2025:08:57:55 -0400] "GET /276xxz9955.html HTTP/1.1" 404 23128 "-" "Mozilla/5.0 (compatible; DataForSeoBot/1.0; +https://dataforseo.com/dataforseo-bot)"
66.29.146.47 - - [14/Jul/2025:08:58:13 -0400] "POST /wp-cron.php?doing_wp_cron=1752497893.0772490501403808593750 HTTP/1.1" 403 1242 "-" "WordPress/6.8; https://dangroup.sa"
136.243.228.194 - - [14/Jul/2025:08:58:05 -0400] "GET /118hta40071.html HTTP/1.1" 404 23126 "-" "Mozilla/5.0 (compatible; DataForSeoBot/1.0; +https://dataforseo.com/dataforseo-bot)"
20.171.207.27 - - [14/Jul/2025:08:58:10 -0400] "GET /136ochst42567.html HTTP/1.1" 404 23126 "-" "Mozilla/5.0 AppleWebKit/537.36 (KHTML, like Gecko; compatible; GPTBot/1.2; +https://openai.com/gptbot)"
136.243.228.194 - - [14/Jul/2025:08:58:18 -0400] "GET /items/anjwi243/27663?key=overcome HTTP/1.1" 404 23126 "-" "Mozilla/5.0 (compatible; DataForSeoBot/1.0; +https://dataforseo.com/dataforseo-bot)"
66.29.146.47 - - [14/Jul/2025:08:59:14 -0400] "POST /wp-cron.php?doing_wp_cron=1752497954.4774999618530273437500 HTTP/1.1" 403 1242 "-" "WordPress/6.8; https://dangroup.sa"
136.243.228.194 - - [14/Jul/2025:08:59:10 -0400] "GET /items/tatkl35/33393?key=generate HTTP/1.1" 404 23128 "-" "Mozilla/5.0 (compatible; DataForSeoBot/1.0; +https://dataforseo.com/dataforseo-bot)"
20.171.207.27 - - [14/Jul/2025:08:59:12 -0400] "GET /248dqajf12877.html HTTP/1.1" 404 23126 "-" "Mozilla/5.0 AppleWebKit/537.36 (KHTML, like Gecko; compatible; GPTBot/1.2; +https://openai.com/gptbot)"
136.243.228.194 - - [14/Jul/2025:08:59:26 -0400] "GET /items/cncty203/21389?key=weaken HTTP/1.1" 404 23128 "-" "Mozilla/5.0 (compatible; DataForSeoBot/1.0; +https://dataforseo.com/dataforseo-bot)"
74.125.150.129 - - [14/Jul/2025:08:59:31 -0400] "GET /pcmypage?callback=product/review/hcvalor-eshop-trusco-6114521 HTTP/1.1" 404 23126 "-" "Mozilla/5.0 (X11; Linux x86_64) AppleWebKit/537.36 (KHTML, like Gecko) Chrome/137.0.7151.119 Safari/537.36"
74.125.150.130 - - [14/Jul/2025:08:59:44 -0400] "GET /wp-includes/js/jquery/jquery.min.js?ver=3.7.1 HTTP/1.1" 304 0 "https://dangroup.sa/pcmypage?callback=product/review/hcvalor-eshop-trusco-6114521" "Mozilla/5.0 (X11; Linux x86_64) AppleWebKit/537.36 (KHTML, like Gecko) Chrome/137.0.7151.119 Safari/537.36"
136.243.228.194 - - [14/Jul/2025:08:59:40 -0400] "GET /158xpchu32079.html HTTP/1.1" 404 23126 "-" "Mozilla/5.0 (compatible; DataForSeoBot/1.0; +https://dataforseo.com/dataforseo-bot)"
49.51.38.193 - - [14/Jul/2025:08:59:37 -0400] "GET / HTTP/1.1" 200 33218 "http://danevnt.com" "Mozilla/5.0 (iPhone; CPU iPhone OS 13_2_3 like Mac OS X) AppleWebKit/605.1.15 (KHTML, like Gecko) Version/13.0.3 Mobile/15E148 Safari/604.1"
74.125.150.129 - - [14/Jul/2025:08:59:54 -0400] "GET /wp-content/uploads/2024/06/logo-1.png HTTP/1.1" 200 40029 "https://dangroup.sa/pcmypage?callback=product/review/hcvalor-eshop-trusco-6114521" "Mozilla/5.0 (X11; Linux x86_64) AppleWebKit/537.36 (KHTML, like Gecko) Chrome/137.0.7151.119 Safari/537.36"
136.243.228.194 - - [14/Jul/2025:08:59:48 -0400] "GET /items/rmqno24/23534?key=itself HTTP/1.1" 404 23126 "-" "Mozilla/5.0 (compatible; DataForSeoBot/1.0; +https://dataforseo.com/dataforseo-bot)"
74.125.150.131 - - [14/Jul/2025:09:00:04 -0400] "GET /wp-content/plugins/extension-for-animation-addons/assets/css/magnific-popup.css?ver=6.8 HTTP/1.1" 200 1375 "https://dangroup.sa/pcmypage?callback=product/review/hcvalor-eshop-trusco-6114521" "Mozilla/5.0 (X11; Linux x86_64) AppleWebKit/537.36 (KHTML, like Gecko) Chrome/137.0.7151.119 Safari/537.36"
136.243.228.194 - - [14/Jul/2025:09:00:00 -0400] "GET /items/ngskw245/9643?key=Republican HTTP/1.1" 404 23126 "-" "Mozilla/5.0 (compatible; DataForSeoBot/1.0; +https://dataforseo.com/dataforseo-bot)"
136.243.228.194 - - [14/Jul/2025:09:00:09 -0400] "GET /items/rbnnv143/4877?key=casual HTTP/1.1" 404 23126 "-" "Mozilla/5.0 (compatible; DataForSeoBot/1.0; +https://dataforseo.com/dataforseo-bot)"
66.29.146.47 - - [14/Jul/2025:09:00:19 -0400] "POST /wp-cron.php?doing_wp_cron=1752498018.5950479507446289062500 HTTP/1.1" 403 0 "-" "WordPress/6.8; https://dangroup.sa"
74.125.150.129 - - [14/Jul/2025:09:00:21 -0400] "GET /wp-content/plugins/contact-form-7/includes/css/styles.css?ver=5.9.8 HTTP/1.1" 200 890 "https://dangroup.sa/pcmypage?callback=product/review/hcvalor-eshop-trusco-6114521" "Mozilla/5.0 (X11; Linux x86_64) AppleWebKit/537.36 (KHTML, like Gecko) Chrome/137.0.7151.119 Safari/537.36"
136.243.228.194 - - [14/Jul/2025:09:00:17 -0400] "GET /items/vnmuz299/26791?key=carbohydrate HTTP/1.1" 404 23128 "-" "Mozilla/5.0 (compatible; DataForSeoBot/1.0; +https://dataforseo.com/dataforseo-bot)"
47.82.60.27 - - [14/Jul/2025:09:00:28 -0400] "GET /items/cjnnz9/10883?key=encourage HTTP/1.1" 301 0 "https://www.dangroup.sa/items/cjnnz9/10883?key=encourage" "Mozilla/5.0 (Windows NT 10.0; Win64; x64) AppleWebKit/537.36 (KHTML, like Gecko) Chrome/114.0.0.0 Safari/537.36 Edg/114.0.1823.43"
20.171.207.27 - - [14/Jul/2025:09:00:18 -0400] "GET /278fzgcz38633.html HTTP/1.1" 404 23126 "-" "Mozilla/5.0 AppleWebKit/537.36 (KHTML, like Gecko; compatible; GPTBot/1.2; +https://openai.com/gptbot)"
74.125.150.129 - - [14/Jul/2025:09:00:33 -0400] "GET /wp-content/plugins/chaty/css/chaty-front.min.css?ver=3.4.21748763706 HTTP/1.1" 200 6405 "https://dangroup.sa/pcmypage?callback=product/review/hcvalor-eshop-trusco-6114521" "Mozilla/5.0 (X11; Linux x86_64) AppleWebKit/537.36 (KHTML, like Gecko) Chrome/137.0.7151.119 Safari/537.36"
47.82.60.7 - - [14/Jul/2025:09:00:25 -0400] "GET /items/zzsie2/48750?key=self-esteem HTTP/1.1" 404 23126 "https://dangroup.sa/items/zzsie2/48750?key=self-esteem" "Mozilla/5.0 (Windows NT 10.0; Win64; x64) AppleWebKit/537.36 (KHTML, like Gecko) Chrome/114.0.0.0 Safari/537.36 Edg/114.0.1823.43"
74.125.150.129 - - [14/Jul/2025:09:00:43 -0400] "GET /wp-includes/css/dist/block-library/style-rtl.min.css?ver=6.8 HTTP/1.1" 200 14313 "https://dangroup.sa/pcmypage?callback=product/review/hcvalor-eshop-trusco-6114521" "Mozilla/5.0 (X11; Linux x86_64) AppleWebKit/537.36 (KHTML, like Gecko) Chrome/137.0.7151.119 Safari/537.36"
136.243.228.194 - - [14/Jul/2025:09:00:31 -0400] "GET /items/avion236/41296?key=Christianity HTTP/1.1" 404 23126 "-" "Mozilla/5.0 (compatible; DataForSeoBot/1.0; +https://dataforseo.com/dataforseo-bot)"
47.82.60.27 - - [14/Jul/2025:09:00:31 -0400] "GET /items/cjnnz9/10883?key=encourage HTTP/1.1" 404 23126 "https://www.dangroup.sa/items/cjnnz9/10883?key=encourage" "Mozilla/5.0 (Windows NT 10.0; Win64; x64) AppleWebKit/537.36 (KHTML, like Gecko) Chrome/114.0.0.0 Safari/537.36 Edg/114.0.1823.43"
136.243.228.194 - - [14/Jul/2025:09:00:47 -0400] "GET /items/paxof272/31450?key=these HTTP/1.1" 404 23126 "-" "Mozilla/5.0 (compatible; DataForSeoBot/1.0; +https://dataforseo.com/dataforseo-bot)"
47.82.60.24 - - [14/Jul/2025:09:00:51 -0400] "GET /pcmypage?callback=product/review/re-vida-31-20264670-sterli HTTP/1.1" 404 23126 "https://dangroup.sa/pcmypage?callback=product/review/re-vida-31-20264670-sterli" "Mozilla/5.0 (Windows NT 10.0; Win64; x64) AppleWebKit/537.36 (KHTML, like Gecko) Chrome/114.0.0.0 Safari/537.36 Edg/114.0.1823.43"
74.125.150.131 - - [14/Jul/2025:09:01:06 -0400] "GET /wp-content/themes/arolax/assets/css/meanmenu.min.css?ver=2 HTTP/1.1" 200 715 "https://dangroup.sa/pcmypage?callback=product/review/hcvalor-eshop-trusco-6114521" "Mozilla/5.0 (X11; Linux x86_64) AppleWebKit/537.36 (KHTML, like Gecko) Chrome/137.0.7151.119 Safari/537.36"
47.82.60.56 - - [14/Jul/2025:09:00:55 -0400] "GET /238twfkh21573.html HTTP/1.1" 404 23128 "https://dangroup.sa/238twfkh21573.html" "Mozilla/5.0 (Windows NT 10.0; Win64; x64) AppleWebKit/537.36 (KHTML, like Gecko) Chrome/114.0.0.0 Safari/537.36 Edg/114.0.1823.43"
47.82.60.24 - - [14/Jul/2025:09:00:53 -0400] "GET /176vncl44915.html HTTP/1.1" 404 23126 "https://dangroup.sa/176vncl44915.html" "Mozilla/5.0 (Windows NT 10.0; Win64; x64) AppleWebKit/537.36 (KHTML, like Gecko) Chrome/114.0.0.0 Safari/537.36 Edg/114.0.1823.43"
47.82.60.15 - - [14/Jul/2025:09:00:59 -0400] "GET /items/vcsrb37/34637?key=commodity HTTP/1.1" 404 23126 "https://dangroup.sa/items/vcsrb37/34637?key=commodity" "Mozilla/5.0 (Windows NT 10.0; Win64; x64) AppleWebKit/537.36 (KHTML, like Gecko) Chrome/114.0.0.0 Safari/537.36 Edg/114.0.1823.43"
136.243.228.194 - - [14/Jul/2025:09:00:59 -0400] "GET /133vrp39818.html HTTP/1.1" 404 23126 "-" "Mozilla/5.0 (compatible; DataForSeoBot/1.0; +https://dataforseo.com/dataforseo-bot)"
66.29.146.47 - - [14/Jul/2025:09:01:21 -0400] "POST /wp-cron.php?doing_wp_cron=1752498081.4807651042938232421875 HTTP/1.1" 403 1242 "-" "WordPress/6.8; https://dangroup.sa"
74.125.150.129 - - [14/Jul/2025:09:01:29 -0400] "GET /wp-content/uploads/useanyfont/uaf.css?ver=1747771110 HTTP/1.1" 200 142 "https://dangroup.sa/pcmypage?callback=product/review/hcvalor-eshop-trusco-6114521" "Mozilla/5.0 (X11; Linux x86_64) AppleWebKit/537.36 (KHTML, like Gecko) Chrome/137.0.7151.119 Safari/537.36"
20.171.207.27 - - [14/Jul/2025:09:01:19 -0400] "GET /146pxijx29621.html HTTP/1.1" 404 23126 "-" "Mozilla/5.0 AppleWebKit/537.36 (KHTML, like Gecko; compatible; GPTBot/1.2; +https://openai.com/gptbot)"
136.243.228.194 - - [14/Jul/2025:09:01:21 -0400] "GET /94xwvou38387.html HTTP/1.1" 404 23126 "-" "Mozilla/5.0 (compatible; DataForSeoBot/1.0; +https://dataforseo.com/dataforseo-bot)"
47.82.60.26 - - [14/Jul/2025:09:01:25 -0400] "GET /pcmypage?callback=product/review/asty-shop-68-1di7ah3b0a-12b5 HTTP/1.1" 404 23126 "https://dangroup.sa/pcmypage?callback=product/review/asty-shop-68-1di7ah3b0a-12b5" "Mozilla/5.0 (Windows NT 10.0; Win64; x64) AppleWebKit/537.36 (KHTML, like Gecko) Chrome/114.0.0.0 Safari/537.36 Edg/114.0.1823.43"
74.125.150.129 - - [14/Jul/2025:09:01:40 -0400] "GET /wp-content/uploads/2024/06/Frame-4d.png HTTP/1.1" 200 37520 "https://dangroup.sa/pcmypage?callback=product/review/hcvalor-eshop-trusco-6114521" "Mozilla/5.0 (X11; Linux x86_64) AppleWebKit/537.36 (KHTML, like Gecko) Chrome/137.0.7151.119 Safari/537.36"
136.243.228.194 - - [14/Jul/2025:09:01:38 -0400] "GET /86mefok14803.html HTTP/1.1" 404 23126 "-" "Mozilla/5.0 (compatible; DataForSeoBot/1.0; +https://dataforseo.com/dataforseo-bot)"
74.125.150.129 - - [14/Jul/2025:09:01:51 -0400] "GET /wp-content/uploads/elementor/css/custom-frontend-rtl.min.css?ver=1748904914 HTTP/1.1" 200 6467 "https://dangroup.sa/pcmypage?callback=product/review/hcvalor-eshop-trusco-6114521" "Mozilla/5.0 (X11; Linux x86_64) AppleWebKit/537.36 (KHTML, like Gecko) Chrome/137.0.7151.119 Safari/537.36"
136.243.228.194 - - [14/Jul/2025:09:01:46 -0400] "GET /241qzpwz33574.html HTTP/1.1" 404 23126 "-" "Mozilla/5.0 (compatible; DataForSeoBot/1.0; +https://dataforseo.com/dataforseo-bot)"
47.82.60.6 - - [14/Jul/2025:09:01:59 -0400] "GET /pcmypage?callback=product/detail/fanatics-store-5208564-1 HTTP/1.1" 301 0 "https://www.dangroup.sa/pcmypage?callback=product%2Fdetail%2Ffanatics-store-5208564-1" "Mozilla/5.0 (Windows NT 10.0; Win64; x64) AppleWebKit/537.36 (KHTML, like Gecko) Chrome/114.0.0.0 Safari/537.36 Edg/114.0.1823.43"
136.243.228.194 - - [14/Jul/2025:09:01:59 -0400] "GET /items/jybqy245/1863?key=track HTTP/1.1" 404 23126 "-" "Mozilla/5.0 (compatible; DataForSeoBot/1.0; +https://dataforseo.com/dataforseo-bot)"
47.82.60.6 - - [14/Jul/2025:09:02:01 -0400] "GET /pcmypage?callback=product/detail/fanatics-store-5208564-1 HTTP/1.1" 404 23126 "https://www.dangroup.sa/pcmypage?callback=product%2Fdetail%2Ffanatics-store-5208564-1" "Mozilla/5.0 (Windows NT 10.0; Win64; x64) AppleWebKit/537.36 (KHTML, like Gecko) Chrome/114.0.0.0 Safari/537.36 Edg/114.0.1823.43"
47.82.60.3 - - [14/Jul/2025:09:02:06 -0400] "GET /62rkf137.html HTTP/1.1" 404 23128 "https://dangroup.sa/62rkf137.html" "Mozilla/5.0 (Windows NT 10.0; Win64; x64) AppleWebKit/537.36 (KHTML, like Gecko) Chrome/114.0.0.0 Safari/537.36 Edg/114.0.1823.43"
136.243.228.194 - - [14/Jul/2025:09:02:12 -0400] "GET /items/plcum51/21167?key=AM HTTP/1.1" 404 23126 "-" "Mozilla/5.0 (compatible; DataForSeoBot/1.0; +https://dataforseo.com/dataforseo-bot)"
20.171.207.27 - - [14/Jul/2025:09:02:24 -0400] "GET /116cnmfw28601.html HTTP/1.1" 404 23126 "-" "Mozilla/5.0 AppleWebKit/537.36 (KHTML, like Gecko; compatible; GPTBot/1.2; +https://openai.com/gptbot)"
136.243.228.194 - - [14/Jul/2025:09:02:27 -0400] "GET /items/vqlvn103/3651?key=hunt HTTP/1.1" 404 23126 "-" "Mozilla/5.0 (compatible; DataForSeoBot/1.0; +https://dataforseo.com/dataforseo-bot)"
136.243.228.194 - - [14/Jul/2025:09:02:38 -0400] "GET /items/dhkif299/49443?key=forever HTTP/1.1" 404 23128 "-" "Mozilla/5.0 (compatible; DataForSeoBot/1.0; +https://dataforseo.com/dataforseo-bot)"
136.243.228.194 - - [14/Jul/2025:09:02:46 -0400] "GET /280fon49559.html HTTP/1.1" 404 23126 "-" "Mozilla/5.0 (compatible; DataForSeoBot/1.0; +https://dataforseo.com/dataforseo-bot)"
204.12.252.98 - - [14/Jul/2025:09:02:54 -0400] "GET /wp-content/install.php HTTP/1.1" 200 10 "https://dangroup.sa/wp-content/install.php" "Mozilla/5.0 (Windows NT 10.0; Win64; x64) AppleWebKit/537.36 (KHTML, like Gecko) Chrome/58.0.3029.110 Safari/537.3"
136.243.228.194 - - [14/Jul/2025:09:02:55 -0400] "GET /9yol48458.html HTTP/1.1" 404 23126 "-" "Mozilla/5.0 (compatible; DataForSeoBot/1.0; +https://dataforseo.com/dataforseo-bot)"
136.243.228.194 - - [14/Jul/2025:09:03:04 -0400] "GET /111lezgb16908.html HTTP/1.1" 404 23126 "-" "Mozilla/5.0 (compatible; DataForSeoBot/1.0; +https://dataforseo.com/dataforseo-bot)"
136.243.228.194 - - [14/Jul/2025:09:03:13 -0400] "GET /items/ofxhn279/36265?key=scandal HTTP/1.1" 404 23126 "-" "Mozilla/5.0 (compatible; DataForSeoBot/1.0; +https://dataforseo.com/dataforseo-bot)"
91.151.95.70 - - [14/Jul/2025:09:03:23 -0400] "POST /xmlrpc.php HTTP/1.1" 403 1242 "https://dangroup.sa" "Mozilla/5.0 (Macintosh; Intel Mac OS X 10_15_7; rv:128.0) Gecko/20100101 Firefox/128.0"
136.243.228.194 - - [14/Jul/2025:09:03:22 -0400] "GET /51gih24190.html HTTP/1.1" 404 23126 "-" "Mozilla/5.0 (compatible; DataForSeoBot/1.0; +https://dataforseo.com/dataforseo-bot)"
20.171.207.27 - - [14/Jul/2025:09:03:23 -0400] "GET /297emhqa20160.html HTTP/1.1" 404 23127 "-" "Mozilla/5.0 AppleWebKit/537.36 (KHTML, like Gecko; compatible; GPTBot/1.2; +https://openai.com/gptbot)"
66.29.146.47 - - [14/Jul/2025:09:03:35 -0400] "POST /wp-cron.php?doing_wp_cron=1752498215.1829700469970703125000 HTTP/1.1" 403 1242 "-" "WordPress/6.8; https://dangroup.sa"
136.243.228.194 - - [14/Jul/2025:09:03:33 -0400] "GET /items/spprs56/418?key=residential HTTP/1.1" 404 23126 "-" "Mozilla/5.0 (compatible; DataForSeoBot/1.0; +https://dataforseo.com/dataforseo-bot)"
136.243.228.194 - - [14/Jul/2025:09:03:42 -0400] "GET /items/bklhj171/32925?key=northwest HTTP/1.1" 404 23126 "-" "Mozilla/5.0 (compatible; DataForSeoBot/1.0; +https://dataforseo.com/dataforseo-bot)"
136.243.228.194 - - [14/Jul/2025:09:03:49 -0400] "GET /124eshdw45235.html HTTP/1.1" 404 23126 "-" "Mozilla/5.0 (compatible; DataForSeoBot/1.0; +https://dataforseo.com/dataforseo-bot)"
139.162.24.217 - - [14/Jul/2025:09:03:57 -0400] "GET /wp-login.php HTTP/1.1" 200 3092 "-" "Mozilla/5.0 (Windows NT 6.1; WOW64; Trident/7.0; AS; rv:11.0) like Gecko"
139.162.24.217 - - [14/Jul/2025:09:04:05 -0400] "POST /wp-login.php HTTP/1.1" 200 3230 "-" "Mozilla/5.0 (Windows NT 6.1; WOW64; Trident/7.0; AS; rv:11.0) like Gecko"
136.243.228.194 - - [14/Jul/2025:09:04:00 -0400] "GET /49duwh22592.html HTTP/1.1" 404 23126 "-" "Mozilla/5.0 (compatible; DataForSeoBot/1.0; +https://dataforseo.com/dataforseo-bot)"
136.243.228.194 - - [14/Jul/2025:09:04:08 -0400] "GET /124kuktt32051.html HTTP/1.1" 404 23126 "-" "Mozilla/5.0 (compatible; DataForSeoBot/1.0; +https://dataforseo.com/dataforseo-bot)"
136.243.228.194 - - [14/Jul/2025:09:04:13 -0400] "GET /items/ghgjx259/9995?key=manipulate HTTP/1.1" 404 23126 "-" "Mozilla/5.0 (compatible; DataForSeoBot/1.0; +https://dataforseo.com/dataforseo-bot)"
136.243.228.194 - - [14/Jul/2025:09:04:21 -0400] "GET /118znhbt48233.html HTTP/1.1" 404 23126 "-" "Mozilla/5.0 (compatible; DataForSeoBot/1.0; +https://dataforseo.com/dataforseo-bot)"
20.171.207.27 - - [14/Jul/2025:09:04:29 -0400] "GET /211kzrow40214.html HTTP/1.1" 404 23126 "-" "Mozilla/5.0 AppleWebKit/537.36 (KHTML, like Gecko; compatible; GPTBot/1.2; +https://openai.com/gptbot)"
136.243.228.194 - - [14/Jul/2025:09:04:29 -0400] "GET /137aogf22576.html HTTP/1.1" 404 23126 "-" "Mozilla/5.0 (compatible; DataForSeoBot/1.0; +https://dataforseo.com/dataforseo-bot)"
66.29.146.47 - - [14/Jul/2025:09:04:41 -0400] "POST /wp-cron.php?doing_wp_cron=1752498280.6832571029663085937500 HTTP/1.1" 403 1242 "-" "WordPress/6.8; https://dangroup.sa"
136.243.228.194 - - [14/Jul/2025:09:04:39 -0400] "GET /items/rkkkb267/47385?key=etc HTTP/1.1" 404 23126 "-" "Mozilla/5.0 (compatible; DataForSeoBot/1.0; +https://dataforseo.com/dataforseo-bot)"
136.243.228.194 - - [14/Jul/2025:09:04:51 -0400] "GET /78qhl28051.html HTTP/1.1" 404 23126 "-" "Mozilla/5.0 (compatible; DataForSeoBot/1.0; +https://dataforseo.com/dataforseo-bot)"
136.243.228.194 - - [14/Jul/2025:09:05:00 -0400] "GET /items/hwnel239/20437?key=clerk HTTP/1.1" 404 23126 "-" "Mozilla/5.0 (compatible; DataForSeoBot/1.0; +https://dataforseo.com/dataforseo-bot)"
66.249.68.129 - - [14/Jul/2025:09:05:14 -0400] "GET /robots.txt HTTP/1.1" 304 0 "-" "Mozilla/5.0 (compatible; Googlebot/2.1; +http://www.google.com/bot.html)"
136.243.228.194 - - [14/Jul/2025:09:05:11 -0400] "GET /items/fwtco193/38021?key=vacation HTTP/1.1" 404 23126 "-" "Mozilla/5.0 (compatible; DataForSeoBot/1.0; +https://dataforseo.com/dataforseo-bot)"
136.243.228.194 - - [14/Jul/2025:09:05:17 -0400] "GET /292abf22507.html HTTP/1.1" 404 23126 "-" "Mozilla/5.0 (compatible; DataForSeoBot/1.0; +https://dataforseo.com/dataforseo-bot)"
136.243.228.194 - - [14/Jul/2025:09:05:25 -0400] "GET /169lce44966.html HTTP/1.1" 404 23126 "-" "Mozilla/5.0 (compatible; DataForSeoBot/1.0; +https://dataforseo.com/dataforseo-bot)"
139.162.24.217 - - [14/Jul/2025:09:05:32 -0400] "GET /wp-login.php HTTP/1.1" 200 3092 "-" "Mozilla/5.0 (Windows NT 6.3; WOW64; rv:40.0) Gecko/20100101 Firefox/40.0"
136.243.228.194 - - [14/Jul/2025:09:05:32 -0400] "GET /139foq42172.html HTTP/1.1" 404 23128 "-" "Mozilla/5.0 (compatible; DataForSeoBot/1.0; +https://dataforseo.com/dataforseo-bot)"
66.29.146.47 - - [14/Jul/2025:09:05:40 -0400] "POST /wp-cron.php?doing_wp_cron=1752498340.6876099109649658203125 HTTP/1.1" 403 1242 "-" "WordPress/6.8; https://dangroup.sa"
139.162.24.217 - - [14/Jul/2025:09:05:39 -0400] "POST /wp-login.php HTTP/1.1" 200 3230 "-" "Mozilla/5.0 (Windows NT 6.3; WOW64; rv:40.0) Gecko/20100101 Firefox/40.0"
20.171.207.27 - - [14/Jul/2025:09:05:33 -0400] "GET /155nuylo38336.html HTTP/1.1" 404 23126 "-" "Mozilla/5.0 AppleWebKit/537.36 (KHTML, like Gecko; compatible; GPTBot/1.2; +https://openai.com/gptbot)"
136.243.228.194 - - [14/Jul/2025:09:05:41 -0400] "GET /86bnth30627.html HTTP/1.1" 404 23126 "-" "Mozilla/5.0 (compatible; DataForSeoBot/1.0; +https://dataforseo.com/dataforseo-bot)"
136.243.228.194 - - [14/Jul/2025:09:05:46 -0400] "GET /items/qtisc35/1713?key=earnings HTTP/1.1" 404 23128 "-" "Mozilla/5.0 (compatible; DataForSeoBot/1.0; +https://dataforseo.com/dataforseo-bot)"
136.243.228.194 - - [14/Jul/2025:09:05:51 -0400] "GET /items/quotb181/39337?key=sexy HTTP/1.1" 404 23128 "-" "Mozilla/5.0 (compatible; DataForSeoBot/1.0; +https://dataforseo.com/dataforseo-bot)"
136.243.228.194 - - [14/Jul/2025:09:05:58 -0400] "GET /297jyson33792.html HTTP/1.1" 404 23126 "-" "Mozilla/5.0 (compatible; DataForSeoBot/1.0; +https://dataforseo.com/dataforseo-bot)"
139.162.24.217 - - [14/Jul/2025:09:06:14 -0400] "GET /wp-login.php HTTP/1.1" 200 3092 "-" "Mozilla/5.0 (Macintosh; Intel Mac OS X 10_11_5) AppleWebKit/537.36 (KHTML, like Gecko) Chrome/50.0.2661.102 Safari/537.36"
136.243.228.194 - - [14/Jul/2025:09:06:07 -0400] "GET /228xhh29491.html HTTP/1.1" 404 23126 "-" "Mozilla/5.0 (compatible; DataForSeoBot/1.0; +https://dataforseo.com/dataforseo-bot)"
139.162.24.217 - - [14/Jul/2025:09:06:25 -0400] "POST /wp-login.php HTTP/1.1" 200 3230 "-" "Mozilla/5.0 (Macintosh; Intel Mac OS X 10_11_5) AppleWebKit/537.36 (KHTML, like Gecko) Chrome/50.0.2661.102 Safari/537.36"
136.243.228.194 - - [14/Jul/2025:09:06:22 -0400] "GET /items/tocnd64/17176?key=fashion HTTP/1.1" 404 23126 "-" "Mozilla/5.0 (compatible; DataForSeoBot/1.0; +https://dataforseo.com/dataforseo-bot)"
74.125.150.130 - - [14/Jul/2025:09:06:30 -0400] "GET / HTTP/1.1" 200 17 "-" "Mozilla/5.0 (Linux; Android 6.0.1; Nexus 5X Build/MMB29P) AppleWebKit/537.36 (KHTML, like Gecko) Chrome/137.0.7151.103 Mobile Safari/537.36 (compatible; AdsBot-Google-Mobile; +http://www.google.com/mobile/adsbot.html)"
69.197.182.50 - - [14/Jul/2025:09:06:35 -0400] "GET /wp-content/install.php HTTP/1.1" 200 10 "https://dangroup.sa/wp-content/install.php" "Mozilla/5.0 (Windows NT 10.0; Win64; x64) AppleWebKit/537.36 (KHTML, like Gecko) Chrome/58.0.3029.110 Safari/537.3"
136.243.228.194 - - [14/Jul/2025:09:06:32 -0400] "GET /299oeuuv39608.html HTTP/1.1" 404 23126 "-" "Mozilla/5.0 (compatible; DataForSeoBot/1.0; +https://dataforseo.com/dataforseo-bot)"
20.171.207.27 - - [14/Jul/2025:09:06:36 -0400] "GET /229qlaep43268.html HTTP/1.1" 404 23126 "-" "Mozilla/5.0 AppleWebKit/537.36 (KHTML, like Gecko; compatible; GPTBot/1.2; +https://openai.com/gptbot)"
66.29.146.47 - - [14/Jul/2025:09:06:45 -0400] "POST /wp-cron.php?doing_wp_cron=1752498404.6099450588226318359375 HTTP/1.1" 403 1242 "-" "WordPress/6.8; https://dangroup.sa"
136.243.228.194 - - [14/Jul/2025:09:06:43 -0400] "GET /286aqn42495.html HTTP/1.1" 404 23126 "-" "Mozilla/5.0 (compatible; DataForSeoBot/1.0; +https://dataforseo.com/dataforseo-bot)"
136.243.228.194 - - [14/Jul/2025:09:06:51 -0400] "GET /items/kbrao258/31636?key=consumption HTTP/1.1" 404 23126 "-" "Mozilla/5.0 (compatible; DataForSeoBot/1.0; +https://dataforseo.com/dataforseo-bot)"
136.243.228.194 - - [14/Jul/2025:09:07:01 -0400] "GET /items/jtbln274/24006?key=killing HTTP/1.1" 404 23126 "-" "Mozilla/5.0 (compatible; DataForSeoBot/1.0; +https://dataforseo.com/dataforseo-bot)"
136.243.228.194 - - [14/Jul/2025:09:07:08 -0400] "GET /173ocsvk25012.html HTTP/1.1" 404 23126 "-" "Mozilla/5.0 (compatible; DataForSeoBot/1.0; +https://dataforseo.com/dataforseo-bot)"
136.243.228.194 - - [14/Jul/2025:09:07:16 -0400] "GET /209yrz28254.html HTTP/1.1" 404 23126 "-" "Mozilla/5.0 (compatible; DataForSeoBot/1.0; +https://dataforseo.com/dataforseo-bot)"
139.162.24.217 - - [14/Jul/2025:09:07:27 -0400] "GET /wp-login.php HTTP/1.1" 200 3092 "-" "Mozilla/5.0 (Windows NT 10.0; Win64; x64) AppleWebKit/537.36 (KHTML, like Gecko) Chrome/58.0.3029.110 Safari/537.3"
136.243.228.194 - - [14/Jul/2025:09:07:23 -0400] "GET /163dwia37350.html HTTP/1.1" 404 23126 "-" "Mozilla/5.0 (compatible; DataForSeoBot/1.0; +https://dataforseo.com/dataforseo-bot)"
139.162.24.217 - - [14/Jul/2025:09:07:37 -0400] "POST /wp-login.php HTTP/1.1" 200 3230 "-" "Mozilla/5.0 (Windows NT 10.0; Win64; x64) AppleWebKit/537.36 (KHTML, like Gecko) Chrome/58.0.3029.110 Safari/537.3"
136.243.228.194 - - [14/Jul/2025:09:07:34 -0400] "GET /42rddqv29191.html HTTP/1.1" 404 23128 "-" "Mozilla/5.0 (compatible; DataForSeoBot/1.0; +https://dataforseo.com/dataforseo-bot)"
20.171.207.27 - - [14/Jul/2025:09:07:39 -0400] "GET /140tekwl23781.html HTTP/1.1" 404 23126 "-" "Mozilla/5.0 AppleWebKit/537.36 (KHTML, like Gecko; compatible; GPTBot/1.2; +https://openai.com/gptbot)"
136.243.228.194 - - [14/Jul/2025:09:07:41 -0400] "GET /items/covfv58/42550?key=pine HTTP/1.1" 404 23126 "-" "Mozilla/5.0 (compatible; DataForSeoBot/1.0; +https://dataforseo.com/dataforseo-bot)"
66.29.146.47 - - [14/Jul/2025:09:07:53 -0400] "POST /wp-cron.php?doing_wp_cron=1752498472.6068220138549804687500 HTTP/1.1" 403 1242 "-" "WordPress/6.8; https://dangroup.sa"
66.249.79.134 - - [14/Jul/2025:09:07:53 -0400] "GET /41jqbqo234.html HTTP/1.1" 200 87200 "-" "Mozilla/5.0 (Linux; Android 6.0.1; Nexus 5X Build/MMB29P) AppleWebKit/537.36 (KHTML, like Gecko) Chrome/137.0.7151.103 Mobile Safari/537.36 (compatible; Googlebot/2.1; +http://www.google.com/bot.html)"
136.243.228.194 - - [14/Jul/2025:09:07:51 -0400] "GET /items/ekjbt32/13150?key=persist HTTP/1.1" 404 23126 "-" "Mozilla/5.0 (compatible; DataForSeoBot/1.0; +https://dataforseo.com/dataforseo-bot)"
136.243.228.194 - - [14/Jul/2025:09:08:03 -0400] "GET /298bpoix25917.html HTTP/1.1" 404 23126 "-" "Mozilla/5.0 (compatible; DataForSeoBot/1.0; +https://dataforseo.com/dataforseo-bot)"
139.162.24.217 - - [14/Jul/2025:09:08:14 -0400] "GET /wp-login.php HTTP/1.1" 200 3092 "-" "Mozilla/5.0 (Windows NT 6.1; WOW64; Trident/7.0; AS; rv:11.0) like Gecko"
136.243.228.194 - - [14/Jul/2025:09:08:12 -0400] "GET /20mig37115.html HTTP/1.1" 404 23126 "-" "Mozilla/5.0 (compatible; DataForSeoBot/1.0; +https://dataforseo.com/dataforseo-bot)"
139.162.24.217 - - [14/Jul/2025:09:08:23 -0400] "POST /wp-login.php HTTP/1.1" 200 3230 "-" "Mozilla/5.0 (Windows NT 6.1; WOW64; Trident/7.0; AS; rv:11.0) like Gecko"
136.243.228.194 - - [14/Jul/2025:09:08:25 -0400] "GET /items/ldhuf58/22324?key=send HTTP/1.1" 404 23128 "-" "Mozilla/5.0 (compatible; DataForSeoBot/1.0; +https://dataforseo.com/dataforseo-bot)"
136.243.228.194 - - [14/Jul/2025:09:08:34 -0400] "GET /items/jxoyr268/28390?key=northwest HTTP/1.1" 404 23126 "-" "Mozilla/5.0 (compatible; DataForSeoBot/1.0; +https://dataforseo.com/dataforseo-bot)"
20.171.207.27 - - [14/Jul/2025:09:08:42 -0400] "GET /145bnjze36118.html HTTP/1.1" 404 23127 "-" "Mozilla/5.0 AppleWebKit/537.36 (KHTML, like Gecko; compatible; GPTBot/1.2; +https://openai.com/gptbot)"
136.243.228.194 - - [14/Jul/2025:09:08:42 -0400] "GET /226xdk35135.html HTTP/1.1" 404 23126 "-" "Mozilla/5.0 (compatible; DataForSeoBot/1.0; +https://dataforseo.com/dataforseo-bot)"
66.29.146.47 - - [14/Jul/2025:09:08:54 -0400] "POST /wp-cron.php?doing_wp_cron=1752498533.7775979042053222656250 HTTP/1.1" 403 1242 "-" "WordPress/6.8; https://dangroup.sa"
136.243.228.194 - - [14/Jul/2025:09:08:52 -0400] "GET /35fcnwi7246.html HTTP/1.1" 404 23128 "-" "Mozilla/5.0 (compatible; DataForSeoBot/1.0; +https://dataforseo.com/dataforseo-bot)"
136.243.228.194 - - [14/Jul/2025:09:09:04 -0400] "GET /248utqiy13867.html HTTP/1.1" 404 23126 "-" "Mozilla/5.0 (compatible; DataForSeoBot/1.0; +https://dataforseo.com/dataforseo-bot)"
136.243.228.194 - - [14/Jul/2025:09:09:14 -0400] "GET /209top15610.html HTTP/1.1" 404 23128 "-" "Mozilla/5.0 (compatible; DataForSeoBot/1.0; +https://dataforseo.com/dataforseo-bot)"
139.162.24.217 - - [14/Jul/2025:09:09:24 -0400] "GET /wp-login.php HTTP/1.1" 200 3092 "-" "Mozilla/5.0 (Windows NT 10.0; Win64; x64) AppleWebKit/537.36 (KHTML, like Gecko) Chrome/58.0.3029.110 Safari/537.3"
139.162.24.217 - - [14/Jul/2025:09:09:28 -0400] "POST /wp-login.php HTTP/1.1" 200 3230 "-" "Mozilla/5.0 (Windows NT 10.0; Win64; x64) AppleWebKit/537.36 (KHTML, like Gecko) Chrome/58.0.3029.110 Safari/537.3"
136.243.228.194 - - [14/Jul/2025:09:09:27 -0400] "GET /52dgjov1109.html HTTP/1.1" 404 23126 "-" "Mozilla/5.0 (compatible; DataForSeoBot/1.0; +https://dataforseo.com/dataforseo-bot)"
136.243.228.194 - - [14/Jul/2025:09:09:36 -0400] "GET /8auwwm16403.html HTTP/1.1" 404 23126 "-" "Mozilla/5.0 (compatible; DataForSeoBot/1.0; +https://dataforseo.com/dataforseo-bot)"
136.243.228.194 - - [14/Jul/2025:09:09:41 -0400] "GET /129kcp30788.html HTTP/1.1" 404 23126 "-" "Mozilla/5.0 (compatible; DataForSeoBot/1.0; +https://dataforseo.com/dataforseo-bot)"
20.171.207.27 - - [14/Jul/2025:09:09:43 -0400] "GET /300khivp12405.html HTTP/1.1" 404 23126 "-" "Mozilla/5.0 AppleWebKit/537.36 (KHTML, like Gecko; compatible; GPTBot/1.2; +https://openai.com/gptbot)"
66.29.146.47 - - [14/Jul/2025:09:09:54 -0400] "POST /wp-cron.php?doing_wp_cron=1752498594.5859889984130859375000 HTTP/1.1" 403 1242 "-" "WordPress/6.8; https://dangroup.sa"
136.243.228.194 - - [14/Jul/2025:09:09:53 -0400] "GET /items/lcjda97/9891?key=cold HTTP/1.1" 404 23126 "-" "Mozilla/5.0 (compatible; DataForSeoBot/1.0; +https://dataforseo.com/dataforseo-bot)"
139.162.24.217 - - [14/Jul/2025:09:10:04 -0400] "GET /wp-login.php HTTP/1.1" 200 3092 "-" "Mozilla/5.0 (Macintosh; Intel Mac OS X 10_11_5) AppleWebKit/537.36 (KHTML, like Gecko) Chrome/50.0.2661.102 Safari/537.36"
139.162.24.217 - - [14/Jul/2025:09:10:06 -0400] "POST /wp-login.php HTTP/1.1" 200 3230 "-" "Mozilla/5.0 (Macintosh; Intel Mac OS X 10_11_5) AppleWebKit/537.36 (KHTML, like Gecko) Chrome/50.0.2661.102 Safari/537.36"
136.243.228.194 - - [14/Jul/2025:09:10:05 -0400] "GET /298ybm26411.html HTTP/1.1" 404 23126 "-" "Mozilla/5.0 (compatible; DataForSeoBot/1.0; +https://dataforseo.com/dataforseo-bot)"
136.243.228.194 - - [14/Jul/2025:09:10:14 -0400] "GET /items/emaos16/48782?key=cue HTTP/1.1" 404 23126 "-" "Mozilla/5.0 (compatible; DataForSeoBot/1.0; +https://dataforseo.com/dataforseo-bot)"
47.82.60.56 - - [14/Jul/2025:09:10:18 -0400] "GET /70jmsry22871.html HTTP/1.1" 404 23126 "https://dangroup.sa/70jmsry22871.html" "Mozilla/5.0 (Windows NT 10.0; Win64; x64) AppleWebKit/537.36 (KHTML, like Gecko) Chrome/114.0.0.0 Safari/537.36 Edg/114.0.1823.43"
136.243.228.194 - - [14/Jul/2025:09:10:22 -0400] "GET /200dtl8119.html HTTP/1.1" 404 23128 "-" "Mozilla/5.0 (compatible; DataForSeoBot/1.0; +https://dataforseo.com/dataforseo-bot)"
136.243.228.194 - - [14/Jul/2025:09:10:33 -0400] "GET /items/pbriy259/32795?key=jacket HTTP/1.1" 404 23126 "-" "Mozilla/5.0 (compatible; DataForSeoBot/1.0; +https://dataforseo.com/dataforseo-bot)"
208.110.64.178 - - [14/Jul/2025:09:10:48 -0400] "GET /wp-content/install.php HTTP/1.1" 200 10 "https://dangroup.sa/wp-content/install.php" "Mozilla/5.0 (Windows NT 10.0; Win64; x64) AppleWebKit/537.36 (KHTML, like Gecko) Chrome/58.0.3029.110 Safari/537.3"
66.249.68.130 - - [14/Jul/2025:09:10:50 -0400] "GET /items/psgmb206/37176?key=sad HTTP/1.1" 200 86838 "-" "Mozilla/5.0 (Linux; Android 6.0.1; Nexus 5X Build/MMB29P) AppleWebKit/537.36 (KHTML, like Gecko) Chrome/137.0.7151.103 Mobile Safari/537.36 (compatible; Googlebot/2.1; +http://www.google.com/bot.html)"
47.82.60.19 - - [14/Jul/2025:09:10:41 -0400] "GET /items/mijei111/37875?key=direction HTTP/1.1" 404 23126 "https://dangroup.sa/items/mijei111/37875?key=direction" "Mozilla/5.0 (Windows NT 10.0; Win64; x64) AppleWebKit/537.36 (KHTML, like Gecko) Chrome/114.0.0.0 Safari/537.36 Edg/114.0.1823.43"
66.249.68.131 - - [14/Jul/2025:09:10:52 -0400] "GET /items/kemfh259/4515?key=mount HTTP/1.1" 200 87256 "-" "Mozilla/5.0 (Linux; Android 6.0.1; Nexus 5X Build/MMB29P) AppleWebKit/537.36 (KHTML, like Gecko) Chrome/137.0.7151.103 Mobile Safari/537.36 (compatible; Googlebot/2.1; +http://www.google.com/bot.html)"
66.249.68.130 - - [14/Jul/2025:09:10:54 -0400] "GET /31cdalf47468.html HTTP/1.1" 200 86466 "-" "Mozilla/5.0 (Linux; Android 6.0.1; Nexus 5X Build/MMB29P) AppleWebKit/537.36 (KHTML, like Gecko) Chrome/137.0.7151.103 Mobile Safari/537.36 (compatible; Googlebot/2.1; +http://www.google.com/bot.html)"
136.243.228.194 - - [14/Jul/2025:09:10:44 -0400] "GET /items/kxbth187/20399?key=select HTTP/1.1" 404 23128 "-" "Mozilla/5.0 (compatible; DataForSeoBot/1.0; +https://dataforseo.com/dataforseo-bot)"
66.249.68.130 - - [14/Jul/2025:09:10:56 -0400] "GET /items/svtlj40/32990?key=feedback HTTP/1.1" 200 86446 "-" "Mozilla/5.0 (Linux; Android 6.0.1; Nexus 5X Build/MMB29P) AppleWebKit/537.36 (KHTML, like Gecko) Chrome/137.0.7151.103 Mobile Safari/537.36 (compatible; Googlebot/2.1; +http://www.google.com/bot.html)"
20.171.207.27 - - [14/Jul/2025:09:10:44 -0400] "GET /142aefko41749.html HTTP/1.1" 404 23126 "-" "Mozilla/5.0 AppleWebKit/537.36 (KHTML, like Gecko; compatible; GPTBot/1.2; +https://openai.com/gptbot)"
66.29.146.47 - - [14/Jul/2025:09:10:58 -0400] "POST /wp-cron.php?doing_wp_cron=1752498658.2125051021575927734375 HTTP/1.1" 403 1242 "-" "WordPress/6.8; https://dangroup.sa"
66.249.68.130 - - [14/Jul/2025:09:10:57 -0400] "GET /items/oofua235/31805?key=rumor HTTP/1.1" 200 87292 "-" "Mozilla/5.0 (Linux; Android 6.0.1; Nexus 5X Build/MMB29P) AppleWebKit/537.36 (KHTML, like Gecko) Chrome/137.0.7151.103 Mobile Safari/537.36 (compatible; Googlebot/2.1; +http://www.google.com/bot.html)"
66.29.146.47 - - [14/Jul/2025:09:10:58 -0400] "POST /wp-cron.php?doing_wp_cron=1752498658.3945720195770263671875 HTTP/1.1" 403 1242 "-" "WordPress/6.8; https://dangroup.sa"
66.249.68.129 - - [14/Jul/2025:09:10:59 -0400] "GET /40ebz26429.html HTTP/1.1" 200 86464 "-" "Mozilla/5.0 (Linux; Android 6.0.1; Nexus 5X Build/MMB29P) AppleWebKit/537.36 (KHTML, like Gecko) Chrome/137.0.7151.103 Mobile Safari/537.36 (compatible; Googlebot/2.1; +http://www.google.com/bot.html)"
66.249.79.136 - - [14/Jul/2025:09:11:01 -0400] "GET /items/zwlbf271/13953?key=importance HTTP/1.1" 200 86726 "-" "Mozilla/5.0 (Linux; Android 6.0.1; Nexus 5X Build/MMB29P) AppleWebKit/537.36 (KHTML, like Gecko) Chrome/137.0.7151.103 Mobile Safari/537.36 (compatible; Googlebot/2.1; +http://www.google.com/bot.html)"
139.162.24.217 - - [14/Jul/2025:09:11:03 -0400] "GET /wp-login.php HTTP/1.1" 200 3092 "-" "Mozilla/5.0 (Windows NT 6.3; WOW64; rv:40.0) Gecko/20100101 Firefox/40.0"
52.167.144.204 - - [14/Jul/2025:09:11:07 -0400] "GET /hmpiszn23706crevaporization HTTP/1.1" 200 17 "-" "Mozilla/5.0 AppleWebKit/537.36 (KHTML, like Gecko; compatible; bingbot/2.0; +http://www.bing.com/bingbot.htm) Chrome/116.0.1938.76 Safari/537.36"
136.243.228.194 - - [14/Jul/2025:09:10:56 -0400] "GET /items/flehn13/16773?key=loud HTTP/1.1" 404 23128 "-" "Mozilla/5.0 (compatible; DataForSeoBot/1.0; +https://dataforseo.com/dataforseo-bot)"
47.82.60.38 - - [14/Jul/2025:09:10:55 -0400] "GET /87gyod942.html HTTP/1.1" 404 23128 "https://dangroup.sa/87gyod942.html" "Mozilla/5.0 (Windows NT 10.0; Win64; x64) AppleWebKit/537.36 (KHTML, like Gecko) Chrome/114.0.0.0 Safari/537.36 Edg/114.0.1823.43"
139.162.24.217 - - [14/Jul/2025:09:11:11 -0400] "POST /wp-login.php HTTP/1.1" 200 3230 "-" "Mozilla/5.0 (Windows NT 6.3; WOW64; rv:40.0) Gecko/20100101 Firefox/40.0"
47.82.60.6 - - [14/Jul/2025:09:11:15 -0400] "GET /63nta438.html HTTP/1.1" 301 0 "https://www.dangroup.sa/63nta438.html" "Mozilla/5.0 (Windows NT 10.0; Win64; x64) AppleWebKit/537.36 (KHTML, like Gecko) Chrome/114.0.0.0 Safari/537.36 Edg/114.0.1823.43"
20.18.19.125 - - [14/Jul/2025:09:11:11 -0400] "GET /wp-content/plugins/hellopress/wp_filemanager.php HTTP/1.1" 404 23126 "-" "-"
136.243.228.194 - - [14/Jul/2025:09:11:09 -0400] "GET /items/mpbhd208/632?key=react HTTP/1.1" 404 23128 "-" "Mozilla/5.0 (compatible; DataForSeoBot/1.0; +https://dataforseo.com/dataforseo-bot)"
47.82.60.12 - - [14/Jul/2025:09:11:25 -0400] "GET /141igan6692.html HTTP/1.1" 301 0 "https://www.dangroup.sa/141igan6692.html" "Mozilla/5.0 (Windows NT 10.0; Win64; x64) AppleWebKit/537.36 (KHTML, like Gecko) Chrome/114.0.0.0 Safari/537.36 Edg/114.0.1823.43"
47.82.60.48 - - [14/Jul/2025:09:11:12 -0400] "GET /119rngoc33192.html HTTP/1.1" 404 23128 "https://dangroup.sa/119rngoc33192.html" "Mozilla/5.0 (Windows NT 10.0; Win64; x64) AppleWebKit/537.36 (KHTML, like Gecko) Chrome/114.0.0.0 Safari/537.36 Edg/114.0.1823.43"
47.82.60.6 - - [14/Jul/2025:09:11:20 -0400] "GET /63nta438.html HTTP/1.1" 404 23126 "https://www.dangroup.sa/63nta438.html" "Mozilla/5.0 (Windows NT 10.0; Win64; x64) AppleWebKit/537.36 (KHTML, like Gecko) Chrome/114.0.0.0 Safari/537.36 Edg/114.0.1823.43"
20.18.19.125 - - [14/Jul/2025:09:11:24 -0400] "GET /alfanew.php HTTP/1.1" 200 0 "-" "-"
47.82.60.50 - - [14/Jul/2025:09:11:38 -0400] "GET /153bokle37546.html HTTP/1.1" 301 0 "https://www.dangroup.sa/153bokle37546.html" "Mozilla/5.0 (Windows NT 10.0; Win64; x64) AppleWebKit/537.36 (KHTML, like Gecko) Chrome/114.0.0.0 Safari/537.36 Edg/114.0.1823.43"
136.243.228.194 - - [14/Jul/2025:09:11:25 -0400] "GET /items/enjqd143/11593?key=cry HTTP/1.1" 404 23128 "-" "Mozilla/5.0 (compatible; DataForSeoBot/1.0; +https://dataforseo.com/dataforseo-bot)"
139.162.24.217 - - [14/Jul/2025:09:11:43 -0400] "GET /wp-login.php HTTP/1.1" 200 3092 "-" "Mozilla/5.0 (Macintosh; Intel Mac OS X 10_11_5) AppleWebKit/537.36 (KHTML, like Gecko) Chrome/50.0.2661.102 Safari/537.36"
47.82.60.12 - - [14/Jul/2025:09:11:29 -0400] "GET /141igan6692.html HTTP/1.1" 404 23128 "https://www.dangroup.sa/141igan6692.html" "Mozilla/5.0 (Windows NT 10.0; Win64; x64) AppleWebKit/537.36 (KHTML, like Gecko) Chrome/114.0.0.0 Safari/537.36 Edg/114.0.1823.43"
20.18.19.125 - - [14/Jul/2025:09:11:40 -0400] "GET /htaccess.php HTTP/1.1" 404 23128 "-" "-"
47.82.60.4 - - [14/Jul/2025:09:11:41 -0400] "GET /pcmypage?callback=product/detail/jism-4934154156695-37-57428-n HTTP/1.1" 404 23128 "https://dangroup.sa/pcmypage?callback=product%2Fdetail%2Fjism-4934154156695-37-57428-n" "Mozilla/5.0 (Windows NT 10.0; Win64; x64) AppleWebKit/537.36 (KHTML, like Gecko) Chrome/114.0.0.0 Safari/537.36 Edg/114.0.1823.43"
47.82.60.50 - - [14/Jul/2025:09:11:44 -0400] "GET /153bokle37546.html HTTP/1.1" 404 23128 "https://www.dangroup.sa/153bokle37546.html" "Mozilla/5.0 (Windows NT 10.0; Win64; x64) AppleWebKit/537.36 (KHTML, like Gecko) Chrome/114.0.0.0 Safari/537.36 Edg/114.0.1823.43"
139.162.24.217 - - [14/Jul/2025:09:11:52 -0400] "POST /wp-login.php HTTP/1.1" 200 3230 "-" "Mozilla/5.0 (Macintosh; Intel Mac OS X 10_11_5) AppleWebKit/537.36 (KHTML, like Gecko) Chrome/50.0.2661.102 Safari/537.36"
136.243.228.194 - - [14/Jul/2025:09:11:44 -0400] "GET /items/rwtgi22/17162?key=decent HTTP/1.1" 404 23128 "-" "Mozilla/5.0 (compatible; DataForSeoBot/1.0; +https://dataforseo.com/dataforseo-bot)"
20.171.207.27 - - [14/Jul/2025:09:11:47 -0400] "GET /173yrrdh28126.html HTTP/1.1" 404 23127 "-" "Mozilla/5.0 AppleWebKit/537.36 (KHTML, like Gecko; compatible; GPTBot/1.2; +https://openai.com/gptbot)"
66.29.146.47 - - [14/Jul/2025:09:12:02 -0400] "POST /wp-cron.php?doing_wp_cron=1752498721.7810521125793457031250 HTTP/1.1" 403 1242 "-" "WordPress/6.8; https://dangroup.sa"
66.29.146.47 - - [14/Jul/2025:09:12:03 -0400] "POST /wp-cron.php?doing_wp_cron=1752498723.0885930061340332031250 HTTP/1.1" 403 1242 "-" "WordPress/6.8; https://dangroup.sa"
20.18.19.125 - - [14/Jul/2025:09:11:52 -0400] "GET /readme.php HTTP/1.1" 404 23126 "-" "-"
136.243.228.194 - - [14/Jul/2025:09:12:00 -0400] "GET /237uftuy17912.html HTTP/1.1" 404 23128 "-" "Mozilla/5.0 (compatible; DataForSeoBot/1.0; +https://dataforseo.com/dataforseo-bot)"
47.82.60.33 - - [14/Jul/2025:09:11:58 -0400] "GET /items/piqrb180/41486?key=romance HTTP/1.1" 404 23126 "https://dangroup.sa/items/piqrb180/41486?key=romance" "Mozilla/5.0 (Windows NT 10.0; Win64; x64) AppleWebKit/537.36 (KHTML, like Gecko) Chrome/114.0.0.0 Safari/537.36 Edg/114.0.1823.43"
20.18.19.125 - - [14/Jul/2025:09:12:07 -0400] "GET /as.php HTTP/1.1" 404 23126 "-" "-"
47.82.60.52 - - [14/Jul/2025:09:12:11 -0400] "GET /97xmgea472.html HTTP/1.1" 404 23126 "https://dangroup.sa/97xmgea472.html" "Mozilla/5.0 (Windows NT 10.0; Win64; x64) AppleWebKit/537.36 (KHTML, like Gecko) Chrome/114.0.0.0 Safari/537.36 Edg/114.0.1823.43"
136.243.228.194 - - [14/Jul/2025:09:12:15 -0400] "GET /31egw6212.html HTTP/1.1" 404 23126 "-" "Mozilla/5.0 (compatible; DataForSeoBot/1.0; +https://dataforseo.com/dataforseo-bot)"
139.162.24.217 - - [14/Jul/2025:09:12:29 -0400] "GET /wp-login.php HTTP/1.1" 200 3092 "-" "Mozilla/5.0 (Windows NT 6.1; WOW64; Trident/7.0; AS; rv:11.0) like Gecko"
20.18.19.125 - - [14/Jul/2025:09:12:22 -0400] "GET /403.php HTTP/1.1" 404 23126 "-" "-"
47.82.60.3 - - [14/Jul/2025:09:12:32 -0400] "GET /57lhpgk23036.html HTTP/1.1" 301 0 "https://www.dangroup.sa/57lhpgk23036.html" "Mozilla/5.0 (Windows NT 10.0; Win64; x64) AppleWebKit/537.36 (KHTML, like Gecko) Chrome/114.0.0.0 Safari/537.36 Edg/114.0.1823.43"
139.162.24.217 - - [14/Jul/2025:09:12:35 -0400] "POST /wp-login.php HTTP/1.1" 200 3230 "-" "Mozilla/5.0 (Windows NT 6.1; WOW64; Trident/7.0; AS; rv:11.0) like Gecko"
136.243.228.194 - - [14/Jul/2025:09:12:31 -0400] "GET /items/ybsar249/8135?key=nor HTTP/1.1" 404 23126 "-" "Mozilla/5.0 (compatible; DataForSeoBot/1.0; +https://dataforseo.com/dataforseo-bot)"
20.18.19.125 - - [14/Jul/2025:09:12:35 -0400] "GET /max.php HTTP/1.1" 404 23126 "-" "-"
47.82.60.3 - - [14/Jul/2025:09:12:36 -0400] "GET /57lhpgk23036.html HTTP/1.1" 404 23128 "https://www.dangroup.sa/57lhpgk23036.html" "Mozilla/5.0 (Windows NT 10.0; Win64; x64) AppleWebKit/537.36 (KHTML, like Gecko) Chrome/114.0.0.0 Safari/537.36 Edg/114.0.1823.43"
136.243.228.194 - - [14/Jul/2025:09:12:47 -0400] "GET /191dvtz34114.html HTTP/1.1" 404 23128 "-" "Mozilla/5.0 (compatible; DataForSeoBot/1.0; +https://dataforseo.com/dataforseo-bot)"
20.18.19.125 - - [14/Jul/2025:09:12:48 -0400] "GET /m.php HTTP/1.1" 404 23126 "-" "-"
20.171.207.27 - - [14/Jul/2025:09:12:49 -0400] "GET /260xthyh34841.html HTTP/1.1" 404 23126 "-" "Mozilla/5.0 AppleWebKit/537.36 (KHTML, like Gecko; compatible; GPTBot/1.2; +https://openai.com/gptbot)"
20.18.19.125 - - [14/Jul/2025:09:12:57 -0400] "GET /post.php HTTP/1.1" 404 23126 "-" "-"
136.243.228.194 - - [14/Jul/2025:09:12:57 -0400] "GET /130mac37947.html HTTP/1.1" 404 23126 "-" "Mozilla/5.0 (compatible; DataForSeoBot/1.0; +https://dataforseo.com/dataforseo-bot)"
66.249.68.129 - - [14/Jul/2025:09:13:03 -0400] "GET /items/oblyk271/27061?key=person HTTP/1.1" 200 87177 "-" "Mozilla/5.0 (Linux; Android 6.0.1; Nexus 5X Build/MMB29P) AppleWebKit/537.36 (KHTML, like Gecko) Chrome/137.0.7151.103 Mobile Safari/537.36 (compatible; Googlebot/2.1; +http://www.google.com/bot.html)"
20.18.19.125 - - [14/Jul/2025:09:13:00 -0400] "GET /themes.php HTTP/1.1" 404 23128 "-" "-"
66.29.146.47 - - [14/Jul/2025:09:13:04 -0400] "POST /wp-cron.php?doing_wp_cron=1752498784.5998630523681640625000 HTTP/1.1" 403 1242 "-" "WordPress/6.8; https://dangroup.sa"
136.243.228.194 - - [14/Jul/2025:09:13:03 -0400] "GET /6xtvvm27887.html HTTP/1.1" 404 23126 "-" "Mozilla/5.0 (compatible; DataForSeoBot/1.0; +https://dataforseo.com/dataforseo-bot)"
20.18.19.125 - - [14/Jul/2025:09:13:05 -0400] "GET /wp-content/themes/astra/inc/ki1k.php HTTP/1.1" 404 23128 "-" "-"
20.18.19.125 - - [14/Jul/2025:09:13:12 -0400] "GET /ALFA_DATA/index.php HTTP/1.1" 301 0 "-" "-"
136.243.228.194 - - [14/Jul/2025:09:13:13 -0400] "GET /208ebswh15973.html HTTP/1.1" 404 23126 "-" "Mozilla/5.0 (compatible; DataForSeoBot/1.0; +https://dataforseo.com/dataforseo-bot)"
20.18.19.125 - - [14/Jul/2025:09:13:13 -0400] "GET /ALFA_DATA/ HTTP/1.1" 404 23126 "-" "-"
52.167.144.204 - - [14/Jul/2025:09:13:25 -0400] "GET /jprcuwa27556ecreswick HTTP/1.1" 200 17 "-" "Mozilla/5.0 AppleWebKit/537.36 (KHTML, like Gecko; compatible; bingbot/2.0; +http://www.bing.com/bingbot.htm) Chrome/116.0.1938.76 Safari/537.36"
20.18.19.125 - - [14/Jul/2025:09:13:24 -0400] "GET /wp-admin/maint/about.php HTTP/1.1" 404 23126 "-" "-"
136.243.228.194 - - [14/Jul/2025:09:13:24 -0400] "GET /46ynl10675.html HTTP/1.1" 404 23128 "-" "Mozilla/5.0 (compatible; DataForSeoBot/1.0; +https://dataforseo.com/dataforseo-bot)"
20.18.19.125 - - [14/Jul/2025:09:13:35 -0400] "GET /wp-admin/network/wp-conflg.php?p= HTTP/1.1" 301 0 "-" "-"
20.18.19.125 - - [14/Jul/2025:09:13:36 -0400] "GET /wp-admin/network/wp-conflg.php HTTP/1.1" 404 23126 "-" "-"
136.243.228.194 - - [14/Jul/2025:09:13:38 -0400] "GET /234cwoo2619.html HTTP/1.1" 404 23126 "-" "Mozilla/5.0 (compatible; DataForSeoBot/1.0; +https://dataforseo.com/dataforseo-bot)"
47.82.60.5 - - [14/Jul/2025:09:13:42 -0400] "GET /items/edgtb84/14440?key=conclude HTTP/1.1" 404 23126 "https://dangroup.sa/items/edgtb84/14440?key=conclude" "Mozilla/5.0 (Windows NT 10.0; Win64; x64) AppleWebKit/537.36 (KHTML, like Gecko) Chrome/114.0.0.0 Safari/537.36 Edg/114.0.1823.43"
20.171.207.27 - - [14/Jul/2025:09:13:50 -0400] "GET /288ytzaa43599.html HTTP/1.1" 404 23126 "-" "Mozilla/5.0 AppleWebKit/537.36 (KHTML, like Gecko; compatible; GPTBot/1.2; +https://openai.com/gptbot)"
20.18.19.125 - - [14/Jul/2025:09:13:50 -0400] "GET /click.php HTTP/1.1" 404 23126 "-" "-"
136.243.228.194 - - [14/Jul/2025:09:13:52 -0400] "GET /147njevk13534.html HTTP/1.1" 404 23126 "-" "Mozilla/5.0 (compatible; DataForSeoBot/1.0; +https://dataforseo.com/dataforseo-bot)"
20.18.19.125 - - [14/Jul/2025:09:13:58 -0400] "GET /install.php HTTP/1.1" 404 23126 "-" "-"
136.243.228.194 - - [14/Jul/2025:09:14:01 -0400] "GET /120unsc9501.html HTTP/1.1" 404 23126 "-" "Mozilla/5.0 (compatible; DataForSeoBot/1.0; +https://dataforseo.com/dataforseo-bot)"
20.18.19.125 - - [14/Jul/2025:09:14:02 -0400] "GET /lv.php HTTP/1.1" 404 23128 "-" "-"
66.29.146.47 - - [14/Jul/2025:09:14:08 -0400] "POST /wp-cron.php?doing_wp_cron=1752498848.0852000713348388671875 HTTP/1.1" 403 1242 "-" "WordPress/6.8; https://dangroup.sa"
20.18.19.125 - - [14/Jul/2025:09:14:07 -0400] "GET /simple.php HTTP/1.1" 404 23128 "-" "-"
136.243.228.194 - - [14/Jul/2025:09:14:08 -0400] "GET /items/hegiy230/7930?key=joke HTTP/1.1" 404 23126 "-" "Mozilla/5.0 (compatible; DataForSeoBot/1.0; +https://dataforseo.com/dataforseo-bot)"
101.35.56.33 - - [14/Jul/2025:09:14:20 -0400] "POST /xmlrpc.php HTTP/1.1" 403 1242 "https://dangroup.sa" "Mozilla/5.0 (Windows NT 10.0; Win64; x64) AppleWebKit/537.36 (KHTML, like Gecko) Chrome/116.0.5845.96 Safari/537.36 Edg/116.0.1938.62"
20.18.19.125 - - [14/Jul/2025:09:14:16 -0400] "GET /13k.php HTTP/1.1" 404 23126 "-" "-"
136.243.228.194 - - [14/Jul/2025:09:14:20 -0400] "GET /items/ijqyw137/19111?key=shirt HTTP/1.1" 404 23126 "-" "Mozilla/5.0 (compatible; DataForSeoBot/1.0; +https://dataforseo.com/dataforseo-bot)"
20.18.19.125 - - [14/Jul/2025:09:14:25 -0400] "GET /css.php HTTP/1.1" 404 23126 "-" "-"
136.243.228.194 - - [14/Jul/2025:09:14:31 -0400] "GET /items/nqcgh154/22242?key=grass HTTP/1.1" 404 23126 "-" "Mozilla/5.0 (compatible; DataForSeoBot/1.0; +https://dataforseo.com/dataforseo-bot)"
20.18.19.125 - - [14/Jul/2025:09:14:34 -0400] "GET /0x1949.php HTTP/1.1" 404 23126 "-" "-"
20.18.19.125 - - [14/Jul/2025:09:14:44 -0400] "GET /cong.php HTTP/1.1" 404 23126 "-" "-"
136.243.228.194 - - [14/Jul/2025:09:14:44 -0400] "GET /items/pujfx89/45795?key=frozen HTTP/1.1" 404 23126 "-" "Mozilla/5.0 (compatible; DataForSeoBot/1.0; +https://dataforseo.com/dataforseo-bot)"
20.18.19.125 - - [14/Jul/2025:09:14:50 -0400] "GET /fw.php HTTP/1.1" 404 23126 "-" "-"
20.171.207.27 - - [14/Jul/2025:09:14:51 -0400] "GET /199kyjdk34360.html HTTP/1.1" 404 23126 "-" "Mozilla/5.0 AppleWebKit/537.36 (KHTML, like Gecko; compatible; GPTBot/1.2; +https://openai.com/gptbot)"
136.243.228.194 - - [14/Jul/2025:09:14:51 -0400] "GET /206krsiv19143.html HTTP/1.1" 404 23126 "-" "Mozilla/5.0 (compatible; DataForSeoBot/1.0; +https://dataforseo.com/dataforseo-bot)"
20.18.19.125 - - [14/Jul/2025:09:14:56 -0400] "GET /bs1.php HTTP/1.1" 404 23126 "-" "-"
139.162.24.217 - - [14/Jul/2025:09:15:02 -0400] "GET /wp-login.php HTTP/1.1" 200 3092 "-" "Mozilla/5.0 (Windows NT 10.0; Win64; x64) AppleWebKit/537.36 (KHTML, like Gecko) Chrome/58.0.3029.110 Safari/537.3"
136.243.228.194 - - [14/Jul/2025:09:14:59 -0400] "GET /items/zywfr176/26380?key=changing HTTP/1.1" 404 23126 "-" "Mozilla/5.0 (compatible; DataForSeoBot/1.0; +https://dataforseo.com/dataforseo-bot)"
20.18.19.125 - - [14/Jul/2025:09:15:01 -0400] "GET /wp-includes/images/wp-login.php HTTP/1.1" 404 23126 "-" "-"
66.29.146.47 - - [14/Jul/2025:09:15:10 -0400] "POST /wp-cron.php?doing_wp_cron=1752498909.6207280158996582031250 HTTP/1.1" 403 1242 "-" "WordPress/6.8; https://dangroup.sa"
136.243.228.194 - - [14/Jul/2025:09:15:06 -0400] "GET /items/qcbwm134/16986?key=faculty HTTP/1.1" 404 23126 "-" "Mozilla/5.0 (compatible; DataForSeoBot/1.0; +https://dataforseo.com/dataforseo-bot)"
139.162.24.217 - - [14/Jul/2025:09:15:13 -0400] "POST /wp-login.php HTTP/1.1" 200 3230 "-" "Mozilla/5.0 (Windows NT 10.0; Win64; x64) AppleWebKit/537.36 (KHTML, like Gecko) Chrome/58.0.3029.110 Safari/537.3"
20.18.19.125 - - [14/Jul/2025:09:15:08 -0400] "GET /termps.php HTTP/1.1" 404 23126 "-" "-"
136.243.228.194 - - [14/Jul/2025:09:15:16 -0400] "GET /172prwo9719.html HTTP/1.1" 404 23126 "-" "Mozilla/5.0 (compatible; DataForSeoBot/1.0; +https://dataforseo.com/dataforseo-bot)"
20.18.19.125 - - [14/Jul/2025:09:15:18 -0400] "GET /brand.php HTTP/1.1" 404 23126 "-" "-"
20.18.19.125 - - [14/Jul/2025:09:15:27 -0400] "GET /goods.php HTTP/1.1" 404 23126 "-" "-"
136.243.228.194 - - [14/Jul/2025:09:15:26 -0400] "GET /items/magld76/47534?key=assault HTTP/1.1" 404 23126 "-" "Mozilla/5.0 (compatible; DataForSeoBot/1.0; +https://dataforseo.com/dataforseo-bot)"
136.243.228.194 - - [14/Jul/2025:09:15:37 -0400] "GET /items/uyaze66/39074?key=forty HTTP/1.1" 404 23126 "-" "Mozilla/5.0 (compatible; DataForSeoBot/1.0; +https://dataforseo.com/dataforseo-bot)"
20.18.19.125 - - [14/Jul/2025:09:15:36 -0400] "GET /atomlib.php HTTP/1.1" 404 23128 "-" "-"
139.162.24.217 - - [14/Jul/2025:09:15:48 -0400] "GET /wp-login.php HTTP/1.1" 200 3092 "-" "Mozilla/5.0 (Macintosh; Intel Mac OS X 10_11_5) AppleWebKit/537.36 (KHTML, like Gecko) Chrome/50.0.2661.102 Safari/537.36"
20.18.19.125 - - [14/Jul/2025:09:15:45 -0400] "GET /w.php HTTP/1.1" 404 23126 "-" "-"
136.243.228.194 - - [14/Jul/2025:09:15:46 -0400] "GET /83slp47326.html HTTP/1.1" 404 23126 "-" "Mozilla/5.0 (compatible; DataForSeoBot/1.0; +https://dataforseo.com/dataforseo-bot)"
69.197.182.50 - - [14/Jul/2025:09:15:55 -0400] "GET /wp-content/install.php HTTP/1.1" 200 10 "https://dangroup.sa/wp-content/install.php" "Mozilla/5.0 (Windows NT 10.0; Win64; x64) AppleWebKit/537.36 (KHTML, like Gecko) Chrome/58.0.3029.110 Safari/537.3"
139.162.24.217 - - [14/Jul/2025:09:15:55 -0400] "POST /wp-login.php HTTP/1.1" 200 3230 "-" "Mozilla/5.0 (Macintosh; Intel Mac OS X 10_11_5) AppleWebKit/537.36 (KHTML, like Gecko) Chrome/50.0.2661.102 Safari/537.36"
20.18.19.125 - - [14/Jul/2025:09:15:55 -0400] "GET /404.php?fm=true HTTP/1.1" 404 23126 "-" "-"
20.171.207.27 - - [14/Jul/2025:09:15:55 -0400] "GET /171oczul10304.html HTTP/1.1" 404 23126 "-" "Mozilla/5.0 AppleWebKit/537.36 (KHTML, like Gecko; compatible; GPTBot/1.2; +https://openai.com/gptbot)"
