136.243.228.194 - - [14/Jul/2025:13:27:26 -0400] "GET /30nzgl23205.html HTTP/1.1" 404 23126 "-" "Mozilla/5.0 (compatible; DataForSeoBot/1.0; +https://dataforseo.com/dataforseo-bot)"
40.127.130.21 - - [14/Jul/2025:13:27:28 -0400] "GET /404.php HTTP/1.1" 404 23128 "-" "-"
20.171.207.27 - - [14/Jul/2025:13:27:37 -0400] "GET /107dgads26924.html HTTP/1.1" 404 23126 "-" "Mozilla/5.0 AppleWebKit/537.36 (KHTML, like Gecko; compatible; GPTBot/1.2; +https://openai.com/gptbot)"
40.127.130.21 - - [14/Jul/2025:13:27:42 -0400] "GET /article.php HTTP/1.1" 404 23126 "-" "-"
136.243.228.194 - - [14/Jul/2025:13:27:43 -0400] "GET /18kquv28337.html HTTP/1.1" 404 23126 "-" "Mozilla/5.0 (compatible; DataForSeoBot/1.0; +https://dataforseo.com/dataforseo-bot)"
40.127.130.21 - - [14/Jul/2025:13:27:55 -0400] "GET /wp-content/product.php HTTP/1.1" 404 23126 "-" "-"
136.243.228.194 - - [14/Jul/2025:13:27:58 -0400] "GET /39ryv33072.html HTTP/1.1" 404 23126 "-" "Mozilla/5.0 (compatible; DataForSeoBot/1.0; +https://dataforseo.com/dataforseo-bot)"
66.29.146.47 - - [14/Jul/2025:13:28:12 -0400] "POST /wp-cron.php?doing_wp_cron=1752514092.0779340267181396484375 HTTP/1.1" 403 1242 "-" "WordPress/6.8; https://dangroup.sa"
40.127.130.21 - - [14/Jul/2025:13:28:04 -0400] "GET /wp-content/function.php HTTP/1.1" 404 23128 "-" "-"
136.243.228.194 - - [14/Jul/2025:13:28:09 -0400] "GET /items/gdjdv94/24760?key=offer HTTP/1.1" 404 23126 "-" "Mozilla/5.0 (compatible; DataForSeoBot/1.0; +https://dataforseo.com/dataforseo-bot)"
40.127.130.21 - - [14/Jul/2025:13:28:14 -0400] "GET /0x.php HTTP/1.1" 404 23126 "-" "-"
40.127.130.21 - - [14/Jul/2025:13:28:20 -0400] "GET /css.php HTTP/1.1" 404 23126 "-" "-"
136.243.228.194 - - [14/Jul/2025:13:28:21 -0400] "GET /items/ypkyr270/918?key=regret HTTP/1.1" 404 23126 "-" "Mozilla/5.0 (compatible; DataForSeoBot/1.0; +https://dataforseo.com/dataforseo-bot)"
40.127.130.21 - - [14/Jul/2025:13:28:25 -0400] "GET /modules/mod_simplefileuploadv1.3/elements/filemanager.php?p= HTTP/1.1" 301 0 "-" "-"
40.127.130.21 - - [14/Jul/2025:13:28:26 -0400] "GET /modules/mod_simplefileuploadv1.3/elements/filemanager.php HTTP/1.1" 404 23126 "-" "-"
40.127.130.21 - - [14/Jul/2025:13:28:30 -0400] "GET /wp-content/index.php HTTP/1.1" 200 0 "-" "-"
136.243.228.194 - - [14/Jul/2025:13:28:28 -0400] "GET /296abmok43493.html HTTP/1.1" 404 23126 "-" "Mozilla/5.0 (compatible; DataForSeoBot/1.0; +https://dataforseo.com/dataforseo-bot)"
139.162.24.217 - - [14/Jul/2025:13:28:33 -0400] "GET /wp-login.php HTTP/1.1" 200 3092 "-" "Mozilla/5.0 (Windows NT 6.3; WOW64; rv:40.0) Gecko/20100101 Firefox/40.0"
40.127.130.21 - - [14/Jul/2025:13:28:30 -0400] "GET /1.php HTTP/1.1" 404 23128 "-" "-"
139.162.24.217 - - [14/Jul/2025:13:28:36 -0400] "POST /wp-login.php HTTP/1.1" 200 3230 "-" "Mozilla/5.0 (Windows NT 6.3; WOW64; rv:40.0) Gecko/20100101 Firefox/40.0"
20.171.207.27 - - [14/Jul/2025:13:28:32 -0400] "GET /131wpaob53682.html HTTP/1.1" 404 23127 "-" "Mozilla/5.0 AppleWebKit/537.36 (KHTML, like Gecko; compatible; GPTBot/1.2; +https://openai.com/gptbot)"
136.243.228.194 - - [14/Jul/2025:13:28:34 -0400] "GET /240ijit27063.html HTTP/1.1" 404 23128 "-" "Mozilla/5.0 (compatible; DataForSeoBot/1.0; +https://dataforseo.com/dataforseo-bot)"
40.127.130.21 - - [14/Jul/2025:13:28:36 -0400] "GET /admin.php HTTP/1.1" 404 23126 "-" "-"
2a0a:4cc0:100:349:18cc:41ff:fea9:aea2 - - [14/Jul/2025:13:28:54 -0400] "POST /xmlrpc.php HTTP/1.1" 403 1242 "https://dangroup.sa" "Mozilla/5.0 (Windows NT 10.0; Win64; x64) AppleWebKit/537.36 (KHTML, like Gecko) Chrome/114.0.5735.134 Safari/537.36"
136.243.228.194 - - [14/Jul/2025:13:28:46 -0400] "GET /27jxfkf28374.html HTTP/1.1" 404 23126 "-" "Mozilla/5.0 (compatible; DataForSeoBot/1.0; +https://dataforseo.com/dataforseo-bot)"
40.127.130.21 - - [14/Jul/2025:13:28:45 -0400] "GET /wp-admin/maint/maint.php HTTP/1.1" 404 23126 "-" "-"
40.127.130.21 - - [14/Jul/2025:13:28:57 -0400] "GET /classwithtostring.php HTTP/1.1" 404 23126 "-" "-"
136.243.228.194 - - [14/Jul/2025:13:28:58 -0400] "GET /122sfw56823.html HTTP/1.1" 404 23126 "-" "Mozilla/5.0 (compatible; DataForSeoBot/1.0; +https://dataforseo.com/dataforseo-bot)"
40.127.130.21 - - [14/Jul/2025:13:29:05 -0400] "GET /dropdown.php HTTP/1.1" 404 23126 "-" "-"
66.29.146.47 - - [14/Jul/2025:13:29:14 -0400] "POST /wp-cron.php?doing_wp_cron=1752514154.2975549697875976562500 HTTP/1.1" 403 1242 "-" "WordPress/6.8; https://dangroup.sa"
139.162.24.217 - - [14/Jul/2025:13:29:12 -0400] "GET /wp-login.php HTTP/1.1" 200 3092 "-" "Mozilla/5.0 (Windows NT 6.3; WOW64; rv:40.0) Gecko/20100101 Firefox/40.0"
136.243.228.194 - - [14/Jul/2025:13:29:09 -0400] "GET /items/hgiwy50/41348?key=friendship HTTP/1.1" 404 23126 "-" "Mozilla/5.0 (compatible; DataForSeoBot/1.0; +https://dataforseo.com/dataforseo-bot)"
40.127.130.21 - - [14/Jul/2025:13:29:14 -0400] "GET /moon.php HTTP/1.1" 404 23126 "-" "-"
139.162.24.217 - - [14/Jul/2025:13:29:19 -0400] "POST /wp-login.php HTTP/1.1" 200 3230 "-" "Mozilla/5.0 (Windows NT 6.3; WOW64; rv:40.0) Gecko/20100101 Firefox/40.0"
136.243.228.194 - - [14/Jul/2025:13:29:18 -0400] "GET /items/uuwrf181/1591?key=sunlight HTTP/1.1" 404 23128 "-" "Mozilla/5.0 (compatible; DataForSeoBot/1.0; +https://dataforseo.com/dataforseo-bot)"
40.127.130.21 - - [14/Jul/2025:13:29:24 -0400] "GET /0x.php HTTP/1.1" 404 23128 "-" "-"
40.127.130.21 - - [14/Jul/2025:13:29:37 -0400] "GET /moon.php?p= HTTP/1.1" 301 0 "-" "-"
20.171.207.27 - - [14/Jul/2025:13:29:30 -0400] "GET /178ywzfj38061.html HTTP/1.1" 404 23128 "-" "Mozilla/5.0 AppleWebKit/537.36 (KHTML, like Gecko; compatible; GPTBot/1.2; +https://openai.com/gptbot)"
136.243.228.194 - - [14/Jul/2025:13:29:32 -0400] "GET /items/ztcda106/20732?key=apartment HTTP/1.1" 404 23126 "-" "Mozilla/5.0 (compatible; DataForSeoBot/1.0; +https://dataforseo.com/dataforseo-bot)"
40.127.130.21 - - [14/Jul/2025:13:29:40 -0400] "GET /moon.php HTTP/1.1" 404 23309 "-" "-"
40.127.130.21 - - [14/Jul/2025:13:29:52 -0400] "GET /autoload_classmap.php?p= HTTP/1.1" 301 0 "-" "-"
136.243.228.194 - - [14/Jul/2025:13:29:47 -0400] "GET /items/chkjt242/26524?key=side HTTP/1.1" 404 23126 "-" "Mozilla/5.0 (compatible; DataForSeoBot/1.0; +https://dataforseo.com/dataforseo-bot)"
139.162.24.217 - - [14/Jul/2025:13:29:57 -0400] "GET /wp-login.php HTTP/1.1" 200 3092 "-" "Mozilla/5.0 (Macintosh; Intel Mac OS X 10_11_5) AppleWebKit/537.36 (KHTML, like Gecko) Chrome/50.0.2661.102 Safari/537.36"
40.127.130.21 - - [14/Jul/2025:13:29:54 -0400] "GET /autoload_classmap.php HTTP/1.1" 404 23126 "-" "-"
40.127.130.21 - - [14/Jul/2025:13:30:00 -0400] "GET /inputs.php HTTP/1.1" 404 23126 "-" "-"
136.243.228.194 - - [14/Jul/2025:13:30:00 -0400] "GET /items/odwsd125/42583?key=stereotype HTTP/1.1" 404 23126 "-" "Mozilla/5.0 (compatible; DataForSeoBot/1.0; +https://dataforseo.com/dataforseo-bot)"
139.162.24.217 - - [14/Jul/2025:13:30:06 -0400] "POST /wp-login.php HTTP/1.1" 200 3230 "-" "Mozilla/5.0 (Macintosh; Intel Mac OS X 10_11_5) AppleWebKit/537.36 (KHTML, like Gecko) Chrome/50.0.2661.102 Safari/537.36"
40.127.130.21 - - [14/Jul/2025:13:30:08 -0400] "GET /default.php HTTP/1.1" 404 23126 "-" "-"
136.243.228.194 - - [14/Jul/2025:13:30:10 -0400] "GET /items/olskb233/15023?key=counter HTTP/1.1" 404 23126 "-" "Mozilla/5.0 (compatible; DataForSeoBot/1.0; +https://dataforseo.com/dataforseo-bot)"
47.82.60.11 - - [14/Jul/2025:13:30:17 -0400] "GET /items/prbwd46/39602?key=crawl HTTP/1.1" 301 0 "https://www.dangroup.sa/items/prbwd46/39602?key=crawl" "Mozilla/5.0 (Windows NT 10.0; Win64; x64) AppleWebKit/537.36 (KHTML, like Gecko) Chrome/114.0.0.0 Safari/537.36 Edg/114.0.1823.43"
40.127.130.21 - - [14/Jul/2025:13:30:18 -0400] "GET /fm.php?p= HTTP/1.1" 301 0 "-" "-"
136.243.228.194 - - [14/Jul/2025:13:30:19 -0400] "GET /items/ncsut59/20433?key=hard HTTP/1.1" 404 23126 "-" "Mozilla/5.0 (compatible; DataForSeoBot/1.0; +https://dataforseo.com/dataforseo-bot)"
40.127.130.21 - - [14/Jul/2025:13:30:22 -0400] "GET /fm.php HTTP/1.1" 200 0 "-" "-"
47.82.60.11 - - [14/Jul/2025:13:30:21 -0400] "GET /items/prbwd46/39602?key=crawl HTTP/1.1" 404 23126 "https://www.dangroup.sa/items/prbwd46/39602?key=crawl" "Mozilla/5.0 (Windows NT 10.0; Win64; x64) AppleWebKit/537.36 (KHTML, like Gecko) Chrome/114.0.0.0 Safari/537.36 Edg/114.0.1823.43"
20.171.207.27 - - [14/Jul/2025:13:30:25 -0400] "GET /167iacov35496.html HTTP/1.1" 404 23126 "-" "Mozilla/5.0 AppleWebKit/537.36 (KHTML, like Gecko; compatible; GPTBot/1.2; +https://openai.com/gptbot)"
136.243.228.194 - - [14/Jul/2025:13:30:29 -0400] "GET /items/mlizg5/41069?key=tune HTTP/1.1" 404 23126 "-" "Mozilla/5.0 (compatible; DataForSeoBot/1.0; +https://dataforseo.com/dataforseo-bot)"
40.127.130.21 - - [14/Jul/2025:13:30:32 -0400] "GET /fm.php?fm=true HTTP/1.1" 404 23126 "-" "-"
139.162.24.217 - - [14/Jul/2025:13:30:43 -0400] "GET /wp-login.php HTTP/1.1" 200 3092 "-" "Mozilla/5.0 (Windows NT 6.1; WOW64; Trident/7.0; AS; rv:11.0) like Gecko"
47.82.60.38 - - [14/Jul/2025:13:30:45 -0400] "GET /pcmypage?callback=product/review/iestore-lgb51322xg1 HTTP/1.1" 301 0 "https://www.dangroup.sa/pcmypage?callback=product/review/iestore-lgb51322xg1" "Mozilla/5.0 (Windows NT 10.0; Win64; x64) AppleWebKit/537.36 (KHTML, like Gecko) Chrome/114.0.0.0 Safari/537.36 Edg/114.0.1823.43"
136.243.228.194 - - [14/Jul/2025:13:30:43 -0400] "GET /items/nfdho79/54217?key=coffee HTTP/1.1" 404 23126 "-" "Mozilla/5.0 (compatible; DataForSeoBot/1.0; +https://dataforseo.com/dataforseo-bot)"
139.162.24.217 - - [14/Jul/2025:13:30:51 -0400] "POST /wp-login.php HTTP/1.1" 200 3230 "-" "Mozilla/5.0 (Windows NT 6.1; WOW64; Trident/7.0; AS; rv:11.0) like Gecko"
40.127.130.21 - - [14/Jul/2025:13:30:44 -0400] "GET /about.php HTTP/1.1" 404 23126 "-" "-"
47.82.60.38 - - [14/Jul/2025:13:30:48 -0400] "GET /pcmypage?callback=product/review/iestore-lgb51322xg1 HTTP/1.1" 404 23126 "https://www.dangroup.sa/pcmypage?callback=product/review/iestore-lgb51322xg1" "Mozilla/5.0 (Windows NT 10.0; Win64; x64) AppleWebKit/537.36 (KHTML, like Gecko) Chrome/114.0.0.0 Safari/537.36 Edg/114.0.1823.43"
47.82.60.16 - - [14/Jul/2025:13:31:00 -0400] "GET /pcmypage?callback=product/detail/casting-4960652027434 HTTP/1.1" 301 0 "https://www.dangroup.sa/pcmypage?callback=product%2Fdetail%2Fcasting-4960652027434" "Mozilla/5.0 (Windows NT 10.0; Win64; x64) AppleWebKit/537.36 (KHTML, like Gecko) Chrome/114.0.0.0 Safari/537.36 Edg/114.0.1823.43"
136.243.228.194 - - [14/Jul/2025:13:30:54 -0400] "GET /items/wcbvt178/13298?key=impossible HTTP/1.1" 404 23126 "-" "Mozilla/5.0 (compatible; DataForSeoBot/1.0; +https://dataforseo.com/dataforseo-bot)"
40.127.130.21 - - [14/Jul/2025:13:30:56 -0400] "GET /file.php? HTTP/1.1" 200 0 "-" "-"
47.82.60.34 - - [14/Jul/2025:13:31:04 -0400] "GET /category/1610_6658_22676/1/listing HTTP/1.1" 404 23126 "https://dangroup.sa/category/1610_6658_22676/1/listing" "Mozilla/5.0 (Windows NT 10.0; Win64; x64) AppleWebKit/537.36 (KHTML, like Gecko) Chrome/114.0.0.0 Safari/537.36 Edg/114.0.1823.43"
66.29.146.47 - - [14/Jul/2025:13:31:22 -0400] "POST /wp-cron.php?doing_wp_cron=1752514281.4825119972229003906250 HTTP/1.1" 403 1242 "-" "WordPress/6.8; https://dangroup.sa"
47.82.60.21 - - [14/Jul/2025:13:31:17 -0400] "GET /pcmypage?callback=product/detail/woodnet-ii-0090japan-141-141 HTTP/1.1" 301 0 "https://www.dangroup.sa/pcmypage?callback=product%2Fdetail%2Fwoodnet-ii-0090japan-141-141" "Mozilla/5.0 (Windows NT 10.0; Win64; x64) AppleWebKit/537.36 (KHTML, like Gecko) Chrome/114.0.0.0 Safari/537.36 Edg/114.0.1823.43"
47.82.60.36 - - [14/Jul/2025:13:31:04 -0400] "GET /items/ifblv295/21027?key=resume HTTP/1.1" 404 23128 "https://dangroup.sa/items/ifblv295/21027?key=resume" "Mozilla/5.0 (Windows NT 10.0; Win64; x64) AppleWebKit/537.36 (KHTML, like Gecko) Chrome/114.0.0.0 Safari/537.36 Edg/114.0.1823.43"
47.82.60.16 - - [14/Jul/2025:13:31:04 -0400] "GET /pcmypage?callback=product/detail/casting-4960652027434 HTTP/1.1" 404 23126 "https://www.dangroup.sa/pcmypage?callback=product%2Fdetail%2Fcasting-4960652027434" "Mozilla/5.0 (Windows NT 10.0; Win64; x64) AppleWebKit/537.36 (KHTML, like Gecko) Chrome/114.0.0.0 Safari/537.36 Edg/114.0.1823.43"
66.29.146.47 - - [14/Jul/2025:13:31:25 -0400] "POST /wp-cron.php?doing_wp_cron=1752514285.6220059394836425781250 HTTP/1.1" 403 1242 "-" "WordPress/6.8; https://dangroup.sa"
40.127.130.21 - - [14/Jul/2025:13:31:11 -0400] "GET /alfa.php HTTP/1.1" 200 0 "-" "-"
136.243.228.194 - - [14/Jul/2025:13:31:09 -0400] "GET /28ptqzj12795.html HTTP/1.1" 404 23126 "-" "Mozilla/5.0 (compatible; DataForSeoBot/1.0; +https://dataforseo.com/dataforseo-bot)"
139.162.24.217 - - [14/Jul/2025:13:31:27 -0400] "GET /wp-login.php HTTP/1.1" 200 3092 "-" "Mozilla/5.0 (Macintosh; Intel Mac OS X 10_11_5) AppleWebKit/537.36 (KHTML, like Gecko) Chrome/50.0.2661.102 Safari/537.36"
47.82.60.10 - - [14/Jul/2025:13:31:33 -0400] "GET /items/bjdrz1/2771?key=with HTTP/1.1" 301 0 "https://www.dangroup.sa/items/bjdrz1/2771?key=with" "Mozilla/5.0 (Windows NT 10.0; Win64; x64) AppleWebKit/537.36 (KHTML, like Gecko) Chrome/114.0.0.0 Safari/537.36 Edg/114.0.1823.43"
40.127.130.21 - - [14/Jul/2025:13:31:26 -0400] "GET /buy.php HTTP/1.1" 200 0 "-" "-"
139.162.24.217 - - [14/Jul/2025:13:31:36 -0400] "POST /wp-login.php HTTP/1.1" 200 3272 "-" "Mozilla/5.0 (Macintosh; Intel Mac OS X 10_11_5) AppleWebKit/537.36 (KHTML, like Gecko) Chrome/50.0.2661.102 Safari/537.36"
47.82.60.8 - - [14/Jul/2025:13:31:20 -0400] "GET /items/yysbt189/36877?key=nasty HTTP/1.1" 404 23128 "https://dangroup.sa/items/yysbt189/36877?key=nasty" "Mozilla/5.0 (Windows NT 10.0; Win64; x64) AppleWebKit/537.36 (KHTML, like Gecko) Chrome/114.0.0.0 Safari/537.36 Edg/114.0.1823.43"
40.127.130.21 - - [14/Jul/2025:13:31:42 -0400] "GET /themes/twentytwentytwo/index.php HTTP/1.1" 301 0 "-" "-"
20.171.207.27 - - [14/Jul/2025:13:31:22 -0400] "GET /151fixqy29318.html HTTP/1.1" 404 23126 "-" "Mozilla/5.0 AppleWebKit/537.36 (KHTML, like Gecko; compatible; GPTBot/1.2; +https://openai.com/gptbot)"
47.82.60.21 - - [14/Jul/2025:13:31:24 -0400] "GET /pcmypage?callback=product/detail/woodnet-ii-0090japan-141-141 HTTP/1.1" 404 23126 "https://www.dangroup.sa/pcmypage?callback=product%2Fdetail%2Fwoodnet-ii-0090japan-141-141" "Mozilla/5.0 (Windows NT 10.0; Win64; x64) AppleWebKit/537.36 (KHTML, like Gecko) Chrome/114.0.0.0 Safari/537.36 Edg/114.0.1823.43"
47.82.60.20 - - [14/Jul/2025:13:31:24 -0400] "GET /252rgqc33813.html HTTP/1.1" 404 23126 "https://dangroup.sa/252rgqc33813.html" "Mozilla/5.0 (Windows NT 10.0; Win64; x64) AppleWebKit/537.36 (KHTML, like Gecko) Chrome/114.0.0.0 Safari/537.36 Edg/114.0.1823.43"
40.127.130.21 - - [14/Jul/2025:13:31:48 -0400] "GET /themes/twentytwentytwo/ HTTP/1.1" 200 0 "-" "-"
136.243.228.194 - - [14/Jul/2025:13:31:33 -0400] "GET /items/ejuaf75/32459?key=one-third HTTP/1.1" 404 23126 "-" "Mozilla/5.0 (compatible; DataForSeoBot/1.0; +https://dataforseo.com/dataforseo-bot)"
40.127.130.21 - - [14/Jul/2025:13:31:57 -0400] "GET /wp-admin/js/wp-conflg.php?p= HTTP/1.1" 301 0 "-" "-"
47.82.60.10 - - [14/Jul/2025:13:31:41 -0400] "GET /items/bjdrz1/2771?key=with HTTP/1.1" 404 23126 "https://www.dangroup.sa/items/bjdrz1/2771?key=with" "Mozilla/5.0 (Windows NT 10.0; Win64; x64) AppleWebKit/537.36 (KHTML, like Gecko) Chrome/114.0.0.0 Safari/537.36 Edg/114.0.1823.43"
40.127.130.21 - - [14/Jul/2025:13:31:59 -0400] "GET /wp-admin/js/wp-conflg.php HTTP/1.1" 404 23126 "-" "-"
136.243.228.194 - - [14/Jul/2025:13:31:58 -0400] "GET /18ykbvc30699.html HTTP/1.1" 404 23126 "-" "Mozilla/5.0 (compatible; DataForSeoBot/1.0; +https://dataforseo.com/dataforseo-bot)"
40.127.130.21 - - [14/Jul/2025:13:32:10 -0400] "GET /wp-admin/wp-conflg.php?p= HTTP/1.1" 301 0 "-" "-"
139.162.24.217 - - [14/Jul/2025:13:32:15 -0400] "GET /wp-login.php HTTP/1.1" 200 3092 "-" "Mozilla/5.0 (Macintosh; Intel Mac OS X 10_11_5) AppleWebKit/537.36 (KHTML, like Gecko) Chrome/50.0.2661.102 Safari/537.36"
40.127.130.21 - - [14/Jul/2025:13:32:12 -0400] "GET /wp-admin/wp-conflg.php HTTP/1.1" 404 23126 "-" "-"
136.243.228.194 - - [14/Jul/2025:13:32:12 -0400] "GET /items/bbhxf87/37487?key=teaching HTTP/1.1" 404 23126 "-" "Mozilla/5.0 (compatible; DataForSeoBot/1.0; +https://dataforseo.com/dataforseo-bot)"
40.127.130.21 - - [14/Jul/2025:13:32:21 -0400] "GET /wp-admin/css/wp-conflg.php?p= HTTP/1.1" 301 0 "-" "-"
66.29.146.47 - - [14/Jul/2025:13:32:26 -0400] "POST /wp-cron.php?doing_wp_cron=1752514346.1787750720977783203125 HTTP/1.1" 403 1242 "-" "WordPress/6.8; https://dangroup.sa"
66.29.146.47 - - [14/Jul/2025:13:32:27 -0400] "POST /wp-cron.php?doing_wp_cron=1752514346.5845279693603515625000 HTTP/1.1" 403 1242 "-" "WordPress/6.8; https://dangroup.sa"
66.29.146.47 - - [14/Jul/2025:13:32:27 -0400] "POST /wp-cron.php?doing_wp_cron=1752514347.2867789268493652343750 HTTP/1.1" 403 1242 "-" "WordPress/6.8; https://dangroup.sa"
139.162.24.217 - - [14/Jul/2025:13:32:23 -0400] "POST /wp-login.php HTTP/1.1" 200 3230 "-" "Mozilla/5.0 (Macintosh; Intel Mac OS X 10_11_5) AppleWebKit/537.36 (KHTML, like Gecko) Chrome/50.0.2661.102 Safari/537.36"
20.171.207.27 - - [14/Jul/2025:13:32:17 -0400] "GET /140utpyo11753.html HTTP/1.1" 404 23127 "-" "Mozilla/5.0 AppleWebKit/537.36 (KHTML, like Gecko; compatible; GPTBot/1.2; +https://openai.com/gptbot)"
40.127.130.21 - - [14/Jul/2025:13:32:23 -0400] "GET /wp-admin/css/wp-conflg.php HTTP/1.1" 200 0 "-" "-"
40.127.130.21 - - [14/Jul/2025:13:32:37 -0400] "GET /manager.php?p= HTTP/1.1" 301 0 "-" "-"
136.243.228.194 - - [14/Jul/2025:13:32:22 -0400] "GET /items/dwcyc230/25298?key=deadline HTTP/1.1" 404 23126 "-" "Mozilla/5.0 (compatible; DataForSeoBot/1.0; +https://dataforseo.com/dataforseo-bot)"
40.127.130.21 - - [14/Jul/2025:13:32:40 -0400] "GET /manager.php HTTP/1.1" 200 0 "-" "-"
136.243.228.194 - - [14/Jul/2025:13:32:42 -0400] "GET /items/ogxva17/43183?key=weather HTTP/1.1" 404 23128 "-" "Mozilla/5.0 (compatible; DataForSeoBot/1.0; +https://dataforseo.com/dataforseo-bot)"
40.127.130.21 - - [14/Jul/2025:13:32:51 -0400] "GET /js/fm.php HTTP/1.1" 404 23126 "-" "-"
136.243.228.194 - - [14/Jul/2025:13:32:56 -0400] "GET /items/fezqu164/34262?key=concentrate HTTP/1.1" 404 23126 "-" "Mozilla/5.0 (compatible; DataForSeoBot/1.0; +https://dataforseo.com/dataforseo-bot)"
40.127.130.21 - - [14/Jul/2025:13:32:58 -0400] "GET /item.php HTTP/1.1" 404 23126 "-" "-"
208.110.64.178 - - [14/Jul/2025:13:33:08 -0400] "GET /wp-content/install.php HTTP/1.1" 200 10 "https://dangroup.sa/wp-content/install.php" "Mozilla/5.0 (Windows NT 10.0; Win64; x64) AppleWebKit/537.36 (KHTML, like Gecko) Chrome/58.0.3029.110 Safari/537.3"
136.243.228.194 - - [14/Jul/2025:13:33:03 -0400] "GET /190kis14385.html HTTP/1.1" 404 23126 "-" "Mozilla/5.0 (compatible; DataForSeoBot/1.0; +https://dataforseo.com/dataforseo-bot)"
40.127.130.21 - - [14/Jul/2025:13:33:08 -0400] "GET /plugins/Cache/footer.php HTTP/1.1" 404 23128 "-" "-"
20.171.207.27 - - [14/Jul/2025:13:33:11 -0400] "GET /274jjfgk26415.html HTTP/1.1" 404 23126 "-" "Mozilla/5.0 AppleWebKit/537.36 (KHTML, like Gecko; compatible; GPTBot/1.2; +https://openai.com/gptbot)"
40.127.130.21 - - [14/Jul/2025:13:33:18 -0400] "GET /404.php HTTP/1.1" 404 23126 "-" "-"
136.243.228.194 - - [14/Jul/2025:13:33:16 -0400] "GET /231rkk45688.html HTTP/1.1" 404 23128 "-" "Mozilla/5.0 (compatible; DataForSeoBot/1.0; +https://dataforseo.com/dataforseo-bot)"
66.29.146.47 - - [14/Jul/2025:13:33:28 -0400] "POST /wp-cron.php?doing_wp_cron=1752514408.2017629146575927734375 HTTP/1.1" 403 1242 "-" "WordPress/6.8; https://dangroup.sa"
40.127.130.21 - - [14/Jul/2025:13:33:27 -0400] "GET /mail.php HTTP/1.1" 404 23126 "-" "-"
40.127.130.21 - - [14/Jul/2025:13:33:38 -0400] "GET /wp-content/plugins/index.php HTTP/1.1" 200 0 "-" "-"
136.243.228.194 - - [14/Jul/2025:13:33:28 -0400] "GET /items/dswou89/24885?key=writer HTTP/1.1" 404 23126 "-" "Mozilla/5.0 (compatible; DataForSeoBot/1.0; +https://dataforseo.com/dataforseo-bot)"
40.127.130.21 - - [14/Jul/2025:13:33:38 -0400] "GET /sx.php HTTP/1.1" 404 23128 "-" "-"
136.243.228.194 - - [14/Jul/2025:13:33:40 -0400] "GET /98bild35795.html HTTP/1.1" 404 23128 "-" "Mozilla/5.0 (compatible; DataForSeoBot/1.0; +https://dataforseo.com/dataforseo-bot)"
40.127.130.21 - - [14/Jul/2025:13:33:48 -0400] "GET /wp-admin/maint/admin.php HTTP/1.1" 404 23126 "-" "-"
139.162.24.217 - - [14/Jul/2025:13:33:55 -0400] "GET /wp-login.php HTTP/1.1" 200 3092 "-" "Mozilla/5.0 (Windows NT 10.0; Win64; x64) AppleWebKit/537.36 (KHTML, like Gecko) Chrome/58.0.3029.110 Safari/537.3"
136.243.228.194 - - [14/Jul/2025:13:33:51 -0400] "GET /138wqran43183.html HTTP/1.1" 404 23126 "-" "Mozilla/5.0 (compatible; DataForSeoBot/1.0; +https://dataforseo.com/dataforseo-bot)"
139.162.24.217 - - [14/Jul/2025:13:33:57 -0400] "POST /wp-login.php HTTP/1.1" 200 3230 "-" "Mozilla/5.0 (Windows NT 10.0; Win64; x64) AppleWebKit/537.36 (KHTML, like Gecko) Chrome/58.0.3029.110 Safari/537.3"
40.127.130.21 - - [14/Jul/2025:13:33:55 -0400] "GET /article.php HTTP/1.1" 404 23126 "-" "-"
136.243.228.194 - - [14/Jul/2025:13:33:59 -0400] "GET /300sdrvl1269.html HTTP/1.1" 404 23126 "-" "Mozilla/5.0 (compatible; DataForSeoBot/1.0; +https://dataforseo.com/dataforseo-bot)"
40.127.130.21 - - [14/Jul/2025:13:34:00 -0400] "GET /alfa.php HTTP/1.1" 404 23126 "-" "-"
137.184.145.14 - - [14/Jul/2025:13:34:15 -0400] "GET /xmlrpc.php HTTP/1.1" 403 1242 "https://danevnt.com/xmlrpc.php" "Mozilla/5.0 (X11; Ubuntu; Linux x86_64; rv:85.0) Gecko/20100101 Firefox/91.0"
40.127.130.21 - - [14/Jul/2025:13:34:07 -0400] "GET /1.php HTTP/1.1" 404 23126 "-" "-"
136.243.228.194 - - [14/Jul/2025:13:34:07 -0400] "GET /items/etldq279/10465?key=metaphor HTTP/1.1" 404 23126 "-" "Mozilla/5.0 (compatible; DataForSeoBot/1.0; +https://dataforseo.com/dataforseo-bot)"
20.171.207.27 - - [14/Jul/2025:13:34:08 -0400] "GET /250udcrg22699.html HTTP/1.1" 404 23126 "-" "Mozilla/5.0 AppleWebKit/537.36 (KHTML, like Gecko; compatible; GPTBot/1.2; +https://openai.com/gptbot)"
40.127.130.21 - - [14/Jul/2025:13:34:17 -0400] "GET /403.php HTTP/1.1" 404 23128 "-" "-"
136.243.228.194 - - [14/Jul/2025:13:34:20 -0400] "GET /44bxmm23837.html HTTP/1.1" 404 23128 "-" "Mozilla/5.0 (compatible; DataForSeoBot/1.0; +https://dataforseo.com/dataforseo-bot)"
66.29.146.47 - - [14/Jul/2025:13:34:33 -0400] "POST /wp-cron.php?doing_wp_cron=1752514473.6944251060485839843750 HTTP/1.1" 403 1242 "-" "WordPress/6.8; https://dangroup.sa"
40.127.130.21 - - [14/Jul/2025:13:34:31 -0400] "GET /link.php HTTP/1.1" 404 23126 "-" "-"
136.243.228.194 - - [14/Jul/2025:13:34:35 -0400] "GET /items/asyfp62/33908?key=terrible HTTP/1.1" 404 23126 "-" "Mozilla/5.0 (compatible; DataForSeoBot/1.0; +https://dataforseo.com/dataforseo-bot)"
139.162.24.217 - - [14/Jul/2025:13:34:51 -0400] "GET /wp-login.php HTTP/1.1" 200 3127 "-" "Mozilla/5.0 (Windows NT 6.1; WOW64; Trident/7.0; AS; rv:11.0) like Gecko"
40.127.130.21 - - [14/Jul/2025:13:34:41 -0400] "GET /byp.php HTTP/1.1" 404 23126 "-" "-"
136.243.228.194 - - [14/Jul/2025:13:34:48 -0400] "GET /items/njqsu19/35755?key=helmet HTTP/1.1" 404 23126 "-" "Mozilla/5.0 (compatible; DataForSeoBot/1.0; +https://dataforseo.com/dataforseo-bot)"
139.162.24.217 - - [14/Jul/2025:13:34:57 -0400] "POST /wp-login.php HTTP/1.1" 200 3230 "-" "Mozilla/5.0 (Windows NT 6.1; WOW64; Trident/7.0; AS; rv:11.0) like Gecko"
40.127.130.21 - - [14/Jul/2025:13:34:54 -0400] "GET /bak.php HTTP/1.1" 404 23126 "-" "-"
136.243.228.194 - - [14/Jul/2025:13:34:59 -0400] "GET /35xjuk4404.html HTTP/1.1" 404 23126 "-" "Mozilla/5.0 (compatible; DataForSeoBot/1.0; +https://dataforseo.com/dataforseo-bot)"
20.171.207.27 - - [14/Jul/2025:13:35:04 -0400] "GET /150kaccd12533.html HTTP/1.1" 404 23126 "-" "Mozilla/5.0 AppleWebKit/537.36 (KHTML, like Gecko; compatible; GPTBot/1.2; +https://openai.com/gptbot)"
40.127.130.21 - - [14/Jul/2025:13:35:04 -0400] "GET /ini.php HTTP/1.1" 404 23126 "-" "-"
136.243.228.194 - - [14/Jul/2025:13:35:08 -0400] "GET /138ymgk927.html HTTP/1.1" 404 23126 "-" "Mozilla/5.0 (compatible; DataForSeoBot/1.0; +https://dataforseo.com/dataforseo-bot)"
40.127.130.21 - - [14/Jul/2025:13:35:19 -0400] "GET /ws.php HTTP/1.1" 404 23126 "-" "-"
136.243.228.194 - - [14/Jul/2025:13:35:21 -0400] "GET /items/yrcef70/49684?key=ritual HTTP/1.1" 404 23126 "-" "Mozilla/5.0 (compatible; DataForSeoBot/1.0; +https://dataforseo.com/dataforseo-bot)"
40.127.130.21 - - [14/Jul/2025:13:35:27 -0400] "GET /2.php HTTP/1.1" 404 23126 "-" "-"
40.127.130.21 - - [14/Jul/2025:13:35:35 -0400] "GET /wp-trackback.php HTTP/1.1" 403 1242 "-" "-"
136.243.228.194 - - [14/Jul/2025:13:35:29 -0400] "GET /items/xaopg200/4654?key=jury HTTP/1.1" 404 23126 "-" "Mozilla/5.0 (compatible; DataForSeoBot/1.0; +https://dataforseo.com/dataforseo-bot)"
40.127.130.21 - - [14/Jul/2025:13:35:37 -0400] "GET /.well-known/index.php HTTP/1.1" 301 0 "-" "-"
40.127.130.21 - - [14/Jul/2025:13:35:42 -0400] "GET /.well-known/ HTTP/1.1" 200 614 "-" "-"
136.243.228.194 - - [14/Jul/2025:13:35:39 -0400] "GET /items/lvhuf49/10067?key=marine HTTP/1.1" 404 23126 "-" "Mozilla/5.0 (compatible; DataForSeoBot/1.0; +https://dataforseo.com/dataforseo-bot)"
40.127.130.21 - - [14/Jul/2025:13:35:44 -0400] "GET /wp-includes/certificates/plugins.php HTTP/1.1" 404 23126 "-" "-"
136.243.228.194 - - [14/Jul/2025:13:35:49 -0400] "GET /9bbm18386.html HTTP/1.1" 404 23126 "-" "Mozilla/5.0 (compatible; DataForSeoBot/1.0; +https://dataforseo.com/dataforseo-bot)"
40.127.130.21 - - [14/Jul/2025:13:35:51 -0400] "GET /wp-content/themes/seotheme/mar.php HTTP/1.1" 200 0 "-" "-"
139.162.24.217 - - [14/Jul/2025:13:36:02 -0400] "GET /wp-login.php HTTP/1.1" 200 3092 "-" "Mozilla/5.0 (Windows NT 6.3; WOW64; rv:40.0) Gecko/20100101 Firefox/40.0"
139.162.24.217 - - [14/Jul/2025:13:36:08 -0400] "POST /wp-login.php HTTP/1.1" 200 3230 "-" "Mozilla/5.0 (Windows NT 6.3; WOW64; rv:40.0) Gecko/20100101 Firefox/40.0"
40.127.130.21 - - [14/Jul/2025:13:36:05 -0400] "GET /wp-admin/network/plugins.php HTTP/1.1" 302 0 "-" "-"
20.171.207.27 - - [14/Jul/2025:13:36:00 -0400] "GET /160nchlf45361.html HTTP/1.1" 404 23126 "-" "Mozilla/5.0 AppleWebKit/537.36 (KHTML, like Gecko; compatible; GPTBot/1.2; +https://openai.com/gptbot)"
40.127.130.21 - - [14/Jul/2025:13:36:18 -0400] "GET /wp-login.php?redirect_to=https%3A%2F%2Fdangroup.sa%2Fwp-admin%2Fnetwork%2Fplugins.php&reauth=1 HTTP/1.1" 200 0 "-" "-"
136.243.228.194 - - [14/Jul/2025:13:36:07 -0400] "GET /298vhn37939.html HTTP/1.1" 404 23126 "-" "Mozilla/5.0 (compatible; DataForSeoBot/1.0; +https://dataforseo.com/dataforseo-bot)"
40.127.130.21 - - [14/Jul/2025:13:36:21 -0400] "GET /wp-admin/about.php HTTP/1.1" 302 0 "-" "-"
40.127.130.21 - - [14/Jul/2025:13:36:23 -0400] "GET /wp-login.php?redirect_to=https%3A%2F%2Fdangroup.sa%2Fwp-admin%2Fabout.php&reauth=1 HTTP/1.1" 200 3112 "-" "-"
136.243.228.194 - - [14/Jul/2025:13:36:24 -0400] "GET /items/fabtt169/45435?key=crystal HTTP/1.1" 404 23126 "-" "Mozilla/5.0 (compatible; DataForSeoBot/1.0; +https://dataforseo.com/dataforseo-bot)"
40.127.130.21 - - [14/Jul/2025:13:36:25 -0400] "GET /chosen.php HTTP/1.1" 404 23126 "-" "-"
139.162.24.217 - - [14/Jul/2025:13:36:37 -0400] "GET /wp-login.php HTTP/1.1" 200 3127 "-" "Mozilla/5.0 (Windows NT 6.1; WOW64; Trident/7.0; AS; rv:11.0) like Gecko"
40.127.130.21 - - [14/Jul/2025:13:36:33 -0400] "GET /wp-includes/ID3/about.php HTTP/1.1" 404 23126 "-" "-"
66.29.146.47 - - [14/Jul/2025:13:36:42 -0400] "POST /wp-cron.php?doing_wp_cron=1752514602.4915759563446044921875 HTTP/1.1" 403 1242 "-" "WordPress/6.8; https://dangroup.sa"
40.127.130.21 - - [14/Jul/2025:13:36:40 -0400] "GET /css/index.php HTTP/1.1" 301 0 "-" "-"
136.243.228.194 - - [14/Jul/2025:13:36:35 -0400] "GET /items/qpspd251/38951?key=answer HTTP/1.1" 404 23128 "-" "Mozilla/5.0 (compatible; DataForSeoBot/1.0; +https://dataforseo.com/dataforseo-bot)"
139.162.24.217 - - [14/Jul/2025:13:36:43 -0400] "POST /wp-login.php HTTP/1.1" 200 3272 "-" "Mozilla/5.0 (Windows NT 6.1; WOW64; Trident/7.0; AS; rv:11.0) like Gecko"
2a02:598:64:8a00::3100:1c - - [14/Jul/2025:13:36:45 -0400] "GET /sitemap859.xml HTTP/1.1" 200 37106 "-" "Mozilla/5.0 (compatible; SeznamBot/4.0; +https://o-seznam.cz/napoveda/vyhledavani/en/seznambot-crawler/)"
40.127.130.21 - - [14/Jul/2025:13:36:43 -0400] "GET /css/ HTTP/1.1" 200 0 "-" "-"
40.127.130.21 - - [14/Jul/2025:13:36:56 -0400] "GET /wp-admin/includes/xmrlpc.php?p= HTTP/1.1" 301 0 "-" "-"
136.243.228.194 - - [14/Jul/2025:13:36:47 -0400] "GET /64gkylb7553.html HTTP/1.1" 404 23126 "-" "Mozilla/5.0 (compatible; DataForSeoBot/1.0; +https://dataforseo.com/dataforseo-bot)"
34.136.68.155 - - [14/Jul/2025:13:36:43 -0400] "GET / HTTP/1.1" 200 33219 "-" "Mozilla/5.0 (Windows NT 10.0; Win64; x64) AppleWebKit/537.36 (KHTML, like Gecko) Chrome/78.0.3904.108 Safari/537.36"
34.136.68.155 - - [14/Jul/2025:13:37:05 -0400] "GET //wp-includes/wlwmanifest.xml HTTP/1.1" 301 0 "-" "Mozilla/5.0 (Windows NT 10.0; Win64; x64) AppleWebKit/537.36 (KHTML, like Gecko) Chrome/78.0.3904.108 Safari/537.36"
34.136.68.155 - - [14/Jul/2025:13:37:08 -0400] "GET //xmlrpc.php?rsd HTTP/1.1" 403 1242 "-" "Mozilla/5.0 (Windows NT 10.0; Win64; x64) AppleWebKit/537.36 (KHTML, like Gecko) Chrome/78.0.3904.108 Safari/537.36"
40.127.130.21 - - [14/Jul/2025:13:37:00 -0400] "GET /wp-admin/includes/xmrlpc.php HTTP/1.1" 200 0 "-" "-"
20.171.207.27 - - [14/Jul/2025:13:36:55 -0400] "GET /190jebvu42541.html HTTP/1.1" 404 23126 "-" "Mozilla/5.0 AppleWebKit/537.36 (KHTML, like Gecko; compatible; GPTBot/1.2; +https://openai.com/gptbot)"
136.243.228.194 - - [14/Jul/2025:13:37:02 -0400] "GET /items/rpmxk56/19160?key=garden HTTP/1.1" 404 23126 "-" "Mozilla/5.0 (compatible; DataForSeoBot/1.0; +https://dataforseo.com/dataforseo-bot)"
139.162.24.217 - - [14/Jul/2025:13:37:18 -0400] "GET /wp-login.php HTTP/1.1" 200 3092 "-" "Mozilla/5.0 (Windows NT 6.1; WOW64; Trident/7.0; AS; rv:11.0) like Gecko"
89.175.12.245 - - [14/Jul/2025:13:37:12 -0400] "GET /ar/ HTTP/1.1" 404 23126 "https://dangroup.sa/ar/" "Mozilla/5.0 (Windows NT 10.0; Win64; x64) AppleWebKit/537.36 (KHTML, like Gecko) Chrome/129.0.0.0 Safari/537.36"
40.127.130.21 - - [14/Jul/2025:13:37:10 -0400] "GET /wp-includes/SimplePie/wp-login.php HTTP/1.1" 404 23126 "-" "-"
89.175.12.245 - - [14/Jul/2025:13:37:25 -0400] "GET /wp-login.php?action=register HTTP/1.1" 302 0 "https://dangroup.sa/wp-login.php?action=register" "Mozilla/5.0 (Windows NT 10.0; Win64; x64) AppleWebKit/537.36 (KHTML, like Gecko) Chrome/129.0.0.0 Safari/537.36"
34.136.68.155 - - [14/Jul/2025:13:37:08 -0400] "GET / HTTP/1.1" 200 33218 "-" "Mozilla/5.0 (Windows NT 10.0; Win64; x64) AppleWebKit/537.36 (KHTML, like Gecko) Chrome/78.0.3904.108 Safari/537.36"
139.162.24.217 - - [14/Jul/2025:13:37:25 -0400] "POST /wp-login.php HTTP/1.1" 200 3230 "-" "Mozilla/5.0 (Windows NT 6.1; WOW64; Trident/7.0; AS; rv:11.0) like Gecko"
89.175.12.245 - - [14/Jul/2025:13:37:28 -0400] "GET /wp-login.php?registration=disabled HTTP/1.1" 200 3189 "https://dangroup.sa/wp-login.php?registration=disabled" "Mozilla/5.0 (Windows NT 10.0; Win64; x64) AppleWebKit/537.36 (KHTML, like Gecko) Chrome/129.0.0.0 Safari/537.36"
34.136.68.155 - - [14/Jul/2025:13:37:30 -0400] "GET //?author=1 HTTP/1.1" 301 0 "-" "Mozilla/5.0 (Windows NT 10.0; Win64; x64) AppleWebKit/537.36 (KHTML, like Gecko) Chrome/78.0.3904.108 Safari/537.36"
136.243.228.194 - - [14/Jul/2025:13:37:18 -0400] "GET /items/hktzd290/23764?key=extraordinary HTTP/1.1" 404 23126 "-" "Mozilla/5.0 (compatible; DataForSeoBot/1.0; +https://dataforseo.com/dataforseo-bot)"
34.136.68.155 - - [14/Jul/2025:13:37:32 -0400] "GET //?author=2 HTTP/1.1" 301 0 "-" "Mozilla/5.0 (Windows NT 10.0; Win64; x64) AppleWebKit/537.36 (KHTML, like Gecko) Chrome/78.0.3904.108 Safari/537.36"
34.136.68.155 - - [14/Jul/2025:13:37:35 -0400] "GET //wp-json/wp/v2/users/ HTTP/1.1" 200 886 "-" "Mozilla/5.0 (Windows NT 10.0; Win64; x64) AppleWebKit/537.36 (KHTML, like Gecko) Chrome/78.0.3904.108 Safari/537.36"
34.136.68.155 - - [14/Jul/2025:13:37:38 -0400] "POST //xmlrpc.php HTTP/1.1" 403 1242 "-" "Mozilla/5.0 (Windows NT 10.0; Win64; x64) AppleWebKit/537.36 (KHTML, like Gecko) Chrome/78.0.3904.108 Safari/537.36"
40.127.130.21 - - [14/Jul/2025:13:37:25 -0400] "GET /wp-content/themes/about.php HTTP/1.1" 404 23128 "-" "-"
136.243.228.194 - - [14/Jul/2025:13:37:34 -0400] "GET /3mirm48508.html HTTP/1.1" 404 23126 "-" "Mozilla/5.0 (compatible; DataForSeoBot/1.0; +https://dataforseo.com/dataforseo-bot)"
40.127.130.21 - - [14/Jul/2025:13:37:39 -0400] "GET /filemanager/dialog.php HTTP/1.1" 404 23126 "-" "-"
66.29.146.47 - - [14/Jul/2025:13:37:49 -0400] "POST /wp-cron.php?doing_wp_cron=1752514669.3917119503021240234375 HTTP/1.1" 403 1242 "-" "WordPress/6.8; https://dangroup.sa"
66.29.146.47 - - [14/Jul/2025:13:37:50 -0400] "POST /wp-cron.php?doing_wp_cron=1752514670.2866048812866210937500 HTTP/1.1" 403 1242 "-" "WordPress/6.8; https://dangroup.sa"
40.127.130.21 - - [14/Jul/2025:13:37:49 -0400] "GET /wp-admin/maint/index.php HTTP/1.1" 301 0 "-" "-"
40.127.130.21 - - [14/Jul/2025:13:37:51 -0400] "GET /wp-admin/maint/ HTTP/1.1" 200 621 "-" "-"
136.243.228.194 - - [14/Jul/2025:13:37:47 -0400] "GET /284ygki47091.html HTTP/1.1" 404 23126 "-" "Mozilla/5.0 (compatible; DataForSeoBot/1.0; +https://dataforseo.com/dataforseo-bot)"
20.171.207.27 - - [14/Jul/2025:13:37:52 -0400] "GET /207cqurr27754.html HTTP/1.1" 404 23126 "-" "Mozilla/5.0 AppleWebKit/537.36 (KHTML, like Gecko; compatible; GPTBot/1.2; +https://openai.com/gptbot)"
40.127.130.21 - - [14/Jul/2025:13:37:51 -0400] "GET /wp-includes/Requests/Text/admin.php HTTP/1.1" 404 23128 "-" "-"
136.243.228.194 - - [14/Jul/2025:13:38:01 -0400] "GET /248iuv17233.html HTTP/1.1" 404 23126 "-" "Mozilla/5.0 (compatible; DataForSeoBot/1.0; +https://dataforseo.com/dataforseo-bot)"
40.127.130.21 - - [14/Jul/2025:13:38:05 -0400] "GET /wp-includes/customize/about.php HTTP/1.1" 404 23126 "-" "-"
136.243.228.194 - - [14/Jul/2025:13:38:15 -0400] "GET /58uhdq40995.html HTTP/1.1" 404 23128 "-" "Mozilla/5.0 (compatible; DataForSeoBot/1.0; +https://dataforseo.com/dataforseo-bot)"
40.127.130.21 - - [14/Jul/2025:13:38:17 -0400] "GET /index/function.php HTTP/1.1" 404 23126 "-" "-"
139.162.24.217 - - [14/Jul/2025:13:38:28 -0400] "GET /wp-login.php HTTP/1.1" 200 3092 "-" "Mozilla/5.0 (Windows NT 6.1; WOW64; Trident/7.0; AS; rv:11.0) like Gecko"
136.243.228.194 - - [14/Jul/2025:13:38:27 -0400] "GET /items/aqqne125/16005?key=element HTTP/1.1" 404 23126 "-" "Mozilla/5.0 (compatible; DataForSeoBot/1.0; +https://dataforseo.com/dataforseo-bot)"
139.162.24.217 - - [14/Jul/2025:13:38:36 -0400] "POST /wp-login.php HTTP/1.1" 200 3272 "-" "Mozilla/5.0 (Windows NT 6.1; WOW64; Trident/7.0; AS; rv:11.0) like Gecko"
40.127.130.21 - - [14/Jul/2025:13:38:31 -0400] "GET /uploads/autoload_classmap.php HTTP/1.1" 404 23126 "-" "-"
66.29.146.47 - - [14/Jul/2025:13:38:53 -0400] "POST /wp-cron.php?doing_wp_cron=1752514733.0919060707092285156250 HTTP/1.1" 403 1242 "-" "WordPress/6.8; https://dangroup.sa"
136.243.228.194 - - [14/Jul/2025:13:38:42 -0400] "GET /18fylq24477.html HTTP/1.1" 404 23126 "-" "Mozilla/5.0 (compatible; DataForSeoBot/1.0; +https://dataforseo.com/dataforseo-bot)"
35.238.203.213 - - [14/Jul/2025:13:38:57 -0400] "POST /xmlrpc.php HTTP/1.1" 403 1242 "https://dangroup.sa" "Mozilla/5.0 (Macintosh; Intel Mac OS X 13_3) AppleWebKit/537.36 (KHTML, like Gecko) Chrome/126.0.0.0 Safari/537.36"
52.167.144.232 - - [14/Jul/2025:13:38:59 -0400] "GET /wp-content/uploads/2024/06/BlogDetailsA-300x124.webp HTTP/1.1" 200 5570 "-" "Mozilla/5.0 AppleWebKit/537.36 (KHTML, like Gecko; compatible; bingbot/2.0; +http://www.bing.com/bingbot.htm) Chrome/116.0.1938.76 Safari/537.36"
40.127.130.21 - - [14/Jul/2025:13:38:45 -0400] "GET /wp-includes/css/dist/preferences/wp-login.php HTTP/1.1" 200 0 "-" "-"
20.171.207.27 - - [14/Jul/2025:13:38:50 -0400] "GET /280fegwu41211.html HTTP/1.1" 404 23127 "-" "Mozilla/5.0 AppleWebKit/537.36 (KHTML, like Gecko; compatible; GPTBot/1.2; +https://openai.com/gptbot)"
136.243.228.194 - - [14/Jul/2025:13:38:56 -0400] "GET /148ripd12347.html HTTP/1.1" 404 23126 "-" "Mozilla/5.0 (compatible; DataForSeoBot/1.0; +https://dataforseo.com/dataforseo-bot)"
40.127.130.21 - - [14/Jul/2025:13:39:00 -0400] "GET /wp-includes/style-engine/about.php HTTP/1.1" 404 23126 "-" "-"
136.243.228.194 - - [14/Jul/2025:13:39:06 -0400] "GET /63znlpd12790.html HTTP/1.1" 404 23128 "-" "Mozilla/5.0 (compatible; DataForSeoBot/1.0; +https://dataforseo.com/dataforseo-bot)"
103.76.120.123 - - [14/Jul/2025:13:39:14 -0400] "GET /xmlrpc.php HTTP/1.1" 403 1242 "http://dangroup.sa/xmlrpc.php" "Mozilla/5.0 (X11; Ubuntu; Linux x86_64; rv:85.0) Gecko/20100101 Firefox/91.0"
40.127.130.21 - - [14/Jul/2025:13:39:08 -0400] "GET /.well-known/acme-challenge/mariju.php HTTP/1.1" 404 23128 "-" "-"
139.162.24.217 - - [14/Jul/2025:13:39:14 -0400] "GET /wp-login.php HTTP/1.1" 200 3092 "-" "Mozilla/5.0 (Windows NT 10.0; Win64; x64) AppleWebKit/537.36 (KHTML, like Gecko) Chrome/58.0.3029.110 Safari/537.3"
139.162.24.217 - - [14/Jul/2025:13:39:22 -0400] "POST /wp-login.php HTTP/1.1" 200 3230 "-" "Mozilla/5.0 (Windows NT 10.0; Win64; x64) AppleWebKit/537.36 (KHTML, like Gecko) Chrome/58.0.3029.110 Safari/537.3"
136.243.228.194 - - [14/Jul/2025:13:39:15 -0400] "GET /items/tyhdj253/11159?key=mall HTTP/1.1" 404 23126 "-" "Mozilla/5.0 (compatible; DataForSeoBot/1.0; +https://dataforseo.com/dataforseo-bot)"
40.127.130.21 - - [14/Jul/2025:13:39:16 -0400] "GET /about/function.php HTTP/1.1" 404 23126 "-" "-"
40.127.130.21 - - [14/Jul/2025:13:39:27 -0400] "GET /wp-includes/theme-compat/chosen.php HTTP/1.1" 404 23128 "-" "-"
136.243.228.194 - - [14/Jul/2025:13:39:29 -0400] "GET /4riv77.html HTTP/1.1" 404 23126 "-" "Mozilla/5.0 (compatible; DataForSeoBot/1.0; +https://dataforseo.com/dataforseo-bot)"
40.127.130.21 - - [14/Jul/2025:13:39:37 -0400] "GET /admin/function.php HTTP/1.1" 404 23126 "-" "-"
136.243.228.194 - - [14/Jul/2025:13:39:41 -0400] "GET /166lrqxh7563.html HTTP/1.1" 404 23126 "-" "Mozilla/5.0 (compatible; DataForSeoBot/1.0; +https://dataforseo.com/dataforseo-bot)"
40.127.130.21 - - [14/Jul/2025:13:39:49 -0400] "GET /.well-known/acme-challenge/index.php HTTP/1.1" 301 0 "-" "-"
66.29.146.47 - - [14/Jul/2025:13:39:55 -0400] "POST /wp-cron.php?doing_wp_cron=1752514794.8944799900054931640625 HTTP/1.1" 403 1242 "-" "WordPress/6.8; https://dangroup.sa"
66.29.146.47 - - [14/Jul/2025:13:39:56 -0400] "POST /wp-cron.php?doing_wp_cron=1752514795.9959659576416015625000 HTTP/1.1" 403 1242 "-" "WordPress/6.8; https://dangroup.sa"
20.171.207.27 - - [14/Jul/2025:13:39:45 -0400] "GET /179znbni28152.html HTTP/1.1" 404 23126 "-" "Mozilla/5.0 AppleWebKit/537.36 (KHTML, like Gecko; compatible; GPTBot/1.2; +https://openai.com/gptbot)"
139.162.24.217 - - [14/Jul/2025:13:39:59 -0400] "GET /wp-login.php HTTP/1.1" 200 3092 "-" "Mozilla/5.0 (Macintosh; Intel Mac OS X 10_11_5) AppleWebKit/537.36 (KHTML, like Gecko) Chrome/50.0.2661.102 Safari/537.36"
40.127.130.21 - - [14/Jul/2025:13:39:52 -0400] "GET /.well-known/acme-challenge/ HTTP/1.1" 404 23126 "-" "-"
136.243.228.194 - - [14/Jul/2025:13:39:54 -0400] "GET /items/jcldy13/6945?key=improved HTTP/1.1" 404 23126 "-" "Mozilla/5.0 (compatible; DataForSeoBot/1.0; +https://dataforseo.com/dataforseo-bot)"
40.127.130.21 - - [14/Jul/2025:13:40:02 -0400] "GET /css/colors/blue/index.php HTTP/1.1" 301 0 "-" "-"
139.162.24.217 - - [14/Jul/2025:13:40:07 -0400] "POST /wp-login.php HTTP/1.1" 200 3230 "-" "Mozilla/5.0 (Macintosh; Intel Mac OS X 10_11_5) AppleWebKit/537.36 (KHTML, like Gecko) Chrome/50.0.2661.102 Safari/537.36"
136.243.228.194 - - [14/Jul/2025:13:40:04 -0400] "GET /items/yiuvn96/21816?key=stay HTTP/1.1" 404 23126 "-" "Mozilla/5.0 (compatible; DataForSeoBot/1.0; +https://dataforseo.com/dataforseo-bot)"
40.127.130.21 - - [14/Jul/2025:13:40:04 -0400] "GET /css/colors/blue/ HTTP/1.1" 404 23126 "-" "-"
40.127.130.21 - - [14/Jul/2025:13:40:11 -0400] "GET /wp-content/plugins/pwnd/as.php HTTP/1.1" 404 23126 "-" "-"
40.127.130.21 - - [14/Jul/2025:13:40:19 -0400] "GET /wp-admin/setup-config.php HTTP/1.1" 403 1242 "-" "-"
136.243.228.194 - - [14/Jul/2025:13:40:12 -0400] "GET /65ypklv1192.html HTTP/1.1" 404 23126 "-" "Mozilla/5.0 (compatible; DataForSeoBot/1.0; +https://dataforseo.com/dataforseo-bot)"
40.127.130.21 - - [14/Jul/2025:13:40:20 -0400] "GET /wp-admin/user/about.php HTTP/1.1" 302 0 "-" "-"
40.127.130.21 - - [14/Jul/2025:13:40:22 -0400] "GET /wp-login.php?redirect_to=https%3A%2F%2Fdangroup.sa%2Fwp-admin%2Fuser%2Fabout.php&reauth=1 HTTP/1.1" 200 3107 "-" "-"
40.127.130.21 - - [14/Jul/2025:13:40:25 -0400] "GET /wp-admin/js/index.php HTTP/1.1" 301 0 "-" "-"
136.243.228.194 - - [14/Jul/2025:13:40:21 -0400] "GET /7qzas36298.html HTTP/1.1" 404 23126 "-" "Mozilla/5.0 (compatible; DataForSeoBot/1.0; +https://dataforseo.com/dataforseo-bot)"
40.127.130.21 - - [14/Jul/2025:13:40:28 -0400] "GET /wp-admin/js/ HTTP/1.1" 200 2906 "-" "-"
47.82.60.19 - - [14/Jul/2025:13:40:28 -0400] "GET /117zmw10616.html HTTP/1.1" 301 0 "https://www.dangroup.sa/117zmw10616.html" "Mozilla/5.0 (Windows NT 10.0; Win64; x64) AppleWebKit/537.36 (KHTML, like Gecko) Chrome/114.0.0.0 Safari/537.36 Edg/114.0.1823.43"
40.127.130.21 - - [14/Jul/2025:13:40:29 -0400] "GET /wp-content/upgrade/about.php HTTP/1.1" 404 23128 "-" "-"
136.243.228.194 - - [14/Jul/2025:13:40:29 -0400] "GET /189pvt11354.html HTTP/1.1" 404 23311 "-" "Mozilla/5.0 (compatible; DataForSeoBot/1.0; +https://dataforseo.com/dataforseo-bot)"
40.127.130.21 - - [14/Jul/2025:13:40:41 -0400] "GET /wp-includes/assets/index.php HTTP/1.1" 301 0 "-" "-"
47.82.60.19 - - [14/Jul/2025:13:40:31 -0400] "GET /117zmw10616.html HTTP/1.1" 404 23126 "https://www.dangroup.sa/117zmw10616.html" "Mozilla/5.0 (Windows NT 10.0; Win64; x64) AppleWebKit/537.36 (KHTML, like Gecko) Chrome/114.0.0.0 Safari/537.36 Edg/114.0.1823.43"
40.127.130.21 - - [14/Jul/2025:13:40:43 -0400] "GET /wp-includes/assets/ HTTP/1.1" 200 1043 "-" "-"
47.82.60.53 - - [14/Jul/2025:13:40:45 -0400] "GET /pcmypage?callback=product/detail/re-vida-y1-30133802li HTTP/1.1" 301 0 "https://www.dangroup.sa/pcmypage?callback=product%2Fdetail%2Fre-vida-y1-30133802li" "Mozilla/5.0 (Windows NT 10.0; Win64; x64) AppleWebKit/537.36 (KHTML, like Gecko) Chrome/114.0.0.0 Safari/537.36 Edg/114.0.1823.43"
139.162.24.217 - - [14/Jul/2025:13:40:45 -0400] "GET /wp-login.php HTTP/1.1" 200 3092 "-" "Mozilla/5.0 (Windows NT 10.0; Win64; x64) AppleWebKit/537.36 (KHTML, like Gecko) Chrome/58.0.3029.110 Safari/537.3"
139.162.24.217 - - [14/Jul/2025:13:40:52 -0400] "POST /wp-login.php HTTP/1.1" 200 3230 "-" "Mozilla/5.0 (Windows NT 10.0; Win64; x64) AppleWebKit/537.36 (KHTML, like Gecko) Chrome/58.0.3029.110 Safari/537.3"
40.127.130.21 - - [14/Jul/2025:13:40:44 -0400] "GET /wp-content/radio.php HTTP/1.1" 200 0 "-" "-"
136.243.228.194 - - [14/Jul/2025:13:40:42 -0400] "GET /items/ayelr282/41356?key=fighter HTTP/1.1" 404 23126 "-" "Mozilla/5.0 (compatible; DataForSeoBot/1.0; +https://dataforseo.com/dataforseo-bot)"
20.171.207.27 - - [14/Jul/2025:13:40:42 -0400] "GET /255fothr37638.html HTTP/1.1" 404 23126 "-" "Mozilla/5.0 AppleWebKit/537.36 (KHTML, like Gecko; compatible; GPTBot/1.2; +https://openai.com/gptbot)"
4.227.36.54 - - [14/Jul/2025:13:41:03 -0400] "GET /robots.txt HTTP/1.1" 304 0 "-" "Mozilla/5.0 AppleWebKit/537.36 (KHTML, like Gecko; compatible; GPTBot/1.2; +https://openai.com/gptbot)"
66.29.146.47 - - [14/Jul/2025:13:41:03 -0400] "POST /wp-cron.php?doing_wp_cron=1752514863.4823129177093505859375 HTTP/1.1" 403 1242 "-" "WordPress/6.8; https://dangroup.sa"
40.127.130.21 - - [14/Jul/2025:13:40:59 -0400] "GET /wp-includes/fonts/index.php?p= HTTP/1.1" 301 0 "-" "-"
40.127.130.21 - - [14/Jul/2025:13:41:04 -0400] "GET /wp-includes/fonts/ HTTP/1.1" 200 1154 "-" "-"
47.82.60.53 - - [14/Jul/2025:13:40:48 -0400] "GET /pcmypage?callback=product/detail/re-vida-y1-30133802li HTTP/1.1" 404 23126 "https://www.dangroup.sa/pcmypage?callback=product%2Fdetail%2Fre-vida-y1-30133802li" "Mozilla/5.0 (Windows NT 10.0; Win64; x64) AppleWebKit/537.36 (KHTML, like Gecko) Chrome/114.0.0.0 Safari/537.36 Edg/114.0.1823.43"
136.243.228.194 - - [14/Jul/2025:13:41:04 -0400] "GET /24tuczd5937.html HTTP/1.1" 404 23126 "-" "Mozilla/5.0 (compatible; DataForSeoBot/1.0; +https://dataforseo.com/dataforseo-bot)"
40.127.130.21 - - [14/Jul/2025:13:41:05 -0400] "GET /.well-known/gecko-litespeed.php HTTP/1.1" 404 23126 "-" "-"
47.82.60.46 - - [14/Jul/2025:13:41:18 -0400] "GET /items/sgxmn296/31564?key=clue HTTP/1.1" 301 0 "https://www.dangroup.sa/items/sgxmn296/31564?key=clue" "Mozilla/5.0 (Windows NT 10.0; Win64; x64) AppleWebKit/537.36 (KHTML, like Gecko) Chrome/114.0.0.0 Safari/537.36 Edg/114.0.1823.43"
40.127.130.21 - - [14/Jul/2025:13:41:17 -0400] "GET /.well-known/admin.php HTTP/1.1" 404 23126 "-" "-"
47.82.60.54 - - [14/Jul/2025:13:41:29 -0400] "GET /7mbr1292.html HTTP/1.1" 301 0 "https://www.dangroup.sa/7mbr1292.html" "Mozilla/5.0 (Windows NT 10.0; Win64; x64) AppleWebKit/537.36 (KHTML, like Gecko) Chrome/114.0.0.0 Safari/537.36 Edg/114.0.1823.43"
136.243.228.194 - - [14/Jul/2025:13:41:18 -0400] "GET /168ahj14921.html HTTP/1.1" 404 23126 "-" "Mozilla/5.0 (compatible; DataForSeoBot/1.0; +https://dataforseo.com/dataforseo-bot)"
47.82.60.46 - - [14/Jul/2025:13:41:21 -0400] "GET /items/sgxmn296/31564?key=clue HTTP/1.1" 404 23128 "https://www.dangroup.sa/items/sgxmn296/31564?key=clue" "Mozilla/5.0 (Windows NT 10.0; Win64; x64) AppleWebKit/537.36 (KHTML, like Gecko) Chrome/114.0.0.0 Safari/537.36 Edg/114.0.1823.43"
47.82.60.41 - - [14/Jul/2025:13:41:38 -0400] "GET /pcmypage?callback=product/review/bungoot-ed1637970 HTTP/1.1" 301 0 "https://www.dangroup.sa/pcmypage?callback=product/review/bungoot-ed1637970" "Mozilla/5.0 (Windows NT 10.0; Win64; x64) AppleWebKit/537.36 (KHTML, like Gecko) Chrome/114.0.0.0 Safari/537.36 Edg/114.0.1823.43"
40.127.130.21 - - [14/Jul/2025:13:41:27 -0400] "GET /wp-content/admin.php HTTP/1.1" 200 0 "-" "-"
47.82.60.43 - - [14/Jul/2025:13:41:22 -0400] "GET /items/ckwpz61/44289?key=allegation HTTP/1.1" 404 23126 "https://dangroup.sa/items/ckwpz61/44289?key=allegation" "Mozilla/5.0 (Windows NT 10.0; Win64; x64) AppleWebKit/537.36 (KHTML, like Gecko) Chrome/114.0.0.0 Safari/537.36 Edg/114.0.1823.43"
47.82.60.49 - - [14/Jul/2025:13:41:26 -0400] "GET /23uudy34208.html HTTP/1.1" 404 23126 "https://dangroup.sa/23uudy34208.html" "Mozilla/5.0 (Windows NT 10.0; Win64; x64) AppleWebKit/537.36 (KHTML, like Gecko) Chrome/114.0.0.0 Safari/537.36 Edg/114.0.1823.43"
136.243.228.194 - - [14/Jul/2025:13:41:38 -0400] "GET /items/yhrub80/17668?key=southwest HTTP/1.1" 404 23128 "-" "Mozilla/5.0 (compatible; DataForSeoBot/1.0; +https://dataforseo.com/dataforseo-bot)"
47.82.60.54 - - [14/Jul/2025:13:41:37 -0400] "GET /7mbr1292.html HTTP/1.1" 404 23128 "https://www.dangroup.sa/7mbr1292.html" "Mozilla/5.0 (Windows NT 10.0; Win64; x64) AppleWebKit/537.36 (KHTML, like Gecko) Chrome/114.0.0.0 Safari/537.36 Edg/114.0.1823.43"
40.127.130.21 - - [14/Jul/2025:13:41:43 -0400] "GET /wp-content/plugins/admin.php HTTP/1.1" 200 0 "-" "-"
40.127.130.21 - - [14/Jul/2025:13:41:58 -0400] "GET /wp-content/themes/twentytwentytwo/index.php?p= HTTP/1.1" 200 0 "-" "-"
20.171.207.27 - - [14/Jul/2025:13:41:39 -0400] "GET /219qmhrd38202.html HTTP/1.1" 404 8131 "-" "Mozilla/5.0 AppleWebKit/537.36 (KHTML, like Gecko; compatible; GPTBot/1.2; +https://openai.com/gptbot)"
47.82.60.41 - - [14/Jul/2025:13:41:43 -0400] "GET /pcmypage?callback=product/review/bungoot-ed1637970 HTTP/1.1" 404 23128 "https://www.dangroup.sa/pcmypage?callback=product/review/bungoot-ed1637970" "Mozilla/5.0 (Windows NT 10.0; Win64; x64) AppleWebKit/537.36 (KHTML, like Gecko) Chrome/114.0.0.0 Safari/537.36 Edg/114.0.1823.43"
66.29.146.47 - - [14/Jul/2025:13:42:06 -0400] "POST /wp-cron.php?doing_wp_cron=1752514925.9513800144195556640625 HTTP/1.1" 403 1242 "-" "WordPress/6.8; https://dangroup.sa"
40.127.130.21 - - [14/Jul/2025:13:41:58 -0400] "GET /.well-known/log.php HTTP/1.1" 200 0 "-" "-"
136.243.228.194 - - [14/Jul/2025:13:41:58 -0400] "GET /132mil29435.html HTTP/1.1" 404 23126 "-" "Mozilla/5.0 (compatible; DataForSeoBot/1.0; +https://dataforseo.com/dataforseo-bot)"
47.82.60.2 - - [14/Jul/2025:13:42:03 -0400] "GET /121djak10770.html HTTP/1.1" 404 23126 "https://dangroup.sa/121djak10770.html" "Mozilla/5.0 (Windows NT 10.0; Win64; x64) AppleWebKit/537.36 (KHTML, like Gecko) Chrome/114.0.0.0 Safari/537.36 Edg/114.0.1823.43"
40.127.130.21 - - [14/Jul/2025:13:42:13 -0400] "GET /class.php HTTP/1.1" 404 23126 "-" "-"
136.243.228.194 - - [14/Jul/2025:13:42:16 -0400] "GET /86kudt44713.html HTTP/1.1" 404 23128 "-" "Mozilla/5.0 (compatible; DataForSeoBot/1.0; +https://dataforseo.com/dataforseo-bot)"
40.127.130.21 - - [14/Jul/2025:13:42:27 -0400] "GET /bless.php HTTP/1.1" 404 23126 "-" "-"
40.127.130.21 - - [14/Jul/2025:13:42:41 -0400] "GET /wp-includes/js/codemirror/index.php HTTP/1.1" 301 0 "-" "-"
40.127.130.21 - - [14/Jul/2025:13:42:43 -0400] "GET /wp-includes/js/codemirror/ HTTP/1.1" 200 1085 "-" "-"
136.243.228.194 - - [14/Jul/2025:13:42:30 -0400] "GET /items/oywcd170/41308?key=or HTTP/1.1" 404 23126 "-" "Mozilla/5.0 (compatible; DataForSeoBot/1.0; +https://dataforseo.com/dataforseo-bot)"
40.127.130.21 - - [14/Jul/2025:13:42:43 -0400] "GET /wp-includes/block-patterns/index.php HTTP/1.1" 301 0 "-" "-"
20.171.207.27 - - [14/Jul/2025:13:42:36 -0400] "GET /263qaxvc34484.html HTTP/1.1" 404 23126 "-" "Mozilla/5.0 AppleWebKit/537.36 (KHTML, like Gecko; compatible; GPTBot/1.2; +https://openai.com/gptbot)"
40.127.130.21 - - [14/Jul/2025:13:42:45 -0400] "GET /wp-includes/block-patterns/ HTTP/1.1" 200 1065 "-" "-"
136.243.228.194 - - [14/Jul/2025:13:42:45 -0400] "GET /229kul14800.html HTTP/1.1" 404 23128 "-" "Mozilla/5.0 (compatible; DataForSeoBot/1.0; +https://dataforseo.com/dataforseo-bot)"
40.127.130.21 - - [14/Jul/2025:13:42:45 -0400] "GET /lock360.php HTTP/1.1" 404 23126 "-" "-"
