136.243.228.194 - - [14/Jul/2025:13:08:40 -0400] "GET /50jgc35.html HTTP/1.1" 404 23126 "-" "Mozilla/5.0 (compatible; DataForSeoBot/1.0; +https://dataforseo.com/dataforseo-bot)"
136.243.228.194 - - [14/Jul/2025:13:08:46 -0400] "GET /items/rrold141/2683?key=severely HTTP/1.1" 404 23126 "-" "Mozilla/5.0 (compatible; DataForSeoBot/1.0; +https://dataforseo.com/dataforseo-bot)"
20.171.207.27 - - [14/Jul/2025:13:08:49 -0400] "GET /298vjbaz23401.html HTTP/1.1" 404 23126 "-" "Mozilla/5.0 AppleWebKit/537.36 (KHTML, like Gecko; compatible; GPTBot/1.2; +https://openai.com/gptbot)"
136.243.228.194 - - [14/Jul/2025:13:08:51 -0400] "GET /229igb13776.html HTTP/1.1" 404 23126 "-" "Mozilla/5.0 (compatible; DataForSeoBot/1.0; +https://dataforseo.com/dataforseo-bot)"
136.243.228.194 - - [14/Jul/2025:13:08:57 -0400] "GET /238eoylu26515.html HTTP/1.1" 404 23126 "-" "Mozilla/5.0 (compatible; DataForSeoBot/1.0; +https://dataforseo.com/dataforseo-bot)"
66.29.146.47 - - [14/Jul/2025:13:09:03 -0400] "POST /wp-cron.php?doing_wp_cron=1752512943.6255269050598144531250 HTTP/1.1" 403 1242 "-" "WordPress/6.8; https://dangroup.sa"
136.243.228.194 - - [14/Jul/2025:13:09:02 -0400] "GET /102iyb14867.html HTTP/1.1" 404 23126 "-" "Mozilla/5.0 (compatible; DataForSeoBot/1.0; +https://dataforseo.com/dataforseo-bot)"
136.243.228.194 - - [14/Jul/2025:13:09:08 -0400] "GET /114mcqnr21351.html HTTP/1.1" 404 23126 "-" "Mozilla/5.0 (compatible; DataForSeoBot/1.0; +https://dataforseo.com/dataforseo-bot)"
139.162.24.217 - - [14/Jul/2025:13:09:15 -0400] "GET /wp-login.php HTTP/1.1" 200 3092 "-" "Mozilla/5.0 (Windows NT 6.1; WOW64; Trident/7.0; AS; rv:11.0) like Gecko"
136.243.228.194 - - [14/Jul/2025:13:09:13 -0400] "GET /234iqnqh13497.html HTTP/1.1" 404 23126 "-" "Mozilla/5.0 (compatible; DataForSeoBot/1.0; +https://dataforseo.com/dataforseo-bot)"
139.162.24.217 - - [14/Jul/2025:13:09:18 -0400] "POST /wp-login.php HTTP/1.1" 200 3230 "-" "Mozilla/5.0 (Windows NT 6.1; WOW64; Trident/7.0; AS; rv:11.0) like Gecko"
136.243.228.194 - - [14/Jul/2025:13:09:18 -0400] "GET /items/gkzch238/27048?key=neighboring HTTP/1.1" 404 23128 "-" "Mozilla/5.0 (compatible; DataForSeoBot/1.0; +https://dataforseo.com/dataforseo-bot)"
136.243.228.194 - - [14/Jul/2025:13:09:22 -0400] "GET /269mtjsh19414.html HTTP/1.1" 404 23126 "-" "Mozilla/5.0 (compatible; DataForSeoBot/1.0; +https://dataforseo.com/dataforseo-bot)"
136.243.228.194 - - [14/Jul/2025:13:09:27 -0400] "GET /items/ycxuz69/36033?key=male HTTP/1.1" 404 23126 "-" "Mozilla/5.0 (compatible; DataForSeoBot/1.0; +https://dataforseo.com/dataforseo-bot)"
136.243.228.194 - - [14/Jul/2025:13:09:33 -0400] "GET /51ivxfh22168.html HTTP/1.1" 404 23126 "-" "Mozilla/5.0 (compatible; DataForSeoBot/1.0; +https://dataforseo.com/dataforseo-bot)"
136.243.228.194 - - [14/Jul/2025:13:09:37 -0400] "GET /91otco1218.html HTTP/1.1" 404 23126 "-" "Mozilla/5.0 (compatible; DataForSeoBot/1.0; +https://dataforseo.com/dataforseo-bot)"
20.171.207.27 - - [14/Jul/2025:13:09:43 -0400] "GET /299pulyu16384.html HTTP/1.1" 404 23126 "-" "Mozilla/5.0 AppleWebKit/537.36 (KHTML, like Gecko; compatible; GPTBot/1.2; +https://openai.com/gptbot)"
136.243.228.194 - - [14/Jul/2025:13:09:43 -0400] "GET /98adtmd41031.html HTTP/1.1" 404 23126 "-" "Mozilla/5.0 (compatible; DataForSeoBot/1.0; +https://dataforseo.com/dataforseo-bot)"
139.162.24.217 - - [14/Jul/2025:13:09:50 -0400] "GET /wp-login.php HTTP/1.1" 200 3127 "-" "Mozilla/5.0 (Windows NT 6.1; WOW64; Trident/7.0; AS; rv:11.0) like Gecko"
136.243.228.194 - - [14/Jul/2025:13:09:51 -0400] "GET /items/wvktk249/33577?key=breath HTTP/1.1" 404 23126 "-" "Mozilla/5.0 (compatible; DataForSeoBot/1.0; +https://dataforseo.com/dataforseo-bot)"
139.162.24.217 - - [14/Jul/2025:13:09:57 -0400] "POST /wp-login.php HTTP/1.1" 200 3230 "-" "Mozilla/5.0 (Windows NT 6.1; WOW64; Trident/7.0; AS; rv:11.0) like Gecko"
136.243.228.194 - - [14/Jul/2025:13:09:57 -0400] "GET /items/jnzyx248/26360?key=processor HTTP/1.1" 404 23126 "-" "Mozilla/5.0 (compatible; DataForSeoBot/1.0; +https://dataforseo.com/dataforseo-bot)"
66.29.146.47 - - [14/Jul/2025:13:10:05 -0400] "POST /wp-cron.php?doing_wp_cron=1752513004.3681340217590332031250 HTTP/1.1" 403 0 "-" "WordPress/6.8; https://dangroup.sa"
136.243.228.194 - - [14/Jul/2025:13:10:03 -0400] "GET /items/qwueh90/34616?key=African HTTP/1.1" 404 23126 "-" "Mozilla/5.0 (compatible; DataForSeoBot/1.0; +https://dataforseo.com/dataforseo-bot)"
136.243.228.194 - - [14/Jul/2025:13:10:10 -0400] "GET /items/yikqb260/30636?key=strip HTTP/1.1" 404 23126 "-" "Mozilla/5.0 (compatible; DataForSeoBot/1.0; +https://dataforseo.com/dataforseo-bot)"
136.243.228.194 - - [14/Jul/2025:13:10:17 -0400] "GET /items/ctaqi262/49880?key=addition HTTP/1.1" 404 23126 "-" "Mozilla/5.0 (compatible; DataForSeoBot/1.0; +https://dataforseo.com/dataforseo-bot)"
136.243.228.194 - - [14/Jul/2025:13:10:21 -0400] "GET /29pwp4116.html HTTP/1.1" 404 23126 "-" "Mozilla/5.0 (compatible; DataForSeoBot/1.0; +https://dataforseo.com/dataforseo-bot)"
136.243.228.194 - - [14/Jul/2025:13:10:26 -0400] "GET /items/nllbr55/6571?key=puzzle HTTP/1.1" 404 23126 "-" "Mozilla/5.0 (compatible; DataForSeoBot/1.0; +https://dataforseo.com/dataforseo-bot)"
136.243.228.194 - - [14/Jul/2025:13:10:32 -0400] "GET /289ufq18112.html HTTP/1.1" 404 23126 "-" "Mozilla/5.0 (compatible; DataForSeoBot/1.0; +https://dataforseo.com/dataforseo-bot)"
136.243.228.194 - - [14/Jul/2025:13:10:38 -0400] "GET /81ddts22428.html HTTP/1.1" 404 23126 "-" "Mozilla/5.0 (compatible; DataForSeoBot/1.0; +https://dataforseo.com/dataforseo-bot)"
20.171.207.27 - - [14/Jul/2025:13:10:38 -0400] "GET /251nvrue33272.html HTTP/1.1" 404 23128 "-" "Mozilla/5.0 AppleWebKit/537.36 (KHTML, like Gecko; compatible; GPTBot/1.2; +https://openai.com/gptbot)"
136.243.228.194 - - [14/Jul/2025:13:10:44 -0400] "GET /items/beutc214/12192?key=balloon HTTP/1.1" 404 23126 "-" "Mozilla/5.0 (compatible; DataForSeoBot/1.0; +https://dataforseo.com/dataforseo-bot)"
66.249.68.133 - - [14/Jul/2025:13:10:48 -0400] "GET /robots.txt HTTP/1.1" 304 0 "-" "Mozilla/5.0 (compatible; Googlebot/2.1; +http://www.google.com/bot.html)"
66.249.68.134 - - [14/Jul/2025:13:10:48 -0400] "GET /items/ijkgt4/998?key=switch HTTP/1.1" 200 87831 "-" "Mozilla/5.0 (Linux; Android 6.0.1; Nexus 5X Build/MMB29P) AppleWebKit/537.36 (KHTML, like Gecko) Chrome/137.0.7151.103 Mobile Safari/537.36 (compatible; Googlebot/2.1; +http://www.google.com/bot.html)"
136.243.228.194 - - [14/Jul/2025:13:10:50 -0400] "GET /items/upbbs87/41039?key=infection HTTP/1.1" 404 23126 "-" "Mozilla/5.0 (compatible; DataForSeoBot/1.0; +https://dataforseo.com/dataforseo-bot)"
136.243.228.194 - - [14/Jul/2025:13:10:55 -0400] "GET /items/wcbvt113/13363?key=snow HTTP/1.1" 404 23126 "-" "Mozilla/5.0 (compatible; DataForSeoBot/1.0; +https://dataforseo.com/dataforseo-bot)"
136.243.228.194 - - [14/Jul/2025:13:11:01 -0400] "GET /items/ydfoy175/23487?key=broken HTTP/1.1" 404 23128 "-" "Mozilla/5.0 (compatible; DataForSeoBot/1.0; +https://dataforseo.com/dataforseo-bot)"
66.29.146.47 - - [14/Jul/2025:13:11:07 -0400] "POST /wp-cron.php?doing_wp_cron=1752513067.0239169597625732421875 HTTP/1.1" 403 1242 "-" "WordPress/6.8; https://dangroup.sa"
136.243.228.194 - - [14/Jul/2025:13:11:06 -0400] "GET /222fnmzf45881.html HTTP/1.1" 404 23126 "-" "Mozilla/5.0 (compatible; DataForSeoBot/1.0; +https://dataforseo.com/dataforseo-bot)"
136.243.228.194 - - [14/Jul/2025:13:11:14 -0400] "GET /items/wzjun287/37533?key=empty HTTP/1.1" 404 23128 "-" "Mozilla/5.0 (compatible; DataForSeoBot/1.0; +https://dataforseo.com/dataforseo-bot)"
47.82.60.17 - - [14/Jul/2025:13:11:18 -0400] "GET /151aoxsh17794.html HTTP/1.1" 301 0 "https://www.dangroup.sa/151aoxsh17794.html" "Mozilla/5.0 (Windows NT 10.0; Win64; x64) AppleWebKit/537.36 (KHTML, like Gecko) Chrome/114.0.0.0 Safari/537.36 Edg/114.0.1823.43"
47.82.60.12 - - [14/Jul/2025:13:11:15 -0400] "GET /6mkp24479.html HTTP/1.1" 404 23126 "https://dangroup.sa/6mkp24479.html" "Mozilla/5.0 (Windows NT 10.0; Win64; x64) AppleWebKit/537.36 (KHTML, like Gecko) Chrome/114.0.0.0 Safari/537.36 Edg/114.0.1823.43"
139.162.24.217 - - [14/Jul/2025:13:11:24 -0400] "GET /wp-login.php HTTP/1.1" 200 3092 "-" "Mozilla/5.0 (Windows NT 6.1; WOW64; Trident/7.0; AS; rv:11.0) like Gecko"
47.82.60.17 - - [14/Jul/2025:13:11:20 -0400] "GET /151aoxsh17794.html HTTP/1.1" 404 23126 "https://www.dangroup.sa/151aoxsh17794.html" "Mozilla/5.0 (Windows NT 10.0; Win64; x64) AppleWebKit/537.36 (KHTML, like Gecko) Chrome/114.0.0.0 Safari/537.36 Edg/114.0.1823.43"
136.243.228.194 - - [14/Jul/2025:13:11:21 -0400] "GET /217fkmx24644.html HTTP/1.1" 404 23126 "-" "Mozilla/5.0 (compatible; DataForSeoBot/1.0; +https://dataforseo.com/dataforseo-bot)"
136.243.228.194 - - [14/Jul/2025:13:11:28 -0400] "GET /193rlo12846.html HTTP/1.1" 404 23126 "-" "Mozilla/5.0 (compatible; DataForSeoBot/1.0; +https://dataforseo.com/dataforseo-bot)"
139.162.24.217 - - [14/Jul/2025:13:11:32 -0400] "POST /wp-login.php HTTP/1.1" 200 3230 "-" "Mozilla/5.0 (Windows NT 6.1; WOW64; Trident/7.0; AS; rv:11.0) like Gecko"
136.243.228.194 - - [14/Jul/2025:13:11:32 -0400] "GET /46rncp26387.html HTTP/1.1" 404 23126 "-" "Mozilla/5.0 (compatible; DataForSeoBot/1.0; +https://dataforseo.com/dataforseo-bot)"
20.171.207.27 - - [14/Jul/2025:13:11:36 -0400] "GET /161ywgkh47162.html HTTP/1.1" 404 23126 "-" "Mozilla/5.0 AppleWebKit/537.36 (KHTML, like Gecko; compatible; GPTBot/1.2; +https://openai.com/gptbot)"
136.243.228.194 - - [14/Jul/2025:13:11:37 -0400] "GET /59zqtn27372.html HTTP/1.1" 404 23126 "-" "Mozilla/5.0 (compatible; DataForSeoBot/1.0; +https://dataforseo.com/dataforseo-bot)"
136.243.228.194 - - [14/Jul/2025:13:11:43 -0400] "GET /284nveen48739.html HTTP/1.1" 404 23126 "-" "Mozilla/5.0 (compatible; DataForSeoBot/1.0; +https://dataforseo.com/dataforseo-bot)"
136.243.228.194 - - [14/Jul/2025:13:11:49 -0400] "GET /items/zzycu280/43556?key=adjust HTTP/1.1" 404 23126 "-" "Mozilla/5.0 (compatible; DataForSeoBot/1.0; +https://dataforseo.com/dataforseo-bot)"
136.243.228.194 - - [14/Jul/2025:13:11:55 -0400] "GET /items/cohtw182/25606?key=trait HTTP/1.1" 404 23126 "-" "Mozilla/5.0 (compatible; DataForSeoBot/1.0; +https://dataforseo.com/dataforseo-bot)"
136.243.228.194 - - [14/Jul/2025:13:12:00 -0400] "GET /122zmyz11065.html HTTP/1.1" 404 23126 "-" "Mozilla/5.0 (compatible; DataForSeoBot/1.0; +https://dataforseo.com/dataforseo-bot)"
47.82.60.19 - - [14/Jul/2025:13:12:06 -0400] "GET /pcmypage?callback=product/review/zenrin-ds-blitz-bpt06-5 HTTP/1.1" 301 0 "https://www.dangroup.sa/pcmypage?callback=product/review/zenrin-ds-blitz-bpt06-5" "Mozilla/5.0 (Windows NT 10.0; Win64; x64) AppleWebKit/537.36 (KHTML, like Gecko) Chrome/114.0.0.0 Safari/537.36 Edg/114.0.1823.43"
66.29.146.47 - - [14/Jul/2025:13:12:08 -0400] "POST /wp-cron.php?doing_wp_cron=1752513128.0811069011688232421875 HTTP/1.1" 403 1242 "-" "WordPress/6.8; https://dangroup.sa"
136.243.228.194 - - [14/Jul/2025:13:12:06 -0400] "GET /296eezj12537.html HTTP/1.1" 404 23126 "-" "Mozilla/5.0 (compatible; DataForSeoBot/1.0; +https://dataforseo.com/dataforseo-bot)"
47.82.60.19 - - [14/Jul/2025:13:12:07 -0400] "GET /pcmypage?callback=product/review/zenrin-ds-blitz-bpt06-5 HTTP/1.1" 404 23126 "https://www.dangroup.sa/pcmypage?callback=product/review/zenrin-ds-blitz-bpt06-5" "Mozilla/5.0 (Windows NT 10.0; Win64; x64) AppleWebKit/537.36 (KHTML, like Gecko) Chrome/114.0.0.0 Safari/537.36 Edg/114.0.1823.43"
136.243.228.194 - - [14/Jul/2025:13:12:11 -0400] "GET /55zknh44970.html HTTP/1.1" 404 23128 "-" "Mozilla/5.0 (compatible; DataForSeoBot/1.0; +https://dataforseo.com/dataforseo-bot)"
136.243.228.194 - - [14/Jul/2025:13:12:16 -0400] "GET /items/lilrr296/7478?key=taxpayer HTTP/1.1" 404 23126 "-" "Mozilla/5.0 (compatible; DataForSeoBot/1.0; +https://dataforseo.com/dataforseo-bot)"
136.243.228.194 - - [14/Jul/2025:13:12:21 -0400] "GET /items/temwo206/10938?key=follow HTTP/1.1" 404 23126 "-" "Mozilla/5.0 (compatible; DataForSeoBot/1.0; +https://dataforseo.com/dataforseo-bot)"
47.82.60.16 - - [14/Jul/2025:13:12:22 -0400] "GET /items/iwobp288/24570?key=take HTTP/1.1" 404 23126 "https://dangroup.sa/items/iwobp288/24570?key=take" "Mozilla/5.0 (Windows NT 10.0; Win64; x64) AppleWebKit/537.36 (KHTML, like Gecko) Chrome/114.0.0.0 Safari/537.36 Edg/114.0.1823.43"
47.82.60.6 - - [14/Jul/2025:13:12:25 -0400] "GET /pcmypage?callback=product/detail/gdoshop-0000686434-1 HTTP/1.1" 404 23126 "https://dangroup.sa/pcmypage?callback=product%2Fdetail%2Fgdoshop-0000686434-1" "Mozilla/5.0 (Windows NT 10.0; Win64; x64) AppleWebKit/537.36 (KHTML, like Gecko) Chrome/114.0.0.0 Safari/537.36 Edg/114.0.1823.43"
136.243.228.194 - - [14/Jul/2025:13:12:26 -0400] "GET /21ivmrx41138.html HTTP/1.1" 404 23128 "-" "Mozilla/5.0 (compatible; DataForSeoBot/1.0; +https://dataforseo.com/dataforseo-bot)"
47.82.60.18 - - [14/Jul/2025:13:12:32 -0400] "GET /items/kiopg78/3032?key=reach HTTP/1.1" 301 0 "https://www.dangroup.sa/items/kiopg78/3032?key=reach" "Mozilla/5.0 (Windows NT 10.0; Win64; x64) AppleWebKit/537.36 (KHTML, like Gecko) Chrome/114.0.0.0 Safari/537.36 Edg/114.0.1823.43"
47.82.60.11 - - [14/Jul/2025:13:12:29 -0400] "GET /items/njnta94/236?key=echo HTTP/1.1" 404 23311 "https://dangroup.sa/items/njnta94/236?key=echo" "Mozilla/5.0 (Windows NT 10.0; Win64; x64) AppleWebKit/537.36 (KHTML, like Gecko) Chrome/114.0.0.0 Safari/537.36 Edg/114.0.1823.43"
20.171.207.27 - - [14/Jul/2025:13:12:30 -0400] "GET /166gnibf46529.html HTTP/1.1" 404 23126 "-" "Mozilla/5.0 AppleWebKit/537.36 (KHTML, like Gecko; compatible; GPTBot/1.2; +https://openai.com/gptbot)"
136.243.228.194 - - [14/Jul/2025:13:12:35 -0400] "GET /68noz27623.html HTTP/1.1" 404 23126 "-" "Mozilla/5.0 (compatible; DataForSeoBot/1.0; +https://dataforseo.com/dataforseo-bot)"
47.82.60.18 - - [14/Jul/2025:13:12:34 -0400] "GET /items/kiopg78/3032?key=reach HTTP/1.1" 404 23126 "https://www.dangroup.sa/items/kiopg78/3032?key=reach" "Mozilla/5.0 (Windows NT 10.0; Win64; x64) AppleWebKit/537.36 (KHTML, like Gecko) Chrome/114.0.0.0 Safari/537.36 Edg/114.0.1823.43"
136.243.228.194 - - [14/Jul/2025:13:12:42 -0400] "GET /126jojxe23119.html HTTP/1.1" 404 23126 "-" "Mozilla/5.0 (compatible; DataForSeoBot/1.0; +https://dataforseo.com/dataforseo-bot)"
136.243.228.194 - - [14/Jul/2025:13:12:47 -0400] "GET /items/ccyyl267/37283?key=shock HTTP/1.1" 404 23126 "-" "Mozilla/5.0 (compatible; DataForSeoBot/1.0; +https://dataforseo.com/dataforseo-bot)"
136.243.228.194 - - [14/Jul/2025:13:12:54 -0400] "GET /items/lydhd184/21406?key=odds HTTP/1.1" 404 23128 "-" "Mozilla/5.0 (compatible; DataForSeoBot/1.0; +https://dataforseo.com/dataforseo-bot)"
136.243.228.194 - - [14/Jul/2025:13:12:59 -0400] "GET /items/xkjdh276/19770?key=donor HTTP/1.1" 404 23126 "-" "Mozilla/5.0 (compatible; DataForSeoBot/1.0; +https://dataforseo.com/dataforseo-bot)"
136.243.228.194 - - [14/Jul/2025:13:13:03 -0400] "GET /items/enggu184/16504?key=include HTTP/1.1" 404 23126 "-" "Mozilla/5.0 (compatible; DataForSeoBot/1.0; +https://dataforseo.com/dataforseo-bot)"
66.29.146.47 - - [14/Jul/2025:13:13:08 -0400] "POST /wp-cron.php?doing_wp_cron=1752513188.4872350692749023437500 HTTP/1.1" 403 1242 "-" "WordPress/6.8; https://dangroup.sa"
136.243.228.194 - - [14/Jul/2025:13:13:07 -0400] "GET /105wxnnd26044.html HTTP/1.1" 404 23126 "-" "Mozilla/5.0 (compatible; DataForSeoBot/1.0; +https://dataforseo.com/dataforseo-bot)"
136.243.228.194 - - [14/Jul/2025:13:13:14 -0400] "GET /items/fuerj43/26933?key=consequence HTTP/1.1" 404 23126 "-" "Mozilla/5.0 (compatible; DataForSeoBot/1.0; +https://dataforseo.com/dataforseo-bot)"
136.243.228.194 - - [14/Jul/2025:13:13:21 -0400] "GET /90xmdk14721.html HTTP/1.1" 404 23126 "-" "Mozilla/5.0 (compatible; DataForSeoBot/1.0; +https://dataforseo.com/dataforseo-bot)"
139.162.24.217 - - [14/Jul/2025:13:13:27 -0400] "GET /wp-login.php HTTP/1.1" 200 3092 "-" "Mozilla/5.0 (Windows NT 6.3; WOW64; rv:40.0) Gecko/20100101 Firefox/40.0"
20.171.207.27 - - [14/Jul/2025:13:13:25 -0400] "GET /121tnbif44176.html HTTP/1.1" 404 23126 "-" "Mozilla/5.0 AppleWebKit/537.36 (KHTML, like Gecko; compatible; GPTBot/1.2; +https://openai.com/gptbot)"
136.243.228.194 - - [14/Jul/2025:13:13:26 -0400] "GET /items/zuibh124/980?key=minor HTTP/1.1" 404 23126 "-" "Mozilla/5.0 (compatible; DataForSeoBot/1.0; +https://dataforseo.com/dataforseo-bot)"
139.162.24.217 - - [14/Jul/2025:13:13:34 -0400] "POST /wp-login.php HTTP/1.1" 200 3230 "-" "Mozilla/5.0 (Windows NT 6.3; WOW64; rv:40.0) Gecko/20100101 Firefox/40.0"
136.243.228.194 - - [14/Jul/2025:13:13:32 -0400] "GET /14lzohq44179.html HTTP/1.1" 404 23126 "-" "Mozilla/5.0 (compatible; DataForSeoBot/1.0; +https://dataforseo.com/dataforseo-bot)"
136.243.228.194 - - [14/Jul/2025:13:13:37 -0400] "GET /160bbjye32283.html HTTP/1.1" 404 23126 "-" "Mozilla/5.0 (compatible; DataForSeoBot/1.0; +https://dataforseo.com/dataforseo-bot)"
136.243.228.194 - - [14/Jul/2025:13:13:43 -0400] "GET /items/uepea184/18938?key=spend HTTP/1.1" 404 23126 "-" "Mozilla/5.0 (compatible; DataForSeoBot/1.0; +https://dataforseo.com/dataforseo-bot)"
136.243.228.194 - - [14/Jul/2025:13:13:48 -0400] "GET /112pmsan9425.html HTTP/1.1" 404 23126 "-" "Mozilla/5.0 (compatible; DataForSeoBot/1.0; +https://dataforseo.com/dataforseo-bot)"
47.82.60.18 - - [14/Jul/2025:13:13:56 -0400] "GET /pcmypage?callback=product/detail/re-vida-07-6445397-evergre HTTP/1.1" 301 0 "https://www.dangroup.sa/pcmypage?callback=product%2Fdetail%2Fre-vida-07-6445397-evergre" "Mozilla/5.0 (Windows NT 10.0; Win64; x64) AppleWebKit/537.36 (KHTML, like Gecko) Chrome/114.0.0.0 Safari/537.36 Edg/114.0.1823.43"
136.243.228.194 - - [14/Jul/2025:13:13:53 -0400] "GET /items/zmvch274/22898?key=name HTTP/1.1" 404 23126 "-" "Mozilla/5.0 (compatible; DataForSeoBot/1.0; +https://dataforseo.com/dataforseo-bot)"
47.82.60.5 - - [14/Jul/2025:13:13:53 -0400] "GET /pcmypage?callback=product/review/auc-eternal-2023042503 HTTP/1.1" 404 23126 "https://dangroup.sa/pcmypage?callback=product/review/auc-eternal-2023042503" "Mozilla/5.0 (Windows NT 10.0; Win64; x64) AppleWebKit/537.36 (KHTML, like Gecko) Chrome/114.0.0.0 Safari/537.36 Edg/114.0.1823.43"
47.82.60.18 - - [14/Jul/2025:13:13:59 -0400] "GET /pcmypage?callback=product/detail/re-vida-07-6445397-evergre HTTP/1.1" 200 0 "https://www.dangroup.sa/pcmypage?callback=product%2Fdetail%2Fre-vida-07-6445397-evergre" "Mozilla/5.0 (Windows NT 10.0; Win64; x64) AppleWebKit/537.36 (KHTML, like Gecko) Chrome/114.0.0.0 Safari/537.36 Edg/114.0.1823.43"
47.82.60.5 - - [14/Jul/2025:13:13:57 -0400] "GET /items/camyb33/165?key=index HTTP/1.1" 404 23128 "https://dangroup.sa/items/camyb33/165?key=index" "Mozilla/5.0 (Windows NT 10.0; Win64; x64) AppleWebKit/537.36 (KHTML, like Gecko) Chrome/114.0.0.0 Safari/537.36 Edg/114.0.1823.43"
136.243.228.194 - - [14/Jul/2025:13:14:00 -0400] "GET /items/ijjgm146/40860?key=be HTTP/1.1" 404 23126 "-" "Mozilla/5.0 (compatible; DataForSeoBot/1.0; +https://dataforseo.com/dataforseo-bot)"
66.29.146.47 - - [14/Jul/2025:13:14:10 -0400] "POST /wp-cron.php?doing_wp_cron=1752513250.1926870346069335937500 HTTP/1.1" 403 1242 "-" "WordPress/6.8; https://dangroup.sa"
139.162.24.217 - - [14/Jul/2025:13:14:09 -0400] "GET /wp-login.php HTTP/1.1" 200 3092 "-" "Mozilla/5.0 (Macintosh; Intel Mac OS X 10_11_5) AppleWebKit/537.36 (KHTML, like Gecko) Chrome/50.0.2661.102 Safari/537.36"
136.243.228.194 - - [14/Jul/2025:13:14:07 -0400] "GET /44zclcs29293.html HTTP/1.1" 404 23126 "-" "Mozilla/5.0 (compatible; DataForSeoBot/1.0; +https://dataforseo.com/dataforseo-bot)"
136.243.228.194 - - [14/Jul/2025:13:14:13 -0400] "GET /items/eovyf215/19661?key=broker HTTP/1.1" 404 23126 "-" "Mozilla/5.0 (compatible; DataForSeoBot/1.0; +https://dataforseo.com/dataforseo-bot)"
139.162.24.217 - - [14/Jul/2025:13:14:17 -0400] "POST /wp-login.php HTTP/1.1" 200 3230 "-" "Mozilla/5.0 (Macintosh; Intel Mac OS X 10_11_5) AppleWebKit/537.36 (KHTML, like Gecko) Chrome/50.0.2661.102 Safari/537.36"
136.243.228.194 - - [14/Jul/2025:13:14:18 -0400] "GET /items/tctel269/49115?key=exclusively HTTP/1.1" 404 23128 "-" "Mozilla/5.0 (compatible; DataForSeoBot/1.0; +https://dataforseo.com/dataforseo-bot)"
20.171.207.27 - - [14/Jul/2025:13:14:20 -0400] "GET /234wuvfa24969.html HTTP/1.1" 404 23128 "-" "Mozilla/5.0 AppleWebKit/537.36 (KHTML, like Gecko; compatible; GPTBot/1.2; +https://openai.com/gptbot)"
66.249.79.136 - - [14/Jul/2025:13:14:24 -0400] "GET /pcmypage?callback=product/review/autobacs-ec-4560459228166 HTTP/1.1" 200 86289 "-" "Mozilla/5.0 (Linux; Android 6.0.1; Nexus 5X Build/MMB29P) AppleWebKit/537.36 (KHTML, like Gecko) Chrome/137.0.7151.103 Mobile Safari/537.36 (compatible; Googlebot/2.1; +http://www.google.com/bot.html)"
136.243.228.194 - - [14/Jul/2025:13:14:23 -0400] "GET /73oueh47184.html HTTP/1.1" 404 23126 "-" "Mozilla/5.0 (compatible; DataForSeoBot/1.0; +https://dataforseo.com/dataforseo-bot)"
136.243.228.194 - - [14/Jul/2025:13:14:29 -0400] "GET /295kbbhm32106.html HTTP/1.1" 404 23126 "-" "Mozilla/5.0 (compatible; DataForSeoBot/1.0; +https://dataforseo.com/dataforseo-bot)"
136.243.228.194 - - [14/Jul/2025:13:14:35 -0400] "GET /210jlgp19151.html HTTP/1.1" 404 23126 "-" "Mozilla/5.0 (compatible; DataForSeoBot/1.0; +https://dataforseo.com/dataforseo-bot)"
47.82.60.29 - - [14/Jul/2025:13:14:38 -0400] "GET /items/pcsbs227/26149?key=campaign HTTP/1.1" 404 23126 "https://dangroup.sa/items/pcsbs227/26149?key=campaign" "Mozilla/5.0 (Windows NT 10.0; Win64; x64) AppleWebKit/537.36 (KHTML, like Gecko) Chrome/114.0.0.0 Safari/537.36 Edg/114.0.1823.43"
136.243.228.194 - - [14/Jul/2025:13:14:40 -0400] "GET /items/klqsv266/43560?key=member HTTP/1.1" 404 23126 "-" "Mozilla/5.0 (compatible; DataForSeoBot/1.0; +https://dataforseo.com/dataforseo-bot)"
136.243.228.194 - - [14/Jul/2025:13:14:45 -0400] "GET /289kcr36552.html HTTP/1.1" 404 23126 "-" "Mozilla/5.0 (compatible; DataForSeoBot/1.0; +https://dataforseo.com/dataforseo-bot)"
66.249.68.132 - - [14/Jul/2025:13:14:49 -0400] "GET /robots.txt HTTP/1.1" 304 0 "-" "Mozilla/5.0 (compatible; Googlebot/2.1; +http://www.google.com/bot.html)"
66.249.68.134 - - [14/Jul/2025:13:14:49 -0400] "GET /287jgprq32178.html HTTP/1.1" 200 87053 "-" "Mozilla/5.0 (Linux; Android 6.0.1; Nexus 5X Build/MMB29P) AppleWebKit/537.36 (KHTML, like Gecko) Chrome/137.0.7151.103 Mobile Safari/537.36 (compatible; Googlebot/2.1; +http://www.google.com/bot.html)"
139.162.24.217 - - [14/Jul/2025:13:14:50 -0400] "GET /wp-login.php HTTP/1.1" 200 3092 "-" "Mozilla/5.0 (Windows NT 10.0; Win64; x64) AppleWebKit/537.36 (KHTML, like Gecko) Chrome/58.0.3029.110 Safari/537.3"
136.243.228.194 - - [14/Jul/2025:13:14:50 -0400] "GET /items/ymtle25/20551?key=opening HTTP/1.1" 404 23126 "-" "Mozilla/5.0 (compatible; DataForSeoBot/1.0; +https://dataforseo.com/dataforseo-bot)"
139.162.24.217 - - [14/Jul/2025:13:14:53 -0400] "POST /wp-login.php HTTP/1.1" 200 3230 "-" "Mozilla/5.0 (Windows NT 10.0; Win64; x64) AppleWebKit/537.36 (KHTML, like Gecko) Chrome/58.0.3029.110 Safari/537.3"
136.243.228.194 - - [14/Jul/2025:13:14:56 -0400] "GET /236ehqhm15551.html HTTP/1.1" 404 23126 "-" "Mozilla/5.0 (compatible; DataForSeoBot/1.0; +https://dataforseo.com/dataforseo-bot)"
185.177.72.36 - - [14/Jul/2025:13:15:01 -0400] "GET / HTTP/1.1" 200 0 "-" "Mozilla/5.0 (Windows NT 10.0; Win64; x64) AppleWebKit/537.36 (KHTML, like Gecko) Chrome/58.0.3029.110 Safari/537.3"
136.243.228.194 - - [14/Jul/2025:13:15:01 -0400] "GET /items/nzmsr161/27779?key=literary HTTP/1.1" 404 23126 "-" "Mozilla/5.0 (compatible; DataForSeoBot/1.0; +https://dataforseo.com/dataforseo-bot)"
136.243.228.194 - - [14/Jul/2025:13:15:08 -0400] "GET /items/hauec75/34677?key=body HTTP/1.1" 404 23126 "-" "Mozilla/5.0 (compatible; DataForSeoBot/1.0; +https://dataforseo.com/dataforseo-bot)"
66.29.146.47 - - [14/Jul/2025:13:15:16 -0400] "POST /wp-cron.php?doing_wp_cron=1752513316.1042740345001220703125 HTTP/1.1" 403 1242 "-" "WordPress/6.8; https://dangroup.sa"
136.243.228.194 - - [14/Jul/2025:13:15:15 -0400] "GET /16mtpqd23509.html HTTP/1.1" 404 23126 "-" "Mozilla/5.0 (compatible; DataForSeoBot/1.0; +https://dataforseo.com/dataforseo-bot)"
20.171.207.27 - - [14/Jul/2025:13:15:16 -0400] "GET /259owlif49472.html HTTP/1.1" 404 23126 "-" "Mozilla/5.0 AppleWebKit/537.36 (KHTML, like Gecko; compatible; GPTBot/1.2; +https://openai.com/gptbot)"
139.162.24.217 - - [14/Jul/2025:13:15:27 -0400] "GET /wp-login.php HTTP/1.1" 200 3092 "-" "Mozilla/5.0 (Macintosh; Intel Mac OS X 10_11_5) AppleWebKit/537.36 (KHTML, like Gecko) Chrome/50.0.2661.102 Safari/537.36"
139.162.24.217 - - [14/Jul/2025:13:15:33 -0400] "POST /wp-login.php HTTP/1.1" 200 3230 "-" "Mozilla/5.0 (Macintosh; Intel Mac OS X 10_11_5) AppleWebKit/537.36 (KHTML, like Gecko) Chrome/50.0.2661.102 Safari/537.36"
136.243.228.194 - - [14/Jul/2025:13:16:06 -0400] "GET /238ujdsu43909.html HTTP/1.1" 404 23126 "-" "Mozilla/5.0 (compatible; DataForSeoBot/1.0; +https://dataforseo.com/dataforseo-bot)"
20.171.207.27 - - [14/Jul/2025:13:16:11 -0400] "GET /175matka49602.html HTTP/1.1" 404 23126 "-" "Mozilla/5.0 AppleWebKit/537.36 (KHTML, like Gecko; compatible; GPTBot/1.2; +https://openai.com/gptbot)"
66.29.146.47 - - [14/Jul/2025:13:16:19 -0400] "POST /wp-cron.php?doing_wp_cron=1752513379.0854310989379882812500 HTTP/1.1" 403 1242 "-" "WordPress/6.8; https://dangroup.sa"
136.243.228.194 - - [14/Jul/2025:13:16:16 -0400] "GET /92ehnw3267.html HTTP/1.1" 404 23126 "-" "Mozilla/5.0 (compatible; DataForSeoBot/1.0; +https://dataforseo.com/dataforseo-bot)"
216.73.216.160 - - [14/Jul/2025:13:16:23 -0400] "GET / HTTP/1.1" 200 0 "-" "Mozilla/5.0 AppleWebKit/537.36 (KHTML, like Gecko; compatible; ClaudeBot/1.0; +claudebot@anthropic.com)"
136.243.228.194 - - [14/Jul/2025:13:16:27 -0400] "GET /items/dxmbs7/12781?key=final HTTP/1.1" 404 23128 "-" "Mozilla/5.0 (compatible; DataForSeoBot/1.0; +https://dataforseo.com/dataforseo-bot)"
136.243.228.194 - - [14/Jul/2025:13:16:38 -0400] "GET /37dbm19966.html HTTP/1.1" 404 23126 "-" "Mozilla/5.0 (compatible; DataForSeoBot/1.0; +https://dataforseo.com/dataforseo-bot)"
136.243.228.194 - - [14/Jul/2025:13:16:45 -0400] "GET /237svzch37686.html HTTP/1.1" 404 23126 "-" "Mozilla/5.0 (compatible; DataForSeoBot/1.0; +https://dataforseo.com/dataforseo-bot)"
66.249.68.129 - - [14/Jul/2025:13:16:50 -0400] "GET /product/edit/abebuppan-ab0104nc7g6vysu-1 HTTP/1.1" 200 87533 "-" "Mozilla/5.0 (Linux; Android 6.0.1; Nexus 5X Build/MMB29P) AppleWebKit/537.36 (KHTML, like Gecko) Chrome/137.0.7151.103 Mobile Safari/537.36 (compatible; Googlebot/2.1; +http://www.google.com/bot.html)"
136.243.228.194 - - [14/Jul/2025:13:16:50 -0400] "GET /items/awcdb259/22669?key=objective HTTP/1.1" 404 23128 "-" "Mozilla/5.0 (compatible; DataForSeoBot/1.0; +https://dataforseo.com/dataforseo-bot)"
136.243.228.194 - - [14/Jul/2025:13:16:56 -0400] "GET /48suoyu45931.html HTTP/1.1" 404 23126 "-" "Mozilla/5.0 (compatible; DataForSeoBot/1.0; +https://dataforseo.com/dataforseo-bot)"
136.243.228.194 - - [14/Jul/2025:13:17:04 -0400] "GET /95fidy39076.html HTTP/1.1" 404 23128 "-" "Mozilla/5.0 (compatible; DataForSeoBot/1.0; +https://dataforseo.com/dataforseo-bot)"
20.171.207.27 - - [14/Jul/2025:13:17:09 -0400] "GET /259rtfcy11484.html HTTP/1.1" 404 23127 "-" "Mozilla/5.0 AppleWebKit/537.36 (KHTML, like Gecko; compatible; GPTBot/1.2; +https://openai.com/gptbot)"
136.243.228.194 - - [14/Jul/2025:13:17:13 -0400] "GET /189zui33696.html HTTP/1.1" 404 23126 "-" "Mozilla/5.0 (compatible; DataForSeoBot/1.0; +https://dataforseo.com/dataforseo-bot)"
69.197.135.226 - - [14/Jul/2025:13:17:24 -0400] "GET /wp-content/install.php HTTP/1.1" 200 10 "https://dangroup.sa/wp-content/install.php" "Mozilla/5.0 (Windows NT 10.0; Win64; x64) AppleWebKit/537.36 (KHTML, like Gecko) Chrome/58.0.3029.110 Safari/537.3"
66.29.146.47 - - [14/Jul/2025:13:17:27 -0400] "POST /wp-cron.php?doing_wp_cron=1752513447.1943840980529785156250 HTTP/1.1" 403 1242 "-" "WordPress/6.8; https://dangroup.sa"
136.243.228.194 - - [14/Jul/2025:13:17:25 -0400] "GET /36jomjg1441.html HTTP/1.1" 404 23126 "-" "Mozilla/5.0 (compatible; DataForSeoBot/1.0; +https://dataforseo.com/dataforseo-bot)"
136.243.228.194 - - [14/Jul/2025:13:17:38 -0400] "GET /items/amvwt260/23136?key=honor HTTP/1.1" 404 23128 "-" "Mozilla/5.0 (compatible; DataForSeoBot/1.0; +https://dataforseo.com/dataforseo-bot)"
136.243.228.194 - - [14/Jul/2025:13:17:45 -0400] "GET /139yymd14942.html HTTP/1.1" 404 23126 "-" "Mozilla/5.0 (compatible; DataForSeoBot/1.0; +https://dataforseo.com/dataforseo-bot)"
66.249.79.134 - - [14/Jul/2025:13:17:55 -0400] "GET /pcmypage?callback=product%2Fdetail%2Farde-4210-09404 HTTP/1.1" 200 87176 "-" "Mozilla/5.0 (Linux; Android 6.0.1; Nexus 5X Build/MMB29P) AppleWebKit/537.36 (KHTML, like Gecko) Chrome/137.0.7151.103 Mobile Safari/537.36 (compatible; Googlebot/2.1; +http://www.google.com/bot.html)"
136.243.228.194 - - [14/Jul/2025:13:17:51 -0400] "GET /items/egply251/47729?key=trash HTTP/1.1" 404 23126 "-" "Mozilla/5.0 (compatible; DataForSeoBot/1.0; +https://dataforseo.com/dataforseo-bot)"
136.243.228.194 - - [14/Jul/2025:13:18:00 -0400] "GET /items/gbhum157/14773?key=Democrat HTTP/1.1" 404 23126 "-" "Mozilla/5.0 (compatible; DataForSeoBot/1.0; +https://dataforseo.com/dataforseo-bot)"
20.171.207.27 - - [14/Jul/2025:13:18:08 -0400] "GET /201sijtg42836.html HTTP/1.1" 404 23126 "-" "Mozilla/5.0 AppleWebKit/537.36 (KHTML, like Gecko; compatible; GPTBot/1.2; +https://openai.com/gptbot)"
139.162.24.217 - - [14/Jul/2025:13:18:17 -0400] "GET /wp-login.php HTTP/1.1" 200 3127 "-" "Mozilla/5.0 (Windows NT 6.1; WOW64; Trident/7.0; AS; rv:11.0) like Gecko"
136.243.228.194 - - [14/Jul/2025:13:18:09 -0400] "GET /items/foakz138/20058?key=democracy HTTP/1.1" 404 23126 "-" "Mozilla/5.0 (compatible; DataForSeoBot/1.0; +https://dataforseo.com/dataforseo-bot)"
66.29.146.47 - - [14/Jul/2025:13:18:28 -0400] "POST /wp-cron.php?doing_wp_cron=1752513507.7762799263000488281250 HTTP/1.1" 403 1242 "-" "WordPress/6.8; https://dangroup.sa"
139.162.24.217 - - [14/Jul/2025:13:18:25 -0400] "POST /wp-login.php HTTP/1.1" 200 3230 "-" "Mozilla/5.0 (Windows NT 6.1; WOW64; Trident/7.0; AS; rv:11.0) like Gecko"
136.243.228.194 - - [14/Jul/2025:13:18:21 -0400] "GET /items/fqlbj37/4407?key=coup HTTP/1.1" 404 23128 "-" "Mozilla/5.0 (compatible; DataForSeoBot/1.0; +https://dataforseo.com/dataforseo-bot)"
136.243.228.194 - - [14/Jul/2025:13:18:39 -0400] "GET /276uvfzj489.html HTTP/1.1" 404 23126 "-" "Mozilla/5.0 (compatible; DataForSeoBot/1.0; +https://dataforseo.com/dataforseo-bot)"
51.38.234.109 - - [14/Jul/2025:13:18:49 -0400] "POST /xmlrpc.php HTTP/1.1" 403 1242 "https://dangroup.sa" "Mozilla/5.0 (Windows NT 10.0; Win64; x64; rv:128.0) Gecko/20100101 Firefox/128.0"
136.243.228.194 - - [14/Jul/2025:13:18:49 -0400] "GET /26emk31677.html HTTP/1.1" 404 23126 "-" "Mozilla/5.0 (compatible; DataForSeoBot/1.0; +https://dataforseo.com/dataforseo-bot)"
136.243.228.194 - - [14/Jul/2025:13:18:58 -0400] "GET /182mgz7517.html HTTP/1.1" 404 23126 "-" "Mozilla/5.0 (compatible; DataForSeoBot/1.0; +https://dataforseo.com/dataforseo-bot)"
20.171.207.27 - - [14/Jul/2025:13:19:04 -0400] "GET /272nfcyj12701.html HTTP/1.1" 404 23126 "-" "Mozilla/5.0 AppleWebKit/537.36 (KHTML, like Gecko; compatible; GPTBot/1.2; +https://openai.com/gptbot)"
136.243.228.194 - - [14/Jul/2025:13:19:05 -0400] "GET /10ynqtb3017.html HTTP/1.1" 404 23126 "-" "Mozilla/5.0 (compatible; DataForSeoBot/1.0; +https://dataforseo.com/dataforseo-bot)"
136.243.228.194 - - [14/Jul/2025:13:19:12 -0400] "GET /108bxpy2595.html HTTP/1.1" 404 23126 "-" "Mozilla/5.0 (compatible; DataForSeoBot/1.0; +https://dataforseo.com/dataforseo-bot)"
136.243.228.194 - - [14/Jul/2025:13:19:19 -0400] "GET /items/rlkgw10/47370?key=candidate HTTP/1.1" 404 23126 "-" "Mozilla/5.0 (compatible; DataForSeoBot/1.0; +https://dataforseo.com/dataforseo-bot)"
66.29.146.47 - - [14/Jul/2025:13:19:33 -0400] "POST /wp-cron.php?doing_wp_cron=1752513573.2885239124298095703125 HTTP/1.1" 403 1242 "-" "WordPress/6.8; https://dangroup.sa"
136.243.228.194 - - [14/Jul/2025:13:19:31 -0400] "GET /items/nazpl236/45384?key=others HTTP/1.1" 404 23126 "-" "Mozilla/5.0 (compatible; DataForSeoBot/1.0; +https://dataforseo.com/dataforseo-bot)"
136.243.228.194 - - [14/Jul/2025:13:19:43 -0400] "GET /items/qqbyt32/13252?key=third HTTP/1.1" 404 23126 "-" "Mozilla/5.0 (compatible; DataForSeoBot/1.0; +https://dataforseo.com/dataforseo-bot)"
136.243.228.194 - - [14/Jul/2025:13:19:52 -0400] "GET /items/kikbe288/22210?key=proceed HTTP/1.1" 404 23126 "-" "Mozilla/5.0 (compatible; DataForSeoBot/1.0; +https://dataforseo.com/dataforseo-bot)"
20.171.207.27 - - [14/Jul/2025:13:19:59 -0400] "GET /127ualqm18950.html HTTP/1.1" 404 23126 "-" "Mozilla/5.0 AppleWebKit/537.36 (KHTML, like Gecko; compatible; GPTBot/1.2; +https://openai.com/gptbot)"
136.243.228.194 - - [14/Jul/2025:13:20:01 -0400] "GET /196yysyd11065.html HTTP/1.1" 404 23126 "-" "Mozilla/5.0 (compatible; DataForSeoBot/1.0; +https://dataforseo.com/dataforseo-bot)"
136.243.228.194 - - [14/Jul/2025:13:20:07 -0400] "GET /items/jagmn28/8044?key=reminder HTTP/1.1" 404 23126 "-" "Mozilla/5.0 (compatible; DataForSeoBot/1.0; +https://dataforseo.com/dataforseo-bot)"
47.82.60.7 - - [14/Jul/2025:13:20:14 -0400] "GET /175woa27360.html HTTP/1.1" 301 0 "https://www.dangroup.sa/175woa27360.html" "Mozilla/5.0 (Windows NT 10.0; Win64; x64) AppleWebKit/537.36 (KHTML, like Gecko) Chrome/114.0.0.0 Safari/537.36 Edg/114.0.1823.43"
136.243.228.194 - - [14/Jul/2025:13:20:15 -0400] "GET /147gyeug47440.html HTTP/1.1" 404 23126 "-" "Mozilla/5.0 (compatible; DataForSeoBot/1.0; +https://dataforseo.com/dataforseo-bot)"
47.82.60.7 - - [14/Jul/2025:13:20:17 -0400] "GET /175woa27360.html HTTP/1.1" 404 23128 "https://www.dangroup.sa/175woa27360.html" "Mozilla/5.0 (Windows NT 10.0; Win64; x64) AppleWebKit/537.36 (KHTML, like Gecko) Chrome/114.0.0.0 Safari/537.36 Edg/114.0.1823.43"
139.162.24.217 - - [14/Jul/2025:13:20:27 -0400] "GET /wp-login.php HTTP/1.1" 200 3092 "-" "Mozilla/5.0 (Windows NT 6.3; WOW64; rv:40.0) Gecko/20100101 Firefox/40.0"
47.82.60.1 - - [14/Jul/2025:13:20:18 -0400] "GET /items/hhdqf284/21234?key=respectively HTTP/1.1" 404 23126 "https://dangroup.sa/items/hhdqf284/21234?key=respectively" "Mozilla/5.0 (Windows NT 10.0; Win64; x64) AppleWebKit/537.36 (KHTML, like Gecko) Chrome/114.0.0.0 Safari/537.36 Edg/114.0.1823.43"
136.243.228.194 - - [14/Jul/2025:13:20:25 -0400] "GET /items/vvjjq77/19991?key=mortgage HTTP/1.1" 404 23128 "-" "Mozilla/5.0 (compatible; DataForSeoBot/1.0; +https://dataforseo.com/dataforseo-bot)"
66.29.146.47 - - [14/Jul/2025:13:20:39 -0400] "POST /wp-cron.php?doing_wp_cron=1752513638.8794009685516357421875 HTTP/1.1" 403 1242 "-" "WordPress/6.8; https://dangroup.sa"
139.162.24.217 - - [14/Jul/2025:13:20:36 -0400] "POST /wp-login.php HTTP/1.1" 200 3230 "-" "Mozilla/5.0 (Windows NT 6.3; WOW64; rv:40.0) Gecko/20100101 Firefox/40.0"
40.127.130.21 - - [14/Jul/2025:13:20:39 -0400] "GET /wp-content/plugins/hellopress/wp_filemanager.php HTTP/1.1" 404 23126 "-" "-"
136.243.228.194 - - [14/Jul/2025:13:20:39 -0400] "GET /278wcjm899.html HTTP/1.1" 404 23126 "-" "Mozilla/5.0 (compatible; DataForSeoBot/1.0; +https://dataforseo.com/dataforseo-bot)"
40.127.130.21 - - [14/Jul/2025:13:20:51 -0400] "GET /alfanew.php HTTP/1.1" 404 23126 "-" "-"
136.243.228.194 - - [14/Jul/2025:13:20:54 -0400] "GET /items/xugdv6/10648?key=crawl HTTP/1.1" 404 23126 "-" "Mozilla/5.0 (compatible; DataForSeoBot/1.0; +https://dataforseo.com/dataforseo-bot)"
20.171.207.27 - - [14/Jul/2025:13:20:57 -0400] "GET /237utsim19116.html HTTP/1.1" 404 23127 "-" "Mozilla/5.0 AppleWebKit/537.36 (KHTML, like Gecko; compatible; GPTBot/1.2; +https://openai.com/gptbot)"
40.127.130.21 - - [14/Jul/2025:13:21:01 -0400] "GET /htaccess.php HTTP/1.1" 200 0 "-" "-"
139.162.24.217 - - [14/Jul/2025:13:21:14 -0400] "GET /wp-login.php HTTP/1.1" 200 3092 "-" "Mozilla/5.0 (Windows NT 10.0; Win64; x64) AppleWebKit/537.36 (KHTML, like Gecko) Chrome/58.0.3029.110 Safari/537.3"
47.82.60.2 - - [14/Jul/2025:13:21:01 -0400] "GET /items/oiryf1/29031?key=field HTTP/1.1" 404 23126 "https://dangroup.sa/items/oiryf1/29031?key=field" "Mozilla/5.0 (Windows NT 10.0; Win64; x64) AppleWebKit/537.36 (KHTML, like Gecko) Chrome/114.0.0.0 Safari/537.36 Edg/114.0.1823.43"
136.243.228.194 - - [14/Jul/2025:13:21:03 -0400] "GET /items/zfptg198/32914?key=comply HTTP/1.1" 404 23128 "-" "Mozilla/5.0 (compatible; DataForSeoBot/1.0; +https://dataforseo.com/dataforseo-bot)"
40.127.130.21 - - [14/Jul/2025:13:21:15 -0400] "GET /readme.php HTTP/1.1" 200 0 "-" "-"
139.162.24.217 - - [14/Jul/2025:13:21:21 -0400] "POST /wp-login.php HTTP/1.1" 200 3272 "-" "Mozilla/5.0 (Windows NT 10.0; Win64; x64) AppleWebKit/537.36 (KHTML, like Gecko) Chrome/58.0.3029.110 Safari/537.3"
47.82.60.21 - - [14/Jul/2025:13:21:34 -0400] "GET /249owq30588.html HTTP/1.1" 301 0 "https://www.dangroup.sa/249owq30588.html" "Mozilla/5.0 (Windows NT 10.0; Win64; x64) AppleWebKit/537.36 (KHTML, like Gecko) Chrome/114.0.0.0 Safari/537.36 Edg/114.0.1823.43"
136.243.228.194 - - [14/Jul/2025:13:21:21 -0400] "GET /49rdbh15596.html HTTP/1.1" 404 23126 "-" "Mozilla/5.0 (compatible; DataForSeoBot/1.0; +https://dataforseo.com/dataforseo-bot)"
66.29.146.47 - - [14/Jul/2025:13:21:39 -0400] "POST /wp-cron.php?doing_wp_cron=1752513699.5923910140991210937500 HTTP/1.1" 403 1242 "-" "WordPress/6.8; https://dangroup.sa"
40.127.130.21 - - [14/Jul/2025:13:21:30 -0400] "GET /as.php HTTP/1.1" 404 23128 "-" "-"
47.82.60.21 - - [14/Jul/2025:13:21:38 -0400] "GET /249owq30588.html HTTP/1.1" 404 23126 "https://www.dangroup.sa/249owq30588.html" "Mozilla/5.0 (Windows NT 10.0; Win64; x64) AppleWebKit/537.36 (KHTML, like Gecko) Chrome/114.0.0.0 Safari/537.36 Edg/114.0.1823.43"
136.243.228.194 - - [14/Jul/2025:13:21:39 -0400] "GET /1fwx7662.html HTTP/1.1" 404 23128 "-" "Mozilla/5.0 (compatible; DataForSeoBot/1.0; +https://dataforseo.com/dataforseo-bot)"
40.127.130.21 - - [14/Jul/2025:13:21:43 -0400] "GET /403.php HTTP/1.1" 404 23128 "-" "-"
20.171.207.27 - - [14/Jul/2025:13:21:55 -0400] "GET /221gwcrz40168.html HTTP/1.1" 404 23126 "-" "Mozilla/5.0 AppleWebKit/537.36 (KHTML, like Gecko; compatible; GPTBot/1.2; +https://openai.com/gptbot)"
136.243.228.194 - - [14/Jul/2025:13:21:56 -0400] "GET /237ycxus47422.html HTTP/1.1" 404 23126 "-" "Mozilla/5.0 (compatible; DataForSeoBot/1.0; +https://dataforseo.com/dataforseo-bot)"
40.127.130.21 - - [14/Jul/2025:13:21:57 -0400] "GET /max.php HTTP/1.1" 404 23126 "-" "-"
47.82.60.13 - - [14/Jul/2025:13:22:13 -0400] "GET /88gyod941.html HTTP/1.1" 301 0 "https://www.dangroup.sa/88gyod941.html" "Mozilla/5.0 (Windows NT 10.0; Win64; x64) AppleWebKit/537.36 (KHTML, like Gecko) Chrome/114.0.0.0 Safari/537.36 Edg/114.0.1823.43"
136.243.228.194 - - [14/Jul/2025:13:22:10 -0400] "GET /29ytcc36116.html HTTP/1.1" 404 23126 "-" "Mozilla/5.0 (compatible; DataForSeoBot/1.0; +https://dataforseo.com/dataforseo-bot)"
40.127.130.21 - - [14/Jul/2025:13:22:10 -0400] "GET /m.php HTTP/1.1" 404 23126 "-" "-"
47.82.60.13 - - [14/Jul/2025:13:22:17 -0400] "GET /88gyod941.html HTTP/1.1" 404 23126 "https://www.dangroup.sa/88gyod941.html" "Mozilla/5.0 (Windows NT 10.0; Win64; x64) AppleWebKit/537.36 (KHTML, like Gecko) Chrome/114.0.0.0 Safari/537.36 Edg/114.0.1823.43"
136.243.228.194 - - [14/Jul/2025:13:22:23 -0400] "GET /items/qornd299/41011?key=compromise HTTP/1.1" 404 23128 "-" "Mozilla/5.0 (compatible; DataForSeoBot/1.0; +https://dataforseo.com/dataforseo-bot)"
40.127.130.21 - - [14/Jul/2025:13:22:24 -0400] "GET /post.php HTTP/1.1" 404 23126 "-" "-"
66.29.146.47 - - [14/Jul/2025:13:22:41 -0400] "POST /wp-cron.php?doing_wp_cron=1752513760.5888299942016601562500 HTTP/1.1" 403 1242 "-" "WordPress/6.8; https://dangroup.sa"
66.29.146.47 - - [14/Jul/2025:13:22:41 -0400] "POST /wp-cron.php?doing_wp_cron=1752513760.7161359786987304687500 HTTP/1.1" 403 1242 "-" "WordPress/6.8; https://dangroup.sa"
136.243.228.194 - - [14/Jul/2025:13:22:38 -0400] "GET /296chvaw22589.html HTTP/1.1" 404 23126 "-" "Mozilla/5.0 (compatible; DataForSeoBot/1.0; +https://dataforseo.com/dataforseo-bot)"
40.127.130.21 - - [14/Jul/2025:13:22:38 -0400] "GET /themes.php HTTP/1.1" 404 23126 "-" "-"
40.127.130.21 - - [14/Jul/2025:13:22:51 -0400] "GET /wp-content/themes/astra/inc/ki1k.php HTTP/1.1" 404 23126 "-" "-"
136.243.228.194 - - [14/Jul/2025:13:22:53 -0400] "GET /66yfy3949.html HTTP/1.1" 404 23126 "-" "Mozilla/5.0 (compatible; DataForSeoBot/1.0; +https://dataforseo.com/dataforseo-bot)"
20.171.207.27 - - [14/Jul/2025:13:22:53 -0400] "GET /181txczf25422.html HTTP/1.1" 404 23126 "-" "Mozilla/5.0 AppleWebKit/537.36 (KHTML, like Gecko; compatible; GPTBot/1.2; +https://openai.com/gptbot)"
40.127.130.21 - - [14/Jul/2025:13:23:06 -0400] "GET /ALFA_DATA/index.php HTTP/1.1" 301 0 "-" "-"
136.243.228.194 - - [14/Jul/2025:13:23:07 -0400] "GET /33vfofp39860.html HTTP/1.1" 404 23126 "-" "Mozilla/5.0 (compatible; DataForSeoBot/1.0; +https://dataforseo.com/dataforseo-bot)"
40.127.130.21 - - [14/Jul/2025:13:23:08 -0400] "GET /ALFA_DATA/ HTTP/1.1" 404 23128 "-" "-"
47.82.60.10 - - [14/Jul/2025:13:23:28 -0400] "GET /items/rarfp154/38972?key=seventh HTTP/1.1" 301 0 "https://www.dangroup.sa/items/rarfp154/38972?key=seventh" "Mozilla/5.0 (Windows NT 10.0; Win64; x64) AppleWebKit/537.36 (KHTML, like Gecko) Chrome/114.0.0.0 Safari/537.36 Edg/114.0.1823.43"
40.127.130.21 - - [14/Jul/2025:13:23:18 -0400] "GET /wp-admin/maint/about.php HTTP/1.1" 404 23126 "-" "-"
139.59.79.178 - - [14/Jul/2025:13:23:26 -0400] "POST /wp-login.php HTTP/1.1" 200 3230 "-" "Mozilla/5.0"
139.162.24.217 - - [14/Jul/2025:13:23:29 -0400] "GET /wp-login.php HTTP/1.1" 200 3092 "-" "Mozilla/5.0 (Macintosh; Intel Mac OS X 10_11_5) AppleWebKit/537.36 (KHTML, like Gecko) Chrome/50.0.2661.102 Safari/537.36"
136.243.228.194 - - [14/Jul/2025:13:23:19 -0400] "GET /items/hwcxl260/36124?key=pitcher HTTP/1.1" 404 23126 "-" "Mozilla/5.0 (compatible; DataForSeoBot/1.0; +https://dataforseo.com/dataforseo-bot)"
40.127.130.21 - - [14/Jul/2025:13:23:32 -0400] "GET /wp-admin/network/wp-conflg.php?p= HTTP/1.1" 301 0 "-" "-"
139.162.24.217 - - [14/Jul/2025:13:23:36 -0400] "POST /wp-login.php HTTP/1.1" 200 3230 "-" "Mozilla/5.0 (Macintosh; Intel Mac OS X 10_11_5) AppleWebKit/537.36 (KHTML, like Gecko) Chrome/50.0.2661.102 Safari/537.36"
40.127.130.21 - - [14/Jul/2025:13:23:34 -0400] "GET /wp-admin/network/wp-conflg.php HTTP/1.1" 200 0 "-" "-"
47.82.60.10 - - [14/Jul/2025:13:23:32 -0400] "GET /items/rarfp154/38972?key=seventh HTTP/1.1" 404 23126 "https://www.dangroup.sa/items/rarfp154/38972?key=seventh" "Mozilla/5.0 (Windows NT 10.0; Win64; x64) AppleWebKit/537.36 (KHTML, like Gecko) Chrome/114.0.0.0 Safari/537.36 Edg/114.0.1823.43"
136.243.228.194 - - [14/Jul/2025:13:23:35 -0400] "GET /items/igmid91/46215?key=lip HTTP/1.1" 404 23126 "-" "Mozilla/5.0 (compatible; DataForSeoBot/1.0; +https://dataforseo.com/dataforseo-bot)"
40.127.130.21 - - [14/Jul/2025:13:23:47 -0400] "GET /click.php HTTP/1.1" 404 23128 "-" "-"
20.171.207.27 - - [14/Jul/2025:13:23:51 -0400] "GET /193setku25248.html HTTP/1.1" 404 23128 "-" "Mozilla/5.0 AppleWebKit/537.36 (KHTML, like Gecko; compatible; GPTBot/1.2; +https://openai.com/gptbot)"
136.243.228.194 - - [14/Jul/2025:13:23:53 -0400] "GET /items/nopgk31/43213?key=diverse HTTP/1.1" 404 23126 "-" "Mozilla/5.0 (compatible; DataForSeoBot/1.0; +https://dataforseo.com/dataforseo-bot)"
40.127.130.21 - - [14/Jul/2025:13:24:00 -0400] "GET /install.php HTTP/1.1" 404 23126 "-" "-"
47.82.60.10 - - [14/Jul/2025:13:24:00 -0400] "GET /items/kgurm246/47376?key=material HTTP/1.1" 404 23126 "https://dangroup.sa/items/kgurm246/47376?key=material" "Mozilla/5.0 (Windows NT 10.0; Win64; x64) AppleWebKit/537.36 (KHTML, like Gecko) Chrome/114.0.0.0 Safari/537.36 Edg/114.0.1823.43"
136.243.228.194 - - [14/Jul/2025:13:24:10 -0400] "GET /items/jjxwo110/1070?key=organism HTTP/1.1" 404 23126 "-" "Mozilla/5.0 (compatible; DataForSeoBot/1.0; +https://dataforseo.com/dataforseo-bot)"
40.127.130.21 - - [14/Jul/2025:13:24:13 -0400] "GET /lv.php HTTP/1.1" 404 23126 "-" "-"
136.243.228.194 - - [14/Jul/2025:13:24:17 -0400] "GET /9sjtjt26542.html HTTP/1.1" 404 23126 "-" "Mozilla/5.0 (compatible; DataForSeoBot/1.0; +https://dataforseo.com/dataforseo-bot)"
40.127.130.21 - - [14/Jul/2025:13:24:18 -0400] "GET /simple.php HTTP/1.1" 200 0 "-" "-"
139.162.24.217 - - [14/Jul/2025:13:24:36 -0400] "GET /wp-login.php HTTP/1.1" 200 3092 "-" "Mozilla/5.0 (Windows NT 10.0; Win64; x64) AppleWebKit/537.36 (KHTML, like Gecko) Chrome/58.0.3029.110 Safari/537.3"
136.243.228.194 - - [14/Jul/2025:13:24:29 -0400] "GET /211tfwns11664.html HTTP/1.1" 404 23126 "-" "Mozilla/5.0 (compatible; DataForSeoBot/1.0; +https://dataforseo.com/dataforseo-bot)"
40.127.130.21 - - [14/Jul/2025:13:24:34 -0400] "GET /13k.php HTTP/1.1" 404 23126 "-" "-"
139.162.24.217 - - [14/Jul/2025:13:24:46 -0400] "POST /wp-login.php HTTP/1.1" 200 3230 "-" "Mozilla/5.0 (Windows NT 10.0; Win64; x64) AppleWebKit/537.36 (KHTML, like Gecko) Chrome/58.0.3029.110 Safari/537.3"
20.171.207.27 - - [14/Jul/2025:13:24:47 -0400] "GET /241menas49346.html HTTP/1.1" 404 23126 "-" "Mozilla/5.0 AppleWebKit/537.36 (KHTML, like Gecko; compatible; GPTBot/1.2; +https://openai.com/gptbot)"
136.243.228.194 - - [14/Jul/2025:13:24:48 -0400] "GET /215ieuxi43998.html HTTP/1.1" 404 23126 "-" "Mozilla/5.0 (compatible; DataForSeoBot/1.0; +https://dataforseo.com/dataforseo-bot)"
40.127.130.21 - - [14/Jul/2025:13:24:48 -0400] "GET /css.php HTTP/1.1" 200 0 "-" "-"
40.127.130.21 - - [14/Jul/2025:13:25:04 -0400] "GET /0x1949.php HTTP/1.1" 404 23126 "-" "-"
136.243.228.194 - - [14/Jul/2025:13:25:04 -0400] "GET /148nso29963.html HTTP/1.1" 404 23126 "-" "Mozilla/5.0 (compatible; DataForSeoBot/1.0; +https://dataforseo.com/dataforseo-bot)"
40.127.130.21 - - [14/Jul/2025:13:25:16 -0400] "GET /cong.php HTTP/1.1" 200 0 "-" "-"
136.243.228.194 - - [14/Jul/2025:13:25:17 -0400] "GET /items/ztsgb298/41436?key=refugee HTTP/1.1" 404 23126 "-" "Mozilla/5.0 (compatible; DataForSeoBot/1.0; +https://dataforseo.com/dataforseo-bot)"
139.162.24.217 - - [14/Jul/2025:13:25:26 -0400] "GET /wp-login.php HTTP/1.1" 200 3127 "-" "Mozilla/5.0 (Macintosh; Intel Mac OS X 10_11_5) AppleWebKit/537.36 (KHTML, like Gecko) Chrome/50.0.2661.102 Safari/537.36"
139.162.24.217 - - [14/Jul/2025:13:25:33 -0400] "POST /wp-login.php HTTP/1.1" 200 3230 "-" "Mozilla/5.0 (Macintosh; Intel Mac OS X 10_11_5) AppleWebKit/537.36 (KHTML, like Gecko) Chrome/50.0.2661.102 Safari/537.36"
40.127.130.21 - - [14/Jul/2025:13:25:30 -0400] "GET /fw.php HTTP/1.1" 404 23126 "-" "-"
136.243.228.194 - - [14/Jul/2025:13:25:32 -0400] "GET /items/qgoam63/10959?key=ban HTTP/1.1" 404 23126 "-" "Mozilla/5.0 (compatible; DataForSeoBot/1.0; +https://dataforseo.com/dataforseo-bot)"
40.127.130.21 - - [14/Jul/2025:13:25:44 -0400] "GET /bs1.php HTTP/1.1" 404 23126 "-" "-"
20.171.207.27 - - [14/Jul/2025:13:25:45 -0400] "GET /273jnipg31634.html HTTP/1.1" 404 23126 "-" "Mozilla/5.0 AppleWebKit/537.36 (KHTML, like Gecko; compatible; GPTBot/1.2; +https://openai.com/gptbot)"
136.243.228.194 - - [14/Jul/2025:13:25:47 -0400] "GET /241kyezx16628.html HTTP/1.1" 404 23126 "-" "Mozilla/5.0 (compatible; DataForSeoBot/1.0; +https://dataforseo.com/dataforseo-bot)"
66.29.146.47 - - [14/Jul/2025:13:25:59 -0400] "POST /wp-cron.php?doing_wp_cron=1752513959.4964809417724609375000 HTTP/1.1" 403 1242 "-" "WordPress/6.8; https://dangroup.sa"
40.127.130.21 - - [14/Jul/2025:13:25:57 -0400] "GET /wp-includes/images/wp-login.php HTTP/1.1" 404 23126 "-" "-"
136.243.228.194 - - [14/Jul/2025:13:26:02 -0400] "GET /275sitc20576.html HTTP/1.1" 404 23126 "-" "Mozilla/5.0 (compatible; DataForSeoBot/1.0; +https://dataforseo.com/dataforseo-bot)"
40.127.130.21 - - [14/Jul/2025:13:26:07 -0400] "GET /termps.php HTTP/1.1" 404 23128 "-" "-"
136.243.228.194 - - [14/Jul/2025:13:26:15 -0400] "GET /212uzy24291.html HTTP/1.1" 404 23128 "-" "Mozilla/5.0 (compatible; DataForSeoBot/1.0; +https://dataforseo.com/dataforseo-bot)"
40.127.130.21 - - [14/Jul/2025:13:26:18 -0400] "GET /brand.php HTTP/1.1" 404 23126 "-" "-"
139.162.24.217 - - [14/Jul/2025:13:26:36 -0400] "GET /wp-login.php HTTP/1.1" 200 3092 "-" "Mozilla/5.0 (Windows NT 10.0; Win64; x64) AppleWebKit/537.36 (KHTML, like Gecko) Chrome/58.0.3029.110 Safari/537.3"
136.243.228.194 - - [14/Jul/2025:13:26:26 -0400] "GET /items/zdjki273/5643?key=oclock HTTP/1.1" 404 23128 "-" "Mozilla/5.0 (compatible; DataForSeoBot/1.0; +https://dataforseo.com/dataforseo-bot)"
40.127.130.21 - - [14/Jul/2025:13:26:27 -0400] "GET /goods.php HTTP/1.1" 200 0 "-" "-"
139.162.24.217 - - [14/Jul/2025:13:26:45 -0400] "POST /wp-login.php HTTP/1.1" 200 3230 "-" "Mozilla/5.0 (Windows NT 10.0; Win64; x64) AppleWebKit/537.36 (KHTML, like Gecko) Chrome/58.0.3029.110 Safari/537.3"
20.171.207.27 - - [14/Jul/2025:13:26:40 -0400] "GET /275lcbiq12462.html HTTP/1.1" 404 23128 "-" "Mozilla/5.0 AppleWebKit/537.36 (KHTML, like Gecko; compatible; GPTBot/1.2; +https://openai.com/gptbot)"
40.127.130.21 - - [14/Jul/2025:13:26:43 -0400] "GET /cong.php HTTP/1.1" 404 23126 "-" "-"
40.127.130.21 - - [14/Jul/2025:13:26:56 -0400] "GET /atomlib.php HTTP/1.1" 404 23126 "-" "-"
66.29.146.47 - - [14/Jul/2025:13:27:09 -0400] "POST /wp-cron.php?doing_wp_cron=1752514028.6828749179840087890625 HTTP/1.1" 403 1242 "-" "WordPress/6.8; https://dangroup.sa"
40.127.130.21 - - [14/Jul/2025:13:27:06 -0400] "GET /w.php HTTP/1.1" 404 23126 "-" "-"
139.162.24.217 - - [14/Jul/2025:13:27:21 -0400] "GET /wp-login.php HTTP/1.1" 200 3092 "-" "Mozilla/5.0 (Windows NT 6.3; WOW64; rv:40.0) Gecko/20100101 Firefox/40.0"
136.243.228.194 - - [14/Jul/2025:13:27:17 -0400] "GET /170uibce2475.html HTTP/1.1" 404 23128 "-" "Mozilla/5.0 (compatible; DataForSeoBot/1.0; +https://dataforseo.com/dataforseo-bot)"
40.127.130.21 - - [14/Jul/2025:13:27:18 -0400] "GET /404.php?fm=true HTTP/1.1" 404 23128 "-" "-"
139.162.24.217 - - [14/Jul/2025:13:27:29 -0400] "POST /wp-login.php HTTP/1.1" 200 3230 "-" "Mozilla/5.0 (Windows NT 6.3; WOW64; rv:40.0) Gecko/20100101 Firefox/40.0"
