139.162.24.217 - - [14/Jul/2025:11:03:19 -0400] "POST /wp-login.php HTTP/1.1" 200 3230 "-" "Mozilla/5.0 (Windows NT 6.1; WOW64; Trident/7.0; AS; rv:11.0) like Gecko"
136.243.228.194 - - [14/Jul/2025:11:03:18 -0400] "GET /71kgjtz3550.html HTTP/1.1" 404 23126 "-" "Mozilla/5.0 (compatible; DataForSeoBot/1.0; +https://dataforseo.com/dataforseo-bot)"
136.243.228.194 - - [14/Jul/2025:11:03:26 -0400] "GET /282dvhg12787.html HTTP/1.1" 404 23126 "-" "Mozilla/5.0 (compatible; DataForSeoBot/1.0; +https://dataforseo.com/dataforseo-bot)"
20.171.207.27 - - [14/Jul/2025:11:03:31 -0400] "GET /221ucvxf47864.html HTTP/1.1" 404 23126 "-" "Mozilla/5.0 AppleWebKit/537.36 (KHTML, like Gecko; compatible; GPTBot/1.2; +https://openai.com/gptbot)"
136.243.228.194 - - [14/Jul/2025:11:03:33 -0400] "GET /272ogfj36037.html HTTP/1.1" 404 23126 "-" "Mozilla/5.0 (compatible; DataForSeoBot/1.0; +https://dataforseo.com/dataforseo-bot)"
185.8.173.159 - - [14/Jul/2025:11:03:44 -0400] "POST /xmlrpc.php HTTP/1.1" 403 1242 "https://dangroup.sa" "Mozilla/5.0 (Macintosh; Intel Mac OS X 13_3) AppleWebKit/537.36 (KHTML, like Gecko) Chrome/126.0.0.0 Safari/537.36 Edg/126.0.0.0"
66.29.146.47 - - [14/Jul/2025:11:03:52 -0400] "POST /wp-cron.php?doing_wp_cron=1752505431.5769870281219482421875 HTTP/1.1" 403 1242 "-" "WordPress/6.8; https://dangroup.sa"
139.162.24.217 - - [14/Jul/2025:11:03:50 -0400] "GET /wp-login.php HTTP/1.1" 200 3127 "-" "Mozilla/5.0 (Windows NT 6.1; WOW64; Trident/7.0; AS; rv:11.0) like Gecko"
136.243.228.194 - - [14/Jul/2025:11:03:45 -0400] "GET /44gma35277.html HTTP/1.1" 404 23126 "-" "Mozilla/5.0 (compatible; DataForSeoBot/1.0; +https://dataforseo.com/dataforseo-bot)"
139.162.24.217 - - [14/Jul/2025:11:03:57 -0400] "POST /wp-login.php HTTP/1.1" 200 3272 "-" "Mozilla/5.0 (Windows NT 6.1; WOW64; Trident/7.0; AS; rv:11.0) like Gecko"
139.162.24.217 - - [14/Jul/2025:11:05:18 -0400] "POST /wp-login.php HTTP/1.1" 200 3230 "-" "Mozilla/5.0 (Macintosh; Intel Mac OS X 10_11_5) AppleWebKit/537.36 (KHTML, like Gecko) Chrome/50.0.2661.102 Safari/537.36"
136.243.228.194 - - [14/Jul/2025:11:05:16 -0400] "GET /121xmr14202.html HTTP/1.1" 404 23126 "-" "Mozilla/5.0 (compatible; DataForSeoBot/1.0; +https://dataforseo.com/dataforseo-bot)"
20.171.207.27 - - [14/Jul/2025:11:05:21 -0400] "GET /126gipqz37769.html HTTP/1.1" 404 23126 "-" "Mozilla/5.0 AppleWebKit/537.36 (KHTML, like Gecko; compatible; GPTBot/1.2; +https://openai.com/gptbot)"
136.243.228.194 - - [14/Jul/2025:11:05:25 -0400] "GET /items/sqeos237/24169?key=Islam HTTP/1.1" 404 23126 "-" "Mozilla/5.0 (compatible; DataForSeoBot/1.0; +https://dataforseo.com/dataforseo-bot)"
136.243.228.194 - - [14/Jul/2025:11:05:34 -0400] "GET /items/zwfmr96/11988?key=tumor HTTP/1.1" 404 23126 "-" "Mozilla/5.0 (compatible; DataForSeoBot/1.0; +https://dataforseo.com/dataforseo-bot)"
139.59.79.178 - - [14/Jul/2025:11:05:40 -0400] "POST /wp-login.php HTTP/1.1" 200 3230 "-" "Mozilla/5.0"
136.243.228.194 - - [14/Jul/2025:11:05:43 -0400] "GET /240swflh17499.html HTTP/1.1" 404 23126 "-" "Mozilla/5.0 (compatible; DataForSeoBot/1.0; +https://dataforseo.com/dataforseo-bot)"
136.243.228.194 - - [14/Jul/2025:11:05:51 -0400] "GET /items/yymko112/48218?key=repeatedly HTTP/1.1" 404 23126 "-" "Mozilla/5.0 (compatible; DataForSeoBot/1.0; +https://dataforseo.com/dataforseo-bot)"
66.29.146.47 - - [14/Jul/2025:11:06:01 -0400] "POST /wp-cron.php?doing_wp_cron=1752505560.3941550254821777343750 HTTP/1.1" 403 0 "-" "WordPress/6.8; https://dangroup.sa"
136.243.228.194 - - [14/Jul/2025:11:05:59 -0400] "GET /137gkw4550.html HTTP/1.1" 404 23126 "-" "Mozilla/5.0 (compatible; DataForSeoBot/1.0; +https://dataforseo.com/dataforseo-bot)"
136.243.228.194 - - [14/Jul/2025:11:06:07 -0400] "GET /items/bzwie94/33350?key=clinic HTTP/1.1" 404 23126 "-" "Mozilla/5.0 (compatible; DataForSeoBot/1.0; +https://dataforseo.com/dataforseo-bot)"
136.243.228.194 - - [14/Jul/2025:11:06:13 -0400] "GET /149zqltl38540.html HTTP/1.1" 404 23126 "-" "Mozilla/5.0 (compatible; DataForSeoBot/1.0; +https://dataforseo.com/dataforseo-bot)"
20.171.207.27 - - [14/Jul/2025:11:06:18 -0400] "GET /108avhal47599.html HTTP/1.1" 404 23126 "-" "Mozilla/5.0 AppleWebKit/537.36 (KHTML, like Gecko; compatible; GPTBot/1.2; +https://openai.com/gptbot)"
136.243.228.194 - - [14/Jul/2025:11:06:19 -0400] "GET /items/ulosz26/27298?key=magazine HTTP/1.1" 404 23126 "-" "Mozilla/5.0 (compatible; DataForSeoBot/1.0; +https://dataforseo.com/dataforseo-bot)"
136.243.228.194 - - [14/Jul/2025:11:06:30 -0400] "GET /items/amtsf53/13827?key=exhibition HTTP/1.1" 404 23126 "-" "Mozilla/5.0 (compatible; DataForSeoBot/1.0; +https://dataforseo.com/dataforseo-bot)"
136.243.228.194 - - [14/Jul/2025:11:06:41 -0400] "GET /items/fudmd263/14941?key=equip HTTP/1.1" 404 23126 "-" "Mozilla/5.0 (compatible; DataForSeoBot/1.0; +https://dataforseo.com/dataforseo-bot)"
136.243.228.194 - - [14/Jul/2025:11:06:54 -0400] "GET /290vbcn36831.html HTTP/1.1" 404 23126 "-" "Mozilla/5.0 (compatible; DataForSeoBot/1.0; +https://dataforseo.com/dataforseo-bot)"
66.29.146.47 - - [14/Jul/2025:11:07:07 -0400] "POST /wp-cron.php?doing_wp_cron=1752505626.6948649883270263671875 HTTP/1.1" 403 1242 "-" "WordPress/6.8; https://dangroup.sa"
136.243.228.194 - - [14/Jul/2025:11:07:05 -0400] "GET /items/ojydv43/7295?key=streak HTTP/1.1" 404 23126 "-" "Mozilla/5.0 (compatible; DataForSeoBot/1.0; +https://dataforseo.com/dataforseo-bot)"
136.243.228.194 - - [14/Jul/2025:11:07:16 -0400] "GET /151djawn6554.html HTTP/1.1" 404 23126 "-" "Mozilla/5.0 (compatible; DataForSeoBot/1.0; +https://dataforseo.com/dataforseo-bot)"
20.171.207.27 - - [14/Jul/2025:11:07:17 -0400] "GET /209ytgcq31738.html HTTP/1.1" 404 23126 "-" "Mozilla/5.0 AppleWebKit/537.36 (KHTML, like Gecko; compatible; GPTBot/1.2; +https://openai.com/gptbot)"
136.243.228.194 - - [14/Jul/2025:11:03:55 -0400] "GET /81mcn14878.html HTTP/1.1" 404 23126 "-" "Mozilla/5.0 (compatible; DataForSeoBot/1.0; +https://dataforseo.com/dataforseo-bot)"
136.243.228.194 - - [14/Jul/2025:11:04:06 -0400] "GET /140zhpbb47461.html HTTP/1.1" 404 23126 "-" "Mozilla/5.0 (compatible; DataForSeoBot/1.0; +https://dataforseo.com/dataforseo-bot)"
136.243.228.194 - - [14/Jul/2025:11:04:15 -0400] "GET /296hte8991.html HTTP/1.1" 404 23128 "-" "Mozilla/5.0 (compatible; DataForSeoBot/1.0; +https://dataforseo.com/dataforseo-bot)"
136.243.228.194 - - [14/Jul/2025:11:04:24 -0400] "GET /items/fxkxs117/32667?key=compare HTTP/1.1" 404 23126 "-" "Mozilla/5.0 (compatible; DataForSeoBot/1.0; +https://dataforseo.com/dataforseo-bot)"
139.162.24.217 - - [14/Jul/2025:11:04:29 -0400] "GET /wp-login.php HTTP/1.1" 200 3092 "-" "Mozilla/5.0 (Windows NT 10.0; Win64; x64) AppleWebKit/537.36 (KHTML, like Gecko) Chrome/58.0.3029.110 Safari/537.3"
20.171.207.27 - - [14/Jul/2025:11:04:26 -0400] "GET /269uthvm38502.html HTTP/1.1" 404 23126 "-" "Mozilla/5.0 AppleWebKit/537.36 (KHTML, like Gecko; compatible; GPTBot/1.2; +https://openai.com/gptbot)"
139.162.24.217 - - [14/Jul/2025:11:04:37 -0400] "POST /wp-login.php HTTP/1.1" 200 3272 "-" "Mozilla/5.0 (Windows NT 10.0; Win64; x64) AppleWebKit/537.36 (KHTML, like Gecko) Chrome/58.0.3029.110 Safari/537.3"
136.243.228.194 - - [14/Jul/2025:11:04:34 -0400] "GET /74jtxh8299.html HTTP/1.1" 404 23128 "-" "Mozilla/5.0 (compatible; DataForSeoBot/1.0; +https://dataforseo.com/dataforseo-bot)"
136.243.228.194 - - [14/Jul/2025:11:04:44 -0400] "GET /2ndxx861.html HTTP/1.1" 404 23128 "-" "Mozilla/5.0 (compatible; DataForSeoBot/1.0; +https://dataforseo.com/dataforseo-bot)"
66.29.146.47 - - [14/Jul/2025:11:04:57 -0400] "POST /wp-cron.php?doing_wp_cron=1752505497.1089019775390625000000 HTTP/1.1" 403 1242 "-" "WordPress/6.8; https://dangroup.sa"
136.243.228.194 - - [14/Jul/2025:11:04:56 -0400] "GET /items/xmlbq62/28514?key=struggle HTTP/1.1" 404 23126 "-" "Mozilla/5.0 (compatible; DataForSeoBot/1.0; +https://dataforseo.com/dataforseo-bot)"
136.243.228.194 - - [14/Jul/2025:11:05:05 -0400] "GET /items/qhmsp127/49229?key=spy HTTP/1.1" 404 23126 "-" "Mozilla/5.0 (compatible; DataForSeoBot/1.0; +https://dataforseo.com/dataforseo-bot)"
139.162.24.217 - - [14/Jul/2025:11:05:10 -0400] "GET /wp-login.php HTTP/1.1" 200 3092 "-" "Mozilla/5.0 (Macintosh; Intel Mac OS X 10_11_5) AppleWebKit/537.36 (KHTML, like Gecko) Chrome/50.0.2661.102 Safari/537.36"
139.162.24.217 - - [14/Jul/2025:11:07:28 -0400] "GET /wp-login.php HTTP/1.1" 200 3127 "-" "Mozilla/5.0 (Windows NT 10.0; Win64; x64) AppleWebKit/537.36 (KHTML, like Gecko) Chrome/58.0.3029.110 Safari/537.3"
139.162.24.217 - - [14/Jul/2025:11:07:33 -0400] "POST /wp-login.php HTTP/1.1" 200 3230 "-" "Mozilla/5.0 (Windows NT 10.0; Win64; x64) AppleWebKit/537.36 (KHTML, like Gecko) Chrome/58.0.3029.110 Safari/537.3"
136.243.228.194 - - [14/Jul/2025:11:07:31 -0400] "GET /207oxmps27374.html HTTP/1.1" 404 23126 "-" "Mozilla/5.0 (compatible; DataForSeoBot/1.0; +https://dataforseo.com/dataforseo-bot)"
136.243.228.194 - - [14/Jul/2025:11:07:43 -0400] "GET /items/bqhqd128/21372?key=rocket HTTP/1.1" 404 23126 "-" "Mozilla/5.0 (compatible; DataForSeoBot/1.0; +https://dataforseo.com/dataforseo-bot)"
136.243.228.194 - - [14/Jul/2025:11:07:52 -0400] "GET /items/bvhac264/31138?key=overall HTTP/1.1" 404 23126 "-" "Mozilla/5.0 (compatible; DataForSeoBot/1.0; +https://dataforseo.com/dataforseo-bot)"
136.243.228.194 - - [14/Jul/2025:11:08:04 -0400] "GET /27elcid15294.html HTTP/1.1" 404 23128 "-" "Mozilla/5.0 (compatible; DataForSeoBot/1.0; +https://dataforseo.com/dataforseo-bot)"
66.29.146.47 - - [14/Jul/2025:11:08:13 -0400] "POST /wp-cron.php?doing_wp_cron=1752505693.0952570438385009765625 HTTP/1.1" 403 1242 "-" "WordPress/6.8; https://dangroup.sa"
20.171.207.27 - - [14/Jul/2025:11:08:12 -0400] "GET /268cgdjq46647.html HTTP/1.1" 404 23126 "-" "Mozilla/5.0 AppleWebKit/537.36 (KHTML, like Gecko; compatible; GPTBot/1.2; +https://openai.com/gptbot)"
136.243.228.194 - - [14/Jul/2025:11:08:14 -0400] "GET /101oawm30790.html HTTP/1.1" 404 23126 "-" "Mozilla/5.0 (compatible; DataForSeoBot/1.0; +https://dataforseo.com/dataforseo-bot)"
136.243.228.194 - - [14/Jul/2025:11:08:26 -0400] "GET /93azxq5718.html HTTP/1.1" 404 23126 "-" "Mozilla/5.0 (compatible; DataForSeoBot/1.0; +https://dataforseo.com/dataforseo-bot)"
139.162.24.217 - - [14/Jul/2025:11:08:31 -0400] "GET /wp-login.php HTTP/1.1" 200 3092 "-" "Mozilla/5.0 (Macintosh; Intel Mac OS X 10_11_5) AppleWebKit/537.36 (KHTML, like Gecko) Chrome/50.0.2661.102 Safari/537.36"
139.162.24.217 - - [14/Jul/2025:11:08:38 -0400] "POST /wp-login.php HTTP/1.1" 200 3230 "-" "Mozilla/5.0 (Macintosh; Intel Mac OS X 10_11_5) AppleWebKit/537.36 (KHTML, like Gecko) Chrome/50.0.2661.102 Safari/537.36"
136.243.228.194 - - [14/Jul/2025:11:08:36 -0400] "GET /items/qfsdq204/36330?key=nevertheless HTTP/1.1" 404 23126 "-" "Mozilla/5.0 (compatible; DataForSeoBot/1.0; +https://dataforseo.com/dataforseo-bot)"
204.12.252.98 - - [14/Jul/2025:11:08:44 -0400] "GET /wp-content/install.php HTTP/1.1" 200 10 "https://dangroup.sa/wp-content/install.php" "Mozilla/5.0 (Windows NT 10.0; Win64; x64) AppleWebKit/537.36 (KHTML, like Gecko) Chrome/58.0.3029.110 Safari/537.3"
136.243.228.194 - - [14/Jul/2025:11:08:45 -0400] "GET /242xpq49431.html HTTP/1.1" 404 23126 "-" "Mozilla/5.0 (compatible; DataForSeoBot/1.0; +https://dataforseo.com/dataforseo-bot)"
136.243.228.194 - - [14/Jul/2025:11:08:54 -0400] "GET /158pxx30599.html HTTP/1.1" 404 23126 "-" "Mozilla/5.0 (compatible; DataForSeoBot/1.0; +https://dataforseo.com/dataforseo-bot)"
136.243.228.194 - - [14/Jul/2025:11:09:02 -0400] "GET /items/vqeee39/64463?key=apparent HTTP/1.1" 404 23126 "-" "Mozilla/5.0 (compatible; DataForSeoBot/1.0; +https://dataforseo.com/dataforseo-bot)"
66.29.146.47 - - [14/Jul/2025:11:09:15 -0400] "POST /wp-cron.php?doing_wp_cron=1752505754.7203459739685058593750 HTTP/1.1" 403 1242 "-" "WordPress/6.8; https://dangroup.sa"
139.162.24.217 - - [14/Jul/2025:11:09:12 -0400] "GET /wp-login.php HTTP/1.1" 200 3092 "-" "Mozilla/5.0 (Windows NT 6.3; WOW64; rv:40.0) Gecko/20100101 Firefox/40.0"
40.77.167.60 - - [14/Jul/2025:11:09:19 -0400] "GET /vedoxru25358qgastroenterologically HTTP/1.1" 200 17 "-" "Mozilla/5.0 AppleWebKit/537.36 (KHTML, like Gecko; compatible; bingbot/2.0; +http://www.bing.com/bingbot.htm) Chrome/116.0.1938.76 Safari/537.36"
20.171.207.27 - - [14/Jul/2025:11:09:10 -0400] "GET /179ksiab44008.html HTTP/1.1" 404 23126 "-" "Mozilla/5.0 AppleWebKit/537.36 (KHTML, like Gecko; compatible; GPTBot/1.2; +https://openai.com/gptbot)"
136.243.228.194 - - [14/Jul/2025:11:09:10 -0400] "GET /items/uljls65/35745?key=entry HTTP/1.1" 404 23126 "-" "Mozilla/5.0 (compatible; DataForSeoBot/1.0; +https://dataforseo.com/dataforseo-bot)"
139.162.24.217 - - [14/Jul/2025:11:09:19 -0400] "POST /wp-login.php HTTP/1.1" 200 3230 "-" "Mozilla/5.0 (Windows NT 6.3; WOW64; rv:40.0) Gecko/20100101 Firefox/40.0"
136.243.228.194 - - [14/Jul/2025:11:09:25 -0400] "GET /141czvny39496.html HTTP/1.1" 404 23126 "-" "Mozilla/5.0 (compatible; DataForSeoBot/1.0; +https://dataforseo.com/dataforseo-bot)"
136.243.228.194 - - [14/Jul/2025:11:09:40 -0400] "GET /items/vbrxe274/37156?key=absolutely HTTP/1.1" 404 23126 "-" "Mozilla/5.0 (compatible; DataForSeoBot/1.0; +https://dataforseo.com/dataforseo-bot)"
139.162.24.217 - - [14/Jul/2025:11:09:52 -0400] "GET /wp-login.php HTTP/1.1" 200 3092 "-" "Mozilla/5.0 (Windows NT 6.1; WOW64; Trident/7.0; AS; rv:11.0) like Gecko"
136.243.228.194 - - [14/Jul/2025:11:09:53 -0400] "GET /items/fvgbs31/16535?key=thus HTTP/1.1" 404 23126 "-" "Mozilla/5.0 (compatible; DataForSeoBot/1.0; +https://dataforseo.com/dataforseo-bot)"
139.162.24.217 - - [14/Jul/2025:11:09:59 -0400] "POST /wp-login.php HTTP/1.1" 200 3230 "-" "Mozilla/5.0 (Windows NT 6.1; WOW64; Trident/7.0; AS; rv:11.0) like Gecko"
136.243.228.194 - - [14/Jul/2025:11:10:02 -0400] "GET /items/upbbs149/40977?key=whale HTTP/1.1" 404 23126 "-" "Mozilla/5.0 (compatible; DataForSeoBot/1.0; +https://dataforseo.com/dataforseo-bot)"
20.171.207.27 - - [14/Jul/2025:11:10:07 -0400] "GET /267nqdzq29218.html HTTP/1.1" 404 23126 "-" "Mozilla/5.0 AppleWebKit/537.36 (KHTML, like Gecko; compatible; GPTBot/1.2; +https://openai.com/gptbot)"
136.243.228.194 - - [14/Jul/2025:11:10:11 -0400] "GET /101vacb16264.html HTTP/1.1" 404 23126 "-" "Mozilla/5.0 (compatible; DataForSeoBot/1.0; +https://dataforseo.com/dataforseo-bot)"
136.243.228.194 - - [14/Jul/2025:11:10:21 -0400] "GET /items/sjsix67/47715?key=conflict HTTP/1.1" 404 23126 "-" "Mozilla/5.0 (compatible; DataForSeoBot/1.0; +https://dataforseo.com/dataforseo-bot)"
47.82.60.60 - - [14/Jul/2025:11:10:27 -0400] "GET /items/bfzth229/23837?key=government HTTP/1.1" 301 0 "https://www.dangroup.sa/items/bfzth229/23837?key=government" "Mozilla/5.0 (Windows NT 10.0; Win64; x64) AppleWebKit/537.36 (KHTML, like Gecko) Chrome/114.0.0.0 Safari/537.36 Edg/114.0.1823.43"
136.243.228.194 - - [14/Jul/2025:11:10:32 -0400] "GET /items/npwjr256/14452?key=tuck HTTP/1.1" 404 23126 "-" "Mozilla/5.0 (compatible; DataForSeoBot/1.0; +https://dataforseo.com/dataforseo-bot)"
47.82.60.60 - - [14/Jul/2025:11:10:32 -0400] "GET /items/bfzth229/23837?key=government HTTP/1.1" 404 23126 "https://www.dangroup.sa/items/bfzth229/23837?key=government" "Mozilla/5.0 (Windows NT 10.0; Win64; x64) AppleWebKit/537.36 (KHTML, like Gecko) Chrome/114.0.0.0 Safari/537.36 Edg/114.0.1823.43"
47.82.60.28 - - [14/Jul/2025:11:10:39 -0400] "GET /pcmypage?callback=product/detail/autostyle-micz000054-004-0a HTTP/1.1" 301 0 "https://www.dangroup.sa/pcmypage?callback=product%2Fdetail%2Fautostyle-micz000054-004-0a" "Mozilla/5.0 (Windows NT 10.0; Win64; x64) AppleWebKit/537.36 (KHTML, like Gecko) Chrome/114.0.0.0 Safari/537.36 Edg/114.0.1823.43"
136.243.228.194 - - [14/Jul/2025:11:10:42 -0400] "GET /106mdqx35173.html HTTP/1.1" 404 23126 "-" "Mozilla/5.0 (compatible; DataForSeoBot/1.0; +https://dataforseo.com/dataforseo-bot)"
47.82.60.28 - - [14/Jul/2025:11:10:43 -0400] "GET /pcmypage?callback=product/detail/autostyle-micz000054-004-0a HTTP/1.1" 404 23126 "https://www.dangroup.sa/pcmypage?callback=product%2Fdetail%2Fautostyle-micz000054-004-0a" "Mozilla/5.0 (Windows NT 10.0; Win64; x64) AppleWebKit/537.36 (KHTML, like Gecko) Chrome/114.0.0.0 Safari/537.36 Edg/114.0.1823.43"
136.243.228.194 - - [14/Jul/2025:11:11:21 -0400] "GET /items/katmb43/3689?key=mentor HTTP/1.1" 404 23126 "-" "Mozilla/5.0 (compatible; DataForSeoBot/1.0; +https://dataforseo.com/dataforseo-bot)"
66.29.146.47 - - [14/Jul/2025:11:11:30 -0400] "POST /wp-cron.php?doing_wp_cron=1752505890.0867578983306884765625 HTTP/1.1" 403 1242 "-" "WordPress/6.8; https://dangroup.sa"
136.243.228.194 - - [14/Jul/2025:11:11:29 -0400] "GET /106ogxvz26513.html HTTP/1.1" 404 23126 "-" "Mozilla/5.0 (compatible; DataForSeoBot/1.0; +https://dataforseo.com/dataforseo-bot)"
136.243.228.194 - - [14/Jul/2025:11:11:39 -0400] "GET /items/mvsic15/27299?key=extremely HTTP/1.1" 404 23126 "-" "Mozilla/5.0 (compatible; DataForSeoBot/1.0; +https://dataforseo.com/dataforseo-bot)"
136.243.228.194 - - [14/Jul/2025:11:11:45 -0400] "GET /items/cejlm281/39473?key=lot HTTP/1.1" 404 23126 "-" "Mozilla/5.0 (compatible; DataForSeoBot/1.0; +https://dataforseo.com/dataforseo-bot)"
139.162.24.217 - - [14/Jul/2025:11:11:49 -0400] "GET /wp-login.php HTTP/1.1" 200 3092 "-" "Mozilla/5.0 (Windows NT 10.0; Win64; x64) AppleWebKit/537.36 (KHTML, like Gecko) Chrome/58.0.3029.110 Safari/537.3"
139.162.24.217 - - [14/Jul/2025:11:11:54 -0400] "POST /wp-login.php HTTP/1.1" 200 3230 "-" "Mozilla/5.0 (Windows NT 10.0; Win64; x64) AppleWebKit/537.36 (KHTML, like Gecko) Chrome/58.0.3029.110 Safari/537.3"
47.82.60.23 - - [14/Jul/2025:11:11:55 -0400] "GET /pcmypage?callback=product/review/dainago-oth-acc110-black HTTP/1.1" 301 0 "https://www.dangroup.sa/pcmypage?callback=product/review/dainago-oth-acc110-black" "Mozilla/5.0 (Windows NT 10.0; Win64; x64) AppleWebKit/537.36 (KHTML, like Gecko) Chrome/114.0.0.0 Safari/537.36 Edg/114.0.1823.43"
136.243.228.194 - - [14/Jul/2025:11:11:52 -0400] "GET /83ydddi40654.html HTTP/1.1" 404 23126 "-" "Mozilla/5.0 (compatible; DataForSeoBot/1.0; +https://dataforseo.com/dataforseo-bot)"
47.82.60.23 - - [14/Jul/2025:11:11:58 -0400] "GET /pcmypage?callback=product/review/dainago-oth-acc110-black HTTP/1.1" 404 23126 "https://www.dangroup.sa/pcmypage?callback=product/review/dainago-oth-acc110-black" "Mozilla/5.0 (Windows NT 10.0; Win64; x64) AppleWebKit/537.36 (KHTML, like Gecko) Chrome/114.0.0.0 Safari/537.36 Edg/114.0.1823.43"
136.243.228.194 - - [14/Jul/2025:11:12:00 -0400] "GET /items/gkvag281/17201?key=reward HTTP/1.1" 404 23126 "-" "Mozilla/5.0 (compatible; DataForSeoBot/1.0; +https://dataforseo.com/dataforseo-bot)"
20.171.207.27 - - [14/Jul/2025:11:12:02 -0400] "GET /196scgsm22905.html HTTP/1.1" 404 23126 "-" "Mozilla/5.0 AppleWebKit/537.36 (KHTML, like Gecko; compatible; GPTBot/1.2; +https://openai.com/gptbot)"
136.243.228.194 - - [14/Jul/2025:11:12:11 -0400] "GET /85qwo43168.html HTTP/1.1" 404 23126 "-" "Mozilla/5.0 (compatible; DataForSeoBot/1.0; +https://dataforseo.com/dataforseo-bot)"
136.243.228.194 - - [14/Jul/2025:11:12:18 -0400] "GET /items/cywjh225/42969?key=sexually HTTP/1.1" 404 23126 "-" "Mozilla/5.0 (compatible; DataForSeoBot/1.0; +https://dataforseo.com/dataforseo-bot)"
136.243.228.194 - - [14/Jul/2025:11:12:25 -0400] "GET /192oqkf39527.html HTTP/1.1" 404 23126 "-" "Mozilla/5.0 (compatible; DataForSeoBot/1.0; +https://dataforseo.com/dataforseo-bot)"
66.29.146.47 - - [14/Jul/2025:11:12:32 -0400] "POST /wp-cron.php?doing_wp_cron=1752505951.9793839454650878906250 HTTP/1.1" 403 1242 "-" "WordPress/6.8; https://dangroup.sa"
136.243.228.194 - - [14/Jul/2025:11:12:31 -0400] "GET /items/tocnd101/17139?key=Israeli HTTP/1.1" 404 23126 "-" "Mozilla/5.0 (compatible; DataForSeoBot/1.0; +https://dataforseo.com/dataforseo-bot)"
136.243.228.194 - - [14/Jul/2025:11:12:38 -0400] "GET /253rdbyq12154.html HTTP/1.1" 404 23126 "-" "Mozilla/5.0 (compatible; DataForSeoBot/1.0; +https://dataforseo.com/dataforseo-bot)"
139.162.24.217 - - [14/Jul/2025:11:12:45 -0400] "GET /wp-login.php HTTP/1.1" 200 3092 "-" "Mozilla/5.0 (Windows NT 6.1; WOW64; Trident/7.0; AS; rv:11.0) like Gecko"
136.243.228.194 - - [14/Jul/2025:11:12:45 -0400] "GET /27gqn23400.html HTTP/1.1" 404 23126 "-" "Mozilla/5.0 (compatible; DataForSeoBot/1.0; +https://dataforseo.com/dataforseo-bot)"
47.82.60.29 - - [14/Jul/2025:11:10:51 -0400] "GET /8bpo27541.html HTTP/1.1" 404 23126 "https://dangroup.sa/8bpo27541.html" "Mozilla/5.0 (Windows NT 10.0; Win64; x64) AppleWebKit/537.36 (KHTML, like Gecko) Chrome/114.0.0.0 Safari/537.36 Edg/114.0.1823.43"
136.243.228.194 - - [14/Jul/2025:11:10:53 -0400] "GET /81yuy5974.html HTTP/1.1" 404 23126 "-" "Mozilla/5.0 (compatible; DataForSeoBot/1.0; +https://dataforseo.com/dataforseo-bot)"
52.167.144.235 - - [14/Jul/2025:11:11:06 -0400] "GET /mpunczi19993hundefiledly HTTP/1.1" 200 17 "-" "Mozilla/5.0 AppleWebKit/537.36 (KHTML, like Gecko; compatible; bingbot/2.0; +http://www.bing.com/bingbot.htm) Chrome/116.0.1938.76 Safari/537.36"
136.243.228.194 - - [14/Jul/2025:11:11:01 -0400] "GET /items/dvbgr299/42249?key=emergency HTTP/1.1" 404 23126 "-" "Mozilla/5.0 (compatible; DataForSeoBot/1.0; +https://dataforseo.com/dataforseo-bot)"
20.171.207.27 - - [14/Jul/2025:11:11:06 -0400] "GET /287rsgdg34916.html HTTP/1.1" 404 23126 "-" "Mozilla/5.0 AppleWebKit/537.36 (KHTML, like Gecko; compatible; GPTBot/1.2; +https://openai.com/gptbot)"
136.243.228.194 - - [14/Jul/2025:11:11:12 -0400] "GET /193oavcy44814.html HTTP/1.1" 404 23126 "-" "Mozilla/5.0 (compatible; DataForSeoBot/1.0; +https://dataforseo.com/dataforseo-bot)"
139.162.24.217 - - [14/Jul/2025:11:12:50 -0400] "POST /wp-login.php HTTP/1.1" 200 3230 "-" "Mozilla/5.0 (Windows NT 6.1; WOW64; Trident/7.0; AS; rv:11.0) like Gecko"
136.243.228.194 - - [14/Jul/2025:11:12:54 -0400] "GET /63xel47914.html HTTP/1.1" 404 23126 "-" "Mozilla/5.0 (compatible; DataForSeoBot/1.0; +https://dataforseo.com/dataforseo-bot)"
20.171.207.27 - - [14/Jul/2025:11:13:00 -0400] "GET /136cpgse34657.html HTTP/1.1" 404 23126 "-" "Mozilla/5.0 AppleWebKit/537.36 (KHTML, like Gecko; compatible; GPTBot/1.2; +https://openai.com/gptbot)"
136.243.228.194 - - [14/Jul/2025:11:13:02 -0400] "GET /items/wdskw188/34900?key=laser HTTP/1.1" 404 23126 "-" "Mozilla/5.0 (compatible; DataForSeoBot/1.0; +https://dataforseo.com/dataforseo-bot)"
136.243.228.194 - - [14/Jul/2025:11:13:11 -0400] "GET /items/icyvt232/26140?key=entrance HTTP/1.1" 404 23126 "-" "Mozilla/5.0 (compatible; DataForSeoBot/1.0; +https://dataforseo.com/dataforseo-bot)"
136.243.228.194 - - [14/Jul/2025:11:13:17 -0400] "GET /219ubr44324.html HTTP/1.1" 404 23126 "-" "Mozilla/5.0 (compatible; DataForSeoBot/1.0; +https://dataforseo.com/dataforseo-bot)"
136.243.228.194 - - [14/Jul/2025:11:13:24 -0400] "GET /items/rholq256/17804?key=fare HTTP/1.1" 404 23128 "-" "Mozilla/5.0 (compatible; DataForSeoBot/1.0; +https://dataforseo.com/dataforseo-bot)"
136.243.228.194 - - [14/Jul/2025:11:13:30 -0400] "GET /57zivt2280.html HTTP/1.1" 404 23126 "-" "Mozilla/5.0 (compatible; DataForSeoBot/1.0; +https://dataforseo.com/dataforseo-bot)"
66.29.146.47 - - [14/Jul/2025:11:13:37 -0400] "POST /wp-cron.php?doing_wp_cron=1752506017.2758889198303222656250 HTTP/1.1" 403 1242 "-" "WordPress/6.8; https://dangroup.sa"
136.243.228.194 - - [14/Jul/2025:11:13:36 -0400] "GET /items/exadl160/31500?key=difficult HTTP/1.1" 404 23126 "-" "Mozilla/5.0 (compatible; DataForSeoBot/1.0; +https://dataforseo.com/dataforseo-bot)"
136.243.228.194 - - [14/Jul/2025:11:13:42 -0400] "GET /items/klyqi131/60567?key=evolve HTTP/1.1" 404 23126 "-" "Mozilla/5.0 (compatible; DataForSeoBot/1.0; +https://dataforseo.com/dataforseo-bot)"
139.162.24.217 - - [14/Jul/2025:11:13:48 -0400] "GET /wp-login.php HTTP/1.1" 200 3092 "-" "Mozilla/5.0 (Windows NT 6.3; WOW64; rv:40.0) Gecko/20100101 Firefox/40.0"
136.243.228.194 - - [14/Jul/2025:11:13:47 -0400] "GET /241ach44814.html HTTP/1.1" 404 23126 "-" "Mozilla/5.0 (compatible; DataForSeoBot/1.0; +https://dataforseo.com/dataforseo-bot)"
139.162.24.217 - - [14/Jul/2025:11:13:56 -0400] "POST /wp-login.php HTTP/1.1" 200 3230 "-" "Mozilla/5.0 (Windows NT 6.3; WOW64; rv:40.0) Gecko/20100101 Firefox/40.0"
136.243.228.194 - - [14/Jul/2025:11:13:56 -0400] "GET /186bggcg24879.html HTTP/1.1" 404 23126 "-" "Mozilla/5.0 (compatible; DataForSeoBot/1.0; +https://dataforseo.com/dataforseo-bot)"
20.171.207.27 - - [14/Jul/2025:11:13:56 -0400] "GET /295refrx48794.html HTTP/1.1" 404 23126 "-" "Mozilla/5.0 AppleWebKit/537.36 (KHTML, like Gecko; compatible; GPTBot/1.2; +https://openai.com/gptbot)"
136.243.228.194 - - [14/Jul/2025:11:14:04 -0400] "GET /26rrsj40895.html HTTP/1.1" 404 23126 "-" "Mozilla/5.0 (compatible; DataForSeoBot/1.0; +https://dataforseo.com/dataforseo-bot)"
136.243.228.194 - - [14/Jul/2025:11:14:10 -0400] "GET /29pvt23482.html HTTP/1.1" 404 23126 "-" "Mozilla/5.0 (compatible; DataForSeoBot/1.0; +https://dataforseo.com/dataforseo-bot)"
136.243.228.194 - - [14/Jul/2025:11:14:17 -0400] "GET /items/afkew108/35838?key=promotion HTTP/1.1" 404 23126 "-" "Mozilla/5.0 (compatible; DataForSeoBot/1.0; +https://dataforseo.com/dataforseo-bot)"
136.243.228.194 - - [14/Jul/2025:11:14:24 -0400] "GET /265itv21258.html HTTP/1.1" 404 23126 "-" "Mozilla/5.0 (compatible; DataForSeoBot/1.0; +https://dataforseo.com/dataforseo-bot)"
139.162.24.217 - - [14/Jul/2025:11:14:30 -0400] "GET /wp-login.php HTTP/1.1" 200 3092 "-" "Mozilla/5.0 (Macintosh; Intel Mac OS X 10_11_5) AppleWebKit/537.36 (KHTML, like Gecko) Chrome/50.0.2661.102 Safari/537.36"
136.243.228.194 - - [14/Jul/2025:11:14:31 -0400] "GET /22ecl11053.html HTTP/1.1" 404 23126 "-" "Mozilla/5.0 (compatible; DataForSeoBot/1.0; +https://dataforseo.com/dataforseo-bot)"
192.250.229.38 - - [14/Jul/2025:11:14:37 -0400] "POST /xmlrpc.php HTTP/1.1" 403 1242 "https://dangroup.sa" "Mozilla/5.0 (Windows NT 10.0; Win64; x64) AppleWebKit/537.36 (KHTML, like Gecko) Chrome/126.0.0.0 Safari/537.36"
66.29.146.47 - - [14/Jul/2025:11:14:37 -0400] "POST /wp-cron.php?doing_wp_cron=1752506077.2797288894653320312500 HTTP/1.1" 403 1242 "-" "WordPress/6.8; https://dangroup.sa"
139.162.24.217 - - [14/Jul/2025:11:14:36 -0400] "POST /wp-login.php HTTP/1.1" 200 3230 "-" "Mozilla/5.0 (Macintosh; Intel Mac OS X 10_11_5) AppleWebKit/537.36 (KHTML, like Gecko) Chrome/50.0.2661.102 Safari/537.36"
136.243.228.194 - - [14/Jul/2025:11:14:39 -0400] "GET /items/qpadc144/37626?key=frankly HTTP/1.1" 404 23126 "-" "Mozilla/5.0 (compatible; DataForSeoBot/1.0; +https://dataforseo.com/dataforseo-bot)"
136.243.228.194 - - [14/Jul/2025:11:14:46 -0400] "GET /items/qyqvr61/22919?key=scheme HTTP/1.1" 404 23126 "-" "Mozilla/5.0 (compatible; DataForSeoBot/1.0; +https://dataforseo.com/dataforseo-bot)"
66.249.79.135 - - [14/Jul/2025:11:14:50 -0400] "GET /items/jorph36/27162?key=orientation HTTP/1.1" 200 87195 "-" "Mozilla/5.0 (Linux; Android 6.0.1; Nexus 5X Build/MMB29P) AppleWebKit/537.36 (KHTML, like Gecko) Chrome/137.0.7151.103 Mobile Safari/537.36 (compatible; Googlebot/2.1; +http://www.google.com/bot.html)"
20.171.207.27 - - [14/Jul/2025:11:14:50 -0400] "GET /296oduda39567.html HTTP/1.1" 404 23126 "-" "Mozilla/5.0 AppleWebKit/537.36 (KHTML, like Gecko; compatible; GPTBot/1.2; +https://openai.com/gptbot)"
136.243.228.194 - - [14/Jul/2025:11:14:51 -0400] "GET /83kerii8748.html HTTP/1.1" 404 23126 "-" "Mozilla/5.0 (compatible; DataForSeoBot/1.0; +https://dataforseo.com/dataforseo-bot)"
136.243.228.194 - - [14/Jul/2025:11:14:59 -0400] "GET /77xhmhr16086.html HTTP/1.1" 404 23126 "-" "Mozilla/5.0 (compatible; DataForSeoBot/1.0; +https://dataforseo.com/dataforseo-bot)"
136.243.228.194 - - [14/Jul/2025:11:15:05 -0400] "GET /items/pyfkg35/38045?key=lemon HTTP/1.1" 404 23126 "-" "Mozilla/5.0 (compatible; DataForSeoBot/1.0; +https://dataforseo.com/dataforseo-bot)"
139.162.24.217 - - [14/Jul/2025:11:15:07 -0400] "GET /wp-login.php HTTP/1.1" 200 3092 "-" "Mozilla/5.0 (Windows NT 6.1; WOW64; Trident/7.0; AS; rv:11.0) like Gecko"
69.197.135.226 - - [14/Jul/2025:11:15:11 -0400] "GET /wp-content/install.php HTTP/1.1" 200 10 "https://dangroup.sa/wp-content/install.php" "Mozilla/5.0 (Windows NT 10.0; Win64; x64) AppleWebKit/537.36 (KHTML, like Gecko) Chrome/58.0.3029.110 Safari/537.3"
136.243.228.194 - - [14/Jul/2025:11:15:11 -0400] "GET /6uabhm16355.html HTTP/1.1" 404 23126 "-" "Mozilla/5.0 (compatible; DataForSeoBot/1.0; +https://dataforseo.com/dataforseo-bot)"
139.162.24.217 - - [14/Jul/2025:11:15:17 -0400] "POST /wp-login.php HTTP/1.1" 200 3230 "-" "Mozilla/5.0 (Windows NT 6.1; WOW64; Trident/7.0; AS; rv:11.0) like Gecko"
136.243.228.194 - - [14/Jul/2025:11:15:17 -0400] "GET /114gfsh29833.html HTTP/1.1" 404 23128 "-" "Mozilla/5.0 (compatible; DataForSeoBot/1.0; +https://dataforseo.com/dataforseo-bot)"
143.244.57.92 - - [14/Jul/2025:11:15:19 -0400] "GET / HTTP/1.1" 200 33218 "-" "Mozilla/5.0 (Windows NT 10.0; Win64; x64) AppleWebKit/537.36 (KHTML, like Gecko) Chrome/78.0.3904.108 Safari/537.36"
136.243.228.194 - - [14/Jul/2025:11:15:23 -0400] "GET /165qiol21334.html HTTP/1.1" 404 23126 "-" "Mozilla/5.0 (compatible; DataForSeoBot/1.0; +https://dataforseo.com/dataforseo-bot)"
143.244.57.92 - - [14/Jul/2025:11:15:28 -0400] "GET //wp-includes/wlwmanifest.xml HTTP/1.1" 301 0 "-" "Mozilla/5.0 (Windows NT 10.0; Win64; x64) AppleWebKit/537.36 (KHTML, like Gecko) Chrome/78.0.3904.108 Safari/537.36"
143.244.57.92 - - [14/Jul/2025:11:15:29 -0400] "GET //xmlrpc.php?rsd HTTP/1.1" 403 1242 "-" "Mozilla/5.0 (Windows NT 10.0; Win64; x64) AppleWebKit/537.36 (KHTML, like Gecko) Chrome/78.0.3904.108 Safari/537.36"
136.243.228.194 - - [14/Jul/2025:11:15:30 -0400] "GET /items/snxsd230/12606?key=publicity HTTP/1.1" 404 23126 "-" "Mozilla/5.0 (compatible; DataForSeoBot/1.0; +https://dataforseo.com/dataforseo-bot)"
143.244.57.92 - - [14/Jul/2025:11:15:30 -0400] "GET / HTTP/1.1" 200 33218 "-" "Mozilla/5.0 (Windows NT 10.0; Win64; x64) AppleWebKit/537.36 (KHTML, like Gecko) Chrome/78.0.3904.108 Safari/537.36"
143.244.57.92 - - [14/Jul/2025:11:15:40 -0400] "GET //?author=1 HTTP/1.1" 301 0 "-" "Mozilla/5.0 (Windows NT 10.0; Win64; x64) AppleWebKit/537.36 (KHTML, like Gecko) Chrome/78.0.3904.108 Safari/537.36"
143.244.57.92 - - [14/Jul/2025:11:15:43 -0400] "GET //?author=2 HTTP/1.1" 301 0 "-" "Mozilla/5.0 (Windows NT 10.0; Win64; x64) AppleWebKit/537.36 (KHTML, like Gecko) Chrome/78.0.3904.108 Safari/537.36"
136.243.228.194 - - [14/Jul/2025:11:15:39 -0400] "GET /items/uxidp125/28029?key=depart HTTP/1.1" 404 23126 "-" "Mozilla/5.0 (compatible; DataForSeoBot/1.0; +https://dataforseo.com/dataforseo-bot)"
143.244.57.92 - - [14/Jul/2025:11:15:45 -0400] "GET //wp-json/wp/v2/users/ HTTP/1.1" 200 886 "-" "Mozilla/5.0 (Windows NT 10.0; Win64; x64) AppleWebKit/537.36 (KHTML, like Gecko) Chrome/78.0.3904.108 Safari/537.36"
143.244.57.92 - - [14/Jul/2025:11:15:46 -0400] "POST //xmlrpc.php HTTP/1.1" 403 1242 "-" "Mozilla/5.0 (Windows NT 10.0; Win64; x64) AppleWebKit/537.36 (KHTML, like Gecko) Chrome/78.0.3904.108 Safari/537.36"
136.243.228.194 - - [14/Jul/2025:11:15:46 -0400] "GET /154biga13197.html HTTP/1.1" 404 23126 "-" "Mozilla/5.0 (compatible; DataForSeoBot/1.0; +https://dataforseo.com/dataforseo-bot)"
66.249.68.130 - - [14/Jul/2025:11:15:52 -0400] "GET /items/tifgf188/8134?key=guidance HTTP/1.1" 200 87046 "-" "Mozilla/5.0 (Linux; Android 6.0.1; Nexus 5X Build/MMB29P) AppleWebKit/537.36 (KHTML, like Gecko) Chrome/137.0.7151.103 Mobile Safari/537.36 (compatible; Googlebot/2.1; +http://www.google.com/bot.html)"
20.171.207.27 - - [14/Jul/2025:11:15:49 -0400] "GET /234aaued20693.html HTTP/1.1" 404 23126 "-" "Mozilla/5.0 AppleWebKit/537.36 (KHTML, like Gecko; compatible; GPTBot/1.2; +https://openai.com/gptbot)"
66.249.68.129 - - [14/Jul/2025:11:15:53 -0400] "GET /items/zzlfz96/11568?key=feeling HTTP/1.1" 200 86510 "-" "Mozilla/5.0 (Linux; Android 6.0.1; Nexus 5X Build/MMB29P) AppleWebKit/537.36 (KHTML, like Gecko) Chrome/137.0.7151.103 Mobile Safari/537.36 (compatible; Googlebot/2.1; +http://www.google.com/bot.html)"
136.243.228.194 - - [14/Jul/2025:11:15:51 -0400] "GET /229tfrgz41618.html HTTP/1.1" 404 23126 "-" "Mozilla/5.0 (compatible; DataForSeoBot/1.0; +https://dataforseo.com/dataforseo-bot)"
136.243.228.194 - - [14/Jul/2025:11:15:58 -0400] "GET /items/gsazn212/26512?key=discover HTTP/1.1" 404 23126 "-" "Mozilla/5.0 (compatible; DataForSeoBot/1.0; +https://dataforseo.com/dataforseo-bot)"
136.243.228.194 - - [14/Jul/2025:11:16:04 -0400] "GET /176whzv23965.html HTTP/1.1" 404 23126 "-" "Mozilla/5.0 (compatible; DataForSeoBot/1.0; +https://dataforseo.com/dataforseo-bot)"
136.243.228.194 - - [14/Jul/2025:11:16:08 -0400] "GET /items/tmcnr233/31849?key=worry HTTP/1.1" 404 23126 "-" "Mozilla/5.0 (compatible; DataForSeoBot/1.0; +https://dataforseo.com/dataforseo-bot)"
136.243.228.194 - - [14/Jul/2025:11:16:13 -0400] "GET /287lls33512.html HTTP/1.1" 404 23126 "-" "Mozilla/5.0 (compatible; DataForSeoBot/1.0; +https://dataforseo.com/dataforseo-bot)"
139.162.24.217 - - [14/Jul/2025:11:16:20 -0400] "GET /wp-login.php HTTP/1.1" 200 3092 "-" "Mozilla/5.0 (Macintosh; Intel Mac OS X 10_11_5) AppleWebKit/537.36 (KHTML, like Gecko) Chrome/50.0.2661.102 Safari/537.36"
48.218.36.70 - - [14/Jul/2025:11:16:17 -0400] "GET /wp-content/plugins/hellopress/wp_filemanager.php HTTP/1.1" 404 23126 "-" "-"
139.162.24.217 - - [14/Jul/2025:11:16:22 -0400] "POST /wp-login.php HTTP/1.1" 200 3230 "-" "Mozilla/5.0 (Macintosh; Intel Mac OS X 10_11_5) AppleWebKit/537.36 (KHTML, like Gecko) Chrome/50.0.2661.102 Safari/537.36"
136.243.228.194 - - [14/Jul/2025:11:16:19 -0400] "GET /242yvauj27769.html HTTP/1.1" 404 23128 "-" "Mozilla/5.0 (compatible; DataForSeoBot/1.0; +https://dataforseo.com/dataforseo-bot)"
48.218.36.70 - - [14/Jul/2025:11:16:22 -0400] "GET /file.php HTTP/1.1" 404 23126 "-" "-"
136.243.228.194 - - [14/Jul/2025:11:16:27 -0400] "GET /206huirj31753.html HTTP/1.1" 404 23126 "-" "Mozilla/5.0 (compatible; DataForSeoBot/1.0; +https://dataforseo.com/dataforseo-bot)"
48.218.36.70 - - [14/Jul/2025:11:16:28 -0400] "GET /moon.php HTTP/1.1" 404 23126 "-" "-"
48.218.36.70 - - [14/Jul/2025:11:16:35 -0400] "GET /admin.php HTTP/1.1" 404 23126 "-" "-"
66.29.146.47 - - [14/Jul/2025:11:16:40 -0400] "POST /wp-cron.php?doing_wp_cron=1752506200.3532168865203857421875 HTTP/1.1" 403 1242 "-" "WordPress/6.8; https://dangroup.sa"
48.218.36.70 - - [14/Jul/2025:11:16:39 -0400] "GET /radio.php HTTP/1.1" 404 23126 "-" "-"
48.218.36.70 - - [14/Jul/2025:11:16:43 -0400] "GET /log.php HTTP/1.1" 404 23126 "-" "-"
48.218.36.70 - - [14/Jul/2025:11:16:47 -0400] "GET /wp-trackback.php HTTP/1.1" 403 1242 "-" "-"
139.162.24.217 - - [14/Jul/2025:11:16:48 -0400] "GET /wp-login.php HTTP/1.1" 200 3092 "-" "Mozilla/5.0 (Windows NT 6.1; WOW64; Trident/7.0; AS; rv:11.0) like Gecko"
20.171.207.27 - - [14/Jul/2025:11:16:48 -0400] "GET /102itvxi42283.html HTTP/1.1" 404 23126 "-" "Mozilla/5.0 AppleWebKit/537.36 (KHTML, like Gecko; compatible; GPTBot/1.2; +https://openai.com/gptbot)"
48.218.36.70 - - [14/Jul/2025:11:16:48 -0400] "GET /wp-content/dropdown.php HTTP/1.1" 404 23128 "-" "-"
48.218.36.70 - - [14/Jul/2025:11:16:54 -0400] "GET /wp-includes/index.php HTTP/1.1" 301 0 "-" "-"
48.218.36.70 - - [14/Jul/2025:11:16:54 -0400] "GET /wp-includes/ HTTP/1.1" 200 6856 "-" "-"
139.162.24.217 - - [14/Jul/2025:11:16:54 -0400] "POST /wp-login.php HTTP/1.1" 200 3230 "-" "Mozilla/5.0 (Windows NT 6.1; WOW64; Trident/7.0; AS; rv:11.0) like Gecko"
48.218.36.70 - - [14/Jul/2025:11:16:55 -0400] "GET /simple.php HTTP/1.1" 404 23126 "-" "-"
48.218.36.70 - - [14/Jul/2025:11:16:59 -0400] "GET /about.php HTTP/1.1" 404 23126 "-" "-"
48.218.36.70 - - [14/Jul/2025:11:17:03 -0400] "GET /404.php HTTP/1.1" 404 23126 "-" "-"
48.218.36.70 - - [14/Jul/2025:11:17:08 -0400] "GET /admin/function.php HTTP/1.1" 404 23126 "-" "-"
48.218.36.70 - - [14/Jul/2025:11:17:12 -0400] "GET /wp-includes/assets/about.php HTTP/1.1" 404 23126 "-" "-"
48.218.36.70 - - [14/Jul/2025:11:17:16 -0400] "GET /wp-includes/assets/index.php HTTP/1.1" 301 0 "-" "-"
48.218.36.70 - - [14/Jul/2025:11:17:17 -0400] "GET /wp-includes/assets/ HTTP/1.1" 200 1043 "-" "-"
48.218.36.70 - - [14/Jul/2025:11:17:17 -0400] "GET /info.php HTTP/1.1" 404 23126 "-" "-"
136.243.228.194 - - [14/Jul/2025:11:17:19 -0400] "GET /131rjga42270.html HTTP/1.1" 404 23126 "-" "Mozilla/5.0 (compatible; DataForSeoBot/1.0; +https://dataforseo.com/dataforseo-bot)"
48.218.36.70 - - [14/Jul/2025:11:17:22 -0400] "GET /modules/mod_simplefileuploadv1.3/elements/filemanager.php HTTP/1.1" 404 23309 "-" "-"
139.162.24.217 - - [14/Jul/2025:11:17:26 -0400] "GET /wp-login.php HTTP/1.1" 200 3127 "-" "Mozilla/5.0 (Windows NT 6.3; WOW64; rv:40.0) Gecko/20100101 Firefox/40.0"
136.243.228.194 - - [14/Jul/2025:11:17:25 -0400] "GET /122qqyho31019.html HTTP/1.1" 404 23126 "-" "Mozilla/5.0 (compatible; DataForSeoBot/1.0; +https://dataforseo.com/dataforseo-bot)"
48.218.36.70 - - [14/Jul/2025:11:17:27 -0400] "GET /config.php HTTP/1.1" 404 23126 "-" "-"
48.218.36.70 - - [14/Jul/2025:11:17:33 -0400] "GET /wp-admin/js/index.php HTTP/1.1" 301 0 "-" "-"
48.218.36.70 - - [14/Jul/2025:11:17:34 -0400] "GET /wp-admin/js/ HTTP/1.1" 200 2928 "-" "-"
139.162.24.217 - - [14/Jul/2025:11:17:34 -0400] "POST /wp-login.php HTTP/1.1" 200 3230 "-" "Mozilla/5.0 (Windows NT 6.3; WOW64; rv:40.0) Gecko/20100101 Firefox/40.0"
136.243.228.194 - - [14/Jul/2025:11:17:31 -0400] "GET /items/hlinv70/41110?key=scholarship HTTP/1.1" 404 23126 "-" "Mozilla/5.0 (compatible; DataForSeoBot/1.0; +https://dataforseo.com/dataforseo-bot)"
48.218.36.70 - - [14/Jul/2025:11:17:35 -0400] "GET /fm.php HTTP/1.1" 404 23126 "-" "-"
66.29.146.47 - - [14/Jul/2025:11:17:40 -0400] "POST /wp-cron.php?doing_wp_cron=1752506260.3855121135711669921875 HTTP/1.1" 403 1242 "-" "WordPress/6.8; https://dangroup.sa"
48.218.36.70 - - [14/Jul/2025:11:17:39 -0400] "GET /wp-admin/js/widgets/index.php HTTP/1.1" 301 0 "-" "-"
48.218.36.70 - - [14/Jul/2025:11:17:40 -0400] "GET /wp-admin/js/widgets/ HTTP/1.1" 200 1200 "-" "-"
136.243.228.194 - - [14/Jul/2025:11:17:38 -0400] "GET /items/umprf60/40806?key=room HTTP/1.1" 404 23126 "-" "Mozilla/5.0 (compatible; DataForSeoBot/1.0; +https://dataforseo.com/dataforseo-bot)"
48.218.36.70 - - [14/Jul/2025:11:17:41 -0400] "GET /ty.php HTTP/1.1" 404 23126 "-" "-"
136.243.228.194 - - [14/Jul/2025:11:17:43 -0400] "GET /262nfc45227.html HTTP/1.1" 404 23128 "-" "Mozilla/5.0 (compatible; DataForSeoBot/1.0; +https://dataforseo.com/dataforseo-bot)"
48.218.36.70 - - [14/Jul/2025:11:17:45 -0400] "GET /wp-includes/assets/admin.php HTTP/1.1" 404 23126 "-" "-"
20.171.207.27 - - [14/Jul/2025:11:17:46 -0400] "GET /267gnnhi49482.html HTTP/1.1" 404 23128 "-" "Mozilla/5.0 AppleWebKit/537.36 (KHTML, like Gecko; compatible; GPTBot/1.2; +https://openai.com/gptbot)"
136.243.228.194 - - [14/Jul/2025:11:17:52 -0400] "GET /67mcmu46738.html HTTP/1.1" 404 23128 "-" "Mozilla/5.0 (compatible; DataForSeoBot/1.0; +https://dataforseo.com/dataforseo-bot)"
48.218.36.70 - - [14/Jul/2025:11:17:52 -0400] "GET /wp-includes/fonts/admin.php HTTP/1.1" 404 23126 "-" "-"
48.218.36.70 - - [14/Jul/2025:11:18:00 -0400] "GET /403.php HTTP/1.1" 404 23126 "-" "-"
136.243.228.194 - - [14/Jul/2025:11:18:00 -0400] "GET /items/jywku22/40?key=grief HTTP/1.1" 404 23126 "-" "Mozilla/5.0 (compatible; DataForSeoBot/1.0; +https://dataforseo.com/dataforseo-bot)"
139.162.24.217 - - [14/Jul/2025:11:18:06 -0400] "GET /wp-login.php HTTP/1.1" 200 3092 "-" "Mozilla/5.0 (Macintosh; Intel Mac OS X 10_11_5) AppleWebKit/537.36 (KHTML, like Gecko) Chrome/50.0.2661.102 Safari/537.36"
139.162.24.217 - - [14/Jul/2025:11:18:08 -0400] "POST /wp-login.php HTTP/1.1" 200 3230 "-" "Mozilla/5.0 (Macintosh; Intel Mac OS X 10_11_5) AppleWebKit/537.36 (KHTML, like Gecko) Chrome/50.0.2661.102 Safari/537.36"
48.218.36.70 - - [14/Jul/2025:11:18:05 -0400] "GET /as.php HTTP/1.1" 404 23126 "-" "-"
136.243.228.194 - - [14/Jul/2025:11:18:06 -0400] "GET /items/sejzz23/42625?key=harassment HTTP/1.1" 404 23126 "-" "Mozilla/5.0 (compatible; DataForSeoBot/1.0; +https://dataforseo.com/dataforseo-bot)"
48.218.36.70 - - [14/Jul/2025:11:18:12 -0400] "GET /wp-includes/Text/network.php HTTP/1.1" 404 23126 "-" "-"
136.243.228.194 - - [14/Jul/2025:11:18:15 -0400] "GET /items/hzbzh50/42258?key=prime HTTP/1.1" 404 23126 "-" "Mozilla/5.0 (compatible; DataForSeoBot/1.0; +https://dataforseo.com/dataforseo-bot)"
48.218.36.70 - - [14/Jul/2025:11:18:17 -0400] "GET /index/function.php HTTP/1.1" 404 23126 "-" "-"
136.243.228.194 - - [14/Jul/2025:11:18:22 -0400] "GET /257hiwzy26268.html HTTP/1.1" 404 23126 "-" "Mozilla/5.0 (compatible; DataForSeoBot/1.0; +https://dataforseo.com/dataforseo-bot)"
48.218.36.70 - - [14/Jul/2025:11:18:22 -0400] "GET /wp-content/themes/include.php HTTP/1.1" 404 23126 "-" "-"
48.218.36.70 - - [14/Jul/2025:11:18:28 -0400] "GET /alfa.php HTTP/1.1" 404 23126 "-" "-"
136.243.228.194 - - [14/Jul/2025:11:18:29 -0400] "GET /82gpg19647.html HTTP/1.1" 404 23126 "-" "Mozilla/5.0 (compatible; DataForSeoBot/1.0; +https://dataforseo.com/dataforseo-bot)"
48.218.36.70 - - [14/Jul/2025:11:18:34 -0400] "GET /wp-content/upgrade-temp-backup/wp-login.php HTTP/1.1" 404 23126 "-" "-"
66.29.146.47 - - [14/Jul/2025:11:18:41 -0400] "POST /wp-cron.php?doing_wp_cron=1752506321.2993121147155761718750 HTTP/1.1" 403 1242 "-" "WordPress/6.8; https://dangroup.sa"
136.243.228.194 - - [14/Jul/2025:11:18:35 -0400] "GET /items/huoio114/25822?key=cruise HTTP/1.1" 404 23128 "-" "Mozilla/5.0 (compatible; DataForSeoBot/1.0; +https://dataforseo.com/dataforseo-bot)"
48.218.36.70 - - [14/Jul/2025:11:18:40 -0400] "GET /css.php HTTP/1.1" 404 23126 "-" "-"
136.243.228.194 - - [14/Jul/2025:11:18:42 -0400] "GET /60lxqnx2019.html HTTP/1.1" 404 23126 "-" "Mozilla/5.0 (compatible; DataForSeoBot/1.0; +https://dataforseo.com/dataforseo-bot)"
20.171.207.27 - - [14/Jul/2025:11:18:42 -0400] "GET /110ckgor20345.html HTTP/1.1" 404 23128 "-" "Mozilla/5.0 AppleWebKit/537.36 (KHTML, like Gecko; compatible; GPTBot/1.2; +https://openai.com/gptbot)"
48.218.36.70 - - [14/Jul/2025:11:18:47 -0400] "GET /wp-content/themes/plugin.php HTTP/1.1" 404 23126 "-" "-"
48.218.36.70 - - [14/Jul/2025:11:18:55 -0400] "GET /wp-admin/includes/index.php HTTP/1.1" 301 0 "-" "-"
48.218.36.70 - - [14/Jul/2025:11:18:57 -0400] "GET /wp-admin/includes/ HTTP/1.1" 200 3331 "-" "-"
136.243.228.194 - - [14/Jul/2025:11:18:53 -0400] "GET /18xmp43951.html HTTP/1.1" 404 23128 "-" "Mozilla/5.0 (compatible; DataForSeoBot/1.0; +https://dataforseo.com/dataforseo-bot)"
48.218.36.70 - - [14/Jul/2025:11:18:58 -0400] "GET /index.php HTTP/1.1" 301 0 "-" "-"
47.82.60.3 - - [14/Jul/2025:11:18:56 -0400] "GET /pcmypage?callback=product/detail/dk-dstyle-od12sa-00708 HTTP/1.1" 404 23128 "https://dangroup.sa/pcmypage?callback=product%2Fdetail%2Fdk-dstyle-od12sa-00708" "Mozilla/5.0 (Windows NT 10.0; Win64; x64) AppleWebKit/537.36 (KHTML, like Gecko) Chrome/114.0.0.0 Safari/537.36 Edg/114.0.1823.43"
136.243.228.194 - - [14/Jul/2025:11:19:01 -0400] "GET /243etgp24350.html HTTP/1.1" 404 23126 "-" "Mozilla/5.0 (compatible; DataForSeoBot/1.0; +https://dataforseo.com/dataforseo-bot)"
48.218.36.70 - - [14/Jul/2025:11:19:00 -0400] "GET / HTTP/1.1" 200 33218 "-" "-"
136.243.228.194 - - [14/Jul/2025:11:19:09 -0400] "GET /items/hdjpb122/58056?key=cotton HTTP/1.1" 404 23126 "-" "Mozilla/5.0 (compatible; DataForSeoBot/1.0; +https://dataforseo.com/dataforseo-bot)"
48.218.36.70 - - [14/Jul/2025:11:19:10 -0400] "GET /classwithtostring.php HTTP/1.1" 404 23126 "-" "-"
48.218.36.70 - - [14/Jul/2025:11:19:15 -0400] "GET /autoload_classmap.php HTTP/1.1" 404 23128 "-" "-"
136.243.228.194 - - [14/Jul/2025:11:19:15 -0400] "GET /items/hhvfg280/11690?key=cousin HTTP/1.1" 404 23126 "-" "Mozilla/5.0 (compatible; DataForSeoBot/1.0; +https://dataforseo.com/dataforseo-bot)"
48.218.36.70 - - [14/Jul/2025:11:19:21 -0400] "GET /item.php HTTP/1.1" 404 23126 "-" "-"
136.243.228.194 - - [14/Jul/2025:11:19:23 -0400] "GET /items/qngam40/16536?key=winner HTTP/1.1" 404 23126 "-" "Mozilla/5.0 (compatible; DataForSeoBot/1.0; +https://dataforseo.com/dataforseo-bot)"
48.218.36.70 - - [14/Jul/2025:11:19:25 -0400] "GET /ini.php HTTP/1.1" 404 23126 "-" "-"
139.162.24.217 - - [14/Jul/2025:11:19:31 -0400] "GET /wp-login.php HTTP/1.1" 200 3127 "-" "Mozilla/5.0 (Windows NT 6.1; WOW64; Trident/7.0; AS; rv:11.0) like Gecko"
48.218.36.70 - - [14/Jul/2025:11:19:30 -0400] "GET /default.php HTTP/1.1" 404 23126 "-" "-"
136.243.228.194 - - [14/Jul/2025:11:19:30 -0400] "GET /205hurr24640.html HTTP/1.1" 404 23126 "-" "Mozilla/5.0 (compatible; DataForSeoBot/1.0; +https://dataforseo.com/dataforseo-bot)"
48.218.36.70 - - [14/Jul/2025:11:19:37 -0400] "GET /wp-admin/network/about.php HTTP/1.1" 302 0 "-" "-"
139.162.24.217 - - [14/Jul/2025:11:19:38 -0400] "POST /wp-login.php HTTP/1.1" 200 3230 "-" "Mozilla/5.0 (Windows NT 6.1; WOW64; Trident/7.0; AS; rv:11.0) like Gecko"
48.218.36.70 - - [14/Jul/2025:11:19:40 -0400] "GET /wp-login.php?redirect_to=https%3A%2F%2Fdangroup.sa%2Fwp-admin%2Fnetwork%2Fabout.php&reauth=1 HTTP/1.1" 200 3108 "-" "-"
66.29.146.47 - - [14/Jul/2025:11:19:41 -0400] "POST /wp-cron.php?doing_wp_cron=1752506381.3801000118255615234375 HTTP/1.1" 403 1242 "-" "WordPress/6.8; https://dangroup.sa"
136.243.228.194 - - [14/Jul/2025:11:19:38 -0400] "GET /items/zvtnl192/29516?key=eye HTTP/1.1" 404 23126 "-" "Mozilla/5.0 (compatible; DataForSeoBot/1.0; +https://dataforseo.com/dataforseo-bot)"
20.171.207.27 - - [14/Jul/2025:11:19:40 -0400] "GET /118ckevq25247.html HTTP/1.1" 404 23126 "-" "Mozilla/5.0 AppleWebKit/537.36 (KHTML, like Gecko; compatible; GPTBot/1.2; +https://openai.com/gptbot)"
48.218.36.70 - - [14/Jul/2025:11:19:41 -0400] "GET /ok.php HTTP/1.1" 404 23126 "-" "-"
136.243.228.194 - - [14/Jul/2025:11:19:47 -0400] "GET /43lmq31586.html HTTP/1.1" 404 23126 "-" "Mozilla/5.0 (compatible; DataForSeoBot/1.0; +https://dataforseo.com/dataforseo-bot)"
48.218.36.70 - - [14/Jul/2025:11:19:49 -0400] "GET /wp-content/plugins/seoplugins/mar.php HTTP/1.1" 404 23126 "-" "-"
48.218.36.70 - - [14/Jul/2025:11:19:55 -0400] "GET /wp-content/themes/astra/inc/ki1k.php HTTP/1.1" 404 23126 "-" "-"
136.243.228.194 - - [14/Jul/2025:11:19:55 -0400] "GET /items/exybs76/14572?key=week HTTP/1.1" 404 23126 "-" "Mozilla/5.0 (compatible; DataForSeoBot/1.0; +https://dataforseo.com/dataforseo-bot)"
48.218.36.70 - - [14/Jul/2025:11:20:01 -0400] "GET /inputs.php HTTP/1.1" 404 23126 "-" "-"
136.243.228.194 - - [14/Jul/2025:11:20:02 -0400] "GET /items/ziyvf117/32463?key=relief HTTP/1.1" 404 23126 "-" "Mozilla/5.0 (compatible; DataForSeoBot/1.0; +https://dataforseo.com/dataforseo-bot)"
136.243.228.194 - - [14/Jul/2025:11:20:09 -0400] "GET /items/oalwe295/33607?key=commissioner HTTP/1.1" 404 23126 "-" "Mozilla/5.0 (compatible; DataForSeoBot/1.0; +https://dataforseo.com/dataforseo-bot)"
48.218.36.70 - - [14/Jul/2025:11:20:09 -0400] "GET /1.php HTTP/1.1" 404 23126 "-" "-"
182.44.12.37 - - [14/Jul/2025:11:20:11 -0400] "GET / HTTP/1.1" 200 33218 "http://danevnt.com" "Mozilla/5.0 (iPhone; CPU iPhone OS 13_2_3 like Mac OS X) AppleWebKit/605.1.15 (KHTML, like Gecko) Version/13.0.3 Mobile/15E148 Safari/604.1"
136.243.228.194 - - [14/Jul/2025:11:20:21 -0400] "GET /items/raerp107/30245?key=can HTTP/1.1" 404 23126 "-" "Mozilla/5.0 (compatible; DataForSeoBot/1.0; +https://dataforseo.com/dataforseo-bot)"
48.218.36.70 - - [14/Jul/2025:11:20:21 -0400] "GET /infoo.php HTTP/1.1" 404 23126 "-" "-"
48.218.36.70 - - [14/Jul/2025:11:20:27 -0400] "GET /cong.php HTTP/1.1" 404 23126 "-" "-"
136.243.228.194 - - [14/Jul/2025:11:20:28 -0400] "GET /items/dlmaf241/37109?key=character HTTP/1.1" 404 23126 "-" "Mozilla/5.0 (compatible; DataForSeoBot/1.0; +https://dataforseo.com/dataforseo-bot)"
139.162.24.217 - - [14/Jul/2025:11:20:37 -0400] "GET /wp-login.php HTTP/1.1" 200 3092 "-" "Mozilla/5.0 (Windows NT 6.1; WOW64; Trident/7.0; AS; rv:11.0) like Gecko"
48.218.36.70 - - [14/Jul/2025:11:20:34 -0400] "GET /wp-admin/css/colors/ectoplasm/wp-login.php HTTP/1.1" 404 23128 "-" "-"
136.243.228.194 - - [14/Jul/2025:11:20:35 -0400] "GET /197nup13612.html HTTP/1.1" 404 23128 "-" "Mozilla/5.0 (compatible; DataForSeoBot/1.0; +https://dataforseo.com/dataforseo-bot)"
66.29.146.47 - - [14/Jul/2025:11:20:43 -0400] "POST /wp-cron.php?doing_wp_cron=1752506443.4003319740295410156250 HTTP/1.1" 403 1242 "-" "WordPress/6.8; https://dangroup.sa"
20.171.207.27 - - [14/Jul/2025:11:20:38 -0400] "GET /129jjcyx26208.html HTTP/1.1" 404 23128 "-" "Mozilla/5.0 AppleWebKit/537.36 (KHTML, like Gecko; compatible; GPTBot/1.2; +https://openai.com/gptbot)"
139.162.24.217 - - [14/Jul/2025:11:20:44 -0400] "POST /wp-login.php HTTP/1.1" 200 3230 "-" "Mozilla/5.0 (Windows NT 6.1; WOW64; Trident/7.0; AS; rv:11.0) like Gecko"
48.218.36.70 - - [14/Jul/2025:11:20:41 -0400] "GET /wp-content/plugins/dummyyummy/wp-signup.php HTTP/1.1" 404 23126 "-" "-"
136.243.228.194 - - [14/Jul/2025:11:20:44 -0400] "GET /items/adooq266/32882?key=fortunately HTTP/1.1" 404 23126 "-" "Mozilla/5.0 (compatible; DataForSeoBot/1.0; +https://dataforseo.com/dataforseo-bot)"
48.218.36.70 - - [14/Jul/2025:11:20:49 -0400] "GET /wp-content/uploads/wp-conflg.php HTTP/1.1" 404 23126 "-" "-"
136.243.228.194 - - [14/Jul/2025:11:20:53 -0400] "GET /items/hxemo153/43623?key=unite HTTP/1.1" 404 23126 "-" "Mozilla/5.0 (compatible; DataForSeoBot/1.0; +https://dataforseo.com/dataforseo-bot)"
48.218.36.70 - - [14/Jul/2025:11:20:54 -0400] "GET /wp-includes/js/codemirror/about.php HTTP/1.1" 404 23126 "-" "-"
48.218.36.70 - - [14/Jul/2025:11:20:59 -0400] "GET /wp-content/themes/index.php HTTP/1.1" 200 0 "-" "-"
48.218.36.70 - - [14/Jul/2025:11:20:59 -0400] "GET /wp-includes/css/dist/preferences/index.php HTTP/1.1" 301 0 "-" "-"
48.218.36.70 - - [14/Jul/2025:11:21:00 -0400] "GET /wp-includes/css/dist/preferences/ HTTP/1.1" 200 674 "-" "-"
48.218.36.70 - - [14/Jul/2025:11:21:01 -0400] "GET /wp-admin/css/colors/blue/index.php HTTP/1.1" 301 0 "-" "-"
48.218.36.70 - - [14/Jul/2025:11:21:02 -0400] "GET /wp-admin/css/colors/blue/ HTTP/1.1" 200 709 "-" "-"
