136.243.228.194 - - [14/Jul/2025:09:15:57 -0400] "GET /items/fomqm239/44263?key=inspection HTTP/1.1" 404 23128 "-" "Mozilla/5.0 (compatible; DataForSeoBot/1.0; +https://dataforseo.com/dataforseo-bot)"
66.29.146.47 - - [14/Jul/2025:09:16:14 -0400] "POST /wp-cron.php?doing_wp_cron=1752498973.9833469390869140625000 HTTP/1.1" 403 1242 "-" "WordPress/6.8; https://dangroup.sa"
20.18.19.125 - - [14/Jul/2025:09:16:07 -0400] "GET /404.php HTTP/1.1" 404 23126 "-" "-"
136.243.228.194 - - [14/Jul/2025:09:16:11 -0400] "GET /9udnjk25152.html HTTP/1.1" 404 23126 "-" "Mozilla/5.0 (compatible; DataForSeoBot/1.0; +https://dataforseo.com/dataforseo-bot)"
20.18.19.125 - - [14/Jul/2025:09:16:17 -0400] "GET /article.php HTTP/1.1" 404 23126 "-" "-"
136.243.228.194 - - [14/Jul/2025:09:16:22 -0400] "GET /193mcw9864.html HTTP/1.1" 404 23128 "-" "Mozilla/5.0 (compatible; DataForSeoBot/1.0; +https://dataforseo.com/dataforseo-bot)"
139.162.24.217 - - [14/Jul/2025:09:16:30 -0400] "GET /wp-login.php HTTP/1.1" 200 3127 "-" "Mozilla/5.0 (Macintosh; Intel Mac OS X 10_11_5) AppleWebKit/537.36 (KHTML, like Gecko) Chrome/50.0.2661.102 Safari/537.36"
20.18.19.125 - - [14/Jul/2025:09:16:26 -0400] "GET /wp-content/product.php HTTP/1.1" 404 23128 "-" "-"
139.162.24.217 - - [14/Jul/2025:09:16:38 -0400] "POST /wp-login.php HTTP/1.1" 200 3230 "-" "Mozilla/5.0 (Macintosh; Intel Mac OS X 10_11_5) AppleWebKit/537.36 (KHTML, like Gecko) Chrome/50.0.2661.102 Safari/537.36"
136.243.228.194 - - [14/Jul/2025:09:16:32 -0400] "GET /items/rrsxy174/7814?key=surveillance HTTP/1.1" 404 23128 "-" "Mozilla/5.0 (compatible; DataForSeoBot/1.0; +https://dataforseo.com/dataforseo-bot)"
20.18.19.125 - - [14/Jul/2025:09:16:36 -0400] "GET /wp-content/function.php HTTP/1.1" 404 23128 "-" "-"
136.243.228.194 - - [14/Jul/2025:09:16:44 -0400] "GET /48skhrg2411.html HTTP/1.1" 404 23128 "-" "Mozilla/5.0 (compatible; DataForSeoBot/1.0; +https://dataforseo.com/dataforseo-bot)"
20.18.19.125 - - [14/Jul/2025:09:16:49 -0400] "GET /0x.php HTTP/1.1" 404 23126 "-" "-"
136.243.228.194 - - [14/Jul/2025:09:16:55 -0400] "GET /items/jnzdf120/41032?key=background HTTP/1.1" 404 23126 "-" "Mozilla/5.0 (compatible; DataForSeoBot/1.0; +https://dataforseo.com/dataforseo-bot)"
20.171.207.27 - - [14/Jul/2025:09:16:56 -0400] "GET /202pwvlc67125.html HTTP/1.1" 404 23127 "-" "Mozilla/5.0 AppleWebKit/537.36 (KHTML, like Gecko; compatible; GPTBot/1.2; +https://openai.com/gptbot)"
20.18.19.125 - - [14/Jul/2025:09:17:02 -0400] "GET /css.php HTTP/1.1" 404 23126 "-" "-"
20.18.19.125 - - [14/Jul/2025:09:17:08 -0400] "GET /modules/mod_simplefileuploadv1.3/elements/filemanager.php?p= HTTP/1.1" 301 0 "-" "-"
136.243.228.194 - - [14/Jul/2025:09:17:06 -0400] "GET /155igko24824.html HTTP/1.1" 404 23126 "-" "Mozilla/5.0 (compatible; DataForSeoBot/1.0; +https://dataforseo.com/dataforseo-bot)"
66.29.146.47 - - [14/Jul/2025:09:17:15 -0400] "POST /wp-cron.php?doing_wp_cron=1752499035.0778839588165283203125 HTTP/1.1" 403 1242 "-" "WordPress/6.8; https://dangroup.sa"
139.162.24.217 - - [14/Jul/2025:09:17:13 -0400] "GET /wp-login.php HTTP/1.1" 200 3092 "-" "Mozilla/5.0 (Windows NT 6.3; WOW64; rv:40.0) Gecko/20100101 Firefox/40.0"
20.18.19.125 - - [14/Jul/2025:09:17:09 -0400] "GET /modules/mod_simplefileuploadv1.3/elements/filemanager.php HTTP/1.1" 404 23126 "-" "-"
20.18.19.125 - - [14/Jul/2025:09:17:19 -0400] "GET /wp-content/index.php HTTP/1.1" 200 0 "-" "-"
139.162.24.217 - - [14/Jul/2025:09:17:21 -0400] "POST /wp-login.php HTTP/1.1" 200 3230 "-" "Mozilla/5.0 (Windows NT 6.3; WOW64; rv:40.0) Gecko/20100101 Firefox/40.0"
136.243.228.194 - - [14/Jul/2025:09:17:16 -0400] "GET /items/kzhly118/26404?key=appreciation HTTP/1.1" 404 23126 "-" "Mozilla/5.0 (compatible; DataForSeoBot/1.0; +https://dataforseo.com/dataforseo-bot)"
20.18.19.125 - - [14/Jul/2025:09:17:19 -0400] "GET /1.php HTTP/1.1" 404 23126 "-" "-"
136.243.228.194 - - [14/Jul/2025:09:17:27 -0400] "GET /items/xklor281/5687?key=apologize HTTP/1.1" 404 23126 "-" "Mozilla/5.0 (compatible; DataForSeoBot/1.0; +https://dataforseo.com/dataforseo-bot)"
20.18.19.125 - - [14/Jul/2025:09:17:29 -0400] "GET /admin.php HTTP/1.1" 404 23126 "-" "-"
136.243.228.194 - - [14/Jul/2025:09:17:38 -0400] "GET /items/zovol297/13153?key=receive HTTP/1.1" 404 23309 "-" "Mozilla/5.0 (compatible; DataForSeoBot/1.0; +https://dataforseo.com/dataforseo-bot)"
69.197.182.50 - - [14/Jul/2025:09:17:49 -0400] "GET /wp-content/install.php HTTP/1.1" 200 10 "https://dangroup.sa/wp-content/install.php" "Mozilla/5.0 (Windows NT 10.0; Win64; x64) AppleWebKit/537.36 (KHTML, like Gecko) Chrome/58.0.3029.110 Safari/537.3"
20.18.19.125 - - [14/Jul/2025:09:17:39 -0400] "GET /wp-admin/maint/maint.php HTTP/1.1" 404 23126 "-" "-"
139.162.24.217 - - [14/Jul/2025:09:17:54 -0400] "GET /wp-login.php HTTP/1.1" 200 3092 "-" "Mozilla/5.0 (Macintosh; Intel Mac OS X 10_11_5) AppleWebKit/537.36 (KHTML, like Gecko) Chrome/50.0.2661.102 Safari/537.36"
20.18.19.125 - - [14/Jul/2025:09:17:50 -0400] "GET /classwithtostring.php HTTP/1.1" 404 23126 "-" "-"
136.243.228.194 - - [14/Jul/2025:09:17:49 -0400] "GET /51jyk46836.html HTTP/1.1" 404 23128 "-" "Mozilla/5.0 (compatible; DataForSeoBot/1.0; +https://dataforseo.com/dataforseo-bot)"
66.249.68.133 - - [14/Jul/2025:09:18:04 -0400] "GET /items/cpprx263/16219?key=increasing HTTP/1.1" 200 87398 "-" "Mozilla/5.0 (Linux; Android 6.0.1; Nexus 5X Build/MMB29P) AppleWebKit/537.36 (KHTML, like Gecko) Chrome/137.0.7151.103 Mobile Safari/537.36 (compatible; Googlebot/2.1; +http://www.google.com/bot.html)"
139.162.24.217 - - [14/Jul/2025:09:18:03 -0400] "POST /wp-login.php HTTP/1.1" 200 3272 "-" "Mozilla/5.0 (Macintosh; Intel Mac OS X 10_11_5) AppleWebKit/537.36 (KHTML, like Gecko) Chrome/50.0.2661.102 Safari/537.36"
103.133.105.75 - - [14/Jul/2025:09:18:07 -0400] "HEAD / HTTP/1.1" 200 0 "https://danevnt.com" "Mozilla/5.0 (Windows NT 10.0; Win64; x64) AppleWebKit/537.36 (KHTML, like Gecko) Chrome/91.0.4472.124 Safari/537.36"
20.18.19.125 - - [14/Jul/2025:09:17:59 -0400] "GET /dropdown.php HTTP/1.1" 404 23126 "-" "-"
20.171.207.27 - - [14/Jul/2025:09:17:58 -0400] "GET /260xwmnu17993.html HTTP/1.1" 404 23126 "-" "Mozilla/5.0 AppleWebKit/537.36 (KHTML, like Gecko; compatible; GPTBot/1.2; +https://openai.com/gptbot)"
103.133.105.75 - - [14/Jul/2025:09:18:11 -0400] "HEAD / HTTP/1.1" 200 0 "http://danevnt.com" "Mozilla/5.0 (Windows NT 10.0; Win64; x64) AppleWebKit/537.36 (KHTML, like Gecko) Chrome/91.0.4472.124 Safari/537.36"
136.243.228.194 - - [14/Jul/2025:09:18:00 -0400] "GET /items/pzqdp66/25850?key=civilian HTTP/1.1" 404 23126 "-" "Mozilla/5.0 (compatible; DataForSeoBot/1.0; +https://dataforseo.com/dataforseo-bot)"
66.29.146.47 - - [14/Jul/2025:09:18:19 -0400] "POST /wp-cron.php?doing_wp_cron=1752499099.4080998897552490234375 HTTP/1.1" 403 1242 "-" "WordPress/6.8; https://dangroup.sa"
20.18.19.125 - - [14/Jul/2025:09:18:12 -0400] "GET /moon.php HTTP/1.1" 404 23128 "-" "-"
136.243.228.194 - - [14/Jul/2025:09:18:17 -0400] "GET /60cxlx16273.html HTTP/1.1" 404 23128 "-" "Mozilla/5.0 (compatible; DataForSeoBot/1.0; +https://dataforseo.com/dataforseo-bot)"
20.18.19.125 - - [14/Jul/2025:09:18:23 -0400] "GET /0x.php HTTP/1.1" 404 23128 "-" "-"
20.18.19.125 - - [14/Jul/2025:09:18:33 -0400] "GET /moon.php?p= HTTP/1.1" 301 0 "-" "-"
139.162.24.217 - - [14/Jul/2025:09:18:37 -0400] "GET /wp-login.php HTTP/1.1" 200 3092 "-" "Mozilla/5.0 (Macintosh; Intel Mac OS X 10_11_5) AppleWebKit/537.36 (KHTML, like Gecko) Chrome/50.0.2661.102 Safari/537.36"
136.243.228.194 - - [14/Jul/2025:09:18:31 -0400] "GET /182ozfox957.html HTTP/1.1" 404 23128 "-" "Mozilla/5.0 (compatible; DataForSeoBot/1.0; +https://dataforseo.com/dataforseo-bot)"
20.18.19.125 - - [14/Jul/2025:09:18:36 -0400] "GET /moon.php HTTP/1.1" 404 23126 "-" "-"
139.162.24.217 - - [14/Jul/2025:09:18:45 -0400] "POST /wp-login.php HTTP/1.1" 200 3272 "-" "Mozilla/5.0 (Macintosh; Intel Mac OS X 10_11_5) AppleWebKit/537.36 (KHTML, like Gecko) Chrome/50.0.2661.102 Safari/537.36"
20.18.19.125 - - [14/Jul/2025:09:18:48 -0400] "GET /autoload_classmap.php?p= HTTP/1.1" 301 0 "-" "-"
136.243.228.194 - - [14/Jul/2025:09:18:44 -0400] "GET /83eni34420.html HTTP/1.1" 404 23128 "-" "Mozilla/5.0 (compatible; DataForSeoBot/1.0; +https://dataforseo.com/dataforseo-bot)"
20.18.19.125 - - [14/Jul/2025:09:18:50 -0400] "GET /autoload_classmap.php HTTP/1.1" 404 23126 "-" "-"
216.73.216.160 - - [14/Jul/2025:09:19:07 -0400] "GET /robots.txt HTTP/1.1" 304 0 "-" "Mozilla/5.0 AppleWebKit/537.36 (KHTML, like Gecko; compatible; ClaudeBot/1.0; +claudebot@anthropic.com)"
136.243.228.194 - - [14/Jul/2025:09:18:56 -0400] "GET /items/mxdtu275/16741?key=kneel HTTP/1.1" 404 23126 "-" "Mozilla/5.0 (compatible; DataForSeoBot/1.0; +https://dataforseo.com/dataforseo-bot)"
20.171.207.27 - - [14/Jul/2025:09:18:58 -0400] "GET /285hdvzh41966.html HTTP/1.1" 404 23126 "-" "Mozilla/5.0 AppleWebKit/537.36 (KHTML, like Gecko; compatible; GPTBot/1.2; +https://openai.com/gptbot)"
20.18.19.125 - - [14/Jul/2025:09:19:02 -0400] "GET /inputs.php HTTP/1.1" 404 23126 "-" "-"
216.73.216.160 - - [14/Jul/2025:09:19:07 -0400] "GET / HTTP/1.1" 200 0 "-" "Mozilla/5.0 AppleWebKit/537.36 (KHTML, like Gecko; compatible; ClaudeBot/1.0; +claudebot@anthropic.com)"
136.243.228.194 - - [14/Jul/2025:09:19:09 -0400] "GET /items/iawzh16/19028?key=pause HTTP/1.1" 404 23126 "-" "Mozilla/5.0 (compatible; DataForSeoBot/1.0; +https://dataforseo.com/dataforseo-bot)"
20.18.19.125 - - [14/Jul/2025:09:19:14 -0400] "GET /default.php HTTP/1.1" 404 23128 "-" "-"
66.29.146.47 - - [14/Jul/2025:09:19:27 -0400] "POST /wp-cron.php?doing_wp_cron=1752499167.3773469924926757812500 HTTP/1.1" 403 1242 "-" "WordPress/6.8; https://dangroup.sa"
66.29.146.47 - - [14/Jul/2025:09:19:29 -0400] "POST /wp-cron.php?doing_wp_cron=1752499169.0877621173858642578125 HTTP/1.1" 403 1242 "-" "WordPress/6.8; https://dangroup.sa"
20.18.19.125 - - [14/Jul/2025:09:19:26 -0400] "GET /fm.php?p= HTTP/1.1" 301 0 "-" "-"
136.243.228.194 - - [14/Jul/2025:09:19:24 -0400] "GET /items/vhbkb165/2527?key=appropriate HTTP/1.1" 404 23126 "-" "Mozilla/5.0 (compatible; DataForSeoBot/1.0; +https://dataforseo.com/dataforseo-bot)"
20.18.19.125 - - [14/Jul/2025:09:19:30 -0400] "GET /fm.php HTTP/1.1" 404 0 "-" "-"
136.243.228.194 - - [14/Jul/2025:09:19:38 -0400] "GET /items/pabmv50/46?key=experienced HTTP/1.1" 404 23126 "-" "Mozilla/5.0 (compatible; DataForSeoBot/1.0; +https://dataforseo.com/dataforseo-bot)"
20.18.19.125 - - [14/Jul/2025:09:19:42 -0400] "GET /fm.php?fm=true HTTP/1.1" 404 23126 "-" "-"
170.39.218.50 - - [14/Jul/2025:09:19:55 -0400] "GET /wp-content/plugins/contact-form-7/includes/js/index.js?ver=5.9.8 HTTP/1.1" 200 4002 "-" "Mozilla/5.0 (Macintosh; Intel Mac OS X 10_15_7) AppleWebKit/537.36 Chrome/120.0.0.0"
136.243.228.194 - - [14/Jul/2025:09:19:49 -0400] "GET /126maa33811.html HTTP/1.1" 404 23126 "-" "Mozilla/5.0 (compatible; DataForSeoBot/1.0; +https://dataforseo.com/dataforseo-bot)"
20.18.19.125 - - [14/Jul/2025:09:19:51 -0400] "GET /about.php HTTP/1.1" 404 23126 "-" "-"
20.18.19.125 - - [14/Jul/2025:09:19:59 -0400] "GET /file.php? HTTP/1.1" 404 23126 "-" "-"
136.243.228.194 - - [14/Jul/2025:09:20:00 -0400] "GET /items/geftn254/15992?key=works HTTP/1.1" 404 23126 "-" "Mozilla/5.0 (compatible; DataForSeoBot/1.0; +https://dataforseo.com/dataforseo-bot)"
20.171.207.27 - - [14/Jul/2025:09:20:01 -0400] "GET /102qmwhy23439.html HTTP/1.1" 404 23126 "-" "Mozilla/5.0 AppleWebKit/537.36 (KHTML, like Gecko; compatible; GPTBot/1.2; +https://openai.com/gptbot)"
47.82.60.27 - - [14/Jul/2025:09:20:14 -0400] "GET /items/dszhg177/2265?key=butt HTTP/1.1" 301 0 "https://www.dangroup.sa/items/dszhg177/2265?key=butt" "Mozilla/5.0 (Windows NT 10.0; Win64; x64) AppleWebKit/537.36 (KHTML, like Gecko) Chrome/114.0.0.0 Safari/537.36 Edg/114.0.1823.43"
47.82.60.15 - - [14/Jul/2025:09:20:10 -0400] "GET /items/lzqoz69/22991?key=envelope HTTP/1.1" 404 23126 "https://dangroup.sa/items/lzqoz69/22991?key=envelope" "Mozilla/5.0 (Windows NT 10.0; Win64; x64) AppleWebKit/537.36 (KHTML, like Gecko) Chrome/114.0.0.0 Safari/537.36 Edg/114.0.1823.43"
20.18.19.125 - - [14/Jul/2025:09:20:09 -0400] "GET /alfa.php HTTP/1.1" 404 23126 "-" "-"
136.243.228.194 - - [14/Jul/2025:09:20:14 -0400] "GET /items/oiywd257/42299?key=necessarily HTTP/1.1" 404 23126 "-" "Mozilla/5.0 (compatible; DataForSeoBot/1.0; +https://dataforseo.com/dataforseo-bot)"
47.82.60.27 - - [14/Jul/2025:09:20:19 -0400] "GET /items/dszhg177/2265?key=butt HTTP/1.1" 404 23128 "https://www.dangroup.sa/items/dszhg177/2265?key=butt" "Mozilla/5.0 (Windows NT 10.0; Win64; x64) AppleWebKit/537.36 (KHTML, like Gecko) Chrome/114.0.0.0 Safari/537.36 Edg/114.0.1823.43"
20.18.19.125 - - [14/Jul/2025:09:20:20 -0400] "GET /buy.php HTTP/1.1" 404 23126 "-" "-"
66.29.146.47 - - [14/Jul/2025:09:20:33 -0400] "POST /wp-cron.php?doing_wp_cron=1752499233.1142430305480957031250 HTTP/1.1" 403 1242 "-" "WordPress/6.8; https://dangroup.sa"
136.243.228.194 - - [14/Jul/2025:09:20:24 -0400] "GET /280ldemw37673.html HTTP/1.1" 404 23128 "-" "Mozilla/5.0 (compatible; DataForSeoBot/1.0; +https://dataforseo.com/dataforseo-bot)"
20.18.19.125 - - [14/Jul/2025:09:20:33 -0400] "GET /themes/twentytwentytwo/index.php HTTP/1.1" 301 0 "-" "-"
139.162.24.217 - - [14/Jul/2025:09:20:39 -0400] "GET /wp-login.php HTTP/1.1" 200 3092 "-" "Mozilla/5.0 (Windows NT 6.1; WOW64; Trident/7.0; AS; rv:11.0) like Gecko"
47.82.60.4 - - [14/Jul/2025:09:20:32 -0400] "GET /76dihmd30783.html HTTP/1.1" 404 23126 "https://dangroup.sa/76dihmd30783.html" "Mozilla/5.0 (Windows NT 10.0; Win64; x64) AppleWebKit/537.36 (KHTML, like Gecko) Chrome/114.0.0.0 Safari/537.36 Edg/114.0.1823.43"
20.18.19.125 - - [14/Jul/2025:09:20:37 -0400] "GET /themes/twentytwentytwo/ HTTP/1.1" 200 0 "-" "-"
139.162.24.217 - - [14/Jul/2025:09:20:46 -0400] "POST /wp-login.php HTTP/1.1" 200 3230 "-" "Mozilla/5.0 (Windows NT 6.1; WOW64; Trident/7.0; AS; rv:11.0) like Gecko"
20.18.19.125 - - [14/Jul/2025:09:20:49 -0400] "GET /wp-admin/js/wp-conflg.php?p= HTTP/1.1" 301 0 "-" "-"
136.243.228.194 - - [14/Jul/2025:09:20:38 -0400] "GET /items/urgej38/37806?key=shoot HTTP/1.1" 404 23126 "-" "Mozilla/5.0 (compatible; DataForSeoBot/1.0; +https://dataforseo.com/dataforseo-bot)"
20.18.19.125 - - [14/Jul/2025:09:20:51 -0400] "GET /wp-admin/js/wp-conflg.php HTTP/1.1" 404 23126 "-" "-"
20.18.19.125 - - [14/Jul/2025:09:20:58 -0400] "GET /wp-admin/wp-conflg.php?p= HTTP/1.1" 301 0 "-" "-"
136.243.228.194 - - [14/Jul/2025:09:20:53 -0400] "GET /295tlpl40178.html HTTP/1.1" 404 23126 "-" "Mozilla/5.0 (compatible; DataForSeoBot/1.0; +https://dataforseo.com/dataforseo-bot)"
47.82.60.24 - - [14/Jul/2025:09:21:06 -0400] "GET /pcmypage?callback=product/detail/romanyu-6401966kz HTTP/1.1" 301 0 "https://www.dangroup.sa/pcmypage?callback=product%2Fdetail%2Fromanyu-6401966kz" "Mozilla/5.0 (Windows NT 10.0; Win64; x64) AppleWebKit/537.36 (KHTML, like Gecko) Chrome/114.0.0.0 Safari/537.36 Edg/114.0.1823.43"
47.82.60.63 - - [14/Jul/2025:09:21:08 -0400] "GET /pcmypage?callback=/product/detail%2Bearhomes-2024-08-06-1883 HTTP/1.1" 301 0 "https://www.dangroup.sa/pcmypage?callback=/product%2Fdetail%2Bearhomes-2024-08-06-1883" "Mozilla/5.0 (Windows NT 10.0; Win64; x64) AppleWebKit/537.36 (KHTML, like Gecko) Chrome/114.0.0.0 Safari/537.36 Edg/114.0.1823.43"
20.18.19.125 - - [14/Jul/2025:09:21:00 -0400] "GET /wp-admin/wp-conflg.php HTTP/1.1" 404 23126 "-" "-"
20.171.207.27 - - [14/Jul/2025:09:21:02 -0400] "GET /287gzpzv23980.html HTTP/1.1" 404 23126 "-" "Mozilla/5.0 AppleWebKit/537.36 (KHTML, like Gecko; compatible; GPTBot/1.2; +https://openai.com/gptbot)"
20.18.19.125 - - [14/Jul/2025:09:21:10 -0400] "GET /wp-admin/css/wp-conflg.php?p= HTTP/1.1" 301 0 "-" "-"
136.243.228.194 - - [14/Jul/2025:09:21:03 -0400] "GET /items/qgwrn68/26300?key=virus HTTP/1.1" 404 23126 "-" "Mozilla/5.0 (compatible; DataForSeoBot/1.0; +https://dataforseo.com/dataforseo-bot)"
47.82.60.63 - - [14/Jul/2025:09:21:11 -0400] "GET /pcmypage?callback=/product/detail%2Bearhomes-2024-08-06-1883 HTTP/1.1" 404 23128 "https://www.dangroup.sa/pcmypage?callback=/product%2Fdetail%2Bearhomes-2024-08-06-1883" "Mozilla/5.0 (Windows NT 10.0; Win64; x64) AppleWebKit/537.36 (KHTML, like Gecko) Chrome/114.0.0.0 Safari/537.36 Edg/114.0.1823.43"
47.82.60.24 - - [14/Jul/2025:09:21:10 -0400] "GET /pcmypage?callback=product/detail/romanyu-6401966kz HTTP/1.1" 404 23126 "https://www.dangroup.sa/pcmypage?callback=product%2Fdetail%2Fromanyu-6401966kz" "Mozilla/5.0 (Windows NT 10.0; Win64; x64) AppleWebKit/537.36 (KHTML, like Gecko) Chrome/114.0.0.0 Safari/537.36 Edg/114.0.1823.43"
139.162.24.217 - - [14/Jul/2025:09:21:20 -0400] "GET /wp-login.php HTTP/1.1" 200 3092 "-" "Mozilla/5.0 (Windows NT 6.1; WOW64; Trident/7.0; AS; rv:11.0) like Gecko"
20.18.19.125 - - [14/Jul/2025:09:21:13 -0400] "GET /wp-admin/css/wp-conflg.php HTTP/1.1" 404 23126 "-" "-"
20.18.19.125 - - [14/Jul/2025:09:21:25 -0400] "GET /manager.php?p= HTTP/1.1" 301 0 "-" "-"
139.162.24.217 - - [14/Jul/2025:09:21:28 -0400] "POST /wp-login.php HTTP/1.1" 200 3230 "-" "Mozilla/5.0 (Windows NT 6.1; WOW64; Trident/7.0; AS; rv:11.0) like Gecko"
136.243.228.194 - - [14/Jul/2025:09:21:19 -0400] "GET /items/nsnhe142/9900?key=fiber HTTP/1.1" 404 23126 "-" "Mozilla/5.0 (compatible; DataForSeoBot/1.0; +https://dataforseo.com/dataforseo-bot)"
47.82.60.57 - - [14/Jul/2025:09:21:22 -0400] "GET /101qqgw7216.html HTTP/1.1" 404 23126 "https://dangroup.sa/101qqgw7216.html" "Mozilla/5.0 (Windows NT 10.0; Win64; x64) AppleWebKit/537.36 (KHTML, like Gecko) Chrome/114.0.0.0 Safari/537.36 Edg/114.0.1823.43"
66.29.146.47 - - [14/Jul/2025:09:21:37 -0400] "POST /wp-cron.php?doing_wp_cron=1752499296.8794400691986083984375 HTTP/1.1" 403 1242 "-" "WordPress/6.8; https://dangroup.sa"
20.18.19.125 - - [14/Jul/2025:09:21:27 -0400] "GET /manager.php HTTP/1.1" 404 23126 "-" "-"
47.82.60.27 - - [14/Jul/2025:09:21:35 -0400] "GET /items/qqlud176/14428?key=convince HTTP/1.1" 404 23128 "https://dangroup.sa/items/qqlud176/14428?key=convince" "Mozilla/5.0 (Windows NT 10.0; Win64; x64) AppleWebKit/537.36 (KHTML, like Gecko) Chrome/114.0.0.0 Safari/537.36 Edg/114.0.1823.43"
20.18.19.125 - - [14/Jul/2025:09:21:39 -0400] "GET /js/fm.php HTTP/1.1" 404 23126 "-" "-"
2a01:cb08:8ea3:a00:ac1d:1a75:d0e1:90ad - - [14/Jul/2025:09:21:52 -0400] "GET /xmlrpc.php HTTP/1.1" 403 1242 "-" "Mozilla/5.0 (Windows NT 10.0; Win64; x64) AppleWebKit/537.36 (KHTML, like Gecko) Chrome/91.0.4472.124 Safari/537.36"
20.18.19.125 - - [14/Jul/2025:09:21:51 -0400] "GET /item.php HTTP/1.1" 404 23128 "-" "-"
20.18.19.125 - - [14/Jul/2025:09:22:00 -0400] "GET /plugins/Cache/footer.php HTTP/1.1" 404 23126 "-" "-"
20.171.207.27 - - [14/Jul/2025:09:22:01 -0400] "GET /244aiowx29335.html HTTP/1.1" 404 23126 "-" "Mozilla/5.0 AppleWebKit/537.36 (KHTML, like Gecko; compatible; GPTBot/1.2; +https://openai.com/gptbot)"
47.82.60.63 - - [14/Jul/2025:09:22:08 -0400] "GET /pcmypage?callback=product/review/asty-shop-68-2qgtaj3g6g-10eb HTTP/1.1" 404 23126 "https://dangroup.sa/pcmypage?callback=product/review/asty-shop-68-2qgtaj3g6g-10eb" "Mozilla/5.0 (Windows NT 10.0; Win64; x64) AppleWebKit/537.36 (KHTML, like Gecko) Chrome/114.0.0.0 Safari/537.36 Edg/114.0.1823.43"
136.243.228.194 - - [14/Jul/2025:09:22:09 -0400] "GET /261noa31222.html HTTP/1.1" 404 23126 "-" "Mozilla/5.0 (compatible; DataForSeoBot/1.0; +https://dataforseo.com/dataforseo-bot)"
47.82.60.56 - - [14/Jul/2025:09:22:22 -0400] "GET /174nnzn633.html HTTP/1.1" 301 0 "https://www.dangroup.sa/174nnzn633.html" "Mozilla/5.0 (Windows NT 10.0; Win64; x64) AppleWebKit/537.36 (KHTML, like Gecko) Chrome/114.0.0.0 Safari/537.36 Edg/114.0.1823.43"
20.18.19.125 - - [14/Jul/2025:09:22:12 -0400] "GET /404.php HTTP/1.1" 404 23126 "-" "-"
43.130.9.111 - - [14/Jul/2025:09:22:09 -0400] "GET / HTTP/1.1" 200 33218 "http://dangroup.sa" "Mozilla/5.0 (iPhone; CPU iPhone OS 13_2_3 like Mac OS X) AppleWebKit/605.1.15 (KHTML, like Gecko) Version/13.0.3 Mobile/15E148 Safari/604.1"
139.162.24.217 - - [14/Jul/2025:09:22:28 -0400] "GET /wp-login.php HTTP/1.1" 200 3092 "-" "Mozilla/5.0 (Windows NT 6.1; WOW64; Trident/7.0; AS; rv:11.0) like Gecko"
72.14.199.72 - - [14/Jul/2025:09:22:30 -0400] "GET /items/ubhko46/146 HTTP/1.1" 200 17 "-" "Mozilla/5.0 (Linux; Android 6.0.1; Nexus 5X Build/MMB29P) AppleWebKit/537.36 (KHTML, like Gecko) Chrome/137.0.7151.103 Mobile Safari/537.36 (compatible; AdsBot-Google-Mobile; +http://www.google.com/mobile/adsbot.html)"
20.18.19.125 - - [14/Jul/2025:09:22:25 -0400] "GET /mail.php HTTP/1.1" 404 23126 "-" "-"
136.243.228.194 - - [14/Jul/2025:09:22:26 -0400] "GET /items/opmpj240/2912?key=push HTTP/1.1" 404 23128 "-" "Mozilla/5.0 (compatible; DataForSeoBot/1.0; +https://dataforseo.com/dataforseo-bot)"
20.18.19.125 - - [14/Jul/2025:09:22:39 -0400] "GET /wp-content/plugins/index.php HTTP/1.1" 200 0 "-" "-"
47.82.60.56 - - [14/Jul/2025:09:22:28 -0400] "GET /174nnzn633.html HTTP/1.1" 404 23126 "https://www.dangroup.sa/174nnzn633.html" "Mozilla/5.0 (Windows NT 10.0; Win64; x64) AppleWebKit/537.36 (KHTML, like Gecko) Chrome/114.0.0.0 Safari/537.36 Edg/114.0.1823.43"
66.29.146.47 - - [14/Jul/2025:09:22:40 -0400] "POST /wp-cron.php?doing_wp_cron=1752499359.5791630744934082031250 HTTP/1.1" 403 1242 "-" "WordPress/6.8; https://dangroup.sa"
139.162.24.217 - - [14/Jul/2025:09:22:37 -0400] "POST /wp-login.php HTTP/1.1" 200 3230 "-" "Mozilla/5.0 (Windows NT 6.1; WOW64; Trident/7.0; AS; rv:11.0) like Gecko"
20.18.19.125 - - [14/Jul/2025:09:22:40 -0400] "GET /sx.php HTTP/1.1" 404 23126 "-" "-"
136.243.228.194 - - [14/Jul/2025:09:22:41 -0400] "GET /286codlg4299.html HTTP/1.1" 404 23126 "-" "Mozilla/5.0 (compatible; DataForSeoBot/1.0; +https://dataforseo.com/dataforseo-bot)"
20.18.19.125 - - [14/Jul/2025:09:22:51 -0400] "GET /wp-admin/maint/admin.php HTTP/1.1" 404 23126 "-" "-"
136.243.228.194 - - [14/Jul/2025:09:22:53 -0400] "GET /14lzak20169.html HTTP/1.1" 404 23126 "-" "Mozilla/5.0 (compatible; DataForSeoBot/1.0; +https://dataforseo.com/dataforseo-bot)"
40.77.167.44 - - [14/Jul/2025:09:23:04 -0400] "GET /kmsvtuz10163fstationarity HTTP/1.1" 200 17 "-" "Mozilla/5.0 AppleWebKit/537.36 (KHTML, like Gecko; compatible; bingbot/2.0; +http://www.bing.com/bingbot.htm) Chrome/116.0.1938.76 Safari/537.36"
20.18.19.125 - - [14/Jul/2025:09:22:59 -0400] "GET /article.php HTTP/1.1" 404 23126 "-" "-"
136.243.228.194 - - [14/Jul/2025:09:23:02 -0400] "GET /219yybx30190.html HTTP/1.1" 404 23126 "-" "Mozilla/5.0 (compatible; DataForSeoBot/1.0; +https://dataforseo.com/dataforseo-bot)"
20.171.207.27 - - [14/Jul/2025:09:23:06 -0400] "GET /120mvmwy46247.html HTTP/1.1" 404 23126 "-" "Mozilla/5.0 AppleWebKit/537.36 (KHTML, like Gecko; compatible; GPTBot/1.2; +https://openai.com/gptbot)"
20.18.19.125 - - [14/Jul/2025:09:23:06 -0400] "GET /alfa.php HTTP/1.1" 404 23126 "-" "-"
136.243.228.194 - - [14/Jul/2025:09:23:13 -0400] "GET /items/hmcng212/39260?key=queen HTTP/1.1" 404 23126 "-" "Mozilla/5.0 (compatible; DataForSeoBot/1.0; +https://dataforseo.com/dataforseo-bot)"
40.77.167.44 - - [14/Jul/2025:09:23:25 -0400] "GET /pexgorp4630kunnimbed HTTP/1.1" 200 17 "-" "Mozilla/5.0 AppleWebKit/537.36 (KHTML, like Gecko; compatible; bingbot/2.0; +http://www.bing.com/bingbot.htm) Chrome/116.0.1938.76 Safari/537.36"
20.18.19.125 - - [14/Jul/2025:09:23:17 -0400] "GET /1.php HTTP/1.1" 404 23126 "-" "-"
136.243.228.194 - - [14/Jul/2025:09:23:26 -0400] "GET /15fivrj19398.html HTTP/1.1" 404 23126 "-" "Mozilla/5.0 (compatible; DataForSeoBot/1.0; +https://dataforseo.com/dataforseo-bot)"
20.18.19.125 - - [14/Jul/2025:09:23:28 -0400] "GET /403.php HTTP/1.1" 404 23126 "-" "-"
66.29.146.47 - - [14/Jul/2025:09:23:42 -0400] "POST /wp-cron.php?doing_wp_cron=1752499421.7830700874328613281250 HTTP/1.1" 403 1242 "-" "WordPress/6.8; https://dangroup.sa"
139.162.24.217 - - [14/Jul/2025:09:23:39 -0400] "GET /wp-login.php HTTP/1.1" 200 3092 "-" "Mozilla/5.0 (Macintosh; Intel Mac OS X 10_11_5) AppleWebKit/537.36 (KHTML, like Gecko) Chrome/50.0.2661.102 Safari/537.36"
204.12.252.98 - - [14/Jul/2025:09:23:46 -0400] "GET /wp-content/install.php HTTP/1.1" 200 10 "https://dangroup.sa/wp-content/install.php" "Mozilla/5.0 (Windows NT 10.0; Win64; x64) AppleWebKit/537.36 (KHTML, like Gecko) Chrome/58.0.3029.110 Safari/537.3"
20.18.19.125 - - [14/Jul/2025:09:23:37 -0400] "GET /link.php HTTP/1.1" 404 23128 "-" "-"
139.162.24.217 - - [14/Jul/2025:09:23:45 -0400] "POST /wp-login.php HTTP/1.1" 200 3230 "-" "Mozilla/5.0 (Macintosh; Intel Mac OS X 10_11_5) AppleWebKit/537.36 (KHTML, like Gecko) Chrome/50.0.2661.102 Safari/537.36"
136.243.228.194 - - [14/Jul/2025:09:23:37 -0400] "GET /items/qbkvy151/48303?key=pick HTTP/1.1" 404 23128 "-" "Mozilla/5.0 (compatible; DataForSeoBot/1.0; +https://dataforseo.com/dataforseo-bot)"
20.18.19.125 - - [14/Jul/2025:09:23:47 -0400] "GET /byp.php HTTP/1.1" 404 23126 "-" "-"
136.243.228.194 - - [14/Jul/2025:09:23:50 -0400] "GET /items/idjwx185/26073?key=honestly HTTP/1.1" 404 23126 "-" "Mozilla/5.0 (compatible; DataForSeoBot/1.0; +https://dataforseo.com/dataforseo-bot)"
20.18.19.125 - - [14/Jul/2025:09:23:58 -0400] "GET /bak.php HTTP/1.1" 404 23126 "-" "-"
136.243.228.194 - - [14/Jul/2025:09:24:01 -0400] "GET /274gngco16497.html HTTP/1.1" 404 23128 "-" "Mozilla/5.0 (compatible; DataForSeoBot/1.0; +https://dataforseo.com/dataforseo-bot)"
20.171.207.27 - - [14/Jul/2025:09:24:07 -0400] "GET /203ybswn18598.html HTTP/1.1" 404 23126 "-" "Mozilla/5.0 AppleWebKit/537.36 (KHTML, like Gecko; compatible; GPTBot/1.2; +https://openai.com/gptbot)"
20.18.19.125 - - [14/Jul/2025:09:24:09 -0400] "GET /ini.php HTTP/1.1" 404 23126 "-" "-"
139.162.24.217 - - [14/Jul/2025:09:24:17 -0400] "GET /wp-login.php HTTP/1.1" 200 3127 "-" "Mozilla/5.0 (Macintosh; Intel Mac OS X 10_11_5) AppleWebKit/537.36 (KHTML, like Gecko) Chrome/50.0.2661.102 Safari/537.36"
136.243.228.194 - - [14/Jul/2025:09:24:13 -0400] "GET /items/hjkmk28/3750?key=we HTTP/1.1" 404 23126 "-" "Mozilla/5.0 (compatible; DataForSeoBot/1.0; +https://dataforseo.com/dataforseo-bot)"
139.162.24.217 - - [14/Jul/2025:09:24:26 -0400] "POST /wp-login.php HTTP/1.1" 200 3272 "-" "Mozilla/5.0 (Macintosh; Intel Mac OS X 10_11_5) AppleWebKit/537.36 (KHTML, like Gecko) Chrome/50.0.2661.102 Safari/537.36"
20.18.19.125 - - [14/Jul/2025:09:24:20 -0400] "GET /ws.php HTTP/1.1" 404 23126 "-" "-"
136.243.228.194 - - [14/Jul/2025:09:24:27 -0400] "GET /109tzxmm48254.html HTTP/1.1" 404 23126 "-" "Mozilla/5.0 (compatible; DataForSeoBot/1.0; +https://dataforseo.com/dataforseo-bot)"
20.18.19.125 - - [14/Jul/2025:09:24:30 -0400] "GET /2.php HTTP/1.1" 404 23126 "-" "-"
20.18.19.125 - - [14/Jul/2025:09:24:42 -0400] "GET /wp-trackback.php HTTP/1.1" 403 1242 "-" "-"
66.29.146.47 - - [14/Jul/2025:09:24:43 -0400] "POST /wp-cron.php?doing_wp_cron=1752499483.4835879802703857421875 HTTP/1.1" 403 1242 "-" "WordPress/6.8; https://dangroup.sa"
66.29.146.47 - - [14/Jul/2025:09:24:44 -0400] "POST /wp-cron.php?doing_wp_cron=1752499484.2004449367523193359375 HTTP/1.1" 403 1242 "-" "WordPress/6.8; https://dangroup.sa"
20.18.19.125 - - [14/Jul/2025:09:24:42 -0400] "GET /.well-known/index.php HTTP/1.1" 301 0 "-" "-"
20.18.19.125 - - [14/Jul/2025:09:24:45 -0400] "GET /.well-known/ HTTP/1.1" 200 614 "-" "-"
136.243.228.194 - - [14/Jul/2025:09:24:42 -0400] "GET /items/hswoq5/25051?key=man HTTP/1.1" 404 23126 "-" "Mozilla/5.0 (compatible; DataForSeoBot/1.0; +https://dataforseo.com/dataforseo-bot)"
20.18.19.125 - - [14/Jul/2025:09:24:46 -0400] "GET /wp-includes/certificates/plugins.php HTTP/1.1" 404 23126 "-" "-"
69.197.182.50 - - [14/Jul/2025:09:25:03 -0400] "GET /wp-content/install.php HTTP/1.1" 200 10 "https://dangroup.sa/wp-content/install.php" "Mozilla/5.0 (Windows NT 10.0; Win64; x64) AppleWebKit/537.36 (KHTML, like Gecko) Chrome/58.0.3029.110 Safari/537.3"
20.18.19.125 - - [14/Jul/2025:09:24:58 -0400] "GET /wp-content/themes/seotheme/mar.php HTTP/1.1" 404 23126 "-" "-"
136.243.228.194 - - [14/Jul/2025:09:24:57 -0400] "GET /items/cdbyn280/47290?key=purple HTTP/1.1" 404 23126 "-" "Mozilla/5.0 (compatible; DataForSeoBot/1.0; +https://dataforseo.com/dataforseo-bot)"
20.18.19.125 - - [14/Jul/2025:09:25:08 -0400] "GET /wp-admin/network/plugins.php HTTP/1.1" 302 0 "-" "-"
64.23.170.70 - - [14/Jul/2025:09:25:12 -0400] "POST /xmlrpc.php HTTP/1.1" 403 1242 "https://dangroup.sa" "Mozilla/5.0 (Windows NT 10.0; Win64; x64) AppleWebKit/537.36 (KHTML, like Gecko) Chrome/115.0.5790.171 Safari/537.36 Edg/115.0.1901.203"
20.18.19.125 - - [14/Jul/2025:09:25:12 -0400] "GET /wp-login.php?redirect_to=https%3A%2F%2Fdangroup.sa%2Fwp-admin%2Fnetwork%2Fplugins.php&reauth=1 HTTP/1.1" 200 3094 "-" "-"
103.131.71.187 - - [14/Jul/2025:09:25:14 -0400] "GET /robots.txt HTTP/1.1" 304 0 "-" "Mozilla/5.0 (compatible; coccocbot-web/1.0; +http://help.coccoc.com/searchengine)"
20.171.207.27 - - [14/Jul/2025:09:25:09 -0400] "GET /191ehbxq27398.html HTTP/1.1" 404 23127 "-" "Mozilla/5.0 AppleWebKit/537.36 (KHTML, like Gecko; compatible; GPTBot/1.2; +https://openai.com/gptbot)"
20.18.19.125 - - [14/Jul/2025:09:25:15 -0400] "GET /wp-admin/about.php HTTP/1.1" 302 0 "-" "-"
136.243.228.194 - - [14/Jul/2025:09:25:10 -0400] "GET /items/ofpvp154/38464?key=area HTTP/1.1" 404 23126 "-" "Mozilla/5.0 (compatible; DataForSeoBot/1.0; +https://dataforseo.com/dataforseo-bot)"
20.18.19.125 - - [14/Jul/2025:09:25:18 -0400] "GET /wp-login.php?redirect_to=https%3A%2F%2Fdangroup.sa%2Fwp-admin%2Fabout.php&reauth=1 HTTP/1.1" 200 3112 "-" "-"
20.18.19.125 - - [14/Jul/2025:09:25:20 -0400] "GET /chosen.php HTTP/1.1" 404 23126 "-" "-"
136.243.228.194 - - [14/Jul/2025:09:25:22 -0400] "GET /198gluqr12581.html HTTP/1.1" 404 23126 "-" "Mozilla/5.0 (compatible; DataForSeoBot/1.0; +https://dataforseo.com/dataforseo-bot)"
139.162.24.217 - - [14/Jul/2025:09:25:33 -0400] "GET /wp-login.php HTTP/1.1" 200 3092 "-" "Mozilla/5.0 (Windows NT 6.1; WOW64; Trident/7.0; AS; rv:11.0) like Gecko"
20.18.19.125 - - [14/Jul/2025:09:25:28 -0400] "GET /wp-includes/ID3/about.php HTTP/1.1" 404 23126 "-" "-"
20.18.19.125 - - [14/Jul/2025:09:25:39 -0400] "GET /css/index.php HTTP/1.1" 301 0 "-" "-"
66.29.146.47 - - [14/Jul/2025:09:25:45 -0400] "POST /wp-cron.php?doing_wp_cron=1752499544.7823948860168457031250 HTTP/1.1" 403 1242 "-" "WordPress/6.8; https://dangroup.sa"
136.243.228.194 - - [14/Jul/2025:09:25:33 -0400] "GET /170lfefs9667.html HTTP/1.1" 404 23126 "-" "Mozilla/5.0 (compatible; DataForSeoBot/1.0; +https://dataforseo.com/dataforseo-bot)"
139.162.24.217 - - [14/Jul/2025:09:25:42 -0400] "POST /wp-login.php HTTP/1.1" 200 3230 "-" "Mozilla/5.0 (Windows NT 6.1; WOW64; Trident/7.0; AS; rv:11.0) like Gecko"
20.18.19.125 - - [14/Jul/2025:09:25:42 -0400] "GET /css/ HTTP/1.1" 404 23128 "-" "-"
20.18.19.125 - - [14/Jul/2025:09:25:51 -0400] "GET /wp-admin/includes/xmrlpc.php?p= HTTP/1.1" 301 0 "-" "-"
136.243.228.194 - - [14/Jul/2025:09:25:46 -0400] "GET /279gamf37120.html HTTP/1.1" 404 23126 "-" "Mozilla/5.0 (compatible; DataForSeoBot/1.0; +https://dataforseo.com/dataforseo-bot)"
20.18.19.125 - - [14/Jul/2025:09:25:54 -0400] "GET /wp-admin/includes/xmrlpc.php HTTP/1.1" 404 23128 "-" "-"
136.243.228.194 - - [14/Jul/2025:09:25:56 -0400] "GET /items/wrrfm106/33264?key=special HTTP/1.1" 404 23126 "-" "Mozilla/5.0 (compatible; DataForSeoBot/1.0; +https://dataforseo.com/dataforseo-bot)"
20.18.19.125 - - [14/Jul/2025:09:26:02 -0400] "GET /wp-includes/SimplePie/wp-login.php HTTP/1.1" 404 23128 "-" "-"
136.243.228.194 - - [14/Jul/2025:09:26:07 -0400] "GET /290pbbnm18471.html HTTP/1.1" 404 23126 "-" "Mozilla/5.0 (compatible; DataForSeoBot/1.0; +https://dataforseo.com/dataforseo-bot)"
20.18.19.125 - - [14/Jul/2025:09:26:11 -0400] "GET /wp-content/themes/about.php HTTP/1.1" 404 23126 "-" "-"
20.171.207.27 - - [14/Jul/2025:09:26:13 -0400] "GET /256akgnq25021.html HTTP/1.1" 404 23126 "-" "Mozilla/5.0 AppleWebKit/537.36 (KHTML, like Gecko; compatible; GPTBot/1.2; +https://openai.com/gptbot)"
139.162.24.217 - - [14/Jul/2025:09:26:23 -0400] "GET /wp-login.php HTTP/1.1" 200 3092 "-" "Mozilla/5.0 (Windows NT 6.3; WOW64; rv:40.0) Gecko/20100101 Firefox/40.0"
136.243.228.194 - - [14/Jul/2025:09:26:18 -0400] "GET /159ukid27640.html HTTP/1.1" 404 23126 "-" "Mozilla/5.0 (compatible; DataForSeoBot/1.0; +https://dataforseo.com/dataforseo-bot)"
20.18.19.125 - - [14/Jul/2025:09:26:21 -0400] "GET /filemanager/dialog.php HTTP/1.1" 404 23126 "-" "-"
139.162.24.217 - - [14/Jul/2025:09:26:33 -0400] "POST /wp-login.php HTTP/1.1" 200 3272 "-" "Mozilla/5.0 (Windows NT 6.3; WOW64; rv:40.0) Gecko/20100101 Firefox/40.0"
20.18.19.125 - - [14/Jul/2025:09:26:34 -0400] "GET /wp-admin/maint/index.php HTTP/1.1" 301 0 "-" "-"
20.18.19.125 - - [14/Jul/2025:09:26:37 -0400] "GET /wp-admin/maint/ HTTP/1.1" 200 621 "-" "-"
136.243.228.194 - - [14/Jul/2025:09:26:34 -0400] "GET /items/bjpzp150/35130?key=data HTTP/1.1" 404 23126 "-" "Mozilla/5.0 (compatible; DataForSeoBot/1.0; +https://dataforseo.com/dataforseo-bot)"
20.18.19.125 - - [14/Jul/2025:09:26:38 -0400] "GET /wp-includes/Requests/Text/admin.php HTTP/1.1" 404 23126 "-" "-"
66.29.146.47 - - [14/Jul/2025:09:26:45 -0400] "POST /wp-cron.php?doing_wp_cron=1752499605.6869060993194580078125 HTTP/1.1" 403 1242 "-" "WordPress/6.8; https://dangroup.sa"
20.18.19.125 - - [14/Jul/2025:09:26:44 -0400] "GET /wp-includes/customize/about.php HTTP/1.1" 404 23128 "-" "-"
136.243.228.194 - - [14/Jul/2025:09:26:45 -0400] "GET /items/ejzua263/36511?key=sexuality HTTP/1.1" 404 23126 "-" "Mozilla/5.0 (compatible; DataForSeoBot/1.0; +https://dataforseo.com/dataforseo-bot)"
66.249.68.133 - - [14/Jul/2025:09:27:05 -0400] "GET /items/uilzz92/142?key=image HTTP/1.1" 200 87138 "-" "Mozilla/5.0 (Linux; Android 6.0.1; Nexus 5X Build/MMB29P) AppleWebKit/537.36 (KHTML, like Gecko) Chrome/137.0.7151.103 Mobile Safari/537.36 (compatible; Googlebot/2.1; +http://www.google.com/bot.html)"
20.18.19.125 - - [14/Jul/2025:09:26:56 -0400] "GET /index/function.php HTTP/1.1" 404 23126 "-" "-"
139.162.24.217 - - [14/Jul/2025:09:27:09 -0400] "GET /wp-login.php HTTP/1.1" 200 3092 "-" "Mozilla/5.0 (Windows NT 6.1; WOW64; Trident/7.0; AS; rv:11.0) like Gecko"
136.243.228.194 - - [14/Jul/2025:09:27:00 -0400] "GET /items/iwwgu131/1857?key=inside HTTP/1.1" 404 23128 "-" "Mozilla/5.0 (compatible; DataForSeoBot/1.0; +https://dataforseo.com/dataforseo-bot)"
139.162.24.217 - - [14/Jul/2025:09:27:14 -0400] "POST /wp-login.php HTTP/1.1" 200 3230 "-" "Mozilla/5.0 (Windows NT 6.1; WOW64; Trident/7.0; AS; rv:11.0) like Gecko"
20.18.19.125 - - [14/Jul/2025:09:27:09 -0400] "GET /uploads/autoload_classmap.php HTTP/1.1" 200 0 "-" "-"
20.171.207.27 - - [14/Jul/2025:09:27:14 -0400] "GET /188sohku20907.html HTTP/1.1" 404 23126 "-" "Mozilla/5.0 AppleWebKit/537.36 (KHTML, like Gecko; compatible; GPTBot/1.2; +https://openai.com/gptbot)"
136.243.228.194 - - [14/Jul/2025:09:27:17 -0400] "GET /143ijhvb9378.html HTTP/1.1" 404 23126 "-" "Mozilla/5.0 (compatible; DataForSeoBot/1.0; +https://dataforseo.com/dataforseo-bot)"
20.18.19.125 - - [14/Jul/2025:09:27:24 -0400] "GET /wp-includes/css/dist/preferences/wp-login.php HTTP/1.1" 404 23126 "-" "-"
136.243.228.194 - - [14/Jul/2025:09:27:37 -0400] "GET /items/qqgbu205/5595?key=ribbon HTTP/1.1" 404 23128 "-" "Mozilla/5.0 (compatible; DataForSeoBot/1.0; +https://dataforseo.com/dataforseo-bot)"
20.18.19.125 - - [14/Jul/2025:09:27:38 -0400] "GET /wp-includes/style-engine/about.php HTTP/1.1" 404 23128 "-" "-"
66.29.146.47 - - [14/Jul/2025:09:27:51 -0400] "POST /wp-cron.php?doing_wp_cron=1752499671.1996150016784667968750 HTTP/1.1" 403 1242 "-" "WordPress/6.8; https://dangroup.sa"
66.29.146.47 - - [14/Jul/2025:09:27:52 -0400] "POST /wp-cron.php?doing_wp_cron=1752499672.2766408920288085937500 HTTP/1.1" 403 1242 "-" "WordPress/6.8; https://dangroup.sa"
139.162.24.217 - - [14/Jul/2025:09:27:51 -0400] "GET /wp-login.php HTTP/1.1" 200 3092 "-" "Mozilla/5.0 (Windows NT 10.0; Win64; x64) AppleWebKit/537.36 (KHTML, like Gecko) Chrome/58.0.3029.110 Safari/537.3"
20.18.19.125 - - [14/Jul/2025:09:27:49 -0400] "GET /.well-known/acme-challenge/mariju.php HTTP/1.1" 404 23126 "-" "-"
136.243.228.194 - - [14/Jul/2025:09:27:50 -0400] "GET /95htof23360.html HTTP/1.1" 404 23126 "-" "Mozilla/5.0 (compatible; DataForSeoBot/1.0; +https://dataforseo.com/dataforseo-bot)"
139.162.24.217 - - [14/Jul/2025:09:28:01 -0400] "POST /wp-login.php HTTP/1.1" 200 3230 "-" "Mozilla/5.0 (Windows NT 10.0; Win64; x64) AppleWebKit/537.36 (KHTML, like Gecko) Chrome/58.0.3029.110 Safari/537.3"
20.18.19.125 - - [14/Jul/2025:09:27:59 -0400] "GET /about/function.php HTTP/1.1" 404 23128 "-" "-"
136.243.228.194 - - [14/Jul/2025:09:28:05 -0400] "GET /items/zjshv235/9127?key=income HTTP/1.1" 404 23126 "-" "Mozilla/5.0 (compatible; DataForSeoBot/1.0; +https://dataforseo.com/dataforseo-bot)"
20.18.19.125 - - [14/Jul/2025:09:28:14 -0400] "GET /wp-includes/theme-compat/chosen.php HTTP/1.1" 404 23128 "-" "-"
20.171.207.27 - - [14/Jul/2025:09:28:18 -0400] "GET /241pokyw49122.html HTTP/1.1" 404 23126 "-" "Mozilla/5.0 AppleWebKit/537.36 (KHTML, like Gecko; compatible; GPTBot/1.2; +https://openai.com/gptbot)"
136.243.228.194 - - [14/Jul/2025:09:28:19 -0400] "GET /102tsq6629.html HTTP/1.1" 404 23128 "-" "Mozilla/5.0 (compatible; DataForSeoBot/1.0; +https://dataforseo.com/dataforseo-bot)"
20.18.19.125 - - [14/Jul/2025:09:28:24 -0400] "GET /admin/function.php HTTP/1.1" 404 23126 "-" "-"
139.162.24.217 - - [14/Jul/2025:09:28:36 -0400] "GET /wp-login.php HTTP/1.1" 200 3092 "-" "Mozilla/5.0 (Windows NT 6.1; WOW64; Trident/7.0; AS; rv:11.0) like Gecko"
20.18.19.125 - - [14/Jul/2025:09:28:37 -0400] "GET /.well-known/acme-challenge/index.php HTTP/1.1" 301 0 "-" "-"
139.162.24.217 - - [14/Jul/2025:09:28:42 -0400] "POST /wp-login.php HTTP/1.1" 200 3230 "-" "Mozilla/5.0 (Windows NT 6.1; WOW64; Trident/7.0; AS; rv:11.0) like Gecko"
136.243.228.194 - - [14/Jul/2025:09:28:35 -0400] "GET /56cbn39705.html HTTP/1.1" 404 23126 "-" "Mozilla/5.0 (compatible; DataForSeoBot/1.0; +https://dataforseo.com/dataforseo-bot)"
20.18.19.125 - - [14/Jul/2025:09:28:40 -0400] "GET /.well-known/acme-challenge/ HTTP/1.1" 200 0 "-" "-"
66.29.146.47 - - [14/Jul/2025:09:28:56 -0400] "POST /wp-cron.php?doing_wp_cron=1752499735.7779951095581054687500 HTTP/1.1" 403 1242 "-" "WordPress/6.8; https://dangroup.sa"
20.18.19.125 - - [14/Jul/2025:09:28:52 -0400] "GET /css/colors/blue/index.php HTTP/1.1" 301 0 "-" "-"
136.243.228.194 - - [14/Jul/2025:09:28:49 -0400] "GET /206oxucs32557.html HTTP/1.1" 404 23128 "-" "Mozilla/5.0 (compatible; DataForSeoBot/1.0; +https://dataforseo.com/dataforseo-bot)"
20.18.19.125 - - [14/Jul/2025:09:28:56 -0400] "GET /css/colors/blue/ HTTP/1.1" 404 23128 "-" "-"
136.243.228.194 - - [14/Jul/2025:09:29:01 -0400] "GET /24uks4611.html HTTP/1.1" 404 23126 "-" "Mozilla/5.0 (compatible; DataForSeoBot/1.0; +https://dataforseo.com/dataforseo-bot)"
20.18.19.125 - - [14/Jul/2025:09:29:06 -0400] "GET /wp-content/plugins/pwnd/as.php HTTP/1.1" 404 23126 "-" "-"
20.18.19.125 - - [14/Jul/2025:09:29:19 -0400] "GET /wp-admin/setup-config.php HTTP/1.1" 403 1242 "-" "-"
139.162.24.217 - - [14/Jul/2025:09:29:18 -0400] "GET /wp-login.php HTTP/1.1" 200 3092 "-" "Mozilla/5.0 (Windows NT 6.1; WOW64; Trident/7.0; AS; rv:11.0) like Gecko"
20.18.19.125 - - [14/Jul/2025:09:29:19 -0400] "GET /wp-admin/user/about.php HTTP/1.1" 302 0 "-" "-"
20.18.19.125 - - [14/Jul/2025:09:29:22 -0400] "GET /wp-login.php?redirect_to=https%3A%2F%2Fdangroup.sa%2Fwp-admin%2Fuser%2Fabout.php&reauth=1 HTTP/1.1" 200 3107 "-" "-"
20.18.19.125 - - [14/Jul/2025:09:29:24 -0400] "GET /wp-admin/js/index.php HTTP/1.1" 301 0 "-" "-"
20.18.19.125 - - [14/Jul/2025:09:29:27 -0400] "GET /wp-admin/js/ HTTP/1.1" 200 2906 "-" "-"
139.162.24.217 - - [14/Jul/2025:09:29:25 -0400] "POST /wp-login.php HTTP/1.1" 200 3230 "-" "Mozilla/5.0 (Windows NT 6.1; WOW64; Trident/7.0; AS; rv:11.0) like Gecko"
136.243.228.194 - - [14/Jul/2025:09:29:15 -0400] "GET /items/sykvz69/9307?key=vary HTTP/1.1" 404 23126 "-" "Mozilla/5.0 (compatible; DataForSeoBot/1.0; +https://dataforseo.com/dataforseo-bot)"
69.197.135.226 - - [14/Jul/2025:09:29:31 -0400] "GET /wp-content/install.php HTTP/1.1" 200 10 "https://dangroup.sa/wp-content/install.php" "Mozilla/5.0 (Windows NT 10.0; Win64; x64) AppleWebKit/537.36 (KHTML, like Gecko) Chrome/58.0.3029.110 Safari/537.3"
20.171.207.27 - - [14/Jul/2025:09:29:19 -0400] "GET /131pgmvd33608.html HTTP/1.1" 404 23126 "-" "Mozilla/5.0 AppleWebKit/537.36 (KHTML, like Gecko; compatible; GPTBot/1.2; +https://openai.com/gptbot)"
136.243.228.194 - - [14/Jul/2025:09:29:31 -0400] "GET /116fos1451.html HTTP/1.1" 404 23128 "-" "Mozilla/5.0 (compatible; DataForSeoBot/1.0; +https://dataforseo.com/dataforseo-bot)"
20.18.19.125 - - [14/Jul/2025:09:29:29 -0400] "GET /wp-content/upgrade/about.php HTTP/1.1" 404 23128 "-" "-"
20.18.19.125 - - [14/Jul/2025:09:29:43 -0400] "GET /wp-includes/assets/index.php HTTP/1.1" 301 0 "-" "-"
20.18.19.125 - - [14/Jul/2025:09:29:45 -0400] "GET /wp-includes/assets/ HTTP/1.1" 200 1043 "-" "-"
136.243.228.194 - - [14/Jul/2025:09:29:44 -0400] "GET /297rzrh3046.html HTTP/1.1" 404 23128 "-" "Mozilla/5.0 (compatible; DataForSeoBot/1.0; +https://dataforseo.com/dataforseo-bot)"
20.18.19.125 - - [14/Jul/2025:09:29:45 -0400] "GET /wp-content/radio.php HTTP/1.1" 404 23128 "-" "-"
66.29.146.47 - - [14/Jul/2025:09:29:59 -0400] "POST /wp-cron.php?doing_wp_cron=1752499798.8831620216369628906250 HTTP/1.1" 403 1242 "-" "WordPress/6.8; https://dangroup.sa"
20.18.19.125 - - [14/Jul/2025:09:29:57 -0400] "GET /wp-includes/fonts/index.php?p= HTTP/1.1" 301 0 "-" "-"
20.18.19.125 - - [14/Jul/2025:09:29:59 -0400] "GET /wp-includes/fonts/ HTTP/1.1" 200 1154 "-" "-"
66.29.146.47 - - [14/Jul/2025:09:30:00 -0400] "POST /wp-cron.php?doing_wp_cron=1752499800.2858450412750244140625 HTTP/1.1" 403 1242 "-" "WordPress/6.8; https://dangroup.sa"
139.162.24.217 - - [14/Jul/2025:09:30:02 -0400] "GET /wp-login.php HTTP/1.1" 200 3092 "-" "Mozilla/5.0 (Windows NT 6.3; WOW64; rv:40.0) Gecko/20100101 Firefox/40.0"
136.243.228.194 - - [14/Jul/2025:09:29:58 -0400] "GET /items/wcfcz2/39570?key=principal HTTP/1.1" 404 23128 "-" "Mozilla/5.0 (compatible; DataForSeoBot/1.0; +https://dataforseo.com/dataforseo-bot)"
20.18.19.125 - - [14/Jul/2025:09:29:59 -0400] "GET /.well-known/gecko-litespeed.php HTTP/1.1" 404 23126 "-" "-"
139.162.24.217 - - [14/Jul/2025:09:30:09 -0400] "POST /wp-login.php HTTP/1.1" 200 3230 "-" "Mozilla/5.0 (Windows NT 6.3; WOW64; rv:40.0) Gecko/20100101 Firefox/40.0"
20.18.19.125 - - [14/Jul/2025:09:30:10 -0400] "GET /.well-known/admin.php HTTP/1.1" 200 0 "-" "-"
47.82.60.39 - - [14/Jul/2025:09:30:07 -0400] "GET /pcmypage?callback=/product/detail/184233-echizen-e10-a007 HTTP/1.1" 404 23126 "https://dangroup.sa/pcmypage?callback=/product%2Fdetail%2F184233-echizen-e10-a007" "Mozilla/5.0 (Windows NT 10.0; Win64; x64) AppleWebKit/537.36 (KHTML, like Gecko) Chrome/114.0.0.0 Safari/537.36 Edg/114.0.1823.43"
136.243.228.194 - - [14/Jul/2025:09:30:11 -0400] "GET /42ttr22445.html HTTP/1.1" 404 23128 "-" "Mozilla/5.0 (compatible; DataForSeoBot/1.0; +https://dataforseo.com/dataforseo-bot)"
47.82.60.56 - - [14/Jul/2025:09:30:24 -0400] "GET /items/fjozg5/391?key=employ HTTP/1.1" 301 0 "https://www.dangroup.sa/items/fjozg5/391?key=employ" "Mozilla/5.0 (Windows NT 10.0; Win64; x64) AppleWebKit/537.36 (KHTML, like Gecko) Chrome/114.0.0.0 Safari/537.36 Edg/114.0.1823.43"
20.18.19.125 - - [14/Jul/2025:09:30:25 -0400] "GET /wp-content/admin.php HTTP/1.1" 404 23126 "-" "-"
20.171.207.27 - - [14/Jul/2025:09:30:21 -0400] "GET /122syodi61727.html HTTP/1.1" 404 23126 "-" "Mozilla/5.0 AppleWebKit/537.36 (KHTML, like Gecko; compatible; GPTBot/1.2; +https://openai.com/gptbot)"
47.82.60.56 - - [14/Jul/2025:09:30:28 -0400] "GET /items/fjozg5/391?key=employ HTTP/1.1" 404 23126 "https://www.dangroup.sa/items/fjozg5/391?key=employ" "Mozilla/5.0 (Windows NT 10.0; Win64; x64) AppleWebKit/537.36 (KHTML, like Gecko) Chrome/114.0.0.0 Safari/537.36 Edg/114.0.1823.43"
136.243.228.194 - - [14/Jul/2025:09:30:28 -0400] "GET /215apmor9920.html HTTP/1.1" 404 23128 "-" "Mozilla/5.0 (compatible; DataForSeoBot/1.0; +https://dataforseo.com/dataforseo-bot)"
20.18.19.125 - - [14/Jul/2025:09:30:35 -0400] "GET /wp-content/plugins/admin.php HTTP/1.1" 404 23126 "-" "-"
20.18.19.125 - - [14/Jul/2025:09:30:43 -0400] "GET /wp-content/themes/twentytwentytwo/index.php?p= HTTP/1.1" 200 0 "-" "-"
47.82.60.37 - - [14/Jul/2025:09:30:42 -0400] "GET /pcmypage?callback=product/review/kaguu-ru-if-gr021-8p HTTP/1.1" 301 0 "https://www.dangroup.sa/pcmypage?callback=product/review/kaguu-ru-if-gr021-8p" "Mozilla/5.0 (Windows NT 10.0; Win64; x64) AppleWebKit/537.36 (KHTML, like Gecko) Chrome/114.0.0.0 Safari/537.36 Edg/114.0.1823.43"
136.243.228.194 - - [14/Jul/2025:09:30:39 -0400] "GET /items/nnzmc260/17460?key=warrior HTTP/1.1" 404 23126 "-" "Mozilla/5.0 (compatible; DataForSeoBot/1.0; +https://dataforseo.com/dataforseo-bot)"
20.18.19.125 - - [14/Jul/2025:09:30:43 -0400] "GET /.well-known/log.php HTTP/1.1" 404 23126 "-" "-"
47.82.60.37 - - [14/Jul/2025:09:30:46 -0400] "GET /pcmypage?callback=product/review/kaguu-ru-if-gr021-8p HTTP/1.1" 404 23126 "https://www.dangroup.sa/pcmypage?callback=product/review/kaguu-ru-if-gr021-8p" "Mozilla/5.0 (Windows NT 10.0; Win64; x64) AppleWebKit/537.36 (KHTML, like Gecko) Chrome/114.0.0.0 Safari/537.36 Edg/114.0.1823.43"
136.243.228.194 - - [14/Jul/2025:09:30:51 -0400] "GET /251uhka16964.html HTTP/1.1" 404 23126 "-" "Mozilla/5.0 (compatible; DataForSeoBot/1.0; +https://dataforseo.com/dataforseo-bot)"
20.18.19.125 - - [14/Jul/2025:09:30:54 -0400] "GET /class.php HTTP/1.1" 404 23128 "-" "-"
66.29.146.47 - - [14/Jul/2025:09:31:08 -0400] "POST /wp-cron.php?doing_wp_cron=1752499868.1985549926757812500000 HTTP/1.1" 403 1242 "-" "WordPress/6.8; https://dangroup.sa"
139.162.24.217 - - [14/Jul/2025:09:31:08 -0400] "GET /wp-login.php HTTP/1.1" 200 3092 "-" "Mozilla/5.0 (Macintosh; Intel Mac OS X 10_11_5) AppleWebKit/537.36 (KHTML, like Gecko) Chrome/50.0.2661.102 Safari/537.36"
20.18.19.125 - - [14/Jul/2025:09:31:06 -0400] "GET /bless.php HTTP/1.1" 404 23126 "-" "-"
20.18.19.125 - - [14/Jul/2025:09:31:16 -0400] "GET /wp-includes/js/codemirror/index.php HTTP/1.1" 301 0 "-" "-"
20.18.19.125 - - [14/Jul/2025:09:31:19 -0400] "GET /wp-includes/js/codemirror/ HTTP/1.1" 200 1085 "-" "-"
139.162.24.217 - - [14/Jul/2025:09:31:16 -0400] "POST /wp-login.php HTTP/1.1" 200 3272 "-" "Mozilla/5.0 (Macintosh; Intel Mac OS X 10_11_5) AppleWebKit/537.36 (KHTML, like Gecko) Chrome/50.0.2661.102 Safari/537.36"
20.18.19.125 - - [14/Jul/2025:09:31:19 -0400] "GET /wp-includes/block-patterns/index.php HTTP/1.1" 301 0 "-" "-"
20.18.19.125 - - [14/Jul/2025:09:31:21 -0400] "GET /wp-includes/block-patterns/ HTTP/1.1" 200 1065 "-" "-"
136.243.228.194 - - [14/Jul/2025:09:31:06 -0400] "GET /items/yswgy238/6996?key=shall HTTP/1.1" 404 23128 "-" "Mozilla/5.0 (compatible; DataForSeoBot/1.0; +https://dataforseo.com/dataforseo-bot)"
47.82.60.57 - - [14/Jul/2025:09:31:22 -0400] "GET /pcmypage?callback=product/detail/ii-sakura-odelic201609-5558-t HTTP/1.1" 301 0 "https://www.dangroup.sa/pcmypage?callback=product%2Fdetail%2Fii-sakura-odelic201609-5558-t" "Mozilla/5.0 (Windows NT 10.0; Win64; x64) AppleWebKit/537.36 (KHTML, like Gecko) Chrome/114.0.0.0 Safari/537.36 Edg/114.0.1823.43"
20.18.19.125 - - [14/Jul/2025:09:31:22 -0400] "GET /lock360.php HTTP/1.1" 404 23126 "-" "-"
20.171.207.27 - - [14/Jul/2025:09:31:23 -0400] "GET /287gzpzv23980.html HTTP/1.1" 404 23126 "-" "Mozilla/5.0 AppleWebKit/537.36 (KHTML, like Gecko; compatible; GPTBot/1.2; +https://openai.com/gptbot)"
47.82.60.57 - - [14/Jul/2025:09:31:25 -0400] "GET /pcmypage?callback=product/detail/ii-sakura-odelic201609-5558-t HTTP/1.1" 404 23128 "https://www.dangroup.sa/pcmypage?callback=product%2Fdetail%2Fii-sakura-odelic201609-5558-t" "Mozilla/5.0 (Windows NT 10.0; Win64; x64) AppleWebKit/537.36 (KHTML, like Gecko) Chrome/114.0.0.0 Safari/537.36 Edg/114.0.1823.43"
136.243.228.194 - - [14/Jul/2025:09:31:24 -0400] "GET /items/jtjkb273/20781?key=cold HTTP/1.1" 404 23126 "-" "Mozilla/5.0 (compatible; DataForSeoBot/1.0; +https://dataforseo.com/dataforseo-bot)"
20.18.19.125 - - [14/Jul/2025:09:31:32 -0400] "GET /wp-content/plugins/about.php HTTP/1.1" 404 23126 "-" "-"
216.73.216.160 - - [14/Jul/2025:09:31:31 -0400] "GET / HTTP/1.1" 200 0 "-" "Mozilla/5.0 AppleWebKit/537.36 (KHTML, like Gecko; compatible; ClaudeBot/1.0; +claudebot@anthropic.com)"
136.243.228.194 - - [14/Jul/2025:09:31:37 -0400] "GET /272lme2763.html HTTP/1.1" 404 23128 "-" "Mozilla/5.0 (compatible; DataForSeoBot/1.0; +https://dataforseo.com/dataforseo-bot)"
20.18.19.125 - - [14/Jul/2025:09:31:39 -0400] "GET /wp-admin/css/colors/blue/about.php HTTP/1.1" 404 23128 "-" "-"
20.18.19.125 - - [14/Jul/2025:09:31:50 -0400] "GET /edit.php HTTP/1.1" 404 23126 "-" "-"
136.243.228.194 - - [14/Jul/2025:09:31:50 -0400] "GET /141kihyb23386.html HTTP/1.1" 404 23126 "-" "Mozilla/5.0 (compatible; DataForSeoBot/1.0; +https://dataforseo.com/dataforseo-bot)"
20.18.19.125 - - [14/Jul/2025:09:32:02 -0400] "GET /options.php HTTP/1.1" 404 23126 "-" "-"
136.243.228.194 - - [14/Jul/2025:09:32:04 -0400] "GET /items/ocrre97/24265?key=educational HTTP/1.1" 404 23126 "-" "Mozilla/5.0 (compatible; DataForSeoBot/1.0; +https://dataforseo.com/dataforseo-bot)"
66.29.146.47 - - [14/Jul/2025:09:32:17 -0400] "POST /wp-cron.php?doing_wp_cron=1752499937.4918959140777587890625 HTTP/1.1" 403 1242 "-" "WordPress/6.8; https://dangroup.sa"
139.162.24.217 - - [14/Jul/2025:09:32:16 -0400] "GET /wp-login.php HTTP/1.1" 200 3092 "-" "Mozilla/5.0 (Windows NT 6.3; WOW64; rv:40.0) Gecko/20100101 Firefox/40.0"
66.29.146.47 - - [14/Jul/2025:09:32:18 -0400] "POST /wp-cron.php?doing_wp_cron=1752499937.9880509376525878906250 HTTP/1.1" 403 1242 "-" "WordPress/6.8; https://dangroup.sa"
20.18.19.125 - - [14/Jul/2025:09:32:16 -0400] "GET /wp-admin/network/index.php HTTP/1.1" 302 0 "-" "-"
20.18.19.125 - - [14/Jul/2025:09:32:18 -0400] "GET /wp-login.php?redirect_to=https%3A%2F%2Fdangroup.sa%2Fwp-admin%2Fnetwork%2Findex.php&reauth=1 HTTP/1.1" 200 3139 "-" "-"
