66.29.146.47 - - [14/Jul/2025:14:46:26 -0400] "POST /wp-cron.php?doing_wp_cron=1752518785.5977430343627929687500 HTTP/1.1" 403 1242 "-" "WordPress/6.8; https://dangroup.sa"
136.243.228.194 - - [14/Jul/2025:14:46:25 -0400] "GET /107adwlt19312.html HTTP/1.1" 404 23126 "-" "Mozilla/5.0 (compatible; DataForSeoBot/1.0; +https://dataforseo.com/dataforseo-bot)"
136.243.228.194 - - [14/Jul/2025:14:46:29 -0400] "GET /items/weitl123/39355?key=insight HTTP/1.1" 404 23128 "-" "Mozilla/5.0 (compatible; DataForSeoBot/1.0; +https://dataforseo.com/dataforseo-bot)"
136.243.228.194 - - [14/Jul/2025:14:46:35 -0400] "GET /22tfnr43857.html HTTP/1.1" 404 23126 "-" "Mozilla/5.0 (compatible; DataForSeoBot/1.0; +https://dataforseo.com/dataforseo-bot)"
136.243.228.194 - - [14/Jul/2025:14:46:43 -0400] "GET /82mhomv27685.html HTTP/1.1" 404 23128 "-" "Mozilla/5.0 (compatible; DataForSeoBot/1.0; +https://dataforseo.com/dataforseo-bot)"
136.243.228.194 - - [14/Jul/2025:14:46:48 -0400] "GET /items/hdeyq51/14759?key=leap HTTP/1.1" 404 23126 "-" "Mozilla/5.0 (compatible; DataForSeoBot/1.0; +https://dataforseo.com/dataforseo-bot)"
136.243.228.194 - - [14/Jul/2025:14:46:54 -0400] "GET /123tznks38330.html HTTP/1.1" 404 23126 "-" "Mozilla/5.0 (compatible; DataForSeoBot/1.0; +https://dataforseo.com/dataforseo-bot)"
139.162.24.217 - - [14/Jul/2025:14:47:04 -0400] "GET /wp-login.php HTTP/1.1" 200 3092 "-" "Mozilla/5.0 (Windows NT 6.3; WOW64; rv:40.0) Gecko/20100101 Firefox/40.0"
136.243.228.194 - - [14/Jul/2025:14:46:59 -0400] "GET /items/zhxem141/38443?key=distribution HTTP/1.1" 404 23128 "-" "Mozilla/5.0 (compatible; DataForSeoBot/1.0; +https://dataforseo.com/dataforseo-bot)"
139.162.24.217 - - [14/Jul/2025:14:47:12 -0400] "POST /wp-login.php HTTP/1.1" 200 3230 "-" "Mozilla/5.0 (Windows NT 6.3; WOW64; rv:40.0) Gecko/20100101 Firefox/40.0"
136.243.228.194 - - [14/Jul/2025:14:47:11 -0400] "GET /items/xaqos274/27378?key=lemon HTTP/1.1" 404 23128 "-" "Mozilla/5.0 (compatible; DataForSeoBot/1.0; +https://dataforseo.com/dataforseo-bot)"
20.171.207.27 - - [14/Jul/2025:14:47:11 -0400] "GET /146armqn29649.html HTTP/1.1" 404 23126 "-" "Mozilla/5.0 AppleWebKit/537.36 (KHTML, like Gecko; compatible; GPTBot/1.2; +https://openai.com/gptbot)"
136.243.228.194 - - [14/Jul/2025:14:47:17 -0400] "GET /98yyq17853.html HTTP/1.1" 404 23126 "-" "Mozilla/5.0 (compatible; DataForSeoBot/1.0; +https://dataforseo.com/dataforseo-bot)"
136.243.228.194 - - [14/Jul/2025:14:47:21 -0400] "GET /items/dtbuz274/41020?key=sun HTTP/1.1" 404 23126 "-" "Mozilla/5.0 (compatible; DataForSeoBot/1.0; +https://dataforseo.com/dataforseo-bot)"
136.243.228.194 - - [14/Jul/2025:14:47:25 -0400] "GET /items/jxrxx102/20830?key=acceptance HTTP/1.1" 404 23126 "-" "Mozilla/5.0 (compatible; DataForSeoBot/1.0; +https://dataforseo.com/dataforseo-bot)"
66.29.146.47 - - [14/Jul/2025:14:47:30 -0400] "POST /wp-cron.php?doing_wp_cron=1752518849.4281270503997802734375 HTTP/1.1" 403 1242 "-" "WordPress/6.8; https://dangroup.sa"
136.243.228.194 - - [14/Jul/2025:14:47:29 -0400] "GET /211lsu31630.html HTTP/1.1" 404 23126 "-" "Mozilla/5.0 (compatible; DataForSeoBot/1.0; +https://dataforseo.com/dataforseo-bot)"
136.243.228.194 - - [14/Jul/2025:14:47:38 -0400] "GET /items/tweyk150/42642?key=essentially HTTP/1.1" 404 23126 "-" "Mozilla/5.0 (compatible; DataForSeoBot/1.0; +https://dataforseo.com/dataforseo-bot)"
136.243.228.194 - - [14/Jul/2025:14:47:44 -0400] "GET /items/iteea40/48368?key=wolf HTTP/1.1" 404 23128 "-" "Mozilla/5.0 (compatible; DataForSeoBot/1.0; +https://dataforseo.com/dataforseo-bot)"
139.162.24.217 - - [14/Jul/2025:14:47:50 -0400] "GET /wp-login.php HTTP/1.1" 200 3092 "-" "Mozilla/5.0 (Windows NT 10.0; Win64; x64) AppleWebKit/537.36 (KHTML, like Gecko) Chrome/58.0.3029.110 Safari/537.3"
66.249.68.131 - - [14/Jul/2025:14:47:56 -0400] "GET /130psa22537.html HTTP/1.1" 200 87105 "-" "Mozilla/5.0 (Linux; Android 6.0.1; Nexus 5X Build/MMB29P) AppleWebKit/537.36 (KHTML, like Gecko) Chrome/137.0.7151.103 Mobile Safari/537.36 (compatible; Googlebot/2.1; +http://www.google.com/bot.html)"
136.243.228.194 - - [14/Jul/2025:14:47:53 -0400] "GET /items/arowy243/19343?key=ie HTTP/1.1" 404 23126 "-" "Mozilla/5.0 (compatible; DataForSeoBot/1.0; +https://dataforseo.com/dataforseo-bot)"
139.162.24.217 - - [14/Jul/2025:14:47:58 -0400] "POST /wp-login.php HTTP/1.1" 200 3230 "-" "Mozilla/5.0 (Windows NT 10.0; Win64; x64) AppleWebKit/537.36 (KHTML, like Gecko) Chrome/58.0.3029.110 Safari/537.3"
136.243.228.194 - - [14/Jul/2025:14:48:02 -0400] "GET /items/lmoti26/34784?key=swim HTTP/1.1" 404 23128 "-" "Mozilla/5.0 (compatible; DataForSeoBot/1.0; +https://dataforseo.com/dataforseo-bot)"
136.243.228.194 - - [14/Jul/2025:14:48:08 -0400] "GET /items/yusgq219/21953?key=roof HTTP/1.1" 404 23126 "-" "Mozilla/5.0 (compatible; DataForSeoBot/1.0; +https://dataforseo.com/dataforseo-bot)"
20.171.207.27 - - [14/Jul/2025:14:48:08 -0400] "GET /212aipvj26197.html HTTP/1.1" 404 23126 "-" "Mozilla/5.0 AppleWebKit/537.36 (KHTML, like Gecko; compatible; GPTBot/1.2; +https://openai.com/gptbot)"
136.243.228.194 - - [14/Jul/2025:14:48:16 -0400] "GET /9pzho5464.html HTTP/1.1" 404 23126 "-" "Mozilla/5.0 (compatible; DataForSeoBot/1.0; +https://dataforseo.com/dataforseo-bot)"
136.243.228.194 - - [14/Jul/2025:14:48:21 -0400] "GET /284gusdc21591.html HTTP/1.1" 404 23126 "-" "Mozilla/5.0 (compatible; DataForSeoBot/1.0; +https://dataforseo.com/dataforseo-bot)"
136.243.228.194 - - [14/Jul/2025:14:48:24 -0400] "GET /193wnbzd4386.html HTTP/1.1" 404 23126 "-" "Mozilla/5.0 (compatible; DataForSeoBot/1.0; +https://dataforseo.com/dataforseo-bot)"
136.243.228.194 - - [14/Jul/2025:14:48:28 -0400] "GET /14ypfri13167.html HTTP/1.1" 404 23126 "-" "Mozilla/5.0 (compatible; DataForSeoBot/1.0; +https://dataforseo.com/dataforseo-bot)"
66.29.146.47 - - [14/Jul/2025:14:48:34 -0400] "POST /wp-cron.php?doing_wp_cron=1752518913.7812950611114501953125 HTTP/1.1" 403 1242 "-" "WordPress/6.8; https://dangroup.sa"
136.243.228.194 - - [14/Jul/2025:14:48:33 -0400] "GET /204mybxk627.html HTTP/1.1" 404 23126 "-" "Mozilla/5.0 (compatible; DataForSeoBot/1.0; +https://dataforseo.com/dataforseo-bot)"
136.243.228.194 - - [14/Jul/2025:14:48:40 -0400] "GET /237feqf18248.html HTTP/1.1" 404 23126 "-" "Mozilla/5.0 (compatible; DataForSeoBot/1.0; +https://dataforseo.com/dataforseo-bot)"
139.162.24.217 - - [14/Jul/2025:14:49:02 -0400] "GET /wp-login.php HTTP/1.1" 200 3127 "-" "Mozilla/5.0 (Macintosh; Intel Mac OS X 10_11_5) AppleWebKit/537.36 (KHTML, like Gecko) Chrome/50.0.2661.102 Safari/537.36"
136.243.228.194 - - [14/Jul/2025:14:48:55 -0400] "GET /items/kfnvz14/27256?key=rapidly HTTP/1.1" 404 23126 "-" "Mozilla/5.0 (compatible; DataForSeoBot/1.0; +https://dataforseo.com/dataforseo-bot)"
139.162.24.217 - - [14/Jul/2025:14:49:11 -0400] "POST /wp-login.php HTTP/1.1" 200 3230 "-" "Mozilla/5.0 (Macintosh; Intel Mac OS X 10_11_5) AppleWebKit/537.36 (KHTML, like Gecko) Chrome/50.0.2661.102 Safari/537.36"
20.171.207.27 - - [14/Jul/2025:14:49:05 -0400] "GET /227ciwqr13702.html HTTP/1.1" 404 23128 "-" "Mozilla/5.0 AppleWebKit/537.36 (KHTML, like Gecko; compatible; GPTBot/1.2; +https://openai.com/gptbot)"
136.243.228.194 - - [14/Jul/2025:14:49:05 -0400] "GET /items/qgbyi255/15971?key=offender HTTP/1.1" 404 23128 "-" "Mozilla/5.0 (compatible; DataForSeoBot/1.0; +https://dataforseo.com/dataforseo-bot)"
136.243.228.194 - - [14/Jul/2025:14:49:22 -0400] "GET /items/lwcrt229/33531?key=urge HTTP/1.1" 404 23126 "-" "Mozilla/5.0 (compatible; DataForSeoBot/1.0; +https://dataforseo.com/dataforseo-bot)"
136.243.228.194 - - [14/Jul/2025:14:49:25 -0400] "GET /233nfh5602.html HTTP/1.1" 404 23126 "-" "Mozilla/5.0 (compatible; DataForSeoBot/1.0; +https://dataforseo.com/dataforseo-bot)"
136.243.228.194 - - [14/Jul/2025:14:49:29 -0400] "GET /1tic43636.html HTTP/1.1" 404 23126 "-" "Mozilla/5.0 (compatible; DataForSeoBot/1.0; +https://dataforseo.com/dataforseo-bot)"
66.29.146.47 - - [14/Jul/2025:14:49:36 -0400] "POST /wp-cron.php?doing_wp_cron=1752518975.6123869419097900390625 HTTP/1.1" 403 1242 "-" "WordPress/6.8; https://dangroup.sa"
136.243.228.194 - - [14/Jul/2025:14:49:35 -0400] "GET /items/onbjm119/40051?key=moderate HTTP/1.1" 404 23126 "-" "Mozilla/5.0 (compatible; DataForSeoBot/1.0; +https://dataforseo.com/dataforseo-bot)"
136.243.228.194 - - [14/Jul/2025:14:49:41 -0400] "GET /items/jzvea149/21133?key=framework HTTP/1.1" 404 23126 "-" "Mozilla/5.0 (compatible; DataForSeoBot/1.0; +https://dataforseo.com/dataforseo-bot)"
136.243.228.194 - - [14/Jul/2025:14:49:46 -0400] "GET /21xbu14378.html HTTP/1.1" 404 23126 "-" "Mozilla/5.0 (compatible; DataForSeoBot/1.0; +https://dataforseo.com/dataforseo-bot)"
66.249.79.137 - - [14/Jul/2025:14:49:58 -0400] "GET /items/zoihd73/263?key=marker HTTP/1.1" 200 86335 "-" "Mozilla/5.0 (Linux; Android 6.0.1; Nexus 5X Build/MMB29P) AppleWebKit/537.36 (KHTML, like Gecko) Chrome/137.0.7151.103 Mobile Safari/537.36 (compatible; Googlebot/2.1; +http://www.google.com/bot.html)"
20.171.207.27 - - [14/Jul/2025:14:50:03 -0400] "GET /148kzqfr28191.html HTTP/1.1" 404 23126 "-" "Mozilla/5.0 AppleWebKit/537.36 (KHTML, like Gecko; compatible; GPTBot/1.2; +https://openai.com/gptbot)"
47.82.60.39 - - [14/Jul/2025:14:50:12 -0400] "GET /items/auoml38/49348?key=independent HTTP/1.1" 301 0 "https://www.dangroup.sa/items/auoml38/49348?key=independent" "Mozilla/5.0 (Windows NT 10.0; Win64; x64) AppleWebKit/537.36 (KHTML, like Gecko) Chrome/114.0.0.0 Safari/537.36 Edg/114.0.1823.43"
139.162.24.217 - - [14/Jul/2025:14:50:14 -0400] "GET /wp-login.php HTTP/1.1" 200 3092 "-" "Mozilla/5.0 (Windows NT 6.3; WOW64; rv:40.0) Gecko/20100101 Firefox/40.0"
47.82.60.39 - - [14/Jul/2025:14:50:14 -0400] "GET /items/auoml38/49348?key=independent HTTP/1.1" 404 23126 "https://www.dangroup.sa/items/auoml38/49348?key=independent" "Mozilla/5.0 (Windows NT 10.0; Win64; x64) AppleWebKit/537.36 (KHTML, like Gecko) Chrome/114.0.0.0 Safari/537.36 Edg/114.0.1823.43"
139.162.24.217 - - [14/Jul/2025:14:50:22 -0400] "POST /wp-login.php HTTP/1.1" 200 3230 "-" "Mozilla/5.0 (Windows NT 6.3; WOW64; rv:40.0) Gecko/20100101 Firefox/40.0"
47.82.60.6 - - [14/Jul/2025:14:50:23 -0400] "GET /188wmna27945.html HTTP/1.1" 301 0 "https://www.dangroup.sa/188wmna27945.html" "Mozilla/5.0 (Windows NT 10.0; Win64; x64) AppleWebKit/537.36 (KHTML, like Gecko) Chrome/114.0.0.0 Safari/537.36 Edg/114.0.1823.43"
40.77.167.52 - - [14/Jul/2025:14:50:28 -0400] "GET /kasknac17209ffaradism HTTP/1.1" 200 17 "-" "Mozilla/5.0 AppleWebKit/537.36 (KHTML, like Gecko; compatible; bingbot/2.0; +http://www.bing.com/bingbot.htm) Chrome/116.0.1938.76 Safari/537.36"
47.82.60.6 - - [14/Jul/2025:14:50:25 -0400] "GET /188wmna27945.html HTTP/1.1" 404 23126 "https://www.dangroup.sa/188wmna27945.html" "Mozilla/5.0 (Windows NT 10.0; Win64; x64) AppleWebKit/537.36 (KHTML, like Gecko) Chrome/114.0.0.0 Safari/537.36 Edg/114.0.1823.43"
47.82.60.2 - - [14/Jul/2025:14:50:27 -0400] "GET /items/egygq215/41407?key=medium HTTP/1.1" 404 23126 "https://dangroup.sa/items/egygq215/41407?key=medium" "Mozilla/5.0 (Windows NT 10.0; Win64; x64) AppleWebKit/537.36 (KHTML, like Gecko) Chrome/114.0.0.0 Safari/537.36 Edg/114.0.1823.43"
66.29.146.47 - - [14/Jul/2025:14:50:37 -0400] "POST /wp-cron.php?doing_wp_cron=1752519036.9682350158691406250000 HTTP/1.1" 403 1242 "-" "WordPress/6.8; https://dangroup.sa"
47.82.60.16 - - [14/Jul/2025:14:50:56 -0400] "GET /pcmypage?callback=product/review/sweetrag-4ea3e68de0985a3d-1 HTTP/1.1" 301 0 "https://www.dangroup.sa/pcmypage?callback=product/review/sweetrag-4ea3e68de0985a3d-1" "Mozilla/5.0 (Windows NT 10.0; Win64; x64) AppleWebKit/537.36 (KHTML, like Gecko) Chrome/114.0.0.0 Safari/537.36 Edg/114.0.1823.43"
47.82.60.16 - - [14/Jul/2025:14:50:57 -0400] "GET /pcmypage?callback=product/review/sweetrag-4ea3e68de0985a3d-1 HTTP/1.1" 404 23126 "https://www.dangroup.sa/pcmypage?callback=product/review/sweetrag-4ea3e68de0985a3d-1" "Mozilla/5.0 (Windows NT 10.0; Win64; x64) AppleWebKit/537.36 (KHTML, like Gecko) Chrome/114.0.0.0 Safari/537.36 Edg/114.0.1823.43"
20.171.207.27 - - [14/Jul/2025:14:50:59 -0400] "GET /110noeon32625.html HTTP/1.1" 404 23126 "-" "Mozilla/5.0 AppleWebKit/537.36 (KHTML, like Gecko; compatible; GPTBot/1.2; +https://openai.com/gptbot)"
47.82.60.19 - - [14/Jul/2025:14:51:14 -0400] "GET /pcmypage?callback=product/detail/perk-up-929599-2145087 HTTP/1.1" 301 0 "https://www.dangroup.sa/pcmypage?callback=product%2Fdetail%2Fperk-up-929599-2145087" "Mozilla/5.0 (Windows NT 10.0; Win64; x64) AppleWebKit/537.36 (KHTML, like Gecko) Chrome/114.0.0.0 Safari/537.36 Edg/114.0.1823.43"
47.82.60.19 - - [14/Jul/2025:14:51:16 -0400] "GET /pcmypage?callback=product/detail/perk-up-929599-2145087 HTTP/1.1" 404 23126 "https://www.dangroup.sa/pcmypage?callback=product%2Fdetail%2Fperk-up-929599-2145087" "Mozilla/5.0 (Windows NT 10.0; Win64; x64) AppleWebKit/537.36 (KHTML, like Gecko) Chrome/114.0.0.0 Safari/537.36 Edg/114.0.1823.43"
47.82.60.8 - - [14/Jul/2025:14:51:30 -0400] "GET /items/xpljn101/4641?key=event HTTP/1.1" 404 23126 "https://dangroup.sa/items/xpljn101/4641?key=event" "Mozilla/5.0 (Windows NT 10.0; Win64; x64) AppleWebKit/537.36 (KHTML, like Gecko) Chrome/114.0.0.0 Safari/537.36 Edg/114.0.1823.43"
66.29.146.47 - - [14/Jul/2025:14:51:41 -0400] "POST /wp-cron.php?doing_wp_cron=1752519100.0842859745025634765625 HTTP/1.1" 403 1242 "-" "WordPress/6.8; https://dangroup.sa"
47.82.60.22 - - [14/Jul/2025:14:51:34 -0400] "GET /266kgbx10899.html HTTP/1.1" 404 23126 "https://dangroup.sa/266kgbx10899.html" "Mozilla/5.0 (Windows NT 10.0; Win64; x64) AppleWebKit/537.36 (KHTML, like Gecko) Chrome/114.0.0.0 Safari/537.36 Edg/114.0.1823.43"
136.243.228.194 - - [14/Jul/2025:14:51:38 -0400] "GET /items/odsgg122/11212?key=curriculum HTTP/1.1" 404 23128 "-" "Mozilla/5.0 (compatible; DataForSeoBot/1.0; +https://dataforseo.com/dataforseo-bot)"
136.243.228.194 - - [14/Jul/2025:14:51:49 -0400] "GET /items/ebxkk15/21159?key=informal HTTP/1.1" 404 23126 "-" "Mozilla/5.0 (compatible; DataForSeoBot/1.0; +https://dataforseo.com/dataforseo-bot)"
20.171.207.27 - - [14/Jul/2025:14:51:55 -0400] "GET /117yxxya39656.html HTTP/1.1" 404 23126 "-" "Mozilla/5.0 AppleWebKit/537.36 (KHTML, like Gecko; compatible; GPTBot/1.2; +https://openai.com/gptbot)"
136.243.228.194 - - [14/Jul/2025:14:51:56 -0400] "GET /285kupb41292.html HTTP/1.1" 404 23126 "-" "Mozilla/5.0 (compatible; DataForSeoBot/1.0; +https://dataforseo.com/dataforseo-bot)"
136.243.228.194 - - [14/Jul/2025:14:52:03 -0400] "GET /items/wdskw181/34907?key=remark HTTP/1.1" 404 23126 "-" "Mozilla/5.0 (compatible; DataForSeoBot/1.0; +https://dataforseo.com/dataforseo-bot)"
136.243.228.194 - - [14/Jul/2025:14:52:08 -0400] "GET /186nul25269.html HTTP/1.1" 404 23126 "-" "Mozilla/5.0 (compatible; DataForSeoBot/1.0; +https://dataforseo.com/dataforseo-bot)"
47.82.60.4 - - [14/Jul/2025:14:52:12 -0400] "GET /138hduk66523.html HTTP/1.1" 301 0 "https://www.dangroup.sa/138hduk66523.html" "Mozilla/5.0 (Windows NT 10.0; Win64; x64) AppleWebKit/537.36 (KHTML, like Gecko) Chrome/114.0.0.0 Safari/537.36 Edg/114.0.1823.43"
136.243.228.194 - - [14/Jul/2025:14:52:12 -0400] "GET /6gmhvl27361.html HTTP/1.1" 404 23126 "-" "Mozilla/5.0 (compatible; DataForSeoBot/1.0; +https://dataforseo.com/dataforseo-bot)"
136.243.228.194 - - [14/Jul/2025:14:50:36 -0400] "GET /items/lskge264/10232?key=air HTTP/1.1" 404 23126 "-" "Mozilla/5.0 (compatible; DataForSeoBot/1.0; +https://dataforseo.com/dataforseo-bot)"
136.243.228.194 - - [14/Jul/2025:14:50:42 -0400] "GET /255qux7786.html HTTP/1.1" 404 23126 "-" "Mozilla/5.0 (compatible; DataForSeoBot/1.0; +https://dataforseo.com/dataforseo-bot)"
136.243.228.194 - - [14/Jul/2025:14:50:46 -0400] "GET /items/zqvez147/31877?key=sexuality HTTP/1.1" 404 23126 "-" "Mozilla/5.0 (compatible; DataForSeoBot/1.0; +https://dataforseo.com/dataforseo-bot)"
47.82.60.4 - - [14/Jul/2025:14:52:14 -0400] "GET /138hduk66523.html HTTP/1.1" 404 23126 "https://www.dangroup.sa/138hduk66523.html" "Mozilla/5.0 (Windows NT 10.0; Win64; x64) AppleWebKit/537.36 (KHTML, like Gecko) Chrome/114.0.0.0 Safari/537.36 Edg/114.0.1823.43"
136.243.228.194 - - [14/Jul/2025:14:52:23 -0400] "GET /74eyz23715.html HTTP/1.1" 404 23126 "-" "Mozilla/5.0 (compatible; DataForSeoBot/1.0; +https://dataforseo.com/dataforseo-bot)"
66.249.79.138 - - [14/Jul/2025:14:52:27 -0400] "GET /pcmypage?callback=product/review/perk-up-413976-1655062 HTTP/1.1" 200 86731 "-" "Mozilla/5.0 (Linux; Android 6.0.1; Nexus 5X Build/MMB29P) AppleWebKit/537.36 (KHTML, like Gecko) Chrome/137.0.7151.103 Mobile Safari/537.36 (compatible; Googlebot/2.1; +http://www.google.com/bot.html)"
136.243.228.194 - - [14/Jul/2025:14:52:29 -0400] "GET /items/tpevq281/16299?key=competitive HTTP/1.1" 404 23126 "-" "Mozilla/5.0 (compatible; DataForSeoBot/1.0; +https://dataforseo.com/dataforseo-bot)"
136.243.228.194 - - [14/Jul/2025:14:52:38 -0400] "GET /85vlk7168.html HTTP/1.1" 404 23126 "-" "Mozilla/5.0 (compatible; DataForSeoBot/1.0; +https://dataforseo.com/dataforseo-bot)"
66.29.146.47 - - [14/Jul/2025:14:52:48 -0400] "POST /wp-cron.php?doing_wp_cron=1752519167.5219950675964355468750 HTTP/1.1" 403 1242 "-" "WordPress/6.8; https://dangroup.sa"
136.243.228.194 - - [14/Jul/2025:14:52:46 -0400] "GET /items/pjpnn68/20094?key=cite HTTP/1.1" 404 23126 "-" "Mozilla/5.0 (compatible; DataForSeoBot/1.0; +https://dataforseo.com/dataforseo-bot)"
47.82.60.6 - - [14/Jul/2025:14:52:48 -0400] "GET /items/jkhyh234/19476?key=alley HTTP/1.1" 404 23126 "https://dangroup.sa/items/jkhyh234/19476?key=alley" "Mozilla/5.0 (Windows NT 10.0; Win64; x64) AppleWebKit/537.36 (KHTML, like Gecko) Chrome/114.0.0.0 Safari/537.36 Edg/114.0.1823.43"
47.82.60.4 - - [14/Jul/2025:14:52:55 -0400] "GET /21uuk19046.html HTTP/1.1" 301 0 "https://www.dangroup.sa/21uuk19046.html" "Mozilla/5.0 (Windows NT 10.0; Win64; x64) AppleWebKit/537.36 (KHTML, like Gecko) Chrome/114.0.0.0 Safari/537.36 Edg/114.0.1823.43"
20.171.207.27 - - [14/Jul/2025:14:52:55 -0400] "GET /207wlquh41678.html HTTP/1.1" 404 23126 "-" "Mozilla/5.0 AppleWebKit/537.36 (KHTML, like Gecko; compatible; GPTBot/1.2; +https://openai.com/gptbot)"
47.82.60.4 - - [14/Jul/2025:14:53:00 -0400] "GET /21uuk19046.html HTTP/1.1" 404 23126 "https://www.dangroup.sa/21uuk19046.html" "Mozilla/5.0 (Windows NT 10.0; Win64; x64) AppleWebKit/537.36 (KHTML, like Gecko) Chrome/114.0.0.0 Safari/537.36 Edg/114.0.1823.43"
136.243.228.194 - - [14/Jul/2025:14:53:00 -0400] "GET /38pvh29671.html HTTP/1.1" 404 23126 "-" "Mozilla/5.0 (compatible; DataForSeoBot/1.0; +https://dataforseo.com/dataforseo-bot)"
136.243.228.194 - - [14/Jul/2025:14:53:09 -0400] "GET /items/tvhxi23/25959?key=bank HTTP/1.1" 404 23126 "-" "Mozilla/5.0 (compatible; DataForSeoBot/1.0; +https://dataforseo.com/dataforseo-bot)"
139.162.24.217 - - [14/Jul/2025:14:53:15 -0400] "GET /wp-login.php HTTP/1.1" 200 3092 "-" "Mozilla/5.0 (Windows NT 6.3; WOW64; rv:40.0) Gecko/20100101 Firefox/40.0"
136.243.228.194 - - [14/Jul/2025:14:53:14 -0400] "GET /items/jbjda27/4665?key=premium HTTP/1.1" 404 23126 "-" "Mozilla/5.0 (compatible; DataForSeoBot/1.0; +https://dataforseo.com/dataforseo-bot)"
136.243.228.194 - - [14/Jul/2025:14:53:18 -0400] "GET /144xph5037.html HTTP/1.1" 404 23126 "-" "Mozilla/5.0 (compatible; DataForSeoBot/1.0; +https://dataforseo.com/dataforseo-bot)"
139.162.24.217 - - [14/Jul/2025:14:53:23 -0400] "POST /wp-login.php HTTP/1.1" 200 3230 "-" "Mozilla/5.0 (Windows NT 6.3; WOW64; rv:40.0) Gecko/20100101 Firefox/40.0"
136.243.228.194 - - [14/Jul/2025:14:53:23 -0400] "GET /items/swfhq257/16313?key=might HTTP/1.1" 404 23126 "-" "Mozilla/5.0 (compatible; DataForSeoBot/1.0; +https://dataforseo.com/dataforseo-bot)"
136.243.228.194 - - [14/Jul/2025:14:53:28 -0400] "GET /168dwx8863.html HTTP/1.1" 404 23126 "-" "Mozilla/5.0 (compatible; DataForSeoBot/1.0; +https://dataforseo.com/dataforseo-bot)"
136.243.228.194 - - [14/Jul/2025:14:54:16 -0400] "GET /255etmhs39586.html HTTP/1.1" 404 23126 "-" "Mozilla/5.0 (compatible; DataForSeoBot/1.0; +https://dataforseo.com/dataforseo-bot)"
66.249.79.137 - - [14/Jul/2025:14:54:19 -0400] "GET /zhHant/product/surugaya/egaos-ckfs7824?campaign_uid=f64d716db5e979ed2f947dbaf4296895b951ae7f HTTP/1.1" 200 87222 "-" "Mozilla/5.0 (Linux; Android 6.0.1; Nexus 5X Build/MMB29P) AppleWebKit/537.36 (KHTML, like Gecko) Chrome/137.0.7151.103 Mobile Safari/537.36 (compatible; Googlebot/2.1; +http://www.google.com/bot.html)"
136.243.228.194 - - [14/Jul/2025:14:54:21 -0400] "GET /items/tzjos105/21753?key=documentary HTTP/1.1" 404 23126 "-" "Mozilla/5.0 (compatible; DataForSeoBot/1.0; +https://dataforseo.com/dataforseo-bot)"
66.249.79.137 - - [14/Jul/2025:14:54:23 -0400] "GET /items/ujdym151/45353?key=limitation HTTP/1.1" 200 87091 "-" "Mozilla/5.0 (Linux; Android 6.0.1; Nexus 5X Build/MMB29P) AppleWebKit/537.36 (KHTML, like Gecko) Chrome/137.0.7151.103 Mobile Safari/537.36 (compatible; Googlebot/2.1; +http://www.google.com/bot.html)"
136.243.228.194 - - [14/Jul/2025:14:54:24 -0400] "GET /items/bpfjn113/21155?key=weak HTTP/1.1" 404 23126 "-" "Mozilla/5.0 (compatible; DataForSeoBot/1.0; +https://dataforseo.com/dataforseo-bot)"
66.249.68.133 - - [14/Jul/2025:14:54:26 -0400] "GET /items/ybcei43/463?key=bounce HTTP/1.1" 200 86760 "-" "Mozilla/5.0 (Linux; Android 6.0.1; Nexus 5X Build/MMB29P) AppleWebKit/537.36 (KHTML, like Gecko) Chrome/137.0.7151.103 Mobile Safari/537.36 (compatible; Googlebot/2.1; +http://www.google.com/bot.html)"
66.249.79.136 - - [14/Jul/2025:14:54:28 -0400] "GET /product/edit/izmic-ec-154713-03 HTTP/1.1" 200 87334 "-" "Mozilla/5.0 (Linux; Android 6.0.1; Nexus 5X Build/MMB29P) AppleWebKit/537.36 (KHTML, like Gecko) Chrome/137.0.7151.103 Mobile Safari/537.36 (compatible; Googlebot/2.1; +http://www.google.com/bot.html)"
136.243.228.194 - - [14/Jul/2025:14:54:29 -0400] "GET /items/qhrbj91/11591?key=required HTTP/1.1" 404 23126 "-" "Mozilla/5.0 (compatible; DataForSeoBot/1.0; +https://dataforseo.com/dataforseo-bot)"
66.249.68.132 - - [14/Jul/2025:14:54:31 -0400] "GET /items/cfuho68/32134?key=dissolve HTTP/1.1" 200 86626 "-" "Mozilla/5.0 (Linux; Android 6.0.1; Nexus 5X Build/MMB29P) AppleWebKit/537.36 (KHTML, like Gecko) Chrome/137.0.7151.103 Mobile Safari/537.36 (compatible; Googlebot/2.1; +http://www.google.com/bot.html)"
66.249.68.133 - - [14/Jul/2025:14:54:33 -0400] "GET /category/1_2_3_4/1/listing HTTP/1.1" 200 86898 "-" "Mozilla/5.0 (Linux; Android 6.0.1; Nexus 5X Build/MMB29P) AppleWebKit/537.36 (KHTML, like Gecko) Chrome/137.0.7151.103 Mobile Safari/537.36 (compatible; Googlebot/2.1; +http://www.google.com/bot.html)"
136.243.228.194 - - [14/Jul/2025:14:54:34 -0400] "GET /items/spdnh40/6?key=far HTTP/1.1" 404 23126 "-" "Mozilla/5.0 (compatible; DataForSeoBot/1.0; +https://dataforseo.com/dataforseo-bot)"
66.249.68.132 - - [14/Jul/2025:14:54:36 -0400] "GET /185ftx4698.html HTTP/1.1" 200 86965 "-" "Mozilla/5.0 (Linux; Android 6.0.1; Nexus 5X Build/MMB29P) AppleWebKit/537.36 (KHTML, like Gecko) Chrome/137.0.7151.103 Mobile Safari/537.36 (compatible; Googlebot/2.1; +http://www.google.com/bot.html)"
136.243.228.194 - - [14/Jul/2025:14:54:37 -0400] "GET /items/opvrs220/46628?key=make HTTP/1.1" 404 23128 "-" "Mozilla/5.0 (compatible; DataForSeoBot/1.0; +https://dataforseo.com/dataforseo-bot)"
136.243.228.194 - - [14/Jul/2025:14:54:41 -0400] "GET /120sej4379.html HTTP/1.1" 404 23126 "-" "Mozilla/5.0 (compatible; DataForSeoBot/1.0; +https://dataforseo.com/dataforseo-bot)"
136.243.228.194 - - [14/Jul/2025:14:54:45 -0400] "GET /74aohqe3431.html HTTP/1.1" 404 23126 "-" "Mozilla/5.0 (compatible; DataForSeoBot/1.0; +https://dataforseo.com/dataforseo-bot)"
20.171.207.27 - - [14/Jul/2025:14:54:49 -0400] "GET /295ryryt34674.html HTTP/1.1" 404 23126 "-" "Mozilla/5.0 AppleWebKit/537.36 (KHTML, like Gecko; compatible; GPTBot/1.2; +https://openai.com/gptbot)"
136.243.228.194 - - [14/Jul/2025:14:53:33 -0400] "GET /items/ixwqb100/2680?key=progressive HTTP/1.1" 404 23126 "-" "Mozilla/5.0 (compatible; DataForSeoBot/1.0; +https://dataforseo.com/dataforseo-bot)"
136.243.228.194 - - [14/Jul/2025:14:53:38 -0400] "GET /65jhdut45804.html HTTP/1.1" 404 23126 "-" "Mozilla/5.0 (compatible; DataForSeoBot/1.0; +https://dataforseo.com/dataforseo-bot)"
136.243.228.194 - - [14/Jul/2025:14:53:42 -0400] "GET /271otj16488.html HTTP/1.1" 404 23309 "-" "Mozilla/5.0 (compatible; DataForSeoBot/1.0; +https://dataforseo.com/dataforseo-bot)"
136.243.228.194 - - [14/Jul/2025:14:53:45 -0400] "GET /183ucyqp28400.html HTTP/1.1" 404 23126 "-" "Mozilla/5.0 (compatible; DataForSeoBot/1.0; +https://dataforseo.com/dataforseo-bot)"
66.29.146.47 - - [14/Jul/2025:14:53:51 -0400] "POST /wp-cron.php?doing_wp_cron=1752519230.3342781066894531250000 HTTP/1.1" 403 1242 "-" "WordPress/6.8; https://dangroup.sa"
139.162.24.217 - - [14/Jul/2025:14:53:54 -0400] "GET /wp-login.php HTTP/1.1" 200 3092 "-" "Mozilla/5.0 (Windows NT 6.1; WOW64; Trident/7.0; AS; rv:11.0) like Gecko"
136.243.228.194 - - [14/Jul/2025:14:53:50 -0400] "GET /items/zuzlw126/24358?key=rain HTTP/1.1" 404 23126 "-" "Mozilla/5.0 (compatible; DataForSeoBot/1.0; +https://dataforseo.com/dataforseo-bot)"
136.243.228.194 - - [14/Jul/2025:14:53:57 -0400] "GET /items/aldoc233/8337?key=equally HTTP/1.1" 404 23126 "-" "Mozilla/5.0 (compatible; DataForSeoBot/1.0; +https://dataforseo.com/dataforseo-bot)"
139.162.24.217 - - [14/Jul/2025:14:53:59 -0400] "POST /wp-login.php HTTP/1.1" 200 3230 "-" "Mozilla/5.0 (Windows NT 6.1; WOW64; Trident/7.0; AS; rv:11.0) like Gecko"
136.243.228.194 - - [14/Jul/2025:14:54:02 -0400] "GET /23qtpp34886.html HTTP/1.1" 404 23126 "-" "Mozilla/5.0 (compatible; DataForSeoBot/1.0; +https://dataforseo.com/dataforseo-bot)"
136.243.228.194 - - [14/Jul/2025:14:54:07 -0400] "GET /items/aqlyv51/43803?key=guide HTTP/1.1" 404 23126 "-" "Mozilla/5.0 (compatible; DataForSeoBot/1.0; +https://dataforseo.com/dataforseo-bot)"
136.243.228.194 - - [14/Jul/2025:14:54:12 -0400] "GET /293ilm43018.html HTTP/1.1" 404 23126 "-" "Mozilla/5.0 (compatible; DataForSeoBot/1.0; +https://dataforseo.com/dataforseo-bot)"
136.243.228.194 - - [14/Jul/2025:14:54:50 -0400] "GET /192unhs4639.html HTTP/1.1" 404 23126 "-" "Mozilla/5.0 (compatible; DataForSeoBot/1.0; +https://dataforseo.com/dataforseo-bot)"
136.243.228.194 - - [14/Jul/2025:14:54:56 -0400] "GET /144yas47165.html HTTP/1.1" 404 23126 "-" "Mozilla/5.0 (compatible; DataForSeoBot/1.0; +https://dataforseo.com/dataforseo-bot)"
139.162.24.217 - - [14/Jul/2025:14:54:59 -0400] "GET /wp-login.php HTTP/1.1" 200 3092 "-" "Mozilla/5.0 (Windows NT 6.1; WOW64; Trident/7.0; AS; rv:11.0) like Gecko"
139.162.24.217 - - [14/Jul/2025:14:55:00 -0400] "POST /wp-login.php HTTP/1.1" 200 3272 "-" "Mozilla/5.0 (Windows NT 6.1; WOW64; Trident/7.0; AS; rv:11.0) like Gecko"
136.243.228.194 - - [14/Jul/2025:14:54:59 -0400] "GET /items/ozkjz89/42849?key=curtain HTTP/1.1" 404 23126 "-" "Mozilla/5.0 (compatible; DataForSeoBot/1.0; +https://dataforseo.com/dataforseo-bot)"
208.110.64.178 - - [14/Jul/2025:14:55:05 -0400] "GET /wp-content/install.php HTTP/1.1" 200 0 "https://dangroup.sa/wp-content/install.php" "Mozilla/5.0 (Windows NT 10.0; Win64; x64) AppleWebKit/537.36 (KHTML, like Gecko) Chrome/58.0.3029.110 Safari/537.3"
208.110.64.178 - - [14/Jul/2025:14:55:07 -0400] "GET /wp-content/install.php HTTP/1.1" 200 10 "https://dangroup.sa/wp-content/install.php" "Mozilla/5.0 (Windows NT 10.0; Win64; x64) AppleWebKit/537.36 (KHTML, like Gecko) Chrome/58.0.3029.110 Safari/537.3"
136.243.228.194 - - [14/Jul/2025:14:55:04 -0400] "GET /131edz44310.html HTTP/1.1" 404 23126 "-" "Mozilla/5.0 (compatible; DataForSeoBot/1.0; +https://dataforseo.com/dataforseo-bot)"
136.243.228.194 - - [14/Jul/2025:14:55:12 -0400] "GET /97pqxwa7662.html HTTP/1.1" 404 23128 "-" "Mozilla/5.0 (compatible; DataForSeoBot/1.0; +https://dataforseo.com/dataforseo-bot)"
66.249.68.133 - - [14/Jul/2025:14:55:20 -0400] "GET /category/1_2/1/listing HTTP/1.1" 200 86905 "-" "Mozilla/5.0 (compatible; Googlebot/2.1; +http://www.google.com/bot.html)"
136.243.228.194 - - [14/Jul/2025:14:55:20 -0400] "GET /205ieuhl42376.html HTTP/1.1" 404 23126 "-" "Mozilla/5.0 (compatible; DataForSeoBot/1.0; +https://dataforseo.com/dataforseo-bot)"
136.243.228.194 - - [14/Jul/2025:14:55:28 -0400] "GET /items/zllnv266/8450?key=tribal HTTP/1.1" 404 23126 "-" "Mozilla/5.0 (compatible; DataForSeoBot/1.0; +https://dataforseo.com/dataforseo-bot)"
136.243.228.194 - - [14/Jul/2025:14:55:37 -0400] "GET /173lvwlj40354.html HTTP/1.1" 404 23126 "-" "Mozilla/5.0 (compatible; DataForSeoBot/1.0; +https://dataforseo.com/dataforseo-bot)"
2a02:598:64:8a00::3100:1c - - [14/Jul/2025:14:55:41 -0400] "GET /24ohhl5407.html HTTP/1.1" 404 23195 "-" "Mozilla/5.0 (compatible; SeznamBot/4.0; +https://o-seznam.cz/napoveda/vyhledavani/en/seznambot-crawler/)"
136.243.228.194 - - [14/Jul/2025:14:55:43 -0400] "GET /202ckxo12053.html HTTP/1.1" 404 23128 "-" "Mozilla/5.0 (compatible; DataForSeoBot/1.0; +https://dataforseo.com/dataforseo-bot)"
20.171.207.27 - - [14/Jul/2025:14:55:46 -0400] "GET /150yudpa45251.html HTTP/1.1" 404 23126 "-" "Mozilla/5.0 AppleWebKit/537.36 (KHTML, like Gecko; compatible; GPTBot/1.2; +https://openai.com/gptbot)"
66.29.146.47 - - [14/Jul/2025:14:55:54 -0400] "POST /wp-cron.php?doing_wp_cron=1752519353.6814579963684082031250 HTTP/1.1" 403 1242 "-" "WordPress/6.8; https://dangroup.sa"
136.243.228.194 - - [14/Jul/2025:14:55:52 -0400] "GET /items/bfbzh122/30016?key=plant HTTP/1.1" 404 23126 "-" "Mozilla/5.0 (compatible; DataForSeoBot/1.0; +https://dataforseo.com/dataforseo-bot)"
136.243.228.194 - - [14/Jul/2025:14:55:59 -0400] "GET /140wjbr16891.html HTTP/1.1" 404 23126 "-" "Mozilla/5.0 (compatible; DataForSeoBot/1.0; +https://dataforseo.com/dataforseo-bot)"
136.243.228.194 - - [14/Jul/2025:14:56:05 -0400] "GET /176wdlgw3379.html HTTP/1.1" 404 23128 "-" "Mozilla/5.0 (compatible; DataForSeoBot/1.0; +https://dataforseo.com/dataforseo-bot)"
136.243.228.194 - - [14/Jul/2025:14:56:12 -0400] "GET /243plhfw29488.html HTTP/1.1" 404 23128 "-" "Mozilla/5.0 (compatible; DataForSeoBot/1.0; +https://dataforseo.com/dataforseo-bot)"
136.243.228.194 - - [14/Jul/2025:14:56:18 -0400] "GET /items/inatv130/37780?key=distance HTTP/1.1" 404 23126 "-" "Mozilla/5.0 (compatible; DataForSeoBot/1.0; +https://dataforseo.com/dataforseo-bot)"
136.243.228.194 - - [14/Jul/2025:14:56:24 -0400] "GET /125uyb28716.html HTTP/1.1" 404 23126 "-" "Mozilla/5.0 (compatible; DataForSeoBot/1.0; +https://dataforseo.com/dataforseo-bot)"
139.162.24.217 - - [14/Jul/2025:14:56:29 -0400] "GET /wp-login.php HTTP/1.1" 200 3127 "-" "Mozilla/5.0 (Windows NT 6.1; WOW64; Trident/7.0; AS; rv:11.0) like Gecko"
136.243.228.194 - - [14/Jul/2025:14:56:30 -0400] "GET /223hdg49018.html HTTP/1.1" 404 23126 "-" "Mozilla/5.0 (compatible; DataForSeoBot/1.0; +https://dataforseo.com/dataforseo-bot)"
139.162.24.217 - - [14/Jul/2025:14:56:37 -0400] "POST /wp-login.php HTTP/1.1" 200 3230 "-" "Mozilla/5.0 (Windows NT 6.1; WOW64; Trident/7.0; AS; rv:11.0) like Gecko"
136.243.228.194 - - [14/Jul/2025:14:56:36 -0400] "GET /items/hxlwg300/44706?key=employee HTTP/1.1" 404 23126 "-" "Mozilla/5.0 (compatible; DataForSeoBot/1.0; +https://dataforseo.com/dataforseo-bot)"
136.243.228.194 - - [14/Jul/2025:14:56:41 -0400] "GET /items/gidow216/43114?key=discuss HTTP/1.1" 404 23126 "-" "Mozilla/5.0 (compatible; DataForSeoBot/1.0; +https://dataforseo.com/dataforseo-bot)"
20.171.207.27 - - [14/Jul/2025:14:56:45 -0400] "GET /255unwbg10880.html HTTP/1.1" 404 23128 "-" "Mozilla/5.0 AppleWebKit/537.36 (KHTML, like Gecko; compatible; GPTBot/1.2; +https://openai.com/gptbot)"
136.243.228.194 - - [14/Jul/2025:14:56:45 -0400] "GET /items/uobmy16/11882?key=vehicle HTTP/1.1" 404 23126 "-" "Mozilla/5.0 (compatible; DataForSeoBot/1.0; +https://dataforseo.com/dataforseo-bot)"
136.243.228.194 - - [14/Jul/2025:14:56:52 -0400] "GET /items/khkog123/28863?key=column HTTP/1.1" 404 23126 "-" "Mozilla/5.0 (compatible; DataForSeoBot/1.0; +https://dataforseo.com/dataforseo-bot)"
66.29.146.47 - - [14/Jul/2025:14:56:59 -0400] "POST /wp-cron.php?doing_wp_cron=1752519418.7033219337463378906250 HTTP/1.1" 403 1242 "-" "WordPress/6.8; https://dangroup.sa"
136.243.228.194 - - [14/Jul/2025:14:56:58 -0400] "GET /193oup29360.html HTTP/1.1" 404 23126 "-" "Mozilla/5.0 (compatible; DataForSeoBot/1.0; +https://dataforseo.com/dataforseo-bot)"
139.162.24.217 - - [14/Jul/2025:14:57:06 -0400] "GET /wp-login.php HTTP/1.1" 200 3092 "-" "Mozilla/5.0 (Macintosh; Intel Mac OS X 10_11_5) AppleWebKit/537.36 (KHTML, like Gecko) Chrome/50.0.2661.102 Safari/537.36"
136.243.228.194 - - [14/Jul/2025:14:57:03 -0400] "GET /items/dnfjb256/40130?key=leg HTTP/1.1" 404 23126 "-" "Mozilla/5.0 (compatible; DataForSeoBot/1.0; +https://dataforseo.com/dataforseo-bot)"
136.243.228.194 - - [14/Jul/2025:14:57:09 -0400] "GET /255shiqy5858.html HTTP/1.1" 404 23126 "-" "Mozilla/5.0 (compatible; DataForSeoBot/1.0; +https://dataforseo.com/dataforseo-bot)"
139.162.24.217 - - [14/Jul/2025:14:57:13 -0400] "POST /wp-login.php HTTP/1.1" 200 3230 "-" "Mozilla/5.0 (Macintosh; Intel Mac OS X 10_11_5) AppleWebKit/537.36 (KHTML, like Gecko) Chrome/50.0.2661.102 Safari/537.36"
136.243.228.194 - - [14/Jul/2025:14:57:16 -0400] "GET /items/erddx251/37695?key=battle HTTP/1.1" 404 23126 "-" "Mozilla/5.0 (compatible; DataForSeoBot/1.0; +https://dataforseo.com/dataforseo-bot)"
136.243.228.194 - - [14/Jul/2025:14:57:21 -0400] "GET /items/fmbdo191/32281?key=clue HTTP/1.1" 404 23128 "-" "Mozilla/5.0 (compatible; DataForSeoBot/1.0; +https://dataforseo.com/dataforseo-bot)"
66.249.68.133 - - [14/Jul/2025:14:57:23 -0400] "GET /items/hgurh6/572?key=creature HTTP/1.1" 200 86552 "-" "Mozilla/5.0 (Linux; Android 6.0.1; Nexus 5X Build/MMB29P) AppleWebKit/537.36 (KHTML, like Gecko) Chrome/137.0.7151.103 Mobile Safari/537.36 (compatible; Googlebot/2.1; +http://www.google.com/bot.html)"
136.243.228.194 - - [14/Jul/2025:14:57:25 -0400] "GET /items/ruvxp256/24020?key=beam HTTP/1.1" 404 23126 "-" "Mozilla/5.0 (compatible; DataForSeoBot/1.0; +https://dataforseo.com/dataforseo-bot)"
136.243.228.194 - - [14/Jul/2025:14:57:31 -0400] "GET /146dszh4165.html HTTP/1.1" 404 23126 "-" "Mozilla/5.0 (compatible; DataForSeoBot/1.0; +https://dataforseo.com/dataforseo-bot)"
136.243.228.194 - - [14/Jul/2025:14:57:36 -0400] "GET /57sboo16140.html HTTP/1.1" 404 23126 "-" "Mozilla/5.0 (compatible; DataForSeoBot/1.0; +https://dataforseo.com/dataforseo-bot)"
20.171.207.27 - - [14/Jul/2025:14:57:40 -0400] "GET /147sjlkc15844.html HTTP/1.1" 404 23126 "-" "Mozilla/5.0 AppleWebKit/537.36 (KHTML, like Gecko; compatible; GPTBot/1.2; +https://openai.com/gptbot)"
136.243.228.194 - - [14/Jul/2025:14:57:41 -0400] "GET /items/xvgpy176/13640?key=soft HTTP/1.1" 404 23128 "-" "Mozilla/5.0 (compatible; DataForSeoBot/1.0; +https://dataforseo.com/dataforseo-bot)"
136.243.228.194 - - [14/Jul/2025:14:57:48 -0400] "GET /items/wuisv184/39542?key=United HTTP/1.1" 404 23126 "-" "Mozilla/5.0 (compatible; DataForSeoBot/1.0; +https://dataforseo.com/dataforseo-bot)"
136.243.228.194 - - [14/Jul/2025:14:57:52 -0400] "GET /245vdmpr7550.html HTTP/1.1" 404 23126 "-" "Mozilla/5.0 (compatible; DataForSeoBot/1.0; +https://dataforseo.com/dataforseo-bot)"
136.243.228.194 - - [14/Jul/2025:14:57:56 -0400] "GET /16gcv23357.html HTTP/1.1" 404 23126 "-" "Mozilla/5.0 (compatible; DataForSeoBot/1.0; +https://dataforseo.com/dataforseo-bot)"
66.29.146.47 - - [14/Jul/2025:14:58:03 -0400] "POST /wp-cron.php?doing_wp_cron=1752519482.5845730304718017578125 HTTP/1.1" 403 1242 "-" "WordPress/6.8; https://dangroup.sa"
136.243.228.194 - - [14/Jul/2025:14:58:02 -0400] "GET /items/sqzab72/17948?key=landing HTTP/1.1" 404 23126 "-" "Mozilla/5.0 (compatible; DataForSeoBot/1.0; +https://dataforseo.com/dataforseo-bot)"
136.243.228.194 - - [14/Jul/2025:14:58:08 -0400] "GET /245vgb7574.html HTTP/1.1" 404 23126 "-" "Mozilla/5.0 (compatible; DataForSeoBot/1.0; +https://dataforseo.com/dataforseo-bot)"
136.243.228.194 - - [14/Jul/2025:14:58:12 -0400] "GET /220kjivi14403.html HTTP/1.1" 404 23126 "-" "Mozilla/5.0 (compatible; DataForSeoBot/1.0; +https://dataforseo.com/dataforseo-bot)"
136.243.228.194 - - [14/Jul/2025:14:58:18 -0400] "GET /239wpplc32134.html HTTP/1.1" 404 23126 "-" "Mozilla/5.0 (compatible; DataForSeoBot/1.0; +https://dataforseo.com/dataforseo-bot)"
136.243.228.194 - - [14/Jul/2025:14:58:22 -0400] "GET /items/ubihj30/44696?key=badly HTTP/1.1" 404 23126 "-" "Mozilla/5.0 (compatible; DataForSeoBot/1.0; +https://dataforseo.com/dataforseo-bot)"
136.243.228.194 - - [14/Jul/2025:14:58:28 -0400] "GET /107zot39714.html HTTP/1.1" 404 23126 "-" "Mozilla/5.0 (compatible; DataForSeoBot/1.0; +https://dataforseo.com/dataforseo-bot)"
144.126.131.216 - - [14/Jul/2025:14:58:28 -0400] "GET /ar/ HTTP/1.1" 404 23126 "https://danevnt.com/" "Mozilla/5.0 (Linux x86_64; rv:114.0) Gecko/20100101 Firefox/114.0"
136.243.228.194 - - [14/Jul/2025:14:58:34 -0400] "GET /37vdedv2870.html HTTP/1.1" 404 23126 "-" "Mozilla/5.0 (compatible; DataForSeoBot/1.0; +https://dataforseo.com/dataforseo-bot)"
139.162.24.217 - - [14/Jul/2025:14:58:40 -0400] "GET /wp-login.php HTTP/1.1" 200 3092 "-" "Mozilla/5.0 (Windows NT 6.1; WOW64; Trident/7.0; AS; rv:11.0) like Gecko"
20.171.207.27 - - [14/Jul/2025:14:58:35 -0400] "GET /251ayymw10980.html HTTP/1.1" 404 23126 "-" "Mozilla/5.0 AppleWebKit/537.36 (KHTML, like Gecko; compatible; GPTBot/1.2; +https://openai.com/gptbot)"
144.126.131.216 - - [14/Jul/2025:14:58:34 -0400] "GET / HTTP/1.1" 200 33218 "-" "Mozilla/5.0 (Linux x86_64; rv:114.0) Gecko/20100101 Firefox/114.0"
139.162.24.217 - - [14/Jul/2025:14:58:43 -0400] "POST /wp-login.php HTTP/1.1" 200 3230 "-" "Mozilla/5.0 (Windows NT 6.1; WOW64; Trident/7.0; AS; rv:11.0) like Gecko"
136.243.228.194 - - [14/Jul/2025:14:58:42 -0400] "GET /79ygok44000.html HTTP/1.1" 404 23126 "-" "Mozilla/5.0 (compatible; DataForSeoBot/1.0; +https://dataforseo.com/dataforseo-bot)"
136.243.228.194 - - [14/Jul/2025:14:58:47 -0400] "GET /95wqrh14560.html HTTP/1.1" 404 23126 "-" "Mozilla/5.0 (compatible; DataForSeoBot/1.0; +https://dataforseo.com/dataforseo-bot)"
136.243.228.194 - - [14/Jul/2025:14:58:52 -0400] "GET /items/nktvr295/36171?key=clothing HTTP/1.1" 404 23126 "-" "Mozilla/5.0 (compatible; DataForSeoBot/1.0; +https://dataforseo.com/dataforseo-bot)"
20.14.99.108 - - [14/Jul/2025:14:58:54 -0400] "GET /product/edit/valuecare-vc-tr-5189560 HTTP/1.1" 404 23128 "-" "Mozilla/5.0 (Macintosh; Intel Mac OS X 10_15_7) AppleWebKit/537.36 (KHTML, like Gecko) Chrome/131.0.0.0 Safari/537.36; compatible; OAI-SearchBot/1.0; +https://openai.com/searchbot"
197.38.124.140 - - [14/Jul/2025:14:58:58 -0400] "GET /login/ HTTP/1.1" 302 0 "-" "Mozilla/5.0 (Macintosh; Intel Mac OS X 10_10_1) AppleWebKit/537.36 (KHTML, like Gecko) Chrome/39.0.2171.95 Safari/537.36"
197.38.124.140 - - [14/Jul/2025:14:58:59 -0400] "GET /wp-login.php HTTP/1.1" 200 3092 "-" "Mozilla/5.0 (Macintosh; Intel Mac OS X 10_10_1) AppleWebKit/537.36 (KHTML, like Gecko) Chrome/39.0.2171.95 Safari/537.36"
136.243.228.194 - - [14/Jul/2025:14:58:57 -0400] "GET /items/ejagn267/1221?key=testimony HTTP/1.1" 404 23126 "-" "Mozilla/5.0 (compatible; DataForSeoBot/1.0; +https://dataforseo.com/dataforseo-bot)"
4.227.36.80 - - [14/Jul/2025:14:59:03 -0400] "GET /robots.txt HTTP/1.1" 304 0 "-" "Mozilla/5.0 AppleWebKit/537.36 (KHTML, like Gecko; compatible; GPTBot/1.2; +https://openai.com/gptbot)"
172.182.194.39 - - [14/Jul/2025:14:59:03 -0400] "GET /product/edit/valuecare-vc-tr-5189560 HTTP/1.1" 301 0 "-" "Mozilla/5.0 (Macintosh; Intel Mac OS X 10_15_7) AppleWebKit/537.36 (KHTML, like Gecko) Chrome/131.0.0.0 Safari/537.36; compatible; OAI-SearchBot/1.0; +https://openai.com/searchbot"
66.29.146.47 - - [14/Jul/2025:14:59:04 -0400] "POST /wp-cron.php?doing_wp_cron=1752519543.2020430564880371093750 HTTP/1.1" 403 1242 "-" "WordPress/6.8; https://dangroup.sa"
136.243.228.194 - - [14/Jul/2025:14:59:02 -0400] "GET /items/ktlrm129/38453?key=installation HTTP/1.1" 404 23126 "-" "Mozilla/5.0 (compatible; DataForSeoBot/1.0; +https://dataforseo.com/dataforseo-bot)"
136.243.228.194 - - [14/Jul/2025:14:59:08 -0400] "GET /items/eynga66/49706?key=demand HTTP/1.1" 404 23126 "-" "Mozilla/5.0 (compatible; DataForSeoBot/1.0; +https://dataforseo.com/dataforseo-bot)"
136.243.228.194 - - [14/Jul/2025:14:59:13 -0400] "GET /items/lvoug186/45938?key=way HTTP/1.1" 404 23126 "-" "Mozilla/5.0 (compatible; DataForSeoBot/1.0; +https://dataforseo.com/dataforseo-bot)"
139.162.24.217 - - [14/Jul/2025:14:59:17 -0400] "GET /wp-login.php HTTP/1.1" 200 3092 "-" "Mozilla/5.0 (Windows NT 6.3; WOW64; rv:40.0) Gecko/20100101 Firefox/40.0"
139.162.24.217 - - [14/Jul/2025:14:59:19 -0400] "POST /wp-login.php HTTP/1.1" 200 3230 "-" "Mozilla/5.0 (Windows NT 6.3; WOW64; rv:40.0) Gecko/20100101 Firefox/40.0"
136.243.228.194 - - [14/Jul/2025:14:59:18 -0400] "GET /74kko21735.html HTTP/1.1" 404 23126 "-" "Mozilla/5.0 (compatible; DataForSeoBot/1.0; +https://dataforseo.com/dataforseo-bot)"
136.243.228.194 - - [14/Jul/2025:14:59:23 -0400] "GET /93kot94.html HTTP/1.1" 404 23128 "-" "Mozilla/5.0 (compatible; DataForSeoBot/1.0; +https://dataforseo.com/dataforseo-bot)"
136.243.228.194 - - [14/Jul/2025:14:59:28 -0400] "GET /99nxr30934.html HTTP/1.1" 404 23126 "-" "Mozilla/5.0 (compatible; DataForSeoBot/1.0; +https://dataforseo.com/dataforseo-bot)"
20.171.207.27 - - [14/Jul/2025:14:59:30 -0400] "GET /271dbqfx49490.html HTTP/1.1" 404 23128 "-" "Mozilla/5.0 AppleWebKit/537.36 (KHTML, like Gecko; compatible; GPTBot/1.2; +https://openai.com/gptbot)"
136.243.228.194 - - [14/Jul/2025:14:59:33 -0400] "GET /89hynp15560.html HTTP/1.1" 404 23126 "-" "Mozilla/5.0 (compatible; DataForSeoBot/1.0; +https://dataforseo.com/dataforseo-bot)"
136.243.228.194 - - [14/Jul/2025:14:59:38 -0400] "GET /180sdeoq18567.html HTTP/1.1" 404 23126 "-" "Mozilla/5.0 (compatible; DataForSeoBot/1.0; +https://dataforseo.com/dataforseo-bot)"
136.243.228.194 - - [14/Jul/2025:14:59:43 -0400] "GET /138yygf10611.html HTTP/1.1" 404 23126 "-" "Mozilla/5.0 (compatible; DataForSeoBot/1.0; +https://dataforseo.com/dataforseo-bot)"
136.243.228.194 - - [14/Jul/2025:14:59:49 -0400] "GET /items/uklqb157/20029?key=apparently HTTP/1.1" 404 23126 "-" "Mozilla/5.0 (compatible; DataForSeoBot/1.0; +https://dataforseo.com/dataforseo-bot)"
136.243.228.194 - - [14/Jul/2025:14:59:53 -0400] "GET /68zxs20179.html HTTP/1.1" 404 23126 "-" "Mozilla/5.0 (compatible; DataForSeoBot/1.0; +https://dataforseo.com/dataforseo-bot)"
136.243.228.194 - - [14/Jul/2025:14:59:58 -0400] "GET /items/upbtz33/28679?key=blind HTTP/1.1" 404 23128 "-" "Mozilla/5.0 (compatible; DataForSeoBot/1.0; +https://dataforseo.com/dataforseo-bot)"
66.29.146.47 - - [14/Jul/2025:15:00:05 -0400] "POST /wp-cron.php?doing_wp_cron=1752519604.7934160232543945312500 HTTP/1.1" 403 1242 "-" "WordPress/6.8; https://dangroup.sa"
136.243.228.194 - - [14/Jul/2025:15:00:04 -0400] "GET /114ndgjz3831.html HTTP/1.1" 404 23126 "-" "Mozilla/5.0 (compatible; DataForSeoBot/1.0; +https://dataforseo.com/dataforseo-bot)"
47.82.60.29 - - [14/Jul/2025:15:00:09 -0400] "GET /items/avfoc118/43334?key=bid HTTP/1.1" 301 0 "https://www.dangroup.sa/items/avfoc118/43334?key=bid" "Mozilla/5.0 (Windows NT 10.0; Win64; x64) AppleWebKit/537.36 (KHTML, like Gecko) Chrome/114.0.0.0 Safari/537.36 Edg/114.0.1823.43"
47.82.60.27 - - [14/Jul/2025:15:00:10 -0400] "GET /68fnd595.html HTTP/1.1" 301 0 "https://www.dangroup.sa/68fnd595.html" "Mozilla/5.0 (Windows NT 10.0; Win64; x64) AppleWebKit/537.36 (KHTML, like Gecko) Chrome/114.0.0.0 Safari/537.36 Edg/114.0.1823.43"
47.82.60.11 - - [14/Jul/2025:15:00:27 -0400] "GET /28alkwh367.html HTTP/1.1" 301 0 "https://www.dangroup.sa/28alkwh367.html" "Mozilla/5.0 (Windows NT 10.0; Win64; x64) AppleWebKit/537.36 (KHTML, like Gecko) Chrome/114.0.0.0 Safari/537.36 Edg/114.0.1823.43"
47.82.60.9 - - [14/Jul/2025:15:00:20 -0400] "GET /pcmypage?callback=product/review/asty-shop-68-zcwnv6mvzq-0387 HTTP/1.1" 301 0 "https://www.dangroup.sa/pcmypage?callback=product/review/asty-shop-68-zcwnv6mvzq-0387" "Mozilla/5.0 (Windows NT 10.0; Win64; x64) AppleWebKit/537.36 (KHTML, like Gecko) Chrome/114.0.0.0 Safari/537.36 Edg/114.0.1823.43"
20.171.207.27 - - [14/Jul/2025:15:00:25 -0400] "GET /128hcopp44937.html HTTP/1.1" 200 0 "-" "Mozilla/5.0 AppleWebKit/537.36 (KHTML, like Gecko; compatible; GPTBot/1.2; +https://openai.com/gptbot)"
47.82.60.11 - - [14/Jul/2025:15:00:21 -0400] "GET /22hmhm4891.html HTTP/1.1" 404 23126 "https://dangroup.sa/22hmhm4891.html" "Mozilla/5.0 (Windows NT 10.0; Win64; x64) AppleWebKit/537.36 (KHTML, like Gecko) Chrome/114.0.0.0 Safari/537.36 Edg/114.0.1823.43"
47.82.60.11 - - [14/Jul/2025:15:00:37 -0400] "GET /28alkwh367.html HTTP/1.1" 404 23128 "https://www.dangroup.sa/28alkwh367.html" "Mozilla/5.0 (Windows NT 10.0; Win64; x64) AppleWebKit/537.36 (KHTML, like Gecko) Chrome/114.0.0.0 Safari/537.36 Edg/114.0.1823.43"
47.82.60.27 - - [14/Jul/2025:15:00:14 -0400] "GET /68fnd595.html HTTP/1.1" 404 23126 "https://www.dangroup.sa/68fnd595.html" "Mozilla/5.0 (Windows NT 10.0; Win64; x64) AppleWebKit/537.36 (KHTML, like Gecko) Chrome/114.0.0.0 Safari/537.36 Edg/114.0.1823.43"
47.82.60.29 - - [14/Jul/2025:15:00:13 -0400] "GET /items/avfoc118/43334?key=bid HTTP/1.1" 404 23126 "https://www.dangroup.sa/items/avfoc118/43334?key=bid" "Mozilla/5.0 (Windows NT 10.0; Win64; x64) AppleWebKit/537.36 (KHTML, like Gecko) Chrome/114.0.0.0 Safari/537.36 Edg/114.0.1823.43"
136.243.228.194 - - [14/Jul/2025:15:00:11 -0400] "GET /196ecl10879.html HTTP/1.1" 404 23126 "-" "Mozilla/5.0 (compatible; DataForSeoBot/1.0; +https://dataforseo.com/dataforseo-bot)"
47.82.60.10 - - [14/Jul/2025:15:00:57 -0400] "GET /pcmypage?callback=product/review/factory-direct-labo-cd-0317-1 HTTP/1.1" 301 0 "https://www.dangroup.sa/pcmypage?callback=product/review/factory-direct-labo-cd-0317-1" "Mozilla/5.0 (Windows NT 10.0; Win64; x64) AppleWebKit/537.36 (KHTML, like Gecko) Chrome/114.0.0.0 Safari/537.36 Edg/114.0.1823.43"
136.243.228.194 - - [14/Jul/2025:15:00:57 -0400] "GET /items/ppdhy220/37432?key=whip HTTP/1.1" 404 23126 "-" "Mozilla/5.0 (compatible; DataForSeoBot/1.0; +https://dataforseo.com/dataforseo-bot)"
47.82.60.10 - - [14/Jul/2025:15:00:58 -0400] "GET /pcmypage?callback=product/review/factory-direct-labo-cd-0317-1 HTTP/1.1" 404 23126 "https://www.dangroup.sa/pcmypage?callback=product/review/factory-direct-labo-cd-0317-1" "Mozilla/5.0 (Windows NT 10.0; Win64; x64) AppleWebKit/537.36 (KHTML, like Gecko) Chrome/114.0.0.0 Safari/537.36 Edg/114.0.1823.43"
66.29.146.47 - - [14/Jul/2025:15:01:05 -0400] "POST /wp-cron.php?doing_wp_cron=1752519664.9936881065368652343750 HTTP/1.1" 403 1242 "-" "WordPress/6.8; https://dangroup.sa"
139.162.24.217 - - [14/Jul/2025:15:01:06 -0400] "GET /wp-login.php HTTP/1.1" 200 3092 "-" "Mozilla/5.0 (Windows NT 6.3; WOW64; rv:40.0) Gecko/20100101 Firefox/40.0"
136.243.228.194 - - [14/Jul/2025:15:01:04 -0400] "GET /162czme47897.html HTTP/1.1" 404 23126 "-" "Mozilla/5.0 (compatible; DataForSeoBot/1.0; +https://dataforseo.com/dataforseo-bot)"
139.162.24.217 - - [14/Jul/2025:15:01:11 -0400] "POST /wp-login.php HTTP/1.1" 200 3272 "-" "Mozilla/5.0 (Windows NT 6.3; WOW64; rv:40.0) Gecko/20100101 Firefox/40.0"
136.243.228.194 - - [14/Jul/2025:15:01:10 -0400] "GET /25kpf47030.html HTTP/1.1" 404 23126 "-" "Mozilla/5.0 (compatible; DataForSeoBot/1.0; +https://dataforseo.com/dataforseo-bot)"
47.82.60.10 - - [14/Jul/2025:15:01:17 -0400] "GET /82veq45337.html HTTP/1.1" 301 0 "https://www.dangroup.sa/82veq45337.html" "Mozilla/5.0 (Windows NT 10.0; Win64; x64) AppleWebKit/537.36 (KHTML, like Gecko) Chrome/114.0.0.0 Safari/537.36 Edg/114.0.1823.43"
136.243.228.194 - - [14/Jul/2025:15:01:15 -0400] "GET /items/qottn238/34830?key=million HTTP/1.1" 404 23126 "-" "Mozilla/5.0 (compatible; DataForSeoBot/1.0; +https://dataforseo.com/dataforseo-bot)"
20.171.207.27 - - [14/Jul/2025:15:01:18 -0400] "GET /290pyxti39449.html HTTP/1.1" 404 23126 "-" "Mozilla/5.0 AppleWebKit/537.36 (KHTML, like Gecko; compatible; GPTBot/1.2; +https://openai.com/gptbot)"
66.249.68.134 - - [14/Jul/2025:15:01:25 -0400] "GET /product/edit/sakan8man-trus-4212128 HTTP/1.1" 200 87134 "-" "Mozilla/5.0 (Linux; Android 6.0.1; Nexus 5X Build/MMB29P) AppleWebKit/537.36 (KHTML, like Gecko) Chrome/137.0.7151.103 Mobile Safari/537.36 (compatible; Googlebot/2.1; +http://www.google.com/bot.html)"
47.82.60.10 - - [14/Jul/2025:15:01:19 -0400] "GET /82veq45337.html HTTP/1.1" 404 23126 "https://www.dangroup.sa/82veq45337.html" "Mozilla/5.0 (Windows NT 10.0; Win64; x64) AppleWebKit/537.36 (KHTML, like Gecko) Chrome/114.0.0.0 Safari/537.36 Edg/114.0.1823.43"
136.243.228.194 - - [14/Jul/2025:15:01:21 -0400] "GET /54kymh7011.html HTTP/1.1" 404 23126 "-" "Mozilla/5.0 (compatible; DataForSeoBot/1.0; +https://dataforseo.com/dataforseo-bot)"
47.82.60.39 - - [14/Jul/2025:15:01:27 -0400] "GET /pcmypage?callback=product/detail/seikatu-souko-item-015917-393 HTTP/1.1" 301 0 "https://www.dangroup.sa/pcmypage?callback=product%2Fdetail%2Fseikatu-souko-item-015917-393" "Mozilla/5.0 (Windows NT 10.0; Win64; x64) AppleWebKit/537.36 (KHTML, like Gecko) Chrome/114.0.0.0 Safari/537.36 Edg/114.0.1823.43"
136.243.228.194 - - [14/Jul/2025:15:01:29 -0400] "GET /12bwica35511.html HTTP/1.1" 404 23126 "-" "Mozilla/5.0 (compatible; DataForSeoBot/1.0; +https://dataforseo.com/dataforseo-bot)"
47.82.60.39 - - [14/Jul/2025:15:01:29 -0400] "GET /pcmypage?callback=product/detail/seikatu-souko-item-015917-393 HTTP/1.1" 404 23126 "https://www.dangroup.sa/pcmypage?callback=product%2Fdetail%2Fseikatu-souko-item-015917-393" "Mozilla/5.0 (Windows NT 10.0; Win64; x64) AppleWebKit/537.36 (KHTML, like Gecko) Chrome/114.0.0.0 Safari/537.36 Edg/114.0.1823.43"
136.243.228.194 - - [14/Jul/2025:15:01:35 -0400] "GET /105romss43852.html HTTP/1.1" 404 23126 "-" "Mozilla/5.0 (compatible; DataForSeoBot/1.0; +https://dataforseo.com/dataforseo-bot)"
136.243.228.194 - - [14/Jul/2025:15:01:41 -0400] "GET /items/zovfp253/12587?key=prevent HTTP/1.1" 404 23126 "-" "Mozilla/5.0 (compatible; DataForSeoBot/1.0; +https://dataforseo.com/dataforseo-bot)"
