136.243.228.194 - - [14/Jul/2025:12:32:57 -0400] "GET /items/eqqzh262/33516?key=Christian HTTP/1.1" 404 23126 "-" "Mozilla/5.0 (compatible; DataForSeoBot/1.0; +https://dataforseo.com/dataforseo-bot)"
66.29.146.47 - - [14/Jul/2025:12:33:04 -0400] "POST /wp-cron.php?doing_wp_cron=1752510783.8896160125732421875000 HTTP/1.1" 403 1242 "-" "WordPress/6.8; https://dangroup.sa"
136.243.228.194 - - [14/Jul/2025:12:33:03 -0400] "GET /158mtnih9603.html HTTP/1.1" 404 23126 "-" "Mozilla/5.0 (compatible; DataForSeoBot/1.0; +https://dataforseo.com/dataforseo-bot)"
208.110.64.178 - - [14/Jul/2025:12:33:08 -0400] "GET /wp-content/install.php HTTP/1.1" 200 0 "https://dangroup.sa/wp-content/install.php" "Mozilla/5.0 (Windows NT 10.0; Win64; x64) AppleWebKit/537.36 (KHTML, like Gecko) Chrome/58.0.3029.110 Safari/537.3"
208.110.64.178 - - [14/Jul/2025:12:33:10 -0400] "GET /wp-content/install.php HTTP/1.1" 200 10 "https://dangroup.sa/wp-content/install.php" "Mozilla/5.0 (Windows NT 10.0; Win64; x64) AppleWebKit/537.36 (KHTML, like Gecko) Chrome/58.0.3029.110 Safari/537.3"
136.243.228.194 - - [14/Jul/2025:12:33:09 -0400] "GET /items/nijgk109/37139?key=end HTTP/1.1" 404 23128 "-" "Mozilla/5.0 (compatible; DataForSeoBot/1.0; +https://dataforseo.com/dataforseo-bot)"
52.167.144.171 - - [14/Jul/2025:12:33:27 -0400] "GET /kosugib9383fdiplasiasmus HTTP/1.1" 200 17 "-" "Mozilla/5.0 AppleWebKit/537.36 (KHTML, like Gecko; compatible; bingbot/2.0; +http://www.bing.com/bingbot.htm) Chrome/116.0.1938.76 Safari/537.36"
136.243.228.194 - - [14/Jul/2025:12:33:19 -0400] "GET /items/ouevb287/28683?key=publicity HTTP/1.1" 404 23128 "-" "Mozilla/5.0 (compatible; DataForSeoBot/1.0; +https://dataforseo.com/dataforseo-bot)"
136.243.228.194 - - [14/Jul/2025:12:33:29 -0400] "GET /items/lacwt114/49102?key=script HTTP/1.1" 404 23126 "-" "Mozilla/5.0 (compatible; DataForSeoBot/1.0; +https://dataforseo.com/dataforseo-bot)"
136.243.228.194 - - [14/Jul/2025:12:33:42 -0400] "GET /items/vskcw239/7871?key=pulse HTTP/1.1" 404 23126 "-" "Mozilla/5.0 (compatible; DataForSeoBot/1.0; +https://dataforseo.com/dataforseo-bot)"
20.171.207.27 - - [14/Jul/2025:12:33:46 -0400] "GET /254oghsc15033.html HTTP/1.1" 404 23128 "-" "Mozilla/5.0 AppleWebKit/537.36 (KHTML, like Gecko; compatible; GPTBot/1.2; +https://openai.com/gptbot)"
136.243.228.194 - - [14/Jul/2025:12:33:53 -0400] "GET /items/qjoxv4/46156?key=hard HTTP/1.1" 404 23126 "-" "Mozilla/5.0 (compatible; DataForSeoBot/1.0; +https://dataforseo.com/dataforseo-bot)"
66.29.146.47 - - [14/Jul/2025:12:34:07 -0400] "POST /wp-cron.php?doing_wp_cron=1752510846.9828178882598876953125 HTTP/1.1" 403 1242 "-" "WordPress/6.8; https://dangroup.sa"
136.243.228.194 - - [14/Jul/2025:12:34:05 -0400] "GET /19nnt39060.html HTTP/1.1" 404 23126 "-" "Mozilla/5.0 (compatible; DataForSeoBot/1.0; +https://dataforseo.com/dataforseo-bot)"
136.243.228.194 - - [14/Jul/2025:12:34:16 -0400] "GET /131jmvlp28264.html HTTP/1.1" 404 23126 "-" "Mozilla/5.0 (compatible; DataForSeoBot/1.0; +https://dataforseo.com/dataforseo-bot)"
139.162.24.217 - - [14/Jul/2025:12:34:25 -0400] "GET /wp-login.php HTTP/1.1" 200 3127 "-" "Mozilla/5.0 (Windows NT 6.1; WOW64; Trident/7.0; AS; rv:11.0) like Gecko"
139.162.24.217 - - [14/Jul/2025:12:34:30 -0400] "POST /wp-login.php HTTP/1.1" 200 3230 "-" "Mozilla/5.0 (Windows NT 6.1; WOW64; Trident/7.0; AS; rv:11.0) like Gecko"
20.171.207.27 - - [14/Jul/2025:12:34:41 -0400] "GET /232glipo44697.html HTTP/1.1" 404 23126 "-" "Mozilla/5.0 AppleWebKit/537.36 (KHTML, like Gecko; compatible; GPTBot/1.2; +https://openai.com/gptbot)"
136.243.228.194 - - [14/Jul/2025:12:35:07 -0400] "GET /81iha414.html HTTP/1.1" 404 23126 "-" "Mozilla/5.0 (compatible; DataForSeoBot/1.0; +https://dataforseo.com/dataforseo-bot)"
136.243.228.194 - - [14/Jul/2025:12:35:17 -0400] "GET /items/zelqn136/34992?key=level HTTP/1.1" 404 23126 "-" "Mozilla/5.0 (compatible; DataForSeoBot/1.0; +https://dataforseo.com/dataforseo-bot)"
136.243.228.194 - - [14/Jul/2025:12:35:26 -0400] "GET /items/icbsz14/24340?key=logic HTTP/1.1" 404 23126 "-" "Mozilla/5.0 (compatible; DataForSeoBot/1.0; +https://dataforseo.com/dataforseo-bot)"
136.243.228.194 - - [14/Jul/2025:12:35:36 -0400] "GET /items/ybhlq52/23536?key=unfold HTTP/1.1" 404 23126 "-" "Mozilla/5.0 (compatible; DataForSeoBot/1.0; +https://dataforseo.com/dataforseo-bot)"
20.171.207.27 - - [14/Jul/2025:12:35:38 -0400] "GET /155jveay32730.html HTTP/1.1" 404 23126 "-" "Mozilla/5.0 AppleWebKit/537.36 (KHTML, like Gecko; compatible; GPTBot/1.2; +https://openai.com/gptbot)"
66.249.79.134 - - [14/Jul/2025:12:35:50 -0400] "GET /items/sjsix94/47688?key=bankruptcy HTTP/1.1" 200 87925 "-" "Mozilla/5.0 (Linux; Android 6.0.1; Nexus 5X Build/MMB29P) AppleWebKit/537.36 (KHTML, like Gecko) Chrome/137.0.7151.103 Mobile Safari/537.36 (compatible; Googlebot/2.1; +http://www.google.com/bot.html)"
136.243.228.194 - - [14/Jul/2025:12:35:47 -0400] "GET /47bbp17460.html HTTP/1.1" 404 23126 "-" "Mozilla/5.0 (compatible; DataForSeoBot/1.0; +https://dataforseo.com/dataforseo-bot)"
136.243.228.194 - - [14/Jul/2025:12:35:58 -0400] "GET /275reijm22072.html HTTP/1.1" 404 23126 "-" "Mozilla/5.0 (compatible; DataForSeoBot/1.0; +https://dataforseo.com/dataforseo-bot)"
204.12.252.98 - - [14/Jul/2025:12:36:14 -0400] "GET /wp-content/install.php HTTP/1.1" 200 10 "https://dangroup.sa/wp-content/install.php" "Mozilla/5.0 (Windows NT 10.0; Win64; x64) AppleWebKit/537.36 (KHTML, like Gecko) Chrome/58.0.3029.110 Safari/537.3"
136.243.228.194 - - [14/Jul/2025:12:36:07 -0400] "GET /12fzn43907.html HTTP/1.1" 404 23126 "-" "Mozilla/5.0 (compatible; DataForSeoBot/1.0; +https://dataforseo.com/dataforseo-bot)"
66.29.146.47 - - [14/Jul/2025:12:36:18 -0400] "POST /wp-cron.php?doing_wp_cron=1752510978.0890300273895263671875 HTTP/1.1" 403 1242 "-" "WordPress/6.8; https://dangroup.sa"
136.243.228.194 - - [14/Jul/2025:12:36:16 -0400] "GET /77kho19168.html HTTP/1.1" 404 23128 "-" "Mozilla/5.0 (compatible; DataForSeoBot/1.0; +https://dataforseo.com/dataforseo-bot)"
136.243.228.194 - - [14/Jul/2025:12:36:27 -0400] "GET /201fxdwy6912.html HTTP/1.1" 404 23126 "-" "Mozilla/5.0 (compatible; DataForSeoBot/1.0; +https://dataforseo.com/dataforseo-bot)"
20.171.207.27 - - [14/Jul/2025:12:36:32 -0400] "GET /184nuylo38307.html HTTP/1.1" 404 23126 "-" "Mozilla/5.0 AppleWebKit/537.36 (KHTML, like Gecko; compatible; GPTBot/1.2; +https://openai.com/gptbot)"
136.243.228.194 - - [14/Jul/2025:12:36:37 -0400] "GET /items/hqnyf75/14197?key=rebel HTTP/1.1" 404 23126 "-" "Mozilla/5.0 (compatible; DataForSeoBot/1.0; +https://dataforseo.com/dataforseo-bot)"
136.243.228.194 - - [14/Jul/2025:12:36:46 -0400] "GET /items/duxqk155/22769?key=prediction HTTP/1.1" 404 23128 "-" "Mozilla/5.0 (compatible; DataForSeoBot/1.0; +https://dataforseo.com/dataforseo-bot)"
136.243.228.194 - - [14/Jul/2025:12:36:53 -0400] "GET /items/xojew64/40498?key=shift HTTP/1.1" 404 23126 "-" "Mozilla/5.0 (compatible; DataForSeoBot/1.0; +https://dataforseo.com/dataforseo-bot)"
136.243.228.194 - - [14/Jul/2025:12:37:03 -0400] "GET /135cib17350.html HTTP/1.1" 404 23126 "-" "Mozilla/5.0 (compatible; DataForSeoBot/1.0; +https://dataforseo.com/dataforseo-bot)"
139.162.24.217 - - [14/Jul/2025:12:37:16 -0400] "GET /wp-login.php HTTP/1.1" 200 3092 "-" "Mozilla/5.0 (Windows NT 6.3; WOW64; rv:40.0) Gecko/20100101 Firefox/40.0"
136.243.228.194 - - [14/Jul/2025:12:37:13 -0400] "GET /217ncd124.html HTTP/1.1" 404 23126 "-" "Mozilla/5.0 (compatible; DataForSeoBot/1.0; +https://dataforseo.com/dataforseo-bot)"
66.29.146.47 - - [14/Jul/2025:12:37:20 -0400] "POST /wp-cron.php?doing_wp_cron=1752511040.1951379776000976562500 HTTP/1.1" 403 1242 "-" "WordPress/6.8; https://dangroup.sa"
66.29.146.47 - - [14/Jul/2025:12:37:21 -0400] "POST /wp-cron.php?doing_wp_cron=1752511040.7090289592742919921875 HTTP/1.1" 403 1242 "-" "WordPress/6.8; https://dangroup.sa"
139.162.24.217 - - [14/Jul/2025:12:37:19 -0400] "POST /wp-login.php HTTP/1.1" 200 3230 "-" "Mozilla/5.0 (Windows NT 6.3; WOW64; rv:40.0) Gecko/20100101 Firefox/40.0"
136.243.228.194 - - [14/Jul/2025:12:37:19 -0400] "GET /items/dgcnb208/15844?key=proposed HTTP/1.1" 404 23126 "-" "Mozilla/5.0 (compatible; DataForSeoBot/1.0; +https://dataforseo.com/dataforseo-bot)"
136.243.228.194 - - [14/Jul/2025:12:37:27 -0400] "GET /items/qiiks150/20912?key=stereotype HTTP/1.1" 404 23126 "-" "Mozilla/5.0 (compatible; DataForSeoBot/1.0; +https://dataforseo.com/dataforseo-bot)"
20.171.207.27 - - [14/Jul/2025:12:37:30 -0400] "GET /132fedru35715.html HTTP/1.1" 404 23128 "-" "Mozilla/5.0 AppleWebKit/537.36 (KHTML, like Gecko; compatible; GPTBot/1.2; +https://openai.com/gptbot)"
136.243.228.194 - - [14/Jul/2025:12:37:34 -0400] "GET /items/uczqu52/1800?key=cocaine HTTP/1.1" 404 23126 "-" "Mozilla/5.0 (compatible; DataForSeoBot/1.0; +https://dataforseo.com/dataforseo-bot)"
66.249.79.134 - - [14/Jul/2025:12:37:52 -0400] "GET /items/ifkad240/28136?key=academic HTTP/1.1" 200 88268 "-" "Mozilla/5.0 (Linux; Android 6.0.1; Nexus 5X Build/MMB29P) AppleWebKit/537.36 (KHTML, like Gecko) Chrome/137.0.7151.103 Mobile Safari/537.36 (compatible; Googlebot/2.1; +http://www.google.com/bot.html)"
136.243.228.194 - - [14/Jul/2025:12:37:47 -0400] "GET /36nycoh33117.html HTTP/1.1" 404 23126 "-" "Mozilla/5.0 (compatible; DataForSeoBot/1.0; +https://dataforseo.com/dataforseo-bot)"
62.72.47.233 - - [14/Jul/2025:12:37:56 -0400] "POST /xmlrpc.php HTTP/1.1" 403 1242 "https://dangroup.sa" "Mozilla/5.0 (Windows NT 10.0; Win64; x64) AppleWebKit/537.36 (KHTML, like Gecko) Chrome/126.0.0.0 Safari/537.36"
136.243.228.194 - - [14/Jul/2025:12:37:57 -0400] "GET /items/zmuau211/13419?key=election HTTP/1.1" 404 23126 "-" "Mozilla/5.0 (compatible; DataForSeoBot/1.0; +https://dataforseo.com/dataforseo-bot)"
136.243.228.194 - - [14/Jul/2025:12:38:06 -0400] "GET /items/sdisd293/32743?key=reply HTTP/1.1" 404 23126 "-" "Mozilla/5.0 (compatible; DataForSeoBot/1.0; +https://dataforseo.com/dataforseo-bot)"
139.162.24.217 - - [14/Jul/2025:12:38:18 -0400] "GET /wp-login.php HTTP/1.1" 200 3092 "-" "Mozilla/5.0 (Macintosh; Intel Mac OS X 10_11_5) AppleWebKit/537.36 (KHTML, like Gecko) Chrome/50.0.2661.102 Safari/537.36"
136.243.228.194 - - [14/Jul/2025:12:38:17 -0400] "GET /148irk39449.html HTTP/1.1" 404 23126 "-" "Mozilla/5.0 (compatible; DataForSeoBot/1.0; +https://dataforseo.com/dataforseo-bot)"
139.162.24.217 - - [14/Jul/2025:12:38:24 -0400] "POST /wp-login.php HTTP/1.1" 200 3230 "-" "Mozilla/5.0 (Macintosh; Intel Mac OS X 10_11_5) AppleWebKit/537.36 (KHTML, like Gecko) Chrome/50.0.2661.102 Safari/537.36"
136.243.228.194 - - [14/Jul/2025:12:38:26 -0400] "GET /31dogc24740.html HTTP/1.1" 404 23126 "-" "Mozilla/5.0 (compatible; DataForSeoBot/1.0; +https://dataforseo.com/dataforseo-bot)"
20.171.207.27 - - [14/Jul/2025:12:38:30 -0400] "GET /190ohfnz22395.html HTTP/1.1" 404 23126 "-" "Mozilla/5.0 AppleWebKit/537.36 (KHTML, like Gecko; compatible; GPTBot/1.2; +https://openai.com/gptbot)"
136.243.228.194 - - [14/Jul/2025:12:38:35 -0400] "GET /items/ujoly57/32469?key=purpose HTTP/1.1" 404 23126 "-" "Mozilla/5.0 (compatible; DataForSeoBot/1.0; +https://dataforseo.com/dataforseo-bot)"
136.243.228.194 - - [14/Jul/2025:12:38:44 -0400] "GET /items/qbiyf238/1090?key=uncle HTTP/1.1" 404 23126 "-" "Mozilla/5.0 (compatible; DataForSeoBot/1.0; +https://dataforseo.com/dataforseo-bot)"
136.243.228.194 - - [14/Jul/2025:12:38:53 -0400] "GET /113yij36220.html HTTP/1.1" 404 23126 "-" "Mozilla/5.0 (compatible; DataForSeoBot/1.0; +https://dataforseo.com/dataforseo-bot)"
136.243.228.194 - - [14/Jul/2025:12:39:01 -0400] "GET /123div10178.html HTTP/1.1" 404 23126 "-" "Mozilla/5.0 (compatible; DataForSeoBot/1.0; +https://dataforseo.com/dataforseo-bot)"
136.243.228.194 - - [14/Jul/2025:12:39:12 -0400] "GET /items/hxjkg233/11979?key=seller HTTP/1.1" 404 23126 "-" "Mozilla/5.0 (compatible; DataForSeoBot/1.0; +https://dataforseo.com/dataforseo-bot)"
66.29.146.47 - - [14/Jul/2025:12:39:25 -0400] "POST /wp-cron.php?doing_wp_cron=1752511165.1783099174499511718750 HTTP/1.1" 403 1242 "-" "WordPress/6.8; https://dangroup.sa"
139.162.24.217 - - [14/Jul/2025:12:39:25 -0400] "GET /wp-login.php HTTP/1.1" 200 3092 "-" "Mozilla/5.0 (Macintosh; Intel Mac OS X 10_11_5) AppleWebKit/537.36 (KHTML, like Gecko) Chrome/50.0.2661.102 Safari/537.36"
139.162.24.217 - - [14/Jul/2025:12:39:31 -0400] "POST /wp-login.php HTTP/1.1" 200 3230 "-" "Mozilla/5.0 (Macintosh; Intel Mac OS X 10_11_5) AppleWebKit/537.36 (KHTML, like Gecko) Chrome/50.0.2661.102 Safari/537.36"
136.243.228.194 - - [14/Jul/2025:12:39:23 -0400] "GET /items/rbyfo255/47961?key=shop HTTP/1.1" 404 23128 "-" "Mozilla/5.0 (compatible; DataForSeoBot/1.0; +https://dataforseo.com/dataforseo-bot)"
20.171.207.27 - - [14/Jul/2025:12:39:25 -0400] "GET /172stjtx23699.html HTTP/1.1" 404 23126 "-" "Mozilla/5.0 AppleWebKit/537.36 (KHTML, like Gecko; compatible; GPTBot/1.2; +https://openai.com/gptbot)"
136.243.228.194 - - [14/Jul/2025:12:39:38 -0400] "GET /items/zvcwt94/16496?key=undermine HTTP/1.1" 404 23126 "-" "Mozilla/5.0 (compatible; DataForSeoBot/1.0; +https://dataforseo.com/dataforseo-bot)"
136.243.228.194 - - [14/Jul/2025:12:39:47 -0400] "GET /54ponbm2577.html HTTP/1.1" 404 23126 "-" "Mozilla/5.0 (compatible; DataForSeoBot/1.0; +https://dataforseo.com/dataforseo-bot)"
136.243.228.194 - - [14/Jul/2025:12:39:57 -0400] "GET /162oagp6673.html HTTP/1.1" 404 23126 "-" "Mozilla/5.0 (compatible; DataForSeoBot/1.0; +https://dataforseo.com/dataforseo-bot)"
136.243.228.194 - - [14/Jul/2025:12:40:08 -0400] "GET /items/dbzdq115/27441?key=music HTTP/1.1" 404 23126 "-" "Mozilla/5.0 (compatible; DataForSeoBot/1.0; +https://dataforseo.com/dataforseo-bot)"
47.82.60.4 - - [14/Jul/2025:12:40:14 -0400] "GET /278khi44317.html HTTP/1.1" 404 23126 "https://dangroup.sa/278khi44317.html" "Mozilla/5.0 (Windows NT 10.0; Win64; x64) AppleWebKit/537.36 (KHTML, like Gecko) Chrome/114.0.0.0 Safari/537.36 Edg/114.0.1823.43"
136.243.228.194 - - [14/Jul/2025:12:40:17 -0400] "GET /57pss49538.html HTTP/1.1" 404 23126 "-" "Mozilla/5.0 (compatible; DataForSeoBot/1.0; +https://dataforseo.com/dataforseo-bot)"
66.29.146.47 - - [14/Jul/2025:12:40:30 -0400] "POST /wp-cron.php?doing_wp_cron=1752511229.8910009860992431640625 HTTP/1.1" 403 1242 "-" "WordPress/6.8; https://dangroup.sa"
20.171.207.27 - - [14/Jul/2025:12:40:22 -0400] "GET /260xzfbs47109.html HTTP/1.1" 404 23126 "-" "Mozilla/5.0 AppleWebKit/537.36 (KHTML, like Gecko; compatible; GPTBot/1.2; +https://openai.com/gptbot)"
136.243.228.194 - - [14/Jul/2025:12:40:27 -0400] "GET /120soxbl48839.html HTTP/1.1" 404 23126 "-" "Mozilla/5.0 (compatible; DataForSeoBot/1.0; +https://dataforseo.com/dataforseo-bot)"
136.243.228.194 - - [14/Jul/2025:12:40:36 -0400] "GET /items/oblyk22/27310?key=wage HTTP/1.1" 404 23126 "-" "Mozilla/5.0 (compatible; DataForSeoBot/1.0; +https://dataforseo.com/dataforseo-bot)"
136.243.228.194 - - [14/Jul/2025:12:40:45 -0400] "GET /items/pifzi70/23548?key=cheer HTTP/1.1" 404 23126 "-" "Mozilla/5.0 (compatible; DataForSeoBot/1.0; +https://dataforseo.com/dataforseo-bot)"
139.162.24.217 - - [14/Jul/2025:12:40:54 -0400] "GET /wp-login.php HTTP/1.1" 200 3092 "-" "Mozilla/5.0 (Windows NT 6.3; WOW64; rv:40.0) Gecko/20100101 Firefox/40.0"
136.243.228.194 - - [14/Jul/2025:12:40:53 -0400] "GET /items/cfdcu127/23945?key=staff HTTP/1.1" 404 23126 "-" "Mozilla/5.0 (compatible; DataForSeoBot/1.0; +https://dataforseo.com/dataforseo-bot)"
139.162.24.217 - - [14/Jul/2025:12:40:56 -0400] "POST /wp-login.php HTTP/1.1" 200 3230 "-" "Mozilla/5.0 (Windows NT 6.3; WOW64; rv:40.0) Gecko/20100101 Firefox/40.0"
136.243.228.194 - - [14/Jul/2025:12:41:00 -0400] "GET /items/zvpof111/109?key=friendly HTTP/1.1" 404 23126 "-" "Mozilla/5.0 (compatible; DataForSeoBot/1.0; +https://dataforseo.com/dataforseo-bot)"
47.82.60.28 - - [14/Jul/2025:12:41:11 -0400] "GET /pcmypage?callback=product/review/3333-mmmstore-me-904-50m HTTP/1.1" 301 0 "https://www.dangroup.sa/pcmypage?callback=product/review/3333-mmmstore-me-904-50m" "Mozilla/5.0 (Windows NT 10.0; Win64; x64) AppleWebKit/537.36 (KHTML, like Gecko) Chrome/114.0.0.0 Safari/537.36 Edg/114.0.1823.43"
136.243.228.194 - - [14/Jul/2025:12:41:06 -0400] "GET /items/hemsk80/29722?key=route HTTP/1.1" 404 23128 "-" "Mozilla/5.0 (compatible; DataForSeoBot/1.0; +https://dataforseo.com/dataforseo-bot)"
47.82.60.2 - - [14/Jul/2025:12:41:15 -0400] "GET /pcmypage?callback=product/review/daishinshop-110-258655 HTTP/1.1" 301 0 "https://www.dangroup.sa/pcmypage?callback=product/review/daishinshop-110-258655" "Mozilla/5.0 (Windows NT 10.0; Win64; x64) AppleWebKit/537.36 (KHTML, like Gecko) Chrome/114.0.0.0 Safari/537.36 Edg/114.0.1823.43"
47.82.60.43 - - [14/Jul/2025:12:41:15 -0400] "GET /pcmypage?callback=product/review/stok-9807483633957-1 HTTP/1.1" 301 0 "https://www.dangroup.sa/pcmypage?callback=product/review/stok-9807483633957-1" "Mozilla/5.0 (Windows NT 10.0; Win64; x64) AppleWebKit/537.36 (KHTML, like Gecko) Chrome/114.0.0.0 Safari/537.36 Edg/114.0.1823.43"
66.29.146.47 - - [14/Jul/2025:12:41:31 -0400] "POST /wp-cron.php?doing_wp_cron=1752511290.7904529571533203125000 HTTP/1.1" 403 1242 "-" "WordPress/6.8; https://dangroup.sa"
139.162.24.217 - - [14/Jul/2025:12:41:26 -0400] "GET /wp-login.php HTTP/1.1" 200 3092 "-" "Mozilla/5.0 (Macintosh; Intel Mac OS X 10_11_5) AppleWebKit/537.36 (KHTML, like Gecko) Chrome/50.0.2661.102 Safari/537.36"
47.82.60.28 - - [14/Jul/2025:12:41:15 -0400] "GET /pcmypage?callback=product/review/3333-mmmstore-me-904-50m HTTP/1.1" 404 23126 "https://www.dangroup.sa/pcmypage?callback=product/review/3333-mmmstore-me-904-50m" "Mozilla/5.0 (Windows NT 10.0; Win64; x64) AppleWebKit/537.36 (KHTML, like Gecko) Chrome/114.0.0.0 Safari/537.36 Edg/114.0.1823.43"
136.243.228.194 - - [14/Jul/2025:12:41:17 -0400] "GET /182pyfea44297.html HTTP/1.1" 404 23126 "-" "Mozilla/5.0 (compatible; DataForSeoBot/1.0; +https://dataforseo.com/dataforseo-bot)"
47.82.60.43 - - [14/Jul/2025:12:41:19 -0400] "GET /pcmypage?callback=product/review/stok-9807483633957-1 HTTP/1.1" 404 23128 "https://www.dangroup.sa/pcmypage?callback=product/review/stok-9807483633957-1" "Mozilla/5.0 (Windows NT 10.0; Win64; x64) AppleWebKit/537.36 (KHTML, like Gecko) Chrome/114.0.0.0 Safari/537.36 Edg/114.0.1823.43"
139.162.24.217 - - [14/Jul/2025:12:41:33 -0400] "POST /wp-login.php HTTP/1.1" 200 3272 "-" "Mozilla/5.0 (Macintosh; Intel Mac OS X 10_11_5) AppleWebKit/537.36 (KHTML, like Gecko) Chrome/50.0.2661.102 Safari/537.36"
20.171.207.27 - - [14/Jul/2025:12:41:19 -0400] "GET /194smhkd31207.html HTTP/1.1" 404 23126 "-" "Mozilla/5.0 AppleWebKit/537.36 (KHTML, like Gecko; compatible; GPTBot/1.2; +https://openai.com/gptbot)"
47.82.60.2 - - [14/Jul/2025:12:41:18 -0400] "GET /pcmypage?callback=product/review/daishinshop-110-258655 HTTP/1.1" 404 23126 "https://www.dangroup.sa/pcmypage?callback=product/review/daishinshop-110-258655" "Mozilla/5.0 (Windows NT 10.0; Win64; x64) AppleWebKit/537.36 (KHTML, like Gecko) Chrome/114.0.0.0 Safari/537.36 Edg/114.0.1823.43"
136.243.228.194 - - [14/Jul/2025:12:41:37 -0400] "GET /209unmv45464.html HTTP/1.1" 404 23126 "-" "Mozilla/5.0 (compatible; DataForSeoBot/1.0; +https://dataforseo.com/dataforseo-bot)"
47.82.60.38 - - [14/Jul/2025:12:41:47 -0400] "GET /149tuzfx46352.html HTTP/1.1" 301 0 "https://www.dangroup.sa/149tuzfx46352.html" "Mozilla/5.0 (Windows NT 10.0; Win64; x64) AppleWebKit/537.36 (KHTML, like Gecko) Chrome/114.0.0.0 Safari/537.36 Edg/114.0.1823.43"
136.243.228.194 - - [14/Jul/2025:12:41:50 -0400] "GET /100croxd2387.html HTTP/1.1" 404 23126 "-" "Mozilla/5.0 (compatible; DataForSeoBot/1.0; +https://dataforseo.com/dataforseo-bot)"
47.82.60.3 - - [14/Jul/2025:12:42:01 -0400] "GET /items/kbwef116/26660?key=drinking HTTP/1.1" 301 0 "https://www.dangroup.sa/items/kbwef116/26660?key=drinking" "Mozilla/5.0 (Windows NT 10.0; Win64; x64) AppleWebKit/537.36 (KHTML, like Gecko) Chrome/114.0.0.0 Safari/537.36 Edg/114.0.1823.43"
47.82.60.38 - - [14/Jul/2025:12:41:52 -0400] "GET /149tuzfx46352.html HTTP/1.1" 404 23126 "https://www.dangroup.sa/149tuzfx46352.html" "Mozilla/5.0 (Windows NT 10.0; Win64; x64) AppleWebKit/537.36 (KHTML, like Gecko) Chrome/114.0.0.0 Safari/537.36 Edg/114.0.1823.43"
139.162.24.217 - - [14/Jul/2025:12:42:08 -0400] "GET /wp-login.php HTTP/1.1" 200 3092 "-" "Mozilla/5.0 (Windows NT 6.3; WOW64; rv:40.0) Gecko/20100101 Firefox/40.0"
136.243.228.194 - - [14/Jul/2025:12:42:05 -0400] "GET /99dsti40078.html HTTP/1.1" 404 23126 "-" "Mozilla/5.0 (compatible; DataForSeoBot/1.0; +https://dataforseo.com/dataforseo-bot)"
139.162.24.217 - - [14/Jul/2025:12:42:15 -0400] "POST /wp-login.php HTTP/1.1" 200 3230 "-" "Mozilla/5.0 (Windows NT 6.3; WOW64; rv:40.0) Gecko/20100101 Firefox/40.0"
47.82.60.6 - - [14/Jul/2025:12:42:02 -0400] "GET /items/jwgqu214/43646?key=employment HTTP/1.1" 404 23128 "https://dangroup.sa/items/jwgqu214/43646?key=employment" "Mozilla/5.0 (Windows NT 10.0; Win64; x64) AppleWebKit/537.36 (KHTML, like Gecko) Chrome/114.0.0.0 Safari/537.36 Edg/114.0.1823.43"
47.82.60.3 - - [14/Jul/2025:12:42:06 -0400] "GET /items/kbwef116/26660?key=drinking HTTP/1.1" 404 23126 "https://www.dangroup.sa/items/kbwef116/26660?key=drinking" "Mozilla/5.0 (Windows NT 10.0; Win64; x64) AppleWebKit/537.36 (KHTML, like Gecko) Chrome/114.0.0.0 Safari/537.36 Edg/114.0.1823.43"
20.171.207.27 - - [14/Jul/2025:12:42:12 -0400] "GET /249zagyi41978.html HTTP/1.1" 404 23126 "-" "Mozilla/5.0 AppleWebKit/537.36 (KHTML, like Gecko; compatible; GPTBot/1.2; +https://openai.com/gptbot)"
66.29.146.47 - - [14/Jul/2025:12:42:53 -0400] "POST /wp-cron.php?doing_wp_cron=1752511373.1806330680847167968750 HTTP/1.1" 403 1242 "-" "WordPress/6.8; https://dangroup.sa"
139.162.24.217 - - [14/Jul/2025:12:42:51 -0400] "GET /wp-login.php HTTP/1.1" 200 3092 "-" "Mozilla/5.0 (Windows NT 6.3; WOW64; rv:40.0) Gecko/20100101 Firefox/40.0"
139.162.24.217 - - [14/Jul/2025:12:42:59 -0400] "POST /wp-login.php HTTP/1.1" 200 3272 "-" "Mozilla/5.0 (Windows NT 6.3; WOW64; rv:40.0) Gecko/20100101 Firefox/40.0"
136.243.228.194 - - [14/Jul/2025:12:42:55 -0400] "GET /items/wadrj247/48275?key=cruel HTTP/1.1" 404 23126 "-" "Mozilla/5.0 (compatible; DataForSeoBot/1.0; +https://dataforseo.com/dataforseo-bot)"
20.171.207.27 - - [14/Jul/2025:12:43:07 -0400] "GET /264joakj30063.html HTTP/1.1" 404 23126 "-" "Mozilla/5.0 AppleWebKit/537.36 (KHTML, like Gecko; compatible; GPTBot/1.2; +https://openai.com/gptbot)"
136.243.228.194 - - [14/Jul/2025:12:43:09 -0400] "GET /items/rlypq150/9406?key=particularly HTTP/1.1" 404 23126 "-" "Mozilla/5.0 (compatible; DataForSeoBot/1.0; +https://dataforseo.com/dataforseo-bot)"
47.82.60.45 - - [14/Jul/2025:12:43:19 -0400] "GET /items/wpogj73/10433?key=buyer HTTP/1.1" 301 0 "https://www.dangroup.sa/items/wpogj73/10433?key=buyer" "Mozilla/5.0 (Windows NT 10.0; Win64; x64) AppleWebKit/537.36 (KHTML, like Gecko) Chrome/114.0.0.0 Safari/537.36 Edg/114.0.1823.43"
47.82.60.45 - - [14/Jul/2025:12:43:21 -0400] "GET /items/wpogj73/10433?key=buyer HTTP/1.1" 404 23126 "https://www.dangroup.sa/items/wpogj73/10433?key=buyer" "Mozilla/5.0 (Windows NT 10.0; Win64; x64) AppleWebKit/537.36 (KHTML, like Gecko) Chrome/114.0.0.0 Safari/537.36 Edg/114.0.1823.43"
139.162.24.217 - - [14/Jul/2025:12:43:33 -0400] "GET /wp-login.php HTTP/1.1" 200 3092 "-" "Mozilla/5.0 (Windows NT 6.3; WOW64; rv:40.0) Gecko/20100101 Firefox/40.0"
136.243.228.194 - - [14/Jul/2025:12:43:21 -0400] "GET /items/qthsk197/32683?key=sympathy HTTP/1.1" 404 23126 "-" "Mozilla/5.0 (compatible; DataForSeoBot/1.0; +https://dataforseo.com/dataforseo-bot)"
139.162.24.217 - - [14/Jul/2025:12:43:41 -0400] "POST /wp-login.php HTTP/1.1" 200 3230 "-" "Mozilla/5.0 (Windows NT 6.3; WOW64; rv:40.0) Gecko/20100101 Firefox/40.0"
136.243.228.194 - - [14/Jul/2025:12:43:38 -0400] "GET /items/xbttq20/18578?key=safely HTTP/1.1" 404 23126 "-" "Mozilla/5.0 (compatible; DataForSeoBot/1.0; +https://dataforseo.com/dataforseo-bot)"
136.243.228.194 - - [14/Jul/2025:12:43:47 -0400] "GET /6kruul38773.html HTTP/1.1" 404 23126 "-" "Mozilla/5.0 (compatible; DataForSeoBot/1.0; +https://dataforseo.com/dataforseo-bot)"
66.29.146.47 - - [14/Jul/2025:12:43:55 -0400] "POST /wp-cron.php?doing_wp_cron=1752511435.4821860790252685546875 HTTP/1.1" 403 1242 "-" "WordPress/6.8; https://dangroup.sa"
136.243.228.194 - - [14/Jul/2025:12:43:55 -0400] "GET /114jzkbp47915.html HTTP/1.1" 404 23126 "-" "Mozilla/5.0 (compatible; DataForSeoBot/1.0; +https://dataforseo.com/dataforseo-bot)"
136.243.228.194 - - [14/Jul/2025:12:43:59 -0400] "GET /211umjv46174.html HTTP/1.1" 404 23126 "-" "Mozilla/5.0 (compatible; DataForSeoBot/1.0; +https://dataforseo.com/dataforseo-bot)"
136.243.228.194 - - [14/Jul/2025:12:44:05 -0400] "GET /items/anlyj134/84?key=program HTTP/1.1" 404 23126 "-" "Mozilla/5.0 (compatible; DataForSeoBot/1.0; +https://dataforseo.com/dataforseo-bot)"
20.171.207.27 - - [14/Jul/2025:12:44:06 -0400] "GET /144kcvqm26627.html HTTP/1.1" 404 23128 "-" "Mozilla/5.0 AppleWebKit/537.36 (KHTML, like Gecko; compatible; GPTBot/1.2; +https://openai.com/gptbot)"
139.162.24.217 - - [14/Jul/2025:12:44:13 -0400] "GET /wp-login.php HTTP/1.1" 200 3092 "-" "Mozilla/5.0 (Windows NT 6.1; WOW64; Trident/7.0; AS; rv:11.0) like Gecko"
139.162.24.217 - - [14/Jul/2025:12:44:16 -0400] "POST /wp-login.php HTTP/1.1" 200 3272 "-" "Mozilla/5.0 (Windows NT 6.1; WOW64; Trident/7.0; AS; rv:11.0) like Gecko"
136.243.228.194 - - [14/Jul/2025:12:44:12 -0400] "GET /177mgta22188.html HTTP/1.1" 404 23126 "-" "Mozilla/5.0 (compatible; DataForSeoBot/1.0; +https://dataforseo.com/dataforseo-bot)"
52.167.144.158 - - [14/Jul/2025:12:44:22 -0400] "GET /bmjiszn14002wtailwards HTTP/1.1" 200 17 "-" "Mozilla/5.0 AppleWebKit/537.36 (KHTML, like Gecko; compatible; bingbot/2.0; +http://www.bing.com/bingbot.htm) Chrome/116.0.1938.76 Safari/537.36"
136.243.228.194 - - [14/Jul/2025:12:44:21 -0400] "GET /items/zoskz139/38225?key=trauma HTTP/1.1" 404 23126 "-" "Mozilla/5.0 (compatible; DataForSeoBot/1.0; +https://dataforseo.com/dataforseo-bot)"
136.243.228.194 - - [14/Jul/2025:12:44:29 -0400] "GET /186yjfsr8227.html HTTP/1.1" 404 23126 "-" "Mozilla/5.0 (compatible; DataForSeoBot/1.0; +https://dataforseo.com/dataforseo-bot)"
136.243.228.194 - - [14/Jul/2025:12:44:38 -0400] "GET /items/ypvyj212/14804?key=eligible HTTP/1.1" 404 23126 "-" "Mozilla/5.0 (compatible; DataForSeoBot/1.0; +https://dataforseo.com/dataforseo-bot)"
136.243.228.194 - - [14/Jul/2025:12:44:47 -0400] "GET /items/cvawg22/18888?key=master HTTP/1.1" 404 23126 "-" "Mozilla/5.0 (compatible; DataForSeoBot/1.0; +https://dataforseo.com/dataforseo-bot)"
66.29.146.47 - - [14/Jul/2025:12:44:58 -0400] "POST /wp-cron.php?doing_wp_cron=1752511498.5804500579833984375000 HTTP/1.1" 403 1242 "-" "WordPress/6.8; https://dangroup.sa"
136.243.228.194 - - [14/Jul/2025:12:44:57 -0400] "GET /items/whffd270/44186?key=Islam HTTP/1.1" 404 23126 "-" "Mozilla/5.0 (compatible; DataForSeoBot/1.0; +https://dataforseo.com/dataforseo-bot)"
20.171.207.27 - - [14/Jul/2025:12:45:04 -0400] "GET /138qwjpy21167.html HTTP/1.1" 404 23126 "-" "Mozilla/5.0 AppleWebKit/537.36 (KHTML, like Gecko; compatible; GPTBot/1.2; +https://openai.com/gptbot)"
139.162.24.217 - - [14/Jul/2025:12:45:16 -0400] "GET /wp-login.php HTTP/1.1" 200 3092 "-" "Mozilla/5.0 (Windows NT 10.0; Win64; x64) AppleWebKit/537.36 (KHTML, like Gecko) Chrome/58.0.3029.110 Safari/537.3"
139.162.24.217 - - [14/Jul/2025:12:45:29 -0400] "POST /wp-login.php HTTP/1.1" 200 3230 "-" "Mozilla/5.0 (Windows NT 10.0; Win64; x64) AppleWebKit/537.36 (KHTML, like Gecko) Chrome/58.0.3029.110 Safari/537.3"
136.243.228.194 - - [14/Jul/2025:12:45:10 -0400] "GET /107vrsdt4.html HTTP/1.1" 404 23126 "-" "Mozilla/5.0 (compatible; DataForSeoBot/1.0; +https://dataforseo.com/dataforseo-bot)"
136.243.228.194 - - [14/Jul/2025:12:45:34 -0400] "GET /30tubu8341.html HTTP/1.1" 404 23126 "-" "Mozilla/5.0 (compatible; DataForSeoBot/1.0; +https://dataforseo.com/dataforseo-bot)"
136.243.228.194 - - [14/Jul/2025:12:45:38 -0400] "GET /items/ibhtw82/33186?key=nerve HTTP/1.1" 404 23126 "-" "Mozilla/5.0 (compatible; DataForSeoBot/1.0; +https://dataforseo.com/dataforseo-bot)"
136.243.228.194 - - [14/Jul/2025:12:45:43 -0400] "GET /items/jgcdv67/12679?key=lock HTTP/1.1" 404 23126 "-" "Mozilla/5.0 (compatible; DataForSeoBot/1.0; +https://dataforseo.com/dataforseo-bot)"
2402:1f00:8200:6400:: - - [14/Jul/2025:12:45:48 -0400] "POST /xmlrpc.php HTTP/1.1" 403 1242 "-" "Mozilla/5.0 (X11; Ubuntu; Linux x86_64; rv:85.0) Gecko/20100101 Firefox/91.0"
136.243.228.194 - - [14/Jul/2025:12:45:48 -0400] "GET /4mfzn36833.html HTTP/1.1" 404 23126 "-" "Mozilla/5.0 (compatible; DataForSeoBot/1.0; +https://dataforseo.com/dataforseo-bot)"
136.243.228.194 - - [14/Jul/2025:12:45:53 -0400] "GET /items/ytpwl135/47757?key=vacuum HTTP/1.1" 404 23126 "-" "Mozilla/5.0 (compatible; DataForSeoBot/1.0; +https://dataforseo.com/dataforseo-bot)"
66.29.146.47 - - [14/Jul/2025:12:46:00 -0400] "POST /wp-cron.php?doing_wp_cron=1752511559.8094520568847656250000 HTTP/1.1" 403 1242 "-" "WordPress/6.8; https://dangroup.sa"
66.29.146.47 - - [14/Jul/2025:12:46:00 -0400] "POST /wp-cron.php?doing_wp_cron=1752511560.3116059303283691406250 HTTP/1.1" 403 1242 "-" "WordPress/6.8; https://dangroup.sa"
20.171.207.27 - - [14/Jul/2025:12:45:59 -0400] "GET /153qnbwq22524.html HTTP/1.1" 404 23126 "-" "Mozilla/5.0 AppleWebKit/537.36 (KHTML, like Gecko; compatible; GPTBot/1.2; +https://openai.com/gptbot)"
136.243.228.194 - - [14/Jul/2025:12:45:59 -0400] "GET /items/fwjlo274/9042?key=background HTTP/1.1" 404 23126 "-" "Mozilla/5.0 (compatible; DataForSeoBot/1.0; +https://dataforseo.com/dataforseo-bot)"
136.243.228.194 - - [14/Jul/2025:12:46:07 -0400] "GET /181bau34718.html HTTP/1.1" 404 23126 "-" "Mozilla/5.0 (compatible; DataForSeoBot/1.0; +https://dataforseo.com/dataforseo-bot)"
136.243.228.194 - - [14/Jul/2025:12:46:12 -0400] "GET /items/dkflh6/2248?key=hat HTTP/1.1" 404 23126 "-" "Mozilla/5.0 (compatible; DataForSeoBot/1.0; +https://dataforseo.com/dataforseo-bot)"
136.243.228.194 - - [14/Jul/2025:12:46:19 -0400] "GET /115dbww4508.html HTTP/1.1" 404 23126 "-" "Mozilla/5.0 (compatible; DataForSeoBot/1.0; +https://dataforseo.com/dataforseo-bot)"
139.162.24.217 - - [14/Jul/2025:12:46:22 -0400] "GET /wp-login.php HTTP/1.1" 200 3092 "-" "Mozilla/5.0 (Windows NT 6.1; WOW64; Trident/7.0; AS; rv:11.0) like Gecko"
136.243.228.194 - - [14/Jul/2025:12:46:25 -0400] "GET /76yhaez36553.html HTTP/1.1" 404 23126 "-" "Mozilla/5.0 (compatible; DataForSeoBot/1.0; +https://dataforseo.com/dataforseo-bot)"
208.110.64.178 - - [14/Jul/2025:12:46:31 -0400] "GET /wp-content/install.php HTTP/1.1" 200 10 "https://dangroup.sa/wp-content/install.php" "Mozilla/5.0 (Windows NT 10.0; Win64; x64) AppleWebKit/537.36 (KHTML, like Gecko) Chrome/58.0.3029.110 Safari/537.3"
139.162.24.217 - - [14/Jul/2025:12:46:30 -0400] "POST /wp-login.php HTTP/1.1" 200 3272 "-" "Mozilla/5.0 (Windows NT 6.1; WOW64; Trident/7.0; AS; rv:11.0) like Gecko"
136.243.228.194 - - [14/Jul/2025:12:46:31 -0400] "GET /147yzte12726.html HTTP/1.1" 404 23126 "-" "Mozilla/5.0 (compatible; DataForSeoBot/1.0; +https://dataforseo.com/dataforseo-bot)"
136.243.228.194 - - [14/Jul/2025:12:46:37 -0400] "GET /items/fcfeq269/16571?key=stock HTTP/1.1" 404 23126 "-" "Mozilla/5.0 (compatible; DataForSeoBot/1.0; +https://dataforseo.com/dataforseo-bot)"
136.243.228.194 - - [14/Jul/2025:12:46:43 -0400] "GET /items/hdbrs211/31071?key=unusual HTTP/1.1" 404 23128 "-" "Mozilla/5.0 (compatible; DataForSeoBot/1.0; +https://dataforseo.com/dataforseo-bot)"
136.243.228.194 - - [14/Jul/2025:12:46:47 -0400] "GET /items/kyycx161/44663?key=vital HTTP/1.1" 404 23126 "-" "Mozilla/5.0 (compatible; DataForSeoBot/1.0; +https://dataforseo.com/dataforseo-bot)"
136.243.228.194 - - [14/Jul/2025:12:46:52 -0400] "GET /items/fwzvq292/25232?key=decide HTTP/1.1" 404 23126 "-" "Mozilla/5.0 (compatible; DataForSeoBot/1.0; +https://dataforseo.com/dataforseo-bot)"
136.243.228.194 - - [14/Jul/2025:12:46:57 -0400] "GET /206dmhbi44199.html HTTP/1.1" 404 23126 "-" "Mozilla/5.0 (compatible; DataForSeoBot/1.0; +https://dataforseo.com/dataforseo-bot)"
20.171.207.27 - - [14/Jul/2025:12:46:57 -0400] "GET /284opvmz36223.html HTTP/1.1" 404 23126 "-" "Mozilla/5.0 AppleWebKit/537.36 (KHTML, like Gecko; compatible; GPTBot/1.2; +https://openai.com/gptbot)"
66.29.146.47 - - [14/Jul/2025:12:47:05 -0400] "POST /wp-cron.php?doing_wp_cron=1752511625.0018830299377441406250 HTTP/1.1" 403 1242 "-" "WordPress/6.8; https://dangroup.sa"
66.29.146.47 - - [14/Jul/2025:12:47:05 -0400] "POST /wp-cron.php?doing_wp_cron=1752511625.1023590564727783203125 HTTP/1.1" 403 1242 "-" "WordPress/6.8; https://dangroup.sa"
139.162.24.217 - - [14/Jul/2025:12:47:04 -0400] "GET /wp-login.php HTTP/1.1" 200 3092 "-" "Mozilla/5.0 (Windows NT 10.0; Win64; x64) AppleWebKit/537.36 (KHTML, like Gecko) Chrome/58.0.3029.110 Safari/537.3"
136.243.228.194 - - [14/Jul/2025:12:47:04 -0400] "GET /287pskds23924.html HTTP/1.1" 404 23126 "-" "Mozilla/5.0 (compatible; DataForSeoBot/1.0; +https://dataforseo.com/dataforseo-bot)"
139.162.24.217 - - [14/Jul/2025:12:47:11 -0400] "POST /wp-login.php HTTP/1.1" 200 3230 "-" "Mozilla/5.0 (Windows NT 10.0; Win64; x64) AppleWebKit/537.36 (KHTML, like Gecko) Chrome/58.0.3029.110 Safari/537.3"
136.243.228.194 - - [14/Jul/2025:12:47:09 -0400] "GET /items/vcbpd297/21909?key=relief HTTP/1.1" 404 23126 "-" "Mozilla/5.0 (compatible; DataForSeoBot/1.0; +https://dataforseo.com/dataforseo-bot)"
136.243.228.194 - - [14/Jul/2025:12:47:15 -0400] "GET /items/sscna41/28975?key=primarily HTTP/1.1" 404 23126 "-" "Mozilla/5.0 (compatible; DataForSeoBot/1.0; +https://dataforseo.com/dataforseo-bot)"
136.243.228.194 - - [14/Jul/2025:12:47:20 -0400] "GET /146hsc30485.html HTTP/1.1" 404 23126 "-" "Mozilla/5.0 (compatible; DataForSeoBot/1.0; +https://dataforseo.com/dataforseo-bot)"
136.243.228.194 - - [14/Jul/2025:12:47:25 -0400] "GET /items/olyng130/38636?key=rid HTTP/1.1" 404 23126 "-" "Mozilla/5.0 (compatible; DataForSeoBot/1.0; +https://dataforseo.com/dataforseo-bot)"
136.243.228.194 - - [14/Jul/2025:12:47:30 -0400] "GET /items/ssptg288/13174?key=therapy HTTP/1.1" 404 23126 "-" "Mozilla/5.0 (compatible; DataForSeoBot/1.0; +https://dataforseo.com/dataforseo-bot)"
136.243.228.194 - - [14/Jul/2025:12:47:36 -0400] "GET /255gao26456.html HTTP/1.1" 404 23126 "-" "Mozilla/5.0 (compatible; DataForSeoBot/1.0; +https://dataforseo.com/dataforseo-bot)"
139.162.24.217 - - [14/Jul/2025:12:47:40 -0400] "GET /wp-login.php HTTP/1.1" 200 3127 "-" "Mozilla/5.0 (Windows NT 6.1; WOW64; Trident/7.0; AS; rv:11.0) like Gecko"
136.243.228.194 - - [14/Jul/2025:12:47:42 -0400] "GET /168fhfwd26735.html HTTP/1.1" 404 23126 "-" "Mozilla/5.0 (compatible; DataForSeoBot/1.0; +https://dataforseo.com/dataforseo-bot)"
139.162.24.217 - - [14/Jul/2025:12:47:46 -0400] "POST /wp-login.php HTTP/1.1" 200 3230 "-" "Mozilla/5.0 (Windows NT 6.1; WOW64; Trident/7.0; AS; rv:11.0) like Gecko"
136.243.228.194 - - [14/Jul/2025:12:47:47 -0400] "GET /items/nebkx282/17112?key=workout HTTP/1.1" 404 23128 "-" "Mozilla/5.0 (compatible; DataForSeoBot/1.0; +https://dataforseo.com/dataforseo-bot)"
136.243.228.194 - - [14/Jul/2025:12:47:51 -0400] "GET /94uzgpm5631.html HTTP/1.1" 404 23128 "-" "Mozilla/5.0 (compatible; DataForSeoBot/1.0; +https://dataforseo.com/dataforseo-bot)"
136.243.228.194 - - [14/Jul/2025:12:47:56 -0400] "GET /215oesk16180.html HTTP/1.1" 404 23126 "-" "Mozilla/5.0 (compatible; DataForSeoBot/1.0; +https://dataforseo.com/dataforseo-bot)"
20.171.207.27 - - [14/Jul/2025:12:47:57 -0400] "GET /279bgpqx30972.html HTTP/1.1" 404 23126 "-" "Mozilla/5.0 AppleWebKit/537.36 (KHTML, like Gecko; compatible; GPTBot/1.2; +https://openai.com/gptbot)"
2a01:7a7:2:3eb6:225:90ff:fefb:553c - - [14/Jul/2025:12:48:04 -0400] "POST /xmlrpc.php HTTP/1.1" 403 1242 "https://dangroup.sa" "Mozilla/5.0 (Macintosh; Intel Mac OS X 10_15_7; rv:128.0) Gecko/20100101 Firefox/128.0"
136.243.228.194 - - [14/Jul/2025:12:48:02 -0400] "GET /201uhdt6724.html HTTP/1.1" 404 23128 "-" "Mozilla/5.0 (compatible; DataForSeoBot/1.0; +https://dataforseo.com/dataforseo-bot)"
66.29.146.47 - - [14/Jul/2025:12:48:08 -0400] "POST /wp-cron.php?doing_wp_cron=1752511688.6534481048583984375000 HTTP/1.1" 403 1242 "-" "WordPress/6.8; https://dangroup.sa"
136.243.228.194 - - [14/Jul/2025:12:48:08 -0400] "GET /221qvnlr45508.html HTTP/1.1" 404 23126 "-" "Mozilla/5.0 (compatible; DataForSeoBot/1.0; +https://dataforseo.com/dataforseo-bot)"
136.243.228.194 - - [14/Jul/2025:12:48:14 -0400] "GET /260wag14837.html HTTP/1.1" 404 23126 "-" "Mozilla/5.0 (compatible; DataForSeoBot/1.0; +https://dataforseo.com/dataforseo-bot)"
136.243.228.194 - - [14/Jul/2025:12:48:18 -0400] "GET /items/bjpys213/28275?key=cream HTTP/1.1" 404 23126 "-" "Mozilla/5.0 (compatible; DataForSeoBot/1.0; +https://dataforseo.com/dataforseo-bot)"
136.243.228.194 - - [14/Jul/2025:12:48:23 -0400] "GET /items/yxvej185/43939?key=ball HTTP/1.1" 404 23126 "-" "Mozilla/5.0 (compatible; DataForSeoBot/1.0; +https://dataforseo.com/dataforseo-bot)"
136.243.228.194 - - [14/Jul/2025:12:48:27 -0400] "GET /items/bbhsx17/12003?key=else HTTP/1.1" 404 23126 "-" "Mozilla/5.0 (compatible; DataForSeoBot/1.0; +https://dataforseo.com/dataforseo-bot)"
136.243.228.194 - - [14/Jul/2025:12:48:32 -0400] "GET /275jjrhh1786.html HTTP/1.1" 404 23126 "-" "Mozilla/5.0 (compatible; DataForSeoBot/1.0; +https://dataforseo.com/dataforseo-bot)"
136.243.228.194 - - [14/Jul/2025:12:48:37 -0400] "GET /items/mesdp296/28546?key=policeman HTTP/1.1" 404 23126 "-" "Mozilla/5.0 (compatible; DataForSeoBot/1.0; +https://dataforseo.com/dataforseo-bot)"
136.243.228.194 - - [14/Jul/2025:12:48:41 -0400] "GET /84lje46123.html HTTP/1.1" 404 23126 "-" "Mozilla/5.0 (compatible; DataForSeoBot/1.0; +https://dataforseo.com/dataforseo-bot)"
136.243.228.194 - - [14/Jul/2025:12:48:46 -0400] "GET /items/yvtkt202/63464?key=frequently HTTP/1.1" 404 23126 "-" "Mozilla/5.0 (compatible; DataForSeoBot/1.0; +https://dataforseo.com/dataforseo-bot)"
20.171.207.27 - - [14/Jul/2025:12:48:51 -0400] "GET /103ktlrd14284.html HTTP/1.1" 404 23126 "-" "Mozilla/5.0 AppleWebKit/537.36 (KHTML, like Gecko; compatible; GPTBot/1.2; +https://openai.com/gptbot)"
136.243.228.194 - - [14/Jul/2025:12:48:52 -0400] "GET /258felke40383.html HTTP/1.1" 404 23126 "-" "Mozilla/5.0 (compatible; DataForSeoBot/1.0; +https://dataforseo.com/dataforseo-bot)"
136.243.228.194 - - [14/Jul/2025:12:48:59 -0400] "GET /items/qirco228/36058?key=DNA HTTP/1.1" 404 23126 "-" "Mozilla/5.0 (compatible; DataForSeoBot/1.0; +https://dataforseo.com/dataforseo-bot)"
136.243.228.194 - - [14/Jul/2025:12:49:05 -0400] "GET /185jmc1054.html HTTP/1.1" 404 23126 "-" "Mozilla/5.0 (compatible; DataForSeoBot/1.0; +https://dataforseo.com/dataforseo-bot)"
183.94.56.166 - - [14/Jul/2025:12:49:09 -0400] "GET /profile.pdf HTTP/1.1" 304 0 "-" "Mozilla/5.0 (Windows NT 10.0; Win64; x64) AppleWebKit/537.36 (KHTML, like Gecko) Chrome/127.0.0.0 Safari/537.36 Edg/127.0.0.0"
66.29.146.47 - - [14/Jul/2025:12:49:11 -0400] "POST /wp-cron.php?doing_wp_cron=1752511750.9987330436706542968750 HTTP/1.1" 403 1242 "-" "WordPress/6.8; https://dangroup.sa"
139.162.24.217 - - [14/Jul/2025:12:49:11 -0400] "GET /wp-login.php HTTP/1.1" 200 3127 "-" "Mozilla/5.0 (Windows NT 10.0; Win64; x64) AppleWebKit/537.36 (KHTML, like Gecko) Chrome/58.0.3029.110 Safari/537.3"
136.243.228.194 - - [14/Jul/2025:12:49:10 -0400] "GET /items/qerpu256/16008?key=customer HTTP/1.1" 404 23126 "-" "Mozilla/5.0 (compatible; DataForSeoBot/1.0; +https://dataforseo.com/dataforseo-bot)"
139.162.24.217 - - [14/Jul/2025:12:49:17 -0400] "POST /wp-login.php HTTP/1.1" 200 3230 "-" "Mozilla/5.0 (Windows NT 10.0; Win64; x64) AppleWebKit/537.36 (KHTML, like Gecko) Chrome/58.0.3029.110 Safari/537.3"
136.243.228.194 - - [14/Jul/2025:12:49:16 -0400] "GET /188llo30871.html HTTP/1.1" 404 23126 "-" "Mozilla/5.0 (compatible; DataForSeoBot/1.0; +https://dataforseo.com/dataforseo-bot)"
136.243.228.194 - - [14/Jul/2025:12:49:21 -0400] "GET /3qdsj33042.html HTTP/1.1" 404 23126 "-" "Mozilla/5.0 (compatible; DataForSeoBot/1.0; +https://dataforseo.com/dataforseo-bot)"
136.243.228.194 - - [14/Jul/2025:12:49:27 -0400] "GET /162srzqu3887.html HTTP/1.1" 404 23126 "-" "Mozilla/5.0 (compatible; DataForSeoBot/1.0; +https://dataforseo.com/dataforseo-bot)"
136.243.228.194 - - [14/Jul/2025:12:49:32 -0400] "GET /190zkhuo13397.html HTTP/1.1" 404 23126 "-" "Mozilla/5.0 (compatible; DataForSeoBot/1.0; +https://dataforseo.com/dataforseo-bot)"
136.243.228.194 - - [14/Jul/2025:12:49:37 -0400] "GET /200zctxl10687.html HTTP/1.1" 404 23126 "-" "Mozilla/5.0 (compatible; DataForSeoBot/1.0; +https://dataforseo.com/dataforseo-bot)"
136.243.228.194 - - [14/Jul/2025:12:49:42 -0400] "GET /188idwy18109.html HTTP/1.1" 404 23126 "-" "Mozilla/5.0 (compatible; DataForSeoBot/1.0; +https://dataforseo.com/dataforseo-bot)"
20.171.207.27 - - [14/Jul/2025:12:49:46 -0400] "GET /238cpxfl38425.html HTTP/1.1" 404 23126 "-" "Mozilla/5.0 AppleWebKit/537.36 (KHTML, like Gecko; compatible; GPTBot/1.2; +https://openai.com/gptbot)"
136.243.228.194 - - [14/Jul/2025:12:49:47 -0400] "GET /217yplxx30096.html HTTP/1.1" 404 23126 "-" "Mozilla/5.0 (compatible; DataForSeoBot/1.0; +https://dataforseo.com/dataforseo-bot)"
136.243.228.194 - - [14/Jul/2025:12:49:53 -0400] "GET /271jkim8036.html HTTP/1.1" 404 23126 "-" "Mozilla/5.0 (compatible; DataForSeoBot/1.0; +https://dataforseo.com/dataforseo-bot)"
136.243.228.194 - - [14/Jul/2025:12:49:58 -0400] "GET /items/zpeyd35/779?key=turkey HTTP/1.1" 404 23126 "-" "Mozilla/5.0 (compatible; DataForSeoBot/1.0; +https://dataforseo.com/dataforseo-bot)"
136.243.228.194 - - [14/Jul/2025:12:50:04 -0400] "GET /items/jrnur13/8131?key=cattle HTTP/1.1" 404 23126 "-" "Mozilla/5.0 (compatible; DataForSeoBot/1.0; +https://dataforseo.com/dataforseo-bot)"
47.82.60.20 - - [14/Jul/2025:12:50:05 -0400] "GET /128eroe34463.html HTTP/1.1" 404 23126 "https://dangroup.sa/128eroe34463.html" "Mozilla/5.0 (Windows NT 10.0; Win64; x64) AppleWebKit/537.36 (KHTML, like Gecko) Chrome/114.0.0.0 Safari/537.36 Edg/114.0.1823.43"
139.162.24.217 - - [14/Jul/2025:12:50:12 -0400] "GET /wp-login.php HTTP/1.1" 200 3092 "-" "Mozilla/5.0 (Windows NT 10.0; Win64; x64) AppleWebKit/537.36 (KHTML, like Gecko) Chrome/58.0.3029.110 Safari/537.3"
136.243.228.194 - - [14/Jul/2025:12:50:13 -0400] "GET /items/razmp100/17242?key=tour HTTP/1.1" 404 23126 "-" "Mozilla/5.0 (compatible; DataForSeoBot/1.0; +https://dataforseo.com/dataforseo-bot)"
139.162.24.217 - - [14/Jul/2025:12:50:19 -0400] "POST /wp-login.php HTTP/1.1" 200 3230 "-" "Mozilla/5.0 (Windows NT 10.0; Win64; x64) AppleWebKit/537.36 (KHTML, like Gecko) Chrome/58.0.3029.110 Safari/537.3"
136.243.228.194 - - [14/Jul/2025:12:50:22 -0400] "GET /items/bxang228/38570?key=west HTTP/1.1" 404 23126 "-" "Mozilla/5.0 (compatible; DataForSeoBot/1.0; +https://dataforseo.com/dataforseo-bot)"
136.243.228.194 - - [14/Jul/2025:12:50:27 -0400] "GET /items/fjjvy84/25826?key=size HTTP/1.1" 404 23126 "-" "Mozilla/5.0 (compatible; DataForSeoBot/1.0; +https://dataforseo.com/dataforseo-bot)"
136.243.228.194 - - [14/Jul/2025:12:50:33 -0400] "GET /185qqm16768.html HTTP/1.1" 404 23126 "-" "Mozilla/5.0 (compatible; DataForSeoBot/1.0; +https://dataforseo.com/dataforseo-bot)"
136.243.228.194 - - [14/Jul/2025:12:50:40 -0400] "GET /items/mlqrq235/14405?key=work HTTP/1.1" 404 23126 "-" "Mozilla/5.0 (compatible; DataForSeoBot/1.0; +https://dataforseo.com/dataforseo-bot)"
20.171.207.27 - - [14/Jul/2025:12:50:41 -0400] "GET /146gluqr12633.html HTTP/1.1" 404 23126 "-" "Mozilla/5.0 AppleWebKit/537.36 (KHTML, like Gecko; compatible; GPTBot/1.2; +https://openai.com/gptbot)"
47.82.60.5 - - [14/Jul/2025:12:50:46 -0400] "GET /pcmypage?callback=/product/detail,lickworks-01-20240702-100543 HTTP/1.1" 301 0 "https://www.dangroup.sa/pcmypage?callback=/product%2Fdetail%2Clickworks-01-20240702-100543" "Mozilla/5.0 (Windows NT 10.0; Win64; x64) AppleWebKit/537.36 (KHTML, like Gecko) Chrome/114.0.0.0 Safari/537.36 Edg/114.0.1823.43"
136.243.228.194 - - [14/Jul/2025:12:50:47 -0400] "GET /200mkh7849.html HTTP/1.1" 404 23126 "-" "Mozilla/5.0 (compatible; DataForSeoBot/1.0; +https://dataforseo.com/dataforseo-bot)"
47.82.60.5 - - [14/Jul/2025:12:50:48 -0400] "GET /pcmypage?callback=/product/detail,lickworks-01-20240702-100543 HTTP/1.1" 404 23126 "https://www.dangroup.sa/pcmypage?callback=/product%2Fdetail%2Clickworks-01-20240702-100543" "Mozilla/5.0 (Windows NT 10.0; Win64; x64) AppleWebKit/537.36 (KHTML, like Gecko) Chrome/114.0.0.0 Safari/537.36 Edg/114.0.1823.43"
139.162.24.217 - - [14/Jul/2025:12:50:53 -0400] "GET /wp-login.php HTTP/1.1" 200 3127 "-" "Mozilla/5.0 (Windows NT 10.0; Win64; x64) AppleWebKit/537.36 (KHTML, like Gecko) Chrome/58.0.3029.110 Safari/537.3"
136.243.228.194 - - [14/Jul/2025:12:50:55 -0400] "GET /266jlf15709.html HTTP/1.1" 404 23126 "-" "Mozilla/5.0 (compatible; DataForSeoBot/1.0; +https://dataforseo.com/dataforseo-bot)"
139.162.24.217 - - [14/Jul/2025:12:51:00 -0400] "POST /wp-login.php HTTP/1.1" 200 3230 "-" "Mozilla/5.0 (Windows NT 10.0; Win64; x64) AppleWebKit/537.36 (KHTML, like Gecko) Chrome/58.0.3029.110 Safari/537.3"
136.243.228.194 - - [14/Jul/2025:12:50:59 -0400] "GET /164pdz48765.html HTTP/1.1" 404 23126 "-" "Mozilla/5.0 (compatible; DataForSeoBot/1.0; +https://dataforseo.com/dataforseo-bot)"
136.243.228.194 - - [14/Jul/2025:12:51:05 -0400] "GET /items/giyrh36/6662?key=lake HTTP/1.1" 404 23126 "-" "Mozilla/5.0 (compatible; DataForSeoBot/1.0; +https://dataforseo.com/dataforseo-bot)"
47.82.60.42 - - [14/Jul/2025:12:51:10 -0400] "GET /86yrng821.html HTTP/1.1" 404 23128 "https://dangroup.sa/86yrng821.html" "Mozilla/5.0 (Windows NT 10.0; Win64; x64) AppleWebKit/537.36 (KHTML, like Gecko) Chrome/114.0.0.0 Safari/537.36 Edg/114.0.1823.43"
136.243.228.194 - - [14/Jul/2025:12:51:11 -0400] "GET /233oeit48360.html HTTP/1.1" 404 23126 "-" "Mozilla/5.0 (compatible; DataForSeoBot/1.0; +https://dataforseo.com/dataforseo-bot)"
66.29.146.47 - - [14/Jul/2025:12:51:20 -0400] "POST /wp-cron.php?doing_wp_cron=1752511879.9618830680847167968750 HTTP/1.1" 403 1242 "-" "WordPress/6.8; https://dangroup.sa"
136.243.228.194 - - [14/Jul/2025:12:51:19 -0400] "GET /items/zmwmn57/19359?key=bee HTTP/1.1" 404 23126 "-" "Mozilla/5.0 (compatible; DataForSeoBot/1.0; +https://dataforseo.com/dataforseo-bot)"
136.243.228.194 - - [14/Jul/2025:12:51:24 -0400] "GET /53fxvk32894.html HTTP/1.1" 404 23126 "-" "Mozilla/5.0 (compatible; DataForSeoBot/1.0; +https://dataforseo.com/dataforseo-bot)"
47.82.60.41 - - [14/Jul/2025:12:51:28 -0400] "GET /pcmypage?callback=product/review/valuecare-vc-tr-5047463 HTTP/1.1" 404 23126 "https://dangroup.sa/pcmypage?callback=product/review/valuecare-vc-tr-5047463" "Mozilla/5.0 (Windows NT 10.0; Win64; x64) AppleWebKit/537.36 (KHTML, like Gecko) Chrome/114.0.0.0 Safari/537.36 Edg/114.0.1823.43"
136.243.228.194 - - [14/Jul/2025:12:51:29 -0400] "GET /items/wybfm3/30557?key=departure HTTP/1.1" 404 23126 "-" "Mozilla/5.0 (compatible; DataForSeoBot/1.0; +https://dataforseo.com/dataforseo-bot)"
136.243.228.194 - - [14/Jul/2025:12:51:37 -0400] "GET /items/nessu254/38876?key=billion HTTP/1.1" 404 23126 "-" "Mozilla/5.0 (compatible; DataForSeoBot/1.0; +https://dataforseo.com/dataforseo-bot)"
20.171.207.27 - - [14/Jul/2025:12:51:40 -0400] "GET /231jhpqa30670.html HTTP/1.1" 404 23126 "-" "Mozilla/5.0 AppleWebKit/537.36 (KHTML, like Gecko; compatible; GPTBot/1.2; +https://openai.com/gptbot)"
136.243.228.194 - - [14/Jul/2025:12:51:43 -0400] "GET /items/aafuh49/35629?key=burden HTTP/1.1" 404 23126 "-" "Mozilla/5.0 (compatible; DataForSeoBot/1.0; +https://dataforseo.com/dataforseo-bot)"
136.243.228.194 - - [14/Jul/2025:12:51:50 -0400] "GET /items/wzpba173/49787?key=found HTTP/1.1" 404 23126 "-" "Mozilla/5.0 (compatible; DataForSeoBot/1.0; +https://dataforseo.com/dataforseo-bot)"
136.243.228.194 - - [14/Jul/2025:12:51:55 -0400] "GET /items/srsvp41/25665?key=medical HTTP/1.1" 404 23126 "-" "Mozilla/5.0 (compatible; DataForSeoBot/1.0; +https://dataforseo.com/dataforseo-bot)"
47.82.60.12 - - [14/Jul/2025:12:51:56 -0400] "GET /items/jnuum86/814?key=fisherman HTTP/1.1" 404 23126 "https://dangroup.sa/items/jnuum86/814?key=fisherman" "Mozilla/5.0 (Windows NT 10.0; Win64; x64) AppleWebKit/537.36 (KHTML, like Gecko) Chrome/114.0.0.0 Safari/537.36 Edg/114.0.1823.43"
136.243.228.194 - - [14/Jul/2025:12:52:01 -0400] "GET /items/qrdgr94/45404?key=flee HTTP/1.1" 404 23126 "-" "Mozilla/5.0 (compatible; DataForSeoBot/1.0; +https://dataforseo.com/dataforseo-bot)"
195.2.67.184 - - [14/Jul/2025:12:52:07 -0400] "GET /ar/ HTTP/1.1" 404 23126 "https://dangroup.sa/ar/" "Mozilla/5.0 (Windows NT 10.0; Win64; x64) AppleWebKit/537.36 (KHTML, like Gecko) Chrome/130.0.0.0 Safari/537.36 CCleaner/130.0.0.0"
136.243.228.194 - - [14/Jul/2025:12:52:08 -0400] "GET /items/wyczj167/41303?key=photo HTTP/1.1" 404 23126 "-" "Mozilla/5.0 (compatible; DataForSeoBot/1.0; +https://dataforseo.com/dataforseo-bot)"
195.2.67.184 - - [14/Jul/2025:12:52:12 -0400] "GET /contact/ HTTP/1.1" 200 24196 "https://dangroup.sa/contact/" "Mozilla/5.0 (Windows NT 10.0; Win64; x64) AppleWebKit/537.36 (KHTML, like Gecko) Chrome/130.0.0.0 Safari/537.36 CCleaner/130.0.0.0"
136.243.228.194 - - [14/Jul/2025:12:52:14 -0400] "GET /28omt34683.html HTTP/1.1" 404 23126 "-" "Mozilla/5.0 (compatible; DataForSeoBot/1.0; +https://dataforseo.com/dataforseo-bot)"
66.29.146.47 - - [14/Jul/2025:12:52:22 -0400] "POST /wp-cron.php?doing_wp_cron=1752511941.4358289241790771484375 HTTP/1.1" 403 1242 "-" "WordPress/6.8; https://dangroup.sa"
136.243.228.194 - - [14/Jul/2025:12:52:20 -0400] "GET /97hulb22878.html HTTP/1.1" 404 23126 "-" "Mozilla/5.0 (compatible; DataForSeoBot/1.0; +https://dataforseo.com/dataforseo-bot)"
136.243.228.194 - - [14/Jul/2025:12:52:26 -0400] "GET /132wfk39939.html HTTP/1.1" 404 23126 "-" "Mozilla/5.0 (compatible; DataForSeoBot/1.0; +https://dataforseo.com/dataforseo-bot)"
