17.246.15.21 - - [12/Jul/2025:10:10:40 -0400] "GET /wp-content/plugins/animation-addons-for-elementor/assets/js/wcf-addons.min.js?ver=6.8 HTTP/1.1" 304 0 "https://dangroup.sa/portfolio/%d9%85%d8%ac%d9%85%d8%b9-%d8%a7%d8%b3%d9%88%d8%a9-2/" "Mozilla/5.0 (Macintosh; Intel Mac OS X 10_15_7) AppleWebKit/605.1.15 (KHTML, like Gecko) Version/17.4 Safari/605.1.15 (Applebot/0.1; +http://www.apple.com/go/applebot)"
17.246.19.95 - - [12/Jul/2025:10:10:41 -0400] "GET /wp-includes/js/dist/hooks.min.js?ver=4d63a3d491d11ffd8ac6 HTTP/1.1" 304 0 "https://dangroup.sa/portfolio/%d9%85%d8%ac%d9%85%d8%b9-%d8%a7%d8%b3%d9%88%d8%a9-2/" "Mozilla/5.0 (Macintosh; Intel Mac OS X 10_15_7) AppleWebKit/605.1.15 (KHTML, like Gecko) Version/17.4 Safari/605.1.15 (Applebot/0.1; +http://www.apple.com/go/applebot)"
17.246.19.9 - - [12/Jul/2025:10:10:41 -0400] "GET /wp-content/plugins/extension-for-animation-addons/assets/lib/ScrollSmoother.min.js?ver=6.8 HTTP/1.1" 304 0 "https://dangroup.sa/portfolio/%d9%85%d8%ac%d9%85%d8%b9-%d8%a7%d8%b3%d9%88%d8%a9-2/" "Mozilla/5.0 (Macintosh; Intel Mac OS X 10_15_7) AppleWebKit/605.1.15 (KHTML, like Gecko) Version/17.4 Safari/605.1.15 (Applebot/0.1; +http://www.apple.com/go/applebot)"
17.246.23.189 - - [12/Jul/2025:10:10:41 -0400] "GET /wp-includes/js/dist/i18n.min.js?ver=5e580eb46a90c2b997e6 HTTP/1.1" 304 0 "https://dangroup.sa/portfolio/%d9%85%d8%ac%d9%85%d8%b9-%d8%a7%d8%b3%d9%88%d8%a9-2/" "Mozilla/5.0 (Macintosh; Intel Mac OS X 10_15_7) AppleWebKit/605.1.15 (KHTML, like Gecko) Version/17.4 Safari/605.1.15 (Applebot/0.1; +http://www.apple.com/go/applebot)"
17.246.19.55 - - [12/Jul/2025:10:10:41 -0400] "GET /wp-content/plugins/extension-for-animation-addons/assets/lib/ScrollToPlugin.min.js?ver=6.8 HTTP/1.1" 304 0 "https://dangroup.sa/portfolio/%d9%85%d8%ac%d9%85%d8%b9-%d8%a7%d8%b3%d9%88%d8%a9-2/" "Mozilla/5.0 (Macintosh; Intel Mac OS X 10_15_7) AppleWebKit/605.1.15 (KHTML, like Gecko) Version/17.4 Safari/605.1.15 (Applebot/0.1; +http://www.apple.com/go/applebot)"
17.246.19.87 - - [12/Jul/2025:10:10:42 -0400] "GET /wp-content/plugins/contact-form-7/includes/js/index.js?ver=5.9.8 HTTP/1.1" 304 0 "https://dangroup.sa/portfolio/%d9%85%d8%ac%d9%85%d8%b9-%d8%a7%d8%b3%d9%88%d8%a9-2/" "Mozilla/5.0 (Macintosh; Intel Mac OS X 10_15_7) AppleWebKit/605.1.15 (KHTML, like Gecko) Version/17.4 Safari/605.1.15 (Applebot/0.1; +http://www.apple.com/go/applebot)"
47.82.60.52 - - [12/Jul/2025:10:10:29 -0400] "GET /144yixl21475.html HTTP/1.1" 404 23129 "https://dangroup.sa/144yixl21475.html" "Mozilla/5.0 (Windows NT 10.0; Win64; x64) AppleWebKit/537.36 (KHTML, like Gecko) Chrome/114.0.0.0 Safari/537.36 Edg/114.0.1823.43"
17.246.19.95 - - [12/Jul/2025:10:10:42 -0400] "GET /wp-content/plugins/extension-for-animation-addons/assets/lib/ScrollTrigger.min.js?ver=6.8 HTTP/1.1" 304 0 "https://dangroup.sa/portfolio/%d9%85%d8%ac%d9%85%d8%b9-%d8%a7%d8%b3%d9%88%d8%a9-2/" "Mozilla/5.0 (Macintosh; Intel Mac OS X 10_15_7) AppleWebKit/605.1.15 (KHTML, like Gecko) Version/17.4 Safari/605.1.15 (Applebot/0.1; +http://www.apple.com/go/applebot)"
17.246.15.55 - - [12/Jul/2025:10:10:42 -0400] "GET /wp-content/plugins/extension-for-animation-addons/assets/lib/gsap.min.js?ver=6.8 HTTP/1.1" 304 0 "https://dangroup.sa/portfolio/%d9%85%d8%ac%d9%85%d8%b9-%d8%a7%d8%b3%d9%88%d8%a9-2/" "Mozilla/5.0 (Macintosh; Intel Mac OS X 10_15_7) AppleWebKit/605.1.15 (KHTML, like Gecko) Version/17.4 Safari/605.1.15 (Applebot/0.1; +http://www.apple.com/go/applebot)"
17.246.19.9 - - [12/Jul/2025:10:10:42 -0400] "GET /wp-content/plugins/extension-for-animation-addons/assets/lib/SplitText.min.js?ver=6.8 HTTP/1.1" 304 0 "https://dangroup.sa/portfolio/%d9%85%d8%ac%d9%85%d8%b9-%d8%a7%d8%b3%d9%88%d8%a9-2/" "Mozilla/5.0 (Macintosh; Intel Mac OS X 10_15_7) AppleWebKit/605.1.15 (KHTML, like Gecko) Version/17.4 Safari/605.1.15 (Applebot/0.1; +http://www.apple.com/go/applebot)"
17.246.19.157 - - [12/Jul/2025:10:10:43 -0400] "GET /wp-content/plugins/extension-for-animation-addons/assets/lib/jquery.magnific-popup.min.js?ver=6.8 HTTP/1.1" 200 7046 "https://dangroup.sa/portfolio/%d9%85%d8%ac%d9%85%d8%b9-%d8%a7%d8%b3%d9%88%d8%a9-2/" "Mozilla/5.0 (Macintosh; Intel Mac OS X 10_15_7) AppleWebKit/605.1.15 (KHTML, like Gecko) Version/17.4 Safari/605.1.15 (Applebot/0.1; +http://www.apple.com/go/applebot)"
17.246.19.87 - - [12/Jul/2025:10:10:43 -0400] "GET /wp-content/plugins/extension-for-animation-addons/assets/js/wcf-addons-ex.js?ver=6.8 HTTP/1.1" 304 0 "https://dangroup.sa/portfolio/%d9%85%d8%ac%d9%85%d8%b9-%d8%a7%d8%b3%d9%88%d8%a9-2/" "Mozilla/5.0 (Macintosh; Intel Mac OS X 10_15_7) AppleWebKit/605.1.15 (KHTML, like Gecko) Version/17.4 Safari/605.1.15 (Applebot/0.1; +http://www.apple.com/go/applebot)"
17.246.15.83 - - [12/Jul/2025:10:10:43 -0400] "GET /wp-content/plugins/extension-for-animation-addons/assets/lib/mixitup.min.js?ver=6.8 HTTP/1.1" 200 20837 "https://dangroup.sa/portfolio/%d9%85%d8%ac%d9%85%d8%b9-%d8%a7%d8%b3%d9%88%d8%a9-2/" "Mozilla/5.0 (Macintosh; Intel Mac OS X 10_15_7) AppleWebKit/605.1.15 (KHTML, like Gecko) Version/17.4 Safari/605.1.15 (Applebot/0.1; +http://www.apple.com/go/applebot)"
17.246.19.103 - - [12/Jul/2025:10:10:43 -0400] "GET /wp-content/themes/arolax/assets/js/bootstrap.bundle.min.js?ver=2 HTTP/1.1" 304 0 "https://dangroup.sa/portfolio/%d9%85%d8%ac%d9%85%d8%b9-%d8%a7%d8%b3%d9%88%d8%a9-2/" "Mozilla/5.0 (Macintosh; Intel Mac OS X 10_15_7) AppleWebKit/605.1.15 (KHTML, like Gecko) Version/17.4 Safari/605.1.15 (Applebot/0.1; +http://www.apple.com/go/applebot)"
17.246.23.4 - - [12/Jul/2025:10:10:44 -0400] "GET /wp-content/plugins/wcf-addons-pro/assets/js/wcf-addons-pro.js?ver=6.8 HTTP/1.1" 304 0 "https://dangroup.sa/portfolio/%d9%85%d8%ac%d9%85%d8%b9-%d8%a7%d8%b3%d9%88%d8%a9-2/" "Mozilla/5.0 (Macintosh; Intel Mac OS X 10_15_7) AppleWebKit/605.1.15 (KHTML, like Gecko) Version/17.4 Safari/605.1.15 (Applebot/0.1; +http://www.apple.com/go/applebot)"
17.246.19.154 - - [12/Jul/2025:10:10:44 -0400] "GET /wp-content/themes/arolax/assets/js/jquery.meanmenu.min.js?ver=2 HTTP/1.1" 200 1385 "https://dangroup.sa/portfolio/%d9%85%d8%ac%d9%85%d8%b9-%d8%a7%d8%b3%d9%88%d8%a9-2/" "Mozilla/5.0 (Macintosh; Intel Mac OS X 10_15_7) AppleWebKit/605.1.15 (KHTML, like Gecko) Version/17.4 Safari/605.1.15 (Applebot/0.1; +http://www.apple.com/go/applebot)"
17.246.15.149 - - [12/Jul/2025:10:10:44 -0400] "GET /wp-content/themes/arolax/assets/js/script.js?ver=2 HTTP/1.1" 200 1639 "https://dangroup.sa/portfolio/%d9%85%d8%ac%d9%85%d8%b9-%d8%a7%d8%b3%d9%88%d8%a9-2/" "Mozilla/5.0 (Macintosh; Intel Mac OS X 10_15_7) AppleWebKit/605.1.15 (KHTML, like Gecko) Version/17.4 Safari/605.1.15 (Applebot/0.1; +http://www.apple.com/go/applebot)"
17.246.23.33 - - [12/Jul/2025:10:10:44 -0400] "GET /wp-content/plugins/google-site-kit/dist/assets/js/googlesitekit-consent-mode-8917f4bdb6ac659920cf.js HTTP/1.1" 304 0 "https://dangroup.sa/portfolio/%d9%85%d8%ac%d9%85%d8%b9-%d8%a7%d8%b3%d9%88%d8%a9-2/" "Mozilla/5.0 (Macintosh; Intel Mac OS X 10_15_7) AppleWebKit/605.1.15 (KHTML, like Gecko) Version/17.4 Safari/605.1.15 (Applebot/0.1; +http://www.apple.com/go/applebot)"
17.246.15.83 - - [12/Jul/2025:10:10:45 -0400] "GET /wp-content/plugins/chaty/js/cht-front-script.min.js?ver=3.4.21748763706 HTTP/1.1" 304 0 "https://dangroup.sa/portfolio/%d9%85%d8%ac%d9%85%d8%b9-%d8%a7%d8%b3%d9%88%d8%a9-2/" "Mozilla/5.0 (Macintosh; Intel Mac OS X 10_15_7) AppleWebKit/605.1.15 (KHTML, like Gecko) Version/17.4 Safari/605.1.15 (Applebot/0.1; +http://www.apple.com/go/applebot)"
17.246.19.92 - - [12/Jul/2025:10:10:45 -0400] "GET /wp-content/plugins/google-site-kit/dist/assets/js/googlesitekit-events-provider-contact-form-7-84e9a1056bc4922b7cbd.js HTTP/1.1" 304 0 "https://dangroup.sa/portfolio/%d9%85%d8%ac%d9%85%d8%b9-%d8%a7%d8%b3%d9%88%d8%a9-2/" "Mozilla/5.0 (Macintosh; Intel Mac OS X 10_15_7) AppleWebKit/605.1.15 (KHTML, like Gecko) Version/17.4 Safari/605.1.15 (Applebot/0.1; +http://www.apple.com/go/applebot)"
185.177.72.201 - - [12/Jul/2025:10:10:34 -0400] "GET /config/production.config.php HTTP/1.1" 404 23197 "-" "Mozilla/5.0 (Windows NT 10.0; Win64; x64) AppleWebKit/537.36 (KHTML, like Gecko) Chrome/91.0.4472.124 Safari/537.36"
17.246.23.4 - - [12/Jul/2025:10:10:45 -0400] "GET /wp-content/plugins/wp-consent-api/assets/js/wp-consent-api.min.js?ver=1.0.8 HTTP/1.1" 200 600 "https://dangroup.sa/portfolio/%d9%85%d8%ac%d9%85%d8%b9-%d8%a7%d8%b3%d9%88%d8%a9-2/" "Mozilla/5.0 (Macintosh; Intel Mac OS X 10_15_7) AppleWebKit/605.1.15 (KHTML, like Gecko) Version/17.4 Safari/605.1.15 (Applebot/0.1; +http://www.apple.com/go/applebot)"
17.246.15.55 - - [12/Jul/2025:10:10:46 -0400] "GET /wp-content/plugins/animation-addons-for-elementor/assets/js/widgets/nav-menu.min.js?ver=6.8 HTTP/1.1" 304 0 "https://dangroup.sa/portfolio/%d9%85%d8%ac%d9%85%d8%b9-%d8%a7%d8%b3%d9%88%d8%a9-2/" "Mozilla/5.0 (Macintosh; Intel Mac OS X 10_15_7) AppleWebKit/605.1.15 (KHTML, like Gecko) Version/17.4 Safari/605.1.15 (Applebot/0.1; +http://www.apple.com/go/applebot)"
17.246.19.154 - - [12/Jul/2025:10:10:46 -0400] "GET /wp-content/plugins/elementor-pro/assets/js/webpack-pro.runtime.min.js?ver=3.29.1 HTTP/1.1" 200 2618 "https://dangroup.sa/portfolio/%d9%85%d8%ac%d9%85%d8%b9-%d8%a7%d8%b3%d9%88%d8%a9-2/" "Mozilla/5.0 (Macintosh; Intel Mac OS X 10_15_7) AppleWebKit/605.1.15 (KHTML, like Gecko) Version/17.4 Safari/605.1.15 (Applebot/0.1; +http://www.apple.com/go/applebot)"
17.246.23.194 - - [12/Jul/2025:10:10:47 -0400] "GET /wp-content/plugins/elementor/assets/js/webpack.runtime.min.js?ver=3.28.4 HTTP/1.1" 304 0 "https://dangroup.sa/portfolio/%d9%85%d8%ac%d9%85%d8%b9-%d8%a7%d8%b3%d9%88%d8%a9-2/" "Mozilla/5.0 (Macintosh; Intel Mac OS X 10_15_7) AppleWebKit/605.1.15 (KHTML, like Gecko) Version/17.4 Safari/605.1.15 (Applebot/0.1; +http://www.apple.com/go/applebot)"
17.246.15.83 - - [12/Jul/2025:10:10:47 -0400] "GET /wp-content/plugins/elementor/assets/js/frontend-modules.min.js?ver=3.28.4 HTTP/1.1" 200 14421 "https://dangroup.sa/portfolio/%d9%85%d8%ac%d9%85%d8%b9-%d8%a7%d8%b3%d9%88%d8%a9-2/" "Mozilla/5.0 (Macintosh; Intel Mac OS X 10_15_7) AppleWebKit/605.1.15 (KHTML, like Gecko) Version/17.4 Safari/605.1.15 (Applebot/0.1; +http://www.apple.com/go/applebot)"
17.246.19.92 - - [12/Jul/2025:10:10:48 -0400] "GET /wp-content/plugins/elementor-pro/assets/js/frontend.min.js?ver=3.29.1 HTTP/1.1" 200 6279 "https://dangroup.sa/portfolio/%d9%85%d8%ac%d9%85%d8%b9-%d8%a7%d8%b3%d9%88%d8%a9-2/" "Mozilla/5.0 (Macintosh; Intel Mac OS X 10_15_7) AppleWebKit/605.1.15 (KHTML, like Gecko) Version/17.4 Safari/605.1.15 (Applebot/0.1; +http://www.apple.com/go/applebot)"
17.246.15.174 - - [12/Jul/2025:10:10:48 -0400] "GET /wp-includes/js/jquery/ui/core.min.js?ver=1.13.3 HTTP/1.1" 304 0 "https://dangroup.sa/portfolio/%d9%85%d8%ac%d9%85%d8%b9-%d8%a7%d8%b3%d9%88%d8%a9-2/" "Mozilla/5.0 (Macintosh; Intel Mac OS X 10_15_7) AppleWebKit/605.1.15 (KHTML, like Gecko) Version/17.4 Safari/605.1.15 (Applebot/0.1; +http://www.apple.com/go/applebot)"
17.246.15.55 - - [12/Jul/2025:10:10:49 -0400] "GET /wp-content/plugins/elementor/assets/js/frontend.min.js?ver=3.28.4 HTTP/1.1" 200 13099 "https://dangroup.sa/portfolio/%d9%85%d8%ac%d9%85%d8%b9-%d8%a7%d8%b3%d9%88%d8%a9-2/" "Mozilla/5.0 (Macintosh; Intel Mac OS X 10_15_7) AppleWebKit/605.1.15 (KHTML, like Gecko) Version/17.4 Safari/605.1.15 (Applebot/0.1; +http://www.apple.com/go/applebot)"
136.243.228.194 - - [12/Jul/2025:10:10:40 -0400] "GET /48toa42961.html HTTP/1.1" 404 23129 "-" "Mozilla/5.0 (compatible; DataForSeoBot/1.0; +https://dataforseo.com/dataforseo-bot)"
17.246.19.154 - - [12/Jul/2025:10:10:54 -0400] "GET /wp-content/plugins/elementor-pro/assets/js/elements-handlers.min.js?ver=3.29.1 HTTP/1.1" 304 0 "https://dangroup.sa/portfolio/%d9%85%d8%ac%d9%85%d8%b9-%d8%a7%d8%b3%d9%88%d8%a9-2/" "Mozilla/5.0 (Macintosh; Intel Mac OS X 10_15_7) AppleWebKit/605.1.15 (KHTML, like Gecko) Version/17.4 Safari/605.1.15 (Applebot/0.1; +http://www.apple.com/go/applebot)"
185.177.72.201 - - [12/Jul/2025:10:10:46 -0400] "GET /config/production.js HTTP/1.1" 404 23127 "-" "Mozilla/5.0 (Windows NT 10.0; Win64; x64) AppleWebKit/537.36 (KHTML, like Gecko) Chrome/91.0.4472.124 Safari/537.36"
17.246.23.243 - - [12/Jul/2025:10:10:58 -0400] "GET /wp-content/plugins/elementor/assets/js/text-editor.c084ef86600b6f11690d.bundle.min.js HTTP/1.1" 304 0 "https://dangroup.sa/portfolio/%d9%85%d8%ac%d9%85%d8%b9-%d8%a7%d8%b3%d9%88%d8%a9-2/" "Mozilla/5.0 (Macintosh; Intel Mac OS X 10_15_7) AppleWebKit/605.1.15 (KHTML, like Gecko) Version/17.4 Safari/605.1.15 (Applebot/0.1; +http://www.apple.com/go/applebot)"
66.29.146.47 - - [12/Jul/2025:10:10:59 -0400] "POST /wp-cron.php?doing_wp_cron=1752329459.4480850696563720703125 HTTP/1.1" 403 1242 "-" "WordPress/6.8; https://dangroup.sa"
136.243.228.194 - - [12/Jul/2025:10:10:53 -0400] "GET /items/pxdtm162/48630?key=bureau HTTP/1.1" 404 23129 "-" "Mozilla/5.0 (compatible; DataForSeoBot/1.0; +https://dataforseo.com/dataforseo-bot)"
185.177.72.201 - - [12/Jul/2025:10:10:57 -0400] "GET /config/production.json HTTP/1.1" 404 23127 "-" "Mozilla/5.0 (Windows NT 10.0; Win64; x64) AppleWebKit/537.36 (KHTML, like Gecko) Chrome/91.0.4472.124 Safari/537.36"
136.243.228.194 - - [12/Jul/2025:10:11:03 -0400] "GET /277kszhb82.html HTTP/1.1" 404 23127 "-" "Mozilla/5.0 (compatible; DataForSeoBot/1.0; +https://dataforseo.com/dataforseo-bot)"
74.125.150.129 - - [12/Jul/2025:10:11:13 -0400] "GET /items/jdeyz266/17286 HTTP/1.1" 200 17 "-" "Mozilla/5.0 (Linux; Android 6.0.1; Nexus 5X Build/MMB29P) AppleWebKit/537.36 (KHTML, like Gecko) Chrome/137.0.7151.103 Mobile Safari/537.36 (compatible; AdsBot-Google-Mobile; +http://www.google.com/mobile/adsbot.html)"
185.177.72.201 - - [12/Jul/2025:10:11:08 -0400] "GET /config/production.py HTTP/1.1" 404 23127 "-" "Mozilla/5.0 (Windows NT 10.0; Win64; x64) AppleWebKit/537.36 (KHTML, like Gecko) Chrome/91.0.4472.124 Safari/537.36"
136.243.228.194 - - [12/Jul/2025:10:11:15 -0400] "GET /250zbm31955.html HTTP/1.1" 404 23127 "-" "Mozilla/5.0 (compatible; DataForSeoBot/1.0; +https://dataforseo.com/dataforseo-bot)"
136.243.228.194 - - [12/Jul/2025:10:11:19 -0400] "GET /229itft31604.html HTTP/1.1" 404 23127 "-" "Mozilla/5.0 (compatible; DataForSeoBot/1.0; +https://dataforseo.com/dataforseo-bot)"
66.249.68.129 - - [12/Jul/2025:10:11:22 -0400] "GET /59cwi46970.html HTTP/1.1" 200 87464 "-" "Mozilla/5.0 (Linux; Android 6.0.1; Nexus 5X Build/MMB29P) AppleWebKit/537.36 (KHTML, like Gecko) Chrome/137.0.7151.103 Mobile Safari/537.36 (compatible; Googlebot/2.1; +http://www.google.com/bot.html)"
66.249.68.129 - - [12/Jul/2025:10:11:24 -0400] "GET /5jpo33666.html HTTP/1.1" 200 87498 "-" "Mozilla/5.0 (Linux; Android 6.0.1; Nexus 5X Build/MMB29P) AppleWebKit/537.36 (KHTML, like Gecko) Chrome/137.0.7151.103 Mobile Safari/537.36 (compatible; GoogleOther)"
185.177.72.201 - - [12/Jul/2025:10:11:22 -0400] "GET /config/puma.rb HTTP/1.1" 404 23127 "-" "Mozilla/5.0 (Windows NT 10.0; Win64; x64) AppleWebKit/537.36 (KHTML, like Gecko) Chrome/91.0.4472.124 Safari/537.36"
136.243.228.194 - - [12/Jul/2025:10:11:23 -0400] "GET /items/nnlrr250/38882?key=Bible HTTP/1.1" 404 23127 "-" "Mozilla/5.0 (compatible; DataForSeoBot/1.0; +https://dataforseo.com/dataforseo-bot)"
185.177.72.201 - - [12/Jul/2025:10:11:28 -0400] "GET /config/queue.php HTTP/1.1" 404 23129 "-" "Mozilla/5.0 (Windows NT 10.0; Win64; x64) AppleWebKit/537.36 (KHTML, like Gecko) Chrome/91.0.4472.124 Safari/537.36"
47.82.60.60 - - [12/Jul/2025:10:11:37 -0400] "GET /pcmypage?callback=/product/detail/irst23-trusco-1164120 HTTP/1.1" 301 0 "https://www.dangroup.sa/pcmypage?callback=/product%2Fdetail%2First23-trusco-1164120" "Mozilla/5.0 (Windows NT 10.0; Win64; x64) AppleWebKit/537.36 (KHTML, like Gecko) Chrome/114.0.0.0 Safari/537.36 Edg/114.0.1823.43"
47.82.60.50 - - [12/Jul/2025:10:11:32 -0400] "GET /items/ekiuy187/21539?key=substantial HTTP/1.1" 404 23127 "https://dangroup.sa/items/ekiuy187/21539?key=substantial" "Mozilla/5.0 (Windows NT 10.0; Win64; x64) AppleWebKit/537.36 (KHTML, like Gecko) Chrome/114.0.0.0 Safari/537.36 Edg/114.0.1823.43"
136.243.228.194 - - [12/Jul/2025:10:11:35 -0400] "GET /items/irzco29/7463?key=coalition HTTP/1.1" 404 23129 "-" "Mozilla/5.0 (compatible; DataForSeoBot/1.0; +https://dataforseo.com/dataforseo-bot)"
185.177.72.201 - - [12/Jul/2025:10:11:40 -0400] "GET /config/requirements.php HTTP/1.1" 404 23129 "-" "Mozilla/5.0 (Windows NT 10.0; Win64; x64) AppleWebKit/537.36 (KHTML, like Gecko) Chrome/91.0.4472.124 Safari/537.36"
47.82.60.60 - - [12/Jul/2025:10:11:41 -0400] "GET /pcmypage?callback=/product/detail/irst23-trusco-1164120 HTTP/1.1" 404 23195 "https://www.dangroup.sa/pcmypage?callback=/product%2Fdetail%2First23-trusco-1164120" "Mozilla/5.0 (Windows NT 10.0; Win64; x64) AppleWebKit/537.36 (KHTML, like Gecko) Chrome/114.0.0.0 Safari/537.36 Edg/114.0.1823.43"
47.82.60.72 - - [12/Jul/2025:10:11:53 -0400] "GET /pcmypage?callback=product/review/q-uoli-qr9262230170 HTTP/1.1" 301 0 "https://www.dangroup.sa/pcmypage?callback=product/review/q-uoli-qr9262230170" "Mozilla/5.0 (Windows NT 10.0; Win64; x64) AppleWebKit/537.36 (KHTML, like Gecko) Chrome/114.0.0.0 Safari/537.36 Edg/114.0.1823.43"
66.29.146.47 - - [12/Jul/2025:10:12:00 -0400] "POST /wp-cron.php?doing_wp_cron=1752329519.7461919784545898437500 HTTP/1.1" 403 1242 "-" "WordPress/6.8; https://dangroup.sa"
136.243.228.194 - - [12/Jul/2025:10:11:51 -0400] "GET /188hmi26853.html HTTP/1.1" 404 23129 "-" "Mozilla/5.0 (compatible; DataForSeoBot/1.0; +https://dataforseo.com/dataforseo-bot)"
185.177.72.201 - - [12/Jul/2025:10:11:53 -0400] "GET /config/role.yaml HTTP/1.1" 404 23129 "-" "Mozilla/5.0 (Windows NT 10.0; Win64; x64) AppleWebKit/537.36 (KHTML, like Gecko) Chrome/91.0.4472.124 Safari/537.36"
47.82.60.72 - - [12/Jul/2025:10:11:56 -0400] "GET /pcmypage?callback=product/review/q-uoli-qr9262230170 HTTP/1.1" 404 23129 "https://www.dangroup.sa/pcmypage?callback=product/review/q-uoli-qr9262230170" "Mozilla/5.0 (Windows NT 10.0; Win64; x64) AppleWebKit/537.36 (KHTML, like Gecko) Chrome/114.0.0.0 Safari/537.36 Edg/114.0.1823.43"
47.82.60.71 - - [12/Jul/2025:10:11:57 -0400] "GET /276axvi1479.html HTTP/1.1" 404 23199 "https://dangroup.sa/276axvi1479.html" "Mozilla/5.0 (Windows NT 10.0; Win64; x64) AppleWebKit/537.36 (KHTML, like Gecko) Chrome/114.0.0.0 Safari/537.36 Edg/114.0.1823.43"
47.82.60.51 - - [12/Jul/2025:10:12:02 -0400] "GET /items/kcwoe115/49785?key=landing HTTP/1.1" 404 23129 "https://dangroup.sa/items/kcwoe115/49785?key=landing" "Mozilla/5.0 (Windows NT 10.0; Win64; x64) AppleWebKit/537.36 (KHTML, like Gecko) Chrome/114.0.0.0 Safari/537.36 Edg/114.0.1823.43"
185.177.72.201 - - [12/Jul/2025:10:12:05 -0400] "GET /config/rolebinding.yaml HTTP/1.1" 404 23127 "-" "Mozilla/5.0 (Windows NT 10.0; Win64; x64) AppleWebKit/537.36 (KHTML, like Gecko) Chrome/91.0.4472.124 Safari/537.36"
136.243.228.194 - - [12/Jul/2025:10:12:04 -0400] "GET /items/qizyh224/180?key=drawer HTTP/1.1" 404 23127 "-" "Mozilla/5.0 (compatible; DataForSeoBot/1.0; +https://dataforseo.com/dataforseo-bot)"
185.177.72.201 - - [12/Jul/2025:10:12:21 -0400] "GET /config/routes.js HTTP/1.1" 404 23129 "-" "Mozilla/5.0 (Windows NT 10.0; Win64; x64) AppleWebKit/537.36 (KHTML, like Gecko) Chrome/91.0.4472.124 Safari/537.36"
136.243.228.194 - - [12/Jul/2025:10:12:22 -0400] "GET /items/sqolv259/12089?key=maintain HTTP/1.1" 404 23127 "-" "Mozilla/5.0 (compatible; DataForSeoBot/1.0; +https://dataforseo.com/dataforseo-bot)"
185.177.72.201 - - [12/Jul/2025:10:12:28 -0400] "GET /config/routes.php HTTP/1.1" 404 23129 "-" "Mozilla/5.0 (Windows NT 10.0; Win64; x64) AppleWebKit/537.36 (KHTML, like Gecko) Chrome/91.0.4472.124 Safari/537.36"
185.177.72.201 - - [12/Jul/2025:10:12:33 -0400] "GET /config/routes.rb HTTP/1.1" 404 23127 "-" "Mozilla/5.0 (Windows NT 10.0; Win64; x64) AppleWebKit/537.36 (KHTML, like Gecko) Chrome/91.0.4472.124 Safari/537.36"
136.243.228.194 - - [12/Jul/2025:10:12:31 -0400] "GET /221whc44346.html HTTP/1.1" 404 23127 "-" "Mozilla/5.0 (compatible; DataForSeoBot/1.0; +https://dataforseo.com/dataforseo-bot)"
185.177.72.201 - - [12/Jul/2025:10:12:40 -0400] "GET /config/routes.yaml HTTP/1.1" 404 23129 "-" "Mozilla/5.0 (Windows NT 10.0; Win64; x64) AppleWebKit/537.36 (KHTML, like Gecko) Chrome/91.0.4472.124 Safari/537.36"
136.243.228.194 - - [12/Jul/2025:10:12:43 -0400] "GET /149ogwp606.html HTTP/1.1" 404 23127 "-" "Mozilla/5.0 (compatible; DataForSeoBot/1.0; +https://dataforseo.com/dataforseo-bot)"
185.177.72.201 - - [12/Jul/2025:10:12:50 -0400] "GET /config/routes/dev/twig.yaml HTTP/1.1" 404 23127 "-" "Mozilla/5.0 (Windows NT 10.0; Win64; x64) AppleWebKit/537.36 (KHTML, like Gecko) Chrome/91.0.4472.124 Safari/537.36"
47.82.60.72 - - [12/Jul/2025:10:12:49 -0400] "GET /items/vqiel194/11636?key=hell HTTP/1.1" 404 23127 "https://dangroup.sa/items/vqiel194/11636?key=hell" "Mozilla/5.0 (Windows NT 10.0; Win64; x64) AppleWebKit/537.36 (KHTML, like Gecko) Chrome/114.0.0.0 Safari/537.36 Edg/114.0.1823.43"
136.243.228.194 - - [12/Jul/2025:10:12:52 -0400] "GET /92nfp41453.html HTTP/1.1" 404 23129 "-" "Mozilla/5.0 (compatible; DataForSeoBot/1.0; +https://dataforseo.com/dataforseo-bot)"
185.177.72.201 - - [12/Jul/2025:10:12:54 -0400] "GET /config/secret.yaml HTTP/1.1" 404 23127 "-" "Mozilla/5.0 (Windows NT 10.0; Win64; x64) AppleWebKit/537.36 (KHTML, like Gecko) Chrome/91.0.4472.124 Safari/537.36"
66.29.146.47 - - [12/Jul/2025:10:13:07 -0400] "POST /wp-cron.php?doing_wp_cron=1752329586.6450679302215576171875 HTTP/1.1" 403 1242 "-" "WordPress/6.8; https://dangroup.sa"
66.29.146.47 - - [12/Jul/2025:10:13:09 -0400] "POST /wp-cron.php?doing_wp_cron=1752329588.9522190093994140625000 HTTP/1.1" 403 1242 "-" "WordPress/6.8; https://dangroup.sa"
47.82.60.53 - - [12/Jul/2025:10:13:15 -0400] "GET /pcmypage?callback=product/review/partsjapan-ymt-112956 HTTP/1.1" 301 0 "https://www.dangroup.sa/pcmypage?callback=product/review/partsjapan-ymt-112956" "Mozilla/5.0 (Windows NT 10.0; Win64; x64) AppleWebKit/537.36 (KHTML, like Gecko) Chrome/114.0.0.0 Safari/537.36 Edg/114.0.1823.43"
136.243.228.194 - - [12/Jul/2025:10:13:03 -0400] "GET /35rypz49522.html HTTP/1.1" 404 23309 "-" "Mozilla/5.0 (compatible; DataForSeoBot/1.0; +https://dataforseo.com/dataforseo-bot)"
185.177.72.201 - - [12/Jul/2025:10:13:06 -0400] "GET /config/secrets.js HTTP/1.1" 404 23129 "-" "Mozilla/5.0 (Windows NT 10.0; Win64; x64) AppleWebKit/537.36 (KHTML, like Gecko) Chrome/91.0.4472.124 Safari/537.36"
47.82.60.48 - - [12/Jul/2025:10:13:12 -0400] "GET /109hzuwg27376.html HTTP/1.1" 404 23127 "https://dangroup.sa/109hzuwg27376.html" "Mozilla/5.0 (Windows NT 10.0; Win64; x64) AppleWebKit/537.36 (KHTML, like Gecko) Chrome/114.0.0.0 Safari/537.36 Edg/114.0.1823.43"
47.82.60.41 - - [12/Jul/2025:10:13:33 -0400] "GET /items/pabln294/31266?key=agriculture HTTP/1.1" 301 0 "https://www.dangroup.sa/items/pabln294/31266?key=agriculture" "Mozilla/5.0 (Windows NT 10.0; Win64; x64) AppleWebKit/537.36 (KHTML, like Gecko) Chrome/114.0.0.0 Safari/537.36 Edg/114.0.1823.43"
47.82.60.63 - - [12/Jul/2025:10:13:21 -0400] "GET /pcmypage?callback=product/detail/sakan8man-trus-8366810 HTTP/1.1" 404 23127 "https://dangroup.sa/pcmypage?callback=product%2Fdetail%2Fsakan8man-trus-8366810" "Mozilla/5.0 (Windows NT 10.0; Win64; x64) AppleWebKit/537.36 (KHTML, like Gecko) Chrome/114.0.0.0 Safari/537.36 Edg/114.0.1823.43"
47.82.60.53 - - [12/Jul/2025:10:13:21 -0400] "GET /pcmypage?callback=product/review/partsjapan-ymt-112956 HTTP/1.1" 404 23129 "https://www.dangroup.sa/pcmypage?callback=product/review/partsjapan-ymt-112956" "Mozilla/5.0 (Windows NT 10.0; Win64; x64) AppleWebKit/537.36 (KHTML, like Gecko) Chrome/114.0.0.0 Safari/537.36 Edg/114.0.1823.43"
185.177.72.201 - - [12/Jul/2025:10:13:23 -0400] "GET /config/secrets.json HTTP/1.1" 404 23127 "-" "Mozilla/5.0 (Windows NT 10.0; Win64; x64) AppleWebKit/537.36 (KHTML, like Gecko) Chrome/91.0.4472.124 Safari/537.36"
136.243.228.194 - - [12/Jul/2025:10:13:24 -0400] "GET /items/oinxx107/38061?key=direct HTTP/1.1" 404 23127 "-" "Mozilla/5.0 (compatible; DataForSeoBot/1.0; +https://dataforseo.com/dataforseo-bot)"
47.82.60.41 - - [12/Jul/2025:10:13:37 -0400] "GET /items/pabln294/31266?key=agriculture HTTP/1.1" 404 23127 "https://www.dangroup.sa/items/pabln294/31266?key=agriculture" "Mozilla/5.0 (Windows NT 10.0; Win64; x64) AppleWebKit/537.36 (KHTML, like Gecko) Chrome/114.0.0.0 Safari/537.36 Edg/114.0.1823.43"
185.177.72.201 - - [12/Jul/2025:10:13:39 -0400] "GET /config/secrets.py HTTP/1.1" 404 23127 "-" "Mozilla/5.0 (Windows NT 10.0; Win64; x64) AppleWebKit/537.36 (KHTML, like Gecko) Chrome/91.0.4472.124 Safari/537.36"
69.197.135.226 - - [12/Jul/2025:10:13:45 -0400] "GET /wp-content/install.php HTTP/1.1" 200 10 "https://dangroup.sa/wp-content/install.php" "Mozilla/5.0 (Windows NT 10.0; Win64; x64) AppleWebKit/537.36 (KHTML, like Gecko) Chrome/58.0.3029.110 Safari/537.3"
136.243.228.194 - - [12/Jul/2025:10:13:40 -0400] "GET /items/hwhpm234/33980?key=boot HTTP/1.1" 404 23127 "-" "Mozilla/5.0 (compatible; DataForSeoBot/1.0; +https://dataforseo.com/dataforseo-bot)"
185.177.72.201 - - [12/Jul/2025:10:13:44 -0400] "GET /config/secrets.yml HTTP/1.1" 404 23127 "-" "Mozilla/5.0 (Windows NT 10.0; Win64; x64) AppleWebKit/537.36 (KHTML, like Gecko) Chrome/91.0.4472.124 Safari/537.36"
136.243.228.194 - - [12/Jul/2025:10:13:48 -0400] "GET /246xkjd40065.html HTTP/1.1" 404 23127 "-" "Mozilla/5.0 (compatible; DataForSeoBot/1.0; +https://dataforseo.com/dataforseo-bot)"
47.82.60.50 - - [12/Jul/2025:10:13:46 -0400] "GET /items/mnpag20/48010?key=supplier HTTP/1.1" 404 23127 "https://dangroup.sa/items/mnpag20/48010?key=supplier" "Mozilla/5.0 (Windows NT 10.0; Win64; x64) AppleWebKit/537.36 (KHTML, like Gecko) Chrome/114.0.0.0 Safari/537.36 Edg/114.0.1823.43"
185.177.72.201 - - [12/Jul/2025:10:13:51 -0400] "GET /config/secrets/dev/sendgrid_keys.json HTTP/1.1" 404 23127 "-" "Mozilla/5.0 (Windows NT 10.0; Win64; x64) AppleWebKit/537.36 (KHTML, like Gecko) Chrome/91.0.4472.124 Safari/537.36"
47.82.60.50 - - [12/Jul/2025:10:13:53 -0400] "GET /items/acsap290/13834?key=suppose HTTP/1.1" 200 0 "https://dangroup.sa/items/acsap290/13834?key=suppose" "Mozilla/5.0 (Windows NT 10.0; Win64; x64) AppleWebKit/537.36 (KHTML, like Gecko) Chrome/114.0.0.0 Safari/537.36 Edg/114.0.1823.43"
47.82.60.74 - - [12/Jul/2025:10:14:02 -0400] "GET /items/zptcz76/15770?key=rose HTTP/1.1" 200 0 "https://dangroup.sa/items/zptcz76/15770?key=rose" "Mozilla/5.0 (Windows NT 10.0; Win64; x64) AppleWebKit/537.36 (KHTML, like Gecko) Chrome/114.0.0.0 Safari/537.36 Edg/114.0.1823.43"
136.243.228.194 - - [12/Jul/2025:10:13:57 -0400] "GET /items/nnybi145/54077?key=instantly HTTP/1.1" 404 23127 "-" "Mozilla/5.0 (compatible; DataForSeoBot/1.0; +https://dataforseo.com/dataforseo-bot)"
66.249.79.138 - - [12/Jul/2025:10:14:09 -0400] "GET /robots.txt HTTP/1.1" 304 0 "-" "Mozilla/5.0 (compatible; Googlebot/2.1; +http://www.google.com/bot.html)"
66.249.79.137 - - [12/Jul/2025:10:14:10 -0400] "GET /70kot117.html HTTP/1.1" 200 87262 "-" "Mozilla/5.0 (Linux; Android 6.0.1; Nexus 5X Build/MMB29P) AppleWebKit/537.36 (KHTML, like Gecko) Chrome/137.0.7151.103 Mobile Safari/537.36 (compatible; Googlebot/2.1; +http://www.google.com/bot.html)"
66.249.68.129 - - [12/Jul/2025:10:14:11 -0400] "GET /187zxkge12216.html HTTP/1.1" 200 86288 "-" "Mozilla/5.0 (Linux; Android 6.0.1; Nexus 5X Build/MMB29P) AppleWebKit/537.36 (KHTML, like Gecko) Chrome/137.0.7151.103 Mobile Safari/537.36 (compatible; Googlebot/2.1; +http://www.google.com/bot.html)"
185.177.72.201 - - [12/Jul/2025:10:13:58 -0400] "GET /config/secrets/prod/sendgrid_keys.json HTTP/1.1" 404 23129 "-" "Mozilla/5.0 (Windows NT 10.0; Win64; x64) AppleWebKit/537.36 (KHTML, like Gecko) Chrome/91.0.4472.124 Safari/537.36"
66.29.146.47 - - [12/Jul/2025:10:14:13 -0400] "POST /wp-cron.php?doing_wp_cron=1752329653.4481880664825439453125 HTTP/1.1" 403 1242 "-" "WordPress/6.8; https://dangroup.sa"
136.243.228.194 - - [12/Jul/2025:10:14:11 -0400] "GET /items/ovhqj196/12298?key=container HTTP/1.1" 404 23127 "-" "Mozilla/5.0 (compatible; DataForSeoBot/1.0; +https://dataforseo.com/dataforseo-bot)"
185.177.72.201 - - [12/Jul/2025:10:14:13 -0400] "GET /config/security.config.php HTTP/1.1" 404 23129 "-" "Mozilla/5.0 (Windows NT 10.0; Win64; x64) AppleWebKit/537.36 (KHTML, like Gecko) Chrome/91.0.4472.124 Safari/537.36"
185.177.72.201 - - [12/Jul/2025:10:14:23 -0400] "GET /config/sendgrid.js HTTP/1.1" 404 23129 "-" "Mozilla/5.0 (Windows NT 10.0; Win64; x64) AppleWebKit/537.36 (KHTML, like Gecko) Chrome/91.0.4472.124 Safari/537.36"
136.243.228.194 - - [12/Jul/2025:10:14:24 -0400] "GET /items/jmvoh20/21652?key=numerous HTTP/1.1" 404 23129 "-" "Mozilla/5.0 (compatible; DataForSeoBot/1.0; +https://dataforseo.com/dataforseo-bot)"
185.177.72.201 - - [12/Jul/2025:10:14:31 -0400] "GET /config/sendgrid.json HTTP/1.1" 404 23129 "-" "Mozilla/5.0 (Windows NT 10.0; Win64; x64) AppleWebKit/537.36 (KHTML, like Gecko) Chrome/91.0.4472.124 Safari/537.36"
136.243.228.194 - - [12/Jul/2025:10:14:33 -0400] "GET /27mxdai25320.html HTTP/1.1" 404 23129 "-" "Mozilla/5.0 (compatible; DataForSeoBot/1.0; +https://dataforseo.com/dataforseo-bot)"
136.243.228.194 - - [12/Jul/2025:10:14:39 -0400] "GET /19huzos4282.html HTTP/1.1" 404 23129 "-" "Mozilla/5.0 (compatible; DataForSeoBot/1.0; +https://dataforseo.com/dataforseo-bot)"
185.177.72.201 - - [12/Jul/2025:10:14:43 -0400] "GET /config/sendgrid.php HTTP/1.1" 404 23129 "-" "Mozilla/5.0 (Windows NT 10.0; Win64; x64) AppleWebKit/537.36 (KHTML, like Gecko) Chrome/91.0.4472.124 Safari/537.36"
136.243.228.194 - - [12/Jul/2025:10:14:48 -0400] "GET /items/mjilo15/23031?key=beef HTTP/1.1" 404 23127 "-" "Mozilla/5.0 (compatible; DataForSeoBot/1.0; +https://dataforseo.com/dataforseo-bot)"
185.177.72.201 - - [12/Jul/2025:10:14:53 -0400] "GET /config/sendgrid.py HTTP/1.1" 404 23129 "-" "Mozilla/5.0 (Windows NT 10.0; Win64; x64) AppleWebKit/537.36 (KHTML, like Gecko) Chrome/91.0.4472.124 Safari/537.36"
136.243.228.194 - - [12/Jul/2025:10:15:00 -0400] "GET /items/owdyl128/8594?key=naval HTTP/1.1" 404 23127 "-" "Mozilla/5.0 (compatible; DataForSeoBot/1.0; +https://dataforseo.com/dataforseo-bot)"
185.177.72.201 - - [12/Jul/2025:10:15:08 -0400] "GET /config/sendgrid_config.json HTTP/1.1" 404 23127 "-" "Mozilla/5.0 (Windows NT 10.0; Win64; x64) AppleWebKit/537.36 (KHTML, like Gecko) Chrome/91.0.4472.124 Safari/537.36"
136.243.228.194 - - [12/Jul/2025:10:15:12 -0400] "GET /items/xtwyy21/41011?key=save HTTP/1.1" 404 23127 "-" "Mozilla/5.0 (compatible; DataForSeoBot/1.0; +https://dataforseo.com/dataforseo-bot)"
185.177.72.201 - - [12/Jul/2025:10:15:16 -0400] "GET /config/sendgrid_keys.json HTTP/1.1" 404 23127 "-" "Mozilla/5.0 (Windows NT 10.0; Win64; x64) AppleWebKit/537.36 (KHTML, like Gecko) Chrome/91.0.4472.124 Safari/537.36"
136.243.228.194 - - [12/Jul/2025:10:15:22 -0400] "GET /47rmyw25148.html HTTP/1.1" 404 23129 "-" "Mozilla/5.0 (compatible; DataForSeoBot/1.0; +https://dataforseo.com/dataforseo-bot)"
185.177.72.201 - - [12/Jul/2025:10:15:24 -0400] "GET /config/sendinblue.php HTTP/1.1" 404 23129 "-" "Mozilla/5.0 (Windows NT 10.0; Win64; x64) AppleWebKit/537.36 (KHTML, like Gecko) Chrome/91.0.4472.124 Safari/537.36"
136.243.228.194 - - [12/Jul/2025:10:15:35 -0400] "GET /191tnfs5404.html HTTP/1.1" 404 23127 "-" "Mozilla/5.0 (compatible; DataForSeoBot/1.0; +https://dataforseo.com/dataforseo-bot)"
185.177.72.201 - - [12/Jul/2025:10:15:36 -0400] "GET /config/service.yaml HTTP/1.1" 404 23127 "-" "Mozilla/5.0 (Windows NT 10.0; Win64; x64) AppleWebKit/537.36 (KHTML, like Gecko) Chrome/91.0.4472.124 Safari/537.36"
136.243.228.194 - - [12/Jul/2025:10:15:47 -0400] "GET /items/bgehf69/11661?key=window HTTP/1.1" 404 23127 "-" "Mozilla/5.0 (compatible; DataForSeoBot/1.0; +https://dataforseo.com/dataforseo-bot)"
66.249.68.132 - - [12/Jul/2025:10:15:58 -0400] "GET /14tmxd23871.html HTTP/1.1" 200 86877 "-" "Mozilla/5.0 (Linux; Android 6.0.1; Nexus 5X Build/MMB29P) AppleWebKit/537.36 (KHTML, like Gecko) Chrome/137.0.7151.103 Mobile Safari/537.36 (compatible; Googlebot/2.1; +http://www.google.com/bot.html)"
185.177.72.201 - - [12/Jul/2025:10:15:51 -0400] "GET /config/services.php HTTP/1.1" 404 23127 "-" "Mozilla/5.0 (Windows NT 10.0; Win64; x64) AppleWebKit/537.36 (KHTML, like Gecko) Chrome/91.0.4472.124 Safari/537.36"
136.243.228.194 - - [12/Jul/2025:10:15:55 -0400] "GET /91yii47444.html HTTP/1.1" 404 23127 "-" "Mozilla/5.0 (compatible; DataForSeoBot/1.0; +https://dataforseo.com/dataforseo-bot)"
185.177.72.201 - - [12/Jul/2025:10:16:01 -0400] "GET /config/services.yaml HTTP/1.1" 404 23127 "-" "Mozilla/5.0 (Windows NT 10.0; Win64; x64) AppleWebKit/537.36 (KHTML, like Gecko) Chrome/91.0.4472.124 Safari/537.36"
136.243.228.194 - - [12/Jul/2025:10:16:05 -0400] "GET /items/xyewq282/44906?key=loose HTTP/1.1" 404 23127 "-" "Mozilla/5.0 (compatible; DataForSeoBot/1.0; +https://dataforseo.com/dataforseo-bot)"
185.177.72.201 - - [12/Jul/2025:10:16:06 -0400] "GET /config/session.js HTTP/1.1" 404 23129 "-" "Mozilla/5.0 (Windows NT 10.0; Win64; x64) AppleWebKit/537.36 (KHTML, like Gecko) Chrome/91.0.4472.124 Safari/537.36"
185.177.72.201 - - [12/Jul/2025:10:16:10 -0400] "GET /config/session.php HTTP/1.1" 404 23129 "-" "Mozilla/5.0 (Windows NT 10.0; Win64; x64) AppleWebKit/537.36 (KHTML, like Gecko) Chrome/91.0.4472.124 Safari/537.36"
66.29.146.47 - - [12/Jul/2025:10:16:18 -0400] "POST /wp-cron.php?doing_wp_cron=1752329778.4477219581604003906250 HTTP/1.1" 403 1242 "-" "WordPress/6.8; https://dangroup.sa"
136.243.228.194 - - [12/Jul/2025:10:16:12 -0400] "GET /items/zwakc251/29749?key=stock HTTP/1.1" 404 23127 "-" "Mozilla/5.0 (compatible; DataForSeoBot/1.0; +https://dataforseo.com/dataforseo-bot)"
185.177.72.201 - - [12/Jul/2025:10:16:17 -0400] "GET /config/settings.env HTTP/1.1" 404 23129 "-" "Mozilla/5.0 (Windows NT 10.0; Win64; x64) AppleWebKit/537.36 (KHTML, like Gecko) Chrome/91.0.4472.124 Safari/537.36"
136.243.228.194 - - [12/Jul/2025:10:16:20 -0400] "GET /213ngzie5292.html HTTP/1.1" 404 23127 "-" "Mozilla/5.0 (compatible; DataForSeoBot/1.0; +https://dataforseo.com/dataforseo-bot)"
185.177.72.201 - - [12/Jul/2025:10:16:28 -0400] "GET /config/settings.js HTTP/1.1" 404 23129 "-" "Mozilla/5.0 (Windows NT 10.0; Win64; x64) AppleWebKit/537.36 (KHTML, like Gecko) Chrome/91.0.4472.124 Safari/537.36"
136.243.228.194 - - [12/Jul/2025:10:16:31 -0400] "GET /26mrmnh26203.html HTTP/1.1" 404 23127 "-" "Mozilla/5.0 (compatible; DataForSeoBot/1.0; +https://dataforseo.com/dataforseo-bot)"
185.177.72.201 - - [12/Jul/2025:10:16:37 -0400] "GET /config/settings.json HTTP/1.1" 404 23127 "-" "Mozilla/5.0 (Windows NT 10.0; Win64; x64) AppleWebKit/537.36 (KHTML, like Gecko) Chrome/91.0.4472.124 Safari/537.36"
66.249.68.134 - - [12/Jul/2025:10:16:45 -0400] "GET /5puzkh14224.html HTTP/1.1" 200 86719 "-" "Mozilla/5.0 (Linux; Android 6.0.1; Nexus 5X Build/MMB29P) AppleWebKit/537.36 (KHTML, like Gecko) Chrome/137.0.7151.103 Mobile Safari/537.36 (compatible; Googlebot/2.1; +http://www.google.com/bot.html)"
136.243.228.194 - - [12/Jul/2025:10:16:41 -0400] "GET /252apujl42663.html HTTP/1.1" 404 23129 "-" "Mozilla/5.0 (compatible; DataForSeoBot/1.0; +https://dataforseo.com/dataforseo-bot)"
185.177.72.201 - - [12/Jul/2025:10:16:45 -0400] "GET /config/settings.local HTTP/1.1" 404 23129 "-" "Mozilla/5.0 (Windows NT 10.0; Win64; x64) AppleWebKit/537.36 (KHTML, like Gecko) Chrome/91.0.4472.124 Safari/537.36"
136.243.228.194 - - [12/Jul/2025:10:16:51 -0400] "GET /items/izkoq75/32953?key=date HTTP/1.1" 404 23127 "-" "Mozilla/5.0 (compatible; DataForSeoBot/1.0; +https://dataforseo.com/dataforseo-bot)"
185.177.72.201 - - [12/Jul/2025:10:16:52 -0400] "GET /config/settings.php HTTP/1.1" 404 23127 "-" "Mozilla/5.0 (Windows NT 10.0; Win64; x64) AppleWebKit/537.36 (KHTML, like Gecko) Chrome/91.0.4472.124 Safari/537.36"
185.177.72.201 - - [12/Jul/2025:10:16:56 -0400] "GET /config/settings.prod HTTP/1.1" 404 23127 "-" "Mozilla/5.0 (Windows NT 10.0; Win64; x64) AppleWebKit/537.36 (KHTML, like Gecko) Chrome/91.0.4472.124 Safari/537.36"
136.243.228.194 - - [12/Jul/2025:10:16:57 -0400] "GET /146jscb2631.html HTTP/1.1" 404 23129 "-" "Mozilla/5.0 (compatible; DataForSeoBot/1.0; +https://dataforseo.com/dataforseo-bot)"
185.177.72.201 - - [12/Jul/2025:10:17:00 -0400] "GET /config/settings.py HTTP/1.1" 404 23129 "-" "Mozilla/5.0 (Windows NT 10.0; Win64; x64) AppleWebKit/537.36 (KHTML, like Gecko) Chrome/91.0.4472.124 Safari/537.36"
136.243.228.194 - - [12/Jul/2025:10:17:02 -0400] "GET /items/tbjxp117/42005?key=ultimate HTTP/1.1" 404 23129 "-" "Mozilla/5.0 (compatible; DataForSeoBot/1.0; +https://dataforseo.com/dataforseo-bot)"
185.177.72.201 - - [12/Jul/2025:10:17:04 -0400] "GET /config/settings/__init__.py HTTP/1.1" 404 23127 "-" "Mozilla/5.0 (Windows NT 10.0; Win64; x64) AppleWebKit/537.36 (KHTML, like Gecko) Chrome/91.0.4472.124 Safari/537.36"
66.29.146.47 - - [12/Jul/2025:10:17:24 -0400] "POST /wp-cron.php?doing_wp_cron=1752329844.5490291118621826171875 HTTP/1.1" 403 1242 "-" "WordPress/6.8; https://dangroup.sa"
185.177.72.201 - - [12/Jul/2025:10:17:23 -0400] "GET /config/settings/base.py HTTP/1.1" 404 23127 "-" "Mozilla/5.0 (Windows NT 10.0; Win64; x64) AppleWebKit/537.36 (KHTML, like Gecko) Chrome/91.0.4472.124 Safari/537.36"
66.249.79.138 - - [12/Jul/2025:10:17:30 -0400] "GET /items/zpixe251/48167?key=horse HTTP/1.1" 200 87599 "-" "Mozilla/5.0 (Linux; Android 6.0.1; Nexus 5X Build/MMB29P) AppleWebKit/537.36 (KHTML, like Gecko) Chrome/137.0.7151.103 Mobile Safari/537.36 (compatible; Googlebot/2.1; +http://www.google.com/bot.html)"
66.249.68.132 - - [12/Jul/2025:10:17:32 -0400] "GET /19gfsqp1300.html HTTP/1.1" 200 87195 "-" "Mozilla/5.0 (Linux; Android 6.0.1; Nexus 5X Build/MMB29P) AppleWebKit/537.36 (KHTML, like Gecko) Chrome/137.0.7151.103 Mobile Safari/537.36 (compatible; Googlebot/2.1; +http://www.google.com/bot.html)"
185.177.72.201 - - [12/Jul/2025:10:17:30 -0400] "GET /config/settings/local.py HTTP/1.1" 404 23127 "-" "Mozilla/5.0 (Windows NT 10.0; Win64; x64) AppleWebKit/537.36 (KHTML, like Gecko) Chrome/91.0.4472.124 Safari/537.36"
185.177.72.201 - - [12/Jul/2025:10:17:36 -0400] "GET /config/settings/sendgrid_config.json HTTP/1.1" 404 23129 "-" "Mozilla/5.0 (Windows NT 10.0; Win64; x64) AppleWebKit/537.36 (KHTML, like Gecko) Chrome/91.0.4472.124 Safari/537.36"
185.177.72.201 - - [12/Jul/2025:10:17:42 -0400] "GET /config/settings/sendgrid_keys.json HTTP/1.1" 404 23127 "-" "Mozilla/5.0 (Windows NT 10.0; Win64; x64) AppleWebKit/537.36 (KHTML, like Gecko) Chrome/91.0.4472.124 Safari/537.36"
185.177.72.201 - - [12/Jul/2025:10:17:45 -0400] "GET /config/site.conf HTTP/1.1" 404 23129 "-" "Mozilla/5.0 (Windows NT 10.0; Win64; x64) AppleWebKit/537.36 (KHTML, like Gecko) Chrome/91.0.4472.124 Safari/537.36"
185.177.72.201 - - [12/Jul/2025:10:17:48 -0400] "GET /config/site.sql HTTP/1.1" 404 23127 "-" "Mozilla/5.0 (Windows NT 10.0; Win64; x64) AppleWebKit/537.36 (KHTML, like Gecko) Chrome/91.0.4472.124 Safari/537.36"
185.177.72.201 - - [12/Jul/2025:10:17:51 -0400] "GET /config/smtp.json HTTP/1.1" 404 23127 "-" "Mozilla/5.0 (Windows NT 10.0; Win64; x64) AppleWebKit/537.36 (KHTML, like Gecko) Chrome/91.0.4472.124 Safari/537.36"
136.243.228.194 - - [12/Jul/2025:10:17:54 -0400] "GET /items/alyuj185/21371?key=support HTTP/1.1" 404 23127 "-" "Mozilla/5.0 (compatible; DataForSeoBot/1.0; +https://dataforseo.com/dataforseo-bot)"
185.177.72.201 - - [12/Jul/2025:10:17:56 -0400] "GET /config/smtp.php HTTP/1.1" 404 23127 "-" "Mozilla/5.0 (Windows NT 10.0; Win64; x64) AppleWebKit/537.36 (KHTML, like Gecko) Chrome/91.0.4472.124 Safari/537.36"
185.177.72.201 - - [12/Jul/2025:10:18:05 -0400] "GET /config/sockets.js HTTP/1.1" 404 23129 "-" "Mozilla/5.0 (Windows NT 10.0; Win64; x64) AppleWebKit/537.36 (KHTML, like Gecko) Chrome/91.0.4472.124 Safari/537.36"
136.243.228.194 - - [12/Jul/2025:10:18:05 -0400] "GET /197yjcw35454.html HTTP/1.1" 404 23129 "-" "Mozilla/5.0 (compatible; DataForSeoBot/1.0; +https://dataforseo.com/dataforseo-bot)"
185.177.72.201 - - [12/Jul/2025:10:18:12 -0400] "GET /config/staging.env.js HTTP/1.1" 404 23195 "-" "Mozilla/5.0 (Windows NT 10.0; Win64; x64) AppleWebKit/537.36 (KHTML, like Gecko) Chrome/91.0.4472.124 Safari/537.36"
136.243.228.194 - - [12/Jul/2025:10:18:13 -0400] "GET /items/gjzno203/14471?key=rare HTTP/1.1" 404 23127 "-" "Mozilla/5.0 (compatible; DataForSeoBot/1.0; +https://dataforseo.com/dataforseo-bot)"
185.177.72.201 - - [12/Jul/2025:10:18:17 -0400] "GET /config/staging.json HTTP/1.1" 404 23127 "-" "Mozilla/5.0 (Windows NT 10.0; Win64; x64) AppleWebKit/537.36 (KHTML, like Gecko) Chrome/91.0.4472.124 Safari/537.36"
66.29.146.47 - - [12/Jul/2025:10:18:29 -0400] "POST /wp-cron.php?doing_wp_cron=1752329908.7491559982299804687500 HTTP/1.1" 403 1242 "-" "WordPress/6.8; https://dangroup.sa"
136.243.228.194 - - [12/Jul/2025:10:18:21 -0400] "GET /items/vuzof155/26427?key=harm HTTP/1.1" 404 23127 "-" "Mozilla/5.0 (compatible; DataForSeoBot/1.0; +https://dataforseo.com/dataforseo-bot)"
185.177.72.201 - - [12/Jul/2025:10:18:27 -0400] "GET /config/storage.yml HTTP/1.1" 404 23127 "-" "Mozilla/5.0 (Windows NT 10.0; Win64; x64) AppleWebKit/537.36 (KHTML, like Gecko) Chrome/91.0.4472.124 Safari/537.36"
136.243.228.194 - - [12/Jul/2025:10:18:34 -0400] "GET /212enkk16305.html HTTP/1.1" 404 23127 "-" "Mozilla/5.0 (compatible; DataForSeoBot/1.0; +https://dataforseo.com/dataforseo-bot)"
185.177.72.201 - - [12/Jul/2025:10:18:38 -0400] "GET /config/test.config.php HTTP/1.1" 404 23127 "-" "Mozilla/5.0 (Windows NT 10.0; Win64; x64) AppleWebKit/537.36 (KHTML, like Gecko) Chrome/91.0.4472.124 Safari/537.36"
136.243.228.194 - - [12/Jul/2025:10:18:45 -0400] "GET /items/gjezz118/33552?key=robot HTTP/1.1" 404 23127 "-" "Mozilla/5.0 (compatible; DataForSeoBot/1.0; +https://dataforseo.com/dataforseo-bot)"
185.177.72.201 - - [12/Jul/2025:10:18:47 -0400] "GET /config/test.env.js HTTP/1.1" 404 23129 "-" "Mozilla/5.0 (Windows NT 10.0; Win64; x64) AppleWebKit/537.36 (KHTML, like Gecko) Chrome/91.0.4472.124 Safari/537.36"
208.110.64.178 - - [12/Jul/2025:10:19:01 -0400] "GET /wp-content/install.php HTTP/1.1" 200 10 "https://dangroup.sa/wp-content/install.php" "Mozilla/5.0 (Windows NT 10.0; Win64; x64) AppleWebKit/537.36 (KHTML, like Gecko) Chrome/58.0.3029.110 Safari/537.3"
185.177.72.201 - - [12/Jul/2025:10:18:56 -0400] "GET /config/test.js HTTP/1.1" 404 23127 "-" "Mozilla/5.0 (Windows NT 10.0; Win64; x64) AppleWebKit/537.36 (KHTML, like Gecko) Chrome/91.0.4472.124 Safari/537.36"
136.243.228.194 - - [12/Jul/2025:10:18:55 -0400] "GET /items/bryfp125/22365?key=everywhere HTTP/1.1" 404 23129 "-" "Mozilla/5.0 (compatible; DataForSeoBot/1.0; +https://dataforseo.com/dataforseo-bot)"
185.177.72.201 - - [12/Jul/2025:10:19:03 -0400] "GET /config/test.json HTTP/1.1" 404 23129 "-" "Mozilla/5.0 (Windows NT 10.0; Win64; x64) AppleWebKit/537.36 (KHTML, like Gecko) Chrome/91.0.4472.124 Safari/537.36"
136.243.228.194 - - [12/Jul/2025:10:19:05 -0400] "GET /133ffrj30588.html HTTP/1.1" 404 23127 "-" "Mozilla/5.0 (compatible; DataForSeoBot/1.0; +https://dataforseo.com/dataforseo-bot)"
66.249.68.133 - - [12/Jul/2025:10:19:19 -0400] "GET /27xszsx34200.html HTTP/1.1" 200 86558 "-" "Mozilla/5.0 (Linux; Android 6.0.1; Nexus 5X Build/MMB29P) AppleWebKit/537.36 (KHTML, like Gecko) Chrome/137.0.7151.103 Mobile Safari/537.36 (compatible; Googlebot/2.1; +http://www.google.com/bot.html)"
185.177.72.201 - - [12/Jul/2025:10:19:11 -0400] "GET /config/test.py HTTP/1.1" 404 23127 "-" "Mozilla/5.0 (Windows NT 10.0; Win64; x64) AppleWebKit/537.36 (KHTML, like Gecko) Chrome/91.0.4472.124 Safari/537.36"
66.249.68.132 - - [12/Jul/2025:10:19:20 -0400] "GET /items/ybcei43/463?key=portray HTTP/1.1" 200 86552 "-" "Mozilla/5.0 (Linux; Android 6.0.1; Nexus 5X Build/MMB29P) AppleWebKit/537.36 (KHTML, like Gecko) Chrome/137.0.7151.103 Mobile Safari/537.36 (compatible; Googlebot/2.1; +http://www.google.com/bot.html)"
136.243.228.194 - - [12/Jul/2025:10:19:16 -0400] "GET /items/fjlxk222/4294?key=beard HTTP/1.1" 404 23129 "-" "Mozilla/5.0 (compatible; DataForSeoBot/1.0; +https://dataforseo.com/dataforseo-bot)"
66.29.146.47 - - [12/Jul/2025:10:19:29 -0400] "POST /wp-cron.php?doing_wp_cron=1752329969.5515739917755126953125 HTTP/1.1" 403 1242 "-" "WordPress/6.8; https://dangroup.sa"
185.177.72.201 - - [12/Jul/2025:10:19:21 -0400] "GET /config/test_config.py HTTP/1.1" 404 23129 "-" "Mozilla/5.0 (Windows NT 10.0; Win64; x64) AppleWebKit/537.36 (KHTML, like Gecko) Chrome/91.0.4472.124 Safari/537.36"
136.243.228.194 - - [12/Jul/2025:10:19:27 -0400] "GET /items/gcnor238/43900?key=developmental HTTP/1.1" 404 23129 "-" "Mozilla/5.0 (compatible; DataForSeoBot/1.0; +https://dataforseo.com/dataforseo-bot)"
185.177.72.201 - - [12/Jul/2025:10:19:32 -0400] "GET /config/test_settings.py HTTP/1.1" 404 23127 "-" "Mozilla/5.0 (Windows NT 10.0; Win64; x64) AppleWebKit/537.36 (KHTML, like Gecko) Chrome/91.0.4472.124 Safari/537.36"
136.243.228.194 - - [12/Jul/2025:10:19:39 -0400] "GET /24qgkf42765.html HTTP/1.1" 404 23129 "-" "Mozilla/5.0 (compatible; DataForSeoBot/1.0; +https://dataforseo.com/dataforseo-bot)"
54.36.148.10 - - [12/Jul/2025:10:19:50 -0400] "GET /robots.txt HTTP/1.1" 200 102 "-" "Mozilla/5.0 (compatible; AhrefsBot/7.0; +http://ahrefs.com/robot/)"
185.177.72.201 - - [12/Jul/2025:10:19:43 -0400] "GET /config/urls.py HTTP/1.1" 404 23129 "-" "Mozilla/5.0 (Windows NT 10.0; Win64; x64) AppleWebKit/537.36 (KHTML, like Gecko) Chrome/91.0.4472.124 Safari/537.36"
136.243.228.194 - - [12/Jul/2025:10:19:49 -0400] "GET /275ddix2264.html HTTP/1.1" 404 23129 "-" "Mozilla/5.0 (compatible; DataForSeoBot/1.0; +https://dataforseo.com/dataforseo-bot)"
185.177.72.201 - - [12/Jul/2025:10:19:58 -0400] "GET /config/view.php HTTP/1.1" 404 23127 "-" "Mozilla/5.0 (Windows NT 10.0; Win64; x64) AppleWebKit/537.36 (KHTML, like Gecko) Chrome/91.0.4472.124 Safari/537.36"
136.243.228.194 - - [12/Jul/2025:10:19:58 -0400] "GET /items/nmomq27/29123?key=guard HTTP/1.1" 404 23127 "-" "Mozilla/5.0 (compatible; DataForSeoBot/1.0; +https://dataforseo.com/dataforseo-bot)"
66.249.68.132 - - [12/Jul/2025:10:20:07 -0400] "GET /154exwef33987.html HTTP/1.1" 200 87046 "-" "Mozilla/5.0 (Linux; Android 6.0.1; Nexus 5X Build/MMB29P) AppleWebKit/537.36 (KHTML, like Gecko) Chrome/137.0.7151.103 Mobile Safari/537.36 (compatible; Googlebot/2.1; +http://www.google.com/bot.html)"
136.243.228.194 - - [12/Jul/2025:10:20:09 -0400] "GET /items/ieuju242/14940?key=waste HTTP/1.1" 404 23127 "-" "Mozilla/5.0 (compatible; DataForSeoBot/1.0; +https://dataforseo.com/dataforseo-bot)"
185.177.72.201 - - [12/Jul/2025:10:20:13 -0400] "GET /config/views.js HTTP/1.1" 404 23127 "-" "Mozilla/5.0 (Windows NT 10.0; Win64; x64) AppleWebKit/537.36 (KHTML, like Gecko) Chrome/91.0.4472.124 Safari/537.36"
136.243.228.194 - - [12/Jul/2025:10:20:17 -0400] "GET /107lsu31734.html HTTP/1.1" 404 23127 "-" "Mozilla/5.0 (compatible; DataForSeoBot/1.0; +https://dataforseo.com/dataforseo-bot)"
185.177.72.201 - - [12/Jul/2025:10:20:18 -0400] "GET /config/wsgi.py HTTP/1.1" 404 23127 "-" "Mozilla/5.0 (Windows NT 10.0; Win64; x64) AppleWebKit/537.36 (KHTML, like Gecko) Chrome/91.0.4472.124 Safari/537.36"
136.243.228.194 - - [12/Jul/2025:10:20:22 -0400] "GET /items/mjfdk10/6134?key=procedure HTTP/1.1" 404 23127 "-" "Mozilla/5.0 (compatible; DataForSeoBot/1.0; +https://dataforseo.com/dataforseo-bot)"
185.177.72.201 - - [12/Jul/2025:10:20:23 -0400] "GET /configs/application.ini HTTP/1.1" 404 23127 "-" "Mozilla/5.0 (Windows NT 10.0; Win64; x64) AppleWebKit/537.36 (KHTML, like Gecko) Chrome/91.0.4472.124 Safari/537.36"
66.29.146.47 - - [12/Jul/2025:10:20:33 -0400] "POST /wp-cron.php?doing_wp_cron=1752330033.0437169075012207031250 HTTP/1.1" 403 1242 "-" "WordPress/6.8; https://dangroup.sa"
136.243.228.194 - - [12/Jul/2025:10:20:31 -0400] "GET /items/gustm4/36660?key=effort HTTP/1.1" 404 23129 "-" "Mozilla/5.0 (compatible; DataForSeoBot/1.0; +https://dataforseo.com/dataforseo-bot)"
185.177.72.201 - - [12/Jul/2025:10:20:33 -0400] "GET /configs/routes-4aug.js HTTP/1.1" 404 23127 "-" "Mozilla/5.0 (Windows NT 10.0; Win64; x64) AppleWebKit/537.36 (KHTML, like Gecko) Chrome/91.0.4472.124 Safari/537.36"
47.82.60.11 - - [12/Jul/2025:10:20:36 -0400] "GET /items/yfiwf192/23766?key=pool HTTP/1.1" 404 23129 "https://dangroup.sa/items/yfiwf192/23766?key=pool" "Mozilla/5.0 (Windows NT 10.0; Win64; x64) AppleWebKit/537.36 (KHTML, like Gecko) Chrome/114.0.0.0 Safari/537.36 Edg/114.0.1823.43"
185.177.72.201 - - [12/Jul/2025:10:20:45 -0400] "GET /configs/routes.js HTTP/1.1" 404 23129 "-" "Mozilla/5.0 (Windows NT 10.0; Win64; x64) AppleWebKit/537.36 (KHTML, like Gecko) Chrome/91.0.4472.124 Safari/537.36"
136.243.228.194 - - [12/Jul/2025:10:20:44 -0400] "GET /items/kliya32/27648?key=modern HTTP/1.1" 404 23127 "-" "Mozilla/5.0 (compatible; DataForSeoBot/1.0; +https://dataforseo.com/dataforseo-bot)"
185.177.72.201 - - [12/Jul/2025:10:20:56 -0400] "GET /configs/s3_config.json HTTP/1.1" 404 23127 "-" "Mozilla/5.0 (Windows NT 10.0; Win64; x64) AppleWebKit/537.36 (KHTML, like Gecko) Chrome/91.0.4472.124 Safari/537.36"
136.243.228.194 - - [12/Jul/2025:10:20:57 -0400] "GET /271ntwg17814.html HTTP/1.1" 404 23127 "-" "Mozilla/5.0 (compatible; DataForSeoBot/1.0; +https://dataforseo.com/dataforseo-bot)"
185.177.72.201 - - [12/Jul/2025:10:21:02 -0400] "GET /console HTTP/1.1" 404 23127 "-" "Mozilla/5.0 (Windows NT 10.0; Win64; x64) AppleWebKit/537.36 (KHTML, like Gecko) Chrome/91.0.4472.124 Safari/537.36"
136.243.228.194 - - [12/Jul/2025:10:21:06 -0400] "GET /77zfp43236.html HTTP/1.1" 404 23127 "-" "Mozilla/5.0 (compatible; DataForSeoBot/1.0; +https://dataforseo.com/dataforseo-bot)"
136.243.228.194 - - [12/Jul/2025:10:21:11 -0400] "GET /214vvbi44183.html HTTP/1.1" 404 23129 "-" "Mozilla/5.0 (compatible; DataForSeoBot/1.0; +https://dataforseo.com/dataforseo-bot)"
185.177.72.201 - - [12/Jul/2025:10:21:12 -0400] "GET /console.php HTTP/1.1" 404 23127 "-" "Mozilla/5.0 (Windows NT 10.0; Win64; x64) AppleWebKit/537.36 (KHTML, like Gecko) Chrome/91.0.4472.124 Safari/537.36"
