74.125.150.132 - - [12/Jul/2025:11:56:01 -0400] "GET /wp-content/plugins/google-site-kit/dist/assets/js/googlesitekit-events-provider-contact-form-7-84e9a1056bc4922b7cbd.js HTTP/1.1" 200 598 "https://dangroup.sa/pcmypage?callback=product/review/first23-trusco-2510588" "Mozilla/5.0 (X11; Linux x86_64) AppleWebKit/537.36 (KHTML, like Gecko) Chrome/137.0.7151.119 Safari/537.36"
136.243.228.194 - - [12/Jul/2025:11:55:58 -0400] "GET /115xpct10358.html HTTP/1.1" 404 23127 "-" "Mozilla/5.0 (compatible; DataForSeoBot/1.0; +https://dataforseo.com/dataforseo-bot)"
74.125.150.132 - - [12/Jul/2025:11:56:02 -0400] "GET /wp-content/plugins/contact-form-7/includes/js/index.js?ver=5.9.8 HTTP/1.1" 200 4002 "https://dangroup.sa/pcmypage?callback=product/review/first23-trusco-2510588" "Mozilla/5.0 (X11; Linux x86_64) AppleWebKit/537.36 (KHTML, like Gecko) Chrome/137.0.7151.119 Safari/537.36"
74.125.150.132 - - [12/Jul/2025:11:56:03 -0400] "GET /wp-content/uploads/elementor/css/custom-widget-icon-list-rtl.min.css?ver=1748904914 HTTP/1.1" 200 935 "https://dangroup.sa/pcmypage?callback=product/review/first23-trusco-2510588" "Mozilla/5.0 (X11; Linux x86_64) AppleWebKit/537.36 (KHTML, like Gecko) Chrome/137.0.7151.119 Safari/537.36"
74.125.150.132 - - [12/Jul/2025:11:56:04 -0400] "GET /wp-content/uploads/elementor/google-fonts/css/elmessiri.css?ver=1748631377 HTTP/1.1" 200 637 "https://dangroup.sa/pcmypage?callback=product/review/first23-trusco-2510588" "Mozilla/5.0 (X11; Linux x86_64) AppleWebKit/537.36 (KHTML, like Gecko) Chrome/137.0.7151.119 Safari/537.36"
74.125.150.132 - - [12/Jul/2025:11:56:05 -0400] "GET /wp-content/plugins/extension-for-animation-addons/assets/js/wcf-addons-ex.js?ver=6.8 HTTP/1.1" 200 3649 "https://dangroup.sa/pcmypage?callback=product/review/first23-trusco-2510588" "Mozilla/5.0 (X11; Linux x86_64) AppleWebKit/537.36 (KHTML, like Gecko) Chrome/137.0.7151.119 Safari/537.36"
74.125.150.132 - - [12/Jul/2025:11:56:07 -0400] "GET /wp-includes/js/dist/hooks.min.js?ver=4d63a3d491d11ffd8ac6 HTTP/1.1" 200 1571 "https://dangroup.sa/pcmypage?callback=product/review/first23-trusco-2510588" "Mozilla/5.0 (X11; Linux x86_64) AppleWebKit/537.36 (KHTML, like Gecko) Chrome/137.0.7151.119 Safari/537.36"
74.125.150.132 - - [12/Jul/2025:11:56:08 -0400] "GET /wp-content/plugins/contact-form-7/includes/swv/js/index.js?ver=5.9.8 HTTP/1.1" 200 3228 "https://dangroup.sa/pcmypage?callback=product/review/first23-trusco-2510588" "Mozilla/5.0 (X11; Linux x86_64) AppleWebKit/537.36 (KHTML, like Gecko) Chrome/137.0.7151.119 Safari/537.36"
136.243.228.194 - - [12/Jul/2025:11:56:03 -0400] "GET /56kwmsz17693.html HTTP/1.1" 404 23129 "-" "Mozilla/5.0 (compatible; DataForSeoBot/1.0; +https://dataforseo.com/dataforseo-bot)"
74.125.150.132 - - [12/Jul/2025:11:56:09 -0400] "GET /wp-content/plugins/extension-for-animation-addons/assets/lib/gsap.min.js?ver=6.8 HTTP/1.1" 200 27131 "https://dangroup.sa/pcmypage?callback=product/review/first23-trusco-2510588" "Mozilla/5.0 (X11; Linux x86_64) AppleWebKit/537.36 (KHTML, like Gecko) Chrome/137.0.7151.119 Safari/537.36"
74.125.150.132 - - [12/Jul/2025:11:56:10 -0400] "GET /wp-content/plugins/extension-for-animation-addons/assets/lib/mixitup.min.js?ver=6.8 HTTP/1.1" 200 20837 "https://dangroup.sa/pcmypage?callback=product/review/first23-trusco-2510588" "Mozilla/5.0 (X11; Linux x86_64) AppleWebKit/537.36 (KHTML, like Gecko) Chrome/137.0.7151.119 Safari/537.36"
74.125.150.132 - - [12/Jul/2025:11:56:11 -0400] "GET /wp-content/plugins/extension-for-animation-addons/assets/lib/ScrollToPlugin.min.js?ver=6.8 HTTP/1.1" 200 1773 "https://dangroup.sa/pcmypage?callback=product/review/first23-trusco-2510588" "Mozilla/5.0 (X11; Linux x86_64) AppleWebKit/537.36 (KHTML, like Gecko) Chrome/137.0.7151.119 Safari/537.36"
74.125.150.132 - - [12/Jul/2025:11:56:12 -0400] "GET /wp-content/plugins/elementor/assets/js/frontend.min.js?ver=3.28.4 HTTP/1.1" 200 13099 "https://dangroup.sa/pcmypage?callback=product/review/first23-trusco-2510588" "Mozilla/5.0 (X11; Linux x86_64) AppleWebKit/537.36 (KHTML, like Gecko) Chrome/137.0.7151.119 Safari/537.36"
74.125.150.132 - - [12/Jul/2025:11:56:13 -0400] "GET /wp-content/plugins/elementor-pro/assets/js/elements-handlers.min.js?ver=3.29.1 HTTP/1.1" 200 10221 "https://dangroup.sa/pcmypage?callback=product/review/first23-trusco-2510588" "Mozilla/5.0 (X11; Linux x86_64) AppleWebKit/537.36 (KHTML, like Gecko) Chrome/137.0.7151.119 Safari/537.36"
74.125.150.132 - - [12/Jul/2025:11:56:14 -0400] "GET /wp-content/plugins/extension-for-animation-addons/assets/lib/ScrollTrigger.min.js?ver=6.8 HTTP/1.1" 200 16164 "https://dangroup.sa/pcmypage?callback=product/review/first23-trusco-2510588" "Mozilla/5.0 (X11; Linux x86_64) AppleWebKit/537.36 (KHTML, like Gecko) Chrome/137.0.7151.119 Safari/537.36"
74.125.150.132 - - [12/Jul/2025:11:56:15 -0400] "GET /wp-content/plugins/elementor-pro/assets/js/frontend.min.js?ver=3.29.1 HTTP/1.1" 200 6279 "https://dangroup.sa/pcmypage?callback=product/review/first23-trusco-2510588" "Mozilla/5.0 (X11; Linux x86_64) AppleWebKit/537.36 (KHTML, like Gecko) Chrome/137.0.7151.119 Safari/537.36"
136.243.228.194 - - [12/Jul/2025:11:56:10 -0400] "GET /18zld1823.html HTTP/1.1" 404 23129 "-" "Mozilla/5.0 (compatible; DataForSeoBot/1.0; +https://dataforseo.com/dataforseo-bot)"
74.125.150.132 - - [12/Jul/2025:11:56:16 -0400] "GET /wp-content/plugins/chaty/js/cht-front-script.min.js?ver=3.4.21748763706 HTTP/1.1" 304 0 "https://dangroup.sa/pcmypage?callback=product/review/first23-trusco-2510588" "Mozilla/5.0 (X11; Linux x86_64) AppleWebKit/537.36 (KHTML, like Gecko) Chrome/137.0.7151.119 Safari/537.36"
74.125.150.132 - - [12/Jul/2025:11:56:17 -0400] "GET /wp-content/themes/arolax/assets/js/bootstrap.bundle.min.js?ver=2 HTTP/1.1" 200 7128 "https://dangroup.sa/pcmypage?callback=product/review/first23-trusco-2510588" "Mozilla/5.0 (X11; Linux x86_64) AppleWebKit/537.36 (KHTML, like Gecko) Chrome/137.0.7151.119 Safari/537.36"
74.125.150.132 - - [12/Jul/2025:11:56:18 -0400] "GET /wp-content/plugins/elementor/assets/js/frontend-modules.min.js?ver=3.28.4 HTTP/1.1" 200 14421 "https://dangroup.sa/pcmypage?callback=product/review/first23-trusco-2510588" "Mozilla/5.0 (X11; Linux x86_64) AppleWebKit/537.36 (KHTML, like Gecko) Chrome/137.0.7151.119 Safari/537.36"
74.125.150.132 - - [12/Jul/2025:11:56:19 -0400] "GET /wp-content/plugins/extension-for-animation-addons/assets/lib/SplitText.min.js?ver=6.8 HTTP/1.1" 200 5077 "https://dangroup.sa/pcmypage?callback=product/review/first23-trusco-2510588" "Mozilla/5.0 (X11; Linux x86_64) AppleWebKit/537.36 (KHTML, like Gecko) Chrome/137.0.7151.119 Safari/537.36"
74.125.150.132 - - [12/Jul/2025:11:56:21 -0400] "GET /wp-content/uploads/useanyfont/3571dan-font.woff2 HTTP/1.1" 200 26948 "https://dangroup.sa/wp-content/uploads/useanyfont/uaf.css?ver=1747771110" "Mozilla/5.0 (X11; Linux x86_64) AppleWebKit/537.36 (KHTML, like Gecko) Chrome/137.0.7151.119 Safari/537.36"
74.125.150.132 - - [12/Jul/2025:11:56:22 -0400] "GET /wp-content/plugins/animation-addons-for-elementor/assets/css/widgets/social-icons.min.css?ver=6.8 HTTP/1.1" 200 148 "https://dangroup.sa/pcmypage?callback=product/review/first23-trusco-2510588" "Mozilla/5.0 (X11; Linux x86_64) AppleWebKit/537.36 (KHTML, like Gecko) Chrome/137.0.7151.119 Safari/537.36"
136.243.228.194 - - [12/Jul/2025:11:56:18 -0400] "GET /291wwgzm47852.html HTTP/1.1" 404 23127 "-" "Mozilla/5.0 (compatible; DataForSeoBot/1.0; +https://dataforseo.com/dataforseo-bot)"
74.125.150.132 - - [12/Jul/2025:11:56:23 -0400] "GET /wp-content/plugins/elementor/assets/js/webpack.runtime.min.js?ver=3.28.4 HTTP/1.1" 200 2228 "https://dangroup.sa/pcmypage?callback=product/review/first23-trusco-2510588" "Mozilla/5.0 (X11; Linux x86_64) AppleWebKit/537.36 (KHTML, like Gecko) Chrome/137.0.7151.119 Safari/537.36"
74.125.150.132 - - [12/Jul/2025:11:56:24 -0400] "GET /wp-includes/js/jquery/ui/core.min.js?ver=1.13.3 HTTP/1.1" 200 6812 "https://dangroup.sa/pcmypage?callback=product/review/first23-trusco-2510588" "Mozilla/5.0 (X11; Linux x86_64) AppleWebKit/537.36 (KHTML, like Gecko) Chrome/137.0.7151.119 Safari/537.36"
74.125.150.132 - - [12/Jul/2025:11:56:25 -0400] "GET /wp-content/plugins/elementor-pro/assets/js/webpack-pro.runtime.min.js?ver=3.29.1 HTTP/1.1" 200 2618 "https://dangroup.sa/pcmypage?callback=product/review/first23-trusco-2510588" "Mozilla/5.0 (X11; Linux x86_64) AppleWebKit/537.36 (KHTML, like Gecko) Chrome/137.0.7151.119 Safari/537.36"
74.125.150.132 - - [12/Jul/2025:11:56:26 -0400] "GET /wp-content/plugins/extension-for-animation-addons/assets/lib/jquery.magnific-popup.min.js?ver=6.8 HTTP/1.1" 200 7046 "https://dangroup.sa/pcmypage?callback=product/review/first23-trusco-2510588" "Mozilla/5.0 (X11; Linux x86_64) AppleWebKit/537.36 (KHTML, like Gecko) Chrome/137.0.7151.119 Safari/537.36"
74.125.150.132 - - [12/Jul/2025:11:56:27 -0400] "GET /wp-content/plugins/animation-addons-for-elementor/assets/js/wcf-addons.min.js?ver=6.8 HTTP/1.1" 200 846 "https://dangroup.sa/pcmypage?callback=product/review/first23-trusco-2510588" "Mozilla/5.0 (X11; Linux x86_64) AppleWebKit/537.36 (KHTML, like Gecko) Chrome/137.0.7151.119 Safari/537.36"
74.125.150.132 - - [12/Jul/2025:11:56:28 -0400] "GET /wp-content/plugins/animation-addons-for-elementor/assets/js/widgets/nav-menu.min.js?ver=6.8 HTTP/1.1" 200 772 "https://dangroup.sa/pcmypage?callback=product/review/first23-trusco-2510588" "Mozilla/5.0 (X11; Linux x86_64) AppleWebKit/537.36 (KHTML, like Gecko) Chrome/137.0.7151.119 Safari/537.36"
74.125.150.132 - - [12/Jul/2025:11:56:29 -0400] "GET /wp-content/plugins/wcf-addons-pro/assets/js/wcf-addons-pro.js?ver=6.8 HTTP/1.1" 200 7688 "https://dangroup.sa/pcmypage?callback=product/review/first23-trusco-2510588" "Mozilla/5.0 (X11; Linux x86_64) AppleWebKit/537.36 (KHTML, like Gecko) Chrome/137.0.7151.119 Safari/537.36"
136.243.228.194 - - [12/Jul/2025:11:56:25 -0400] "GET /208nebvc36435.html HTTP/1.1" 404 23127 "-" "Mozilla/5.0 (compatible; DataForSeoBot/1.0; +https://dataforseo.com/dataforseo-bot)"
74.125.150.132 - - [12/Jul/2025:11:56:31 -0400] "GET /wp-content/uploads/elementor/google-fonts/css/kanit.css?ver=1745637444 HTTP/1.1" 200 883 "https://dangroup.sa/pcmypage?callback=product/review/first23-trusco-2510588" "Mozilla/5.0 (X11; Linux x86_64) AppleWebKit/537.36 (KHTML, like Gecko) Chrome/137.0.7151.119 Safari/537.36"
74.125.150.132 - - [12/Jul/2025:11:56:32 -0400] "GET /wp-content/themes/arolax/assets/js/jquery.meanmenu.min.js?ver=2 HTTP/1.1" 200 1385 "https://dangroup.sa/pcmypage?callback=product/review/first23-trusco-2510588" "Mozilla/5.0 (X11; Linux x86_64) AppleWebKit/537.36 (KHTML, like Gecko) Chrome/137.0.7151.119 Safari/537.36"
66.29.146.47 - - [12/Jul/2025:11:56:32 -0400] "POST /wp-cron.php?doing_wp_cron=1752335792.0581319332122802734375 HTTP/1.1" 403 1242 "-" "WordPress/6.8; https://dangroup.sa"
74.125.150.132 - - [12/Jul/2025:11:56:32 -0400] "GET /wp-content/themes/arolax/assets/js/script.js?ver=2 HTTP/1.1" 200 1639 "https://dangroup.sa/pcmypage?callback=product/review/first23-trusco-2510588" "Mozilla/5.0 (X11; Linux x86_64) AppleWebKit/537.36 (KHTML, like Gecko) Chrome/137.0.7151.119 Safari/537.36"
74.125.150.132 - - [12/Jul/2025:11:56:33 -0400] "GET /wp-content/plugins/google-site-kit/dist/assets/js/googlesitekit-consent-mode-8917f4bdb6ac659920cf.js HTTP/1.1" 200 24940 "https://dangroup.sa/pcmypage?callback=product/review/first23-trusco-2510588" "Mozilla/5.0 (X11; Linux x86_64) AppleWebKit/537.36 (KHTML, like Gecko) Chrome/137.0.7151.119 Safari/537.36"
74.125.150.132 - - [12/Jul/2025:11:56:34 -0400] "GET /wp-content/plugins/elementor/assets/css/widget-heading-rtl.min.css?ver=3.28.4 HTTP/1.1" 200 154 "https://dangroup.sa/pcmypage?callback=product/review/first23-trusco-2510588" "Mozilla/5.0 (X11; Linux x86_64) AppleWebKit/537.36 (KHTML, like Gecko) Chrome/137.0.7151.119 Safari/537.36"
136.243.228.194 - - [12/Jul/2025:11:56:31 -0400] "GET /items/vbcmn245/4207?key=business HTTP/1.1" 404 23127 "-" "Mozilla/5.0 (compatible; DataForSeoBot/1.0; +https://dataforseo.com/dataforseo-bot)"
74.125.150.132 - - [12/Jul/2025:11:56:35 -0400] "GET /wp-content/uploads/elementor/css/post-3.css?ver=1748904912 HTTP/1.1" 200 486 "https://dangroup.sa/pcmypage?callback=product/review/first23-trusco-2510588" "Mozilla/5.0 (X11; Linux x86_64) AppleWebKit/537.36 (KHTML, like Gecko) Chrome/137.0.7151.119 Safari/537.36"
74.125.150.132 - - [12/Jul/2025:11:56:36 -0400] "GET /wp-content/plugins/extension-for-animation-addons/assets/lib/ScrollSmoother.min.js?ver=6.8 HTTP/1.1" 200 4823 "https://dangroup.sa/pcmypage?callback=product/review/first23-trusco-2510588" "Mozilla/5.0 (X11; Linux x86_64) AppleWebKit/537.36 (KHTML, like Gecko) Chrome/137.0.7151.119 Safari/537.36"
74.125.150.132 - - [12/Jul/2025:11:56:37 -0400] "GET /wp-content/plugins/wp-consent-api/assets/js/wp-consent-api.min.js?ver=1.0.8 HTTP/1.1" 200 600 "https://dangroup.sa/pcmypage?callback=product/review/first23-trusco-2510588" "Mozilla/5.0 (X11; Linux x86_64) AppleWebKit/537.36 (KHTML, like Gecko) Chrome/137.0.7151.119 Safari/537.36"
74.125.150.132 - - [12/Jul/2025:11:56:38 -0400] "GET /wp-content/uploads/elementor/google-fonts/fonts/elmessiri-k2f0fzbrmr9vq1pheey6mo2aag.woff2 HTTP/1.1" 200 23540 "https://dangroup.sa/wp-content/uploads/elementor/google-fonts/css/elmessiri.css?ver=1748631377" "Mozilla/5.0 (X11; Linux x86_64) AppleWebKit/537.36 (KHTML, like Gecko) Chrome/137.0.7151.119 Safari/537.36"
74.125.150.132 - - [12/Jul/2025:11:56:39 -0400] "GET /wp-content/uploads/2024/06/Group-11-7.png HTTP/1.1" 200 44953 "https://dangroup.sa/wp-content/uploads/elementor/css/post-16884.css?ver=1748904911" "Mozilla/5.0 (X11; Linux x86_64) AppleWebKit/537.36 (KHTML, like Gecko) Chrome/137.0.7151.119 Safari/537.36"
136.243.228.194 - - [12/Jul/2025:11:56:36 -0400] "GET /68sutb21703.html HTTP/1.1" 404 23127 "-" "Mozilla/5.0 (compatible; DataForSeoBot/1.0; +https://dataforseo.com/dataforseo-bot)"
74.125.150.132 - - [12/Jul/2025:11:56:39 -0400] "GET /wp-content/themes/arolax/assets/fonts/icomoon.ttf?nh9vrv HTTP/1.1" 200 21708 "https://dangroup.sa/wp-content/themes/arolax/assets/css/custom-icons.min.css?ver=2" "Mozilla/5.0 (X11; Linux x86_64) AppleWebKit/537.36 (KHTML, like Gecko) Chrome/137.0.7151.119 Safari/537.36"
74.125.150.132 - - [12/Jul/2025:11:56:40 -0400] "GET /wp-content/uploads/elementor/google-fonts/fonts/elmessiri-k2f0fzbrmr9vq1pheey6moiaahlz.woff2 HTTP/1.1" 200 20140 "https://dangroup.sa/wp-content/uploads/elementor/google-fonts/css/elmessiri.css?ver=1748631377" "Mozilla/5.0 (X11; Linux x86_64) AppleWebKit/537.36 (KHTML, like Gecko) Chrome/137.0.7151.119 Safari/537.36"
74.125.150.132 - - [12/Jul/2025:11:56:41 -0400] "GET /wp-includes/js/wp-emoji-release.min.js?ver=6.8 HTTP/1.1" 200 4771 "https://dangroup.sa/pcmypage?callback=product/review/first23-trusco-2510588" "Mozilla/5.0 (X11; Linux x86_64) AppleWebKit/537.36 (KHTML, like Gecko) Chrome/137.0.7151.119 Safari/537.36"
74.125.150.132 - - [12/Jul/2025:11:56:42 -0400] "GET /wp-content/plugins/elementor/assets/js/text-editor.c084ef86600b6f11690d.bundle.min.js HTTP/1.1" 200 621 "https://dangroup.sa/pcmypage?callback=product/review/first23-trusco-2510588" "Mozilla/5.0 (X11; Linux x86_64) AppleWebKit/537.36 (KHTML, like Gecko) Chrome/137.0.7151.119 Safari/537.36"
136.243.228.194 - - [12/Jul/2025:11:56:40 -0400] "GET /items/hxqvd48/44062?key=moral HTTP/1.1" 404 23308 "-" "Mozilla/5.0 (compatible; DataForSeoBot/1.0; +https://dataforseo.com/dataforseo-bot)"
136.243.228.194 - - [12/Jul/2025:11:56:46 -0400] "GET /27cwfn13350.html HTTP/1.1" 404 23127 "-" "Mozilla/5.0 (compatible; DataForSeoBot/1.0; +https://dataforseo.com/dataforseo-bot)"
136.243.228.194 - - [12/Jul/2025:11:56:53 -0400] "GET /items/pgfdu83/45795?key=ethical HTTP/1.1" 404 23127 "-" "Mozilla/5.0 (compatible; DataForSeoBot/1.0; +https://dataforseo.com/dataforseo-bot)"
136.243.228.194 - - [12/Jul/2025:11:56:58 -0400] "GET /58mnhm24399.html HTTP/1.1" 404 23127 "-" "Mozilla/5.0 (compatible; DataForSeoBot/1.0; +https://dataforseo.com/dataforseo-bot)"
136.243.228.194 - - [12/Jul/2025:11:57:04 -0400] "GET /items/ujjyx77/26491?key=site HTTP/1.1" 404 23127 "-" "Mozilla/5.0 (compatible; DataForSeoBot/1.0; +https://dataforseo.com/dataforseo-bot)"
40.127.130.26 - - [12/Jul/2025:11:57:08 -0400] "GET /wp-content/plugins/hellopress/wp_filemanager.php HTTP/1.1" 404 23127 "-" "-"
136.243.228.194 - - [12/Jul/2025:11:57:09 -0400] "GET /192zdpxt29629.html HTTP/1.1" 404 23129 "-" "Mozilla/5.0 (compatible; DataForSeoBot/1.0; +https://dataforseo.com/dataforseo-bot)"
40.127.130.26 - - [12/Jul/2025:11:57:14 -0400] "GET /wp-content/plugins/about.php HTTP/1.1" 404 23127 "-" "-"
136.243.228.194 - - [12/Jul/2025:11:57:18 -0400] "GET /118vtyg40981.html HTTP/1.1" 404 23129 "-" "Mozilla/5.0 (compatible; DataForSeoBot/1.0; +https://dataforseo.com/dataforseo-bot)"
40.127.130.26 - - [12/Jul/2025:11:57:20 -0400] "GET /wp.php HTTP/1.1" 404 23127 "-" "-"
40.127.130.26 - - [12/Jul/2025:11:57:24 -0400] "GET /hoot.php HTTP/1.1" 404 23129 "-" "-"
136.243.228.194 - - [12/Jul/2025:11:57:25 -0400] "GET /119dcjio45284.html HTTP/1.1" 404 23129 "-" "Mozilla/5.0 (compatible; DataForSeoBot/1.0; +https://dataforseo.com/dataforseo-bot)"
66.29.146.47 - - [12/Jul/2025:11:57:34 -0400] "POST /wp-cron.php?doing_wp_cron=1752335854.1415998935699462890625 HTTP/1.1" 403 1242 "-" "WordPress/6.8; https://dangroup.sa"
40.127.130.26 - - [12/Jul/2025:11:57:33 -0400] "GET /about.php HTTP/1.1" 404 23129 "-" "-"
136.243.228.194 - - [12/Jul/2025:11:57:35 -0400] "GET /54tbzgh33077.html HTTP/1.1" 404 23127 "-" "Mozilla/5.0 (compatible; DataForSeoBot/1.0; +https://dataforseo.com/dataforseo-bot)"
40.127.130.26 - - [12/Jul/2025:11:57:39 -0400] "GET /admin.php HTTP/1.1" 404 23127 "-" "-"
136.243.228.194 - - [12/Jul/2025:11:57:43 -0400] "GET /items/butsg191/24953?key=estate HTTP/1.1" 404 23129 "-" "Mozilla/5.0 (compatible; DataForSeoBot/1.0; +https://dataforseo.com/dataforseo-bot)"
40.127.130.26 - - [12/Jul/2025:11:57:44 -0400] "GET /wp-content/plugins/admin.php HTTP/1.1" 404 23127 "-" "-"
66.249.68.131 - - [12/Jul/2025:11:57:51 -0400] "GET /174dzb36357.html HTTP/1.1" 200 86905 "-" "Mozilla/5.0 (Linux; Android 6.0.1; Nexus 5X Build/MMB29P) AppleWebKit/537.36 (KHTML, like Gecko) Chrome/137.0.7151.103 Mobile Safari/537.36 (compatible; Googlebot/2.1; +http://www.google.com/bot.html)"
136.243.228.194 - - [12/Jul/2025:11:57:49 -0400] "GET /items/cmkwt108/6444?key=wedding HTTP/1.1" 404 23129 "-" "Mozilla/5.0 (compatible; DataForSeoBot/1.0; +https://dataforseo.com/dataforseo-bot)"
40.127.130.26 - - [12/Jul/2025:11:57:49 -0400] "GET /wp-content/db-cache.php HTTP/1.1" 404 23127 "-" "-"
40.127.130.26 - - [12/Jul/2025:11:57:54 -0400] "GET /wp-content/themes/twentyeleven/functions.php HTTP/1.1" 404 23129 "-" "-"
136.243.228.194 - - [12/Jul/2025:11:57:55 -0400] "GET /items/xfsiu12/37940?key=routine HTTP/1.1" 404 23127 "-" "Mozilla/5.0 (compatible; DataForSeoBot/1.0; +https://dataforseo.com/dataforseo-bot)"
40.127.130.26 - - [12/Jul/2025:11:58:02 -0400] "GET /wp-content/themes/oceanwp/functions.php HTTP/1.1" 404 23127 "-" "-"
40.77.167.159 - - [12/Jul/2025:11:58:12 -0400] "GET /jtrgdid27868epristipomatidae HTTP/1.1" 200 17 "-" "Mozilla/5.0 AppleWebKit/537.36 (KHTML, like Gecko; compatible; bingbot/2.0; +http://www.bing.com/bingbot.htm) Chrome/116.0.1938.76 Safari/537.36"
136.243.228.194 - - [12/Jul/2025:11:58:06 -0400] "GET /items/koauc273/40785?key=blanket HTTP/1.1" 404 23129 "-" "Mozilla/5.0 (compatible; DataForSeoBot/1.0; +https://dataforseo.com/dataforseo-bot)"
40.127.130.26 - - [12/Jul/2025:11:58:10 -0400] "GET /wp-content/themes/twentythirteen/functions.php HTTP/1.1" 404 23127 "-" "-"
136.243.228.194 - - [12/Jul/2025:11:58:17 -0400] "GET /91lpms30030.html HTTP/1.1" 404 23129 "-" "Mozilla/5.0 (compatible; DataForSeoBot/1.0; +https://dataforseo.com/dataforseo-bot)"
40.127.130.26 - - [12/Jul/2025:11:58:20 -0400] "GET /wp-content/themes/kadence/functions.php HTTP/1.1" 404 23127 "-" "-"
136.243.228.194 - - [12/Jul/2025:11:58:28 -0400] "GET /items/jqfgd285/5039?key=retail HTTP/1.1" 404 23129 "-" "Mozilla/5.0 (compatible; DataForSeoBot/1.0; +https://dataforseo.com/dataforseo-bot)"
40.127.130.26 - - [12/Jul/2025:11:58:30 -0400] "GET /wp-content/themes/twentytwenty/functions.php HTTP/1.1" 404 23129 "-" "-"
66.29.146.47 - - [12/Jul/2025:11:58:37 -0400] "POST /wp-cron.php?doing_wp_cron=1752335916.7678380012512207031250 HTTP/1.1" 403 1242 "-" "WordPress/6.8; https://dangroup.sa"
66.29.146.47 - - [12/Jul/2025:11:58:37 -0400] "POST /wp-cron.php?doing_wp_cron=1752335916.8623640537261962890625 HTTP/1.1" 403 1242 "-" "WordPress/6.8; https://dangroup.sa"
40.127.130.26 - - [12/Jul/2025:11:58:36 -0400] "GET /content.php HTTP/1.1" 404 23127 "-" "-"
136.243.228.194 - - [12/Jul/2025:11:58:36 -0400] "GET /140difw19833.html HTTP/1.1" 404 23129 "-" "Mozilla/5.0 (compatible; DataForSeoBot/1.0; +https://dataforseo.com/dataforseo-bot)"
40.127.130.26 - - [12/Jul/2025:11:58:41 -0400] "GET /wp-content/plugins/not/includes/about.php HTTP/1.1" 404 23127 "-" "-"
136.243.228.194 - - [12/Jul/2025:11:58:42 -0400] "GET /items/bbhsx39/11981?key=historic HTTP/1.1" 404 23129 "-" "Mozilla/5.0 (compatible; DataForSeoBot/1.0; +https://dataforseo.com/dataforseo-bot)"
40.127.130.26 - - [12/Jul/2025:11:58:47 -0400] "GET /wp-content/plugins/simple/simple.php HTTP/1.1" 404 23129 "-" "-"
136.243.228.194 - - [12/Jul/2025:11:58:52 -0400] "GET /items/zyhce228/44134?key=nose HTTP/1.1" 404 23127 "-" "Mozilla/5.0 (compatible; DataForSeoBot/1.0; +https://dataforseo.com/dataforseo-bot)"
40.127.130.26 - - [12/Jul/2025:11:58:54 -0400] "GET /wp-content/plugins/wp-theme-editor/include.php HTTP/1.1" 404 23129 "-" "-"
40.127.130.26 - - [12/Jul/2025:11:59:01 -0400] "GET /wp-content/themes/aahana/json.php HTTP/1.1" 404 23127 "-" "-"
69.197.182.50 - - [12/Jul/2025:11:59:06 -0400] "GET /wp-content/install.php HTTP/1.1" 200 10 "https://dangroup.sa/wp-content/install.php" "Mozilla/5.0 (Windows NT 10.0; Win64; x64) AppleWebKit/537.36 (KHTML, like Gecko) Chrome/58.0.3029.110 Safari/537.3"
136.243.228.194 - - [12/Jul/2025:11:59:02 -0400] "GET /items/brqxc218/34796?key=reward HTTP/1.1" 404 23127 "-" "Mozilla/5.0 (compatible; DataForSeoBot/1.0; +https://dataforseo.com/dataforseo-bot)"
40.127.130.26 - - [12/Jul/2025:11:59:06 -0400] "GET /wp-content/plugins/awesome-coming-soon/come.php HTTP/1.1" 404 23127 "-" "-"
136.243.228.194 - - [12/Jul/2025:11:59:10 -0400] "GET /items/adgab100/15302?key=surveillance HTTP/1.1" 404 23127 "-" "Mozilla/5.0 (compatible; DataForSeoBot/1.0; +https://dataforseo.com/dataforseo-bot)"
40.127.130.26 - - [12/Jul/2025:11:59:12 -0400] "GET /wp-content/plugins/wp-conflg.php HTTP/1.1" 404 23127 "-" "-"
136.243.228.194 - - [12/Jul/2025:11:59:19 -0400] "GET /items/bspqe174/43696?key=merely HTTP/1.1" 404 23127 "-" "Mozilla/5.0 (compatible; DataForSeoBot/1.0; +https://dataforseo.com/dataforseo-bot)"
40.127.130.26 - - [12/Jul/2025:11:59:19 -0400] "GET /wp-includes/Requests/about.php HTTP/1.1" 404 23127 "-" "-"
40.127.130.26 - - [12/Jul/2025:11:59:26 -0400] "GET /wp-includes/style-engine/about.php HTTP/1.1" 404 23127 "-" "-"
136.243.228.194 - - [12/Jul/2025:11:59:27 -0400] "GET /269cks20952.html HTTP/1.1" 404 23127 "-" "Mozilla/5.0 (compatible; DataForSeoBot/1.0; +https://dataforseo.com/dataforseo-bot)"
66.29.146.47 - - [12/Jul/2025:11:59:37 -0400] "POST /wp-cron.php?doing_wp_cron=1752335977.7409460544586181640625 HTTP/1.1" 403 1242 "-" "WordPress/6.8; https://dangroup.sa"
40.127.130.26 - - [12/Jul/2025:11:59:34 -0400] "GET /wp-includes/rest-api/about.php HTTP/1.1" 404 23127 "-" "-"
136.243.228.194 - - [12/Jul/2025:11:59:36 -0400] "GET /127xkrw18968.html HTTP/1.1" 404 23127 "-" "Mozilla/5.0 (compatible; DataForSeoBot/1.0; +https://dataforseo.com/dataforseo-bot)"
40.127.130.26 - - [12/Jul/2025:11:59:41 -0400] "GET /wp-includes/SimplePie/about.php HTTP/1.1" 404 23127 "-" "-"
136.243.228.194 - - [12/Jul/2025:11:59:44 -0400] "GET /items/vtyhh195/23997?key=lost HTTP/1.1" 404 23127 "-" "Mozilla/5.0 (compatible; DataForSeoBot/1.0; +https://dataforseo.com/dataforseo-bot)"
40.127.130.26 - - [12/Jul/2025:11:59:46 -0400] "GET /wp-content/banners/about.php HTTP/1.1" 404 23127 "-" "-"
136.243.228.194 - - [12/Jul/2025:11:59:51 -0400] "GET /136bwnqt22027.html HTTP/1.1" 404 23129 "-" "Mozilla/5.0 (compatible; DataForSeoBot/1.0; +https://dataforseo.com/dataforseo-bot)"
40.127.130.26 - - [12/Jul/2025:11:59:51 -0400] "GET /wp-content/about.php HTTP/1.1" 404 23127 "-" "-"
40.127.130.26 - - [12/Jul/2025:11:59:56 -0400] "GET /.well-known/about.php HTTP/1.1" 404 23127 "-" "-"
136.243.228.194 - - [12/Jul/2025:11:59:56 -0400] "GET /items/daznb164/17292?key=habitat HTTP/1.1" 404 23127 "-" "Mozilla/5.0 (compatible; DataForSeoBot/1.0; +https://dataforseo.com/dataforseo-bot)"
40.127.130.26 - - [12/Jul/2025:12:00:02 -0400] "GET /wp-includes/Text/about.php HTTP/1.1" 404 23127 "-" "-"
136.243.228.194 - - [12/Jul/2025:12:00:06 -0400] "GET /items/tiwrq197/34889?key=Congress HTTP/1.1" 404 23127 "-" "Mozilla/5.0 (compatible; DataForSeoBot/1.0; +https://dataforseo.com/dataforseo-bot)"
47.82.60.39 - - [12/Jul/2025:12:00:12 -0400] "GET /items/pncgv163/23305?key=club HTTP/1.1" 301 0 "https://www.dangroup.sa/items/pncgv163/23305?key=club" "Mozilla/5.0 (Windows NT 10.0; Win64; x64) AppleWebKit/537.36 (KHTML, like Gecko) Chrome/114.0.0.0 Safari/537.36 Edg/114.0.1823.43"
66.249.79.136 - - [12/Jul/2025:12:00:21 -0400] "GET /items/befnl52/890?key=majority HTTP/1.1" 200 87830 "-" "Mozilla/5.0 (Linux; Android 6.0.1; Nexus 5X Build/MMB29P) AppleWebKit/537.36 (KHTML, like Gecko) Chrome/137.0.7151.103 Mobile Safari/537.36 (compatible; Googlebot/2.1; +http://www.google.com/bot.html)"
40.127.130.26 - - [12/Jul/2025:12:00:12 -0400] "GET /wp-includes/ID3/about.php HTTP/1.1" 404 23129 "-" "-"
47.82.60.39 - - [12/Jul/2025:12:00:15 -0400] "GET /items/pncgv163/23305?key=club HTTP/1.1" 404 23127 "https://www.dangroup.sa/items/pncgv163/23305?key=club" "Mozilla/5.0 (Windows NT 10.0; Win64; x64) AppleWebKit/537.36 (KHTML, like Gecko) Chrome/114.0.0.0 Safari/537.36 Edg/114.0.1823.43"
136.243.228.194 - - [12/Jul/2025:12:00:16 -0400] "GET /221ngzie5284.html HTTP/1.1" 404 23127 "-" "Mozilla/5.0 (compatible; DataForSeoBot/1.0; +https://dataforseo.com/dataforseo-bot)"
40.127.130.26 - - [12/Jul/2025:12:00:25 -0400] "GET /img/about.php HTTP/1.1" 404 23127 "-" "-"
47.82.60.22 - - [12/Jul/2025:12:00:24 -0400] "GET /48zld1793.html HTTP/1.1" 404 23129 "https://dangroup.sa/48zld1793.html" "Mozilla/5.0 (Windows NT 10.0; Win64; x64) AppleWebKit/537.36 (KHTML, like Gecko) Chrome/114.0.0.0 Safari/537.36 Edg/114.0.1823.43"
66.29.146.47 - - [12/Jul/2025:12:00:42 -0400] "POST /wp-cron.php?doing_wp_cron=1752336042.4529271125793457031250 HTTP/1.1" 403 1242 "-" "WordPress/6.8; https://dangroup.sa"
136.243.228.194 - - [12/Jul/2025:12:00:31 -0400] "GET /154ecfus35967.html HTTP/1.1" 404 23127 "-" "Mozilla/5.0 (compatible; DataForSeoBot/1.0; +https://dataforseo.com/dataforseo-bot)"
47.82.60.45 - - [12/Jul/2025:12:00:45 -0400] "GET /pcmypage?callback=product/review/hirochishop-g5-00197 HTTP/1.1" 301 0 "https://www.dangroup.sa/pcmypage?callback=product/review/hirochishop-g5-00197" "Mozilla/5.0 (Windows NT 10.0; Win64; x64) AppleWebKit/537.36 (KHTML, like Gecko) Chrome/114.0.0.0 Safari/537.36 Edg/114.0.1823.43"
40.127.130.26 - - [12/Jul/2025:12:00:40 -0400] "GET /wp-content/languages/about.php HTTP/1.1" 404 23127 "-" "-"
136.243.228.194 - - [12/Jul/2025:12:00:46 -0400] "GET /items/cegol127/10729?key=helpful HTTP/1.1" 404 23129 "-" "Mozilla/5.0 (compatible; DataForSeoBot/1.0; +https://dataforseo.com/dataforseo-bot)"
47.82.60.45 - - [12/Jul/2025:12:00:48 -0400] "GET /pcmypage?callback=product/review/hirochishop-g5-00197 HTTP/1.1" 404 23127 "https://www.dangroup.sa/pcmypage?callback=product/review/hirochishop-g5-00197" "Mozilla/5.0 (Windows NT 10.0; Win64; x64) AppleWebKit/537.36 (KHTML, like Gecko) Chrome/114.0.0.0 Safari/537.36 Edg/114.0.1823.43"
40.127.130.26 - - [12/Jul/2025:12:00:51 -0400] "GET /wp-includes/customize/about.php HTTP/1.1" 404 23127 "-" "-"
136.243.228.194 - - [12/Jul/2025:12:01:01 -0400] "GET /199iwzpt20994.html HTTP/1.1" 404 23127 "-" "Mozilla/5.0 (compatible; DataForSeoBot/1.0; +https://dataforseo.com/dataforseo-bot)"
40.127.130.26 - - [12/Jul/2025:12:01:05 -0400] "GET /wp-includes.bak/html-api/about.php HTTP/1.1" 404 23127 "-" "-"
47.82.60.63 - - [12/Jul/2025:12:01:11 -0400] "GET /items/unxbc157/19839?key=salad HTTP/1.1" 404 23129 "https://dangroup.sa/items/unxbc157/19839?key=salad" "Mozilla/5.0 (Windows NT 10.0; Win64; x64) AppleWebKit/537.36 (KHTML, like Gecko) Chrome/114.0.0.0 Safari/537.36 Edg/114.0.1823.43"
47.82.60.1 - - [12/Jul/2025:12:01:24 -0400] "GET /pcmypage?callback=product/detail/yumenokoya-c02-ds-2299291 HTTP/1.1" 301 0 "https://www.dangroup.sa/pcmypage?callback=product%2Fdetail%2Fyumenokoya-c02-ds-2299291" "Mozilla/5.0 (Windows NT 10.0; Win64; x64) AppleWebKit/537.36 (KHTML, like Gecko) Chrome/114.0.0.0 Safari/537.36 Edg/114.0.1823.43"
136.243.228.194 - - [12/Jul/2025:12:01:14 -0400] "GET /182zkh40395.html HTTP/1.1" 404 23127 "-" "Mozilla/5.0 (compatible; DataForSeoBot/1.0; +https://dataforseo.com/dataforseo-bot)"
40.127.130.26 - - [12/Jul/2025:12:01:15 -0400] "GET /wp-includes/widgets/about.php HTTP/1.1" 404 23129 "-" "-"
47.82.60.1 - - [12/Jul/2025:12:01:28 -0400] "GET /pcmypage?callback=product/detail/yumenokoya-c02-ds-2299291 HTTP/1.1" 404 23127 "https://www.dangroup.sa/pcmypage?callback=product%2Fdetail%2Fyumenokoya-c02-ds-2299291" "Mozilla/5.0 (Windows NT 10.0; Win64; x64) AppleWebKit/537.36 (KHTML, like Gecko) Chrome/114.0.0.0 Safari/537.36 Edg/114.0.1823.43"
40.127.130.26 - - [12/Jul/2025:12:01:29 -0400] "GET /wp-includes/IXR/about.php HTTP/1.1" 404 23127 "-" "-"
40.127.130.26 - - [12/Jul/2025:12:01:40 -0400] "GET /wp-admin/js/about.php HTTP/1.1" 404 23127 "-" "-"
40.127.130.26 - - [12/Jul/2025:12:01:45 -0400] "GET /.well-known/pki-validation/about.php HTTP/1.1" 404 1251 "-" "-"
66.29.146.47 - - [12/Jul/2025:12:01:46 -0400] "POST /wp-cron.php?doing_wp_cron=1752336106.2568969726562500000000 HTTP/1.1" 403 1242 "-" "WordPress/6.8; https://dangroup.sa"
40.127.130.26 - - [12/Jul/2025:12:01:45 -0400] "GET /wp-includes/pomo/about.php HTTP/1.1" 404 23127 "-" "-"
47.82.60.41 - - [12/Jul/2025:12:01:51 -0400] "GET /items/cqroa44/50?key=stack HTTP/1.1" 301 0 "https://www.dangroup.sa/items/cqroa44/50?key=stack" "Mozilla/5.0 (Windows NT 10.0; Win64; x64) AppleWebKit/537.36 (KHTML, like Gecko) Chrome/114.0.0.0 Safari/537.36 Edg/114.0.1823.43"
66.249.68.129 - - [12/Jul/2025:12:01:56 -0400] "GET /items/ldaur262/27816?key=behavioral HTTP/1.1" 200 86548 "-" "Mozilla/5.0 (Linux; Android 6.0.1; Nexus 5X Build/MMB29P) AppleWebKit/537.36 (KHTML, like Gecko) Chrome/137.0.7151.103 Mobile Safari/537.36 (compatible; Googlebot/2.1; +http://www.google.com/bot.html)"
40.127.130.26 - - [12/Jul/2025:12:01:52 -0400] "GET /wp-includes/block-patterns/about.php HTTP/1.1" 404 23127 "-" "-"
47.82.60.41 - - [12/Jul/2025:12:01:55 -0400] "GET /items/cqroa44/50?key=stack HTTP/1.1" 404 23129 "https://www.dangroup.sa/items/cqroa44/50?key=stack" "Mozilla/5.0 (Windows NT 10.0; Win64; x64) AppleWebKit/537.36 (KHTML, like Gecko) Chrome/114.0.0.0 Safari/537.36 Edg/114.0.1823.43"
47.82.60.30 - - [12/Jul/2025:12:02:04 -0400] "GET /pcmypage?callback=product/detail/hcvalor-eshop-trusco-8303584 HTTP/1.1" 301 0 "https://www.dangroup.sa/pcmypage?callback=product%2Fdetail%2Fhcvalor-eshop-trusco-8303584" "Mozilla/5.0 (Windows NT 10.0; Win64; x64) AppleWebKit/537.36 (KHTML, like Gecko) Chrome/114.0.0.0 Safari/537.36 Edg/114.0.1823.43"
40.127.130.26 - - [12/Jul/2025:12:02:01 -0400] "GET /wp-content/updraft/about.php HTTP/1.1" 404 23127 "-" "-"
136.243.228.194 - - [12/Jul/2025:12:02:05 -0400] "GET /items/hbjug129/44227?key=consistently HTTP/1.1" 404 23127 "-" "Mozilla/5.0 (compatible; DataForSeoBot/1.0; +https://dataforseo.com/dataforseo-bot)"
47.82.60.30 - - [12/Jul/2025:12:02:08 -0400] "GET /pcmypage?callback=product/detail/hcvalor-eshop-trusco-8303584 HTTP/1.1" 404 23127 "https://www.dangroup.sa/pcmypage?callback=product%2Fdetail%2Fhcvalor-eshop-trusco-8303584" "Mozilla/5.0 (Windows NT 10.0; Win64; x64) AppleWebKit/537.36 (KHTML, like Gecko) Chrome/114.0.0.0 Safari/537.36 Edg/114.0.1823.43"
40.127.130.26 - - [12/Jul/2025:12:02:15 -0400] "GET /wp-content/upgrade-temp-backup/about.php HTTP/1.1" 200 0 "-" "-"
47.82.60.50 - - [12/Jul/2025:12:02:11 -0400] "GET /items/ffbvd60/26606?key=fist HTTP/1.1" 404 23129 "https://dangroup.sa/items/ffbvd60/26606?key=fist" "Mozilla/5.0 (Windows NT 10.0; Win64; x64) AppleWebKit/537.36 (KHTML, like Gecko) Chrome/114.0.0.0 Safari/537.36 Edg/114.0.1823.43"
47.82.60.60 - - [12/Jul/2025:12:02:13 -0400] "GET /90usmi42625.html HTTP/1.1" 404 23129 "https://dangroup.sa/90usmi42625.html" "Mozilla/5.0 (Windows NT 10.0; Win64; x64) AppleWebKit/537.36 (KHTML, like Gecko) Chrome/114.0.0.0 Safari/537.36 Edg/114.0.1823.43"
47.82.60.54 - - [12/Jul/2025:12:02:15 -0400] "GET /234yrf1223.html HTTP/1.1" 404 23127 "https://dangroup.sa/234yrf1223.html" "Mozilla/5.0 (Windows NT 10.0; Win64; x64) AppleWebKit/537.36 (KHTML, like Gecko) Chrome/114.0.0.0 Safari/537.36 Edg/114.0.1823.43"
47.82.60.7 - - [12/Jul/2025:12:02:22 -0400] "GET /items/ahkfu74/18102?key=bike HTTP/1.1" 404 23127 "https://dangroup.sa/items/ahkfu74/18102?key=bike" "Mozilla/5.0 (Windows NT 10.0; Win64; x64) AppleWebKit/537.36 (KHTML, like Gecko) Chrome/114.0.0.0 Safari/537.36 Edg/114.0.1823.43"
40.127.130.26 - - [12/Jul/2025:12:02:31 -0400] "GET /wp-content/themes/about.php HTTP/1.1" 200 0 "-" "-"
136.243.228.194 - - [12/Jul/2025:12:02:24 -0400] "GET /items/wdqhx124/37706?key=justify HTTP/1.1" 404 23127 "-" "Mozilla/5.0 (compatible; DataForSeoBot/1.0; +https://dataforseo.com/dataforseo-bot)"
66.29.146.47 - - [12/Jul/2025:12:02:48 -0400] "POST /wp-cron.php?doing_wp_cron=1752336167.8492679595947265625000 HTTP/1.1" 403 1242 "-" "WordPress/6.8; https://dangroup.sa"
136.243.228.194 - - [12/Jul/2025:12:02:48 -0400] "GET /items/tabky33/26915?key=process HTTP/1.1" 404 23129 "-" "Mozilla/5.0 (compatible; DataForSeoBot/1.0; +https://dataforseo.com/dataforseo-bot)"
40.127.130.26 - - [12/Jul/2025:12:02:46 -0400] "GET /wp-admin/includes/about.php HTTP/1.1" 404 23127 "-" "-"
40.127.130.26 - - [12/Jul/2025:12:02:59 -0400] "GET /images/about.php HTTP/1.1" 404 23127 "-" "-"
136.243.228.194 - - [12/Jul/2025:12:02:59 -0400] "GET /items/nguwz28/832?key=flight HTTP/1.1" 404 23127 "-" "Mozilla/5.0 (compatible; DataForSeoBot/1.0; +https://dataforseo.com/dataforseo-bot)"
40.127.130.26 - - [12/Jul/2025:12:03:09 -0400] "GET /wp-content/blogs.dir/about.php HTTP/1.1" 404 23129 "-" "-"
136.243.228.194 - - [12/Jul/2025:12:03:11 -0400] "GET /items/ifilh293/23619?key=naval HTTP/1.1" 404 23127 "-" "Mozilla/5.0 (compatible; DataForSeoBot/1.0; +https://dataforseo.com/dataforseo-bot)"
40.127.130.26 - - [12/Jul/2025:12:03:14 -0400] "GET /wp-includes/images/about.php HTTP/1.1" 404 23127 "-" "-"
136.243.228.194 - - [12/Jul/2025:12:03:20 -0400] "GET /255sefg33904.html HTTP/1.1" 404 23127 "-" "Mozilla/5.0 (compatible; DataForSeoBot/1.0; +https://dataforseo.com/dataforseo-bot)"
40.127.130.26 - - [12/Jul/2025:12:03:26 -0400] "GET /wp-includes/about.php HTTP/1.1" 404 23127 "-" "-"
136.243.228.194 - - [12/Jul/2025:12:03:34 -0400] "GET /items/jjzdl92/32282?key=detective HTTP/1.1" 404 23127 "-" "Mozilla/5.0 (compatible; DataForSeoBot/1.0; +https://dataforseo.com/dataforseo-bot)"
66.29.146.47 - - [12/Jul/2025:12:03:49 -0400] "POST /wp-cron.php?doing_wp_cron=1752336228.9531409740447998046875 HTTP/1.1" 403 1242 "-" "WordPress/6.8; https://dangroup.sa"
40.127.130.26 - - [12/Jul/2025:12:03:38 -0400] "GET /cgi-bin/about.php HTTP/1.1" 404 23127 "-" "-"
136.243.228.194 - - [12/Jul/2025:12:03:46 -0400] "GET /144bwjwu8935.html HTTP/1.1" 404 23127 "-" "Mozilla/5.0 (compatible; DataForSeoBot/1.0; +https://dataforseo.com/dataforseo-bot)"
40.127.130.26 - - [12/Jul/2025:12:03:49 -0400] "GET /wp-content/gallery/about.php HTTP/1.1" 404 23129 "-" "-"
136.243.228.194 - - [12/Jul/2025:12:03:59 -0400] "GET /items/zxioh110/5776?key=operate HTTP/1.1" 404 23129 "-" "Mozilla/5.0 (compatible; DataForSeoBot/1.0; +https://dataforseo.com/dataforseo-bot)"
40.127.130.26 - - [12/Jul/2025:12:04:01 -0400] "GET /wp-includes/blocks/about.php HTTP/1.1" 404 23129 "-" "-"
136.243.228.194 - - [12/Jul/2025:12:04:12 -0400] "GET /items/hzbdi49/37789?key=bull HTTP/1.1" 404 23127 "-" "Mozilla/5.0 (compatible; DataForSeoBot/1.0; +https://dataforseo.com/dataforseo-bot)"
40.127.130.26 - - [12/Jul/2025:12:04:12 -0400] "GET /wp-admin/css/about.php HTTP/1.1" 404 23127 "-" "-"
136.243.228.194 - - [12/Jul/2025:12:04:24 -0400] "GET /161bekd768.html HTTP/1.1" 404 23129 "-" "Mozilla/5.0 (compatible; DataForSeoBot/1.0; +https://dataforseo.com/dataforseo-bot)"
40.127.130.26 - - [12/Jul/2025:12:04:23 -0400] "GET /wp-admin/images/about.php HTTP/1.1" 404 23127 "-" "-"
40.127.130.26 - - [12/Jul/2025:12:04:34 -0400] "GET /.well-known/pki-validation/cloud.php HTTP/1.1" 404 1251 "-" "-"
136.243.228.194 - - [12/Jul/2025:12:04:34 -0400] "GET /292kilv25101.html HTTP/1.1" 404 23129 "-" "Mozilla/5.0 (compatible; DataForSeoBot/1.0; +https://dataforseo.com/dataforseo-bot)"
40.127.130.26 - - [12/Jul/2025:12:04:34 -0400] "GET /.well-known/acme-challenge/cloud.php HTTP/1.1" 404 23127 "-" "-"
136.243.228.194 - - [12/Jul/2025:12:04:41 -0400] "GET /139jwttw32680.html HTTP/1.1" 404 23129 "-" "Mozilla/5.0 (compatible; DataForSeoBot/1.0; +https://dataforseo.com/dataforseo-bot)"
40.127.130.26 - - [12/Jul/2025:12:04:42 -0400] "GET /wp-admin/network/cloud.php HTTP/1.1" 404 23127 "-" "-"
66.29.146.47 - - [12/Jul/2025:12:04:54 -0400] "POST /wp-cron.php?doing_wp_cron=1752336293.8580880165100097656250 HTTP/1.1" 403 1242 "-" "WordPress/6.8; https://dangroup.sa"
66.29.146.47 - - [12/Jul/2025:12:04:54 -0400] "POST /wp-cron.php?doing_wp_cron=1752336294.7480831146240234375000 HTTP/1.1" 403 1242 "-" "WordPress/6.8; https://dangroup.sa"
40.127.130.26 - - [12/Jul/2025:12:04:52 -0400] "GET /cloud.php HTTP/1.1" 404 23127 "-" "-"
136.243.228.194 - - [12/Jul/2025:12:04:53 -0400] "GET /255sdr21458.html HTTP/1.1" 404 23127 "-" "Mozilla/5.0 (compatible; DataForSeoBot/1.0; +https://dataforseo.com/dataforseo-bot)"
40.127.130.26 - - [12/Jul/2025:12:05:03 -0400] "GET /cgi-bin/cloud.php HTTP/1.1" 404 23127 "-" "-"
136.243.228.194 - - [12/Jul/2025:12:05:06 -0400] "GET /items/wcbvt185/13291?key=drama HTTP/1.1" 404 23127 "-" "Mozilla/5.0 (compatible; DataForSeoBot/1.0; +https://dataforseo.com/dataforseo-bot)"
40.127.130.26 - - [12/Jul/2025:12:05:14 -0400] "GET /wp-content/updates.php HTTP/1.1" 404 23129 "-" "-"
136.243.228.194 - - [12/Jul/2025:12:05:18 -0400] "GET /items/bdbcd105/23005?key=limit HTTP/1.1" 404 23127 "-" "Mozilla/5.0 (compatible; DataForSeoBot/1.0; +https://dataforseo.com/dataforseo-bot)"
40.127.130.26 - - [12/Jul/2025:12:05:23 -0400] "GET /css/cloud.php HTTP/1.1" 404 23127 "-" "-"
136.243.228.194 - - [12/Jul/2025:12:05:26 -0400] "GET /111eyy34098.html HTTP/1.1" 404 23127 "-" "Mozilla/5.0 (compatible; DataForSeoBot/1.0; +https://dataforseo.com/dataforseo-bot)"
40.127.130.26 - - [12/Jul/2025:12:05:27 -0400] "GET /wp-admin/user/cloud.php HTTP/1.1" 404 23127 "-" "-"
66.249.68.129 - - [12/Jul/2025:12:05:47 -0400] "GET /238vlw44069.html HTTP/1.1" 200 87306 "-" "Mozilla/5.0 (Linux; Android 6.0.1; Nexus 5X Build/MMB29P) AppleWebKit/537.36 (KHTML, like Gecko) Chrome/137.0.7151.103 Mobile Safari/537.36 (compatible; Googlebot/2.1; +http://www.google.com/bot.html)"
40.127.130.26 - - [12/Jul/2025:12:05:40 -0400] "GET /img/cloud.php HTTP/1.1" 200 0 "-" "-"
136.243.228.194 - - [12/Jul/2025:12:05:38 -0400] "GET /items/dnklk261/28069?key=chair HTTP/1.1" 404 23127 "-" "Mozilla/5.0 (compatible; DataForSeoBot/1.0; +https://dataforseo.com/dataforseo-bot)"
66.29.146.47 - - [12/Jul/2025:12:05:59 -0400] "POST /wp-cron.php?doing_wp_cron=1752336359.0421319007873535156250 HTTP/1.1" 403 1242 "-" "WordPress/6.8; https://dangroup.sa"
66.29.146.47 - - [12/Jul/2025:12:06:01 -0400] "POST /wp-cron.php?doing_wp_cron=1752336361.1461350917816162109375 HTTP/1.1" 403 1242 "-" "WordPress/6.8; https://dangroup.sa"
40.127.130.26 - - [12/Jul/2025:12:05:55 -0400] "GET /wp-admin/css/colors/coffee/cloud.php HTTP/1.1" 200 0 "-" "-"
136.243.228.194 - - [12/Jul/2025:12:05:58 -0400] "GET /106yqlt25773.html HTTP/1.1" 404 23308 "-" "Mozilla/5.0 (compatible; DataForSeoBot/1.0; +https://dataforseo.com/dataforseo-bot)"
40.127.130.26 - - [12/Jul/2025:12:06:10 -0400] "GET /wp-admin/images/cloud.php HTTP/1.1" 404 23127 "-" "-"
136.243.228.194 - - [12/Jul/2025:12:06:16 -0400] "GET /items/froxn154/41776?key=profile HTTP/1.1" 404 23129 "-" "Mozilla/5.0 (compatible; DataForSeoBot/1.0; +https://dataforseo.com/dataforseo-bot)"
40.127.130.26 - - [12/Jul/2025:12:06:23 -0400] "GET /avaa.php HTTP/1.1" 404 23127 "-" "-"
136.243.228.194 - - [12/Jul/2025:12:06:30 -0400] "GET /170ffrj30551.html HTTP/1.1" 404 23129 "-" "Mozilla/5.0 (compatible; DataForSeoBot/1.0; +https://dataforseo.com/dataforseo-bot)"
40.127.130.26 - - [12/Jul/2025:12:06:33 -0400] "GET /images/cloud.php HTTP/1.1" 404 23127 "-" "-"
136.243.228.194 - - [12/Jul/2025:12:06:45 -0400] "GET /items/xcjij250/32484?key=dense HTTP/1.1" 404 23129 "-" "Mozilla/5.0 (compatible; DataForSeoBot/1.0; +https://dataforseo.com/dataforseo-bot)"
40.127.130.26 - - [12/Jul/2025:12:06:45 -0400] "GET /wp-admin/js/widgets/cloud.php HTTP/1.1" 404 23127 "-" "-"
136.243.228.194 - - [12/Jul/2025:12:06:57 -0400] "GET /items/wfsfc14/26582?key=impossible HTTP/1.1" 404 23129 "-" "Mozilla/5.0 (compatible; DataForSeoBot/1.0; +https://dataforseo.com/dataforseo-bot)"
40.127.130.26 - - [12/Jul/2025:12:06:58 -0400] "GET /wp-includes/Requests/Text/admin.php HTTP/1.1" 404 23127 "-" "-"
66.29.146.47 - - [12/Jul/2025:12:07:11 -0400] "POST /wp-cron.php?doing_wp_cron=1752336431.0617730617523193359375 HTTP/1.1" 403 1242 "-" "WordPress/6.8; https://dangroup.sa"
66.29.146.47 - - [12/Jul/2025:12:07:11 -0400] "POST /wp-cron.php?doing_wp_cron=1752336431.3711199760437011718750 HTTP/1.1" 403 1242 "-" "WordPress/6.8; https://dangroup.sa"
136.243.228.194 - - [12/Jul/2025:12:07:08 -0400] "GET /6lofye1449.html HTTP/1.1" 404 23129 "-" "Mozilla/5.0 (compatible; DataForSeoBot/1.0; +https://dataforseo.com/dataforseo-bot)"
40.127.130.26 - - [12/Jul/2025:12:07:08 -0400] "GET /wp-admin/css/colors/cloud.php HTTP/1.1" 404 23127 "-" "-"
66.249.68.133 - - [12/Jul/2025:12:07:30 -0400] "GET /items/jnuum92/808?key=shake HTTP/1.1" 200 86963 "-" "Mozilla/5.0 (Linux; Android 6.0.1; Nexus 5X Build/MMB29P) AppleWebKit/537.36 (KHTML, like Gecko) Chrome/137.0.7151.103 Mobile Safari/537.36 (compatible; Googlebot/2.1; +http://www.google.com/bot.html)"
136.243.228.194 - - [12/Jul/2025:12:07:22 -0400] "GET /166tzdrb2237.html HTTP/1.1" 404 23127 "-" "Mozilla/5.0 (compatible; DataForSeoBot/1.0; +https://dataforseo.com/dataforseo-bot)"
40.127.130.26 - - [12/Jul/2025:12:07:22 -0400] "GET /wp-admin/includes/cloud.php HTTP/1.1" 404 23127 "-" "-"
40.127.130.26 - - [12/Jul/2025:12:07:35 -0400] "GET /wp-admin/css/colors/blue/cloud.php HTTP/1.1" 404 23129 "-" "-"
136.243.228.194 - - [12/Jul/2025:12:07:36 -0400] "GET /169yynod40926.html HTTP/1.1" 404 23129 "-" "Mozilla/5.0 (compatible; DataForSeoBot/1.0; +https://dataforseo.com/dataforseo-bot)"
40.127.130.26 - - [12/Jul/2025:12:07:46 -0400] "GET /wp-admin/cloud.php HTTP/1.1" 404 23129 "-" "-"
136.243.228.194 - - [12/Jul/2025:12:07:49 -0400] "GET /19jlkm15942.html HTTP/1.1" 404 23127 "-" "Mozilla/5.0 (compatible; DataForSeoBot/1.0; +https://dataforseo.com/dataforseo-bot)"
40.127.130.26 - - [12/Jul/2025:12:07:57 -0400] "GET /updates.php HTTP/1.1" 404 23129 "-" "-"
136.243.228.194 - - [12/Jul/2025:12:08:01 -0400] "GET /222tfdj11159.html HTTP/1.1" 404 23127 "-" "Mozilla/5.0 (compatible; DataForSeoBot/1.0; +https://dataforseo.com/dataforseo-bot)"
40.127.130.26 - - [12/Jul/2025:12:08:04 -0400] "GET /libraries/legacy/updates.php HTTP/1.1" 404 23127 "-" "-"
66.29.146.47 - - [12/Jul/2025:12:08:14 -0400] "POST /wp-cron.php?doing_wp_cron=1752336494.1589779853820800781250 HTTP/1.1" 403 1242 "-" "WordPress/6.8; https://dangroup.sa"
136.243.228.194 - - [12/Jul/2025:12:08:11 -0400] "GET /62kwn32917.html HTTP/1.1" 404 23129 "-" "Mozilla/5.0 (compatible; DataForSeoBot/1.0; +https://dataforseo.com/dataforseo-bot)"
40.127.130.26 - - [12/Jul/2025:12:08:15 -0400] "GET /libraries/phpmailer/updates.php HTTP/1.1" 404 23129 "-" "-"
136.243.228.194 - - [12/Jul/2025:12:08:24 -0400] "GET /items/yrrsa273/15825?key=closet HTTP/1.1" 404 23129 "-" "Mozilla/5.0 (compatible; DataForSeoBot/1.0; +https://dataforseo.com/dataforseo-bot)"
40.127.130.26 - - [12/Jul/2025:12:08:25 -0400] "GET /libraries/vendor/updates.php HTTP/1.1" 404 23129 "-" "-"
136.243.228.194 - - [12/Jul/2025:12:08:30 -0400] "GET /items/kkwuf139/49567?key=analyst HTTP/1.1" 404 23127 "-" "Mozilla/5.0 (compatible; DataForSeoBot/1.0; +https://dataforseo.com/dataforseo-bot)"
40.127.130.26 - - [12/Jul/2025:12:08:31 -0400] "GET /alfa-rex.php7 HTTP/1.1" 404 23127 "-" "-"
40.127.130.26 - - [12/Jul/2025:12:08:39 -0400] "GET /alfanew.php HTTP/1.1" 404 23127 "-" "-"
136.243.228.194 - - [12/Jul/2025:12:08:40 -0400] "GET /170cdu16037.html HTTP/1.1" 404 23127 "-" "Mozilla/5.0 (compatible; DataForSeoBot/1.0; +https://dataforseo.com/dataforseo-bot)"
40.127.130.26 - - [12/Jul/2025:12:08:46 -0400] "GET /wp-content/plugins/Cache/Cache.php HTTP/1.1" 404 23127 "-" "-"
136.243.228.194 - - [12/Jul/2025:12:08:48 -0400] "GET /items/hugen78/13532?key=possession HTTP/1.1" 404 23127 "-" "Mozilla/5.0 (compatible; DataForSeoBot/1.0; +https://dataforseo.com/dataforseo-bot)"
40.127.130.26 - - [12/Jul/2025:12:08:54 -0400] "GET /wp-admin/js/widgets/about.php7 HTTP/1.1" 404 23127 "-" "-"
136.243.228.194 - - [12/Jul/2025:12:08:58 -0400] "GET /items/frnnn17/40631?key=folk HTTP/1.1" 404 23127 "-" "Mozilla/5.0 (compatible; DataForSeoBot/1.0; +https://dataforseo.com/dataforseo-bot)"
40.127.130.26 - - [12/Jul/2025:12:09:00 -0400] "GET /wp-p.php7 HTTP/1.1" 404 23129 "-" "-"
136.243.228.194 - - [12/Jul/2025:12:09:08 -0400] "GET /items/pdjaf270/41212?key=contributor HTTP/1.1" 404 23127 "-" "Mozilla/5.0 (compatible; DataForSeoBot/1.0; +https://dataforseo.com/dataforseo-bot)"
40.127.130.26 - - [12/Jul/2025:12:09:10 -0400] "GET /wp-admin/repeater.php HTTP/1.1" 404 23129 "-" "-"
66.29.146.47 - - [12/Jul/2025:12:09:18 -0400] "POST /wp-cron.php?doing_wp_cron=1752336558.3414950370788574218750 HTTP/1.1" 403 1242 "-" "WordPress/6.8; https://dangroup.sa"
136.243.228.194 - - [12/Jul/2025:12:09:17 -0400] "GET /items/wfvbr257/30537?key=foreign HTTP/1.1" 404 23129 "-" "Mozilla/5.0 (compatible; DataForSeoBot/1.0; +https://dataforseo.com/dataforseo-bot)"
40.127.130.26 - - [12/Jul/2025:12:09:18 -0400] "GET /wp-includes/repeater.php HTTP/1.1" 404 23127 "-" "-"
136.243.228.194 - - [12/Jul/2025:12:09:24 -0400] "GET /items/sdbix176/27440?key=for HTTP/1.1" 404 23127 "-" "Mozilla/5.0 (compatible; DataForSeoBot/1.0; +https://dataforseo.com/dataforseo-bot)"
40.127.130.26 - - [12/Jul/2025:12:09:25 -0400] "GET /wp-content/repeater.php HTTP/1.1" 404 23127 "-" "-"
40.127.130.26 - - [12/Jul/2025:12:09:32 -0400] "GET /wsoyanz.php HTTP/1.1" 404 23127 "-" "-"
136.243.228.194 - - [12/Jul/2025:12:09:32 -0400] "GET /items/hmlea12/31332?key=slope HTTP/1.1" 404 23127 "-" "Mozilla/5.0 (compatible; DataForSeoBot/1.0; +https://dataforseo.com/dataforseo-bot)"
40.127.130.26 - - [12/Jul/2025:12:09:36 -0400] "GET /yanz.php HTTP/1.1" 404 23127 "-" "-"
136.243.228.194 - - [12/Jul/2025:12:09:39 -0400] "GET /66kgqvo49871.html HTTP/1.1" 404 23129 "-" "Mozilla/5.0 (compatible; DataForSeoBot/1.0; +https://dataforseo.com/dataforseo-bot)"
40.127.130.26 - - [12/Jul/2025:12:09:41 -0400] "GET /wp-content/plugins/seoo/wsoyanz.php HTTP/1.1" 404 23127 "-" "-"
69.197.135.226 - - [12/Jul/2025:12:09:53 -0400] "GET /wp-content/install.php HTTP/1.1" 200 10 "https://dangroup.sa/wp-content/install.php" "Mozilla/5.0 (Windows NT 10.0; Win64; x64) AppleWebKit/537.36 (KHTML, like Gecko) Chrome/58.0.3029.110 Safari/537.3"
136.243.228.194 - - [12/Jul/2025:12:09:49 -0400] "GET /items/qpmxy32/20342?key=hike HTTP/1.1" 404 23127 "-" "Mozilla/5.0 (compatible; DataForSeoBot/1.0; +https://dataforseo.com/dataforseo-bot)"
40.127.130.26 - - [12/Jul/2025:12:09:49 -0400] "GET /wp-content/plugins/seoo/wsoyanz1.php HTTP/1.1" 404 23127 "-" "-"
193.151.189.64 - - [12/Jul/2025:12:09:58 -0400] "GET /wp-login.php HTTP/1.1" 200 3127 "-" "Mozilla/5.0 (Windows NT 10.0; Win64; x64) AppleWebKit/537.36 (KHTML, like Gecko) Chrome/115.0.0.0 Safari/537.36 Edg/115.0.1901.203"
193.151.189.64 - - [12/Jul/2025:12:10:02 -0400] "GET /wp-json/wp/v2/users HTTP/1.1" 200 886 "-" "Mozilla/5.0 (Windows NT 10.0; Win64; x64) AppleWebKit/537.36 (KHTML, like Gecko) Chrome/115.0.0.0 Safari/537.36 Edg/115.0.1901.203"
40.127.130.26 - - [12/Jul/2025:12:09:59 -0400] "GET /cache-compat.php HTTP/1.1" 404 23129 "-" "-"
136.243.228.194 - - [12/Jul/2025:12:10:00 -0400] "GET /151zsrx8302.html HTTP/1.1" 404 23127 "-" "Mozilla/5.0 (compatible; DataForSeoBot/1.0; +https://dataforseo.com/dataforseo-bot)"
45.10.166.28 - - [12/Jul/2025:12:10:09 -0400] "GET /wp-login.php HTTP/1.1" 200 3093 "-" "Mozilla/5.0 (Windows NT 10.0; Win64; x64) AppleWebKit/537.36 (KHTML, like Gecko) Chrome/115.0.0.0 Safari/537.36 Edg/115.0.1901.203"
83.97.117.199 - - [12/Jul/2025:12:10:09 -0400] "GET /wp-login.php HTTP/1.1" 200 3127 "-" "Mozilla/5.0 (Windows NT 10.0; Win64; x64) AppleWebKit/537.36 (KHTML, like Gecko) Chrome/115.0.0.0 Safari/537.36 Edg/115.0.1901.203"
198.204.232.2 - - [12/Jul/2025:12:10:12 -0400] "GET / HTTP/1.1" 200 87394 "-" "Mozilla/5.0 (compatible; Googlebot/2.1; +http://www.google.com/bot.html)"
47.82.60.49 - - [12/Jul/2025:12:10:06 -0400] "GET /pcmypage?callback=product/review/honkeya-ds-2309681 HTTP/1.1" 404 23199 "https://dangroup.sa/pcmypage?callback=product/review/honkeya-ds-2309681" "Mozilla/5.0 (Windows NT 10.0; Win64; x64) AppleWebKit/537.36 (KHTML, like Gecko) Chrome/114.0.0.0 Safari/537.36 Edg/114.0.1823.43"
