47.82.60.36 - - [12/Jul/2025:16:53:07 -0400] "GET /pcmypage?callback=product/detail/rcmdse-e6-3023100 HTTP/1.1" 301 0 "https://www.dangroup.sa/pcmypage?callback=product%2Fdetail%2Frcmdse-e6-3023100" "Mozilla/5.0 (Windows NT 10.0; Win64; x64) AppleWebKit/537.36 (KHTML, like Gecko) Chrome/114.0.0.0 Safari/537.36 Edg/114.0.1823.43"
136.243.228.194 - - [12/Jul/2025:16:53:05 -0400] "GET /79zwpe35244.html HTTP/1.1" 404 23127 "-" "Mozilla/5.0 (compatible; DataForSeoBot/1.0; +https://dataforseo.com/dataforseo-bot)"
47.82.60.36 - - [12/Jul/2025:16:53:09 -0400] "GET /pcmypage?callback=product/detail/rcmdse-e6-3023100 HTTP/1.1" 404 23127 "https://www.dangroup.sa/pcmypage?callback=product%2Fdetail%2Frcmdse-e6-3023100" "Mozilla/5.0 (Windows NT 10.0; Win64; x64) AppleWebKit/537.36 (KHTML, like Gecko) Chrome/114.0.0.0 Safari/537.36 Edg/114.0.1823.43"
136.243.228.194 - - [12/Jul/2025:16:53:12 -0400] "GET /102crvz16539.html HTTP/1.1" 404 23129 "-" "Mozilla/5.0 (compatible; DataForSeoBot/1.0; +https://dataforseo.com/dataforseo-bot)"
136.243.228.194 - - [12/Jul/2025:16:53:19 -0400] "GET /items/ipzno261/901?key=fine HTTP/1.1" 404 23127 "-" "Mozilla/5.0 (compatible; DataForSeoBot/1.0; +https://dataforseo.com/dataforseo-bot)"
66.249.68.132 - - [12/Jul/2025:16:53:26 -0400] "GET /items/degyb17/11933?key=whip HTTP/1.1" 200 87761 "-" "Mozilla/5.0 (Linux; Android 6.0.1; Nexus 5X Build/MMB29P) AppleWebKit/537.36 (KHTML, like Gecko) Chrome/137.0.7151.103 Mobile Safari/537.36 (compatible; GoogleOther)"
20.171.207.193 - - [12/Jul/2025:16:53:25 -0400] "GET /27piyvq37274.html HTTP/1.1" 404 23127 "-" "Mozilla/5.0 AppleWebKit/537.36 (KHTML, like Gecko; compatible; GPTBot/1.2; +https://openai.com/gptbot)"
136.243.228.194 - - [12/Jul/2025:16:53:26 -0400] "GET /81xje45028.html HTTP/1.1" 404 23129 "-" "Mozilla/5.0 (compatible; DataForSeoBot/1.0; +https://dataforseo.com/dataforseo-bot)"
66.249.68.132 - - [12/Jul/2025:16:53:41 -0400] "GET /286ciy46305.html HTTP/1.1" 200 86936 "-" "Mozilla/5.0 (Linux; Android 6.0.1; Nexus 5X Build/MMB29P) AppleWebKit/537.36 (KHTML, like Gecko) Chrome/137.0.7151.103 Mobile Safari/537.36 (compatible; Googlebot/2.1; +http://www.google.com/bot.html)"
136.243.228.194 - - [12/Jul/2025:16:53:36 -0400] "GET /items/xjxpi80/36604?key=faint HTTP/1.1" 404 23127 "-" "Mozilla/5.0 (compatible; DataForSeoBot/1.0; +https://dataforseo.com/dataforseo-bot)"
47.82.60.21 - - [12/Jul/2025:16:53:36 -0400] "GET /pcmypage?callback=product/review/guruguru2-kixf-669 HTTP/1.1" 404 23127 "https://dangroup.sa/pcmypage?callback=product/review/guruguru2-kixf-669" "Mozilla/5.0 (Windows NT 10.0; Win64; x64) AppleWebKit/537.36 (KHTML, like Gecko) Chrome/114.0.0.0 Safari/537.36 Edg/114.0.1823.43"
136.243.228.194 - - [12/Jul/2025:16:53:48 -0400] "GET /299tcje44330.html HTTP/1.1" 404 23127 "-" "Mozilla/5.0 (compatible; DataForSeoBot/1.0; +https://dataforseo.com/dataforseo-bot)"
47.82.60.18 - - [12/Jul/2025:16:53:50 -0400] "GET /pcmypage?callback=product/detail/butsudan-kan-kn-070 HTTP/1.1" 404 23127 "https://dangroup.sa/pcmypage?callback=product%2Fdetail%2Fbutsudan-kan-kn-070" "Mozilla/5.0 (Windows NT 10.0; Win64; x64) AppleWebKit/537.36 (KHTML, like Gecko) Chrome/114.0.0.0 Safari/537.36 Edg/114.0.1823.43"
136.243.228.194 - - [12/Jul/2025:16:53:59 -0400] "GET /items/bypwa156/43136?key=sheep HTTP/1.1" 404 23197 "-" "Mozilla/5.0 (compatible; DataForSeoBot/1.0; +https://dataforseo.com/dataforseo-bot)"
66.29.146.47 - - [12/Jul/2025:16:54:07 -0400] "POST /wp-cron.php?doing_wp_cron=1752353647.6416358947753906250000 HTTP/1.1" 403 1242 "-" "WordPress/6.8; https://dangroup.sa"
69.197.182.50 - - [12/Jul/2025:16:54:08 -0400] "GET /wp-content/install.php HTTP/1.1" 200 10 "https://dangroup.sa/wp-content/install.php" "Mozilla/5.0 (Windows NT 10.0; Win64; x64) AppleWebKit/537.36 (KHTML, like Gecko) Chrome/58.0.3029.110 Safari/537.3"
185.177.72.202 - - [12/Jul/2025:16:54:09 -0400] "GET /.aws/config HTTP/1.1" 200 0 "-" "Mozilla/5.0 (Windows NT 10.0; Win64; x64) AppleWebKit/537.36 (KHTML, like Gecko) Chrome/91.0.4472.124 Safari/537.36"
136.243.228.194 - - [12/Jul/2025:16:54:05 -0400] "GET /225hdr39440.html HTTP/1.1" 404 23127 "-" "Mozilla/5.0 (compatible; DataForSeoBot/1.0; +https://dataforseo.com/dataforseo-bot)"
185.177.72.202 - - [12/Jul/2025:16:54:15 -0400] "GET /.aws/credentials HTTP/1.1" 200 0 "-" "Mozilla/5.0 (Windows NT 10.0; Win64; x64) AppleWebKit/537.36 (KHTML, like Gecko) Chrome/91.0.4472.124 Safari/537.36"
136.243.228.194 - - [12/Jul/2025:16:54:16 -0400] "GET /items/pcjtj91/45633?key=entity HTTP/1.1" 404 23127 "-" "Mozilla/5.0 (compatible; DataForSeoBot/1.0; +https://dataforseo.com/dataforseo-bot)"
47.82.60.37 - - [12/Jul/2025:16:54:19 -0400] "GET /pcmypage?callback=product/detail/first34-trusco-1407061 HTTP/1.1" 404 23127 "https://dangroup.sa/pcmypage?callback=product%2Fdetail%2Ffirst34-trusco-1407061" "Mozilla/5.0 (Windows NT 10.0; Win64; x64) AppleWebKit/537.36 (KHTML, like Gecko) Chrome/114.0.0.0 Safari/537.36 Edg/114.0.1823.43"
136.243.228.194 - - [12/Jul/2025:16:54:25 -0400] "GET /items/vgjhe191/36973?key=permit HTTP/1.1" 404 23127 "-" "Mozilla/5.0 (compatible; DataForSeoBot/1.0; +https://dataforseo.com/dataforseo-bot)"
20.171.207.193 - - [12/Jul/2025:16:54:27 -0400] "GET /144vjtye2607.html HTTP/1.1" 404 23128 "-" "Mozilla/5.0 AppleWebKit/537.36 (KHTML, like Gecko; compatible; GPTBot/1.2; +https://openai.com/gptbot)"
136.243.228.194 - - [12/Jul/2025:16:54:30 -0400] "GET /items/pvgle142/66244?key=yet HTTP/1.1" 404 23129 "-" "Mozilla/5.0 (compatible; DataForSeoBot/1.0; +https://dataforseo.com/dataforseo-bot)"
136.243.228.194 - - [12/Jul/2025:16:54:40 -0400] "GET /31fmxvd5718.html HTTP/1.1" 404 23127 "-" "Mozilla/5.0 (compatible; DataForSeoBot/1.0; +https://dataforseo.com/dataforseo-bot)"
136.243.228.194 - - [12/Jul/2025:16:54:49 -0400] "GET /items/korxw184/9628?key=office HTTP/1.1" 404 23129 "-" "Mozilla/5.0 (compatible; DataForSeoBot/1.0; +https://dataforseo.com/dataforseo-bot)"
136.243.228.194 - - [12/Jul/2025:16:54:58 -0400] "GET /items/ggcij268/5344?key=terrorism HTTP/1.1" 404 23127 "-" "Mozilla/5.0 (compatible; DataForSeoBot/1.0; +https://dataforseo.com/dataforseo-bot)"
66.29.146.47 - - [12/Jul/2025:16:55:08 -0400] "POST /wp-cron.php?doing_wp_cron=1752353708.3075780868530273437500 HTTP/1.1" 403 1242 "-" "WordPress/6.8; https://dangroup.sa"
136.243.228.194 - - [12/Jul/2025:16:55:07 -0400] "GET /items/lapsm31/37857?key=strategy HTTP/1.1" 404 23127 "-" "Mozilla/5.0 (compatible; DataForSeoBot/1.0; +https://dataforseo.com/dataforseo-bot)"
136.243.228.194 - - [12/Jul/2025:16:55:14 -0400] "GET /1gvb4990.html HTTP/1.1" 404 23127 "-" "Mozilla/5.0 (compatible; DataForSeoBot/1.0; +https://dataforseo.com/dataforseo-bot)"
136.243.228.194 - - [12/Jul/2025:16:55:19 -0400] "GET /112xfgkc15553.html HTTP/1.1" 404 23129 "-" "Mozilla/5.0 (compatible; DataForSeoBot/1.0; +https://dataforseo.com/dataforseo-bot)"
136.243.228.194 - - [12/Jul/2025:16:55:23 -0400] "GET /65noncn23042.html HTTP/1.1" 404 23129 "-" "Mozilla/5.0 (compatible; DataForSeoBot/1.0; +https://dataforseo.com/dataforseo-bot)"
20.171.207.193 - - [12/Jul/2025:16:55:28 -0400] "GET /35awxcc36288.html HTTP/1.1" 404 23127 "-" "Mozilla/5.0 AppleWebKit/537.36 (KHTML, like Gecko; compatible; GPTBot/1.2; +https://openai.com/gptbot)"
136.243.228.194 - - [12/Jul/2025:16:55:29 -0400] "GET /121vrbw5112.html HTTP/1.1" 404 23127 "-" "Mozilla/5.0 (compatible; DataForSeoBot/1.0; +https://dataforseo.com/dataforseo-bot)"
66.249.68.133 - - [12/Jul/2025:16:55:43 -0400] "GET /items/ayicc78/130?key=load HTTP/1.1" 200 87435 "-" "Mozilla/5.0 (Linux; Android 6.0.1; Nexus 5X Build/MMB29P) AppleWebKit/537.36 (KHTML, like Gecko) Chrome/137.0.7151.103 Mobile Safari/537.36 (compatible; Googlebot/2.1; +http://www.google.com/bot.html)"
66.249.68.133 - - [12/Jul/2025:16:55:44 -0400] "GET /?_ga=2.198074345.1955352220.1721329623-968811056.1699381788&_bdsid=dmjl0p.n~UQTRN.1745716790918.1784849964&_bd_prev_page=https://dangroup.sa/api.jsp?items/ivdcq155/25339?key=approve HTTP/1.1" 200 87192 "-" "Mozilla/5.0 (Linux; Android 6.0.1; Nexus 5X Build/MMB29P) AppleWebKit/537.36 (KHTML, like Gecko) Chrome/137.0.7151.103 Mobile Safari/537.36 (compatible; Googlebot/2.1; +http://www.google.com/bot.html)"
66.249.68.132 - - [12/Jul/2025:16:55:47 -0400] "GET /223pzhev540.html HTTP/1.1" 200 87039 "-" "Mozilla/5.0 (Linux; Android 6.0.1; Nexus 5X Build/MMB29P) AppleWebKit/537.36 (KHTML, like Gecko) Chrome/137.0.7151.103 Mobile Safari/537.36 (compatible; Googlebot/2.1; +http://www.google.com/bot.html)"
136.243.228.194 - - [12/Jul/2025:16:55:41 -0400] "GET /items/gbkhg55/31681?key=lots HTTP/1.1" 404 23127 "-" "Mozilla/5.0 (compatible; DataForSeoBot/1.0; +https://dataforseo.com/dataforseo-bot)"
136.243.228.194 - - [12/Jul/2025:16:55:49 -0400] "GET /items/ygxkr227/32335?key=cookie HTTP/1.1" 404 23127 "-" "Mozilla/5.0 (compatible; DataForSeoBot/1.0; +https://dataforseo.com/dataforseo-bot)"
136.243.228.194 - - [12/Jul/2025:16:55:57 -0400] "GET /items/uyvfv151/39947?key=channel HTTP/1.1" 404 23127 "-" "Mozilla/5.0 (compatible; DataForSeoBot/1.0; +https://dataforseo.com/dataforseo-bot)"
136.243.228.194 - - [12/Jul/2025:16:56:04 -0400] "GET /items/kcejs217/43253?key=unknown HTTP/1.1" 404 23127 "-" "Mozilla/5.0 (compatible; DataForSeoBot/1.0; +https://dataforseo.com/dataforseo-bot)"
66.29.146.47 - - [12/Jul/2025:16:56:11 -0400] "POST /wp-cron.php?doing_wp_cron=1752353770.9532020092010498046875 HTTP/1.1" 403 1242 "-" "WordPress/6.8; https://dangroup.sa"
136.243.228.194 - - [12/Jul/2025:16:56:10 -0400] "GET /85vkp47604.html HTTP/1.1" 404 23127 "-" "Mozilla/5.0 (compatible; DataForSeoBot/1.0; +https://dataforseo.com/dataforseo-bot)"
136.243.228.194 - - [12/Jul/2025:16:56:15 -0400] "GET /items/kmary5/32419?key=book HTTP/1.1" 404 23127 "-" "Mozilla/5.0 (compatible; DataForSeoBot/1.0; +https://dataforseo.com/dataforseo-bot)"
136.243.228.194 - - [12/Jul/2025:16:56:19 -0400] "GET /43tjaxy6758.html HTTP/1.1" 404 23127 "-" "Mozilla/5.0 (compatible; DataForSeoBot/1.0; +https://dataforseo.com/dataforseo-bot)"
136.243.228.194 - - [12/Jul/2025:16:56:26 -0400] "GET /169tqd25526.html HTTP/1.1" 404 23127 "-" "Mozilla/5.0 (compatible; DataForSeoBot/1.0; +https://dataforseo.com/dataforseo-bot)"
20.171.207.193 - - [12/Jul/2025:16:56:33 -0400] "GET /30zlokb25743.html HTTP/1.1" 404 23128 "-" "Mozilla/5.0 AppleWebKit/537.36 (KHTML, like Gecko; compatible; GPTBot/1.2; +https://openai.com/gptbot)"
136.243.228.194 - - [12/Jul/2025:16:56:33 -0400] "GET /items/lgeet233/1649?key=Korean HTTP/1.1" 404 23129 "-" "Mozilla/5.0 (compatible; DataForSeoBot/1.0; +https://dataforseo.com/dataforseo-bot)"
136.243.228.194 - - [12/Jul/2025:16:56:44 -0400] "GET /13twj19508.html HTTP/1.1" 404 23129 "-" "Mozilla/5.0 (compatible; DataForSeoBot/1.0; +https://dataforseo.com/dataforseo-bot)"
40.77.167.41 - - [12/Jul/2025:16:56:57 -0400] "GET /tjbwlaw13552ounfair HTTP/1.1" 200 17 "-" "Mozilla/5.0 AppleWebKit/537.36 (KHTML, like Gecko; compatible; bingbot/2.0; +http://www.bing.com/bingbot.htm) Chrome/116.0.1938.76 Safari/537.36"
136.243.228.194 - - [12/Jul/2025:16:56:51 -0400] "GET /261pwq44914.html HTTP/1.1" 404 23127 "-" "Mozilla/5.0 (compatible; DataForSeoBot/1.0; +https://dataforseo.com/dataforseo-bot)"
136.243.228.194 - - [12/Jul/2025:16:57:01 -0400] "GET /145pjyd36344.html HTTP/1.1" 404 23129 "-" "Mozilla/5.0 (compatible; DataForSeoBot/1.0; +https://dataforseo.com/dataforseo-bot)"
136.243.228.194 - - [12/Jul/2025:16:57:05 -0400] "GET /220ziony4387.html HTTP/1.1" 404 23127 "-" "Mozilla/5.0 (compatible; DataForSeoBot/1.0; +https://dataforseo.com/dataforseo-bot)"
66.29.146.47 - - [12/Jul/2025:16:57:11 -0400] "POST /wp-cron.php?doing_wp_cron=1752353831.8428280353546142578125 HTTP/1.1" 403 1242 "-" "WordPress/6.8; https://dangroup.sa"
136.243.228.194 - - [12/Jul/2025:16:57:11 -0400] "GET /200uabhm16161.html HTTP/1.1" 404 23129 "-" "Mozilla/5.0 (compatible; DataForSeoBot/1.0; +https://dataforseo.com/dataforseo-bot)"
136.243.228.194 - - [12/Jul/2025:16:57:15 -0400] "GET /items/thgpl288/35042?key=food HTTP/1.1" 404 23129 "-" "Mozilla/5.0 (compatible; DataForSeoBot/1.0; +https://dataforseo.com/dataforseo-bot)"
136.243.228.194 - - [12/Jul/2025:16:57:23 -0400] "GET /252bvov30897.html HTTP/1.1" 404 23127 "-" "Mozilla/5.0 (compatible; DataForSeoBot/1.0; +https://dataforseo.com/dataforseo-bot)"
136.243.228.194 - - [12/Jul/2025:16:57:31 -0400] "GET /279vrb17462.html HTTP/1.1" 404 23127 "-" "Mozilla/5.0 (compatible; DataForSeoBot/1.0; +https://dataforseo.com/dataforseo-bot)"
20.171.207.193 - - [12/Jul/2025:16:57:33 -0400] "GET /22vyspt40989.html HTTP/1.1" 404 23127 "-" "Mozilla/5.0 AppleWebKit/537.36 (KHTML, like Gecko; compatible; GPTBot/1.2; +https://openai.com/gptbot)"
136.243.228.194 - - [12/Jul/2025:16:57:43 -0400] "GET /296uxia42585.html HTTP/1.1" 404 23127 "-" "Mozilla/5.0 (compatible; DataForSeoBot/1.0; +https://dataforseo.com/dataforseo-bot)"
136.243.228.194 - - [12/Jul/2025:16:57:50 -0400] "GET /88zqgq46771.html HTTP/1.1" 404 23127 "-" "Mozilla/5.0 (compatible; DataForSeoBot/1.0; +https://dataforseo.com/dataforseo-bot)"
136.243.228.194 - - [12/Jul/2025:16:57:57 -0400] "GET /244fagpa38309.html HTTP/1.1" 404 23127 "-" "Mozilla/5.0 (compatible; DataForSeoBot/1.0; +https://dataforseo.com/dataforseo-bot)"
136.243.228.194 - - [12/Jul/2025:16:58:02 -0400] "GET /items/xmkkq228/974?key=grass HTTP/1.1" 404 23127 "-" "Mozilla/5.0 (compatible; DataForSeoBot/1.0; +https://dataforseo.com/dataforseo-bot)"
66.249.68.134 - - [12/Jul/2025:16:58:13 -0400] "GET /pcmypage?callback=/product%2Fdetail%2Cometostore-b00006fd8s HTTP/1.1" 200 87103 "-" "Mozilla/5.0 (Linux; Android 6.0.1; Nexus 5X Build/MMB29P) AppleWebKit/537.36 (KHTML, like Gecko) Chrome/137.0.7151.103 Mobile Safari/537.36 (compatible; Googlebot/2.1; +http://www.google.com/bot.html)"
66.29.146.47 - - [12/Jul/2025:16:58:16 -0400] "POST /wp-cron.php?doing_wp_cron=1752353896.2638220787048339843750 HTTP/1.1" 403 1242 "-" "WordPress/6.8; https://dangroup.sa"
136.243.228.194 - - [12/Jul/2025:16:58:14 -0400] "GET /37qmk39570.html HTTP/1.1" 404 23127 "-" "Mozilla/5.0 (compatible; DataForSeoBot/1.0; +https://dataforseo.com/dataforseo-bot)"
136.243.228.194 - - [12/Jul/2025:16:58:25 -0400] "GET /items/cectr5/9241?key=elder HTTP/1.1" 404 23127 "-" "Mozilla/5.0 (compatible; DataForSeoBot/1.0; +https://dataforseo.com/dataforseo-bot)"
136.243.228.194 - - [12/Jul/2025:16:58:33 -0400] "GET /items/qgrhz171/14827?key=operator HTTP/1.1" 404 23127 "-" "Mozilla/5.0 (compatible; DataForSeoBot/1.0; +https://dataforseo.com/dataforseo-bot)"
20.171.207.193 - - [12/Jul/2025:16:58:39 -0400] "GET /12mirxt24803.html HTTP/1.1" 404 23128 "-" "Mozilla/5.0 AppleWebKit/537.36 (KHTML, like Gecko; compatible; GPTBot/1.2; +https://openai.com/gptbot)"
40.77.167.9 - - [12/Jul/2025:16:58:45 -0400] "GET /hcpphgg15204csunconfronting HTTP/1.1" 200 17 "-" "Mozilla/5.0 AppleWebKit/537.36 (KHTML, like Gecko; compatible; bingbot/2.0; +http://www.bing.com/bingbot.htm) Chrome/116.0.1938.76 Safari/537.36"
136.243.228.194 - - [12/Jul/2025:16:58:41 -0400] "GET /265vtve24748.html HTTP/1.1" 404 23127 "-" "Mozilla/5.0 (compatible; DataForSeoBot/1.0; +https://dataforseo.com/dataforseo-bot)"
40.77.167.50 - - [12/Jul/2025:16:58:49 -0400] "GET /eemtruc1629zretaxing HTTP/1.1" 200 17 "-" "Mozilla/5.0 AppleWebKit/537.36 (KHTML, like Gecko; compatible; bingbot/2.0; +http://www.bing.com/bingbot.htm) Chrome/116.0.1938.76 Safari/537.36"
136.243.228.194 - - [12/Jul/2025:16:58:49 -0400] "GET /items/yqscr147/10241?key=per HTTP/1.1" 404 23127 "-" "Mozilla/5.0 (compatible; DataForSeoBot/1.0; +https://dataforseo.com/dataforseo-bot)"
66.249.68.134 - - [12/Jul/2025:16:59:04 -0400] "GET /items/arndr154/25638?key=wish HTTP/1.1" 200 91243 "-" "Mozilla/5.0 (Linux; Android 6.0.1; Nexus 5X Build/MMB29P) AppleWebKit/537.36 (KHTML, like Gecko) Chrome/137.0.7151.103 Mobile Safari/537.36 (compatible; GoogleOther)"
136.243.228.194 - - [12/Jul/2025:16:58:58 -0400] "GET /items/koyzt85/41691?key=speculation HTTP/1.1" 404 23129 "-" "Mozilla/5.0 (compatible; DataForSeoBot/1.0; +https://dataforseo.com/dataforseo-bot)"
136.243.228.194 - - [12/Jul/2025:16:59:08 -0400] "GET /items/porru248/36214?key=lens HTTP/1.1" 404 23129 "-" "Mozilla/5.0 (compatible; DataForSeoBot/1.0; +https://dataforseo.com/dataforseo-bot)"
136.243.228.194 - - [12/Jul/2025:16:59:15 -0400] "GET /237hfzm44976.html HTTP/1.1" 404 23127 "-" "Mozilla/5.0 (compatible; DataForSeoBot/1.0; +https://dataforseo.com/dataforseo-bot)"
66.29.146.47 - - [12/Jul/2025:16:59:23 -0400] "POST /wp-cron.php?doing_wp_cron=1752353963.0657279491424560546875 HTTP/1.1" 403 1242 "-" "WordPress/6.8; https://dangroup.sa"
66.249.68.132 - - [12/Jul/2025:16:59:24 -0400] "GET /items/yytte56/768?key=apparently HTTP/1.1" 200 87233 "-" "Mozilla/5.0 (Linux; Android 6.0.1; Nexus 5X Build/MMB29P) AppleWebKit/537.36 (KHTML, like Gecko) Chrome/137.0.7151.103 Mobile Safari/537.36 (compatible; Googlebot/2.1; +http://www.google.com/bot.html)"
136.243.228.194 - - [12/Jul/2025:16:59:22 -0400] "GET /196ekq15405.html HTTP/1.1" 404 23127 "-" "Mozilla/5.0 (compatible; DataForSeoBot/1.0; +https://dataforseo.com/dataforseo-bot)"
136.243.228.194 - - [12/Jul/2025:16:59:28 -0400] "GET /163dehcg31312.html HTTP/1.1" 404 23127 "-" "Mozilla/5.0 (compatible; DataForSeoBot/1.0; +https://dataforseo.com/dataforseo-bot)"
66.249.68.132 - - [12/Jul/2025:16:59:31 -0400] "GET /44hbq127.html HTTP/1.1" 200 86955 "-" "Mozilla/5.0 (compatible; Googlebot/2.1; +http://www.google.com/bot.html)"
136.243.228.194 - - [12/Jul/2025:16:59:32 -0400] "GET /items/ikjel78/36116?key=buddy HTTP/1.1" 404 23127 "-" "Mozilla/5.0 (compatible; DataForSeoBot/1.0; +https://dataforseo.com/dataforseo-bot)"
136.243.228.194 - - [12/Jul/2025:16:59:40 -0400] "GET /items/wgvzp197/48235?key=cell HTTP/1.1" 404 23129 "-" "Mozilla/5.0 (compatible; DataForSeoBot/1.0; +https://dataforseo.com/dataforseo-bot)"
69.197.182.50 - - [12/Jul/2025:16:59:52 -0400] "GET /wp-content/install.php HTTP/1.1" 200 10 "https://dangroup.sa/wp-content/install.php" "Mozilla/5.0 (Windows NT 10.0; Win64; x64) AppleWebKit/537.36 (KHTML, like Gecko) Chrome/58.0.3029.110 Safari/537.3"
20.171.207.193 - - [12/Jul/2025:16:59:40 -0400] "GET /37ripfa14486.html HTTP/1.1" 404 23128 "-" "Mozilla/5.0 AppleWebKit/537.36 (KHTML, like Gecko; compatible; GPTBot/1.2; +https://openai.com/gptbot)"
136.243.228.194 - - [12/Jul/2025:16:59:53 -0400] "GET /168qbrif43971.html HTTP/1.1" 404 23127 "-" "Mozilla/5.0 (compatible; DataForSeoBot/1.0; +https://dataforseo.com/dataforseo-bot)"
136.243.228.194 - - [12/Jul/2025:17:00:04 -0400] "GET /items/kcxki174/22888?key=compliance HTTP/1.1" 404 23127 "-" "Mozilla/5.0 (compatible; DataForSeoBot/1.0; +https://dataforseo.com/dataforseo-bot)"
136.243.228.194 - - [12/Jul/2025:17:00:13 -0400] "GET /items/wbheb237/2467?key=knock HTTP/1.1" 404 23127 "-" "Mozilla/5.0 (compatible; DataForSeoBot/1.0; +https://dataforseo.com/dataforseo-bot)"
136.243.228.194 - - [12/Jul/2025:17:00:20 -0400] "GET /149gbfw20792.html HTTP/1.1" 404 23127 "-" "Mozilla/5.0 (compatible; DataForSeoBot/1.0; +https://dataforseo.com/dataforseo-bot)"
66.29.146.47 - - [12/Jul/2025:17:00:30 -0400] "POST /wp-cron.php?doing_wp_cron=1752354029.9440560340881347656250 HTTP/1.1" 403 1242 "-" "WordPress/6.8; https://dangroup.sa"
136.243.228.194 - - [12/Jul/2025:17:00:28 -0400] "GET /209pst32470.html HTTP/1.1" 404 23127 "-" "Mozilla/5.0 (compatible; DataForSeoBot/1.0; +https://dataforseo.com/dataforseo-bot)"
66.249.68.134 - - [12/Jul/2025:17:00:39 -0400] "GET /items/dvkza47/5353?key=undermine HTTP/1.1" 200 87507 "-" "Mozilla/5.0 (Linux; Android 6.0.1; Nexus 5X Build/MMB29P) AppleWebKit/537.36 (KHTML, like Gecko) Chrome/137.0.7151.103 Mobile Safari/537.36 (compatible; Googlebot/2.1; +http://www.google.com/bot.html)"
136.243.228.194 - - [12/Jul/2025:17:00:38 -0400] "GET /items/ybluq54/38408?key=towel HTTP/1.1" 404 23127 "-" "Mozilla/5.0 (compatible; DataForSeoBot/1.0; +https://dataforseo.com/dataforseo-bot)"
20.171.207.193 - - [12/Jul/2025:17:00:43 -0400] "GET /16pixnj47671.html HTTP/1.1" 404 23128 "-" "Mozilla/5.0 AppleWebKit/537.36 (KHTML, like Gecko; compatible; GPTBot/1.2; +https://openai.com/gptbot)"
47.82.60.32 - - [12/Jul/2025:17:00:42 -0400] "GET /items/czzzn130/16020?key=diverse HTTP/1.1" 404 23127 "https://dangroup.sa/items/czzzn130/16020?key=diverse" "Mozilla/5.0 (Windows NT 10.0; Win64; x64) AppleWebKit/537.36 (KHTML, like Gecko) Chrome/114.0.0.0 Safari/537.36 Edg/114.0.1823.43"
47.82.60.54 - - [12/Jul/2025:17:00:47 -0400] "GET /items/pxexy116/35212?key=wheat HTTP/1.1" 404 23127 "https://dangroup.sa/items/pxexy116/35212?key=wheat" "Mozilla/5.0 (Windows NT 10.0; Win64; x64) AppleWebKit/537.36 (KHTML, like Gecko) Chrome/114.0.0.0 Safari/537.36 Edg/114.0.1823.43"
136.243.228.194 - - [12/Jul/2025:17:00:48 -0400] "GET /247saajv30976.html HTTP/1.1" 404 23127 "-" "Mozilla/5.0 (compatible; DataForSeoBot/1.0; +https://dataforseo.com/dataforseo-bot)"
136.243.228.194 - - [12/Jul/2025:17:01:03 -0400] "GET /items/xupfi157/15241?key=own HTTP/1.1" 404 23127 "-" "Mozilla/5.0 (compatible; DataForSeoBot/1.0; +https://dataforseo.com/dataforseo-bot)"
136.243.228.194 - - [12/Jul/2025:17:01:08 -0400] "GET /items/tonyd201/39989?key=frozen HTTP/1.1" 404 23127 "-" "Mozilla/5.0 (compatible; DataForSeoBot/1.0; +https://dataforseo.com/dataforseo-bot)"
136.243.228.194 - - [12/Jul/2025:17:01:14 -0400] "GET /items/lkgsy203/21215?key=laboratory HTTP/1.1" 404 23127 "-" "Mozilla/5.0 (compatible; DataForSeoBot/1.0; +https://dataforseo.com/dataforseo-bot)"
47.82.60.32 - - [12/Jul/2025:17:01:16 -0400] "GET /pcmypage?callback=product/detail/kg-maido-tr-6079377 HTTP/1.1" 404 23129 "https://dangroup.sa/pcmypage?callback=product%2Fdetail%2Fkg-maido-tr-6079377" "Mozilla/5.0 (Windows NT 10.0; Win64; x64) AppleWebKit/537.36 (KHTML, like Gecko) Chrome/114.0.0.0 Safari/537.36 Edg/114.0.1823.43"
136.243.228.194 - - [12/Jul/2025:17:01:19 -0400] "GET /items/zmrhn189/8739?key=good HTTP/1.1" 404 23127 "-" "Mozilla/5.0 (compatible; DataForSeoBot/1.0; +https://dataforseo.com/dataforseo-bot)"
47.82.60.46 - - [12/Jul/2025:17:01:20 -0400] "GET /items/fdzml116/734?key=salt HTTP/1.1" 404 23129 "https://dangroup.sa/items/fdzml116/734?key=salt" "Mozilla/5.0 (Windows NT 10.0; Win64; x64) AppleWebKit/537.36 (KHTML, like Gecko) Chrome/114.0.0.0 Safari/537.36 Edg/114.0.1823.43"
47.82.60.35 - - [12/Jul/2025:17:01:20 -0400] "GET /items/qupyv211/21081?key=nasty HTTP/1.1" 404 23127 "https://dangroup.sa/items/qupyv211/21081?key=nasty" "Mozilla/5.0 (Windows NT 10.0; Win64; x64) AppleWebKit/537.36 (KHTML, like Gecko) Chrome/114.0.0.0 Safari/537.36 Edg/114.0.1823.43"
47.82.60.49 - - [12/Jul/2025:17:01:22 -0400] "GET /items/jgeqx178/42490?key=develop HTTP/1.1" 404 23129 "https://dangroup.sa/items/jgeqx178/42490?key=develop" "Mozilla/5.0 (Windows NT 10.0; Win64; x64) AppleWebKit/537.36 (KHTML, like Gecko) Chrome/114.0.0.0 Safari/537.36 Edg/114.0.1823.43"
66.29.146.47 - - [12/Jul/2025:17:01:32 -0400] "POST /wp-cron.php?doing_wp_cron=1752354092.1495490074157714843750 HTTP/1.1" 403 1242 "-" "WordPress/6.8; https://dangroup.sa"
47.82.60.6 - - [12/Jul/2025:17:01:37 -0400] "GET /pcmypage?callback=product/review/a-gallery-ds-2276764 HTTP/1.1" 301 0 "https://www.dangroup.sa/pcmypage?callback=product/review/a-gallery-ds-2276764" "Mozilla/5.0 (Windows NT 10.0; Win64; x64) AppleWebKit/537.36 (KHTML, like Gecko) Chrome/114.0.0.0 Safari/537.36 Edg/114.0.1823.43"
136.243.228.194 - - [12/Jul/2025:17:01:30 -0400] "GET /items/pnrvc266/1934?key=driver HTTP/1.1" 404 23129 "-" "Mozilla/5.0 (compatible; DataForSeoBot/1.0; +https://dataforseo.com/dataforseo-bot)"
47.82.60.30 - - [12/Jul/2025:17:01:42 -0400] "GET /147aywrx806.html HTTP/1.1" 301 0 "https://www.dangroup.sa/147aywrx806.html" "Mozilla/5.0 (Windows NT 10.0; Win64; x64) AppleWebKit/537.36 (KHTML, like Gecko) Chrome/114.0.0.0 Safari/537.36 Edg/114.0.1823.43"
47.82.60.4 - - [12/Jul/2025:17:01:35 -0400] "GET /pcmypage?callback=product/review/buckteeth-jan-4251551200876 HTTP/1.1" 404 23127 "https://dangroup.sa/pcmypage?callback=product/review/buckteeth-jan-4251551200876" "Mozilla/5.0 (Windows NT 10.0; Win64; x64) AppleWebKit/537.36 (KHTML, like Gecko) Chrome/114.0.0.0 Safari/537.36 Edg/114.0.1823.43"
69.197.182.50 - - [12/Jul/2025:17:01:52 -0400] "GET /wp-content/install.php HTTP/1.1" 200 10 "https://dangroup.sa/wp-content/install.php" "Mozilla/5.0 (Windows NT 10.0; Win64; x64) AppleWebKit/537.36 (KHTML, like Gecko) Chrome/58.0.3029.110 Safari/537.3"
47.82.60.22 - - [12/Jul/2025:17:01:41 -0400] "GET /6jysc2263.html HTTP/1.1" 404 23129 "https://dangroup.sa/6jysc2263.html" "Mozilla/5.0 (Windows NT 10.0; Win64; x64) AppleWebKit/537.36 (KHTML, like Gecko) Chrome/114.0.0.0 Safari/537.36 Edg/114.0.1823.43"
47.82.60.30 - - [12/Jul/2025:17:01:46 -0400] "GET /147aywrx806.html HTTP/1.1" 404 23127 "https://www.dangroup.sa/147aywrx806.html" "Mozilla/5.0 (Windows NT 10.0; Win64; x64) AppleWebKit/537.36 (KHTML, like Gecko) Chrome/114.0.0.0 Safari/537.36 Edg/114.0.1823.43"
47.82.60.6 - - [12/Jul/2025:17:01:41 -0400] "GET /pcmypage?callback=product/review/a-gallery-ds-2276764 HTTP/1.1" 404 23129 "https://www.dangroup.sa/pcmypage?callback=product/review/a-gallery-ds-2276764" "Mozilla/5.0 (Windows NT 10.0; Win64; x64) AppleWebKit/537.36 (KHTML, like Gecko) Chrome/114.0.0.0 Safari/537.36 Edg/114.0.1823.43"
136.243.228.194 - - [12/Jul/2025:17:01:44 -0400] "GET /100eepsi41339.html HTTP/1.1" 404 23127 "-" "Mozilla/5.0 (compatible; DataForSeoBot/1.0; +https://dataforseo.com/dataforseo-bot)"
20.171.207.193 - - [12/Jul/2025:17:01:48 -0400] "GET /112huynf6407.html HTTP/1.1" 404 23127 "-" "Mozilla/5.0 AppleWebKit/537.36 (KHTML, like Gecko; compatible; GPTBot/1.2; +https://openai.com/gptbot)"
136.243.228.194 - - [12/Jul/2025:17:02:08 -0400] "GET /161yufc4436.html HTTP/1.1" 404 23127 "-" "Mozilla/5.0 (compatible; DataForSeoBot/1.0; +https://dataforseo.com/dataforseo-bot)"
47.82.60.91 - - [12/Jul/2025:17:02:08 -0400] "GET /297yqjk12122.html HTTP/1.1" 404 23127 "https://dangroup.sa/297yqjk12122.html" "Mozilla/5.0 (Windows NT 10.0; Win64; x64) AppleWebKit/537.36 (KHTML, like Gecko) Chrome/114.0.0.0 Safari/537.36 Edg/114.0.1823.43"
136.243.228.194 - - [12/Jul/2025:17:02:14 -0400] "GET /273vkrv10652.html HTTP/1.1" 404 23127 "-" "Mozilla/5.0 (compatible; DataForSeoBot/1.0; +https://dataforseo.com/dataforseo-bot)"
136.243.228.194 - - [12/Jul/2025:17:02:22 -0400] "GET /244xxj41999.html HTTP/1.1" 404 23127 "-" "Mozilla/5.0 (compatible; DataForSeoBot/1.0; +https://dataforseo.com/dataforseo-bot)"
66.29.146.47 - - [12/Jul/2025:17:02:32 -0400] "POST /wp-cron.php?doing_wp_cron=1752354152.4478769302368164062500 HTTP/1.1" 403 1242 "-" "WordPress/6.8; https://dangroup.sa"
136.243.228.194 - - [12/Jul/2025:17:02:31 -0400] "GET /77fkc27892.html HTTP/1.1" 404 23129 "-" "Mozilla/5.0 (compatible; DataForSeoBot/1.0; +https://dataforseo.com/dataforseo-bot)"
47.82.60.25 - - [12/Jul/2025:17:02:41 -0400] "GET /pcmypage?callback=/product/detail,huko-parts-514008006 HTTP/1.1" 301 0 "https://www.dangroup.sa/pcmypage?callback=/product%2Fdetail%2Chuko-parts-514008006" "Mozilla/5.0 (Windows NT 10.0; Win64; x64) AppleWebKit/537.36 (KHTML, like Gecko) Chrome/114.0.0.0 Safari/537.36 Edg/114.0.1823.43"
136.243.228.194 - - [12/Jul/2025:17:02:42 -0400] "GET /102szlow26243.html HTTP/1.1" 404 23127 "-" "Mozilla/5.0 (compatible; DataForSeoBot/1.0; +https://dataforseo.com/dataforseo-bot)"
47.82.60.25 - - [12/Jul/2025:17:02:44 -0400] "GET /pcmypage?callback=/product/detail,huko-parts-514008006 HTTP/1.1" 404 23129 "https://www.dangroup.sa/pcmypage?callback=/product%2Fdetail%2Chuko-parts-514008006" "Mozilla/5.0 (Windows NT 10.0; Win64; x64) AppleWebKit/537.36 (KHTML, like Gecko) Chrome/114.0.0.0 Safari/537.36 Edg/114.0.1823.43"
20.171.207.193 - - [12/Jul/2025:17:02:50 -0400] "GET /20wopat30479.html HTTP/1.1" 404 23127 "-" "Mozilla/5.0 AppleWebKit/537.36 (KHTML, like Gecko; compatible; GPTBot/1.2; +https://openai.com/gptbot)"
136.243.228.194 - - [12/Jul/2025:17:02:55 -0400] "GET /33vkiom8978.html HTTP/1.1" 404 23127 "-" "Mozilla/5.0 (compatible; DataForSeoBot/1.0; +https://dataforseo.com/dataforseo-bot)"
47.82.60.21 - - [12/Jul/2025:17:02:58 -0400] "GET /pcmypage?callback=product/review/cometostore-sb07dhx2z7z HTTP/1.1" 404 23127 "https://dangroup.sa/pcmypage?callback=product/review/cometostore-sb07dhx2z7z" "Mozilla/5.0 (Windows NT 10.0; Win64; x64) AppleWebKit/537.36 (KHTML, like Gecko) Chrome/114.0.0.0 Safari/537.36 Edg/114.0.1823.43"
136.243.228.194 - - [12/Jul/2025:17:03:03 -0400] "GET /251xjl45560.html HTTP/1.1" 404 23127 "-" "Mozilla/5.0 (compatible; DataForSeoBot/1.0; +https://dataforseo.com/dataforseo-bot)"
136.243.228.194 - - [12/Jul/2025:17:03:08 -0400] "GET /161oyjxt30204.html HTTP/1.1" 404 23127 "-" "Mozilla/5.0 (compatible; DataForSeoBot/1.0; +https://dataforseo.com/dataforseo-bot)"
136.243.228.194 - - [12/Jul/2025:17:03:14 -0400] "GET /items/fsdnb80/42918?key=gain HTTP/1.1" 404 23127 "-" "Mozilla/5.0 (compatible; DataForSeoBot/1.0; +https://dataforseo.com/dataforseo-bot)"
136.243.228.194 - - [12/Jul/2025:17:03:24 -0400] "GET /299vteqc32682.html HTTP/1.1" 404 23127 "-" "Mozilla/5.0 (compatible; DataForSeoBot/1.0; +https://dataforseo.com/dataforseo-bot)"
66.29.146.47 - - [12/Jul/2025:17:03:34 -0400] "POST /wp-cron.php?doing_wp_cron=1752354214.3665659427642822265625 HTTP/1.1" 403 1242 "-" "WordPress/6.8; https://dangroup.sa"
136.243.228.194 - - [12/Jul/2025:17:03:33 -0400] "GET /122hcmx8767.html HTTP/1.1" 404 23127 "-" "Mozilla/5.0 (compatible; DataForSeoBot/1.0; +https://dataforseo.com/dataforseo-bot)"
136.243.228.194 - - [12/Jul/2025:17:03:44 -0400] "GET /180iamq11131.html HTTP/1.1" 404 23129 "-" "Mozilla/5.0 (compatible; DataForSeoBot/1.0; +https://dataforseo.com/dataforseo-bot)"
66.249.68.131 - - [12/Jul/2025:17:03:55 -0400] "GET /pcmypage?callback=product%2Fdetail%2Fasty-shop-c2-bbxr8bjp65-6268 HTTP/1.1" 200 87274 "-" "Mozilla/5.0 (Linux; Android 6.0.1; Nexus 5X Build/MMB29P) AppleWebKit/537.36 (KHTML, like Gecko) Chrome/137.0.7151.103 Mobile Safari/537.36 (compatible; Googlebot/2.1; +http://www.google.com/bot.html)"
66.249.68.130 - - [12/Jul/2025:17:03:56 -0400] "GET /items/pyywd110/6652?key=past HTTP/1.1" 200 86259 "-" "Mozilla/5.0 (Linux; Android 6.0.1; Nexus 5X Build/MMB29P) AppleWebKit/537.36 (KHTML, like Gecko) Chrome/137.0.7151.103 Mobile Safari/537.36 (compatible; Googlebot/2.1; +http://www.google.com/bot.html)"
136.243.228.194 - - [12/Jul/2025:17:03:56 -0400] "GET /44drahk44733.html HTTP/1.1" 404 23127 "-" "Mozilla/5.0 (compatible; DataForSeoBot/1.0; +https://dataforseo.com/dataforseo-bot)"
20.171.207.193 - - [12/Jul/2025:17:03:56 -0400] "GET /190ptdao2775.html HTTP/1.1" 404 23129 "-" "Mozilla/5.0 AppleWebKit/537.36 (KHTML, like Gecko; compatible; GPTBot/1.2; +https://openai.com/gptbot)"
136.243.228.194 - - [12/Jul/2025:17:04:13 -0400] "GET /items/ylnwu66/25452?key=state HTTP/1.1" 404 23127 "-" "Mozilla/5.0 (compatible; DataForSeoBot/1.0; +https://dataforseo.com/dataforseo-bot)"
136.243.228.194 - - [12/Jul/2025:17:04:24 -0400] "GET /items/ommys141/33515?key=episode HTTP/1.1" 404 23127 "-" "Mozilla/5.0 (compatible; DataForSeoBot/1.0; +https://dataforseo.com/dataforseo-bot)"
66.29.146.47 - - [12/Jul/2025:17:04:37 -0400] "POST /wp-cron.php?doing_wp_cron=1752354277.7417159080505371093750 HTTP/1.1" 403 1242 "-" "WordPress/6.8; https://dangroup.sa"
136.243.228.194 - - [12/Jul/2025:17:04:37 -0400] "GET /items/sxftc63/33879?key=saving HTTP/1.1" 404 23127 "-" "Mozilla/5.0 (compatible; DataForSeoBot/1.0; +https://dataforseo.com/dataforseo-bot)"
66.249.68.131 - - [12/Jul/2025:17:04:41 -0400] "GET /items/axwnk123/46991?key=blade HTTP/1.1" 200 87200 "-" "Mozilla/5.0 (Linux; Android 6.0.1; Nexus 5X Build/MMB29P) AppleWebKit/537.36 (KHTML, like Gecko) Chrome/137.0.7151.103 Mobile Safari/537.36 (compatible; GoogleOther)"
136.243.228.194 - - [12/Jul/2025:17:04:43 -0400] "GET /items/xamuf264/32362?key=air HTTP/1.1" 404 23129 "-" "Mozilla/5.0 (compatible; DataForSeoBot/1.0; +https://dataforseo.com/dataforseo-bot)"
136.243.228.194 - - [12/Jul/2025:17:04:49 -0400] "GET /248mtia25507.html HTTP/1.1" 404 23127 "-" "Mozilla/5.0 (compatible; DataForSeoBot/1.0; +https://dataforseo.com/dataforseo-bot)"
20.171.207.193 - - [12/Jul/2025:17:05:00 -0400] "GET /57isjry11296.html HTTP/1.1" 404 23127 "-" "Mozilla/5.0 AppleWebKit/537.36 (KHTML, like Gecko; compatible; GPTBot/1.2; +https://openai.com/gptbot)"
136.243.228.194 - - [12/Jul/2025:17:05:01 -0400] "GET /items/hnopx100/44620?key=motivate HTTP/1.1" 404 23127 "-" "Mozilla/5.0 (compatible; DataForSeoBot/1.0; +https://dataforseo.com/dataforseo-bot)"
136.243.228.194 - - [12/Jul/2025:17:05:14 -0400] "GET /items/irwaq121/2023?key=next HTTP/1.1" 404 23127 "-" "Mozilla/5.0 (compatible; DataForSeoBot/1.0; +https://dataforseo.com/dataforseo-bot)"
136.243.228.194 - - [12/Jul/2025:17:05:21 -0400] "GET /items/igbgc188/5668?key=society HTTP/1.1" 404 23127 "-" "Mozilla/5.0 (compatible; DataForSeoBot/1.0; +https://dataforseo.com/dataforseo-bot)"
136.243.228.194 - - [12/Jul/2025:17:05:32 -0400] "GET /items/yvlix46/16410?key=neither HTTP/1.1" 404 23127 "-" "Mozilla/5.0 (compatible; DataForSeoBot/1.0; +https://dataforseo.com/dataforseo-bot)"
66.29.146.47 - - [12/Jul/2025:17:05:46 -0400] "POST /wp-cron.php?doing_wp_cron=1752354345.4607169628143310546875 HTTP/1.1" 403 1242 "-" "WordPress/6.8; https://dangroup.sa"
136.243.228.194 - - [12/Jul/2025:17:05:43 -0400] "GET /244tga25661.html HTTP/1.1" 404 23127 "-" "Mozilla/5.0 (compatible; DataForSeoBot/1.0; +https://dataforseo.com/dataforseo-bot)"
66.249.68.131 - - [12/Jul/2025:17:05:58 -0400] "GET /items/mdtfz117/17957?key=flexible HTTP/1.1" 200 86775 "-" "Mozilla/5.0 (Linux; Android 6.0.1; Nexus 5X Build/MMB29P) AppleWebKit/537.36 (KHTML, like Gecko) Chrome/137.0.7151.103 Mobile Safari/537.36 (compatible; Googlebot/2.1; +http://www.google.com/bot.html)"
136.243.228.194 - - [12/Jul/2025:17:05:54 -0400] "GET /24xjcf8319.html HTTP/1.1" 404 23127 "-" "Mozilla/5.0 (compatible; DataForSeoBot/1.0; +https://dataforseo.com/dataforseo-bot)"
136.243.228.194 - - [12/Jul/2025:17:06:04 -0400] "GET /282xmbot12157.html HTTP/1.1" 404 23127 "-" "Mozilla/5.0 (compatible; DataForSeoBot/1.0; +https://dataforseo.com/dataforseo-bot)"
20.171.207.193 - - [12/Jul/2025:17:06:04 -0400] "GET /20wsuyb12825.html HTTP/1.1" 404 23127 "-" "Mozilla/5.0 AppleWebKit/537.36 (KHTML, like Gecko; compatible; GPTBot/1.2; +https://openai.com/gptbot)"
136.243.228.194 - - [12/Jul/2025:17:06:12 -0400] "GET /249injc8314.html HTTP/1.1" 404 23127 "-" "Mozilla/5.0 (compatible; DataForSeoBot/1.0; +https://dataforseo.com/dataforseo-bot)"
136.243.228.194 - - [12/Jul/2025:17:06:19 -0400] "GET /213kwik8396.html HTTP/1.1" 404 23127 "-" "Mozilla/5.0 (compatible; DataForSeoBot/1.0; +https://dataforseo.com/dataforseo-bot)"
136.243.228.194 - - [12/Jul/2025:17:06:28 -0400] "GET /105qzccf44290.html HTTP/1.1" 404 23127 "-" "Mozilla/5.0 (compatible; DataForSeoBot/1.0; +https://dataforseo.com/dataforseo-bot)"
136.243.228.194 - - [12/Jul/2025:17:06:40 -0400] "GET /items/ejsgk158/20722?key=warning HTTP/1.1" 404 23127 "-" "Mozilla/5.0 (compatible; DataForSeoBot/1.0; +https://dataforseo.com/dataforseo-bot)"
69.197.182.50 - - [12/Jul/2025:17:06:49 -0400] "GET /wp-content/install.php HTTP/1.1" 200 10 "https://dangroup.sa/wp-content/install.php" "Mozilla/5.0 (Windows NT 10.0; Win64; x64) AppleWebKit/537.36 (KHTML, like Gecko) Chrome/58.0.3029.110 Safari/537.3"
66.29.146.47 - - [12/Jul/2025:17:06:53 -0400] "POST /wp-cron.php?doing_wp_cron=1752354413.3524489402770996093750 HTTP/1.1" 403 1242 "-" "WordPress/6.8; https://dangroup.sa"
136.243.228.194 - - [12/Jul/2025:17:06:51 -0400] "GET /items/nsnkd251/3359?key=pump HTTP/1.1" 404 23197 "-" "Mozilla/5.0 (compatible; DataForSeoBot/1.0; +https://dataforseo.com/dataforseo-bot)"
66.249.68.130 - - [12/Jul/2025:17:07:00 -0400] "GET /90obkap33277.html HTTP/1.1" 200 87145 "-" "Mozilla/5.0 (Linux; Android 6.0.1; Nexus 5X Build/MMB29P) AppleWebKit/537.36 (KHTML, like Gecko) Chrome/137.0.7151.103 Mobile Safari/537.36 (compatible; Googlebot/2.1; +http://www.google.com/bot.html)"
136.243.228.194 - - [12/Jul/2025:17:07:02 -0400] "GET /164bmrmu46351.html HTTP/1.1" 404 23129 "-" "Mozilla/5.0 (compatible; DataForSeoBot/1.0; +https://dataforseo.com/dataforseo-bot)"
20.171.207.193 - - [12/Jul/2025:17:07:06 -0400] "GET /120yckas7993.html HTTP/1.1" 404 23127 "-" "Mozilla/5.0 AppleWebKit/537.36 (KHTML, like Gecko; compatible; GPTBot/1.2; +https://openai.com/gptbot)"
136.243.228.194 - - [12/Jul/2025:17:07:11 -0400] "GET /51hrk8036.html HTTP/1.1" 404 23127 "-" "Mozilla/5.0 (compatible; DataForSeoBot/1.0; +https://dataforseo.com/dataforseo-bot)"
136.243.228.194 - - [12/Jul/2025:17:07:19 -0400] "GET /items/xlkzq291/49515?key=print HTTP/1.1" 404 23129 "-" "Mozilla/5.0 (compatible; DataForSeoBot/1.0; +https://dataforseo.com/dataforseo-bot)"
136.243.228.194 - - [12/Jul/2025:17:07:31 -0400] "GET /113hjunw43994.html HTTP/1.1" 404 23127 "-" "Mozilla/5.0 (compatible; DataForSeoBot/1.0; +https://dataforseo.com/dataforseo-bot)"
136.243.228.194 - - [12/Jul/2025:17:07:42 -0400] "GET /items/tkion69/12469?key=beef HTTP/1.1" 404 23127 "-" "Mozilla/5.0 (compatible; DataForSeoBot/1.0; +https://dataforseo.com/dataforseo-bot)"
66.29.146.47 - - [12/Jul/2025:17:07:54 -0400] "POST /wp-cron.php?doing_wp_cron=1752354473.8912060260772705078125 HTTP/1.1" 403 1242 "-" "WordPress/6.8; https://dangroup.sa"
136.243.228.194 - - [12/Jul/2025:17:07:52 -0400] "GET /68uzmyo17029.html HTTP/1.1" 404 23127 "-" "Mozilla/5.0 (compatible; DataForSeoBot/1.0; +https://dataforseo.com/dataforseo-bot)"
136.243.228.194 - - [12/Jul/2025:17:08:02 -0400] "GET /items/mvymb217/9463?key=manner HTTP/1.1" 404 23129 "-" "Mozilla/5.0 (compatible; DataForSeoBot/1.0; +https://dataforseo.com/dataforseo-bot)"
20.171.207.193 - - [12/Jul/2025:17:08:12 -0400] "GET /12eoctx32961.html HTTP/1.1" 404 23127 "-" "Mozilla/5.0 AppleWebKit/537.36 (KHTML, like Gecko; compatible; GPTBot/1.2; +https://openai.com/gptbot)"
136.243.228.194 - - [12/Jul/2025:17:08:13 -0400] "GET /15egxy20648.html HTTP/1.1" 404 23129 "-" "Mozilla/5.0 (compatible; DataForSeoBot/1.0; +https://dataforseo.com/dataforseo-bot)"
136.243.228.194 - - [12/Jul/2025:17:08:29 -0400] "GET /items/nmtvt190/49910?key=forgive HTTP/1.1" 404 23129 "-" "Mozilla/5.0 (compatible; DataForSeoBot/1.0; +https://dataforseo.com/dataforseo-bot)"
136.243.228.194 - - [12/Jul/2025:17:08:41 -0400] "GET /items/kyvti271/46605?key=fifty HTTP/1.1" 404 23127 "-" "Mozilla/5.0 (compatible; DataForSeoBot/1.0; +https://dataforseo.com/dataforseo-bot)"
66.29.146.47 - - [12/Jul/2025:17:08:58 -0400] "POST /wp-cron.php?doing_wp_cron=1752354538.2498900890350341796875 HTTP/1.1" 403 1242 "-" "WordPress/6.8; https://dangroup.sa"
66.249.68.130 - - [12/Jul/2025:17:09:02 -0400] "GET /96cqvku29331.html HTTP/1.1" 200 86951 "-" "Mozilla/5.0 (Linux; Android 6.0.1; Nexus 5X Build/MMB29P) AppleWebKit/537.36 (KHTML, like Gecko) Chrome/137.0.7151.103 Mobile Safari/537.36 (compatible; Googlebot/2.1; +http://www.google.com/bot.html)"
136.243.228.194 - - [12/Jul/2025:17:08:56 -0400] "GET /items/edvjh188/3558?key=paint HTTP/1.1" 404 23129 "-" "Mozilla/5.0 (compatible; DataForSeoBot/1.0; +https://dataforseo.com/dataforseo-bot)"
136.243.228.194 - - [12/Jul/2025:17:09:08 -0400] "GET /63fue26670.html HTTP/1.1" 404 23129 "-" "Mozilla/5.0 (compatible; DataForSeoBot/1.0; +https://dataforseo.com/dataforseo-bot)"
20.171.207.193 - - [12/Jul/2025:17:09:15 -0400] "GET /90jvaov14729.html HTTP/1.1" 404 23127 "-" "Mozilla/5.0 AppleWebKit/537.36 (KHTML, like Gecko; compatible; GPTBot/1.2; +https://openai.com/gptbot)"
136.243.228.194 - - [12/Jul/2025:17:09:22 -0400] "GET /items/jvueb32/48042?key=native HTTP/1.1" 404 23127 "-" "Mozilla/5.0 (compatible; DataForSeoBot/1.0; +https://dataforseo.com/dataforseo-bot)"
136.243.228.194 - - [12/Jul/2025:17:09:32 -0400] "GET /222bkmxt32001.html HTTP/1.1" 404 23127 "-" "Mozilla/5.0 (compatible; DataForSeoBot/1.0; +https://dataforseo.com/dataforseo-bot)"
136.243.228.194 - - [12/Jul/2025:17:09:39 -0400] "GET /items/uicru104/1404?key=region HTTP/1.1" 404 23127 "-" "Mozilla/5.0 (compatible; DataForSeoBot/1.0; +https://dataforseo.com/dataforseo-bot)"
136.243.228.194 - - [12/Jul/2025:17:09:51 -0400] "GET /294nrhzr22229.html HTTP/1.1" 404 23127 "-" "Mozilla/5.0 (compatible; DataForSeoBot/1.0; +https://dataforseo.com/dataforseo-bot)"
66.29.146.47 - - [12/Jul/2025:17:10:03 -0400] "POST /wp-cron.php?doing_wp_cron=1752354603.1624898910522460937500 HTTP/1.1" 403 1242 "-" "WordPress/6.8; https://dangroup.sa"
136.243.228.194 - - [12/Jul/2025:17:10:01 -0400] "GET /226vsh15609.html HTTP/1.1" 404 23127 "-" "Mozilla/5.0 (compatible; DataForSeoBot/1.0; +https://dataforseo.com/dataforseo-bot)"
47.82.60.62 - - [12/Jul/2025:17:10:15 -0400] "GET /pcmypage?callback=product/review/auc-jetrag-9736ab8bb8af007a-1 HTTP/1.1" 301 0 "https://www.dangroup.sa/pcmypage?callback=product/review/auc-jetrag-9736ab8bb8af007a-1" "Mozilla/5.0 (Windows NT 10.0; Win64; x64) AppleWebKit/537.36 (KHTML, like Gecko) Chrome/114.0.0.0 Safari/537.36 Edg/114.0.1823.43"
66.249.68.130 - - [12/Jul/2025:17:10:19 -0400] "GET /product/edit/dtc-4580473404605 HTTP/1.1" 200 86602 "-" "Mozilla/5.0 (Linux; Android 6.0.1; Nexus 5X Build/MMB29P) AppleWebKit/537.36 (KHTML, like Gecko) Chrome/137.0.7151.103 Mobile Safari/537.36 (compatible; GoogleOther)"
136.243.228.194 - - [12/Jul/2025:17:10:12 -0400] "GET /items/yexpr73/19091?key=effectively HTTP/1.1" 404 23127 "-" "Mozilla/5.0 (compatible; DataForSeoBot/1.0; +https://dataforseo.com/dataforseo-bot)"
47.82.60.62 - - [12/Jul/2025:17:10:18 -0400] "GET /pcmypage?callback=product/review/auc-jetrag-9736ab8bb8af007a-1 HTTP/1.1" 404 23127 "https://www.dangroup.sa/pcmypage?callback=product/review/auc-jetrag-9736ab8bb8af007a-1" "Mozilla/5.0 (Windows NT 10.0; Win64; x64) AppleWebKit/537.36 (KHTML, like Gecko) Chrome/114.0.0.0 Safari/537.36 Edg/114.0.1823.43"
20.171.207.193 - - [12/Jul/2025:17:10:18 -0400] "GET /136vtuip9533.html HTTP/1.1" 404 23128 "-" "Mozilla/5.0 AppleWebKit/537.36 (KHTML, like Gecko; compatible; GPTBot/1.2; +https://openai.com/gptbot)"
136.243.228.194 - - [12/Jul/2025:17:10:24 -0400] "GET /items/cjvgh165/45177?key=politically HTTP/1.1" 404 23127 "-" "Mozilla/5.0 (compatible; DataForSeoBot/1.0; +https://dataforseo.com/dataforseo-bot)"
66.249.68.130 - - [12/Jul/2025:17:10:37 -0400] "GET /items/atken120/32642?key=hospital HTTP/1.1" 200 86438 "-" "Mozilla/5.0 (Linux; Android 6.0.1; Nexus 5X Build/MMB29P) AppleWebKit/537.36 (KHTML, like Gecko) Chrome/137.0.7151.103 Mobile Safari/537.36 (compatible; Googlebot/2.1; +http://www.google.com/bot.html)"
66.249.68.129 - - [12/Jul/2025:17:10:39 -0400] "GET /?_ga=2.198074345.1955352220.1721329623-968811056.1699381788&_bdsid=dmjl0p.n~UQTRN.1745716790918.1784849964&_bd_prev_page=https://dangroup.sa/api.jsp?items/qbhut121/47299?key=walk HTTP/1.1" 200 86792 "-" "Mozilla/5.0 (Linux; Android 6.0.1; Nexus 5X Build/MMB29P) AppleWebKit/537.36 (KHTML, like Gecko) Chrome/137.0.7151.103 Mobile Safari/537.36 (compatible; Googlebot/2.1; +http://www.google.com/bot.html)"
136.243.228.194 - - [12/Jul/2025:17:10:31 -0400] "GET /items/clzqj49/33009?key=exhaust HTTP/1.1" 404 23127 "-" "Mozilla/5.0 (compatible; DataForSeoBot/1.0; +https://dataforseo.com/dataforseo-bot)"
135.237.131.221 - - [12/Jul/2025:17:10:47 -0400] "GET / HTTP/1.1" 200 0 "-" "Mozilla/5.0 AppleWebKit/537.36 (KHTML, like Gecko); compatible; ChatGPT-User/1.0; +https://openai.com/bot"
135.237.131.222 - - [12/Jul/2025:17:10:47 -0400] "GET / HTTP/1.1" 200 0 "-" "Mozilla/5.0 AppleWebKit/537.36 (KHTML, like Gecko); compatible; ChatGPT-User/1.0; +https://openai.com/bot"
136.243.228.194 - - [12/Jul/2025:17:10:43 -0400] "GET /134vcn36173.html HTTP/1.1" 404 23129 "-" "Mozilla/5.0 (compatible; DataForSeoBot/1.0; +https://dataforseo.com/dataforseo-bot)"
66.29.146.47 - - [12/Jul/2025:17:11:04 -0400] "POST /wp-cron.php?doing_wp_cron=1752354663.5769720077514648437500 HTTP/1.1" 403 1242 "-" "WordPress/6.8; https://dangroup.sa"
47.82.60.65 - - [12/Jul/2025:17:10:58 -0400] "GET /285mnqx15074.html HTTP/1.1" 404 23127 "https://dangroup.sa/285mnqx15074.html" "Mozilla/5.0 (Windows NT 10.0; Win64; x64) AppleWebKit/537.36 (KHTML, like Gecko) Chrome/114.0.0.0 Safari/537.36 Edg/114.0.1823.43"
136.243.228.194 - - [12/Jul/2025:17:11:00 -0400] "GET /70wey49601.html HTTP/1.1" 404 23127 "-" "Mozilla/5.0 (compatible; DataForSeoBot/1.0; +https://dataforseo.com/dataforseo-bot)"
136.243.228.194 - - [12/Jul/2025:17:11:16 -0400] "GET /157iugb2668.html HTTP/1.1" 404 23129 "-" "Mozilla/5.0 (compatible; DataForSeoBot/1.0; +https://dataforseo.com/dataforseo-bot)"
20.171.207.193 - - [12/Jul/2025:17:11:19 -0400] "GET /120jrubu3613.html HTTP/1.1" 404 23127 "-" "Mozilla/5.0 AppleWebKit/537.36 (KHTML, like Gecko; compatible; GPTBot/1.2; +https://openai.com/gptbot)"
136.243.228.194 - - [12/Jul/2025:17:11:21 -0400] "GET /items/eprxk300/14666?key=fit HTTP/1.1" 404 23127 "-" "Mozilla/5.0 (compatible; DataForSeoBot/1.0; +https://dataforseo.com/dataforseo-bot)"
136.243.228.194 - - [12/Jul/2025:17:11:26 -0400] "GET /items/scxqx251/39641?key=drug HTTP/1.1" 404 23129 "-" "Mozilla/5.0 (compatible; DataForSeoBot/1.0; +https://dataforseo.com/dataforseo-bot)"
136.243.228.194 - - [12/Jul/2025:17:11:30 -0400] "GET /items/nhtoc179/44947?key=nest HTTP/1.1" 404 23127 "-" "Mozilla/5.0 (compatible; DataForSeoBot/1.0; +https://dataforseo.com/dataforseo-bot)"
136.243.228.194 - - [12/Jul/2025:17:11:35 -0400] "GET /1ryohf15050.html HTTP/1.1" 404 23127 "-" "Mozilla/5.0 (compatible; DataForSeoBot/1.0; +https://dataforseo.com/dataforseo-bot)"
66.249.68.131 - - [12/Jul/2025:17:11:40 -0400] "GET /items/pasdi127/47047?key=musician HTTP/1.1" 200 87412 "-" "Mozilla/5.0 (Linux; Android 6.0.1; Nexus 5X Build/MMB29P) AppleWebKit/537.36 (KHTML, like Gecko) Chrome/137.0.7151.103 Mobile Safari/537.36 (compatible; Googlebot/2.1; +http://www.google.com/bot.html)"
47.82.60.50 - - [12/Jul/2025:17:11:42 -0400] "GET /pcmypage?callback=product/review/ra-kudenmart-ta150gl-b HTTP/1.1" 301 0 "https://www.dangroup.sa/pcmypage?callback=product/review/ra-kudenmart-ta150gl-b" "Mozilla/5.0 (Windows NT 10.0; Win64; x64) AppleWebKit/537.36 (KHTML, like Gecko) Chrome/114.0.0.0 Safari/537.36 Edg/114.0.1823.43"
136.243.228.194 - - [12/Jul/2025:17:11:40 -0400] "GET /203dcw35398.html HTTP/1.1" 404 23129 "-" "Mozilla/5.0 (compatible; DataForSeoBot/1.0; +https://dataforseo.com/dataforseo-bot)"
47.82.60.44 - - [12/Jul/2025:17:11:42 -0400] "GET /items/zpeyd194/620?key=few HTTP/1.1" 404 23127 "https://dangroup.sa/items/zpeyd194/620?key=few" "Mozilla/5.0 (Windows NT 10.0; Win64; x64) AppleWebKit/537.36 (KHTML, like Gecko) Chrome/114.0.0.0 Safari/537.36 Edg/114.0.1823.43"
47.82.60.50 - - [12/Jul/2025:17:11:46 -0400] "GET /pcmypage?callback=product/review/ra-kudenmart-ta150gl-b HTTP/1.1" 404 23127 "https://www.dangroup.sa/pcmypage?callback=product/review/ra-kudenmart-ta150gl-b" "Mozilla/5.0 (Windows NT 10.0; Win64; x64) AppleWebKit/537.36 (KHTML, like Gecko) Chrome/114.0.0.0 Safari/537.36 Edg/114.0.1823.43"
136.243.228.194 - - [12/Jul/2025:17:11:54 -0400] "GET /189acfv20908.html HTTP/1.1" 404 23127 "-" "Mozilla/5.0 (compatible; DataForSeoBot/1.0; +https://dataforseo.com/dataforseo-bot)"
216.73.216.160 - - [12/Jul/2025:17:12:04 -0400] "GET /robots.txt HTTP/1.1" 304 0 "-" "Mozilla/5.0 AppleWebKit/537.36 (KHTML, like Gecko; compatible; ClaudeBot/1.0; +claudebot@anthropic.com)"
66.29.146.47 - - [12/Jul/2025:17:12:05 -0400] "POST /wp-cron.php?doing_wp_cron=1752354725.2422308921813964843750 HTTP/1.1" 403 1242 "-" "WordPress/6.8; https://dangroup.sa"
66.29.146.47 - - [12/Jul/2025:17:12:06 -0400] "POST /wp-cron.php?doing_wp_cron=1752354726.2610409259796142578125 HTTP/1.1" 403 1242 "-" "WordPress/6.8; https://dangroup.sa"
47.82.60.75 - - [12/Jul/2025:17:12:00 -0400] "GET /pcmypage?callback=product/detail/perk-up-297811-1236596 HTTP/1.1" 404 23127 "https://dangroup.sa/pcmypage?callback=product%2Fdetail%2Fperk-up-297811-1236596" "Mozilla/5.0 (Windows NT 10.0; Win64; x64) AppleWebKit/537.36 (KHTML, like Gecko) Chrome/114.0.0.0 Safari/537.36 Edg/114.0.1823.43"
216.73.216.160 - - [12/Jul/2025:17:12:04 -0400] "GET /search.php HTTP/1.1" 200 0 "-" "Mozilla/5.0 AppleWebKit/537.36 (KHTML, like Gecko; compatible; ClaudeBot/1.0; +claudebot@anthropic.com)"
136.243.228.194 - - [12/Jul/2025:17:12:03 -0400] "GET /items/hpavv267/49349?key=spectrum HTTP/1.1" 404 23129 "-" "Mozilla/5.0 (compatible; DataForSeoBot/1.0; +https://dataforseo.com/dataforseo-bot)"
66.249.68.129 - - [12/Jul/2025:17:12:15 -0400] "GET /249hcgt32242.html HTTP/1.1" 200 86966 "-" "Mozilla/5.0 (compatible; Googlebot/2.1; +http://www.google.com/bot.html)"
136.243.228.194 - - [12/Jul/2025:17:12:17 -0400] "GET /184ujo39411.html HTTP/1.1" 404 23127 "-" "Mozilla/5.0 (compatible; DataForSeoBot/1.0; +https://dataforseo.com/dataforseo-bot)"
136.243.228.194 - - [12/Jul/2025:17:12:23 -0400] "GET /items/dabkx27/45739?key=southern HTTP/1.1" 404 23127 "-" "Mozilla/5.0 (compatible; DataForSeoBot/1.0; +https://dataforseo.com/dataforseo-bot)"
20.171.207.193 - - [12/Jul/2025:17:12:24 -0400] "GET /97vyqiu41468.html HTTP/1.1" 404 23128 "-" "Mozilla/5.0 AppleWebKit/537.36 (KHTML, like Gecko; compatible; GPTBot/1.2; +https://openai.com/gptbot)"
47.82.60.63 - - [12/Jul/2025:17:12:27 -0400] "GET /pcmypage?callback=product/detail/jyusetsupro-7035460 HTTP/1.1" 404 23127 "https://dangroup.sa/pcmypage?callback=product%2Fdetail%2Fjyusetsupro-7035460" "Mozilla/5.0 (Windows NT 10.0; Win64; x64) AppleWebKit/537.36 (KHTML, like Gecko) Chrome/114.0.0.0 Safari/537.36 Edg/114.0.1823.43"
136.243.228.194 - - [12/Jul/2025:17:12:29 -0400] "GET /items/xwzdi162/45888?key=throat HTTP/1.1" 404 23127 "-" "Mozilla/5.0 (compatible; DataForSeoBot/1.0; +https://dataforseo.com/dataforseo-bot)"
136.243.228.194 - - [12/Jul/2025:17:12:36 -0400] "GET /166ppynp29801.html HTTP/1.1" 404 23129 "-" "Mozilla/5.0 (compatible; DataForSeoBot/1.0; +https://dataforseo.com/dataforseo-bot)"
