136.243.228.194 - - [12/Jul/2025:09:56:06 -0400] "GET /items/uxsnv25/13153?key=glory HTTP/1.1" 404 23127 "-" "Mozilla/5.0 (compatible; DataForSeoBot/1.0; +https://dataforseo.com/dataforseo-bot)"
185.177.72.201 - - [12/Jul/2025:09:56:11 -0400] "GET /config/default.json HTTP/1.1" 404 23129 "-" "Mozilla/5.0 (Windows NT 10.0; Win64; x64) AppleWebKit/537.36 (KHTML, like Gecko) Chrome/91.0.4472.124 Safari/537.36"
2a02:598:128:8a00::b00:5 - - [12/Jul/2025:09:56:31 -0400] "GET /?sitemapindex.xml HTTP/1.1" 200 393 "-" "Mozilla/5.0 (compatible; SeznamBot/4.0; +https://o-seznam.cz/napoveda/vyhledavani/en/seznambot-crawler/)"
136.243.228.194 - - [12/Jul/2025:09:56:21 -0400] "GET /286xgzpb28375.html HTTP/1.1" 404 23127 "-" "Mozilla/5.0 (compatible; DataForSeoBot/1.0; +https://dataforseo.com/dataforseo-bot)"
185.177.72.201 - - [12/Jul/2025:09:56:24 -0400] "GET /config/deploy.js HTTP/1.1" 404 23129 "-" "Mozilla/5.0 (Windows NT 10.0; Win64; x64) AppleWebKit/537.36 (KHTML, like Gecko) Chrome/91.0.4472.124 Safari/537.36"
136.243.228.194 - - [12/Jul/2025:09:56:35 -0400] "GET /items/subip75/34627?key=borrow HTTP/1.1" 404 23127 "-" "Mozilla/5.0 (compatible; DataForSeoBot/1.0; +https://dataforseo.com/dataforseo-bot)"
66.249.68.134 - - [12/Jul/2025:09:56:49 -0400] "GET /130chwwe30375.html HTTP/1.1" 200 88178 "-" "Mozilla/5.0 (Linux; Android 6.0.1; Nexus 5X Build/MMB29P) AppleWebKit/537.36 (KHTML, like Gecko) Chrome/137.0.7151.103 Mobile Safari/537.36 (compatible; Googlebot/2.1; +http://www.google.com/bot.html)"
185.177.72.201 - - [12/Jul/2025:09:56:40 -0400] "GET /config/deployment.yaml HTTP/1.1" 404 23127 "-" "Mozilla/5.0 (Windows NT 10.0; Win64; x64) AppleWebKit/537.36 (KHTML, like Gecko) Chrome/91.0.4472.124 Safari/537.36"
136.243.228.194 - - [12/Jul/2025:09:56:49 -0400] "GET /items/iqavi10/35082?key=destroy HTTP/1.1" 404 23127 "-" "Mozilla/5.0 (compatible; DataForSeoBot/1.0; +https://dataforseo.com/dataforseo-bot)"
185.177.72.201 - - [12/Jul/2025:09:56:52 -0400] "GET /config/dev.env.js HTTP/1.1" 404 23127 "-" "Mozilla/5.0 (Windows NT 10.0; Win64; x64) AppleWebKit/537.36 (KHTML, like Gecko) Chrome/91.0.4472.124 Safari/537.36"
136.243.228.194 - - [12/Jul/2025:09:56:56 -0400] "GET /6ndtxs5241.html HTTP/1.1" 404 23129 "-" "Mozilla/5.0 (compatible; DataForSeoBot/1.0; +https://dataforseo.com/dataforseo-bot)"
185.177.72.201 - - [12/Jul/2025:09:56:57 -0400] "GET /config/dev.json HTTP/1.1" 404 23309 "-" "Mozilla/5.0 (Windows NT 10.0; Win64; x64) AppleWebKit/537.36 (KHTML, like Gecko) Chrome/91.0.4472.124 Safari/537.36"
136.243.228.194 - - [12/Jul/2025:09:57:02 -0400] "GET /269tnot25452.html HTTP/1.1" 404 23127 "-" "Mozilla/5.0 (compatible; DataForSeoBot/1.0; +https://dataforseo.com/dataforseo-bot)"
66.29.146.47 - - [12/Jul/2025:09:57:14 -0400] "POST /wp-cron.php?doing_wp_cron=1752328634.5592501163482666015625 HTTP/1.1" 403 1242 "-" "WordPress/6.8; https://dangroup.sa"
185.177.72.201 - - [12/Jul/2025:09:57:12 -0400] "GET /config/dev_config.py HTTP/1.1" 404 23127 "-" "Mozilla/5.0 (Windows NT 10.0; Win64; x64) AppleWebKit/537.36 (KHTML, like Gecko) Chrome/91.0.4472.124 Safari/537.36"
136.243.228.194 - - [12/Jul/2025:09:57:14 -0400] "GET /items/yywrl204/39864?key=assign HTTP/1.1" 404 23127 "-" "Mozilla/5.0 (compatible; DataForSeoBot/1.0; +https://dataforseo.com/dataforseo-bot)"
66.249.68.133 - - [12/Jul/2025:09:57:30 -0400] "GET /items/rokkv134/20034?key=seven HTTP/1.1" 200 86849 "-" "Mozilla/5.0 (Linux; Android 6.0.1; Nexus 5X Build/MMB29P) AppleWebKit/537.36 (KHTML, like Gecko) Chrome/137.0.7151.103 Mobile Safari/537.36 (compatible; Googlebot/2.1; +http://www.google.com/bot.html)"
136.243.228.194 - - [12/Jul/2025:09:57:28 -0400] "GET /64whfmp12523.html HTTP/1.1" 404 23127 "-" "Mozilla/5.0 (compatible; DataForSeoBot/1.0; +https://dataforseo.com/dataforseo-bot)"
185.177.72.201 - - [12/Jul/2025:09:57:32 -0400] "GET /config/dev_settings.py HTTP/1.1" 404 23129 "-" "Mozilla/5.0 (Windows NT 10.0; Win64; x64) AppleWebKit/537.36 (KHTML, like Gecko) Chrome/91.0.4472.124 Safari/537.36"
185.177.72.201 - - [12/Jul/2025:09:57:42 -0400] "GET /config/development.config.php HTTP/1.1" 404 23127 "-" "Mozilla/5.0 (Windows NT 10.0; Win64; x64) AppleWebKit/537.36 (KHTML, like Gecko) Chrome/91.0.4472.124 Safari/537.36"
136.243.228.194 - - [12/Jul/2025:09:57:42 -0400] "GET /items/pukum16/28386?key=timing HTTP/1.1" 404 23127 "-" "Mozilla/5.0 (compatible; DataForSeoBot/1.0; +https://dataforseo.com/dataforseo-bot)"
136.243.228.194 - - [12/Jul/2025:09:57:48 -0400] "GET /14znm31791.html HTTP/1.1" 404 23127 "-" "Mozilla/5.0 (compatible; DataForSeoBot/1.0; +https://dataforseo.com/dataforseo-bot)"
136.243.228.194 - - [12/Jul/2025:09:57:52 -0400] "GET /7pilaw21826.html HTTP/1.1" 404 23127 "-" "Mozilla/5.0 (compatible; DataForSeoBot/1.0; +https://dataforseo.com/dataforseo-bot)"
185.177.72.201 - - [12/Jul/2025:09:57:52 -0400] "GET /config/development.js HTTP/1.1" 404 23127 "-" "Mozilla/5.0 (Windows NT 10.0; Win64; x64) AppleWebKit/537.36 (KHTML, like Gecko) Chrome/91.0.4472.124 Safari/537.36"
185.177.72.201 - - [12/Jul/2025:09:57:57 -0400] "GET /config/development.json HTTP/1.1" 404 23129 "-" "Mozilla/5.0 (Windows NT 10.0; Win64; x64) AppleWebKit/537.36 (KHTML, like Gecko) Chrome/91.0.4472.124 Safari/537.36"
136.243.228.194 - - [12/Jul/2025:09:57:59 -0400] "GET /items/qreag95/22613?key=both HTTP/1.1" 404 23129 "-" "Mozilla/5.0 (compatible; DataForSeoBot/1.0; +https://dataforseo.com/dataforseo-bot)"
66.29.146.47 - - [12/Jul/2025:09:58:17 -0400] "POST /wp-cron.php?doing_wp_cron=1752328696.7500898838043212890625 HTTP/1.1" 403 1242 "-" "WordPress/6.8; https://dangroup.sa"
66.249.68.132 - - [12/Jul/2025:09:58:23 -0400] "GET /19fkqck7664.html HTTP/1.1" 200 86582 "-" "Mozilla/5.0 (Linux; Android 6.0.1; Nexus 5X Build/MMB29P) AppleWebKit/537.36 (KHTML, like Gecko) Chrome/137.0.7151.103 Mobile Safari/537.36 (compatible; Googlebot/2.1; +http://www.google.com/bot.html)"
185.177.72.201 - - [12/Jul/2025:09:58:09 -0400] "GET /config/development.py HTTP/1.1" 404 23127 "-" "Mozilla/5.0 (Windows NT 10.0; Win64; x64) AppleWebKit/537.36 (KHTML, like Gecko) Chrome/91.0.4472.124 Safari/537.36"
136.243.228.194 - - [12/Jul/2025:09:58:17 -0400] "GET /266tss1159.html HTTP/1.1" 404 23127 "-" "Mozilla/5.0 (compatible; DataForSeoBot/1.0; +https://dataforseo.com/dataforseo-bot)"
125.94.144.102 - - [12/Jul/2025:09:58:10 -0400] "GET / HTTP/1.1" 200 33221 "http://danevnt.com" "Mozilla/5.0 (iPhone; CPU iPhone OS 13_2_3 like Mac OS X) AppleWebKit/605.1.15 (KHTML, like Gecko) Version/13.0.3 Mobile/15E148 Safari/604.1"
136.243.228.194 - - [12/Jul/2025:09:58:36 -0400] "GET /266zghv45083.html HTTP/1.1" 404 23127 "-" "Mozilla/5.0 (compatible; DataForSeoBot/1.0; +https://dataforseo.com/dataforseo-bot)"
185.177.72.201 - - [12/Jul/2025:09:58:32 -0400] "GET /config/docker-compose.dev.yml HTTP/1.1" 404 23127 "-" "Mozilla/5.0 (Windows NT 10.0; Win64; x64) AppleWebKit/537.36 (KHTML, like Gecko) Chrome/91.0.4472.124 Safari/537.36"
185.177.72.201 - - [12/Jul/2025:09:58:50 -0400] "GET /config/docker-compose.override.yml HTTP/1.1" 404 23127 "-" "Mozilla/5.0 (Windows NT 10.0; Win64; x64) AppleWebKit/537.36 (KHTML, like Gecko) Chrome/91.0.4472.124 Safari/537.36"
136.243.228.194 - - [12/Jul/2025:09:58:52 -0400] "GET /46kbcj23371.html HTTP/1.1" 404 23127 "-" "Mozilla/5.0 (compatible; DataForSeoBot/1.0; +https://dataforseo.com/dataforseo-bot)"
185.177.72.201 - - [12/Jul/2025:09:59:06 -0400] "GET /config/docker-compose.prod.yml HTTP/1.1" 404 23129 "-" "Mozilla/5.0 (Windows NT 10.0; Win64; x64) AppleWebKit/537.36 (KHTML, like Gecko) Chrome/91.0.4472.124 Safari/537.36"
66.29.146.47 - - [12/Jul/2025:09:59:22 -0400] "POST /wp-cron.php?doing_wp_cron=1752328761.6501441001892089843750 HTTP/1.1" 403 1242 "-" "WordPress/6.8; https://dangroup.sa"
136.243.228.194 - - [12/Jul/2025:09:59:09 -0400] "GET /items/razmp239/17103?key=stem HTTP/1.1" 404 23127 "-" "Mozilla/5.0 (compatible; DataForSeoBot/1.0; +https://dataforseo.com/dataforseo-bot)"
185.177.72.201 - - [12/Jul/2025:09:59:20 -0400] "GET /config/dockerfile HTTP/1.1" 404 23127 "-" "Mozilla/5.0 (Windows NT 10.0; Win64; x64) AppleWebKit/537.36 (KHTML, like Gecko) Chrome/91.0.4472.124 Safari/537.36"
136.243.228.194 - - [12/Jul/2025:09:59:24 -0400] "GET /items/tolnn188/47020?key=laboratory HTTP/1.1" 404 23127 "-" "Mozilla/5.0 (compatible; DataForSeoBot/1.0; +https://dataforseo.com/dataforseo-bot)"
185.177.72.201 - - [12/Jul/2025:09:59:33 -0400] "GET /config/dump.sql HTTP/1.1" 404 23127 "-" "Mozilla/5.0 (Windows NT 10.0; Win64; x64) AppleWebKit/537.36 (KHTML, like Gecko) Chrome/91.0.4472.124 Safari/537.36"
136.243.228.194 - - [12/Jul/2025:09:59:38 -0400] "GET /items/zzlby224/5244?key=vendor HTTP/1.1" 404 23127 "-" "Mozilla/5.0 (compatible; DataForSeoBot/1.0; +https://dataforseo.com/dataforseo-bot)"
185.177.72.201 - - [12/Jul/2025:09:59:46 -0400] "GET /config/dump.sql.gz HTTP/1.1" 404 23129 "-" "Mozilla/5.0 (Windows NT 10.0; Win64; x64) AppleWebKit/537.36 (KHTML, like Gecko) Chrome/91.0.4472.124 Safari/537.36"
66.249.68.133 - - [12/Jul/2025:09:59:57 -0400] "GET /108ldlv15827.html HTTP/1.1" 200 86264 "-" "Mozilla/5.0 (Linux; Android 6.0.1; Nexus 5X Build/MMB29P) AppleWebKit/537.36 (KHTML, like Gecko) Chrome/137.0.7151.103 Mobile Safari/537.36 (compatible; Googlebot/2.1; +http://www.google.com/bot.html)"
136.243.228.194 - - [12/Jul/2025:09:59:51 -0400] "GET /items/beipt191/48259?key=sheep HTTP/1.1" 404 23127 "-" "Mozilla/5.0 (compatible; DataForSeoBot/1.0; +https://dataforseo.com/dataforseo-bot)"
136.0.109.63 - - [12/Jul/2025:09:59:52 -0400] "GET /items/trqyl184/46546?key=underlying HTTP/1.1" 404 23129 "-" "Mozilla/5.0 (Macintosh; Intel Mac OS X 10_15_7) AppleWebKit/537.36 (KHTML, like Gecko) Chrome/131.0.0.0 Safari/537.36"
204.12.252.98 - - [12/Jul/2025:10:00:07 -0400] "GET /wp-content/install.php HTTP/1.1" 200 10 "https://dangroup.sa/wp-content/install.php" "Mozilla/5.0 (Windows NT 10.0; Win64; x64) AppleWebKit/537.36 (KHTML, like Gecko) Chrome/58.0.3029.110 Safari/537.3"
185.177.72.201 - - [12/Jul/2025:10:00:03 -0400] "GET /config/email.py HTTP/1.1" 404 23127 "-" "Mozilla/5.0 (Windows NT 10.0; Win64; x64) AppleWebKit/537.36 (KHTML, like Gecko) Chrome/91.0.4472.124 Safari/537.36"
136.243.228.194 - - [12/Jul/2025:10:00:09 -0400] "GET /55ufgiv7242.html HTTP/1.1" 404 23127 "-" "Mozilla/5.0 (compatible; DataForSeoBot/1.0; +https://dataforseo.com/dataforseo-bot)"
66.29.146.47 - - [12/Jul/2025:10:00:23 -0400] "POST /wp-cron.php?doing_wp_cron=1752328823.2521090507507324218750 HTTP/1.1" 403 1242 "-" "WordPress/6.8; https://dangroup.sa"
185.177.72.201 - - [12/Jul/2025:10:00:15 -0400] "GET /config/env.go HTTP/1.1" 404 23127 "-" "Mozilla/5.0 (Windows NT 10.0; Win64; x64) AppleWebKit/537.36 (KHTML, like Gecko) Chrome/91.0.4472.124 Safari/537.36"
136.243.228.194 - - [12/Jul/2025:10:00:20 -0400] "GET /items/qfrwf112/2948?key=pregnant HTTP/1.1" 404 23127 "-" "Mozilla/5.0 (compatible; DataForSeoBot/1.0; +https://dataforseo.com/dataforseo-bot)"
185.177.72.201 - - [12/Jul/2025:10:00:27 -0400] "GET /config/env.js HTTP/1.1" 404 23127 "-" "Mozilla/5.0 (Windows NT 10.0; Win64; x64) AppleWebKit/537.36 (KHTML, like Gecko) Chrome/91.0.4472.124 Safari/537.36"
47.82.60.28 - - [12/Jul/2025:10:00:29 -0400] "GET /pcmypage?callback=product/detail/package-marche-012068 HTTP/1.1" 404 23127 "https://dangroup.sa/pcmypage?callback=product%2Fdetail%2Fpackage-marche-012068" "Mozilla/5.0 (Windows NT 10.0; Win64; x64) AppleWebKit/537.36 (KHTML, like Gecko) Chrome/114.0.0.0 Safari/537.36 Edg/114.0.1823.43"
136.243.228.194 - - [12/Jul/2025:10:00:37 -0400] "GET /items/vytnr36/16842?key=desperate HTTP/1.1" 404 23127 "-" "Mozilla/5.0 (compatible; DataForSeoBot/1.0; +https://dataforseo.com/dataforseo-bot)"
185.177.72.201 - - [12/Jul/2025:10:00:38 -0400] "GET /config/env.json HTTP/1.1" 404 23127 "-" "Mozilla/5.0 (Windows NT 10.0; Win64; x64) AppleWebKit/537.36 (KHTML, like Gecko) Chrome/91.0.4472.124 Safari/537.36"
185.177.72.201 - - [12/Jul/2025:10:00:50 -0400] "GET /config/env.php HTTP/1.1" 404 23127 "-" "Mozilla/5.0 (Windows NT 10.0; Win64; x64) AppleWebKit/537.36 (KHTML, like Gecko) Chrome/91.0.4472.124 Safari/537.36"
136.243.228.194 - - [12/Jul/2025:10:00:51 -0400] "GET /97wlyeq25718.html HTTP/1.1" 404 23129 "-" "Mozilla/5.0 (compatible; DataForSeoBot/1.0; +https://dataforseo.com/dataforseo-bot)"
185.177.72.201 - - [12/Jul/2025:10:00:57 -0400] "GET /config/env/development.js HTTP/1.1" 404 23127 "-" "Mozilla/5.0 (Windows NT 10.0; Win64; x64) AppleWebKit/537.36 (KHTML, like Gecko) Chrome/91.0.4472.124 Safari/537.36"
136.243.228.194 - - [12/Jul/2025:10:01:04 -0400] "GET /281ance13492.html HTTP/1.1" 404 23129 "-" "Mozilla/5.0 (compatible; DataForSeoBot/1.0; +https://dataforseo.com/dataforseo-bot)"
185.177.72.201 - - [12/Jul/2025:10:01:11 -0400] "GET /config/env/production.js HTTP/1.1" 404 23129 "-" "Mozilla/5.0 (Windows NT 10.0; Win64; x64) AppleWebKit/537.36 (KHTML, like Gecko) Chrome/91.0.4472.124 Safari/537.36"
66.29.146.47 - - [12/Jul/2025:10:01:24 -0400] "POST /wp-cron.php?doing_wp_cron=1752328883.6490290164947509765625 HTTP/1.1" 403 1242 "-" "WordPress/6.8; https://dangroup.sa"
66.29.146.47 - - [12/Jul/2025:10:01:24 -0400] "POST /wp-cron.php?doing_wp_cron=1752328884.2517189979553222656250 HTTP/1.1" 403 1242 "-" "WordPress/6.8; https://dangroup.sa"
47.82.60.35 - - [12/Jul/2025:10:01:21 -0400] "GET /pcmypage?callback=product/detail/j-relife-sh-c38 HTTP/1.1" 301 0 "https://www.dangroup.sa/pcmypage?callback=product%2Fdetail%2Fj-relife-sh-c38" "Mozilla/5.0 (Windows NT 10.0; Win64; x64) AppleWebKit/537.36 (KHTML, like Gecko) Chrome/114.0.0.0 Safari/537.36 Edg/114.0.1823.43"
136.243.228.194 - - [12/Jul/2025:10:01:17 -0400] "GET /items/uysbu12/49384?key=spiritual HTTP/1.1" 404 23127 "-" "Mozilla/5.0 (compatible; DataForSeoBot/1.0; +https://dataforseo.com/dataforseo-bot)"
47.82.60.14 - - [12/Jul/2025:10:01:23 -0400] "GET /items/tfmfz115/27889?key=snow HTTP/1.1" 404 23127 "https://dangroup.sa/items/tfmfz115/27889?key=snow" "Mozilla/5.0 (Windows NT 10.0; Win64; x64) AppleWebKit/537.36 (KHTML, like Gecko) Chrome/114.0.0.0 Safari/537.36 Edg/114.0.1823.43"
185.177.72.201 - - [12/Jul/2025:10:01:21 -0400] "GET /config/env/sendgrid.env HTTP/1.1" 404 23127 "-" "Mozilla/5.0 (Windows NT 10.0; Win64; x64) AppleWebKit/537.36 (KHTML, like Gecko) Chrome/91.0.4472.124 Safari/537.36"
47.82.60.35 - - [12/Jul/2025:10:01:25 -0400] "GET /pcmypage?callback=product/detail/j-relife-sh-c38 HTTP/1.1" 404 23127 "https://www.dangroup.sa/pcmypage?callback=product%2Fdetail%2Fj-relife-sh-c38" "Mozilla/5.0 (Windows NT 10.0; Win64; x64) AppleWebKit/537.36 (KHTML, like Gecko) Chrome/114.0.0.0 Safari/537.36 Edg/114.0.1823.43"
47.82.60.26 - - [12/Jul/2025:10:01:44 -0400] "GET /pcmypage?callback=product/review/fanatics-store-10172844 HTTP/1.1" 301 0 "https://www.dangroup.sa/pcmypage?callback=product/review/fanatics-store-10172844" "Mozilla/5.0 (Windows NT 10.0; Win64; x64) AppleWebKit/537.36 (KHTML, like Gecko) Chrome/114.0.0.0 Safari/537.36 Edg/114.0.1823.43"
136.243.228.194 - - [12/Jul/2025:10:01:32 -0400] "GET /16rul26575.html HTTP/1.1" 404 23129 "-" "Mozilla/5.0 (compatible; DataForSeoBot/1.0; +https://dataforseo.com/dataforseo-bot)"
47.82.60.6 - - [12/Jul/2025:10:01:34 -0400] "GET /206ggw23901.html HTTP/1.1" 404 23127 "https://dangroup.sa/206ggw23901.html" "Mozilla/5.0 (Windows NT 10.0; Win64; x64) AppleWebKit/537.36 (KHTML, like Gecko) Chrome/114.0.0.0 Safari/537.36 Edg/114.0.1823.43"
47.82.60.16 - - [12/Jul/2025:10:01:34 -0400] "GET /items/zqwjt162/33874?key=Korean HTTP/1.1" 404 23129 "https://dangroup.sa/items/zqwjt162/33874?key=Korean" "Mozilla/5.0 (Windows NT 10.0; Win64; x64) AppleWebKit/537.36 (KHTML, like Gecko) Chrome/114.0.0.0 Safari/537.36 Edg/114.0.1823.43"
47.82.60.51 - - [12/Jul/2025:10:01:40 -0400] "GET /items/kzdkt168/28470?key=submit HTTP/1.1" 404 23129 "https://dangroup.sa/items/kzdkt168/28470?key=submit" "Mozilla/5.0 (Windows NT 10.0; Win64; x64) AppleWebKit/537.36 (KHTML, like Gecko) Chrome/114.0.0.0 Safari/537.36 Edg/114.0.1823.43"
185.177.72.201 - - [12/Jul/2025:10:01:42 -0400] "GET /config/env/sendgrid_keys.env HTTP/1.1" 404 23129 "-" "Mozilla/5.0 (Windows NT 10.0; Win64; x64) AppleWebKit/537.36 (KHTML, like Gecko) Chrome/91.0.4472.124 Safari/537.36"
47.82.60.70 - - [12/Jul/2025:10:01:48 -0400] "GET /items/ivhyl223/48353?key=hell HTTP/1.1" 404 23129 "https://dangroup.sa/items/ivhyl223/48353?key=hell" "Mozilla/5.0 (Windows NT 10.0; Win64; x64) AppleWebKit/537.36 (KHTML, like Gecko) Chrome/114.0.0.0 Safari/537.36 Edg/114.0.1823.43"
47.82.60.26 - - [12/Jul/2025:10:01:50 -0400] "GET /pcmypage?callback=product/review/fanatics-store-10172844 HTTP/1.1" 404 23129 "https://www.dangroup.sa/pcmypage?callback=product/review/fanatics-store-10172844" "Mozilla/5.0 (Windows NT 10.0; Win64; x64) AppleWebKit/537.36 (KHTML, like Gecko) Chrome/114.0.0.0 Safari/537.36 Edg/114.0.1823.43"
136.243.228.194 - - [12/Jul/2025:10:01:57 -0400] "GET /131xhpfu15856.html HTTP/1.1" 404 23127 "-" "Mozilla/5.0 (compatible; DataForSeoBot/1.0; +https://dataforseo.com/dataforseo-bot)"
185.177.72.201 - - [12/Jul/2025:10:02:00 -0400] "GET /config/env/test.js HTTP/1.1" 404 23127 "-" "Mozilla/5.0 (Windows NT 10.0; Win64; x64) AppleWebKit/537.36 (KHTML, like Gecko) Chrome/91.0.4472.124 Safari/537.36"
66.249.68.134 - - [12/Jul/2025:10:02:22 -0400] "GET /130gnigf29597.html HTTP/1.1" 200 87550 "-" "Mozilla/5.0 (Linux; Android 6.0.1; Nexus 5X Build/MMB29P) AppleWebKit/537.36 (KHTML, like Gecko) Chrome/137.0.7151.103 Mobile Safari/537.36 (compatible; Googlebot/2.1; +http://www.google.com/bot.html)"
66.249.68.134 - - [12/Jul/2025:10:02:24 -0400] "GET /30awzd31577.html HTTP/1.1" 200 86012 "-" "Mozilla/5.0 (Linux; Android 6.0.1; Nexus 5X Build/MMB29P) AppleWebKit/537.36 (KHTML, like Gecko) Chrome/137.0.7151.103 Mobile Safari/537.36 (compatible; Googlebot/2.1; +http://www.google.com/bot.html)"
66.249.68.134 - - [12/Jul/2025:10:02:25 -0400] "GET /search?category=411&search_word= HTTP/1.1" 200 86960 "-" "Mozilla/5.0 (Linux; Android 6.0.1; Nexus 5X Build/MMB29P) AppleWebKit/537.36 (KHTML, like Gecko) Chrome/137.0.7151.103 Mobile Safari/537.36 (compatible; Googlebot/2.1; +http://www.google.com/bot.html)"
136.243.228.194 - - [12/Jul/2025:10:02:14 -0400] "GET /items/rwtut232/46368?key=opera HTTP/1.1" 404 23127 "-" "Mozilla/5.0 (compatible; DataForSeoBot/1.0; +https://dataforseo.com/dataforseo-bot)"
185.177.72.201 - - [12/Jul/2025:10:02:14 -0400] "GET /config/environment.js HTTP/1.1" 404 23127 "-" "Mozilla/5.0 (Windows NT 10.0; Win64; x64) AppleWebKit/537.36 (KHTML, like Gecko) Chrome/91.0.4472.124 Safari/537.36"
66.29.146.47 - - [12/Jul/2025:10:02:29 -0400] "POST /wp-cron.php?doing_wp_cron=1752328949.2456760406494140625000 HTTP/1.1" 403 1242 "-" "WordPress/6.8; https://dangroup.sa"
66.29.146.47 - - [12/Jul/2025:10:02:30 -0400] "POST /wp-cron.php?doing_wp_cron=1752328950.0538010597229003906250 HTTP/1.1" 403 1242 "-" "WordPress/6.8; https://dangroup.sa"
136.243.228.194 - - [12/Jul/2025:10:02:28 -0400] "GET /items/avwjr183/48375?key=leading HTTP/1.1" 404 23127 "-" "Mozilla/5.0 (compatible; DataForSeoBot/1.0; +https://dataforseo.com/dataforseo-bot)"
185.177.72.201 - - [12/Jul/2025:10:02:28 -0400] "GET /config/environment.json HTTP/1.1" 404 23129 "-" "Mozilla/5.0 (Windows NT 10.0; Win64; x64) AppleWebKit/537.36 (KHTML, like Gecko) Chrome/91.0.4472.124 Safari/537.36"
136.243.228.194 - - [12/Jul/2025:10:02:36 -0400] "GET /39kgyov12150.html HTTP/1.1" 404 23127 "-" "Mozilla/5.0 (compatible; DataForSeoBot/1.0; +https://dataforseo.com/dataforseo-bot)"
47.82.60.22 - - [12/Jul/2025:10:02:38 -0400] "GET /pcmypage?callback=product/review/tooldirect-smart-tkg-pkn01002 HTTP/1.1" 404 23127 "https://dangroup.sa/pcmypage?callback=product/review/tooldirect-smart-tkg-pkn01002" "Mozilla/5.0 (Windows NT 10.0; Win64; x64) AppleWebKit/537.36 (KHTML, like Gecko) Chrome/114.0.0.0 Safari/537.36 Edg/114.0.1823.43"
185.177.72.201 - - [12/Jul/2025:10:02:40 -0400] "GET /config/environments/development.rb HTTP/1.1" 404 23127 "-" "Mozilla/5.0 (Windows NT 10.0; Win64; x64) AppleWebKit/537.36 (KHTML, like Gecko) Chrome/91.0.4472.124 Safari/537.36"
47.82.60.45 - - [12/Jul/2025:10:02:50 -0400] "GET /225nig48868.html HTTP/1.1" 404 23127 "https://dangroup.sa/225nig48868.html" "Mozilla/5.0 (Windows NT 10.0; Win64; x64) AppleWebKit/537.36 (KHTML, like Gecko) Chrome/114.0.0.0 Safari/537.36 Edg/114.0.1823.43"
136.243.228.194 - - [12/Jul/2025:10:02:51 -0400] "GET /items/ddhxk225/11841?key=association HTTP/1.1" 404 23127 "-" "Mozilla/5.0 (compatible; DataForSeoBot/1.0; +https://dataforseo.com/dataforseo-bot)"
185.177.72.201 - - [12/Jul/2025:10:02:51 -0400] "GET /config/environments/production.rb HTTP/1.1" 404 23127 "-" "Mozilla/5.0 (Windows NT 10.0; Win64; x64) AppleWebKit/537.36 (KHTML, like Gecko) Chrome/91.0.4472.124 Safari/537.36"
47.82.60.13 - - [12/Jul/2025:10:02:56 -0400] "GET /pcmypage?callback=product/detail/kg-maido-tr-2468174 HTTP/1.1" 301 0 "https://www.dangroup.sa/pcmypage?callback=product%2Fdetail%2Fkg-maido-tr-2468174" "Mozilla/5.0 (Windows NT 10.0; Win64; x64) AppleWebKit/537.36 (KHTML, like Gecko) Chrome/114.0.0.0 Safari/537.36 Edg/114.0.1823.43"
185.177.72.201 - - [12/Jul/2025:10:02:57 -0400] "GET /config/environments/test.rb HTTP/1.1" 404 23127 "-" "Mozilla/5.0 (Windows NT 10.0; Win64; x64) AppleWebKit/537.36 (KHTML, like Gecko) Chrome/91.0.4472.124 Safari/537.36"
136.243.228.194 - - [12/Jul/2025:10:02:58 -0400] "GET /119rjhj25938.html HTTP/1.1" 404 23129 "-" "Mozilla/5.0 (compatible; DataForSeoBot/1.0; +https://dataforseo.com/dataforseo-bot)"
47.82.60.13 - - [12/Jul/2025:10:02:58 -0400] "GET /pcmypage?callback=product/detail/kg-maido-tr-2468174 HTTP/1.1" 404 23129 "https://www.dangroup.sa/pcmypage?callback=product%2Fdetail%2Fkg-maido-tr-2468174" "Mozilla/5.0 (Windows NT 10.0; Win64; x64) AppleWebKit/537.36 (KHTML, like Gecko) Chrome/114.0.0.0 Safari/537.36 Edg/114.0.1823.43"
47.82.60.65 - - [12/Jul/2025:10:03:10 -0400] "GET /items/zcoqe223/6335?key=portrait HTTP/1.1" 404 23127 "https://dangroup.sa/items/zcoqe223/6335?key=portrait" "Mozilla/5.0 (Windows NT 10.0; Win64; x64) AppleWebKit/537.36 (KHTML, like Gecko) Chrome/114.0.0.0 Safari/537.36 Edg/114.0.1823.43"
136.243.228.194 - - [12/Jul/2025:10:03:12 -0400] "GET /items/gztts171/46963?key=tomato HTTP/1.1" 404 23129 "-" "Mozilla/5.0 (compatible; DataForSeoBot/1.0; +https://dataforseo.com/dataforseo-bot)"
185.177.72.201 - - [12/Jul/2025:10:03:12 -0400] "GET /config/error.log HTTP/1.1" 404 23129 "-" "Mozilla/5.0 (Windows NT 10.0; Win64; x64) AppleWebKit/537.36 (KHTML, like Gecko) Chrome/91.0.4472.124 Safari/537.36"
47.82.60.2 - - [12/Jul/2025:10:03:19 -0400] "GET /26urs41281.html HTTP/1.1" 404 23129 "https://dangroup.sa/26urs41281.html" "Mozilla/5.0 (Windows NT 10.0; Win64; x64) AppleWebKit/537.36 (KHTML, like Gecko) Chrome/114.0.0.0 Safari/537.36 Edg/114.0.1823.43"
185.177.72.201 - - [12/Jul/2025:10:03:27 -0400] "GET /config/filesystems.php HTTP/1.1" 404 23127 "-" "Mozilla/5.0 (Windows NT 10.0; Win64; x64) AppleWebKit/537.36 (KHTML, like Gecko) Chrome/91.0.4472.124 Safari/537.36"
136.243.228.194 - - [12/Jul/2025:10:03:27 -0400] "GET /259bvgaz35972.html HTTP/1.1" 404 23127 "-" "Mozilla/5.0 (compatible; DataForSeoBot/1.0; +https://dataforseo.com/dataforseo-bot)"
66.29.146.47 - - [12/Jul/2025:10:03:44 -0400] "POST /wp-cron.php?doing_wp_cron=1752329023.8433990478515625000000 HTTP/1.1" 403 1242 "-" "WordPress/6.8; https://dangroup.sa"
136.243.228.194 - - [12/Jul/2025:10:03:44 -0400] "GET /258btht1811.html HTTP/1.1" 404 23127 "-" "Mozilla/5.0 (compatible; DataForSeoBot/1.0; +https://dataforseo.com/dataforseo-bot)"
185.177.72.201 - - [12/Jul/2025:10:03:41 -0400] "GET /config/index-dev.php HTTP/1.1" 404 23127 "-" "Mozilla/5.0 (Windows NT 10.0; Win64; x64) AppleWebKit/537.36 (KHTML, like Gecko) Chrome/91.0.4472.124 Safari/537.36"
136.243.228.194 - - [12/Jul/2025:10:03:55 -0400] "GET /items/jdonp206/36254?key=lighting HTTP/1.1" 404 23127 "-" "Mozilla/5.0 (compatible; DataForSeoBot/1.0; +https://dataforseo.com/dataforseo-bot)"
185.177.72.201 - - [12/Jul/2025:10:03:55 -0400] "GET /config/index.js HTTP/1.1" 404 23127 "-" "Mozilla/5.0 (Windows NT 10.0; Win64; x64) AppleWebKit/537.36 (KHTML, like Gecko) Chrome/91.0.4472.124 Safari/537.36"
136.243.228.194 - - [12/Jul/2025:10:04:03 -0400] "GET /215uxj36942.html HTTP/1.1" 404 23127 "-" "Mozilla/5.0 (compatible; DataForSeoBot/1.0; +https://dataforseo.com/dataforseo-bot)"
66.249.68.134 - - [12/Jul/2025:10:04:09 -0400] "GET /?_ga=2.198074345.1955352220.1721329623-968811056.1699381788&_bdsid=dmjl0p.n~UQTRN.1745716790918.1784849964&_bd_prev_page=https://dangroup.sa/api.jsp?items/nhexs157/20383?key=loss HTTP/1.1" 200 87139 "-" "Mozilla/5.0 (Linux; Android 6.0.1; Nexus 5X Build/MMB29P) AppleWebKit/537.36 (KHTML, like Gecko) Chrome/137.0.7151.103 Mobile Safari/537.36 (compatible; Googlebot/2.1; +http://www.google.com/bot.html)"
66.249.68.133 - - [12/Jul/2025:10:04:11 -0400] "GET /91nczma4130.html HTTP/1.1" 200 86530 "-" "Mozilla/5.0 (Linux; Android 6.0.1; Nexus 5X Build/MMB29P) AppleWebKit/537.36 (KHTML, like Gecko) Chrome/137.0.7151.103 Mobile Safari/537.36 (compatible; Googlebot/2.1; +http://www.google.com/bot.html)"
66.249.68.134 - - [12/Jul/2025:10:04:12 -0400] "GET /items/dcwjp206/32240?key=check HTTP/1.1" 200 89378 "-" "Mozilla/5.0 (Linux; Android 6.0.1; Nexus 5X Build/MMB29P) AppleWebKit/537.36 (KHTML, like Gecko) Chrome/137.0.7151.103 Mobile Safari/537.36 (compatible; Googlebot/2.1; +http://www.google.com/bot.html)"
185.177.72.201 - - [12/Jul/2025:10:04:07 -0400] "GET /config/ingress.yaml HTTP/1.1" 404 23129 "-" "Mozilla/5.0 (Windows NT 10.0; Win64; x64) AppleWebKit/537.36 (KHTML, like Gecko) Chrome/91.0.4472.124 Safari/537.36"
136.243.228.194 - - [12/Jul/2025:10:04:12 -0400] "GET /items/fcqul72/9232?key=corporate HTTP/1.1" 404 23129 "-" "Mozilla/5.0 (compatible; DataForSeoBot/1.0; +https://dataforseo.com/dataforseo-bot)"
185.177.72.201 - - [12/Jul/2025:10:04:17 -0400] "GET /config/initializers/devise.rb HTTP/1.1" 404 23127 "-" "Mozilla/5.0 (Windows NT 10.0; Win64; x64) AppleWebKit/537.36 (KHTML, like Gecko) Chrome/91.0.4472.124 Safari/537.36"
136.243.228.194 - - [12/Jul/2025:10:04:24 -0400] "GET /items/vbpmx227/16631?key=data HTTP/1.1" 404 23127 "-" "Mozilla/5.0 (compatible; DataForSeoBot/1.0; +https://dataforseo.com/dataforseo-bot)"
185.177.72.201 - - [12/Jul/2025:10:04:26 -0400] "GET /config/initializers/secret_token.rb HTTP/1.1" 404 23129 "-" "Mozilla/5.0 (Windows NT 10.0; Win64; x64) AppleWebKit/537.36 (KHTML, like Gecko) Chrome/91.0.4472.124 Safari/537.36"
136.243.228.194 - - [12/Jul/2025:10:04:36 -0400] "GET /41rdeuf13492.html HTTP/1.1" 404 23127 "-" "Mozilla/5.0 (compatible; DataForSeoBot/1.0; +https://dataforseo.com/dataforseo-bot)"
185.177.72.201 - - [12/Jul/2025:10:04:36 -0400] "GET /config/initializers/session_store.rb HTTP/1.1" 404 23129 "-" "Mozilla/5.0 (Windows NT 10.0; Win64; x64) AppleWebKit/537.36 (KHTML, like Gecko) Chrome/91.0.4472.124 Safari/537.36"
66.29.146.47 - - [12/Jul/2025:10:04:46 -0400] "POST /wp-cron.php?doing_wp_cron=1752329085.8843278884887695312500 HTTP/1.1" 403 1242 "-" "WordPress/6.8; https://dangroup.sa"
136.243.228.194 - - [12/Jul/2025:10:04:45 -0400] "GET /items/ptdwb94/33856?key=hey HTTP/1.1" 404 23127 "-" "Mozilla/5.0 (compatible; DataForSeoBot/1.0; +https://dataforseo.com/dataforseo-bot)"
136.243.228.194 - - [12/Jul/2025:10:04:49 -0400] "GET /167qfpk44866.html HTTP/1.1" 404 23129 "-" "Mozilla/5.0 (compatible; DataForSeoBot/1.0; +https://dataforseo.com/dataforseo-bot)"
66.249.68.133 - - [12/Jul/2025:10:04:56 -0400] "GET /2ckjs34477.html HTTP/1.1" 200 86946 "-" "Mozilla/5.0 (Linux; Android 6.0.1; Nexus 5X Build/MMB29P) AppleWebKit/537.36 (KHTML, like Gecko) Chrome/137.0.7151.103 Mobile Safari/537.36 (compatible; Googlebot/2.1; +http://www.google.com/bot.html)"
185.177.72.201 - - [12/Jul/2025:10:04:50 -0400] "GET /config/initializers/sidekiq.rb HTTP/1.1" 404 23129 "-" "Mozilla/5.0 (Windows NT 10.0; Win64; x64) AppleWebKit/537.36 (KHTML, like Gecko) Chrome/91.0.4472.124 Safari/537.36"
136.243.228.194 - - [12/Jul/2025:10:04:56 -0400] "GET /items/yzuki180/516?key=flow HTTP/1.1" 404 23127 "-" "Mozilla/5.0 (compatible; DataForSeoBot/1.0; +https://dataforseo.com/dataforseo-bot)"
185.177.72.201 - - [12/Jul/2025:10:05:00 -0400] "GET /config/keys.js HTTP/1.1" 404 23127 "-" "Mozilla/5.0 (Windows NT 10.0; Win64; x64) AppleWebKit/537.36 (KHTML, like Gecko) Chrome/91.0.4472.124 Safari/537.36"
185.177.72.201 - - [12/Jul/2025:10:05:11 -0400] "GET /config/kubeconfig.yaml HTTP/1.1" 404 23129 "-" "Mozilla/5.0 (Windows NT 10.0; Win64; x64) AppleWebKit/537.36 (KHTML, like Gecko) Chrome/91.0.4472.124 Safari/537.36"
136.243.228.194 - - [12/Jul/2025:10:05:12 -0400] "GET /items/hnopx265/44455?key=edition HTTP/1.1" 404 23127 "-" "Mozilla/5.0 (compatible; DataForSeoBot/1.0; +https://dataforseo.com/dataforseo-bot)"
66.249.68.132 - - [12/Jul/2025:10:05:24 -0400] "GET /164jebvu42567.html HTTP/1.1" 200 87625 "-" "Mozilla/5.0 (Linux; Android 6.0.1; Nexus 5X Build/MMB29P) AppleWebKit/537.36 (KHTML, like Gecko) Chrome/137.0.7151.103 Mobile Safari/537.36 (compatible; Googlebot/2.1; +http://www.google.com/bot.html)"
136.243.228.194 - - [12/Jul/2025:10:05:23 -0400] "GET /2nqyx10075.html HTTP/1.1" 404 23127 "-" "Mozilla/5.0 (compatible; DataForSeoBot/1.0; +https://dataforseo.com/dataforseo-bot)"
185.177.72.201 - - [12/Jul/2025:10:05:28 -0400] "GET /config/local.js HTTP/1.1" 404 23129 "-" "Mozilla/5.0 (Windows NT 10.0; Win64; x64) AppleWebKit/537.36 (KHTML, like Gecko) Chrome/91.0.4472.124 Safari/537.36"
136.243.228.194 - - [12/Jul/2025:10:05:33 -0400] "GET /items/wqvxp154/19214?key=oxygen HTTP/1.1" 404 23127 "-" "Mozilla/5.0 (compatible; DataForSeoBot/1.0; +https://dataforseo.com/dataforseo-bot)"
185.177.72.201 - - [12/Jul/2025:10:05:36 -0400] "GET /config/local.json HTTP/1.1" 404 23127 "-" "Mozilla/5.0 (Windows NT 10.0; Win64; x64) AppleWebKit/537.36 (KHTML, like Gecko) Chrome/91.0.4472.124 Safari/537.36"
66.249.68.132 - - [12/Jul/2025:10:05:42 -0400] "GET /items/pglng34/682?key=greatly HTTP/1.1" 200 87366 "-" "Mozilla/5.0 (Linux; Android 6.0.1; Nexus 5X Build/MMB29P) AppleWebKit/537.36 (KHTML, like Gecko) Chrome/137.0.7151.103 Mobile Safari/537.36 (compatible; Googlebot/2.1; +http://www.google.com/bot.html)"
136.243.228.194 - - [12/Jul/2025:10:05:40 -0400] "GET /items/qqkez173/8675?key=impose HTTP/1.1" 404 23127 "-" "Mozilla/5.0 (compatible; DataForSeoBot/1.0; +https://dataforseo.com/dataforseo-bot)"
66.29.146.47 - - [12/Jul/2025:10:05:48 -0400] "POST /wp-cron.php?doing_wp_cron=1752329148.1494278907775878906250 HTTP/1.1" 403 1242 "-" "WordPress/6.8; https://dangroup.sa"
185.177.72.201 - - [12/Jul/2025:10:05:47 -0400] "GET /config/local.yml HTTP/1.1" 404 23127 "-" "Mozilla/5.0 (Windows NT 10.0; Win64; x64) AppleWebKit/537.36 (KHTML, like Gecko) Chrome/91.0.4472.124 Safari/537.36"
136.243.228.194 - - [12/Jul/2025:10:05:49 -0400] "GET /121gric19382.html HTTP/1.1" 404 23129 "-" "Mozilla/5.0 (compatible; DataForSeoBot/1.0; +https://dataforseo.com/dataforseo-bot)"
136.243.228.194 - - [12/Jul/2025:10:06:01 -0400] "GET /115wjf1548.html HTTP/1.1" 404 23127 "-" "Mozilla/5.0 (compatible; DataForSeoBot/1.0; +https://dataforseo.com/dataforseo-bot)"
185.177.72.201 - - [12/Jul/2025:10:06:03 -0400] "GET /config/log.txt HTTP/1.1" 404 23127 "-" "Mozilla/5.0 (Windows NT 10.0; Win64; x64) AppleWebKit/537.36 (KHTML, like Gecko) Chrome/91.0.4472.124 Safari/537.36"
136.243.228.194 - - [12/Jul/2025:10:06:09 -0400] "GET /142qvdv8809.html HTTP/1.1" 404 23127 "-" "Mozilla/5.0 (compatible; DataForSeoBot/1.0; +https://dataforseo.com/dataforseo-bot)"
185.177.72.201 - - [12/Jul/2025:10:06:11 -0400] "GET /config/logs/error.log HTTP/1.1" 404 23129 "-" "Mozilla/5.0 (Windows NT 10.0; Win64; x64) AppleWebKit/537.36 (KHTML, like Gecko) Chrome/91.0.4472.124 Safari/537.36"
185.177.72.201 - - [12/Jul/2025:10:06:20 -0400] "GET /config/mail.php HTTP/1.1" 404 23127 "-" "Mozilla/5.0 (Windows NT 10.0; Win64; x64) AppleWebKit/537.36 (KHTML, like Gecko) Chrome/91.0.4472.124 Safari/537.36"
136.243.228.194 - - [12/Jul/2025:10:06:22 -0400] "GET /items/oqbyw280/12720?key=instinct HTTP/1.1" 404 23127 "-" "Mozilla/5.0 (compatible; DataForSeoBot/1.0; +https://dataforseo.com/dataforseo-bot)"
185.177.72.201 - - [12/Jul/2025:10:06:24 -0400] "GET /config/mailer.php HTTP/1.1" 404 23127 "-" "Mozilla/5.0 (Windows NT 10.0; Win64; x64) AppleWebKit/537.36 (KHTML, like Gecko) Chrome/91.0.4472.124 Safari/537.36"
136.243.228.194 - - [12/Jul/2025:10:06:28 -0400] "GET /items/itsud46/39324?key=interior HTTP/1.1" 404 23127 "-" "Mozilla/5.0 (compatible; DataForSeoBot/1.0; +https://dataforseo.com/dataforseo-bot)"
185.177.72.201 - - [12/Jul/2025:10:06:29 -0400] "GET /config/main.dev.js HTTP/1.1" 404 23127 "-" "Mozilla/5.0 (Windows NT 10.0; Win64; x64) AppleWebKit/537.36 (KHTML, like Gecko) Chrome/91.0.4472.124 Safari/537.36"
204.12.252.98 - - [12/Jul/2025:10:06:40 -0400] "GET /wp-content/install.php HTTP/1.1" 200 10 "https://dangroup.sa/wp-content/install.php" "Mozilla/5.0 (Windows NT 10.0; Win64; x64) AppleWebKit/537.36 (KHTML, like Gecko) Chrome/58.0.3029.110 Safari/537.3"
136.243.228.194 - - [12/Jul/2025:10:06:39 -0400] "GET /items/twjim132/47284?key=computer HTTP/1.1" 404 23129 "-" "Mozilla/5.0 (compatible; DataForSeoBot/1.0; +https://dataforseo.com/dataforseo-bot)"
185.177.72.201 - - [12/Jul/2025:10:06:39 -0400] "GET /config/main.js HTTP/1.1" 404 23129 "-" "Mozilla/5.0 (Windows NT 10.0; Win64; x64) AppleWebKit/537.36 (KHTML, like Gecko) Chrome/91.0.4472.124 Safari/537.36"
66.29.146.47 - - [12/Jul/2025:10:06:49 -0400] "POST /wp-cron.php?doing_wp_cron=1752329209.6448349952697753906250 HTTP/1.1" 403 1242 "-" "WordPress/6.8; https://dangroup.sa"
185.177.72.201 - - [12/Jul/2025:10:06:48 -0400] "GET /config/models.js HTTP/1.1" 404 23127 "-" "Mozilla/5.0 (Windows NT 10.0; Win64; x64) AppleWebKit/537.36 (KHTML, like Gecko) Chrome/91.0.4472.124 Safari/537.36"
136.243.228.194 - - [12/Jul/2025:10:06:49 -0400] "GET /items/qtknm99/29309?key=species HTTP/1.1" 404 23127 "-" "Mozilla/5.0 (compatible; DataForSeoBot/1.0; +https://dataforseo.com/dataforseo-bot)"
185.177.72.201 - - [12/Jul/2025:10:06:59 -0400] "GET /config/module.config.php HTTP/1.1" 404 23127 "-" "Mozilla/5.0 (Windows NT 10.0; Win64; x64) AppleWebKit/537.36 (KHTML, like Gecko) Chrome/91.0.4472.124 Safari/537.36"
136.243.228.194 - - [12/Jul/2025:10:07:04 -0400] "GET /items/qjlac109/21823?key=dynamic HTTP/1.1" 404 23127 "-" "Mozilla/5.0 (compatible; DataForSeoBot/1.0; +https://dataforseo.com/dataforseo-bot)"
66.249.68.133 - - [12/Jul/2025:10:07:14 -0400] "GET /300mjjyf2513.html HTTP/1.1" 200 86491 "-" "Mozilla/5.0 (Linux; Android 6.0.1; Nexus 5X Build/MMB29P) AppleWebKit/537.36 (KHTML, like Gecko) Chrome/137.0.7151.103 Mobile Safari/537.36 (compatible; Googlebot/2.1; +http://www.google.com/bot.html)"
185.177.72.201 - - [12/Jul/2025:10:07:12 -0400] "GET /config/namespace.yaml HTTP/1.1" 404 23129 "-" "Mozilla/5.0 (Windows NT 10.0; Win64; x64) AppleWebKit/537.36 (KHTML, like Gecko) Chrome/91.0.4472.124 Safari/537.36"
136.243.228.194 - - [12/Jul/2025:10:07:15 -0400] "GET /items/slnwn39/2837?key=hotel HTTP/1.1" 404 23127 "-" "Mozilla/5.0 (compatible; DataForSeoBot/1.0; +https://dataforseo.com/dataforseo-bot)"
185.177.72.201 - - [12/Jul/2025:10:07:26 -0400] "GET /config/packages/cache.yaml HTTP/1.1" 404 23127 "-" "Mozilla/5.0 (Windows NT 10.0; Win64; x64) AppleWebKit/537.36 (KHTML, like Gecko) Chrome/91.0.4472.124 Safari/537.36"
136.243.228.194 - - [12/Jul/2025:10:07:26 -0400] "GET /items/dkehn71/34829?key=illness HTTP/1.1" 404 23129 "-" "Mozilla/5.0 (compatible; DataForSeoBot/1.0; +https://dataforseo.com/dataforseo-bot)"
185.177.72.201 - - [12/Jul/2025:10:07:30 -0400] "GET /config/packages/dev.yaml HTTP/1.1" 404 23129 "-" "Mozilla/5.0 (Windows NT 10.0; Win64; x64) AppleWebKit/537.36 (KHTML, like Gecko) Chrome/91.0.4472.124 Safari/537.36"
185.177.72.201 - - [12/Jul/2025:10:07:34 -0400] "GET /config/packages/dev/twig.yaml HTTP/1.1" 404 23127 "-" "Mozilla/5.0 (Windows NT 10.0; Win64; x64) AppleWebKit/537.36 (KHTML, like Gecko) Chrome/91.0.4472.124 Safari/537.36"
136.243.228.194 - - [12/Jul/2025:10:07:33 -0400] "GET /items/bbsgl32/8232?key=professional HTTP/1.1" 404 23127 "-" "Mozilla/5.0 (compatible; DataForSeoBot/1.0; +https://dataforseo.com/dataforseo-bot)"
136.243.228.194 - - [12/Jul/2025:10:07:39 -0400] "GET /207icsc44690.html HTTP/1.1" 404 23127 "-" "Mozilla/5.0 (compatible; DataForSeoBot/1.0; +https://dataforseo.com/dataforseo-bot)"
185.177.72.201 - - [12/Jul/2025:10:07:38 -0400] "GET /config/packages/doctrine.yaml HTTP/1.1" 404 23129 "-" "Mozilla/5.0 (Windows NT 10.0; Win64; x64) AppleWebKit/537.36 (KHTML, like Gecko) Chrome/91.0.4472.124 Safari/537.36"
66.29.146.47 - - [12/Jul/2025:10:07:53 -0400] "POST /wp-cron.php?doing_wp_cron=1752329272.8467950820922851562500 HTTP/1.1" 403 1242 "-" "WordPress/6.8; https://dangroup.sa"
66.29.146.47 - - [12/Jul/2025:10:07:54 -0400] "POST /wp-cron.php?doing_wp_cron=1752329273.9465448856353759765625 HTTP/1.1" 403 1242 "-" "WordPress/6.8; https://dangroup.sa"
136.243.228.194 - - [12/Jul/2025:10:07:51 -0400] "GET /items/gunul196/39574?key=harm HTTP/1.1" 404 23127 "-" "Mozilla/5.0 (compatible; DataForSeoBot/1.0; +https://dataforseo.com/dataforseo-bot)"
185.177.72.201 - - [12/Jul/2025:10:07:50 -0400] "GET /config/packages/framework.yaml HTTP/1.1" 404 23127 "-" "Mozilla/5.0 (Windows NT 10.0; Win64; x64) AppleWebKit/537.36 (KHTML, like Gecko) Chrome/91.0.4472.124 Safari/537.36"
136.243.228.194 - - [12/Jul/2025:10:08:06 -0400] "GET /items/aggim251/2565?key=confession HTTP/1.1" 404 23129 "-" "Mozilla/5.0 (compatible; DataForSeoBot/1.0; +https://dataforseo.com/dataforseo-bot)"
185.177.72.201 - - [12/Jul/2025:10:08:06 -0400] "GET /config/packages/prod.yaml HTTP/1.1" 404 23127 "-" "Mozilla/5.0 (Windows NT 10.0; Win64; x64) AppleWebKit/537.36 (KHTML, like Gecko) Chrome/91.0.4472.124 Safari/537.36"
136.243.228.194 - - [12/Jul/2025:10:08:16 -0400] "GET /283ydjow13516.html HTTP/1.1" 404 23129 "-" "Mozilla/5.0 (compatible; DataForSeoBot/1.0; +https://dataforseo.com/dataforseo-bot)"
185.177.72.201 - - [12/Jul/2025:10:08:16 -0400] "GET /config/packages/prod/doctrine.yaml HTTP/1.1" 404 23127 "-" "Mozilla/5.0 (Windows NT 10.0; Win64; x64) AppleWebKit/537.36 (KHTML, like Gecko) Chrome/91.0.4472.124 Safari/537.36"
185.177.72.201 - - [12/Jul/2025:10:08:23 -0400] "GET /config/packages/security.yaml HTTP/1.1" 404 23127 "-" "Mozilla/5.0 (Windows NT 10.0; Win64; x64) AppleWebKit/537.36 (KHTML, like Gecko) Chrome/91.0.4472.124 Safari/537.36"
136.243.228.194 - - [12/Jul/2025:10:08:23 -0400] "GET /245pfe23630.html HTTP/1.1" 404 23127 "-" "Mozilla/5.0 (compatible; DataForSeoBot/1.0; +https://dataforseo.com/dataforseo-bot)"
185.177.72.201 - - [12/Jul/2025:10:08:27 -0400] "GET /config/packages/sendgrid.yaml HTTP/1.1" 404 23129 "-" "Mozilla/5.0 (Windows NT 10.0; Win64; x64) AppleWebKit/537.36 (KHTML, like Gecko) Chrome/91.0.4472.124 Safari/537.36"
136.243.228.194 - - [12/Jul/2025:10:08:30 -0400] "GET /items/xrosi65/8947?key=white HTTP/1.1" 404 23127 "-" "Mozilla/5.0 (compatible; DataForSeoBot/1.0; +https://dataforseo.com/dataforseo-bot)"
185.177.72.201 - - [12/Jul/2025:10:08:32 -0400] "GET /config/packages/test.yaml HTTP/1.1" 404 23127 "-" "Mozilla/5.0 (Windows NT 10.0; Win64; x64) AppleWebKit/537.36 (KHTML, like Gecko) Chrome/91.0.4472.124 Safari/537.36"
185.177.72.201 - - [12/Jul/2025:10:08:42 -0400] "GET /config/packages/test/security.yaml HTTP/1.1" 404 23127 "-" "Mozilla/5.0 (Windows NT 10.0; Win64; x64) AppleWebKit/537.36 (KHTML, like Gecko) Chrome/91.0.4472.124 Safari/537.36"
136.243.228.194 - - [12/Jul/2025:10:08:41 -0400] "GET /items/jsnql190/8736?key=African HTTP/1.1" 404 23129 "-" "Mozilla/5.0 (compatible; DataForSeoBot/1.0; +https://dataforseo.com/dataforseo-bot)"
66.29.146.47 - - [12/Jul/2025:10:08:55 -0400] "POST /wp-cron.php?doing_wp_cron=1752329335.0517270565032958984375 HTTP/1.1" 403 1242 "-" "WordPress/6.8; https://dangroup.sa"
185.177.72.201 - - [12/Jul/2025:10:08:53 -0400] "GET /config/packages/twig.yaml HTTP/1.1" 404 23129 "-" "Mozilla/5.0 (Windows NT 10.0; Win64; x64) AppleWebKit/537.36 (KHTML, like Gecko) Chrome/91.0.4472.124 Safari/537.36"
136.243.228.194 - - [12/Jul/2025:10:08:55 -0400] "GET /items/xilbl116/37590?key=acquisition HTTP/1.1" 404 23127 "-" "Mozilla/5.0 (compatible; DataForSeoBot/1.0; +https://dataforseo.com/dataforseo-bot)"
185.177.72.201 - - [12/Jul/2025:10:09:02 -0400] "GET /config/parameters.json HTTP/1.1" 404 23127 "-" "Mozilla/5.0 (Windows NT 10.0; Win64; x64) AppleWebKit/537.36 (KHTML, like Gecko) Chrome/91.0.4472.124 Safari/537.36"
185.177.72.201 - - [12/Jul/2025:10:09:11 -0400] "GET /config/parameters.yml HTTP/1.1" 403 1242 "-" "Mozilla/5.0 (Windows NT 10.0; Win64; x64) AppleWebKit/537.36 (KHTML, like Gecko) Chrome/91.0.4472.124 Safari/537.36"
136.243.228.194 - - [12/Jul/2025:10:09:07 -0400] "GET /200fsbg48183.html HTTP/1.1" 404 23127 "-" "Mozilla/5.0 (compatible; DataForSeoBot/1.0; +https://dataforseo.com/dataforseo-bot)"
185.177.72.201 - - [12/Jul/2025:10:09:11 -0400] "GET /config/paths.php HTTP/1.1" 404 23127 "-" "Mozilla/5.0 (Windows NT 10.0; Win64; x64) AppleWebKit/537.36 (KHTML, like Gecko) Chrome/91.0.4472.124 Safari/537.36"
136.243.228.194 - - [12/Jul/2025:10:09:15 -0400] "GET /171ugube10624.html HTTP/1.1" 404 23127 "-" "Mozilla/5.0 (compatible; DataForSeoBot/1.0; +https://dataforseo.com/dataforseo-bot)"
185.177.72.201 - - [12/Jul/2025:10:09:15 -0400] "GET /config/php.ini HTTP/1.1" 404 23127 "-" "Mozilla/5.0 (Windows NT 10.0; Win64; x64) AppleWebKit/537.36 (KHTML, like Gecko) Chrome/91.0.4472.124 Safari/537.36"
185.177.72.201 - - [12/Jul/2025:10:09:19 -0400] "GET /config/phpinfo.php HTTP/1.1" 404 23127 "-" "Mozilla/5.0 (Windows NT 10.0; Win64; x64) AppleWebKit/537.36 (KHTML, like Gecko) Chrome/91.0.4472.124 Safari/537.36"
136.243.228.194 - - [12/Jul/2025:10:09:20 -0400] "GET /items/qhgul95/48477?key=explanation HTTP/1.1" 404 23127 "-" "Mozilla/5.0 (compatible; DataForSeoBot/1.0; +https://dataforseo.com/dataforseo-bot)"
185.177.72.201 - - [12/Jul/2025:10:09:24 -0400] "GET /config/pod.yaml HTTP/1.1" 404 23127 "-" "Mozilla/5.0 (Windows NT 10.0; Win64; x64) AppleWebKit/537.36 (KHTML, like Gecko) Chrome/91.0.4472.124 Safari/537.36"
136.243.228.194 - - [12/Jul/2025:10:09:26 -0400] "GET /items/ryuik30/16998?key=administrator HTTP/1.1" 404 23127 "-" "Mozilla/5.0 (compatible; DataForSeoBot/1.0; +https://dataforseo.com/dataforseo-bot)"
185.177.72.201 - - [12/Jul/2025:10:09:27 -0400] "GET /config/policies.js HTTP/1.1" 404 23127 "-" "Mozilla/5.0 (Windows NT 10.0; Win64; x64) AppleWebKit/537.36 (KHTML, like Gecko) Chrome/91.0.4472.124 Safari/537.36"
136.243.228.194 - - [12/Jul/2025:10:09:33 -0400] "GET /159tlx19504.html HTTP/1.1" 404 23127 "-" "Mozilla/5.0 (compatible; DataForSeoBot/1.0; +https://dataforseo.com/dataforseo-bot)"
185.177.72.201 - - [12/Jul/2025:10:09:34 -0400] "GET /config/private/sendgrid_keys.json HTTP/1.1" 404 23127 "-" "Mozilla/5.0 (Windows NT 10.0; Win64; x64) AppleWebKit/537.36 (KHTML, like Gecko) Chrome/91.0.4472.124 Safari/537.36"
136.243.228.194 - - [12/Jul/2025:10:09:43 -0400] "GET /282zxhgv16021.html HTTP/1.1" 404 23129 "-" "Mozilla/5.0 (compatible; DataForSeoBot/1.0; +https://dataforseo.com/dataforseo-bot)"
185.177.72.201 - - [12/Jul/2025:10:09:44 -0400] "GET /config/prod.env.js HTTP/1.1" 404 23127 "-" "Mozilla/5.0 (Windows NT 10.0; Win64; x64) AppleWebKit/537.36 (KHTML, like Gecko) Chrome/91.0.4472.124 Safari/537.36"
66.29.146.47 - - [12/Jul/2025:10:09:56 -0400] "POST /wp-cron.php?doing_wp_cron=1752329396.6534891128540039062500 HTTP/1.1" 403 1242 "-" "WordPress/6.8; https://dangroup.sa"
66.29.146.47 - - [12/Jul/2025:10:09:57 -0400] "POST /wp-cron.php?doing_wp_cron=1752329397.2419500350952148437500 HTTP/1.1" 403 1242 "-" "WordPress/6.8; https://dangroup.sa"
40.77.167.50 - - [12/Jul/2025:10:09:57 -0400] "GET /esmfvff12263zpyrahexyl HTTP/1.1" 200 17 "-" "Mozilla/5.0 AppleWebKit/537.36 (KHTML, like Gecko; compatible; bingbot/2.0; +http://www.bing.com/bingbot.htm) Chrome/116.0.1938.76 Safari/537.36"
136.243.228.194 - - [12/Jul/2025:10:09:55 -0400] "GET /items/whzkt32/39120?key=football HTTP/1.1" 404 23127 "-" "Mozilla/5.0 (compatible; DataForSeoBot/1.0; +https://dataforseo.com/dataforseo-bot)"
185.177.72.201 - - [12/Jul/2025:10:09:55 -0400] "GET /config/prod.json HTTP/1.1" 404 23127 "-" "Mozilla/5.0 (Windows NT 10.0; Win64; x64) AppleWebKit/537.36 (KHTML, like Gecko) Chrome/91.0.4472.124 Safari/537.36"
69.197.182.50 - - [12/Jul/2025:10:10:16 -0400] "GET /wp-content/install.php HTTP/1.1" 200 10 "https://dangroup.sa/wp-content/install.php" "Mozilla/5.0 (Windows NT 10.0; Win64; x64) AppleWebKit/537.36 (KHTML, like Gecko) Chrome/58.0.3029.110 Safari/537.3"
185.177.72.201 - - [12/Jul/2025:10:10:07 -0400] "GET /config/prod_config.py HTTP/1.1" 404 23127 "-" "Mozilla/5.0 (Windows NT 10.0; Win64; x64) AppleWebKit/537.36 (KHTML, like Gecko) Chrome/91.0.4472.124 Safari/537.36"
47.82.60.59 - - [12/Jul/2025:10:10:07 -0400] "GET /pcmypage?callback=product/detail/yumenokoya-c02-ds-1619335 HTTP/1.1" 404 23129 "https://dangroup.sa/pcmypage?callback=product%2Fdetail%2Fyumenokoya-c02-ds-1619335" "Mozilla/5.0 (Windows NT 10.0; Win64; x64) AppleWebKit/537.36 (KHTML, like Gecko) Chrome/114.0.0.0 Safari/537.36 Edg/114.0.1823.43"
136.243.228.194 - - [12/Jul/2025:10:10:09 -0400] "GET /127payg3538.html HTTP/1.1" 404 23127 "-" "Mozilla/5.0 (compatible; DataForSeoBot/1.0; +https://dataforseo.com/dataforseo-bot)"
47.82.60.44 - - [12/Jul/2025:10:10:14 -0400] "GET /items/lfvyi117/19399?key=similar HTTP/1.1" 404 23127 "https://dangroup.sa/items/lfvyi117/19399?key=similar" "Mozilla/5.0 (Windows NT 10.0; Win64; x64) AppleWebKit/537.36 (KHTML, like Gecko) Chrome/114.0.0.0 Safari/537.36 Edg/114.0.1823.43"
185.177.72.201 - - [12/Jul/2025:10:10:20 -0400] "GET /config/prod_settings.py HTTP/1.1" 404 23129 "-" "Mozilla/5.0 (Windows NT 10.0; Win64; x64) AppleWebKit/537.36 (KHTML, like Gecko) Chrome/91.0.4472.124 Safari/537.36"
17.246.19.160 - - [12/Jul/2025:10:10:21 -0400] "GET /portfolio/%D9%85%D8%AC%D9%85%D8%B9-%D8%A7%D8%B3%D9%88%D8%A9-2/ HTTP/1.1" 404 23129 "-" "Mozilla/5.0 (Macintosh; Intel Mac OS X 10_15_7) AppleWebKit/605.1.15 (KHTML, like Gecko) Version/17.4 Safari/605.1.15 (Applebot/0.1; +http://www.apple.com/go/applebot)"
66.249.68.130 - - [12/Jul/2025:10:10:35 -0400] "GET /157qrxqv12210.html HTTP/1.1" 200 88227 "-" "Mozilla/5.0 (Linux; Android 6.0.1; Nexus 5X Build/MMB29P) AppleWebKit/537.36 (KHTML, like Gecko) Chrome/137.0.7151.103 Mobile Safari/537.36 (compatible; Googlebot/2.1; +http://www.google.com/bot.html)"
17.246.15.151 - - [12/Jul/2025:10:10:37 -0400] "GET /wp-content/uploads/elementor/css/custom-frontend-rtl.min.css?ver=1748904914 HTTP/1.1" 200 6467 "https://dangroup.sa/portfolio/%d9%85%d8%ac%d9%85%d8%b9-%d8%a7%d8%b3%d9%88%d8%a9-2/" "Mozilla/5.0 (Macintosh; Intel Mac OS X 10_15_7) AppleWebKit/605.1.15 (KHTML, like Gecko) Version/17.4 Safari/605.1.15 (Applebot/0.1; +http://www.apple.com/go/applebot)"
17.246.15.161 - - [12/Jul/2025:10:10:37 -0400] "GET /wp-includes/js/jquery/jquery.min.js?ver=3.7.1 HTTP/1.1" 304 0 "https://dangroup.sa/portfolio/%d9%85%d8%ac%d9%85%d8%b9-%d8%a7%d8%b3%d9%88%d8%a9-2/" "Mozilla/5.0 (Macintosh; Intel Mac OS X 10_15_7) AppleWebKit/605.1.15 (KHTML, like Gecko) Version/17.4 Safari/605.1.15 (Applebot/0.1; +http://www.apple.com/go/applebot)"
17.246.19.9 - - [12/Jul/2025:10:10:38 -0400] "GET /wp-includes/js/jquery/jquery-migrate.min.js?ver=3.4.1 HTTP/1.1" 304 0 "https://dangroup.sa/portfolio/%d9%85%d8%ac%d9%85%d8%b9-%d8%a7%d8%b3%d9%88%d8%a9-2/" "Mozilla/5.0 (Macintosh; Intel Mac OS X 10_15_7) AppleWebKit/605.1.15 (KHTML, like Gecko) Version/17.4 Safari/605.1.15 (Applebot/0.1; +http://www.apple.com/go/applebot)"
17.246.15.161 - - [12/Jul/2025:10:10:39 -0400] "GET /wp-content/plugins/elementor/assets/css/widget-heading-rtl.min.css?ver=3.28.4 HTTP/1.1" 200 154 "https://dangroup.sa/portfolio/%d9%85%d8%ac%d9%85%d8%b9-%d8%a7%d8%b3%d9%88%d8%a9-2/" "Mozilla/5.0 (Macintosh; Intel Mac OS X 10_15_7) AppleWebKit/605.1.15 (KHTML, like Gecko) Version/17.4 Safari/605.1.15 (Applebot/0.1; +http://www.apple.com/go/applebot)"
136.243.228.194 - - [12/Jul/2025:10:10:25 -0400] "GET /items/zvmkd10/2202?key=Palestinian HTTP/1.1" 404 23129 "-" "Mozilla/5.0 (compatible; DataForSeoBot/1.0; +https://dataforseo.com/dataforseo-bot)"
17.246.19.87 - - [12/Jul/2025:10:10:39 -0400] "GET /wp-content/uploads/elementor/css/post-16850.css?ver=1748904910 HTTP/1.1" 304 0 "https://dangroup.sa/portfolio/%d9%85%d8%ac%d9%85%d8%b9-%d8%a7%d8%b3%d9%88%d8%a9-2/" "Mozilla/5.0 (Macintosh; Intel Mac OS X 10_15_7) AppleWebKit/605.1.15 (KHTML, like Gecko) Version/17.4 Safari/605.1.15 (Applebot/0.1; +http://www.apple.com/go/applebot)"
17.246.15.21 - - [12/Jul/2025:10:10:40 -0400] "GET /wp-content/uploads/elementor/css/post-16884.css?ver=1748904911 HTTP/1.1" 304 0 "https://dangroup.sa/portfolio/%d9%85%d8%ac%d9%85%d8%b9-%d8%a7%d8%b3%d9%88%d8%a9-2/" "Mozilla/5.0 (Macintosh; Intel Mac OS X 10_15_7) AppleWebKit/605.1.15 (KHTML, like Gecko) Version/17.4 Safari/605.1.15 (Applebot/0.1; +http://www.apple.com/go/applebot)"
17.246.15.55 - - [12/Jul/2025:10:10:40 -0400] "GET /wp-content/plugins/contact-form-7/includes/swv/js/index.js?ver=5.9.8 HTTP/1.1" 304 0 "https://dangroup.sa/portfolio/%d9%85%d8%ac%d9%85%d8%b9-%d8%a7%d8%b3%d9%88%d8%a9-2/" "Mozilla/5.0 (Macintosh; Intel Mac OS X 10_15_7) AppleWebKit/605.1.15 (KHTML, like Gecko) Version/17.4 Safari/605.1.15 (Applebot/0.1; +http://www.apple.com/go/applebot)"
17.246.19.211 - - [12/Jul/2025:10:10:40 -0400] "GET /wp-content/uploads/elementor/google-fonts/css/elmessiri.css?ver=1748631377 HTTP/1.1" 200 637 "https://dangroup.sa/portfolio/%d9%85%d8%ac%d9%85%d8%b9-%d8%a7%d8%b3%d9%88%d8%a9-2/" "Mozilla/5.0 (Macintosh; Intel Mac OS X 10_15_7) AppleWebKit/605.1.15 (KHTML, like Gecko) Version/17.4 Safari/605.1.15 (Applebot/0.1; +http://www.apple.com/go/applebot)"
