172.207.242.73 - - [12/Jul/2025:15:35:56 -0400] "GET /wp-admin/dropdown.php HTTP/1.1" 404 23127 "-" "-"
172.207.242.73 - - [12/Jul/2025:15:35:57 -0400] "GET /wp-admin/css/index.php HTTP/1.1" 301 0 "-" "-"
172.207.242.73 - - [12/Jul/2025:15:35:58 -0400] "GET /wp-admin/css/ HTTP/1.1" 200 2713 "-" "-"
136.243.228.194 - - [12/Jul/2025:15:35:58 -0400] "GET /items/ghptm9/22659?key=lawyer HTTP/1.1" 404 23127 "-" "Mozilla/5.0 (compatible; DataForSeoBot/1.0; +https://dataforseo.com/dataforseo-bot)"
172.207.242.73 - - [12/Jul/2025:15:35:58 -0400] "GET /dropdown.php HTTP/1.1" 404 23127 "-" "-"
172.207.242.73 - - [12/Jul/2025:15:36:00 -0400] "GET /about.php7 HTTP/1.1" 404 23129 "-" "-"
172.207.242.73 - - [12/Jul/2025:15:36:02 -0400] "GET /alfanew.php7 HTTP/1.1" 404 23127 "-" "-"
136.243.228.194 - - [12/Jul/2025:15:36:03 -0400] "GET /11tfhkg47704.html HTTP/1.1" 404 23127 "-" "Mozilla/5.0 (compatible; DataForSeoBot/1.0; +https://dataforseo.com/dataforseo-bot)"
172.207.242.73 - - [12/Jul/2025:15:36:04 -0400] "GET /adminfuns.php7 HTTP/1.1" 404 23127 "-" "-"
172.207.242.73 - - [12/Jul/2025:15:36:06 -0400] "GET /ebs.php7 HTTP/1.1" 404 23127 "-" "-"
136.243.228.194 - - [12/Jul/2025:15:36:07 -0400] "GET /items/mkxir177/10313?key=dirt HTTP/1.1" 404 23127 "-" "Mozilla/5.0 (compatible; DataForSeoBot/1.0; +https://dataforseo.com/dataforseo-bot)"
172.207.242.73 - - [12/Jul/2025:15:36:09 -0400] "GET /ws.php7 HTTP/1.1" 404 23127 "-" "-"
66.29.146.47 - - [12/Jul/2025:15:36:12 -0400] "POST /wp-cron.php?doing_wp_cron=1752348972.5854229927062988281250 HTTP/1.1" 403 1242 "-" "WordPress/6.8; https://dangroup.sa"
66.29.146.47 - - [12/Jul/2025:15:36:12 -0400] "POST /wp-cron.php?doing_wp_cron=1752348972.5796830654144287109375 HTTP/1.1" 403 1242 "-" "WordPress/6.8; https://dangroup.sa"
172.207.242.73 - - [12/Jul/2025:15:36:11 -0400] "GET /alfanew2.php7 HTTP/1.1" 404 23127 "-" "-"
136.243.228.194 - - [12/Jul/2025:15:36:11 -0400] "GET /214xpkmx18503.html HTTP/1.1" 404 23127 "-" "Mozilla/5.0 (compatible; DataForSeoBot/1.0; +https://dataforseo.com/dataforseo-bot)"
172.207.242.73 - - [12/Jul/2025:15:36:15 -0400] "GET /alfa-rex2.php7 HTTP/1.1" 404 23127 "-" "-"
172.207.242.73 - - [12/Jul/2025:15:36:16 -0400] "GET /wp-admin/images/index.php HTTP/1.1" 301 0 "-" "-"
172.207.242.73 - - [12/Jul/2025:15:36:17 -0400] "GET /wp-admin/images/ HTTP/1.1" 200 2323 "-" "-"
172.207.242.73 - - [12/Jul/2025:15:36:17 -0400] "GET /wp-admin/css/colors/index.php HTTP/1.1" 301 0 "-" "-"
172.207.242.73 - - [12/Jul/2025:15:36:18 -0400] "GET /wp-admin/css/colors/ HTTP/1.1" 200 1093 "-" "-"
136.243.228.194 - - [12/Jul/2025:15:36:16 -0400] "GET /items/cngez122/56908?key=loop HTTP/1.1" 404 23127 "-" "Mozilla/5.0 (compatible; DataForSeoBot/1.0; +https://dataforseo.com/dataforseo-bot)"
172.207.242.73 - - [12/Jul/2025:15:36:18 -0400] "GET /wp-content/themes/seotheme/mar.php HTTP/1.1" 404 23127 "-" "-"
172.207.242.73 - - [12/Jul/2025:15:36:19 -0400] "GET /wp-content/plugins/linkpreview/db.php HTTP/1.1" 404 23127 "-" "-"
136.243.228.194 - - [12/Jul/2025:15:36:20 -0400] "GET /items/kvmnm93/31405?key=isolate HTTP/1.1" 404 23127 "-" "Mozilla/5.0 (compatible; DataForSeoBot/1.0; +https://dataforseo.com/dataforseo-bot)"
172.207.242.73 - - [12/Jul/2025:15:36:21 -0400] "GET /wp-content/themes/seotheme/db.php HTTP/1.1" 404 23127 "-" "-"
172.207.242.73 - - [12/Jul/2025:15:36:23 -0400] "GET /wp-content/plugins/seoplugins/db.php HTTP/1.1" 404 23127 "-" "-"
136.243.228.194 - - [12/Jul/2025:15:36:24 -0400] "GET /items/obczg198/6614?key=instruct HTTP/1.1" 404 23127 "-" "Mozilla/5.0 (compatible; DataForSeoBot/1.0; +https://dataforseo.com/dataforseo-bot)"
172.207.242.73 - - [12/Jul/2025:15:36:25 -0400] "GET /wp-content/plugins/seoplugins/mar.php HTTP/1.1" 404 23127 "-" "-"
172.207.242.73 - - [12/Jul/2025:15:36:26 -0400] "GET /.well-known/pki-validation/xmrlpc.php HTTP/1.1" 404 1251 "-" "-"
172.207.242.73 - - [12/Jul/2025:15:36:27 -0400] "GET /.well-known/acme-challenge/xmrlpc.php HTTP/1.1" 404 23127 "-" "-"
172.207.242.73 - - [12/Jul/2025:15:36:28 -0400] "GET /wp-admin/network/xmrlpc.php HTTP/1.1" 404 23127 "-" "-"
136.243.228.194 - - [12/Jul/2025:15:36:29 -0400] "GET /items/gjhua192/21156?key=repair HTTP/1.1" 404 23127 "-" "Mozilla/5.0 (compatible; DataForSeoBot/1.0; +https://dataforseo.com/dataforseo-bot)"
172.207.242.73 - - [12/Jul/2025:15:36:29 -0400] "GET /xmrlpc.php HTTP/1.1" 404 23127 "-" "-"
172.207.242.73 - - [12/Jul/2025:15:36:31 -0400] "GET /cgi-bin/xmrlpc.php HTTP/1.1" 404 23127 "-" "-"
172.207.242.73 - - [12/Jul/2025:15:36:32 -0400] "GET /css/xmrlpc.php HTTP/1.1" 404 23127 "-" "-"
136.243.228.194 - - [12/Jul/2025:15:36:32 -0400] "GET /items/vexok300/12554?key=cast HTTP/1.1" 404 23127 "-" "Mozilla/5.0 (compatible; DataForSeoBot/1.0; +https://dataforseo.com/dataforseo-bot)"
172.207.242.73 - - [12/Jul/2025:15:36:35 -0400] "GET /wp-admin/user/xmrlpc.php HTTP/1.1" 404 23127 "-" "-"
136.243.228.194 - - [12/Jul/2025:15:36:36 -0400] "GET /274hgn47717.html HTTP/1.1" 404 23127 "-" "Mozilla/5.0 (compatible; DataForSeoBot/1.0; +https://dataforseo.com/dataforseo-bot)"
172.207.242.73 - - [12/Jul/2025:15:36:37 -0400] "GET /img/xmrlpc.php HTTP/1.1" 404 23127 "-" "-"
172.207.242.73 - - [12/Jul/2025:15:36:38 -0400] "GET /wp-admin/css/colors/coffee/xmrlpc.php HTTP/1.1" 404 23127 "-" "-"
172.207.242.73 - - [12/Jul/2025:15:36:40 -0400] "GET /wp-admin/images/xmrlpc.php HTTP/1.1" 404 23127 "-" "-"
136.243.228.194 - - [12/Jul/2025:15:36:40 -0400] "GET /items/iyejo148/5132?key=chain HTTP/1.1" 404 23127 "-" "Mozilla/5.0 (compatible; DataForSeoBot/1.0; +https://dataforseo.com/dataforseo-bot)"
172.207.242.73 - - [12/Jul/2025:15:36:41 -0400] "GET /images/xmrlpc.php HTTP/1.1" 404 23129 "-" "-"
20.171.207.193 - - [12/Jul/2025:15:36:42 -0400] "GET /273nkucq7288.html HTTP/1.1" 404 23127 "-" "Mozilla/5.0 AppleWebKit/537.36 (KHTML, like Gecko; compatible; GPTBot/1.2; +https://openai.com/gptbot)"
172.207.242.73 - - [12/Jul/2025:15:36:42 -0400] "GET /wp-admin/js/widgets/xmrlpc.php HTTP/1.1" 404 23127 "-" "-"
136.243.228.194 - - [12/Jul/2025:15:36:44 -0400] "GET /items/zffto225/26305?key=shop HTTP/1.1" 404 23127 "-" "Mozilla/5.0 (compatible; DataForSeoBot/1.0; +https://dataforseo.com/dataforseo-bot)"
172.207.242.73 - - [12/Jul/2025:15:36:44 -0400] "GET /wp-admin/css/colors/xmrlpc.php HTTP/1.1" 404 23127 "-" "-"
172.207.242.73 - - [12/Jul/2025:15:36:46 -0400] "GET /wp-admin/includes/xmrlpc.php HTTP/1.1" 404 23127 "-" "-"
172.207.242.73 - - [12/Jul/2025:15:36:47 -0400] "GET /wp-admin/css/colors/blue/xmrlpc.php HTTP/1.1" 404 23127 "-" "-"
136.243.228.194 - - [12/Jul/2025:15:36:48 -0400] "GET /206rnvtn44921.html HTTP/1.1" 404 23127 "-" "Mozilla/5.0 (compatible; DataForSeoBot/1.0; +https://dataforseo.com/dataforseo-bot)"
172.207.242.73 - - [12/Jul/2025:15:36:49 -0400] "GET /wp-admin/xmrlpc.php HTTP/1.1" 404 23127 "-" "-"
172.207.242.73 - - [12/Jul/2025:15:36:51 -0400] "GET /403.php HTTP/1.1" 404 23127 "-" "-"
66.249.68.130 - - [12/Jul/2025:15:36:52 -0400] "GET /129izt49830.html HTTP/1.1" 200 86568 "-" "Mozilla/5.0 (Linux; Android 6.0.1; Nexus 5X Build/MMB29P) AppleWebKit/537.36 (KHTML, like Gecko) Chrome/137.0.7151.103 Mobile Safari/537.36 (compatible; Googlebot/2.1; +http://www.google.com/bot.html)"
136.243.228.194 - - [12/Jul/2025:15:36:52 -0400] "GET /249gvj33504.html HTTP/1.1" 404 23127 "-" "Mozilla/5.0 (compatible; DataForSeoBot/1.0; +https://dataforseo.com/dataforseo-bot)"
172.207.242.73 - - [12/Jul/2025:15:36:53 -0400] "GET /css.php HTTP/1.1" 404 23127 "-" "-"
172.207.242.73 - - [12/Jul/2025:15:36:55 -0400] "GET /simple.php HTTP/1.1" 404 23127 "-" "-"
172.207.242.73 - - [12/Jul/2025:15:36:56 -0400] "GET /log.php HTTP/1.1" 404 23127 "-" "-"
136.243.228.194 - - [12/Jul/2025:15:36:56 -0400] "GET /246msd14917.html HTTP/1.1" 404 23127 "-" "Mozilla/5.0 (compatible; DataForSeoBot/1.0; +https://dataforseo.com/dataforseo-bot)"
172.207.242.73 - - [12/Jul/2025:15:36:58 -0400] "GET /index.php HTTP/1.1" 301 0 "-" "-"
172.207.242.73 - - [12/Jul/2025:15:36:58 -0400] "GET / HTTP/1.1" 200 33220 "-" "-"
172.207.242.73 - - [12/Jul/2025:15:37:00 -0400] "GET /mail.php HTTP/1.1" 404 23127 "-" "-"
136.243.228.194 - - [12/Jul/2025:15:37:01 -0400] "GET /3qdh12928.html HTTP/1.1" 404 23127 "-" "Mozilla/5.0 (compatible; DataForSeoBot/1.0; +https://dataforseo.com/dataforseo-bot)"
172.207.242.73 - - [12/Jul/2025:15:37:01 -0400] "GET /bak.php HTTP/1.1" 404 23127 "-" "-"
172.207.242.73 - - [12/Jul/2025:15:37:03 -0400] "GET /upfile.php HTTP/1.1" 404 23127 "-" "-"
136.243.228.194 - - [12/Jul/2025:15:37:04 -0400] "GET /68fnmzf46035.html HTTP/1.1" 404 23127 "-" "Mozilla/5.0 (compatible; DataForSeoBot/1.0; +https://dataforseo.com/dataforseo-bot)"
172.207.242.73 - - [12/Jul/2025:15:37:05 -0400] "GET /wp-conflg.php HTTP/1.1" 404 23127 "-" "-"
172.207.242.73 - - [12/Jul/2025:15:37:06 -0400] "GET /bypass.php HTTP/1.1" 404 23127 "-" "-"
172.207.242.73 - - [12/Jul/2025:15:37:08 -0400] "GET /radio.php HTTP/1.1" 404 23127 "-" "-"
136.243.228.194 - - [12/Jul/2025:15:37:08 -0400] "GET /127nlbex11656.html HTTP/1.1" 404 23127 "-" "Mozilla/5.0 (compatible; DataForSeoBot/1.0; +https://dataforseo.com/dataforseo-bot)"
172.207.242.73 - - [12/Jul/2025:15:37:10 -0400] "GET /moon.php HTTP/1.1" 404 23127 "-" "-"
66.29.146.47 - - [12/Jul/2025:15:37:12 -0400] "POST /wp-cron.php?doing_wp_cron=1752349032.6164910793304443359375 HTTP/1.1" 403 1242 "-" "WordPress/6.8; https://dangroup.sa"
66.249.68.131 - - [12/Jul/2025:15:37:12 -0400] "GET /items/evxbj94/946?key=cure HTTP/1.1" 200 86838 "-" "Mozilla/5.0 (Linux; Android 6.0.1; Nexus 5X Build/MMB29P) AppleWebKit/537.36 (KHTML, like Gecko) Chrome/137.0.7151.103 Mobile Safari/537.36 (compatible; Googlebot/2.1; +http://www.google.com/bot.html)"
172.207.242.73 - - [12/Jul/2025:15:37:12 -0400] "GET /blog.php HTTP/1.1" 404 23127 "-" "-"
136.243.228.194 - - [12/Jul/2025:15:37:12 -0400] "GET /294jhj24143.html HTTP/1.1" 404 23127 "-" "Mozilla/5.0 (compatible; DataForSeoBot/1.0; +https://dataforseo.com/dataforseo-bot)"
172.207.242.73 - - [12/Jul/2025:15:37:14 -0400] "GET /themes.php HTTP/1.1" 404 23129 "-" "-"
136.243.228.194 - - [12/Jul/2025:15:37:16 -0400] "GET /items/uhieb56/32398?key=ass HTTP/1.1" 404 23127 "-" "Mozilla/5.0 (compatible; DataForSeoBot/1.0; +https://dataforseo.com/dataforseo-bot)"
172.207.242.73 - - [12/Jul/2025:15:37:17 -0400] "GET /ini.php HTTP/1.1" 404 23127 "-" "-"
66.249.68.129 - - [12/Jul/2025:15:37:24 -0400] "GET /272vcrdk9993.html HTTP/1.1" 200 87270 "-" "Mozilla/5.0 (Linux; Android 6.0.1; Nexus 5X Build/MMB29P) AppleWebKit/537.36 (KHTML, like Gecko) Chrome/137.0.7151.103 Mobile Safari/537.36 (compatible; Googlebot/2.1; +http://www.google.com/bot.html)"
172.207.242.73 - - [12/Jul/2025:15:37:24 -0400] "GET /as.php HTTP/1.1" 404 23129 "-" "-"
136.243.228.194 - - [12/Jul/2025:15:37:24 -0400] "GET /72duoev9083.html HTTP/1.1" 404 23127 "-" "Mozilla/5.0 (compatible; DataForSeoBot/1.0; +https://dataforseo.com/dataforseo-bot)"
66.249.68.129 - - [12/Jul/2025:15:37:40 -0400] "GET /211bjqk10160.html HTTP/1.1" 200 87512 "-" "Mozilla/5.0 (Linux; Android 6.0.1; Nexus 5X Build/MMB29P) AppleWebKit/537.36 (KHTML, like Gecko) Chrome/137.0.7151.103 Mobile Safari/537.36 (compatible; Googlebot/2.1; +http://www.google.com/bot.html)"
172.207.242.73 - - [12/Jul/2025:15:37:35 -0400] "GET /shell.php HTTP/1.1" 200 0 "-" "-"
136.243.228.194 - - [12/Jul/2025:15:37:38 -0400] "GET /items/ezdvh239/34263?key=section HTTP/1.1" 404 23127 "-" "Mozilla/5.0 (compatible; DataForSeoBot/1.0; +https://dataforseo.com/dataforseo-bot)"
20.171.207.193 - - [12/Jul/2025:15:37:44 -0400] "GET /88peknh25683.html HTTP/1.1" 404 23127 "-" "Mozilla/5.0 AppleWebKit/537.36 (KHTML, like Gecko; compatible; GPTBot/1.2; +https://openai.com/gptbot)"
2a02:598:64:8a00::3100:1c - - [12/Jul/2025:15:38:05 -0400] "GET /robots.txt HTTP/1.1" 304 0 "-" "Mozilla/5.0 (compatible; SeznamBot/4.0; +https://o-seznam.cz/napoveda/vyhledavani/en/seznambot-crawler/)"
172.207.242.73 - - [12/Jul/2025:15:37:51 -0400] "GET /ws.php HTTP/1.1" 200 0 "-" "-"
136.243.228.194 - - [12/Jul/2025:15:37:52 -0400] "GET /items/ppjut90/30302?key=code HTTP/1.1" 404 23127 "-" "Mozilla/5.0 (compatible; DataForSeoBot/1.0; +https://dataforseo.com/dataforseo-bot)"
66.29.146.47 - - [12/Jul/2025:15:38:13 -0400] "POST /wp-cron.php?doing_wp_cron=1752349093.0435249805450439453125 HTTP/1.1" 403 1242 "-" "WordPress/6.8; https://dangroup.sa"
2a02:598:64:8a00::3100:1c - - [12/Jul/2025:15:38:05 -0400] "GET /2vfbe48779.html HTTP/1.1" 200 0 "-" "Mozilla/5.0 (compatible; SeznamBot/4.0; +https://o-seznam.cz/napoveda/vyhledavani/en/seznambot-crawler/)"
172.207.242.73 - - [12/Jul/2025:15:38:06 -0400] "GET /makeasmtp.php HTTP/1.1" 200 0 "-" "-"
136.243.228.194 - - [12/Jul/2025:15:38:08 -0400] "GET /items/ufuhs205/3571?key=artificial HTTP/1.1" 404 23129 "-" "Mozilla/5.0 (compatible; DataForSeoBot/1.0; +https://dataforseo.com/dataforseo-bot)"
172.207.242.73 - - [12/Jul/2025:15:38:21 -0400] "GET /wp-sigunq.php HTTP/1.1" 200 0 "-" "-"
66.249.68.130 - - [12/Jul/2025:15:38:38 -0400] "GET /23kcjh362.html HTTP/1.1" 200 87058 "-" "Mozilla/5.0 (Linux; Android 6.0.1; Nexus 5X Build/MMB29P) AppleWebKit/537.36 (KHTML, like Gecko) Chrome/137.0.7151.103 Mobile Safari/537.36 (compatible; Googlebot/2.1; +http://www.google.com/bot.html)"
66.249.68.130 - - [12/Jul/2025:15:38:39 -0400] "GET /70etkn16177.html HTTP/1.1" 200 87091 "-" "Mozilla/5.0 (Linux; Android 6.0.1; Nexus 5X Build/MMB29P) AppleWebKit/537.36 (KHTML, like Gecko) Chrome/137.0.7151.103 Mobile Safari/537.36 (compatible; Googlebot/2.1; +http://www.google.com/bot.html)"
136.243.228.194 - - [12/Jul/2025:15:38:31 -0400] "GET /items/tidxw43/20285?key=complexity HTTP/1.1" 404 23129 "-" "Mozilla/5.0 (compatible; DataForSeoBot/1.0; +https://dataforseo.com/dataforseo-bot)"
172.207.242.73 - - [12/Jul/2025:15:38:36 -0400] "GET /wso112233.php HTTP/1.1" 404 23127 "-" "-"
20.171.207.193 - - [12/Jul/2025:15:38:47 -0400] "GET /91faynm30880.html HTTP/1.1" 404 23128 "-" "Mozilla/5.0 AppleWebKit/537.36 (KHTML, like Gecko; compatible; GPTBot/1.2; +https://openai.com/gptbot)"
136.243.228.194 - - [12/Jul/2025:15:38:47 -0400] "GET /items/fcjck235/30541?key=distinguish HTTP/1.1" 404 23129 "-" "Mozilla/5.0 (compatible; DataForSeoBot/1.0; +https://dataforseo.com/dataforseo-bot)"
172.207.242.73 - - [12/Jul/2025:15:38:48 -0400] "GET /fw.php HTTP/1.1" 404 23127 "-" "-"
66.249.68.130 - - [12/Jul/2025:15:39:11 -0400] "GET /187vih43802.html HTTP/1.1" 200 86696 "-" "Mozilla/5.0 (Linux; Android 6.0.1; Nexus 5X Build/MMB29P) AppleWebKit/537.36 (KHTML, like Gecko) Chrome/137.0.7151.103 Mobile Safari/537.36 (compatible; Googlebot/2.1; +http://www.google.com/bot.html)"
136.243.228.194 - - [12/Jul/2025:15:39:02 -0400] "GET /131vkan13512.html HTTP/1.1" 404 23129 "-" "Mozilla/5.0 (compatible; DataForSeoBot/1.0; +https://dataforseo.com/dataforseo-bot)"
172.207.242.73 - - [12/Jul/2025:15:39:01 -0400] "GET /install.php HTTP/1.1" 404 23127 "-" "-"
66.29.146.47 - - [12/Jul/2025:15:39:17 -0400] "POST /wp-cron.php?doing_wp_cron=1752349157.3580029010772705078125 HTTP/1.1" 403 1242 "-" "WordPress/6.8; https://dangroup.sa"
66.29.146.47 - - [12/Jul/2025:15:39:17 -0400] "POST /wp-cron.php?doing_wp_cron=1752349157.4760720729827880859375 HTTP/1.1" 403 1242 "-" "WordPress/6.8; https://dangroup.sa"
172.207.242.73 - - [12/Jul/2025:15:39:15 -0400] "GET /wp-login.php HTTP/1.1" 200 3093 "-" "-"
136.243.228.194 - - [12/Jul/2025:15:39:15 -0400] "GET /23pcpb26806.html HTTP/1.1" 404 23127 "-" "Mozilla/5.0 (compatible; DataForSeoBot/1.0; +https://dataforseo.com/dataforseo-bot)"
172.207.242.73 - - [12/Jul/2025:15:39:18 -0400] "GET /wp-content/plugins/google-seo-rank/module.php HTTP/1.1" 404 23129 "-" "-"
136.243.228.194 - - [12/Jul/2025:15:39:32 -0400] "GET /items/imznt284/32576?key=hole HTTP/1.1" 404 23127 "-" "Mozilla/5.0 (compatible; DataForSeoBot/1.0; +https://dataforseo.com/dataforseo-bot)"
172.207.242.73 - - [12/Jul/2025:15:39:32 -0400] "GET /chosen.php HTTP/1.1" 404 23127 "-" "-"
66.249.68.130 - - [12/Jul/2025:15:39:43 -0400] "GET /171ukl24366.html HTTP/1.1" 200 86936 "-" "Mozilla/5.0 (Linux; Android 6.0.1; Nexus 5X Build/MMB29P) AppleWebKit/537.36 (KHTML, like Gecko) Chrome/137.0.7151.103 Mobile Safari/537.36 (compatible; Googlebot/2.1; +http://www.google.com/bot.html)"
172.207.242.73 - - [12/Jul/2025:15:39:39 -0400] "GET /inputs.php HTTP/1.1" 404 23127 "-" "-"
37.19.210.83 - - [12/Jul/2025:15:39:44 -0400] "GET /.env HTTP/1.1" 403 1242 "-" "Mozilla/5.0 (Macintosh; Intel Mac OS X 10.15; rv:77.0) Gecko/20100101 Firefox/77.0"
136.243.228.194 - - [12/Jul/2025:15:39:41 -0400] "GET /280tlob47689.html HTTP/1.1" 404 23127 "-" "Mozilla/5.0 (compatible; DataForSeoBot/1.0; +https://dataforseo.com/dataforseo-bot)"
172.207.242.73 - - [12/Jul/2025:15:39:44 -0400] "GET /classsmtps.php HTTP/1.1" 404 23129 "-" "-"
172.207.242.73 - - [12/Jul/2025:15:39:49 -0400] "GET /wp-blog-header.php HTTP/1.1" 403 1242 "-" "-"
172.207.242.73 - - [12/Jul/2025:15:39:49 -0400] "GET /wp-trackback.php HTTP/1.1" 403 1242 "-" "-"
172.207.242.73 - - [12/Jul/2025:15:39:49 -0400] "GET /wp-signup.php HTTP/1.1" 403 1242 "-" "-"
172.207.242.73 - - [12/Jul/2025:15:39:49 -0400] "GET /wp-comments-post.php HTTP/1.1" 403 1242 "-" "-"
172.207.242.73 - - [12/Jul/2025:15:39:50 -0400] "GET /wp-cron.php HTTP/1.1" 403 1242 "-" "-"
172.207.242.73 - - [12/Jul/2025:15:39:50 -0400] "GET /wp-load.php HTTP/1.1" 403 1242 "-" "-"
172.207.242.73 - - [12/Jul/2025:15:39:50 -0400] "GET /wp-mail.php HTTP/1.1" 403 1242 "-" "-"
136.243.228.194 - - [12/Jul/2025:15:39:47 -0400] "GET /items/qjoxv142/46018?key=entirely HTTP/1.1" 404 23127 "-" "Mozilla/5.0 (compatible; DataForSeoBot/1.0; +https://dataforseo.com/dataforseo-bot)"
20.171.207.193 - - [12/Jul/2025:15:39:48 -0400] "GET /85fzrcf21368.html HTTP/1.1" 404 23127 "-" "Mozilla/5.0 AppleWebKit/537.36 (KHTML, like Gecko; compatible; GPTBot/1.2; +https://openai.com/gptbot)"
172.207.242.73 - - [12/Jul/2025:15:39:50 -0400] "GET /edit.php HTTP/1.1" 404 23127 "-" "-"
172.207.242.73 - - [12/Jul/2025:15:39:59 -0400] "GET /wp-activate.php HTTP/1.1" 403 1242 "-" "-"
136.243.228.194 - - [12/Jul/2025:15:39:54 -0400] "GET /items/bicxp11/3?key=round HTTP/1.1" 404 23127 "-" "Mozilla/5.0 (compatible; DataForSeoBot/1.0; +https://dataforseo.com/dataforseo-bot)"
172.207.242.73 - - [12/Jul/2025:15:39:59 -0400] "GET /plugins.php HTTP/1.1" 404 23127 "-" "-"
47.82.60.44 - - [12/Jul/2025:15:40:09 -0400] "GET /pcmypage?callback=product/review/f304280-kushimoto-ghi109-1 HTTP/1.1" 301 0 "https://www.dangroup.sa/pcmypage?callback=product/review/f304280-kushimoto-ghi109-1" "Mozilla/5.0 (Windows NT 10.0; Win64; x64) AppleWebKit/537.36 (KHTML, like Gecko) Chrome/114.0.0.0 Safari/537.36 Edg/114.0.1823.43"
66.249.68.130 - - [12/Jul/2025:15:40:15 -0400] "GET /235zzei45228.html HTTP/1.1" 200 86583 "-" "Mozilla/5.0 (Linux; Android 6.0.1; Nexus 5X Build/MMB29P) AppleWebKit/537.36 (KHTML, like Gecko) Chrome/137.0.7151.103 Mobile Safari/537.36 (compatible; Googlebot/2.1; +http://www.google.com/bot.html)"
136.243.228.194 - - [12/Jul/2025:15:40:10 -0400] "GET /155pegx46614.html HTTP/1.1" 404 23129 "-" "Mozilla/5.0 (compatible; DataForSeoBot/1.0; +https://dataforseo.com/dataforseo-bot)"
172.207.242.73 - - [12/Jul/2025:15:40:11 -0400] "GET /post.php HTTP/1.1" 200 0 "-" "-"
66.29.146.47 - - [12/Jul/2025:15:40:28 -0400] "POST /wp-cron.php?doing_wp_cron=1752349227.7422659397125244140625 HTTP/1.1" 403 1242 "-" "WordPress/6.8; https://dangroup.sa"
47.82.60.44 - - [12/Jul/2025:15:40:13 -0400] "GET /pcmypage?callback=product/review/f304280-kushimoto-ghi109-1 HTTP/1.1" 404 23129 "https://www.dangroup.sa/pcmypage?callback=product/review/f304280-kushimoto-ghi109-1" "Mozilla/5.0 (Windows NT 10.0; Win64; x64) AppleWebKit/537.36 (KHTML, like Gecko) Chrome/114.0.0.0 Safari/537.36 Edg/114.0.1823.43"
66.29.146.47 - - [12/Jul/2025:15:40:29 -0400] "POST /wp-cron.php?doing_wp_cron=1752349229.3522460460662841796875 HTTP/1.1" 403 1242 "-" "WordPress/6.8; https://dangroup.sa"
136.243.228.194 - - [12/Jul/2025:15:40:23 -0400] "GET /items/rrckr98/25888?key=weakness HTTP/1.1" 404 23129 "-" "Mozilla/5.0 (compatible; DataForSeoBot/1.0; +https://dataforseo.com/dataforseo-bot)"
172.207.242.73 - - [12/Jul/2025:15:40:26 -0400] "GET /wp-content/plugins/pwnd/block-support.php HTTP/1.1" 404 23127 "-" "-"
136.243.228.194 - - [12/Jul/2025:15:40:39 -0400] "GET /163ptt26074.html HTTP/1.1" 404 23127 "-" "Mozilla/5.0 (compatible; DataForSeoBot/1.0; +https://dataforseo.com/dataforseo-bot)"
172.207.242.73 - - [12/Jul/2025:15:40:39 -0400] "GET /about/function.php HTTP/1.1" 404 23127 "-" "-"
66.249.68.130 - - [12/Jul/2025:15:40:47 -0400] "GET /5chhxc37532.html HTTP/1.1" 200 86631 "-" "Mozilla/5.0 (Linux; Android 6.0.1; Nexus 5X Build/MMB29P) AppleWebKit/537.36 (KHTML, like Gecko) Chrome/137.0.7151.103 Mobile Safari/537.36 (compatible; Googlebot/2.1; +http://www.google.com/bot.html)"
172.207.242.73 - - [12/Jul/2025:15:40:46 -0400] "GET /wp-content/plugins/pwnd/pwnd.php HTTP/1.1" 404 23127 "-" "-"
172.207.242.73 - - [12/Jul/2025:15:40:51 -0400] "GET /wp-content/themes/index.php HTTP/1.1" 200 0 "-" "-"
136.243.228.194 - - [12/Jul/2025:15:40:47 -0400] "GET /items/ryasu119/9227?key=action HTTP/1.1" 404 23127 "-" "Mozilla/5.0 (compatible; DataForSeoBot/1.0; +https://dataforseo.com/dataforseo-bot)"
20.171.207.193 - - [12/Jul/2025:15:40:50 -0400] "GET /102wwfdp8071.html HTTP/1.1" 404 23128 "-" "Mozilla/5.0 AppleWebKit/537.36 (KHTML, like Gecko; compatible; GPTBot/1.2; +https://openai.com/gptbot)"
172.207.242.73 - - [12/Jul/2025:15:40:51 -0400] "GET /goat1.php HTTP/1.1" 404 23129 "-" "-"
136.243.228.194 - - [12/Jul/2025:15:40:55 -0400] "GET /169fqd48600.html HTTP/1.1" 404 23127 "-" "Mozilla/5.0 (compatible; DataForSeoBot/1.0; +https://dataforseo.com/dataforseo-bot)"
172.207.242.73 - - [12/Jul/2025:15:41:04 -0400] "GET /classwithtostring.php HTTP/1.1" 404 23129 "-" "-"
136.243.228.194 - - [12/Jul/2025:15:41:10 -0400] "GET /220mqaa41959.html HTTP/1.1" 404 23127 "-" "Mozilla/5.0 (compatible; DataForSeoBot/1.0; +https://dataforseo.com/dataforseo-bot)"
66.249.68.131 - - [12/Jul/2025:15:41:25 -0400] "GET /items/xrtrv107/46727?key=commodity HTTP/1.1" 200 87449 "-" "Mozilla/5.0 (Linux; Android 6.0.1; Nexus 5X Build/MMB29P) AppleWebKit/537.36 (KHTML, like Gecko) Chrome/137.0.7151.103 Mobile Safari/537.36 (compatible; Googlebot/2.1; +http://www.google.com/bot.html)"
172.207.242.73 - - [12/Jul/2025:15:41:17 -0400] "GET /widgets.php HTTP/1.1" 404 23127 "-" "-"
136.243.228.194 - - [12/Jul/2025:15:41:25 -0400] "GET /items/nfbln221/49621?key=possible HTTP/1.1" 404 23129 "-" "Mozilla/5.0 (compatible; DataForSeoBot/1.0; +https://dataforseo.com/dataforseo-bot)"
66.29.146.47 - - [12/Jul/2025:15:41:36 -0400] "POST /wp-cron.php?doing_wp_cron=1752349296.3594169616699218750000 HTTP/1.1" 403 1242 "-" "WordPress/6.8; https://dangroup.sa"
172.207.242.73 - - [12/Jul/2025:15:41:32 -0400] "GET /wp-admin/user/about.php HTTP/1.1" 302 0 "-" "-"
172.207.242.73 - - [12/Jul/2025:15:41:36 -0400] "GET /wp-login.php?redirect_to=https%3A%2F%2Fdangroup.sa%2Fwp-admin%2Fuser%2Fabout.php&reauth=1 HTTP/1.1" 200 3107 "-" "-"
172.207.242.73 - - [12/Jul/2025:15:41:37 -0400] "GET /index/function.php HTTP/1.1" 404 23129 "-" "-"
136.243.228.194 - - [12/Jul/2025:15:41:37 -0400] "GET /167coqmw41624.html HTTP/1.1" 404 23129 "-" "Mozilla/5.0 (compatible; DataForSeoBot/1.0; +https://dataforseo.com/dataforseo-bot)"
172.207.242.73 - - [12/Jul/2025:15:41:45 -0400] "GET /wp-admin/maint/index.php HTTP/1.1" 301 0 "-" "-"
172.207.242.73 - - [12/Jul/2025:15:41:47 -0400] "GET /wp-admin/maint/ HTTP/1.1" 200 621 "-" "-"
172.207.242.73 - - [12/Jul/2025:15:41:48 -0400] "GET /wp-includes/rest-api/fields/radio.php HTTP/1.1" 404 23127 "-" "-"
136.243.228.194 - - [12/Jul/2025:15:41:47 -0400] "GET /47xhfs35680.html HTTP/1.1" 404 23129 "-" "Mozilla/5.0 (compatible; DataForSeoBot/1.0; +https://dataforseo.com/dataforseo-bot)"
172.207.242.73 - - [12/Jul/2025:15:42:02 -0400] "GET /wp-includes/fonts/index.php HTTP/1.1" 301 0 "-" "-"
172.207.242.73 - - [12/Jul/2025:15:42:04 -0400] "GET /wp-includes/fonts/ HTTP/1.1" 200 1154 "-" "-"
20.171.207.193 - - [12/Jul/2025:15:41:51 -0400] "GET /98vpxwi14173.html HTTP/1.1" 404 23127 "-" "Mozilla/5.0 AppleWebKit/537.36 (KHTML, like Gecko; compatible; GPTBot/1.2; +https://openai.com/gptbot)"
172.207.242.73 - - [12/Jul/2025:15:42:04 -0400] "GET /wp-admin/network/index.php HTTP/1.1" 302 0 "-" "-"
47.82.60.75 - - [12/Jul/2025:15:41:52 -0400] "GET /pcmypage?callback=product/review/hcvalor-eshop-trusco-4196162 HTTP/1.1" 404 23129 "https://dangroup.sa/pcmypage?callback=product/review/hcvalor-eshop-trusco-4196162" "Mozilla/5.0 (Windows NT 10.0; Win64; x64) AppleWebKit/537.36 (KHTML, like Gecko) Chrome/114.0.0.0 Safari/537.36 Edg/114.0.1823.43"
172.207.242.73 - - [12/Jul/2025:15:42:06 -0400] "GET /wp-login.php?redirect_to=https%3A%2F%2Fdangroup.sa%2Fwp-admin%2Fnetwork%2Findex.php&reauth=1 HTTP/1.1" 200 3140 "-" "-"
172.207.242.73 - - [12/Jul/2025:15:42:08 -0400] "GET /.well-known/index.php HTTP/1.1" 301 0 "-" "-"
172.207.242.73 - - [12/Jul/2025:15:42:09 -0400] "GET /.well-known/ HTTP/1.1" 200 614 "-" "-"
136.243.228.194 - - [12/Jul/2025:15:42:04 -0400] "GET /209hbko25420.html HTTP/1.1" 404 23127 "-" "Mozilla/5.0 (compatible; DataForSeoBot/1.0; +https://dataforseo.com/dataforseo-bot)"
66.249.68.130 - - [12/Jul/2025:15:42:10 -0400] "GET /64mnvq4863.html HTTP/1.1" 200 87035 "-" "Mozilla/5.0 (Linux; Android 6.0.1; Nexus 5X Build/MMB29P) AppleWebKit/537.36 (KHTML, like Gecko) Chrome/137.0.7151.103 Mobile Safari/537.36 (compatible; Googlebot/2.1; +http://www.google.com/bot.html)"
66.249.68.129 - - [12/Jul/2025:15:42:12 -0400] "GET /items/syhtj134/35610?key=hard HTTP/1.1" 200 87167 "-" "Mozilla/5.0 (Linux; Android 6.0.1; Nexus 5X Build/MMB29P) AppleWebKit/537.36 (KHTML, like Gecko) Chrome/137.0.7151.103 Mobile Safari/537.36 (compatible; GoogleOther)"
172.207.242.73 - - [12/Jul/2025:15:42:09 -0400] "GET /alfa.php HTTP/1.1" 404 23127 "-" "-"
136.243.228.194 - - [12/Jul/2025:15:42:11 -0400] "GET /items/hqqau237/38035?key=must HTTP/1.1" 404 23127 "-" "Mozilla/5.0 (compatible; DataForSeoBot/1.0; +https://dataforseo.com/dataforseo-bot)"
47.82.60.36 - - [12/Jul/2025:15:42:17 -0400] "GET /233ejfd11350.html HTTP/1.1" 301 0 "https://www.dangroup.sa/233ejfd11350.html" "Mozilla/5.0 (Windows NT 10.0; Win64; x64) AppleWebKit/537.36 (KHTML, like Gecko) Chrome/114.0.0.0 Safari/537.36 Edg/114.0.1823.43"
172.207.242.73 - - [12/Jul/2025:15:42:16 -0400] "GET /lock.php HTTP/1.1" 404 23129 "-" "-"
66.249.68.133 - - [12/Jul/2025:15:42:28 -0400] "GET /items/zjaxt233/4731?key=ordinary HTTP/1.1" 200 87203 "-" "Mozilla/5.0 (Linux; Android 6.0.1; Nexus 5X Build/MMB29P) AppleWebKit/537.36 (KHTML, like Gecko) Chrome/137.0.7151.103 Mobile Safari/537.36 (compatible; Googlebot/2.1; +http://www.google.com/bot.html)"
136.243.228.194 - - [12/Jul/2025:15:42:18 -0400] "GET /items/pfgaa193/39783?key=between HTTP/1.1" 404 23127 "-" "Mozilla/5.0 (compatible; DataForSeoBot/1.0; +https://dataforseo.com/dataforseo-bot)"
47.82.60.36 - - [12/Jul/2025:15:42:19 -0400] "GET /233ejfd11350.html HTTP/1.1" 404 23129 "https://www.dangroup.sa/233ejfd11350.html" "Mozilla/5.0 (Windows NT 10.0; Win64; x64) AppleWebKit/537.36 (KHTML, like Gecko) Chrome/114.0.0.0 Safari/537.36 Edg/114.0.1823.43"
66.29.146.47 - - [12/Jul/2025:15:42:38 -0400] "POST /wp-cron.php?doing_wp_cron=1752349357.5496249198913574218750 HTTP/1.1" 403 1242 "-" "WordPress/6.8; https://dangroup.sa"
172.207.242.73 - - [12/Jul/2025:15:42:24 -0400] "GET /admin/function.php HTTP/1.1" 200 0 "-" "-"
66.249.68.132 - - [12/Jul/2025:15:42:42 -0400] "GET /221xtdxe7022.html HTTP/1.1" 200 86411 "-" "Mozilla/5.0 (Linux; Android 6.0.1; Nexus 5X Build/MMB29P) AppleWebKit/537.36 (KHTML, like Gecko) Chrome/137.0.7151.103 Mobile Safari/537.36 (compatible; Googlebot/2.1; +http://www.google.com/bot.html)"
47.82.60.63 - - [12/Jul/2025:15:42:19 -0400] "GET /102urv10517.html HTTP/1.1" 404 23129 "https://dangroup.sa/102urv10517.html" "Mozilla/5.0 (Windows NT 10.0; Win64; x64) AppleWebKit/537.36 (KHTML, like Gecko) Chrome/114.0.0.0 Safari/537.36 Edg/114.0.1823.43"
47.82.60.91 - - [12/Jul/2025:15:42:27 -0400] "GET /293efsr41902.html HTTP/1.1" 404 23129 "https://dangroup.sa/293efsr41902.html" "Mozilla/5.0 (Windows NT 10.0; Win64; x64) AppleWebKit/537.36 (KHTML, like Gecko) Chrome/114.0.0.0 Safari/537.36 Edg/114.0.1823.43"
172.207.242.73 - - [12/Jul/2025:15:42:39 -0400] "GET /wp-admin/block-support.php HTTP/1.1" 200 0 "-" "-"
136.243.228.194 - - [12/Jul/2025:15:42:33 -0400] "GET /161bkup27644.html HTTP/1.1" 404 23127 "-" "Mozilla/5.0 (compatible; DataForSeoBot/1.0; +https://dataforseo.com/dataforseo-bot)"
172.207.242.73 - - [12/Jul/2025:15:42:54 -0400] "GET /wp-includes/block-support.php HTTP/1.1" 200 0 "-" "-"
47.82.60.71 - - [12/Jul/2025:15:42:41 -0400] "GET /pcmypage?callback=product/review/hcvalor-eshop-trusco-4868155 HTTP/1.1" 404 23127 "https://dangroup.sa/pcmypage?callback=product/review/hcvalor-eshop-trusco-4868155" "Mozilla/5.0 (Windows NT 10.0; Win64; x64) AppleWebKit/537.36 (KHTML, like Gecko) Chrome/114.0.0.0 Safari/537.36 Edg/114.0.1823.43"
20.171.207.193 - - [12/Jul/2025:15:42:51 -0400] "GET /137krzly1490.html HTTP/1.1" 404 23128 "-" "Mozilla/5.0 AppleWebKit/537.36 (KHTML, like Gecko; compatible; GPTBot/1.2; +https://openai.com/gptbot)"
47.82.60.88 - - [12/Jul/2025:15:43:16 -0400] "GET /257ucv6560.html HTTP/1.1" 301 0 "https://www.dangroup.sa/257ucv6560.html" "Mozilla/5.0 (Windows NT 10.0; Win64; x64) AppleWebKit/537.36 (KHTML, like Gecko) Chrome/114.0.0.0 Safari/537.36 Edg/114.0.1823.43"
47.82.60.91 - - [12/Jul/2025:15:43:02 -0400] "GET /29ilnd38176.html HTTP/1.1" 404 23129 "https://dangroup.sa/29ilnd38176.html" "Mozilla/5.0 (Windows NT 10.0; Win64; x64) AppleWebKit/537.36 (KHTML, like Gecko) Chrome/114.0.0.0 Safari/537.36 Edg/114.0.1823.43"
136.243.228.194 - - [12/Jul/2025:15:43:07 -0400] "GET /items/zvphu142/47280?key=wing HTTP/1.1" 404 23127 "-" "Mozilla/5.0 (compatible; DataForSeoBot/1.0; +https://dataforseo.com/dataforseo-bot)"
172.207.242.73 - - [12/Jul/2025:15:43:09 -0400] "GET /autoload_classmap.php HTTP/1.1" 200 0 "-" "-"
47.82.60.88 - - [12/Jul/2025:15:43:20 -0400] "GET /257ucv6560.html HTTP/1.1" 200 0 "https://www.dangroup.sa/257ucv6560.html" "Mozilla/5.0 (Windows NT 10.0; Win64; x64) AppleWebKit/537.36 (KHTML, like Gecko) Chrome/114.0.0.0 Safari/537.36 Edg/114.0.1823.43"
66.249.79.137 - - [12/Jul/2025:15:43:30 -0400] "GET /product/edit/atomya-td-arb110 HTTP/1.1" 200 86927 "-" "Mozilla/5.0 (Linux; Android 6.0.1; Nexus 5X Build/MMB29P) AppleWebKit/537.36 (KHTML, like Gecko) Chrome/137.0.7151.103 Mobile Safari/537.36 (compatible; Googlebot/2.1; +http://www.google.com/bot.html)"
66.249.68.132 - - [12/Jul/2025:15:43:35 -0400] "GET /270kkrqb37725.html HTTP/1.1" 200 87555 "-" "Mozilla/5.0 (Linux; Android 6.0.1; Nexus 5X Build/MMB29P) AppleWebKit/537.36 (KHTML, like Gecko) Chrome/137.0.7151.103 Mobile Safari/537.36 (compatible; Googlebot/2.1; +http://www.google.com/bot.html)"
172.207.242.73 - - [12/Jul/2025:15:43:24 -0400] "GET /sx.php HTTP/1.1" 200 0 "-" "-"
136.243.228.194 - - [12/Jul/2025:15:43:24 -0400] "GET /137myfbs47416.html HTTP/1.1" 404 23129 "-" "Mozilla/5.0 (compatible; DataForSeoBot/1.0; +https://dataforseo.com/dataforseo-bot)"
66.29.146.47 - - [12/Jul/2025:15:43:44 -0400] "POST /wp-cron.php?doing_wp_cron=1752349423.8771100044250488281250 HTTP/1.1" 403 1242 "-" "WordPress/6.8; https://dangroup.sa"
172.207.242.73 - - [12/Jul/2025:15:43:40 -0400] "GET /function.php HTTP/1.1" 200 0 "-" "-"
136.243.228.194 - - [12/Jul/2025:15:43:45 -0400] "GET /193utpyo11700.html HTTP/1.1" 404 23129 "-" "Mozilla/5.0 (compatible; DataForSeoBot/1.0; +https://dataforseo.com/dataforseo-bot)"
172.207.242.73 - - [12/Jul/2025:15:43:54 -0400] "GET /wp-includes/Text/Diff/Engine/wp-login.php HTTP/1.1" 404 23129 "-" "-"
20.171.207.193 - - [12/Jul/2025:15:43:56 -0400] "GET /51nuhrj28368.html HTTP/1.1" 404 23128 "-" "Mozilla/5.0 AppleWebKit/537.36 (KHTML, like Gecko; compatible; GPTBot/1.2; +https://openai.com/gptbot)"
136.243.228.194 - - [12/Jul/2025:15:44:01 -0400] "GET /141ksd23302.html HTTP/1.1" 404 23129 "-" "Mozilla/5.0 (compatible; DataForSeoBot/1.0; +https://dataforseo.com/dataforseo-bot)"
172.207.242.73 - - [12/Jul/2025:15:44:06 -0400] "GET /.well-known/cong.php HTTP/1.1" 404 23127 "-" "-"
136.243.228.194 - - [12/Jul/2025:15:44:11 -0400] "GET /204opehn46481.html HTTP/1.1" 404 23127 "-" "Mozilla/5.0 (compatible; DataForSeoBot/1.0; +https://dataforseo.com/dataforseo-bot)"
172.207.242.73 - - [12/Jul/2025:15:44:11 -0400] "GET /wp-admin/css/colors/blue/about.php HTTP/1.1" 404 23127 "-" "-"
172.207.242.73 - - [12/Jul/2025:15:44:17 -0400] "GET /.well-known/acme-challenge/mariju.php HTTP/1.1" 404 23129 "-" "-"
136.243.228.194 - - [12/Jul/2025:15:44:17 -0400] "GET /126ipka33523.html HTTP/1.1" 404 23127 "-" "Mozilla/5.0 (compatible; DataForSeoBot/1.0; +https://dataforseo.com/dataforseo-bot)"
136.243.228.194 - - [12/Jul/2025:15:44:28 -0400] "GET /items/qmkpy249/16171?key=palm HTTP/1.1" 404 23127 "-" "Mozilla/5.0 (compatible; DataForSeoBot/1.0; +https://dataforseo.com/dataforseo-bot)"
172.207.242.73 - - [12/Jul/2025:15:44:27 -0400] "GET /options.php HTTP/1.1" 404 23127 "-" "-"
172.207.242.73 - - [12/Jul/2025:15:44:35 -0400] "GET /wp-content/plugins/core-plugin/include.php HTTP/1.1" 404 23127 "-" "-"
66.249.68.132 - - [12/Jul/2025:15:44:39 -0400] "GET /59cdj5422.html HTTP/1.1" 200 87159 "-" "Mozilla/5.0 (Linux; Android 6.0.1; Nexus 5X Build/MMB29P) AppleWebKit/537.36 (KHTML, like Gecko) Chrome/137.0.7151.103 Mobile Safari/537.36 (compatible; Googlebot/2.1; +http://www.google.com/bot.html)"
136.243.228.194 - - [12/Jul/2025:15:44:36 -0400] "GET /48beu37347.html HTTP/1.1" 404 23129 "-" "Mozilla/5.0 (compatible; DataForSeoBot/1.0; +https://dataforseo.com/dataforseo-bot)"
172.207.242.73 - - [12/Jul/2025:15:44:39 -0400] "GET /config.php HTTP/1.1" 404 23127 "-" "-"
66.29.146.47 - - [12/Jul/2025:15:44:45 -0400] "POST /wp-cron.php?doing_wp_cron=1752349485.1501328945159912109375 HTTP/1.1" 403 1242 "-" "WordPress/6.8; https://dangroup.sa"
47.82.60.80 - - [12/Jul/2025:15:44:44 -0400] "GET /pcmypage?callback=product/review/orange-benri-orb3924108 HTTP/1.1" 301 0 "https://www.dangroup.sa/pcmypage?callback=product/review/orange-benri-orb3924108" "Mozilla/5.0 (Windows NT 10.0; Win64; x64) AppleWebKit/537.36 (KHTML, like Gecko) Chrome/114.0.0.0 Safari/537.36 Edg/114.0.1823.43"
66.29.146.47 - - [12/Jul/2025:15:44:46 -0400] "POST /wp-cron.php?doing_wp_cron=1752349485.6421630382537841796875 HTTP/1.1" 403 1242 "-" "WordPress/6.8; https://dangroup.sa"
172.207.242.73 - - [12/Jul/2025:15:44:44 -0400] "GET /wp-admin/css/colors/coffee/index.php HTTP/1.1" 301 0 "-" "-"
172.207.242.73 - - [12/Jul/2025:15:44:46 -0400] "GET /wp-admin/css/colors/coffee/ HTTP/1.1" 200 722 "-" "-"
136.243.228.194 - - [12/Jul/2025:15:44:42 -0400] "GET /174akzqw43101.html HTTP/1.1" 404 23127 "-" "Mozilla/5.0 (compatible; DataForSeoBot/1.0; +https://dataforseo.com/dataforseo-bot)"
172.207.242.73 - - [12/Jul/2025:15:44:47 -0400] "GET /buy.php HTTP/1.1" 404 23129 "-" "-"
172.207.242.73 - - [12/Jul/2025:15:44:59 -0400] "GET /wp-admin/setup-config.php HTTP/1.1" 403 1242 "-" "-"
47.82.60.80 - - [12/Jul/2025:15:44:46 -0400] "GET /pcmypage?callback=product/review/orange-benri-orb3924108 HTTP/1.1" 404 23129 "https://www.dangroup.sa/pcmypage?callback=product/review/orange-benri-orb3924108" "Mozilla/5.0 (Windows NT 10.0; Win64; x64) AppleWebKit/537.36 (KHTML, like Gecko) Chrome/114.0.0.0 Safari/537.36 Edg/114.0.1823.43"
136.243.228.194 - - [12/Jul/2025:15:44:52 -0400] "GET /198uoy12617.html HTTP/1.1" 404 23127 "-" "Mozilla/5.0 (compatible; DataForSeoBot/1.0; +https://dataforseo.com/dataforseo-bot)"
47.82.60.6 - - [12/Jul/2025:15:45:05 -0400] "GET /pcmypage?callback=product/detail/reference-e-240918-11 HTTP/1.1" 301 0 "https://www.dangroup.sa/pcmypage?callback=product%2Fdetail%2Freference-e-240918-11" "Mozilla/5.0 (Windows NT 10.0; Win64; x64) AppleWebKit/537.36 (KHTML, like Gecko) Chrome/114.0.0.0 Safari/537.36 Edg/114.0.1823.43"
172.207.242.73 - - [12/Jul/2025:15:45:00 -0400] "GET /wp-content/themes/wp-pridmag/init.php HTTP/1.1" 404 23127 "-" "-"
20.171.207.193 - - [12/Jul/2025:15:45:01 -0400] "GET /10ioxih28343.html HTTP/1.1" 404 23127 "-" "Mozilla/5.0 AppleWebKit/537.36 (KHTML, like Gecko; compatible; GPTBot/1.2; +https://openai.com/gptbot)"
136.243.228.194 - - [12/Jul/2025:15:45:07 -0400] "GET /items/ftubu212/18706?key=thumb HTTP/1.1" 404 23127 "-" "Mozilla/5.0 (compatible; DataForSeoBot/1.0; +https://dataforseo.com/dataforseo-bot)"
47.82.60.6 - - [12/Jul/2025:15:45:10 -0400] "GET /pcmypage?callback=product/detail/reference-e-240918-11 HTTP/1.1" 404 23127 "https://www.dangroup.sa/pcmypage?callback=product%2Fdetail%2Freference-e-240918-11" "Mozilla/5.0 (Windows NT 10.0; Win64; x64) AppleWebKit/537.36 (KHTML, like Gecko) Chrome/114.0.0.0 Safari/537.36 Edg/114.0.1823.43"
172.207.242.73 - - [12/Jul/2025:15:45:13 -0400] "GET /lv.php HTTP/1.1" 404 23127 "-" "-"
136.243.228.194 - - [12/Jul/2025:15:45:23 -0400] "GET /155cufhj48638.html HTTP/1.1" 404 23127 "-" "Mozilla/5.0 (compatible; DataForSeoBot/1.0; +https://dataforseo.com/dataforseo-bot)"
172.207.242.73 - - [12/Jul/2025:15:45:26 -0400] "GET /network.php HTTP/1.1" 404 23127 "-" "-"
172.207.242.73 - - [12/Jul/2025:15:45:32 -0400] "GET /.well-known/acme-challenge/index.php HTTP/1.1" 301 0 "-" "-"
136.243.228.194 - - [12/Jul/2025:15:45:33 -0400] "GET /items/kynmr208/30840?key=chaos HTTP/1.1" 404 23127 "-" "Mozilla/5.0 (compatible; DataForSeoBot/1.0; +https://dataforseo.com/dataforseo-bot)"
172.207.242.73 - - [12/Jul/2025:15:45:33 -0400] "GET /.well-known/acme-challenge/ HTTP/1.1" 404 23309 "-" "-"
172.207.242.73 - - [12/Jul/2025:15:45:38 -0400] "GET /wp-content/plugins/index.php HTTP/1.1" 200 0 "-" "-"
136.243.228.194 - - [12/Jul/2025:15:45:38 -0400] "GET /items/vxxyu67/16927?key=kingdom HTTP/1.1" 404 23127 "-" "Mozilla/5.0 (compatible; DataForSeoBot/1.0; +https://dataforseo.com/dataforseo-bot)"
172.207.242.73 - - [12/Jul/2025:15:45:38 -0400] "GET /info.php HTTP/1.1" 404 23127 "-" "-"
66.29.146.47 - - [12/Jul/2025:15:45:45 -0400] "POST /wp-cron.php?doing_wp_cron=1752349545.6531989574432373046875 HTTP/1.1" 403 1242 "-" "WordPress/6.8; https://dangroup.sa"
172.207.242.73 - - [12/Jul/2025:15:45:44 -0400] "GET /wp-includes/admin.php HTTP/1.1" 404 23127 "-" "-"
172.207.242.73 - - [12/Jul/2025:15:45:49 -0400] "GET /wp-content/index.php HTTP/1.1" 200 0 "-" "-"
136.243.228.194 - - [12/Jul/2025:15:45:44 -0400] "GET /59qwxur41130.html HTTP/1.1" 404 23129 "-" "Mozilla/5.0 (compatible; DataForSeoBot/1.0; +https://dataforseo.com/dataforseo-bot)"
172.207.242.73 - - [12/Jul/2025:15:45:49 -0400] "GET /user.php HTTP/1.1" 404 23127 "-" "-"
136.243.228.194 - - [12/Jul/2025:15:45:52 -0400] "GET /items/ndwhd194/14044?key=district HTTP/1.1" 404 23129 "-" "Mozilla/5.0 (compatible; DataForSeoBot/1.0; +https://dataforseo.com/dataforseo-bot)"
172.207.242.73 - - [12/Jul/2025:15:45:54 -0400] "GET /cong.php HTTP/1.1" 404 23127 "-" "-"
136.243.228.194 - - [12/Jul/2025:15:46:01 -0400] "GET /129utpyo11764.html HTTP/1.1" 404 23127 "-" "Mozilla/5.0 (compatible; DataForSeoBot/1.0; +https://dataforseo.com/dataforseo-bot)"
172.207.242.73 - - [12/Jul/2025:15:46:05 -0400] "GET /link.php HTTP/1.1" 404 23129 "-" "-"
20.171.207.193 - - [12/Jul/2025:15:46:05 -0400] "GET /58jdgbx48171.html HTTP/1.1" 404 23127 "-" "Mozilla/5.0 AppleWebKit/537.36 (KHTML, like Gecko; compatible; GPTBot/1.2; +https://openai.com/gptbot)"
66.249.68.134 - - [12/Jul/2025:15:46:24 -0400] "GET /132kgu37915.html HTTP/1.1" 200 86598 "-" "Mozilla/5.0 (Linux; Android 6.0.1; Nexus 5X Build/MMB29P) AppleWebKit/537.36 (KHTML, like Gecko) Chrome/137.0.7151.103 Mobile Safari/537.36 (compatible; Googlebot/2.1; +http://www.google.com/bot.html)"
136.243.228.194 - - [12/Jul/2025:15:46:16 -0400] "GET /items/tyorf160/33302?key=oclock HTTP/1.1" 404 23127 "-" "Mozilla/5.0 (compatible; DataForSeoBot/1.0; +https://dataforseo.com/dataforseo-bot)"
172.207.242.73 - - [12/Jul/2025:15:46:19 -0400] "GET /wp-includes/autoload_classmap.php HTTP/1.1" 404 23129 "-" "-"
136.243.228.194 - - [12/Jul/2025:15:46:29 -0400] "GET /271ghpjb40030.html HTTP/1.1" 404 23127 "-" "Mozilla/5.0 (compatible; DataForSeoBot/1.0; +https://dataforseo.com/dataforseo-bot)"
172.207.242.73 - - [12/Jul/2025:15:46:29 -0400] "GET /wp-admin/radio.php HTTP/1.1" 404 23127 "-" "-"
172.207.242.73 - - [12/Jul/2025:15:46:38 -0400] "GET /wp-admin/css/colors/ HTTP/1.1" 200 1093 "-" "-"
136.243.228.194 - - [12/Jul/2025:15:46:38 -0400] "GET /227xlqty26940.html HTTP/1.1" 404 23127 "-" "Mozilla/5.0 (compatible; DataForSeoBot/1.0; +https://dataforseo.com/dataforseo-bot)"
172.207.242.73 - - [12/Jul/2025:15:46:38 -0400] "GET /doc.php HTTP/1.1" 404 23127 "-" "-"
66.29.146.47 - - [12/Jul/2025:15:46:47 -0400] "POST /wp-cron.php?doing_wp_cron=1752349607.1470420360565185546875 HTTP/1.1" 403 1242 "-" "WordPress/6.8; https://dangroup.sa"
66.29.146.47 - - [12/Jul/2025:15:46:48 -0400] "POST /wp-cron.php?doing_wp_cron=1752349607.7597908973693847656250 HTTP/1.1" 403 1242 "-" "WordPress/6.8; https://dangroup.sa"
172.207.242.73 - - [12/Jul/2025:15:46:46 -0400] "GET /public/admin.php HTTP/1.1" 404 23127 "-" "-"
136.243.228.194 - - [12/Jul/2025:15:46:46 -0400] "GET /78noitp13887.html HTTP/1.1" 404 23127 "-" "Mozilla/5.0 (compatible; DataForSeoBot/1.0; +https://dataforseo.com/dataforseo-bot)"
66.249.79.138 - - [12/Jul/2025:15:46:55 -0400] "GET /83mqp9042.html HTTP/1.1" 200 87189 "-" "Mozilla/5.0 (Linux; Android 6.0.1; Nexus 5X Build/MMB29P) AppleWebKit/537.36 (KHTML, like Gecko) Chrome/137.0.7151.103 Mobile Safari/537.36 (compatible; Googlebot/2.1; +http://www.google.com/bot.html)"
66.249.68.133 - - [12/Jul/2025:15:46:56 -0400] "GET /122nlqwt58857.html HTTP/1.1" 200 86744 "-" "Mozilla/5.0 (Linux; Android 6.0.1; Nexus 5X Build/MMB29P) AppleWebKit/537.36 (KHTML, like Gecko) Chrome/137.0.7151.103 Mobile Safari/537.36 (compatible; Googlebot/2.1; +http://www.google.com/bot.html)"
172.207.242.73 - - [12/Jul/2025:15:46:56 -0400] "GET /wp-content/plugins/dummyyummy/wp-signup.php HTTP/1.1" 404 23127 "-" "-"
136.243.228.194 - - [12/Jul/2025:15:46:57 -0400] "GET /17jsk33628.html HTTP/1.1" 404 23127 "-" "Mozilla/5.0 (compatible; DataForSeoBot/1.0; +https://dataforseo.com/dataforseo-bot)"
172.207.242.73 - - [12/Jul/2025:15:47:02 -0400] "GET /wp-content/plugins/press/wp-class.php HTTP/1.1" 404 23127 "-" "-"
172.207.242.73 - - [12/Jul/2025:15:47:06 -0400] "GET /wp-admin/css/colors/blue/index.php HTTP/1.1" 301 0 "-" "-"
172.207.242.73 - - [12/Jul/2025:15:47:07 -0400] "GET /wp-admin/css/colors/blue/ HTTP/1.1" 200 709 "-" "-"
136.243.228.194 - - [12/Jul/2025:15:47:04 -0400] "GET /items/nuypx79/53331?key=briefly HTTP/1.1" 404 23129 "-" "Mozilla/5.0 (compatible; DataForSeoBot/1.0; +https://dataforseo.com/dataforseo-bot)"
172.207.242.73 - - [12/Jul/2025:15:47:07 -0400] "GET /wp-content/shell20211028.php HTTP/1.1" 404 23127 "-" "-"
20.171.207.193 - - [12/Jul/2025:15:47:11 -0400] "GET /20xzefl25153.html HTTP/1.1" 404 23127 "-" "Mozilla/5.0 AppleWebKit/537.36 (KHTML, like Gecko; compatible; GPTBot/1.2; +https://openai.com/gptbot)"
136.243.228.194 - - [12/Jul/2025:15:47:10 -0400] "GET /268pxo11683.html HTTP/1.1" 404 23127 "-" "Mozilla/5.0 (compatible; DataForSeoBot/1.0; +https://dataforseo.com/dataforseo-bot)"
172.207.242.73 - - [12/Jul/2025:15:47:12 -0400] "GET /wp-admin/maint/about.php HTTP/1.1" 404 23127 "-" "-"
66.249.79.138 - - [12/Jul/2025:15:47:32 -0400] "GET /product/edit/shasinyasan-6952060011448 HTTP/1.1" 200 87759 "-" "Mozilla/5.0 (Linux; Android 6.0.1; Nexus 5X Build/MMB29P) AppleWebKit/537.36 (KHTML, like Gecko) Chrome/137.0.7151.103 Mobile Safari/537.36 (compatible; Googlebot/2.1; +http://www.google.com/bot.html)"
136.243.228.194 - - [12/Jul/2025:15:47:25 -0400] "GET /170uyuc32615.html HTTP/1.1" 404 23129 "-" "Mozilla/5.0 (compatible; DataForSeoBot/1.0; +https://dataforseo.com/dataforseo-bot)"
172.207.242.73 - - [12/Jul/2025:15:47:25 -0400] "GET /atomlib.php HTTP/1.1" 404 23127 "-" "-"
172.207.242.73 - - [12/Jul/2025:15:47:36 -0400] "GET /wp-admin/maint/ HTTP/1.1" 200 621 "-" "-"
66.249.68.133 - - [12/Jul/2025:15:47:36 -0400] "GET /items/iikza81/35403?key=complicated HTTP/1.1" 200 86833 "-" "Mozilla/5.0 (Linux; Android 6.0.1; Nexus 5X Build/MMB29P) AppleWebKit/537.36 (KHTML, like Gecko) Chrome/137.0.7151.103 Mobile Safari/537.36 (compatible; GoogleOther)"
172.207.242.73 - - [12/Jul/2025:15:47:36 -0400] "GET /wp-content/radio.php HTTP/1.1" 404 23127 "-" "-"
172.207.242.73 - - [12/Jul/2025:15:48:30 -0400] "GET /wp-admin/user/index.php HTTP/1.1" 302 0 "-" "-"
172.207.242.73 - - [12/Jul/2025:15:48:32 -0400] "GET /wp-login.php?redirect_to=https%3A%2F%2Fdangroup.sa%2Fwp-admin%2Fuser%2Findex.php&reauth=1 HTTP/1.1" 200 3104 "-" "-"
136.243.228.194 - - [12/Jul/2025:15:48:31 -0400] "GET /260qgkf42529.html HTTP/1.1" 404 23127 "-" "Mozilla/5.0 (compatible; DataForSeoBot/1.0; +https://dataforseo.com/dataforseo-bot)"
172.207.242.73 - - [12/Jul/2025:15:48:33 -0400] "GET /wp-admin/wp-login.php HTTP/1.1" 404 23127 "-" "-"
172.207.242.73 - - [12/Jul/2025:15:48:43 -0400] "GET /files/index.php HTTP/1.1" 301 0 "-" "-"
136.243.228.194 - - [12/Jul/2025:15:48:41 -0400] "GET /items/lbcax263/2511?key=rod HTTP/1.1" 404 23127 "-" "Mozilla/5.0 (compatible; DataForSeoBot/1.0; +https://dataforseo.com/dataforseo-bot)"
66.249.68.133 - - [12/Jul/2025:15:48:51 -0400] "GET /items/okivh282/40974?key=forgive HTTP/1.1" 200 86882 "-" "Mozilla/5.0 (Linux; Android 6.0.1; Nexus 5X Build/MMB29P) AppleWebKit/537.36 (KHTML, like Gecko) Chrome/137.0.7151.103 Mobile Safari/537.36 (compatible; GoogleOther)"
66.29.146.47 - - [12/Jul/2025:15:48:53 -0400] "POST /wp-cron.php?doing_wp_cron=1752349733.0532369613647460937500 HTTP/1.1" 403 1242 "-" "WordPress/6.8; https://dangroup.sa"
172.207.242.73 - - [12/Jul/2025:15:48:45 -0400] "GET /files/ HTTP/1.1" 404 23127 "-" "-"
136.243.228.194 - - [12/Jul/2025:15:48:50 -0400] "GET /items/ciksn5/18931?key=please HTTP/1.1" 404 23308 "-" "Mozilla/5.0 (compatible; DataForSeoBot/1.0; +https://dataforseo.com/dataforseo-bot)"
172.207.242.73 - - [12/Jul/2025:15:48:54 -0400] "GET /wp-admin/classwithtostring.php HTTP/1.1" 404 23127 "-" "-"
136.243.228.194 - - [12/Jul/2025:15:48:59 -0400] "GET /44iss8237.html HTTP/1.1" 404 23129 "-" "Mozilla/5.0 (compatible; DataForSeoBot/1.0; +https://dataforseo.com/dataforseo-bot)"
172.207.242.73 - - [12/Jul/2025:15:49:00 -0400] "GET /shell20211028.php HTTP/1.1" 404 23127 "-" "-"
136.243.228.194 - - [12/Jul/2025:15:47:36 -0400] "GET /items/qijhz32/15454?key=organizational HTTP/1.1" 404 23308 "-" "Mozilla/5.0 (compatible; DataForSeoBot/1.0; +https://dataforseo.com/dataforseo-bot)"
66.29.146.47 - - [12/Jul/2025:15:47:49 -0400] "POST /wp-cron.php?doing_wp_cron=1752349669.3462090492248535156250 HTTP/1.1" 403 1242 "-" "WordPress/6.8; https://dangroup.sa"
66.249.68.133 - - [12/Jul/2025:15:47:49 -0400] "GET /77mvx40532.html HTTP/1.1" 200 86361 "-" "Mozilla/5.0 (Linux; Android 6.0.1; Nexus 5X Build/MMB29P) AppleWebKit/537.36 (KHTML, like Gecko) Chrome/137.0.7151.103 Mobile Safari/537.36 (compatible; Googlebot/2.1; +http://www.google.com/bot.html)"
172.207.242.73 - - [12/Jul/2025:15:47:45 -0400] "GET /wp-content/themes/admin.php HTTP/1.1" 404 23129 "-" "-"
136.243.228.194 - - [12/Jul/2025:15:47:47 -0400] "GET /items/jnbmd257/21887?key=total HTTP/1.1" 404 23127 "-" "Mozilla/5.0 (compatible; DataForSeoBot/1.0; +https://dataforseo.com/dataforseo-bot)"
172.207.242.73 - - [12/Jul/2025:15:47:54 -0400] "GET /wp-content/themes/alera/alpha.php HTTP/1.1" 404 23129 "-" "-"
136.243.228.194 - - [12/Jul/2025:15:47:56 -0400] "GET /items/laspu60/38056?key=treaty HTTP/1.1" 404 23129 "-" "Mozilla/5.0 (compatible; DataForSeoBot/1.0; +https://dataforseo.com/dataforseo-bot)"
172.207.242.73 - - [12/Jul/2025:15:47:58 -0400] "GET /mar.php HTTP/1.1" 404 23127 "-" "-"
136.243.228.194 - - [12/Jul/2025:15:48:03 -0400] "GET /147yyehd45460.html HTTP/1.1" 404 23127 "-" "Mozilla/5.0 (compatible; DataForSeoBot/1.0; +https://dataforseo.com/dataforseo-bot)"
172.207.242.73 - - [12/Jul/2025:15:48:03 -0400] "GET /gecko.php HTTP/1.1" 404 23127 "-" "-"
172.207.242.73 - - [12/Jul/2025:15:48:09 -0400] "GET /wp-includes/ID3/index.php HTTP/1.1" 301 0 "-" "-"
172.207.242.73 - - [12/Jul/2025:15:48:10 -0400] "GET /wp-includes/ID3/ HTTP/1.1" 200 1320 "-" "-"
136.243.228.194 - - [12/Jul/2025:15:48:09 -0400] "GET /items/jkzbq94/26392?key=through HTTP/1.1" 404 23127 "-" "Mozilla/5.0 (compatible; DataForSeoBot/1.0; +https://dataforseo.com/dataforseo-bot)"
172.207.242.73 - - [12/Jul/2025:15:48:10 -0400] "GET /mah.php HTTP/1.1" 404 23127 "-" "-"
66.249.68.134 - - [12/Jul/2025:15:48:19 -0400] "GET /213lrxgl19120.html HTTP/1.1" 200 86915 "-" "Mozilla/5.0 (Linux; Android 6.0.1; Nexus 5X Build/MMB29P) AppleWebKit/537.36 (KHTML, like Gecko) Chrome/137.0.7151.103 Mobile Safari/537.36 (compatible; Googlebot/2.1; +http://www.google.com/bot.html)"
66.249.68.132 - - [12/Jul/2025:15:48:23 -0400] "GET /items/cusay55/707?key=stomach HTTP/1.1" 200 87378 "-" "Mozilla/5.0 (Linux; Android 6.0.1; Nexus 5X Build/MMB29P) AppleWebKit/537.36 (KHTML, like Gecko) Chrome/137.0.7151.103 Mobile Safari/537.36 (compatible; Googlebot/2.1; +http://www.google.com/bot.html)"
20.171.207.193 - - [12/Jul/2025:15:48:14 -0400] "GET /35qdepj43680.html HTTP/1.1" 404 23128 "-" "Mozilla/5.0 AppleWebKit/537.36 (KHTML, like Gecko; compatible; GPTBot/1.2; +https://openai.com/gptbot)"
136.243.228.194 - - [12/Jul/2025:15:48:16 -0400] "GET /items/nqjqz69/25107?key=conclusion HTTP/1.1" 404 23129 "-" "Mozilla/5.0 (compatible; DataForSeoBot/1.0; +https://dataforseo.com/dataforseo-bot)"
172.207.242.73 - - [12/Jul/2025:15:48:18 -0400] "GET /sidwso.php HTTP/1.1" 404 23308 "-" "-"
172.207.242.73 - - [12/Jul/2025:15:49:05 -0400] "GET /wp-includes/bak.php HTTP/1.1" 404 23127 "-" "-"
