185.177.72.201 - - [12/Jul/2025:09:39:22 -0400] "GET /backup/sendgrid_keys.json HTTP/1.1" 404 23127 "-" "Mozilla/5.0 (Windows NT 10.0; Win64; x64) AppleWebKit/537.36 (KHTML, like Gecko) Chrome/91.0.4472.124 Safari/537.36"
185.177.72.201 - - [12/Jul/2025:09:39:27 -0400] "GET /backup/settings.php HTTP/1.1" 404 23127 "-" "Mozilla/5.0 (Windows NT 10.0; Win64; x64) AppleWebKit/537.36 (KHTML, like Gecko) Chrome/91.0.4472.124 Safari/537.36"
136.243.228.194 - - [12/Jul/2025:09:39:27 -0400] "GET /46yzan21255.html HTTP/1.1" 404 23127 "-" "Mozilla/5.0 (compatible; DataForSeoBot/1.0; +https://dataforseo.com/dataforseo-bot)"
66.249.68.129 - - [12/Jul/2025:09:39:33 -0400] "GET /196vmop28821.html HTTP/1.1" 200 86893 "-" "Mozilla/5.0 (Linux; Android 6.0.1; Nexus 5X Build/MMB29P) AppleWebKit/537.36 (KHTML, like Gecko) Chrome/137.0.7151.103 Mobile Safari/537.36 (compatible; Googlebot/2.1; +http://www.google.com/bot.html)"
136.243.228.194 - - [12/Jul/2025:09:39:32 -0400] "GET /items/zzppx161/5637?key=mention HTTP/1.1" 404 23127 "-" "Mozilla/5.0 (compatible; DataForSeoBot/1.0; +https://dataforseo.com/dataforseo-bot)"
185.177.72.201 - - [12/Jul/2025:09:39:36 -0400] "GET /backup/site.conf HTTP/1.1" 404 23127 "-" "Mozilla/5.0 (Windows NT 10.0; Win64; x64) AppleWebKit/537.36 (KHTML, like Gecko) Chrome/91.0.4472.124 Safari/537.36"
136.243.228.194 - - [12/Jul/2025:09:39:40 -0400] "GET /110okcul1351.html HTTP/1.1" 404 23129 "-" "Mozilla/5.0 (compatible; DataForSeoBot/1.0; +https://dataforseo.com/dataforseo-bot)"
185.177.72.201 - - [12/Jul/2025:09:39:44 -0400] "GET /backup/site.sql HTTP/1.1" 404 23127 "-" "Mozilla/5.0 (Windows NT 10.0; Win64; x64) AppleWebKit/537.36 (KHTML, like Gecko) Chrome/91.0.4472.124 Safari/537.36"
136.243.228.194 - - [12/Jul/2025:09:39:51 -0400] "GET /247jniv20774.html HTTP/1.1" 404 23127 "-" "Mozilla/5.0 (compatible; DataForSeoBot/1.0; +https://dataforseo.com/dataforseo-bot)"
185.177.72.201 - - [12/Jul/2025:09:39:55 -0400] "GET /backup_old.zip HTTP/1.1" 404 23127 "-" "Mozilla/5.0 (Windows NT 10.0; Win64; x64) AppleWebKit/537.36 (KHTML, like Gecko) Chrome/91.0.4472.124 Safari/537.36"
185.177.72.201 - - [12/Jul/2025:09:40:04 -0400] "GET /backups/.env HTTP/1.1" 403 1242 "-" "Mozilla/5.0 (Windows NT 10.0; Win64; x64) AppleWebKit/537.36 (KHTML, like Gecko) Chrome/91.0.4472.124 Safari/537.36"
136.243.228.194 - - [12/Jul/2025:09:40:03 -0400] "GET /97kbctg5538.html HTTP/1.1" 404 23129 "-" "Mozilla/5.0 (compatible; DataForSeoBot/1.0; +https://dataforseo.com/dataforseo-bot)"
185.177.72.201 - - [12/Jul/2025:09:40:04 -0400] "GET /bash.php HTTP/1.1" 404 23127 "-" "Mozilla/5.0 (Windows NT 10.0; Win64; x64) AppleWebKit/537.36 (KHTML, like Gecko) Chrome/91.0.4472.124 Safari/537.36"
185.177.72.201 - - [12/Jul/2025:09:40:13 -0400] "GET /beta/.env HTTP/1.1" 403 1242 "-" "Mozilla/5.0 (Windows NT 10.0; Win64; x64) AppleWebKit/537.36 (KHTML, like Gecko) Chrome/91.0.4472.124 Safari/537.36"
136.243.228.194 - - [12/Jul/2025:09:40:12 -0400] "GET /177rzpb47790.html HTTP/1.1" 404 23129 "-" "Mozilla/5.0 (compatible; DataForSeoBot/1.0; +https://dataforseo.com/dataforseo-bot)"
185.177.72.201 - - [12/Jul/2025:09:40:13 -0400] "GET /beta/backup.zip HTTP/1.1" 404 23127 "-" "Mozilla/5.0 (Windows NT 10.0; Win64; x64) AppleWebKit/537.36 (KHTML, like Gecko) Chrome/91.0.4472.124 Safari/537.36"
66.29.146.47 - - [12/Jul/2025:09:40:23 -0400] "POST /wp-cron.php?doing_wp_cron=1752327623.3505320549011230468750 HTTP/1.1" 403 1242 "-" "WordPress/6.8; https://dangroup.sa"
66.29.146.47 - - [12/Jul/2025:09:40:23 -0400] "POST /wp-cron.php?doing_wp_cron=1752327623.7476229667663574218750 HTTP/1.1" 403 1242 "-" "WordPress/6.8; https://dangroup.sa"
185.177.72.201 - - [12/Jul/2025:09:40:22 -0400] "GET /beta/db.sql HTTP/1.1" 404 23127 "-" "Mozilla/5.0 (Windows NT 10.0; Win64; x64) AppleWebKit/537.36 (KHTML, like Gecko) Chrome/91.0.4472.124 Safari/537.36"
136.243.228.194 - - [12/Jul/2025:09:40:22 -0400] "GET /items/qufzl40/10702?key=fabric HTTP/1.1" 404 23129 "-" "Mozilla/5.0 (compatible; DataForSeoBot/1.0; +https://dataforseo.com/dataforseo-bot)"
66.249.68.130 - - [12/Jul/2025:09:40:31 -0400] "GET /search.php?sitemap722.xml HTTP/1.1" 200 37320 "-" "Mozilla/5.0 (compatible; Googlebot/2.1; +http://www.google.com/bot.html)"
66.249.68.129 - - [12/Jul/2025:09:40:36 -0400] "GET /items/ifasm179/11127?key=soften HTTP/1.1" 200 87381 "-" "Mozilla/5.0 (Linux; Android 6.0.1; Nexus 5X Build/MMB29P) AppleWebKit/537.36 (KHTML, like Gecko) Chrome/137.0.7151.103 Mobile Safari/537.36 (compatible; GoogleOther)"
185.177.72.201 - - [12/Jul/2025:09:40:31 -0400] "GET /beta/execute.php HTTP/1.1" 404 23127 "-" "Mozilla/5.0 (Windows NT 10.0; Win64; x64) AppleWebKit/537.36 (KHTML, like Gecko) Chrome/91.0.4472.124 Safari/537.36"
136.243.228.194 - - [12/Jul/2025:09:40:32 -0400] "GET /items/xfspf36/30416?key=trial HTTP/1.1" 404 23129 "-" "Mozilla/5.0 (compatible; DataForSeoBot/1.0; +https://dataforseo.com/dataforseo-bot)"
185.177.72.201 - - [12/Jul/2025:09:40:41 -0400] "GET /beta/shell.php HTTP/1.1" 404 23127 "-" "Mozilla/5.0 (Windows NT 10.0; Win64; x64) AppleWebKit/537.36 (KHTML, like Gecko) Chrome/91.0.4472.124 Safari/537.36"
185.177.72.201 - - [12/Jul/2025:09:40:52 -0400] "GET /bin/.env HTTP/1.1" 403 1242 "-" "Mozilla/5.0 (Windows NT 10.0; Win64; x64) AppleWebKit/537.36 (KHTML, like Gecko) Chrome/91.0.4472.124 Safari/537.36"
185.177.72.201 - - [12/Jul/2025:09:40:52 -0400] "GET /blog/.env HTTP/1.1" 403 1242 "-" "Mozilla/5.0 (Windows NT 10.0; Win64; x64) AppleWebKit/537.36 (KHTML, like Gecko) Chrome/91.0.4472.124 Safari/537.36"
185.177.72.201 - - [12/Jul/2025:09:40:52 -0400] "GET /blogs/.env HTTP/1.1" 403 1242 "-" "Mozilla/5.0 (Windows NT 10.0; Win64; x64) AppleWebKit/537.36 (KHTML, like Gecko) Chrome/91.0.4472.124 Safari/537.36"
136.243.228.194 - - [12/Jul/2025:09:40:45 -0400] "GET /91ablm22368.html HTTP/1.1" 404 23127 "-" "Mozilla/5.0 (compatible; DataForSeoBot/1.0; +https://dataforseo.com/dataforseo-bot)"
185.177.72.201 - - [12/Jul/2025:09:40:52 -0400] "GET /bootstrap/cache/config.php HTTP/1.1" 404 23127 "-" "Mozilla/5.0 (Windows NT 10.0; Win64; x64) AppleWebKit/537.36 (KHTML, like Gecko) Chrome/91.0.4472.124 Safari/537.36"
136.243.228.194 - - [12/Jul/2025:09:40:55 -0400] "GET /items/tijzx211/6743?key=working HTTP/1.1" 404 23127 "-" "Mozilla/5.0 (compatible; DataForSeoBot/1.0; +https://dataforseo.com/dataforseo-bot)"
69.197.182.50 - - [12/Jul/2025:09:41:05 -0400] "GET /wp-content/install.php HTTP/1.1" 200 10 "https://dangroup.sa/wp-content/install.php" "Mozilla/5.0 (Windows NT 10.0; Win64; x64) AppleWebKit/537.36 (KHTML, like Gecko) Chrome/58.0.3029.110 Safari/537.3"
185.177.72.201 - - [12/Jul/2025:09:41:02 -0400] "GET /bundle.js HTTP/1.1" 404 23127 "-" "Mozilla/5.0 (Windows NT 10.0; Win64; x64) AppleWebKit/537.36 (KHTML, like Gecko) Chrome/91.0.4472.124 Safari/537.36"
136.243.228.194 - - [12/Jul/2025:09:41:05 -0400] "GET /114uxim39139.html HTTP/1.1" 404 23127 "-" "Mozilla/5.0 (compatible; DataForSeoBot/1.0; +https://dataforseo.com/dataforseo-bot)"
185.177.72.201 - - [12/Jul/2025:09:41:11 -0400] "GET /bundle.js.map HTTP/1.1" 404 23127 "-" "Mozilla/5.0 (Windows NT 10.0; Win64; x64) AppleWebKit/537.36 (KHTML, like Gecko) Chrome/91.0.4472.124 Safari/537.36"
136.243.228.194 - - [12/Jul/2025:09:41:15 -0400] "GET /19impz37946.html HTTP/1.1" 404 23129 "-" "Mozilla/5.0 (compatible; DataForSeoBot/1.0; +https://dataforseo.com/dataforseo-bot)"
66.249.68.131 - - [12/Jul/2025:09:41:24 -0400] "GET /items/dlowv24/5606?key=marry HTTP/1.1" 200 87208 "-" "Mozilla/5.0 (Linux; Android 6.0.1; Nexus 5X Build/MMB29P) AppleWebKit/537.36 (KHTML, like Gecko) Chrome/137.0.7151.103 Mobile Safari/537.36 (compatible; GoogleOther)"
185.157.214.24 - - [12/Jul/2025:09:41:15 -0400] "GET / HTTP/1.1" 200 33220 "https://DANEVNT.COM" "Mozilla/5.0 (Macintosh; Intel Mac OS X 10_15_7) AppleWebKit/537.36 (KHTML, like Gecko) Chrome/133.0.0.0 Safari/537.36"
66.29.146.47 - - [12/Jul/2025:09:41:28 -0400] "POST /wp-cron.php?doing_wp_cron=1752327688.1423099040985107421875 HTTP/1.1" 403 1242 "-" "WordPress/6.8; https://dangroup.sa"
66.29.146.47 - - [12/Jul/2025:09:41:28 -0400] "POST /wp-cron.php?doing_wp_cron=1752327688.8401250839233398437500 HTTP/1.1" 403 1242 "-" "WordPress/6.8; https://dangroup.sa"
47.82.60.24 - - [12/Jul/2025:09:41:28 -0400] "GET /items/tlojx245/29737?key=detailed HTTP/1.1" 301 0 "https://www.dangroup.sa/items/tlojx245/29737?key=detailed" "Mozilla/5.0 (Windows NT 10.0; Win64; x64) AppleWebKit/537.36 (KHTML, like Gecko) Chrome/114.0.0.0 Safari/537.36 Edg/114.0.1823.43"
185.157.214.24 - - [12/Jul/2025:09:41:28 -0400] "GET /comments/feed/ HTTP/1.1" 200 457 "-" "Mozilla/5.0 (Macintosh; Intel Mac OS X 10_15_7) AppleWebKit/537.36 (KHTML, like Gecko) Chrome/133.0.0.0 Safari/537.36"
20.205.110.167 - - [12/Jul/2025:09:41:34 -0400] "POST /xmlrpc.php HTTP/1.1" 403 1242 "-" "Mozilla/5.0 (X11; Ubuntu; Linux x86_64; rv:85.0) Gecko/20100101 Firefox/91.0"
40.77.167.74 - - [12/Jul/2025:09:41:33 -0400] "GET / HTTP/1.1" 200 17 "-" "Mozilla/5.0 AppleWebKit/537.36 (KHTML, like Gecko; compatible; bingbot/2.0; +http://www.bing.com/bingbot.htm) Chrome/116.0.1938.76 Safari/537.36"
185.177.72.201 - - [12/Jul/2025:09:41:26 -0400] "GET /bundleconfig.json HTTP/1.1" 404 23129 "-" "Mozilla/5.0 (Windows NT 10.0; Win64; x64) AppleWebKit/537.36 (KHTML, like Gecko) Chrome/91.0.4472.124 Safari/537.36"
136.243.228.194 - - [12/Jul/2025:09:41:27 -0400] "GET /items/yhvdo2/22566?key=option HTTP/1.1" 404 23127 "-" "Mozilla/5.0 (compatible; DataForSeoBot/1.0; +https://dataforseo.com/dataforseo-bot)"
47.82.60.52 - - [12/Jul/2025:09:41:41 -0400] "GET /pcmypage?callback=/product/detail/irst23-trusco-2111253 HTTP/1.1" 301 0 "https://www.dangroup.sa/pcmypage?callback=/product%2Fdetail%2First23-trusco-2111253" "Mozilla/5.0 (Windows NT 10.0; Win64; x64) AppleWebKit/537.36 (KHTML, like Gecko) Chrome/114.0.0.0 Safari/537.36 Edg/114.0.1823.43"
47.82.60.24 - - [12/Jul/2025:09:41:31 -0400] "GET /items/tlojx245/29737?key=detailed HTTP/1.1" 404 23129 "https://www.dangroup.sa/items/tlojx245/29737?key=detailed" "Mozilla/5.0 (Windows NT 10.0; Win64; x64) AppleWebKit/537.36 (KHTML, like Gecko) Chrome/114.0.0.0 Safari/537.36 Edg/114.0.1823.43"
185.157.214.24 - - [12/Jul/2025:09:41:32 -0400] "GET /contact/ HTTP/1.1" 200 24211 "-" "Mozilla/5.0 (Macintosh; Intel Mac OS X 10_15_7) AppleWebKit/537.36 (KHTML, like Gecko) Chrome/133.0.0.0 Safari/537.36"
185.177.72.201 - - [12/Jul/2025:09:41:39 -0400] "GET /certs/fullchain.pem HTTP/1.1" 404 23127 "-" "Mozilla/5.0 (Windows NT 10.0; Win64; x64) AppleWebKit/537.36 (KHTML, like Gecko) Chrome/91.0.4472.124 Safari/537.36"
47.82.60.52 - - [12/Jul/2025:09:41:43 -0400] "GET /pcmypage?callback=/product/detail/irst23-trusco-2111253 HTTP/1.1" 404 23129 "https://www.dangroup.sa/pcmypage?callback=/product%2Fdetail%2First23-trusco-2111253" "Mozilla/5.0 (Windows NT 10.0; Win64; x64) AppleWebKit/537.36 (KHTML, like Gecko) Chrome/114.0.0.0 Safari/537.36 Edg/114.0.1823.43"
185.157.214.24 - - [12/Jul/2025:09:41:49 -0400] "GET /en/contact-us/ HTTP/1.1" 200 23391 "-" "Mozilla/5.0 (Macintosh; Intel Mac OS X 10_15_7) AppleWebKit/537.36 (KHTML, like Gecko) Chrome/133.0.0.0 Safari/537.36"
185.177.72.201 - - [12/Jul/2025:09:41:50 -0400] "GET /certs/privkey.pem HTTP/1.1" 404 23127 "-" "Mozilla/5.0 (Windows NT 10.0; Win64; x64) AppleWebKit/537.36 (KHTML, like Gecko) Chrome/91.0.4472.124 Safari/537.36"
185.177.72.201 - - [12/Jul/2025:09:42:04 -0400] "GET /ci-cd/.env HTTP/1.1" 403 1242 "-" "Mozilla/5.0 (Windows NT 10.0; Win64; x64) AppleWebKit/537.36 (KHTML, like Gecko) Chrome/91.0.4472.124 Safari/537.36"
185.177.72.201 - - [12/Jul/2025:09:42:04 -0400] "GET /ci/.env HTTP/1.1" 403 1242 "-" "Mozilla/5.0 (Windows NT 10.0; Win64; x64) AppleWebKit/537.36 (KHTML, like Gecko) Chrome/91.0.4472.124 Safari/537.36"
185.177.72.201 - - [12/Jul/2025:09:42:04 -0400] "GET /ci/config/.env HTTP/1.1" 403 1242 "-" "Mozilla/5.0 (Windows NT 10.0; Win64; x64) AppleWebKit/537.36 (KHTML, like Gecko) Chrome/91.0.4472.124 Safari/537.36"
185.177.72.201 - - [12/Jul/2025:09:42:05 -0400] "GET /client/.env HTTP/1.1" 403 1242 "-" "Mozilla/5.0 (Windows NT 10.0; Win64; x64) AppleWebKit/537.36 (KHTML, like Gecko) Chrome/91.0.4472.124 Safari/537.36"
51.223.124.86 - - [12/Jul/2025:09:41:47 -0400] "GET / HTTP/1.1" 200 33220 "https://linktr.ee/" "Mozilla/5.0 (iPhone; CPU iPhone OS 18_5 like Mac OS X) AppleWebKit/605.1.15 (KHTML, like Gecko) Mobile/22F76 Instagram 381.1.2.26.83 (iPhone14,3; iOS 18_5; en_US; en; scale=3.00; 1284x2778; 737297623; IABMV/1)"
51.223.124.86 - - [12/Jul/2025:09:42:06 -0400] "GET /wp-content/plugins/contact-form-7/includes/css/styles.css?ver=5.9.8 HTTP/1.1" 200 890 "https://dangroup.sa/" "Mozilla/5.0 (iPhone; CPU iPhone OS 18_5 like Mac OS X) AppleWebKit/605.1.15 (KHTML, like Gecko) Mobile/22F76 Instagram 381.1.2.26.83 (iPhone14,3; iOS 18_5; en_US; en; scale=3.00; 1284x2778; 737297623; IABMV/1)"
51.223.124.86 - - [12/Jul/2025:09:42:06 -0400] "GET /wp-content/plugins/extension-for-animation-addons/assets/css/magnific-popup.css?ver=6.8 HTTP/1.1" 200 1375 "https://dangroup.sa/" "Mozilla/5.0 (iPhone; CPU iPhone OS 18_5 like Mac OS X) AppleWebKit/605.1.15 (KHTML, like Gecko) Mobile/22F76 Instagram 381.1.2.26.83 (iPhone14,3; iOS 18_5; en_US; en; scale=3.00; 1284x2778; 737297623; IABMV/1)"
51.223.124.86 - - [12/Jul/2025:09:42:06 -0400] "GET /wp-includes/js/jquery/jquery-migrate.min.js?ver=3.4.1 HTTP/1.1" 304 0 "https://dangroup.sa/" "Mozilla/5.0 (iPhone; CPU iPhone OS 18_5 like Mac OS X) AppleWebKit/605.1.15 (KHTML, like Gecko) Mobile/22F76 Instagram 381.1.2.26.83 (iPhone14,3; iOS 18_5; en_US; en; scale=3.00; 1284x2778; 737297623; IABMV/1)"
51.223.124.86 - - [12/Jul/2025:09:42:06 -0400] "GET /wp-includes/js/jquery/jquery.min.js?ver=3.7.1 HTTP/1.1" 304 0 "https://dangroup.sa/" "Mozilla/5.0 (iPhone; CPU iPhone OS 18_5 like Mac OS X) AppleWebKit/605.1.15 (KHTML, like Gecko) Mobile/22F76 Instagram 381.1.2.26.83 (iPhone14,3; iOS 18_5; en_US; en; scale=3.00; 1284x2778; 737297623; IABMV/1)"
51.223.124.86 - - [12/Jul/2025:09:42:06 -0400] "GET /wp-content/plugins/wcf-addons-pro/assets/css/widgets/advance-slider.css?ver=6.8 HTTP/1.1" 200 1193 "https://dangroup.sa/" "Mozilla/5.0 (iPhone; CPU iPhone OS 18_5 like Mac OS X) AppleWebKit/605.1.15 (KHTML, like Gecko) Mobile/22F76 Instagram 381.1.2.26.83 (iPhone14,3; iOS 18_5; en_US; en; scale=3.00; 1284x2778; 737297623; IABMV/1)"
51.223.124.86 - - [12/Jul/2025:09:42:06 -0400] "GET /wp-content/themes/arolax/assets/css/custom-icons.min.css?ver=2 HTTP/1.1" 200 1142 "https://dangroup.sa/" "Mozilla/5.0 (iPhone; CPU iPhone OS 18_5 like Mac OS X) AppleWebKit/605.1.15 (KHTML, like Gecko) Mobile/22F76 Instagram 381.1.2.26.83 (iPhone14,3; iOS 18_5; en_US; en; scale=3.00; 1284x2778; 737297623; IABMV/1)"
51.223.124.86 - - [12/Jul/2025:09:42:06 -0400] "GET /wp-content/uploads/elementor/css/post-3.css?ver=1748904912 HTTP/1.1" 200 486 "https://dangroup.sa/" "Mozilla/5.0 (iPhone; CPU iPhone OS 18_5 like Mac OS X) AppleWebKit/605.1.15 (KHTML, like Gecko) Mobile/22F76 Instagram 381.1.2.26.83 (iPhone14,3; iOS 18_5; en_US; en; scale=3.00; 1284x2778; 737297623; IABMV/1)"
51.223.124.86 - - [12/Jul/2025:09:42:06 -0400] "GET /wp-content/uploads/elementor/css/post-17125.css?ver=1748904919 HTTP/1.1" 200 5230 "https://dangroup.sa/" "Mozilla/5.0 (iPhone; CPU iPhone OS 18_5 like Mac OS X) AppleWebKit/605.1.15 (KHTML, like Gecko) Mobile/22F76 Instagram 381.1.2.26.83 (iPhone14,3; iOS 18_5; en_US; en; scale=3.00; 1284x2778; 737297623; IABMV/1)"
51.223.124.86 - - [12/Jul/2025:09:42:06 -0400] "GET /wp-includes/js/dist/hooks.min.js?ver=4d63a3d491d11ffd8ac6 HTTP/1.1" 304 0 "https://dangroup.sa/" "Mozilla/5.0 (iPhone; CPU iPhone OS 18_5 like Mac OS X) AppleWebKit/605.1.15 (KHTML, like Gecko) Mobile/22F76 Instagram 381.1.2.26.83 (iPhone14,3; iOS 18_5; en_US; en; scale=3.00; 1284x2778; 737297623; IABMV/1)"
51.223.124.86 - - [12/Jul/2025:09:42:06 -0400] "GET /wp-content/plugins/extension-for-animation-addons/assets/lib/ScrollTrigger.min.js?ver=6.8 HTTP/1.1" 304 0 "https://dangroup.sa/" "Mozilla/5.0 (iPhone; CPU iPhone OS 18_5 like Mac OS X) AppleWebKit/605.1.15 (KHTML, like Gecko) Mobile/22F76 Instagram 381.1.2.26.83 (iPhone14,3; iOS 18_5; en_US; en; scale=3.00; 1284x2778; 737297623; IABMV/1)"
51.223.124.86 - - [12/Jul/2025:09:42:06 -0400] "GET /wp-content/plugins/elementor/assets/js/frontend.min.js?ver=3.28.4 HTTP/1.1" 304 0 "https://dangroup.sa/" "Mozilla/5.0 (iPhone; CPU iPhone OS 18_5 like Mac OS X) AppleWebKit/605.1.15 (KHTML, like Gecko) Mobile/22F76 Instagram 381.1.2.26.83 (iPhone14,3; iOS 18_5; en_US; en; scale=3.00; 1284x2778; 737297623; IABMV/1)"
51.223.124.86 - - [12/Jul/2025:09:42:06 -0400] "GET /wp-content/plugins/elementor/assets/lib/jquery-numerator/jquery-numerator.min.js?ver=0.2.1 HTTP/1.1" 304 0 "https://dangroup.sa/" "Mozilla/5.0 (iPhone; CPU iPhone OS 18_5 like Mac OS X) AppleWebKit/605.1.15 (KHTML, like Gecko) Mobile/22F76 Instagram 381.1.2.26.83 (iPhone14,3; iOS 18_5; en_US; en; scale=3.00; 1284x2778; 737297623; IABMV/1)"
51.223.124.86 - - [12/Jul/2025:09:42:06 -0400] "GET /wp-includes/js/dist/i18n.min.js?ver=5e580eb46a90c2b997e6 HTTP/1.1" 304 0 "https://dangroup.sa/" "Mozilla/5.0 (iPhone; CPU iPhone OS 18_5 like Mac OS X) AppleWebKit/605.1.15 (KHTML, like Gecko) Mobile/22F76 Instagram 381.1.2.26.83 (iPhone14,3; iOS 18_5; en_US; en; scale=3.00; 1284x2778; 737297623; IABMV/1)"
51.223.124.86 - - [12/Jul/2025:09:42:06 -0400] "GET /wp-content/themes/arolax/assets/js/jquery.meanmenu.min.js?ver=2 HTTP/1.1" 304 0 "https://dangroup.sa/" "Mozilla/5.0 (iPhone; CPU iPhone OS 18_5 like Mac OS X) AppleWebKit/605.1.15 (KHTML, like Gecko) Mobile/22F76 Instagram 381.1.2.26.83 (iPhone14,3; iOS 18_5; en_US; en; scale=3.00; 1284x2778; 737297623; IABMV/1)"
51.223.124.86 - - [12/Jul/2025:09:42:06 -0400] "GET /wp-content/plugins/animation-addons-for-elementor/assets/js/widgets/counter.min.js?ver=6.8 HTTP/1.1" 304 0 "https://dangroup.sa/" "Mozilla/5.0 (iPhone; CPU iPhone OS 18_5 like Mac OS X) AppleWebKit/605.1.15 (KHTML, like Gecko) Mobile/22F76 Instagram 381.1.2.26.83 (iPhone14,3; iOS 18_5; en_US; en; scale=3.00; 1284x2778; 737297623; IABMV/1)"
51.223.124.86 - - [12/Jul/2025:09:42:06 -0400] "GET /wp-content/plugins/animation-addons-for-elementor/assets/js/widgets/slider.min.js?ver=6.8 HTTP/1.1" 304 0 "https://dangroup.sa/" "Mozilla/5.0 (iPhone; CPU iPhone OS 18_5 like Mac OS X) AppleWebKit/605.1.15 (KHTML, like Gecko) Mobile/22F76 Instagram 381.1.2.26.83 (iPhone14,3; iOS 18_5; en_US; en; scale=3.00; 1284x2778; 737297623; IABMV/1)"
51.223.124.86 - - [12/Jul/2025:09:42:06 -0400] "GET /wp-content/plugins/animation-addons-for-elementor/assets/js/wcf-addons.min.js?ver=6.8 HTTP/1.1" 304 0 "https://dangroup.sa/" "Mozilla/5.0 (iPhone; CPU iPhone OS 18_5 like Mac OS X) AppleWebKit/605.1.15 (KHTML, like Gecko) Mobile/22F76 Instagram 381.1.2.26.83 (iPhone14,3; iOS 18_5; en_US; en; scale=3.00; 1284x2778; 737297623; IABMV/1)"
51.223.124.86 - - [12/Jul/2025:09:42:06 -0400] "GET /wp-content/plugins/extension-for-animation-addons/assets/lib/gsap.min.js?ver=6.8 HTTP/1.1" 304 0 "https://dangroup.sa/" "Mozilla/5.0 (iPhone; CPU iPhone OS 18_5 like Mac OS X) AppleWebKit/605.1.15 (KHTML, like Gecko) Mobile/22F76 Instagram 381.1.2.26.83 (iPhone14,3; iOS 18_5; en_US; en; scale=3.00; 1284x2778; 737297623; IABMV/1)"
51.223.124.86 - - [12/Jul/2025:09:42:06 -0400] "GET /wp-content/plugins/extension-for-animation-addons/assets/js/wcf-addons-ex.js?ver=6.8 HTTP/1.1" 200 3649 "https://dangroup.sa/" "Mozilla/5.0 (iPhone; CPU iPhone OS 18_5 like Mac OS X) AppleWebKit/605.1.15 (KHTML, like Gecko) Mobile/22F76 Instagram 381.1.2.26.83 (iPhone14,3; iOS 18_5; en_US; en; scale=3.00; 1284x2778; 737297623; IABMV/1)"
51.223.124.86 - - [12/Jul/2025:09:42:06 -0400] "GET /wp-content/plugins/extension-for-animation-addons/assets/lib/ScrollToPlugin.min.js?ver=6.8 HTTP/1.1" 304 0 "https://dangroup.sa/" "Mozilla/5.0 (iPhone; CPU iPhone OS 18_5 like Mac OS X) AppleWebKit/605.1.15 (KHTML, like Gecko) Mobile/22F76 Instagram 381.1.2.26.83 (iPhone14,3; iOS 18_5; en_US; en; scale=3.00; 1284x2778; 737297623; IABMV/1)"
51.223.124.86 - - [12/Jul/2025:09:42:06 -0400] "GET /wp-includes/js/jquery/ui/core.min.js?ver=1.13.3 HTTP/1.1" 304 0 "https://dangroup.sa/" "Mozilla/5.0 (iPhone; CPU iPhone OS 18_5 like Mac OS X) AppleWebKit/605.1.15 (KHTML, like Gecko) Mobile/22F76 Instagram 381.1.2.26.83 (iPhone14,3; iOS 18_5; en_US; en; scale=3.00; 1284x2778; 737297623; IABMV/1)"
51.223.124.86 - - [12/Jul/2025:09:42:06 -0400] "GET /wp-content/plugins/chaty/js/cht-front-script.min.js?ver=3.4.21748763706 HTTP/1.1" 304 0 "https://dangroup.sa/" "Mozilla/5.0 (iPhone; CPU iPhone OS 18_5 like Mac OS X) AppleWebKit/605.1.15 (KHTML, like Gecko) Mobile/22F76 Instagram 381.1.2.26.83 (iPhone14,3; iOS 18_5; en_US; en; scale=3.00; 1284x2778; 737297623; IABMV/1)"
51.223.124.86 - - [12/Jul/2025:09:42:06 -0400] "GET /wp-content/plugins/extension-for-animation-addons/assets/lib/SplitText.min.js?ver=6.8 HTTP/1.1" 304 0 "https://dangroup.sa/" "Mozilla/5.0 (iPhone; CPU iPhone OS 18_5 like Mac OS X) AppleWebKit/605.1.15 (KHTML, like Gecko) Mobile/22F76 Instagram 381.1.2.26.83 (iPhone14,3; iOS 18_5; en_US; en; scale=3.00; 1284x2778; 737297623; IABMV/1)"
51.223.124.86 - - [12/Jul/2025:09:42:06 -0400] "GET /wp-content/plugins/wp-consent-api/assets/js/wp-consent-api.min.js?ver=1.0.8 HTTP/1.1" 200 600 "https://dangroup.sa/" "Mozilla/5.0 (iPhone; CPU iPhone OS 18_5 like Mac OS X) AppleWebKit/605.1.15 (KHTML, like Gecko) Mobile/22F76 Instagram 381.1.2.26.83 (iPhone14,3; iOS 18_5; en_US; en; scale=3.00; 1284x2778; 737297623; IABMV/1)"
51.223.124.86 - - [12/Jul/2025:09:42:06 -0400] "GET /wp-content/plugins/wcf-addons-pro/assets/js/wcf-addons-pro.js?ver=6.8 HTTP/1.1" 304 0 "https://dangroup.sa/" "Mozilla/5.0 (iPhone; CPU iPhone OS 18_5 like Mac OS X) AppleWebKit/605.1.15 (KHTML, like Gecko) Mobile/22F76 Instagram 381.1.2.26.83 (iPhone14,3; iOS 18_5; en_US; en; scale=3.00; 1284x2778; 737297623; IABMV/1)"
51.223.124.86 - - [12/Jul/2025:09:42:06 -0400] "GET /wp-content/plugins/contact-form-7/includes/swv/js/index.js?ver=5.9.8 HTTP/1.1" 304 0 "https://dangroup.sa/" "Mozilla/5.0 (iPhone; CPU iPhone OS 18_5 like Mac OS X) AppleWebKit/605.1.15 (KHTML, like Gecko) Mobile/22F76 Instagram 381.1.2.26.83 (iPhone14,3; iOS 18_5; en_US; en; scale=3.00; 1284x2778; 737297623; IABMV/1)"
51.223.124.86 - - [12/Jul/2025:09:42:07 -0400] "GET /wp-content/plugins/extension-for-animation-addons/assets/lib/jquery.magnific-popup.min.js?ver=6.8 HTTP/1.1" 304 0 "https://dangroup.sa/" "Mozilla/5.0 (iPhone; CPU iPhone OS 18_5 like Mac OS X) AppleWebKit/605.1.15 (KHTML, like Gecko) Mobile/22F76 Instagram 381.1.2.26.83 (iPhone14,3; iOS 18_5; en_US; en; scale=3.00; 1284x2778; 737297623; IABMV/1)"
51.223.124.86 - - [12/Jul/2025:09:42:07 -0400] "GET /wp-content/plugins/animation-addons-for-elementor/assets/js/widgets/nav-menu.min.js?ver=6.8 HTTP/1.1" 304 0 "https://dangroup.sa/" "Mozilla/5.0 (iPhone; CPU iPhone OS 18_5 like Mac OS X) AppleWebKit/605.1.15 (KHTML, like Gecko) Mobile/22F76 Instagram 381.1.2.26.83 (iPhone14,3; iOS 18_5; en_US; en; scale=3.00; 1284x2778; 737297623; IABMV/1)"
51.223.124.86 - - [12/Jul/2025:09:42:07 -0400] "GET /wp-content/themes/arolax/assets/js/script.js?ver=2 HTTP/1.1" 304 0 "https://dangroup.sa/" "Mozilla/5.0 (iPhone; CPU iPhone OS 18_5 like Mac OS X) AppleWebKit/605.1.15 (KHTML, like Gecko) Mobile/22F76 Instagram 381.1.2.26.83 (iPhone14,3; iOS 18_5; en_US; en; scale=3.00; 1284x2778; 737297623; IABMV/1)"
51.223.124.86 - - [12/Jul/2025:09:42:07 -0400] "GET /wp-content/plugins/extension-for-animation-addons/assets/lib/ScrollSmoother.min.js?ver=6.8 HTTP/1.1" 304 0 "https://dangroup.sa/" "Mozilla/5.0 (iPhone; CPU iPhone OS 18_5 like Mac OS X) AppleWebKit/605.1.15 (KHTML, like Gecko) Mobile/22F76 Instagram 381.1.2.26.83 (iPhone14,3; iOS 18_5; en_US; en; scale=3.00; 1284x2778; 737297623; IABMV/1)"
51.223.124.86 - - [12/Jul/2025:09:42:07 -0400] "GET /wp-content/plugins/google-site-kit/dist/assets/js/googlesitekit-events-provider-contact-form-7-84e9a1056bc4922b7cbd.js HTTP/1.1" 304 0 "https://dangroup.sa/" "Mozilla/5.0 (iPhone; CPU iPhone OS 18_5 like Mac OS X) AppleWebKit/605.1.15 (KHTML, like Gecko) Mobile/22F76 Instagram 381.1.2.26.83 (iPhone14,3; iOS 18_5; en_US; en; scale=3.00; 1284x2778; 737297623; IABMV/1)"
51.223.124.86 - - [12/Jul/2025:09:42:07 -0400] "GET /wp-content/plugins/elementor-pro/assets/js/frontend.min.js?ver=3.29.1 HTTP/1.1" 304 0 "https://dangroup.sa/" "Mozilla/5.0 (iPhone; CPU iPhone OS 18_5 like Mac OS X) AppleWebKit/605.1.15 (KHTML, like Gecko) Mobile/22F76 Instagram 381.1.2.26.83 (iPhone14,3; iOS 18_5; en_US; en; scale=3.00; 1284x2778; 737297623; IABMV/1)"
51.223.124.86 - - [12/Jul/2025:09:42:07 -0400] "GET /wp-content/plugins/elementor/assets/lib/swiper/v8/swiper.min.js?ver=8.4.5 HTTP/1.1" 304 0 "https://dangroup.sa/" "Mozilla/5.0 (iPhone; CPU iPhone OS 18_5 like Mac OS X) AppleWebKit/605.1.15 (KHTML, like Gecko) Mobile/22F76 Instagram 381.1.2.26.83 (iPhone14,3; iOS 18_5; en_US; en; scale=3.00; 1284x2778; 737297623; IABMV/1)"
51.223.124.86 - - [12/Jul/2025:09:42:07 -0400] "GET /wp-content/plugins/wcf-addons-pro/assets/js/advance-slider.js?ver=6.8 HTTP/1.1" 304 0 "https://dangroup.sa/" "Mozilla/5.0 (iPhone; CPU iPhone OS 18_5 like Mac OS X) AppleWebKit/605.1.15 (KHTML, like Gecko) Mobile/22F76 Instagram 381.1.2.26.83 (iPhone14,3; iOS 18_5; en_US; en; scale=3.00; 1284x2778; 737297623; IABMV/1)"
51.223.124.86 - - [12/Jul/2025:09:42:07 -0400] "GET /wp-content/plugins/wcf-addons-pro/assets/js/advance-slider-effects.js?ver=6.8 HTTP/1.1" 304 0 "https://dangroup.sa/" "Mozilla/5.0 (iPhone; CPU iPhone OS 18_5 like Mac OS X) AppleWebKit/605.1.15 (KHTML, like Gecko) Mobile/22F76 Instagram 381.1.2.26.83 (iPhone14,3; iOS 18_5; en_US; en; scale=3.00; 1284x2778; 737297623; IABMV/1)"
51.223.124.86 - - [12/Jul/2025:09:42:07 -0400] "GET /wp-content/themes/arolax/assets/js/bootstrap.bundle.min.js?ver=2 HTTP/1.1" 304 0 "https://dangroup.sa/" "Mozilla/5.0 (iPhone; CPU iPhone OS 18_5 like Mac OS X) AppleWebKit/605.1.15 (KHTML, like Gecko) Mobile/22F76 Instagram 381.1.2.26.83 (iPhone14,3; iOS 18_5; en_US; en; scale=3.00; 1284x2778; 737297623; IABMV/1)"
51.223.124.86 - - [12/Jul/2025:09:42:07 -0400] "GET /wp-content/plugins/elementor/assets/js/frontend-modules.min.js?ver=3.28.4 HTTP/1.1" 304 0 "https://dangroup.sa/" "Mozilla/5.0 (iPhone; CPU iPhone OS 18_5 like Mac OS X) AppleWebKit/605.1.15 (KHTML, like Gecko) Mobile/22F76 Instagram 381.1.2.26.83 (iPhone14,3; iOS 18_5; en_US; en; scale=3.00; 1284x2778; 737297623; IABMV/1)"
51.223.124.86 - - [12/Jul/2025:09:42:07 -0400] "GET /wp-content/plugins/elementor-pro/assets/js/webpack-pro.runtime.min.js?ver=3.29.1 HTTP/1.1" 304 0 "https://dangroup.sa/" "Mozilla/5.0 (iPhone; CPU iPhone OS 18_5 like Mac OS X) AppleWebKit/605.1.15 (KHTML, like Gecko) Mobile/22F76 Instagram 381.1.2.26.83 (iPhone14,3; iOS 18_5; en_US; en; scale=3.00; 1284x2778; 737297623; IABMV/1)"
51.223.124.86 - - [12/Jul/2025:09:42:07 -0400] "GET /wp-content/plugins/google-site-kit/dist/assets/js/googlesitekit-consent-mode-8917f4bdb6ac659920cf.js HTTP/1.1" 304 0 "https://dangroup.sa/" "Mozilla/5.0 (iPhone; CPU iPhone OS 18_5 like Mac OS X) AppleWebKit/605.1.15 (KHTML, like Gecko) Mobile/22F76 Instagram 381.1.2.26.83 (iPhone14,3; iOS 18_5; en_US; en; scale=3.00; 1284x2778; 737297623; IABMV/1)"
51.223.124.86 - - [12/Jul/2025:09:42:07 -0400] "GET /wp-content/plugins/elementor/assets/js/webpack.runtime.min.js?ver=3.28.4 HTTP/1.1" 304 0 "https://dangroup.sa/" "Mozilla/5.0 (iPhone; CPU iPhone OS 18_5 like Mac OS X) AppleWebKit/605.1.15 (KHTML, like Gecko) Mobile/22F76 Instagram 381.1.2.26.83 (iPhone14,3; iOS 18_5; en_US; en; scale=3.00; 1284x2778; 737297623; IABMV/1)"
51.223.124.86 - - [12/Jul/2025:09:42:07 -0400] "GET /wp-content/plugins/contact-form-7/includes/js/index.js?ver=5.9.8 HTTP/1.1" 200 4002 "https://dangroup.sa/" "Mozilla/5.0 (iPhone; CPU iPhone OS 18_5 like Mac OS X) AppleWebKit/605.1.15 (KHTML, like Gecko) Mobile/22F76 Instagram 381.1.2.26.83 (iPhone14,3; iOS 18_5; en_US; en; scale=3.00; 1284x2778; 737297623; IABMV/1)"
51.223.124.86 - - [12/Jul/2025:09:42:07 -0400] "GET /wp-content/plugins/elementor-pro/assets/js/elements-handlers.min.js?ver=3.29.1 HTTP/1.1" 304 0 "https://dangroup.sa/" "Mozilla/5.0 (iPhone; CPU iPhone OS 18_5 like Mac OS X) AppleWebKit/605.1.15 (KHTML, like Gecko) Mobile/22F76 Instagram 381.1.2.26.83 (iPhone14,3; iOS 18_5; en_US; en; scale=3.00; 1284x2778; 737297623; IABMV/1)"
51.223.124.86 - - [12/Jul/2025:09:42:07 -0400] "GET /wp-content/plugins/extension-for-animation-addons/assets/lib/mixitup.min.js?ver=6.8 HTTP/1.1" 304 0 "https://dangroup.sa/" "Mozilla/5.0 (iPhone; CPU iPhone OS 18_5 like Mac OS X) AppleWebKit/605.1.15 (KHTML, like Gecko) Mobile/22F76 Instagram 381.1.2.26.83 (iPhone14,3; iOS 18_5; en_US; en; scale=3.00; 1284x2778; 737297623; IABMV/1)"
51.223.124.86 - - [12/Jul/2025:09:42:07 -0400] "GET /wp-content/uploads/2024/11/Group-338.png HTTP/1.1" 200 26298 "https://dangroup.sa/" "Mozilla/5.0 (iPhone; CPU iPhone OS 18_5 like Mac OS X) AppleWebKit/605.1.15 (KHTML, like Gecko) Mobile/22F76 Instagram 381.1.2.26.83 (iPhone14,3; iOS 18_5; en_US; en; scale=3.00; 1284x2778; 737297623; IABMV/1)"
51.223.124.86 - - [12/Jul/2025:09:42:07 -0400] "GET /wp-content/uploads/2024/11/Group-211.png HTTP/1.1" 200 12344 "https://dangroup.sa/" "Mozilla/5.0 (iPhone; CPU iPhone OS 18_5 like Mac OS X) AppleWebKit/605.1.15 (KHTML, like Gecko) Mobile/22F76 Instagram 381.1.2.26.83 (iPhone14,3; iOS 18_5; en_US; en; scale=3.00; 1284x2778; 737297623; IABMV/1)"
51.223.124.86 - - [12/Jul/2025:09:42:07 -0400] "GET /wp-content/uploads/2024/11/Group-61.png HTTP/1.1" 200 10840 "https://dangroup.sa/" "Mozilla/5.0 (iPhone; CPU iPhone OS 18_5 like Mac OS X) AppleWebKit/605.1.15 (KHTML, like Gecko) Mobile/22F76 Instagram 381.1.2.26.83 (iPhone14,3; iOS 18_5; en_US; en; scale=3.00; 1284x2778; 737297623; IABMV/1)"
51.223.124.86 - - [12/Jul/2025:09:42:07 -0400] "GET /wp-content/uploads/2024/11/Group-176.png HTTP/1.1" 200 11813 "https://dangroup.sa/" "Mozilla/5.0 (iPhone; CPU iPhone OS 18_5 like Mac OS X) AppleWebKit/605.1.15 (KHTML, like Gecko) Mobile/22F76 Instagram 381.1.2.26.83 (iPhone14,3; iOS 18_5; en_US; en; scale=3.00; 1284x2778; 737297623; IABMV/1)"
51.223.124.86 - - [12/Jul/2025:09:42:07 -0400] "GET /wp-content/uploads/2024/11/Group-227.png HTTP/1.1" 200 20439 "https://dangroup.sa/" "Mozilla/5.0 (iPhone; CPU iPhone OS 18_5 like Mac OS X) AppleWebKit/605.1.15 (KHTML, like Gecko) Mobile/22F76 Instagram 381.1.2.26.83 (iPhone14,3; iOS 18_5; en_US; en; scale=3.00; 1284x2778; 737297623; IABMV/1)"
51.223.124.86 - - [12/Jul/2025:09:42:07 -0400] "GET /wp-content/uploads/2024/11/Group-73.png HTTP/1.1" 200 12575 "https://dangroup.sa/" "Mozilla/5.0 (iPhone; CPU iPhone OS 18_5 like Mac OS X) AppleWebKit/605.1.15 (KHTML, like Gecko) Mobile/22F76 Instagram 381.1.2.26.83 (iPhone14,3; iOS 18_5; en_US; en; scale=3.00; 1284x2778; 737297623; IABMV/1)"
51.223.124.86 - - [12/Jul/2025:09:42:07 -0400] "GET /wp-content/uploads/2024/11/Group-232.png HTTP/1.1" 200 8941 "https://dangroup.sa/" "Mozilla/5.0 (iPhone; CPU iPhone OS 18_5 like Mac OS X) AppleWebKit/605.1.15 (KHTML, like Gecko) Mobile/22F76 Instagram 381.1.2.26.83 (iPhone14,3; iOS 18_5; en_US; en; scale=3.00; 1284x2778; 737297623; IABMV/1)"
51.223.124.86 - - [12/Jul/2025:09:42:07 -0400] "GET /wp-content/uploads/2024/11/Group-129.png HTTP/1.1" 200 16636 "https://dangroup.sa/" "Mozilla/5.0 (iPhone; CPU iPhone OS 18_5 like Mac OS X) AppleWebKit/605.1.15 (KHTML, like Gecko) Mobile/22F76 Instagram 381.1.2.26.83 (iPhone14,3; iOS 18_5; en_US; en; scale=3.00; 1284x2778; 737297623; IABMV/1)"
51.223.124.86 - - [12/Jul/2025:09:42:07 -0400] "GET /wp-content/uploads/2024/11/Group-220.png HTTP/1.1" 200 8164 "https://dangroup.sa/" "Mozilla/5.0 (iPhone; CPU iPhone OS 18_5 like Mac OS X) AppleWebKit/605.1.15 (KHTML, like Gecko) Mobile/22F76 Instagram 381.1.2.26.83 (iPhone14,3; iOS 18_5; en_US; en; scale=3.00; 1284x2778; 737297623; IABMV/1)"
51.223.124.86 - - [12/Jul/2025:09:42:07 -0400] "GET /wp-content/uploads/2024/11/Group-56.png HTTP/1.1" 200 20242 "https://dangroup.sa/" "Mozilla/5.0 (iPhone; CPU iPhone OS 18_5 like Mac OS X) AppleWebKit/605.1.15 (KHTML, like Gecko) Mobile/22F76 Instagram 381.1.2.26.83 (iPhone14,3; iOS 18_5; en_US; en; scale=3.00; 1284x2778; 737297623; IABMV/1)"
51.223.124.86 - - [12/Jul/2025:09:42:07 -0400] "GET /wp-content/uploads/2024/11/Group-161.png HTTP/1.1" 200 5847 "https://dangroup.sa/" "Mozilla/5.0 (iPhone; CPU iPhone OS 18_5 like Mac OS X) AppleWebKit/605.1.15 (KHTML, like Gecko) Mobile/22F76 Instagram 381.1.2.26.83 (iPhone14,3; iOS 18_5; en_US; en; scale=3.00; 1284x2778; 737297623; IABMV/1)"
51.223.124.86 - - [12/Jul/2025:09:42:07 -0400] "GET /wp-content/uploads/2024/11/Group-218.png HTTP/1.1" 200 8749 "https://dangroup.sa/" "Mozilla/5.0 (iPhone; CPU iPhone OS 18_5 like Mac OS X) AppleWebKit/605.1.15 (KHTML, like Gecko) Mobile/22F76 Instagram 381.1.2.26.83 (iPhone14,3; iOS 18_5; en_US; en; scale=3.00; 1284x2778; 737297623; IABMV/1)"
51.223.124.86 - - [12/Jul/2025:09:42:07 -0400] "GET /wp-content/uploads/2024/11/Group-291.png HTTP/1.1" 200 18020 "https://dangroup.sa/" "Mozilla/5.0 (iPhone; CPU iPhone OS 18_5 like Mac OS X) AppleWebKit/605.1.15 (KHTML, like Gecko) Mobile/22F76 Instagram 381.1.2.26.83 (iPhone14,3; iOS 18_5; en_US; en; scale=3.00; 1284x2778; 737297623; IABMV/1)"
51.223.124.86 - - [12/Jul/2025:09:42:07 -0400] "GET /wp-content/uploads/2024/11/Group-350.png HTTP/1.1" 200 14419 "https://dangroup.sa/" "Mozilla/5.0 (iPhone; CPU iPhone OS 18_5 like Mac OS X) AppleWebKit/605.1.15 (KHTML, like Gecko) Mobile/22F76 Instagram 381.1.2.26.83 (iPhone14,3; iOS 18_5; en_US; en; scale=3.00; 1284x2778; 737297623; IABMV/1)"
51.223.124.86 - - [12/Jul/2025:09:42:07 -0400] "GET /wp-content/uploads/2024/11/Group-69.png HTTP/1.1" 200 9854 "https://dangroup.sa/" "Mozilla/5.0 (iPhone; CPU iPhone OS 18_5 like Mac OS X) AppleWebKit/605.1.15 (KHTML, like Gecko) Mobile/22F76 Instagram 381.1.2.26.83 (iPhone14,3; iOS 18_5; en_US; en; scale=3.00; 1284x2778; 737297623; IABMV/1)"
51.223.124.86 - - [12/Jul/2025:09:42:07 -0400] "GET /wp-content/uploads/2024/11/Group-132.png HTTP/1.1" 200 14304 "https://dangroup.sa/" "Mozilla/5.0 (iPhone; CPU iPhone OS 18_5 like Mac OS X) AppleWebKit/605.1.15 (KHTML, like Gecko) Mobile/22F76 Instagram 381.1.2.26.83 (iPhone14,3; iOS 18_5; en_US; en; scale=3.00; 1284x2778; 737297623; IABMV/1)"
51.223.124.86 - - [12/Jul/2025:09:42:07 -0400] "GET /wp-content/uploads/2024/11/Group-346.png HTTP/1.1" 200 13613 "https://dangroup.sa/" "Mozilla/5.0 (iPhone; CPU iPhone OS 18_5 like Mac OS X) AppleWebKit/605.1.15 (KHTML, like Gecko) Mobile/22F76 Instagram 381.1.2.26.83 (iPhone14,3; iOS 18_5; en_US; en; scale=3.00; 1284x2778; 737297623; IABMV/1)"
51.223.124.86 - - [12/Jul/2025:09:42:07 -0400] "GET /wp-content/uploads/2024/11/Group-118.png HTTP/1.1" 200 20835 "https://dangroup.sa/" "Mozilla/5.0 (iPhone; CPU iPhone OS 18_5 like Mac OS X) AppleWebKit/605.1.15 (KHTML, like Gecko) Mobile/22F76 Instagram 381.1.2.26.83 (iPhone14,3; iOS 18_5; en_US; en; scale=3.00; 1284x2778; 737297623; IABMV/1)"
51.223.124.86 - - [12/Jul/2025:09:42:07 -0400] "GET /wp-content/uploads/2024/11/Group-296.png HTTP/1.1" 200 17423 "https://dangroup.sa/" "Mozilla/5.0 (iPhone; CPU iPhone OS 18_5 like Mac OS X) AppleWebKit/605.1.15 (KHTML, like Gecko) Mobile/22F76 Instagram 381.1.2.26.83 (iPhone14,3; iOS 18_5; en_US; en; scale=3.00; 1284x2778; 737297623; IABMV/1)"
51.223.124.86 - - [12/Jul/2025:09:42:07 -0400] "GET /wp-content/plugins/elementor/assets/js/text-editor.c084ef86600b6f11690d.bundle.min.js HTTP/1.1" 304 0 "https://dangroup.sa/" "Mozilla/5.0 (iPhone; CPU iPhone OS 18_5 like Mac OS X) AppleWebKit/605.1.15 (KHTML, like Gecko) Mobile/22F76 Instagram 381.1.2.26.83 (iPhone14,3; iOS 18_5; en_US; en; scale=3.00; 1284x2778; 737297623; IABMV/1)"
51.223.124.86 - - [12/Jul/2025:09:42:08 -0400] "GET /wp-content/uploads/2024/11/Group-224.png HTTP/1.1" 200 21937 "https://dangroup.sa/" "Mozilla/5.0 (iPhone; CPU iPhone OS 18_5 like Mac OS X) AppleWebKit/605.1.15 (KHTML, like Gecko) Mobile/22F76 Instagram 381.1.2.26.83 (iPhone14,3; iOS 18_5; en_US; en; scale=3.00; 1284x2778; 737297623; IABMV/1)"
51.223.124.86 - - [12/Jul/2025:09:42:08 -0400] "GET /wp-content/uploads/2024/11/Group-109.png HTTP/1.1" 200 10195 "https://dangroup.sa/" "Mozilla/5.0 (iPhone; CPU iPhone OS 18_5 like Mac OS X) AppleWebKit/605.1.15 (KHTML, like Gecko) Mobile/22F76 Instagram 381.1.2.26.83 (iPhone14,3; iOS 18_5; en_US; en; scale=3.00; 1284x2778; 737297623; IABMV/1)"
51.223.124.86 - - [12/Jul/2025:09:42:08 -0400] "GET /wp-content/uploads/elementor/google-fonts/fonts/elmessiri-k2f0fzbrmr9vq1pheey6moiaahlz.woff2 HTTP/1.1" 200 20140 "https://dangroup.sa/" "Mozilla/5.0 (iPhone; CPU iPhone OS 18_5 like Mac OS X) AppleWebKit/605.1.15 (KHTML, like Gecko) Mobile/22F76 Instagram 381.1.2.26.83 (iPhone14,3; iOS 18_5; en_US; en; scale=3.00; 1284x2778; 737297623; IABMV/1)"
51.223.124.86 - - [12/Jul/2025:09:42:08 -0400] "GET /wp-content/uploads/2024/12/dan_1.mp4 HTTP/1.1" 304 0 "https://dangroup.sa/" "Mozilla/5.0 (iPhone; CPU iPhone OS 18_5 like Mac OS X) AppleWebKit/605.1.15 (KHTML, like Gecko) Mobile/22F76 Instagram 381.1.2.26.83 (iPhone14,3; iOS 18_5; en_US; en; scale=3.00; 1284x2778; 737297623; IABMV/1)"
66.249.68.131 - - [12/Jul/2025:09:42:07 -0400] "GET /169owxe3106.html HTTP/1.1" 200 86494 "-" "Mozilla/5.0 (Linux; Android 6.0.1; Nexus 5X Build/MMB29P) AppleWebKit/537.36 (KHTML, like Gecko) Chrome/137.0.7151.103 Mobile Safari/537.36 (compatible; Googlebot/2.1; +http://www.google.com/bot.html)"
51.223.124.86 - - [12/Jul/2025:09:42:08 -0400] "GET /wp-content/uploads/2024/12/WhatsApp-Image-2024-12-08-at-09.50.52_de3df9e2.jpg HTTP/1.1" 200 217655 "https://dangroup.sa/" "Mozilla/5.0 (iPhone; CPU iPhone OS 18_5 like Mac OS X) AppleWebKit/605.1.15 (KHTML, like Gecko) Mobile/22F76 Instagram 381.1.2.26.83 (iPhone14,3; iOS 18_5; en_US; en; scale=3.00; 1284x2778; 737297623; IABMV/1)"
51.223.124.86 - - [12/Jul/2025:09:42:08 -0400] "GET /wp-content/uploads/2025/01/JE9B0935-scaled.jpg HTTP/1.1" 200 609505 "https://dangroup.sa/" "Mozilla/5.0 (iPhone; CPU iPhone OS 18_5 like Mac OS X) AppleWebKit/605.1.15 (KHTML, like Gecko) Mobile/22F76 Instagram 381.1.2.26.83 (iPhone14,3; iOS 18_5; en_US; en; scale=3.00; 1284x2778; 737297623; IABMV/1)"
51.223.124.86 - - [12/Jul/2025:09:42:09 -0400] "GET /wp-content/uploads/2024/12/IMG-20241208-WA0003.jpg HTTP/1.1" 200 256936 "https://dangroup.sa/" "Mozilla/5.0 (iPhone; CPU iPhone OS 18_5 like Mac OS X) AppleWebKit/605.1.15 (KHTML, like Gecko) Mobile/22F76 Instagram 381.1.2.26.83 (iPhone14,3; iOS 18_5; en_US; en; scale=3.00; 1284x2778; 737297623; IABMV/1)"
51.223.124.86 - - [12/Jul/2025:09:42:09 -0400] "GET /wp-content/uploads/2025/01/JE9B0842-scaled.jpg HTTP/1.1" 200 833175 "https://dangroup.sa/" "Mozilla/5.0 (iPhone; CPU iPhone OS 18_5 like Mac OS X) AppleWebKit/605.1.15 (KHTML, like Gecko) Mobile/22F76 Instagram 381.1.2.26.83 (iPhone14,3; iOS 18_5; en_US; en; scale=3.00; 1284x2778; 737297623; IABMV/1)"
47.82.60.22 - - [12/Jul/2025:09:42:03 -0400] "GET /pcmypage?callback=product/detail/autoparts-agency-502624850-1 HTTP/1.1" 404 23127 "https://dangroup.sa/pcmypage?callback=product%2Fdetail%2Fautoparts-agency-502624850-1" "Mozilla/5.0 (Windows NT 10.0; Win64; x64) AppleWebKit/537.36 (KHTML, like Gecko) Chrome/114.0.0.0 Safari/537.36 Edg/114.0.1823.43"
185.177.72.201 - - [12/Jul/2025:09:42:11 -0400] "GET /client/config.js HTTP/1.1" 404 23129 "-" "Mozilla/5.0 (Windows NT 10.0; Win64; x64) AppleWebKit/537.36 (KHTML, like Gecko) Chrome/91.0.4472.124 Safari/537.36"
185.177.72.201 - - [12/Jul/2025:09:42:16 -0400] "GET /cloud HTTP/1.1" 404 23127 "-" "Mozilla/5.0 (Windows NT 10.0; Win64; x64) AppleWebKit/537.36 (KHTML, like Gecko) Chrome/91.0.4472.124 Safari/537.36"
136.243.228.194 - - [12/Jul/2025:09:42:18 -0400] "GET /items/buzap118/27470?key=raw HTTP/1.1" 404 23127 "-" "Mozilla/5.0 (compatible; DataForSeoBot/1.0; +https://dataforseo.com/dataforseo-bot)"
185.177.72.201 - - [12/Jul/2025:09:42:20 -0400] "GET /cloud/Scraper.js HTTP/1.1" 404 23127 "-" "Mozilla/5.0 (Windows NT 10.0; Win64; x64) AppleWebKit/537.36 (KHTML, like Gecko) Chrome/91.0.4472.124 Safari/537.36"
51.223.124.86 - - [12/Jul/2025:09:42:20 -0400] "GET / HTTP/1.1" 200 33221 "https://dangroup.sa/" "Mozilla/5.0 (iPhone; CPU iPhone OS 18_5 like Mac OS X) AppleWebKit/605.1.15 (KHTML, like Gecko) Mobile/22F76 Instagram 381.1.2.26.83 (iPhone14,3; iOS 18_5; en_US; en; scale=3.00; 1284x2778; 737297623; IABMV/1)"
185.177.72.201 - - [12/Jul/2025:09:42:25 -0400] "GET /cloudfront/api-keys.json HTTP/1.1" 404 23129 "-" "Mozilla/5.0 (Windows NT 10.0; Win64; x64) AppleWebKit/537.36 (KHTML, like Gecko) Chrome/91.0.4472.124 Safari/537.36"
136.243.228.194 - - [12/Jul/2025:09:42:25 -0400] "GET /items/viwxs26/10452?key=through HTTP/1.1" 404 23127 "-" "Mozilla/5.0 (compatible; DataForSeoBot/1.0; +https://dataforseo.com/dataforseo-bot)"
66.29.146.47 - - [12/Jul/2025:09:42:33 -0400] "POST /wp-cron.php?doing_wp_cron=1752327752.9499471187591552734375 HTTP/1.1" 403 1242 "-" "WordPress/6.8; https://dangroup.sa"
66.29.146.47 - - [12/Jul/2025:09:42:33 -0400] "POST /wp-cron.php?doing_wp_cron=1752327753.5500609874725341796875 HTTP/1.1" 403 1242 "-" "WordPress/6.8; https://dangroup.sa"
185.177.72.201 - - [12/Jul/2025:09:42:31 -0400] "GET /cloudfront/config.json HTTP/1.1" 404 23129 "-" "Mozilla/5.0 (Windows NT 10.0; Win64; x64) AppleWebKit/537.36 (KHTML, like Gecko) Chrome/91.0.4472.124 Safari/537.36"
136.243.228.194 - - [12/Jul/2025:09:42:32 -0400] "GET /84jog23111.html HTTP/1.1" 404 23127 "-" "Mozilla/5.0 (compatible; DataForSeoBot/1.0; +https://dataforseo.com/dataforseo-bot)"
66.249.68.130 - - [12/Jul/2025:09:42:44 -0400] "GET /items/ijkgt4/998?key=but HTTP/1.1" 200 87105 "-" "Mozilla/5.0 (Linux; Android 6.0.1; Nexus 5X Build/MMB29P) AppleWebKit/537.36 (KHTML, like Gecko) Chrome/137.0.7151.103 Mobile Safari/537.36 (compatible; Googlebot/2.1; +http://www.google.com/bot.html)"
185.177.72.201 - - [12/Jul/2025:09:42:41 -0400] "GET /cloudfront/keys.json HTTP/1.1" 404 23127 "-" "Mozilla/5.0 (Windows NT 10.0; Win64; x64) AppleWebKit/537.36 (KHTML, like Gecko) Chrome/91.0.4472.124 Safari/537.36"
136.243.228.194 - - [12/Jul/2025:09:42:42 -0400] "GET /items/rhohq224/24184?key=less HTTP/1.1" 404 23199 "-" "Mozilla/5.0 (compatible; DataForSeoBot/1.0; +https://dataforseo.com/dataforseo-bot)"
66.249.68.129 - - [12/Jul/2025:09:42:54 -0400] "GET /80csfmi11973.html HTTP/1.1" 200 87310 "-" "Mozilla/5.0 (Linux; Android 6.0.1; Nexus 5X Build/MMB29P) AppleWebKit/537.36 (KHTML, like Gecko) Chrome/137.0.7151.103 Mobile Safari/537.36 (compatible; Googlebot/2.1; +http://www.google.com/bot.html)"
185.177.72.201 - - [12/Jul/2025:09:42:48 -0400] "GET /cloudfront/secrets.json HTTP/1.1" 404 23127 "-" "Mozilla/5.0 (Windows NT 10.0; Win64; x64) AppleWebKit/537.36 (KHTML, like Gecko) Chrome/91.0.4472.124 Safari/537.36"
66.249.68.129 - - [12/Jul/2025:09:42:57 -0400] "GET /items/reqmy28/14518?key=mail HTTP/1.1" 200 87625 "-" "Mozilla/5.0 (Linux; Android 6.0.1; Nexus 5X Build/MMB29P) AppleWebKit/537.36 (KHTML, like Gecko) Chrome/137.0.7151.103 Mobile Safari/537.36 (compatible; Googlebot/2.1; +http://www.google.com/bot.html)"
136.243.228.194 - - [12/Jul/2025:09:42:51 -0400] "GET /items/htird291/21043?key=counselor HTTP/1.1" 404 23129 "-" "Mozilla/5.0 (compatible; DataForSeoBot/1.0; +https://dataforseo.com/dataforseo-bot)"
47.82.60.62 - - [12/Jul/2025:09:42:57 -0400] "GET /pcmypage?callback=product/review/nantomokuzai-d502-05-1 HTTP/1.1" 404 23127 "https://dangroup.sa/pcmypage?callback=product/review/nantomokuzai-d502-05-1" "Mozilla/5.0 (Windows NT 10.0; Win64; x64) AppleWebKit/537.36 (KHTML, like Gecko) Chrome/114.0.0.0 Safari/537.36 Edg/114.0.1823.43"
185.177.72.201 - - [12/Jul/2025:09:42:57 -0400] "GET /command.php HTTP/1.1" 404 23127 "-" "Mozilla/5.0 (Windows NT 10.0; Win64; x64) AppleWebKit/537.36 (KHTML, like Gecko) Chrome/91.0.4472.124 Safari/537.36"
185.177.72.201 - - [12/Jul/2025:09:43:10 -0400] "GET /composer.json HTTP/1.1" 403 1242 "-" "Mozilla/5.0 (Windows NT 10.0; Win64; x64) AppleWebKit/537.36 (KHTML, like Gecko) Chrome/91.0.4472.124 Safari/537.36"
185.177.72.201 - - [12/Jul/2025:09:43:10 -0400] "GET /composer.lock HTTP/1.1" 403 1242 "-" "Mozilla/5.0 (Windows NT 10.0; Win64; x64) AppleWebKit/537.36 (KHTML, like Gecko) Chrome/91.0.4472.124 Safari/537.36"
136.243.228.194 - - [12/Jul/2025:09:43:03 -0400] "GET /items/xzahe230/17090?key=ritual HTTP/1.1" 404 23127 "-" "Mozilla/5.0 (compatible; DataForSeoBot/1.0; +https://dataforseo.com/dataforseo-bot)"
185.177.72.201 - - [12/Jul/2025:09:43:10 -0400] "GET /computeMetadata/v1 HTTP/1.1" 404 23127 "-" "Mozilla/5.0 (Windows NT 10.0; Win64; x64) AppleWebKit/537.36 (KHTML, like Gecko) Chrome/91.0.4472.124 Safari/537.36"
136.243.228.194 - - [12/Jul/2025:09:43:15 -0400] "GET /items/ffkgf114/8788?key=opposed HTTP/1.1" 404 23129 "-" "Mozilla/5.0 (compatible; DataForSeoBot/1.0; +https://dataforseo.com/dataforseo-bot)"
185.177.72.201 - - [12/Jul/2025:09:43:17 -0400] "GET /computeMetadata/v1beta1 HTTP/1.1" 404 23129 "-" "Mozilla/5.0 (Windows NT 10.0; Win64; x64) AppleWebKit/537.36 (KHTML, like Gecko) Chrome/91.0.4472.124 Safari/537.36"
136.243.228.194 - - [12/Jul/2025:09:43:22 -0400] "GET /252ukok27669.html HTTP/1.1" 404 23129 "-" "Mozilla/5.0 (compatible; DataForSeoBot/1.0; +https://dataforseo.com/dataforseo-bot)"
185.177.72.201 - - [12/Jul/2025:09:43:26 -0400] "GET /conf/.env HTTP/1.1" 404 23127 "-" "Mozilla/5.0 (Windows NT 10.0; Win64; x64) AppleWebKit/537.36 (KHTML, like Gecko) Chrome/91.0.4472.124 Safari/537.36"
185.177.72.201 - - [12/Jul/2025:09:43:30 -0400] "GET /conf/application-dev.conf HTTP/1.1" 404 23127 "-" "Mozilla/5.0 (Windows NT 10.0; Win64; x64) AppleWebKit/537.36 (KHTML, like Gecko) Chrome/91.0.4472.124 Safari/537.36"
136.243.228.194 - - [12/Jul/2025:09:43:30 -0400] "GET /items/vkzni227/36833?key=compose HTTP/1.1" 404 23127 "-" "Mozilla/5.0 (compatible; DataForSeoBot/1.0; +https://dataforseo.com/dataforseo-bot)"
66.29.146.47 - - [12/Jul/2025:09:43:36 -0400] "POST /wp-cron.php?doing_wp_cron=1752327816.6459081172943115234375 HTTP/1.1" 403 1242 "-" "WordPress/6.8; https://dangroup.sa"
47.82.60.8 - - [12/Jul/2025:09:43:32 -0400] "GET /items/cyvag180/34960?key=technical HTTP/1.1" 404 23129 "https://dangroup.sa/items/cyvag180/34960?key=technical" "Mozilla/5.0 (Windows NT 10.0; Win64; x64) AppleWebKit/537.36 (KHTML, like Gecko) Chrome/114.0.0.0 Safari/537.36 Edg/114.0.1823.43"
185.177.72.201 - - [12/Jul/2025:09:43:35 -0400] "GET /conf/application-prod.conf HTTP/1.1" 404 23127 "-" "Mozilla/5.0 (Windows NT 10.0; Win64; x64) AppleWebKit/537.36 (KHTML, like Gecko) Chrome/91.0.4472.124 Safari/537.36"
136.243.228.194 - - [12/Jul/2025:09:43:37 -0400] "GET /61yprha5130.html HTTP/1.1" 404 23127 "-" "Mozilla/5.0 (compatible; DataForSeoBot/1.0; +https://dataforseo.com/dataforseo-bot)"
47.82.60.35 - - [12/Jul/2025:09:43:48 -0400] "GET /pcmypage?callback=product/review/heiwaya-3s1851 HTTP/1.1" 301 0 "https://www.dangroup.sa/pcmypage?callback=product/review/heiwaya-3s1851" "Mozilla/5.0 (Windows NT 10.0; Win64; x64) AppleWebKit/537.36 (KHTML, like Gecko) Chrome/114.0.0.0 Safari/537.36 Edg/114.0.1823.43"
185.177.72.201 - - [12/Jul/2025:09:43:43 -0400] "GET /conf/application-test.conf HTTP/1.1" 404 23129 "-" "Mozilla/5.0 (Windows NT 10.0; Win64; x64) AppleWebKit/537.36 (KHTML, like Gecko) Chrome/91.0.4472.124 Safari/537.36"
136.243.228.194 - - [12/Jul/2025:09:43:47 -0400] "GET /187dbgtz29048.html HTTP/1.1" 404 23129 "-" "Mozilla/5.0 (compatible; DataForSeoBot/1.0; +https://dataforseo.com/dataforseo-bot)"
47.82.60.35 - - [12/Jul/2025:09:43:51 -0400] "GET /pcmypage?callback=product/review/heiwaya-3s1851 HTTP/1.1" 404 23127 "https://www.dangroup.sa/pcmypage?callback=product/review/heiwaya-3s1851" "Mozilla/5.0 (Windows NT 10.0; Win64; x64) AppleWebKit/537.36 (KHTML, like Gecko) Chrome/114.0.0.0 Safari/537.36 Edg/114.0.1823.43"
185.177.72.201 - - [12/Jul/2025:09:43:57 -0400] "GET /conf/application.conf HTTP/1.1" 404 23129 "-" "Mozilla/5.0 (Windows NT 10.0; Win64; x64) AppleWebKit/537.36 (KHTML, like Gecko) Chrome/91.0.4472.124 Safari/537.36"
136.243.228.194 - - [12/Jul/2025:09:43:55 -0400] "GET /275uhtz16344.html HTTP/1.1" 404 23127 "-" "Mozilla/5.0 (compatible; DataForSeoBot/1.0; +https://dataforseo.com/dataforseo-bot)"
66.249.68.130 - - [12/Jul/2025:09:44:15 -0400] "GET /112tcg49717.html HTTP/1.1" 200 87840 "-" "Mozilla/5.0 (Linux; Android 6.0.1; Nexus 5X Build/MMB29P) AppleWebKit/537.36 (KHTML, like Gecko) Chrome/137.0.7151.103 Mobile Safari/537.36 (compatible; Googlebot/2.1; +http://www.google.com/bot.html)"
136.243.228.194 - - [12/Jul/2025:09:44:08 -0400] "GET /97glm3362.html HTTP/1.1" 404 23127 "-" "Mozilla/5.0 (compatible; DataForSeoBot/1.0; +https://dataforseo.com/dataforseo-bot)"
185.177.72.201 - - [12/Jul/2025:09:44:06 -0400] "GET /conf/application.json HTTP/1.1" 404 23129 "-" "Mozilla/5.0 (Windows NT 10.0; Win64; x64) AppleWebKit/537.36 (KHTML, like Gecko) Chrome/91.0.4472.124 Safari/537.36"
185.177.72.201 - - [12/Jul/2025:09:44:20 -0400] "GET /conf/application.properties HTTP/1.1" 404 23127 "-" "Mozilla/5.0 (Windows NT 10.0; Win64; x64) AppleWebKit/537.36 (KHTML, like Gecko) Chrome/91.0.4472.124 Safari/537.36"
136.243.228.194 - - [12/Jul/2025:09:44:22 -0400] "GET /items/jvspz146/586?key=T-shirt HTTP/1.1" 404 23127 "-" "Mozilla/5.0 (compatible; DataForSeoBot/1.0; +https://dataforseo.com/dataforseo-bot)"
185.177.72.201 - - [12/Jul/2025:09:44:29 -0400] "GET /conf/application.yaml HTTP/1.1" 404 23127 "-" "Mozilla/5.0 (Windows NT 10.0; Win64; x64) AppleWebKit/537.36 (KHTML, like Gecko) Chrome/91.0.4472.124 Safari/537.36"
136.243.228.194 - - [12/Jul/2025:09:44:33 -0400] "GET /items/soxbo101/15929?key=rail HTTP/1.1" 404 23129 "-" "Mozilla/5.0 (compatible; DataForSeoBot/1.0; +https://dataforseo.com/dataforseo-bot)"
