20.171.207.193 - - [12/Jul/2025:15:25:14 -0400] "GET /90dnoiz20655.html HTTP/1.1" 404 23129 "-" "Mozilla/5.0 AppleWebKit/537.36 (KHTML, like Gecko; compatible; GPTBot/1.2; +https://openai.com/gptbot)"
136.243.228.194 - - [12/Jul/2025:15:25:18 -0400] "GET /93ofbcs14218.html HTTP/1.1" 404 23129 "-" "Mozilla/5.0 (compatible; DataForSeoBot/1.0; +https://dataforseo.com/dataforseo-bot)"
136.243.228.194 - - [12/Jul/2025:15:25:24 -0400] "GET /items/dfbpd139/9353?key=plane HTTP/1.1" 404 23129 "-" "Mozilla/5.0 (compatible; DataForSeoBot/1.0; +https://dataforseo.com/dataforseo-bot)"
217.113.194.207 - - [12/Jul/2025:15:25:28 -0400] "GET /en/event/feed/ HTTP/1.1" 200 430 "-" "Mozilla/5.0 (compatible; Barkrowler/0.9; +https://babbar.tech/crawler)"
66.249.79.136 - - [12/Jul/2025:15:25:34 -0400] "GET /items/zpzdz251/24391?key=entitle HTTP/1.1" 200 86546 "-" "Mozilla/5.0 (Linux; Android 6.0.1; Nexus 5X Build/MMB29P) AppleWebKit/537.36 (KHTML, like Gecko) Chrome/137.0.7151.103 Mobile Safari/537.36 (compatible; Googlebot/2.1; +http://www.google.com/bot.html)"
136.243.228.194 - - [12/Jul/2025:15:25:31 -0400] "GET /items/qqetd297/11991?key=colony HTTP/1.1" 404 23127 "-" "Mozilla/5.0 (compatible; DataForSeoBot/1.0; +https://dataforseo.com/dataforseo-bot)"
66.249.68.132 - - [12/Jul/2025:15:25:35 -0400] "GET /253idwy18044.html HTTP/1.1" 200 87449 "-" "Mozilla/5.0 (Linux; Android 6.0.1; Nexus 5X Build/MMB29P) AppleWebKit/537.36 (KHTML, like Gecko) Chrome/137.0.7151.103 Mobile Safari/537.36 (compatible; Googlebot/2.1; +http://www.google.com/bot.html)"
136.243.228.194 - - [12/Jul/2025:15:25:36 -0400] "GET /items/zvjli160/1418?key=guarantee HTTP/1.1" 404 23129 "-" "Mozilla/5.0 (compatible; DataForSeoBot/1.0; +https://dataforseo.com/dataforseo-bot)"
154.54.249.215 - - [12/Jul/2025:15:25:45 -0400] "GET /en/work/feed/ HTTP/1.1" 200 439 "-" "Mozilla/5.0 (compatible; Barkrowler/0.9; +https://babbar.tech/crawler)"
136.243.228.194 - - [12/Jul/2025:15:25:43 -0400] "GET /172ttced28301.html HTTP/1.1" 404 23127 "-" "Mozilla/5.0 (compatible; DataForSeoBot/1.0; +https://dataforseo.com/dataforseo-bot)"
66.29.146.47 - - [12/Jul/2025:15:25:53 -0400] "POST /wp-cron.php?doing_wp_cron=1752348353.2524869441986083984375 HTTP/1.1" 403 1242 "-" "WordPress/6.8; https://dangroup.sa"
136.243.228.194 - - [12/Jul/2025:15:25:52 -0400] "GET /239zvwy40510.html HTTP/1.1" 404 23127 "-" "Mozilla/5.0 (compatible; DataForSeoBot/1.0; +https://dataforseo.com/dataforseo-bot)"
136.243.228.194 - - [12/Jul/2025:15:25:59 -0400] "GET /items/rffxv132/27224?key=moon HTTP/1.1" 404 23127 "-" "Mozilla/5.0 (compatible; DataForSeoBot/1.0; +https://dataforseo.com/dataforseo-bot)"
217.113.194.206 - - [12/Jul/2025:15:26:02 -0400] "GET /ar/work/feed/ HTTP/1.1" 200 439 "-" "Mozilla/5.0 (compatible; Barkrowler/0.9; +https://babbar.tech/crawler)"
136.243.228.194 - - [12/Jul/2025:15:26:03 -0400] "GET /95xuj18496.html HTTP/1.1" 404 23129 "-" "Mozilla/5.0 (compatible; DataForSeoBot/1.0; +https://dataforseo.com/dataforseo-bot)"
136.243.228.194 - - [12/Jul/2025:15:26:07 -0400] "GET /279knd5484.html HTTP/1.1" 404 23127 "-" "Mozilla/5.0 (compatible; DataForSeoBot/1.0; +https://dataforseo.com/dataforseo-bot)"
136.243.228.194 - - [12/Jul/2025:15:26:11 -0400] "GET /6mlo23151.html HTTP/1.1" 404 23127 "-" "Mozilla/5.0 (compatible; DataForSeoBot/1.0; +https://dataforseo.com/dataforseo-bot)"
154.54.249.215 - - [12/Jul/2025:15:26:18 -0400] "GET /en/tag/design/ HTTP/1.1" 200 24112 "-" "Mozilla/5.0 (compatible; Barkrowler/0.9; +https://babbar.tech/crawler)"
136.243.228.194 - - [12/Jul/2025:15:26:20 -0400] "GET /items/wrtby121/3627?key=real HTTP/1.1" 404 23129 "-" "Mozilla/5.0 (compatible; DataForSeoBot/1.0; +https://dataforseo.com/dataforseo-bot)"
20.171.207.193 - - [12/Jul/2025:15:26:24 -0400] "GET /234mrpjo1009.html HTTP/1.1" 404 23128 "-" "Mozilla/5.0 AppleWebKit/537.36 (KHTML, like Gecko; compatible; GPTBot/1.2; +https://openai.com/gptbot)"
136.243.228.194 - - [12/Jul/2025:15:26:35 -0400] "GET /269exnhx27248.html HTTP/1.1" 404 23129 "-" "Mozilla/5.0 (compatible; DataForSeoBot/1.0; +https://dataforseo.com/dataforseo-bot)"
136.243.228.194 - - [12/Jul/2025:15:26:41 -0400] "GET /items/mpgwy153/20653?key=republic HTTP/1.1" 404 23127 "-" "Mozilla/5.0 (compatible; DataForSeoBot/1.0; +https://dataforseo.com/dataforseo-bot)"
217.113.194.208 - - [12/Jul/2025:15:26:47 -0400] "GET /en/tag/development/ HTTP/1.1" 200 24104 "-" "Mozilla/5.0 (compatible; Barkrowler/0.9; +https://babbar.tech/crawler)"
136.243.228.194 - - [12/Jul/2025:15:26:48 -0400] "GET /items/mxfvl100/34362?key=tape HTTP/1.1" 404 23127 "-" "Mozilla/5.0 (compatible; DataForSeoBot/1.0; +https://dataforseo.com/dataforseo-bot)"
66.29.146.47 - - [12/Jul/2025:15:26:56 -0400] "POST /wp-cron.php?doing_wp_cron=1752348416.3611469268798828125000 HTTP/1.1" 403 1242 "-" "WordPress/6.8; https://dangroup.sa"
136.243.228.194 - - [12/Jul/2025:15:26:55 -0400] "GET /109hzivd3304.html HTTP/1.1" 404 23127 "-" "Mozilla/5.0 (compatible; DataForSeoBot/1.0; +https://dataforseo.com/dataforseo-bot)"
66.249.68.132 - - [12/Jul/2025:15:27:06 -0400] "GET /search?category=1015&search_word= HTTP/1.1" 200 87127 "-" "Mozilla/5.0 (compatible; Googlebot/2.1; +http://www.google.com/bot.html)"
66.249.68.133 - - [12/Jul/2025:15:27:09 -0400] "GET /drupal/themes/surugaya/new/images/icon/arrow-next-blue.svg HTTP/1.1" 200 87678 "https://dangroup.sa/search?category=1015&search_word=" "Mozilla/5.0 AppleWebKit/537.36 (KHTML, like Gecko; compatible; Googlebot/2.1; +http://www.google.com/bot.html) Chrome/137.0.7151.119 Safari/537.36"
136.243.228.194 - - [12/Jul/2025:15:27:03 -0400] "GET /items/vizri275/41513?key=particularly HTTP/1.1" 404 23127 "-" "Mozilla/5.0 (compatible; DataForSeoBot/1.0; +https://dataforseo.com/dataforseo-bot)"
66.249.68.132 - - [12/Jul/2025:15:27:10 -0400] "GET /drupal/themes/surugaya/new/css/library/icon/fonts/bootstrap-icons.woff?5813790c1ebd573b51a03ec84367082a HTTP/1.1" 200 87816 "https://dangroup.sa/search?category=1015&search_word=" "Mozilla/5.0 AppleWebKit/537.36 (KHTML, like Gecko; compatible; Googlebot/2.1; +http://www.google.com/bot.html) Chrome/137.0.7151.119 Safari/537.36"
66.249.68.133 - - [12/Jul/2025:15:27:12 -0400] "GET /drupal/themes/surugaya/new/css/library/icon/fonts/bootstrap-icons.woff2?5813790c1ebd573b51a03ec84367082a HTTP/1.1" 200 87008 "https://dangroup.sa/search?category=1015&search_word=" "Mozilla/5.0 AppleWebKit/537.36 (KHTML, like Gecko; compatible; Googlebot/2.1; +http://www.google.com/bot.html) Chrome/137.0.7151.119 Safari/537.36"
217.113.194.252 - - [12/Jul/2025:15:27:07 -0400] "GET /en/2024/06/ HTTP/1.1" 200 24199 "-" "Mozilla/5.0 (compatible; Barkrowler/0.9; +https://babbar.tech/crawler)"
136.243.228.194 - - [12/Jul/2025:15:27:12 -0400] "GET /45vtuud6004.html HTTP/1.1" 404 23127 "-" "Mozilla/5.0 (compatible; DataForSeoBot/1.0; +https://dataforseo.com/dataforseo-bot)"
66.249.68.130 - - [12/Jul/2025:15:27:21 -0400] "GET /260srbi3949.html HTTP/1.1" 200 87450 "-" "Mozilla/5.0 (Linux; Android 6.0.1; Nexus 5X Build/MMB29P) AppleWebKit/537.36 (KHTML, like Gecko) Chrome/137.0.7151.103 Mobile Safari/537.36 (compatible; Googlebot/2.1; +http://www.google.com/bot.html)"
20.171.207.193 - - [12/Jul/2025:15:27:20 -0400] "GET /61szuiv33150.html HTTP/1.1" 404 23127 "-" "Mozilla/5.0 AppleWebKit/537.36 (KHTML, like Gecko; compatible; GPTBot/1.2; +https://openai.com/gptbot)"
66.249.68.129 - - [12/Jul/2025:15:27:29 -0400] "GET /222bgj30357.html HTTP/1.1" 200 87360 "-" "Mozilla/5.0 (compatible; Googlebot/2.1; +http://www.google.com/bot.html)"
136.243.228.194 - - [12/Jul/2025:15:27:21 -0400] "GET /237kcva14112.html HTTP/1.1" 404 23127 "-" "Mozilla/5.0 (compatible; DataForSeoBot/1.0; +https://dataforseo.com/dataforseo-bot)"
217.113.194.209 - - [12/Jul/2025:15:27:31 -0400] "GET /en/?p=4443 HTTP/1.1" 404 22440 "-" "Mozilla/5.0 (compatible; Barkrowler/0.9; +https://babbar.tech/crawler)"
52.167.144.235 - - [12/Jul/2025:15:27:37 -0400] "GET /oqwgdid22049jsuperattraction HTTP/1.1" 200 17 "-" "Mozilla/5.0 AppleWebKit/537.36 (KHTML, like Gecko; compatible; bingbot/2.0; +http://www.bing.com/bingbot.htm) Chrome/116.0.1938.76 Safari/537.36"
136.243.228.194 - - [12/Jul/2025:15:27:32 -0400] "GET /items/tuxue179/38031?key=her HTTP/1.1" 404 23127 "-" "Mozilla/5.0 (compatible; DataForSeoBot/1.0; +https://dataforseo.com/dataforseo-bot)"
136.243.228.194 - - [12/Jul/2025:15:27:39 -0400] "GET /items/xiffz240/5370?key=electrical HTTP/1.1" 404 23127 "-" "Mozilla/5.0 (compatible; DataForSeoBot/1.0; +https://dataforseo.com/dataforseo-bot)"
66.249.68.129 - - [12/Jul/2025:15:27:53 -0400] "GET /294fmugj32231.html HTTP/1.1" 200 86695 "-" "Mozilla/5.0 (Linux; Android 6.0.1; Nexus 5X Build/MMB29P) AppleWebKit/537.36 (KHTML, like Gecko) Chrome/137.0.7151.103 Mobile Safari/537.36 (compatible; Googlebot/2.1; +http://www.google.com/bot.html)"
136.243.228.194 - - [12/Jul/2025:15:27:48 -0400] "GET /items/qfprw128/39882?key=hang HTTP/1.1" 404 23127 "-" "Mozilla/5.0 (compatible; DataForSeoBot/1.0; +https://dataforseo.com/dataforseo-bot)"
217.113.194.203 - - [12/Jul/2025:15:27:53 -0400] "GET /en/?p=4466 HTTP/1.1" 404 22440 "-" "Mozilla/5.0 (compatible; Barkrowler/0.9; +https://babbar.tech/crawler)"
66.29.146.47 - - [12/Jul/2025:15:27:58 -0400] "POST /wp-cron.php?doing_wp_cron=1752348477.9750568866729736328125 HTTP/1.1" 403 1242 "-" "WordPress/6.8; https://dangroup.sa"
136.243.228.194 - - [12/Jul/2025:15:27:56 -0400] "GET /items/oyabz296/23484?key=society HTTP/1.1" 404 23129 "-" "Mozilla/5.0 (compatible; DataForSeoBot/1.0; +https://dataforseo.com/dataforseo-bot)"
136.243.228.194 - - [12/Jul/2025:15:28:03 -0400] "GET /items/hauec25/34727?key=map HTTP/1.1" 404 23129 "-" "Mozilla/5.0 (compatible; DataForSeoBot/1.0; +https://dataforseo.com/dataforseo-bot)"
136.243.228.194 - - [12/Jul/2025:15:28:07 -0400] "GET /items/hnaxt275/38399?key=wage HTTP/1.1" 404 23127 "-" "Mozilla/5.0 (compatible; DataForSeoBot/1.0; +https://dataforseo.com/dataforseo-bot)"
66.249.68.130 - - [12/Jul/2025:15:28:18 -0400] "GET /?_ga=2.198074345.1955352220.1721329623-968811056.1699381788&_bdsid=dmjl0p.n~UQTRN.1745716790918.1784849964&_bd_prev_page=https://dangroup.sa/api.jsp?items/rpjtl100/9302?key=self-esteem HTTP/1.1" 200 87233 "-" "Mozilla/5.0 (Linux; Android 6.0.1; Nexus 5X Build/MMB29P) AppleWebKit/537.36 (KHTML, like Gecko) Chrome/137.0.7151.103 Mobile Safari/537.36 (compatible; Googlebot/2.1; +http://www.google.com/bot.html)"
136.243.228.194 - - [12/Jul/2025:15:28:14 -0400] "GET /137fia9102.html HTTP/1.1" 404 23129 "-" "Mozilla/5.0 (compatible; DataForSeoBot/1.0; +https://dataforseo.com/dataforseo-bot)"
217.113.194.203 - - [12/Jul/2025:15:28:15 -0400] "GET /en/?p=4470 HTTP/1.1" 404 22442 "-" "Mozilla/5.0 (compatible; Barkrowler/0.9; +https://babbar.tech/crawler)"
20.171.207.193 - - [12/Jul/2025:15:28:18 -0400] "GET /92ibqwa34021.html HTTP/1.1" 404 23129 "-" "Mozilla/5.0 AppleWebKit/537.36 (KHTML, like Gecko; compatible; GPTBot/1.2; +https://openai.com/gptbot)"
136.243.228.194 - - [12/Jul/2025:15:28:23 -0400] "GET /items/zhioe162/26316?key=midst HTTP/1.1" 404 23127 "-" "Mozilla/5.0 (compatible; DataForSeoBot/1.0; +https://dataforseo.com/dataforseo-bot)"
136.243.228.194 - - [12/Jul/2025:15:28:34 -0400] "GET /47gpg27372.html HTTP/1.1" 404 23127 "-" "Mozilla/5.0 (compatible; DataForSeoBot/1.0; +https://dataforseo.com/dataforseo-bot)"
66.249.68.129 - - [12/Jul/2025:15:28:46 -0400] "GET /174xhs7353.html HTTP/1.1" 200 88152 "-" "Mozilla/5.0 (Linux; Android 6.0.1; Nexus 5X Build/MMB29P) AppleWebKit/537.36 (KHTML, like Gecko) Chrome/137.0.7151.103 Mobile Safari/537.36 (compatible; Googlebot/2.1; +http://www.google.com/bot.html)"
217.113.194.207 - - [12/Jul/2025:15:28:43 -0400] "GET /en/?p=4464 HTTP/1.1" 404 22440 "-" "Mozilla/5.0 (compatible; Barkrowler/0.9; +https://babbar.tech/crawler)"
136.243.228.194 - - [12/Jul/2025:15:28:43 -0400] "GET /items/jwqhc231/26901?key=cheat HTTP/1.1" 404 23127 "-" "Mozilla/5.0 (compatible; DataForSeoBot/1.0; +https://dataforseo.com/dataforseo-bot)"
66.249.68.129 - - [12/Jul/2025:15:28:51 -0400] "GET /284ovpdp46111.html HTTP/1.1" 200 87336 "-" "Mozilla/5.0 (Linux; Android 6.0.1; Nexus 5X Build/MMB29P) AppleWebKit/537.36 (KHTML, like Gecko) Chrome/137.0.7151.103 Mobile Safari/537.36 (compatible; GoogleOther)"
136.243.228.194 - - [12/Jul/2025:15:28:54 -0400] "GET /28foxor4881.html HTTP/1.1" 404 23127 "-" "Mozilla/5.0 (compatible; DataForSeoBot/1.0; +https://dataforseo.com/dataforseo-bot)"
66.29.146.47 - - [12/Jul/2025:15:28:59 -0400] "POST /wp-cron.php?doing_wp_cron=1752348539.2684750556945800781250 HTTP/1.1" 403 1242 "-" "WordPress/6.8; https://dangroup.sa"
136.243.228.194 - - [12/Jul/2025:15:28:58 -0400] "GET /items/vhbbp100/46552?key=zone HTTP/1.1" 404 23127 "-" "Mozilla/5.0 (compatible; DataForSeoBot/1.0; +https://dataforseo.com/dataforseo-bot)"
208.110.64.178 - - [12/Jul/2025:15:29:08 -0400] "GET /wp-content/install.php HTTP/1.1" 200 10 "https://dangroup.sa/wp-content/install.php" "Mozilla/5.0 (Windows NT 10.0; Win64; x64) AppleWebKit/537.36 (KHTML, like Gecko) Chrome/58.0.3029.110 Safari/537.3"
136.243.228.194 - - [12/Jul/2025:15:29:04 -0400] "GET /items/sifpg10/40164?key=bus HTTP/1.1" 404 23129 "-" "Mozilla/5.0 (compatible; DataForSeoBot/1.0; +https://dataforseo.com/dataforseo-bot)"
217.113.194.206 - - [12/Jul/2025:15:29:07 -0400] "GET /en/?p=17736 HTTP/1.1" 404 22440 "-" "Mozilla/5.0 (compatible; Barkrowler/0.9; +https://babbar.tech/crawler)"
136.243.228.194 - - [12/Jul/2025:15:29:11 -0400] "GET /49dyyr25728.html HTTP/1.1" 404 23127 "-" "Mozilla/5.0 (compatible; DataForSeoBot/1.0; +https://dataforseo.com/dataforseo-bot)"
136.243.228.194 - - [12/Jul/2025:15:29:20 -0400] "GET /154larwh26491.html HTTP/1.1" 404 23127 "-" "Mozilla/5.0 (compatible; DataForSeoBot/1.0; +https://dataforseo.com/dataforseo-bot)"
66.249.68.130 - - [12/Jul/2025:15:29:31 -0400] "GET /114tfo44899.html HTTP/1.1" 200 86895 "-" "Mozilla/5.0 (Linux; Android 6.0.1; Nexus 5X Build/MMB29P) AppleWebKit/537.36 (KHTML, like Gecko) Chrome/137.0.7151.103 Mobile Safari/537.36 (compatible; Googlebot/2.1; +http://www.google.com/bot.html)"
20.171.207.193 - - [12/Jul/2025:15:29:24 -0400] "GET /21spmuk32914.html HTTP/1.1" 404 23127 "-" "Mozilla/5.0 AppleWebKit/537.36 (KHTML, like Gecko; compatible; GPTBot/1.2; +https://openai.com/gptbot)"
217.113.194.207 - - [12/Jul/2025:15:29:31 -0400] "GET /en/comments/feed/ HTTP/1.1" 200 446 "-" "Mozilla/5.0 (compatible; Barkrowler/0.9; +https://babbar.tech/crawler)"
136.243.228.194 - - [12/Jul/2025:15:29:29 -0400] "GET /items/duqjv8/33618?key=up HTTP/1.1" 404 23127 "-" "Mozilla/5.0 (compatible; DataForSeoBot/1.0; +https://dataforseo.com/dataforseo-bot)"
136.243.228.194 - - [12/Jul/2025:15:29:40 -0400] "GET /204iji19565.html HTTP/1.1" 404 23129 "-" "Mozilla/5.0 (compatible; DataForSeoBot/1.0; +https://dataforseo.com/dataforseo-bot)"
66.249.68.130 - - [12/Jul/2025:15:29:49 -0400] "GET /100xca797.html HTTP/1.1" 200 86751 "-" "Mozilla/5.0 (Linux; Android 6.0.1; Nexus 5X Build/MMB29P) AppleWebKit/537.36 (KHTML, like Gecko) Chrome/137.0.7151.103 Mobile Safari/537.36 (compatible; Googlebot/2.1; +http://www.google.com/bot.html)"
136.243.228.194 - - [12/Jul/2025:15:29:48 -0400] "GET /items/rvmio66/48898?key=headline HTTP/1.1" 404 23127 "-" "Mozilla/5.0 (compatible; DataForSeoBot/1.0; +https://dataforseo.com/dataforseo-bot)"
217.113.194.209 - - [12/Jul/2025:15:29:50 -0400] "GET /en/our-works/page/2/ HTTP/1.1" 200 23795 "-" "Mozilla/5.0 (compatible; Barkrowler/0.9; +https://babbar.tech/crawler)"
136.243.228.194 - - [12/Jul/2025:15:29:52 -0400] "GET /116kmz48457.html HTTP/1.1" 404 23129 "-" "Mozilla/5.0 (compatible; DataForSeoBot/1.0; +https://dataforseo.com/dataforseo-bot)"
66.29.146.47 - - [12/Jul/2025:15:30:01 -0400] "POST /wp-cron.php?doing_wp_cron=1752348601.2538530826568603515625 HTTP/1.1" 403 1242 "-" "WordPress/6.8; https://dangroup.sa"
136.243.228.194 - - [12/Jul/2025:15:30:00 -0400] "GET /items/kespx268/35732?key=interpret HTTP/1.1" 404 23127 "-" "Mozilla/5.0 (compatible; DataForSeoBot/1.0; +https://dataforseo.com/dataforseo-bot)"
66.249.79.136 - - [12/Jul/2025:15:30:19 -0400] "GET /items/lxrpa240/362?key=correlation HTTP/1.1" 200 86917 "-" "Mozilla/5.0 (Linux; Android 6.0.1; Nexus 5X Build/MMB29P) AppleWebKit/537.36 (KHTML, like Gecko) Chrome/137.0.7151.103 Mobile Safari/537.36 (compatible; Googlebot/2.1; +http://www.google.com/bot.html)"
217.113.194.208 - - [12/Jul/2025:15:30:12 -0400] "GET /en/category/design/ HTTP/1.1" 200 0 "-" "Mozilla/5.0 (compatible; Barkrowler/0.9; +https://babbar.tech/crawler)"
47.82.60.69 - - [12/Jul/2025:15:30:41 -0400] "GET /items/ftnpr72/990?key=pull HTTP/1.1" 301 0 "https://www.dangroup.sa/items/ftnpr72/990?key=pull" "Mozilla/5.0 (Windows NT 10.0; Win64; x64) AppleWebKit/537.36 (KHTML, like Gecko) Chrome/114.0.0.0 Safari/537.36 Edg/114.0.1823.43"
20.171.207.193 - - [12/Jul/2025:15:30:21 -0400] "GET /195ehgop6548.html HTTP/1.1" 200 0 "-" "Mozilla/5.0 AppleWebKit/537.36 (KHTML, like Gecko; compatible; GPTBot/1.2; +https://openai.com/gptbot)"
47.82.60.15 - - [12/Jul/2025:15:30:23 -0400] "GET /items/sxhbi69/42747?key=civilian HTTP/1.1" 404 23127 "https://dangroup.sa/items/sxhbi69/42747?key=civilian" "Mozilla/5.0 (Windows NT 10.0; Win64; x64) AppleWebKit/537.36 (KHTML, like Gecko) Chrome/114.0.0.0 Safari/537.36 Edg/114.0.1823.43"
136.243.228.194 - - [12/Jul/2025:15:30:07 -0400] "GET /137nkpeq32394.html HTTP/1.1" 404 23127 "-" "Mozilla/5.0 (compatible; DataForSeoBot/1.0; +https://dataforseo.com/dataforseo-bot)"
47.82.60.69 - - [12/Jul/2025:15:30:44 -0400] "GET /items/ftnpr72/990?key=pull HTTP/1.1" 404 23127 "https://www.dangroup.sa/items/ftnpr72/990?key=pull" "Mozilla/5.0 (Windows NT 10.0; Win64; x64) AppleWebKit/537.36 (KHTML, like Gecko) Chrome/114.0.0.0 Safari/537.36 Edg/114.0.1823.43"
136.243.228.194 - - [12/Jul/2025:15:30:55 -0400] "GET /items/zwicz131/43479?key=edge HTTP/1.1" 404 23127 "-" "Mozilla/5.0 (compatible; DataForSeoBot/1.0; +https://dataforseo.com/dataforseo-bot)"
66.29.146.47 - - [12/Jul/2025:15:31:03 -0400] "POST /wp-cron.php?doing_wp_cron=1752348662.9565060138702392578125 HTTP/1.1" 403 1242 "-" "WordPress/6.8; https://dangroup.sa"
136.243.228.194 - - [12/Jul/2025:15:31:01 -0400] "GET /33zyutj32080.html HTTP/1.1" 404 23127 "-" "Mozilla/5.0 (compatible; DataForSeoBot/1.0; +https://dataforseo.com/dataforseo-bot)"
136.243.228.194 - - [12/Jul/2025:15:31:07 -0400] "GET /items/fiuxb110/11420?key=cycle HTTP/1.1" 404 23127 "-" "Mozilla/5.0 (compatible; DataForSeoBot/1.0; +https://dataforseo.com/dataforseo-bot)"
136.243.228.194 - - [12/Jul/2025:15:31:11 -0400] "GET /items/eldod24/25908?key=engage HTTP/1.1" 404 23127 "-" "Mozilla/5.0 (compatible; DataForSeoBot/1.0; +https://dataforseo.com/dataforseo-bot)"
47.82.60.21 - - [12/Jul/2025:15:31:14 -0400] "GET /pcmypage?callback=product/review/jordan23-111_61859518-1 HTTP/1.1" 301 0 "https://www.dangroup.sa/pcmypage?callback=product/review/jordan23-111_61859518-1" "Mozilla/5.0 (Windows NT 10.0; Win64; x64) AppleWebKit/537.36 (KHTML, like Gecko) Chrome/114.0.0.0 Safari/537.36 Edg/114.0.1823.43"
136.243.228.194 - - [12/Jul/2025:15:31:15 -0400] "GET /items/dkwbx229/37277?key=van HTTP/1.1" 404 23127 "-" "Mozilla/5.0 (compatible; DataForSeoBot/1.0; +https://dataforseo.com/dataforseo-bot)"
47.82.60.21 - - [12/Jul/2025:15:31:15 -0400] "GET /pcmypage?callback=product/review/jordan23-111_61859518-1 HTTP/1.1" 404 23127 "https://www.dangroup.sa/pcmypage?callback=product/review/jordan23-111_61859518-1" "Mozilla/5.0 (Windows NT 10.0; Win64; x64) AppleWebKit/537.36 (KHTML, like Gecko) Chrome/114.0.0.0 Safari/537.36 Edg/114.0.1823.43"
136.243.228.194 - - [12/Jul/2025:15:31:19 -0400] "GET /items/jtqtf158/46374?key=exchange HTTP/1.1" 404 23127 "-" "Mozilla/5.0 (compatible; DataForSeoBot/1.0; +https://dataforseo.com/dataforseo-bot)"
47.82.60.1 - - [12/Jul/2025:15:31:21 -0400] "GET /items/dadgm22/6516?key=offender HTTP/1.1" 404 23127 "https://dangroup.sa/items/dadgm22/6516?key=offender" "Mozilla/5.0 (Windows NT 10.0; Win64; x64) AppleWebKit/537.36 (KHTML, like Gecko) Chrome/114.0.0.0 Safari/537.36 Edg/114.0.1823.43"
20.171.207.193 - - [12/Jul/2025:15:31:23 -0400] "GET /220gvuyr7517.html HTTP/1.1" 404 23127 "-" "Mozilla/5.0 AppleWebKit/537.36 (KHTML, like Gecko; compatible; GPTBot/1.2; +https://openai.com/gptbot)"
136.243.228.194 - - [12/Jul/2025:15:31:24 -0400] "GET /162gftk227.html HTTP/1.1" 404 23129 "-" "Mozilla/5.0 (compatible; DataForSeoBot/1.0; +https://dataforseo.com/dataforseo-bot)"
47.82.60.13 - - [12/Jul/2025:15:31:28 -0400] "GET /items/yzatd95/645?key=dense HTTP/1.1" 301 0 "https://www.dangroup.sa/items/yzatd95/645?key=dense" "Mozilla/5.0 (Windows NT 10.0; Win64; x64) AppleWebKit/537.36 (KHTML, like Gecko) Chrome/114.0.0.0 Safari/537.36 Edg/114.0.1823.43"
136.243.228.194 - - [12/Jul/2025:15:31:27 -0400] "GET /159acgpb14584.html HTTP/1.1" 404 23127 "-" "Mozilla/5.0 (compatible; DataForSeoBot/1.0; +https://dataforseo.com/dataforseo-bot)"
47.82.60.13 - - [12/Jul/2025:15:31:29 -0400] "GET /items/yzatd95/645?key=dense HTTP/1.1" 404 23127 "https://www.dangroup.sa/items/yzatd95/645?key=dense" "Mozilla/5.0 (Windows NT 10.0; Win64; x64) AppleWebKit/537.36 (KHTML, like Gecko) Chrome/114.0.0.0 Safari/537.36 Edg/114.0.1823.43"
136.243.228.194 - - [12/Jul/2025:15:31:31 -0400] "GET /88rvxy46643.html HTTP/1.1" 404 23127 "-" "Mozilla/5.0 (compatible; DataForSeoBot/1.0; +https://dataforseo.com/dataforseo-bot)"
47.82.60.22 - - [12/Jul/2025:15:31:32 -0400] "GET /items/ckjcg186/14634?key=proper HTTP/1.1" 404 23127 "https://dangroup.sa/items/ckjcg186/14634?key=proper" "Mozilla/5.0 (Windows NT 10.0; Win64; x64) AppleWebKit/537.36 (KHTML, like Gecko) Chrome/114.0.0.0 Safari/537.36 Edg/114.0.1823.43"
136.243.228.194 - - [12/Jul/2025:15:31:35 -0400] "GET /items/jdzhh103/21879?key=rod HTTP/1.1" 404 23127 "-" "Mozilla/5.0 (compatible; DataForSeoBot/1.0; +https://dataforseo.com/dataforseo-bot)"
136.243.228.194 - - [12/Jul/2025:15:31:39 -0400] "GET /16hgx13205.html HTTP/1.1" 404 23127 "-" "Mozilla/5.0 (compatible; DataForSeoBot/1.0; +https://dataforseo.com/dataforseo-bot)"
47.82.60.35 - - [12/Jul/2025:15:31:41 -0400] "GET /items/xdayz64/40748?key=marriage HTTP/1.1" 404 23127 "https://dangroup.sa/items/xdayz64/40748?key=marriage" "Mozilla/5.0 (Windows NT 10.0; Win64; x64) AppleWebKit/537.36 (KHTML, like Gecko) Chrome/114.0.0.0 Safari/537.36 Edg/114.0.1823.43"
47.82.60.78 - - [12/Jul/2025:15:31:42 -0400] "GET /items/hxegx114/14014?key=fist HTTP/1.1" 404 23127 "https://dangroup.sa/items/hxegx114/14014?key=fist" "Mozilla/5.0 (Windows NT 10.0; Win64; x64) AppleWebKit/537.36 (KHTML, like Gecko) Chrome/114.0.0.0 Safari/537.36 Edg/114.0.1823.43"
136.243.228.194 - - [12/Jul/2025:15:31:44 -0400] "GET /items/dfodk98/26124?key=substantially HTTP/1.1" 404 23127 "-" "Mozilla/5.0 (compatible; DataForSeoBot/1.0; +https://dataforseo.com/dataforseo-bot)"
47.82.60.31 - - [12/Jul/2025:15:31:44 -0400] "GET /items/jnqfe95/5583?key=reception HTTP/1.1" 404 23127 "https://dangroup.sa/items/jnqfe95/5583?key=reception" "Mozilla/5.0 (Windows NT 10.0; Win64; x64) AppleWebKit/537.36 (KHTML, like Gecko) Chrome/114.0.0.0 Safari/537.36 Edg/114.0.1823.43"
47.82.60.11 - - [12/Jul/2025:15:31:44 -0400] "GET /items/ohsyz247/22801?key=pop HTTP/1.1" 404 23129 "https://dangroup.sa/items/ohsyz247/22801?key=pop" "Mozilla/5.0 (Windows NT 10.0; Win64; x64) AppleWebKit/537.36 (KHTML, like Gecko) Chrome/114.0.0.0 Safari/537.36 Edg/114.0.1823.43"
66.249.68.131 - - [12/Jul/2025:15:31:47 -0400] "GET /36ntvm29921.html HTTP/1.1" 200 87351 "-" "Mozilla/5.0 (Linux; Android 6.0.1; Nexus 5X Build/MMB29P) AppleWebKit/537.36 (KHTML, like Gecko) Chrome/137.0.7151.103 Mobile Safari/537.36 (compatible; Googlebot/2.1; +http://www.google.com/bot.html)"
136.243.228.194 - - [12/Jul/2025:15:31:47 -0400] "GET /items/kzjsy17/7303?key=beard HTTP/1.1" 404 23127 "-" "Mozilla/5.0 (compatible; DataForSeoBot/1.0; +https://dataforseo.com/dataforseo-bot)"
66.249.68.131 - - [12/Jul/2025:15:31:48 -0400] "GET /items/ajfmd94/21600?key=walking HTTP/1.1" 200 87268 "-" "Mozilla/5.0 (Linux; Android 6.0.1; Nexus 5X Build/MMB29P) AppleWebKit/537.36 (KHTML, like Gecko) Chrome/137.0.7151.103 Mobile Safari/537.36 (compatible; Googlebot/2.1; +http://www.google.com/bot.html)"
66.249.68.130 - - [12/Jul/2025:15:31:49 -0400] "GET /240dbqh18695.html HTTP/1.1" 200 86595 "-" "Mozilla/5.0 (Linux; Android 6.0.1; Nexus 5X Build/MMB29P) AppleWebKit/537.36 (KHTML, like Gecko) Chrome/137.0.7151.103 Mobile Safari/537.36 (compatible; Googlebot/2.1; +http://www.google.com/bot.html)"
136.243.228.194 - - [12/Jul/2025:15:31:51 -0400] "GET /135jznes15732.html HTTP/1.1" 404 23127 "-" "Mozilla/5.0 (compatible; DataForSeoBot/1.0; +https://dataforseo.com/dataforseo-bot)"
136.243.228.194 - - [12/Jul/2025:15:31:56 -0400] "GET /96qhou36997.html HTTP/1.1" 404 23127 "-" "Mozilla/5.0 (compatible; DataForSeoBot/1.0; +https://dataforseo.com/dataforseo-bot)"
136.243.228.194 - - [12/Jul/2025:15:31:59 -0400] "GET /items/xzats222/41306?key=crystal HTTP/1.1" 404 23127 "-" "Mozilla/5.0 (compatible; DataForSeoBot/1.0; +https://dataforseo.com/dataforseo-bot)"
66.29.146.47 - - [12/Jul/2025:15:32:03 -0400] "POST /wp-cron.php?doing_wp_cron=1752348723.5598978996276855468750 HTTP/1.1" 403 1242 "-" "WordPress/6.8; https://dangroup.sa"
66.29.146.47 - - [12/Jul/2025:15:32:03 -0400] "POST /wp-cron.php?doing_wp_cron=1752348723.7975330352783203125000 HTTP/1.1" 403 1242 "-" "WordPress/6.8; https://dangroup.sa"
136.243.228.194 - - [12/Jul/2025:15:32:03 -0400] "GET /167dsvze28542.html HTTP/1.1" 404 23127 "-" "Mozilla/5.0 (compatible; DataForSeoBot/1.0; +https://dataforseo.com/dataforseo-bot)"
47.82.60.4 - - [12/Jul/2025:15:32:03 -0400] "GET /items/qztif94/954?key=low HTTP/1.1" 404 23127 "https://dangroup.sa/items/qztif94/954?key=low" "Mozilla/5.0 (Windows NT 10.0; Win64; x64) AppleWebKit/537.36 (KHTML, like Gecko) Chrome/114.0.0.0 Safari/537.36 Edg/114.0.1823.43"
136.243.228.194 - - [12/Jul/2025:15:32:07 -0400] "GET /224mvxog14381.html HTTP/1.1" 404 23127 "-" "Mozilla/5.0 (compatible; DataForSeoBot/1.0; +https://dataforseo.com/dataforseo-bot)"
136.243.228.194 - - [12/Jul/2025:15:32:11 -0400] "GET /282jil18589.html HTTP/1.1" 404 23127 "-" "Mozilla/5.0 (compatible; DataForSeoBot/1.0; +https://dataforseo.com/dataforseo-bot)"
136.243.228.194 - - [12/Jul/2025:15:32:15 -0400] "GET /241vxzx38258.html HTTP/1.1" 404 23127 "-" "Mozilla/5.0 (compatible; DataForSeoBot/1.0; +https://dataforseo.com/dataforseo-bot)"
47.82.60.51 - - [12/Jul/2025:15:32:16 -0400] "GET /items/zsydx284/14112?key=net HTTP/1.1" 404 23129 "https://dangroup.sa/items/zsydx284/14112?key=net" "Mozilla/5.0 (Windows NT 10.0; Win64; x64) AppleWebKit/537.36 (KHTML, like Gecko) Chrome/114.0.0.0 Safari/537.36 Edg/114.0.1823.43"
66.249.68.130 - - [12/Jul/2025:15:32:19 -0400] "GET /106ilqir37315.html HTTP/1.1" 200 87410 "-" "Mozilla/5.0 (Linux; Android 6.0.1; Nexus 5X Build/MMB29P) AppleWebKit/537.36 (KHTML, like Gecko) Chrome/137.0.7151.103 Mobile Safari/537.36 (compatible; Googlebot/2.1; +http://www.google.com/bot.html)"
136.243.228.194 - - [12/Jul/2025:15:32:20 -0400] "GET /items/kguiq103/38227?key=tent HTTP/1.1" 404 23129 "-" "Mozilla/5.0 (compatible; DataForSeoBot/1.0; +https://dataforseo.com/dataforseo-bot)"
136.243.228.194 - - [12/Jul/2025:15:32:24 -0400] "GET /58iqtj22185.html HTTP/1.1" 404 23127 "-" "Mozilla/5.0 (compatible; DataForSeoBot/1.0; +https://dataforseo.com/dataforseo-bot)"
136.243.228.194 - - [12/Jul/2025:15:32:28 -0400] "GET /items/fzobo5/35519?key=stadium HTTP/1.1" 404 23127 "-" "Mozilla/5.0 (compatible; DataForSeoBot/1.0; +https://dataforseo.com/dataforseo-bot)"
20.171.207.193 - - [12/Jul/2025:15:32:29 -0400] "GET /215yidln1980.html HTTP/1.1" 404 23127 "-" "Mozilla/5.0 AppleWebKit/537.36 (KHTML, like Gecko; compatible; GPTBot/1.2; +https://openai.com/gptbot)"
136.243.228.194 - - [12/Jul/2025:15:32:32 -0400] "GET /266dsh45553.html HTTP/1.1" 404 23127 "-" "Mozilla/5.0 (compatible; DataForSeoBot/1.0; +https://dataforseo.com/dataforseo-bot)"
136.243.228.194 - - [12/Jul/2025:15:32:35 -0400] "GET /229gbw20994.html HTTP/1.1" 404 23127 "-" "Mozilla/5.0 (compatible; DataForSeoBot/1.0; +https://dataforseo.com/dataforseo-bot)"
136.243.228.194 - - [12/Jul/2025:15:32:39 -0400] "GET /55kushn7192.html HTTP/1.1" 404 23127 "-" "Mozilla/5.0 (compatible; DataForSeoBot/1.0; +https://dataforseo.com/dataforseo-bot)"
136.243.228.194 - - [12/Jul/2025:15:32:43 -0400] "GET /95vmmyx4488.html HTTP/1.1" 404 23127 "-" "Mozilla/5.0 (compatible; DataForSeoBot/1.0; +https://dataforseo.com/dataforseo-bot)"
136.243.228.194 - - [12/Jul/2025:15:32:48 -0400] "GET /items/iwwgu187/1801?key=sometimes HTTP/1.1" 404 23127 "-" "Mozilla/5.0 (compatible; DataForSeoBot/1.0; +https://dataforseo.com/dataforseo-bot)"
136.243.228.194 - - [12/Jul/2025:15:32:51 -0400] "GET /59jgp3014.html HTTP/1.1" 404 23127 "-" "Mozilla/5.0 (compatible; DataForSeoBot/1.0; +https://dataforseo.com/dataforseo-bot)"
136.243.228.194 - - [12/Jul/2025:15:32:56 -0400] "GET /238btht1831.html HTTP/1.1" 404 23127 "-" "Mozilla/5.0 (compatible; DataForSeoBot/1.0; +https://dataforseo.com/dataforseo-bot)"
136.243.228.194 - - [12/Jul/2025:15:33:00 -0400] "GET /items/noroc267/31905?key=reasonable HTTP/1.1" 404 23127 "-" "Mozilla/5.0 (compatible; DataForSeoBot/1.0; +https://dataforseo.com/dataforseo-bot)"
66.249.68.131 - - [12/Jul/2025:15:33:00 -0400] "GET /119qbjz9578.html HTTP/1.1" 200 87115 "-" "Mozilla/5.0 (Linux; Android 6.0.1; Nexus 5X Build/MMB29P) AppleWebKit/537.36 (KHTML, like Gecko) Chrome/137.0.7151.103 Mobile Safari/537.36 (compatible; Googlebot/2.1; +http://www.google.com/bot.html)"
136.243.228.194 - - [12/Jul/2025:15:33:03 -0400] "GET /items/zdeef148/11082?key=spring HTTP/1.1" 404 23129 "-" "Mozilla/5.0 (compatible; DataForSeoBot/1.0; +https://dataforseo.com/dataforseo-bot)"
66.29.146.47 - - [12/Jul/2025:15:33:07 -0400] "POST /wp-cron.php?doing_wp_cron=1752348787.7223050594329833984375 HTTP/1.1" 403 1242 "-" "WordPress/6.8; https://dangroup.sa"
136.243.228.194 - - [12/Jul/2025:15:33:07 -0400] "GET /233qjae38084.html HTTP/1.1" 404 23127 "-" "Mozilla/5.0 (compatible; DataForSeoBot/1.0; +https://dataforseo.com/dataforseo-bot)"
136.243.228.194 - - [12/Jul/2025:15:33:11 -0400] "GET /119ukeco36396.html HTTP/1.1" 404 23127 "-" "Mozilla/5.0 (compatible; DataForSeoBot/1.0; +https://dataforseo.com/dataforseo-bot)"
136.243.228.194 - - [12/Jul/2025:15:33:16 -0400] "GET /items/fcvjy177/2237?key=book HTTP/1.1" 404 23127 "-" "Mozilla/5.0 (compatible; DataForSeoBot/1.0; +https://dataforseo.com/dataforseo-bot)"
136.243.228.194 - - [12/Jul/2025:15:33:19 -0400] "GET /items/ousyp182/8972?key=drift HTTP/1.1" 404 23127 "-" "Mozilla/5.0 (compatible; DataForSeoBot/1.0; +https://dataforseo.com/dataforseo-bot)"
136.243.228.194 - - [12/Jul/2025:15:33:23 -0400] "GET /items/rtooi274/26114?key=constitutional HTTP/1.1" 404 23127 "-" "Mozilla/5.0 (compatible; DataForSeoBot/1.0; +https://dataforseo.com/dataforseo-bot)"
136.243.228.194 - - [12/Jul/2025:15:33:28 -0400] "GET /80xih42759.html HTTP/1.1" 404 23127 "-" "Mozilla/5.0 (compatible; DataForSeoBot/1.0; +https://dataforseo.com/dataforseo-bot)"
20.171.207.193 - - [12/Jul/2025:15:33:29 -0400] "GET /59vsjmm47246.html HTTP/1.1" 404 23127 "-" "Mozilla/5.0 AppleWebKit/537.36 (KHTML, like Gecko; compatible; GPTBot/1.2; +https://openai.com/gptbot)"
136.243.228.194 - - [12/Jul/2025:15:33:31 -0400] "GET /items/nzcwf123/24217?key=respect HTTP/1.1" 404 23129 "-" "Mozilla/5.0 (compatible; DataForSeoBot/1.0; +https://dataforseo.com/dataforseo-bot)"
136.243.228.194 - - [12/Jul/2025:15:33:35 -0400] "GET /297lkowx45504.html HTTP/1.1" 404 23127 "-" "Mozilla/5.0 (compatible; DataForSeoBot/1.0; +https://dataforseo.com/dataforseo-bot)"
172.207.242.73 - - [12/Jul/2025:15:33:36 -0400] "GET /wp-content/plugins/hellopress/wp_filemanager.php HTTP/1.1" 404 23129 "-" "-"
172.207.242.73 - - [12/Jul/2025:15:33:37 -0400] "GET /wp-content/plugins/about.php HTTP/1.1" 404 23127 "-" "-"
172.207.242.73 - - [12/Jul/2025:15:33:38 -0400] "GET /wp.php HTTP/1.1" 404 23127 "-" "-"
136.243.228.194 - - [12/Jul/2025:15:33:39 -0400] "GET /288uho43783.html HTTP/1.1" 404 23127 "-" "Mozilla/5.0 (compatible; DataForSeoBot/1.0; +https://dataforseo.com/dataforseo-bot)"
172.207.242.73 - - [12/Jul/2025:15:33:40 -0400] "GET /hoot.php HTTP/1.1" 404 23127 "-" "-"
172.207.242.73 - - [12/Jul/2025:15:33:42 -0400] "GET /about.php HTTP/1.1" 404 23127 "-" "-"
172.207.242.73 - - [12/Jul/2025:15:33:43 -0400] "GET /admin.php HTTP/1.1" 404 23127 "-" "-"
136.243.228.194 - - [12/Jul/2025:15:33:44 -0400] "GET /items/qwrwk138/1586?key=federal HTTP/1.1" 404 23127 "-" "Mozilla/5.0 (compatible; DataForSeoBot/1.0; +https://dataforseo.com/dataforseo-bot)"
172.207.242.73 - - [12/Jul/2025:15:33:44 -0400] "GET /wp-content/plugins/admin.php HTTP/1.1" 404 23129 "-" "-"
172.207.242.73 - - [12/Jul/2025:15:33:45 -0400] "GET /wp-content/db-cache.php HTTP/1.1" 404 23127 "-" "-"
172.207.242.73 - - [12/Jul/2025:15:33:46 -0400] "GET /wp-content/themes/twentyeleven/functions.php HTTP/1.1" 404 23127 "-" "-"
172.207.242.73 - - [12/Jul/2025:15:33:48 -0400] "GET /wp-content/themes/oceanwp/functions.php HTTP/1.1" 404 23127 "-" "-"
136.243.228.194 - - [12/Jul/2025:15:33:48 -0400] "GET /items/kxxiw172/40940?key=disturb HTTP/1.1" 404 23127 "-" "Mozilla/5.0 (compatible; DataForSeoBot/1.0; +https://dataforseo.com/dataforseo-bot)"
172.207.242.73 - - [12/Jul/2025:15:33:49 -0400] "GET /wp-content/themes/twentythirteen/functions.php HTTP/1.1" 404 23127 "-" "-"
172.207.242.73 - - [12/Jul/2025:15:33:51 -0400] "GET /wp-content/themes/kadence/functions.php HTTP/1.1" 404 23127 "-" "-"
136.243.228.194 - - [12/Jul/2025:15:33:51 -0400] "GET /items/qcwxw285/7913?key=atop HTTP/1.1" 404 23127 "-" "Mozilla/5.0 (compatible; DataForSeoBot/1.0; +https://dataforseo.com/dataforseo-bot)"
172.207.242.73 - - [12/Jul/2025:15:33:52 -0400] "GET /wp-content/themes/twentytwenty/functions.php HTTP/1.1" 404 23127 "-" "-"
172.207.242.73 - - [12/Jul/2025:15:33:53 -0400] "GET /content.php HTTP/1.1" 404 23127 "-" "-"
172.207.242.73 - - [12/Jul/2025:15:33:55 -0400] "GET /wp-content/plugins/not/includes/about.php HTTP/1.1" 404 23127 "-" "-"
136.243.228.194 - - [12/Jul/2025:15:33:56 -0400] "GET /46ppya31951.html HTTP/1.1" 404 23127 "-" "Mozilla/5.0 (compatible; DataForSeoBot/1.0; +https://dataforseo.com/dataforseo-bot)"
172.207.242.73 - - [12/Jul/2025:15:33:56 -0400] "GET /wp-content/plugins/simple/simple.php HTTP/1.1" 404 23127 "-" "-"
172.207.242.73 - - [12/Jul/2025:15:33:57 -0400] "GET /wp-content/plugins/wp-theme-editor/include.php HTTP/1.1" 404 23127 "-" "-"
172.207.242.73 - - [12/Jul/2025:15:33:58 -0400] "GET /wp-content/themes/aahana/json.php HTTP/1.1" 404 23127 "-" "-"
136.243.228.194 - - [12/Jul/2025:15:33:59 -0400] "GET /items/nmmgs205/46335?key=league HTTP/1.1" 404 23127 "-" "Mozilla/5.0 (compatible; DataForSeoBot/1.0; +https://dataforseo.com/dataforseo-bot)"
172.207.242.73 - - [12/Jul/2025:15:33:59 -0400] "GET /wp-content/plugins/awesome-coming-soon/come.php HTTP/1.1" 404 23127 "-" "-"
172.207.242.73 - - [12/Jul/2025:15:34:01 -0400] "GET /wp-content/plugins/wp-conflg.php HTTP/1.1" 404 23127 "-" "-"
172.207.242.73 - - [12/Jul/2025:15:34:02 -0400] "GET /wp-includes/Requests/about.php HTTP/1.1" 404 23127 "-" "-"
172.207.242.73 - - [12/Jul/2025:15:34:03 -0400] "GET /wp-includes/style-engine/about.php HTTP/1.1" 404 23127 "-" "-"
136.243.228.194 - - [12/Jul/2025:15:34:03 -0400] "GET /items/pyhoc137/15229?key=put HTTP/1.1" 404 23127 "-" "Mozilla/5.0 (compatible; DataForSeoBot/1.0; +https://dataforseo.com/dataforseo-bot)"
172.207.242.73 - - [12/Jul/2025:15:34:05 -0400] "GET /wp-includes/rest-api/about.php HTTP/1.1" 404 23127 "-" "-"
172.207.242.73 - - [12/Jul/2025:15:34:06 -0400] "GET /wp-includes/SimplePie/about.php HTTP/1.1" 404 23127 "-" "-"
66.29.146.47 - - [12/Jul/2025:15:34:08 -0400] "POST /wp-cron.php?doing_wp_cron=1752348848.4347729682922363281250 HTTP/1.1" 403 1242 "-" "WordPress/6.8; https://dangroup.sa"
66.29.146.47 - - [12/Jul/2025:15:34:08 -0400] "POST /wp-cron.php?doing_wp_cron=1752348848.5240960121154785156250 HTTP/1.1" 403 1242 "-" "WordPress/6.8; https://dangroup.sa"
136.243.228.194 - - [12/Jul/2025:15:34:08 -0400] "GET /items/tlzlv226/15942?key=American HTTP/1.1" 404 23127 "-" "Mozilla/5.0 (compatible; DataForSeoBot/1.0; +https://dataforseo.com/dataforseo-bot)"
172.207.242.73 - - [12/Jul/2025:15:34:08 -0400] "GET /wp-content/banners/about.php HTTP/1.1" 404 23127 "-" "-"
172.207.242.73 - - [12/Jul/2025:15:34:10 -0400] "GET /wp-content/about.php HTTP/1.1" 404 23127 "-" "-"
172.207.242.73 - - [12/Jul/2025:15:34:12 -0400] "GET /.well-known/about.php HTTP/1.1" 404 23127 "-" "-"
136.243.228.194 - - [12/Jul/2025:15:34:12 -0400] "GET /items/vlkzp204/3104?key=swimming HTTP/1.1" 404 23127 "-" "Mozilla/5.0 (compatible; DataForSeoBot/1.0; +https://dataforseo.com/dataforseo-bot)"
172.207.242.73 - - [12/Jul/2025:15:34:13 -0400] "GET /wp-includes/Text/about.php HTTP/1.1" 404 23127 "-" "-"
172.207.242.73 - - [12/Jul/2025:15:34:15 -0400] "GET /wp-includes/ID3/about.php HTTP/1.1" 404 23127 "-" "-"
136.243.228.194 - - [12/Jul/2025:15:34:15 -0400] "GET /items/nnuvz245/32439?key=tuck HTTP/1.1" 404 23127 "-" "Mozilla/5.0 (compatible; DataForSeoBot/1.0; +https://dataforseo.com/dataforseo-bot)"
172.207.242.73 - - [12/Jul/2025:15:34:16 -0400] "GET /img/about.php HTTP/1.1" 404 23127 "-" "-"
172.207.242.73 - - [12/Jul/2025:15:34:18 -0400] "GET /wp-content/languages/about.php HTTP/1.1" 404 23127 "-" "-"
172.207.242.73 - - [12/Jul/2025:15:34:19 -0400] "GET /wp-includes/customize/about.php HTTP/1.1" 404 23127 "-" "-"
136.243.228.194 - - [12/Jul/2025:15:34:20 -0400] "GET /items/vrbfm111/39919?key=donation HTTP/1.1" 404 23127 "-" "Mozilla/5.0 (compatible; DataForSeoBot/1.0; +https://dataforseo.com/dataforseo-bot)"
172.207.242.73 - - [12/Jul/2025:15:34:21 -0400] "GET /wp-includes.bak/html-api/about.php HTTP/1.1" 404 23127 "-" "-"
172.207.242.73 - - [12/Jul/2025:15:34:22 -0400] "GET /wp-includes/widgets/about.php HTTP/1.1" 404 23127 "-" "-"
172.207.242.73 - - [12/Jul/2025:15:34:23 -0400] "GET /wp-includes/IXR/about.php HTTP/1.1" 404 23127 "-" "-"
136.243.228.194 - - [12/Jul/2025:15:34:23 -0400] "GET /items/rdkek39/16383?key=dump HTTP/1.1" 404 23127 "-" "Mozilla/5.0 (compatible; DataForSeoBot/1.0; +https://dataforseo.com/dataforseo-bot)"
172.207.242.73 - - [12/Jul/2025:15:34:25 -0400] "GET /wp-admin/js/about.php HTTP/1.1" 404 23127 "-" "-"
172.207.242.73 - - [12/Jul/2025:15:34:26 -0400] "GET /.well-known/pki-validation/about.php HTTP/1.1" 404 1251 "-" "-"
172.207.242.73 - - [12/Jul/2025:15:34:26 -0400] "GET /wp-includes/pomo/about.php HTTP/1.1" 404 23127 "-" "-"
136.243.228.194 - - [12/Jul/2025:15:34:27 -0400] "GET /items/mopuo193/22421?key=joint HTTP/1.1" 404 23127 "-" "Mozilla/5.0 (compatible; DataForSeoBot/1.0; +https://dataforseo.com/dataforseo-bot)"
172.207.242.73 - - [12/Jul/2025:15:34:28 -0400] "GET /wp-includes/block-patterns/about.php HTTP/1.1" 404 23127 "-" "-"
172.207.242.73 - - [12/Jul/2025:15:34:29 -0400] "GET /wp-content/updraft/about.php HTTP/1.1" 404 23127 "-" "-"
172.207.242.73 - - [12/Jul/2025:15:34:30 -0400] "GET /wp-content/upgrade-temp-backup/about.php HTTP/1.1" 404 23127 "-" "-"
172.207.242.73 - - [12/Jul/2025:15:34:31 -0400] "GET /wp-content/themes/about.php HTTP/1.1" 404 23127 "-" "-"
136.243.228.194 - - [12/Jul/2025:15:34:32 -0400] "GET /items/zjhue182/18688?key=while HTTP/1.1" 404 23127 "-" "Mozilla/5.0 (compatible; DataForSeoBot/1.0; +https://dataforseo.com/dataforseo-bot)"
172.207.242.73 - - [12/Jul/2025:15:34:33 -0400] "GET /wp-admin/includes/about.php HTTP/1.1" 404 23127 "-" "-"
20.171.207.193 - - [12/Jul/2025:15:34:34 -0400] "GET /29iacov35634.html HTTP/1.1" 404 23127 "-" "Mozilla/5.0 AppleWebKit/537.36 (KHTML, like Gecko; compatible; GPTBot/1.2; +https://openai.com/gptbot)"
172.207.242.73 - - [12/Jul/2025:15:34:34 -0400] "GET /images/about.php HTTP/1.1" 404 23127 "-" "-"
136.243.228.194 - - [12/Jul/2025:15:34:35 -0400] "GET /items/ifluc154/18990?key=rice HTTP/1.1" 404 23127 "-" "Mozilla/5.0 (compatible; DataForSeoBot/1.0; +https://dataforseo.com/dataforseo-bot)"
172.207.242.73 - - [12/Jul/2025:15:34:35 -0400] "GET /wp-content/blogs.dir/about.php HTTP/1.1" 404 23127 "-" "-"
172.207.242.73 - - [12/Jul/2025:15:34:37 -0400] "GET /wp-includes/images/about.php HTTP/1.1" 404 23127 "-" "-"
172.207.242.73 - - [12/Jul/2025:15:34:38 -0400] "GET /wp-includes/about.php HTTP/1.1" 404 23127 "-" "-"
172.207.242.73 - - [12/Jul/2025:15:34:39 -0400] "GET /cgi-bin/about.php HTTP/1.1" 404 23127 "-" "-"
136.243.228.194 - - [12/Jul/2025:15:34:40 -0400] "GET /items/jczhh70/11558?key=island HTTP/1.1" 404 23127 "-" "Mozilla/5.0 (compatible; DataForSeoBot/1.0; +https://dataforseo.com/dataforseo-bot)"
172.207.242.73 - - [12/Jul/2025:15:34:40 -0400] "GET /wp-content/gallery/about.php HTTP/1.1" 404 23127 "-" "-"
172.207.242.73 - - [12/Jul/2025:15:34:42 -0400] "GET /wp-includes/blocks/about.php HTTP/1.1" 404 23127 "-" "-"
172.207.242.73 - - [12/Jul/2025:15:34:43 -0400] "GET /wp-admin/css/about.php HTTP/1.1" 404 23127 "-" "-"
136.243.228.194 - - [12/Jul/2025:15:34:44 -0400] "GET /181vtvbw16682.html HTTP/1.1" 404 23127 "-" "Mozilla/5.0 (compatible; DataForSeoBot/1.0; +https://dataforseo.com/dataforseo-bot)"
172.207.242.73 - - [12/Jul/2025:15:34:44 -0400] "GET /wp-admin/images/about.php HTTP/1.1" 404 23127 "-" "-"
172.207.242.73 - - [12/Jul/2025:15:34:46 -0400] "GET /.well-known/pki-validation/cloud.php HTTP/1.1" 404 1251 "-" "-"
172.207.242.73 - - [12/Jul/2025:15:34:46 -0400] "GET /.well-known/acme-challenge/cloud.php HTTP/1.1" 404 23127 "-" "-"
172.207.242.73 - - [12/Jul/2025:15:34:47 -0400] "GET /wp-admin/network/cloud.php HTTP/1.1" 404 23127 "-" "-"
168.119.71.79 - - [12/Jul/2025:15:34:48 -0400] "GET /login/ HTTP/1.1" 302 0 "-" "python-requests/2.32.4"
168.119.71.79 - - [12/Jul/2025:15:34:49 -0400] "GET /wp-login.php HTTP/1.1" 200 3093 "-" "python-requests/2.32.4"
136.243.228.194 - - [12/Jul/2025:15:34:48 -0400] "GET /items/udazp13/40497?key=far HTTP/1.1" 404 23127 "-" "Mozilla/5.0 (compatible; DataForSeoBot/1.0; +https://dataforseo.com/dataforseo-bot)"
172.207.242.73 - - [12/Jul/2025:15:34:48 -0400] "GET /cloud.php HTTP/1.1" 404 23127 "-" "-"
168.119.71.79 - - [12/Jul/2025:15:34:50 -0400] "GET /login/ HTTP/1.1" 302 0 "-" "python-requests/2.32.4"
168.119.71.79 - - [12/Jul/2025:15:34:50 -0400] "GET /wp-login.php HTTP/1.1" 200 3127 "-" "python-requests/2.32.4"
172.207.242.73 - - [12/Jul/2025:15:34:50 -0400] "GET /cgi-bin/cloud.php HTTP/1.1" 404 23127 "-" "-"
168.119.71.79 - - [12/Jul/2025:15:34:51 -0400] "GET /login/ HTTP/1.1" 302 0 "-" "python-requests/2.32.4"
168.119.71.79 - - [12/Jul/2025:15:34:51 -0400] "GET /wp-login.php HTTP/1.1" 200 3093 "-" "python-requests/2.32.4"
172.207.242.73 - - [12/Jul/2025:15:34:51 -0400] "GET /wp-content/updates.php HTTP/1.1" 404 23127 "-" "-"
168.119.71.79 - - [12/Jul/2025:15:34:52 -0400] "GET /login/ HTTP/1.1" 302 0 "-" "python-requests/2.32.4"
136.243.228.194 - - [12/Jul/2025:15:34:51 -0400] "GET /255tkf13728.html HTTP/1.1" 404 23127 "-" "Mozilla/5.0 (compatible; DataForSeoBot/1.0; +https://dataforseo.com/dataforseo-bot)"
168.119.71.79 - - [12/Jul/2025:15:34:52 -0400] "GET /wp-login.php HTTP/1.1" 200 3093 "-" "python-requests/2.32.4"
168.119.71.79 - - [12/Jul/2025:15:34:53 -0400] "GET /login/ HTTP/1.1" 302 0 "-" "python-requests/2.32.4"
172.207.242.73 - - [12/Jul/2025:15:34:52 -0400] "GET /css/cloud.php HTTP/1.1" 404 23127 "-" "-"
168.119.71.79 - - [12/Jul/2025:15:34:54 -0400] "GET /wp-login.php HTTP/1.1" 200 3093 "-" "python-requests/2.32.4"
168.119.71.79 - - [12/Jul/2025:15:34:54 -0400] "GET /login/ HTTP/1.1" 302 0 "-" "python-requests/2.32.4"
172.207.242.73 - - [12/Jul/2025:15:34:54 -0400] "GET /wp-admin/user/cloud.php HTTP/1.1" 404 23127 "-" "-"
168.119.71.79 - - [12/Jul/2025:15:34:55 -0400] "GET /wp-login.php HTTP/1.1" 200 3093 "-" "python-requests/2.32.4"
168.119.71.79 - - [12/Jul/2025:15:34:56 -0400] "GET /login/ HTTP/1.1" 302 0 "-" "python-requests/2.32.4"
168.119.71.79 - - [12/Jul/2025:15:34:56 -0400] "GET /wp-login.php HTTP/1.1" 200 3093 "-" "python-requests/2.32.4"
136.243.228.194 - - [12/Jul/2025:15:34:55 -0400] "GET /204bxyxc40425.html HTTP/1.1" 404 23127 "-" "Mozilla/5.0 (compatible; DataForSeoBot/1.0; +https://dataforseo.com/dataforseo-bot)"
172.207.242.73 - - [12/Jul/2025:15:34:55 -0400] "GET /img/cloud.php HTTP/1.1" 404 23129 "-" "-"
168.119.71.79 - - [12/Jul/2025:15:34:57 -0400] "GET /login/ HTTP/1.1" 302 0 "-" "python-requests/2.32.4"
168.119.71.79 - - [12/Jul/2025:15:34:57 -0400] "GET /wp-login.php HTTP/1.1" 200 3093 "-" "python-requests/2.32.4"
172.207.242.73 - - [12/Jul/2025:15:34:57 -0400] "GET /wp-admin/css/colors/coffee/cloud.php HTTP/1.1" 404 23127 "-" "-"
168.119.71.79 - - [12/Jul/2025:15:34:58 -0400] "GET /login/ HTTP/1.1" 302 0 "-" "python-requests/2.32.4"
168.119.71.79 - - [12/Jul/2025:15:34:58 -0400] "GET /wp-login.php HTTP/1.1" 200 3127 "-" "python-requests/2.32.4"
172.207.242.73 - - [12/Jul/2025:15:34:58 -0400] "GET /wp-admin/images/cloud.php HTTP/1.1" 404 23127 "-" "-"
172.207.242.73 - - [12/Jul/2025:15:34:59 -0400] "GET /avaa.php HTTP/1.1" 404 23127 "-" "-"
136.243.228.194 - - [12/Jul/2025:15:35:00 -0400] "GET /items/urjyh111/34061?key=handsome HTTP/1.1" 404 23129 "-" "Mozilla/5.0 (compatible; DataForSeoBot/1.0; +https://dataforseo.com/dataforseo-bot)"
172.207.242.73 - - [12/Jul/2025:15:35:01 -0400] "GET /images/cloud.php HTTP/1.1" 404 23127 "-" "-"
172.207.242.73 - - [12/Jul/2025:15:35:03 -0400] "GET /wp-admin/js/widgets/cloud.php HTTP/1.1" 404 23127 "-" "-"
136.243.228.194 - - [12/Jul/2025:15:35:04 -0400] "GET /items/zrwtt13/11499?key=scandal HTTP/1.1" 404 23127 "-" "Mozilla/5.0 (compatible; DataForSeoBot/1.0; +https://dataforseo.com/dataforseo-bot)"
172.207.242.73 - - [12/Jul/2025:15:35:05 -0400] "GET /wp-includes/Requests/Text/admin.php HTTP/1.1" 404 23127 "-" "-"
66.29.146.47 - - [12/Jul/2025:15:35:10 -0400] "POST /wp-cron.php?doing_wp_cron=1752348909.8700859546661376953125 HTTP/1.1" 403 1242 "-" "WordPress/6.8; https://dangroup.sa"
66.29.146.47 - - [12/Jul/2025:15:35:11 -0400] "POST /wp-cron.php?doing_wp_cron=1752348910.9295709133148193359375 HTTP/1.1" 403 1242 "-" "WordPress/6.8; https://dangroup.sa"
172.207.242.73 - - [12/Jul/2025:15:35:09 -0400] "GET /wp-admin/css/colors/cloud.php HTTP/1.1" 404 23127 "-" "-"
136.243.228.194 - - [12/Jul/2025:15:35:08 -0400] "GET /145vxpdb976.html HTTP/1.1" 404 23127 "-" "Mozilla/5.0 (compatible; DataForSeoBot/1.0; +https://dataforseo.com/dataforseo-bot)"
172.207.242.73 - - [12/Jul/2025:15:35:13 -0400] "GET /wp-admin/includes/cloud.php HTTP/1.1" 404 23127 "-" "-"
172.207.242.73 - - [12/Jul/2025:15:35:16 -0400] "GET /wp-admin/css/colors/blue/cloud.php HTTP/1.1" 404 23127 "-" "-"
172.207.242.73 - - [12/Jul/2025:15:35:19 -0400] "GET /wp-admin/cloud.php HTTP/1.1" 404 23129 "-" "-"
172.207.242.73 - - [12/Jul/2025:15:35:20 -0400] "GET /updates.php HTTP/1.1" 404 23127 "-" "-"
172.207.242.73 - - [12/Jul/2025:15:35:22 -0400] "GET /libraries/legacy/updates.php HTTP/1.1" 404 23127 "-" "-"
172.207.242.73 - - [12/Jul/2025:15:35:24 -0400] "GET /libraries/phpmailer/updates.php HTTP/1.1" 404 23127 "-" "-"
172.207.242.73 - - [12/Jul/2025:15:35:26 -0400] "GET /libraries/vendor/updates.php HTTP/1.1" 404 23127 "-" "-"
66.249.68.129 - - [12/Jul/2025:15:35:28 -0400] "GET /280jwxh22481.html HTTP/1.1" 200 87121 "-" "Mozilla/5.0 (Linux; Android 6.0.1; Nexus 5X Build/MMB29P) AppleWebKit/537.36 (KHTML, like Gecko) Chrome/137.0.7151.103 Mobile Safari/537.36 (compatible; Googlebot/2.1; +http://www.google.com/bot.html)"
172.207.242.73 - - [12/Jul/2025:15:35:28 -0400] "GET /alfa-rex.php7 HTTP/1.1" 404 23127 "-" "-"
172.207.242.73 - - [12/Jul/2025:15:35:29 -0400] "GET /alfanew.php HTTP/1.1" 404 23127 "-" "-"
66.249.68.130 - - [12/Jul/2025:15:35:31 -0400] "GET /items/hatbg271/48965?key=one-third HTTP/1.1" 200 87545 "-" "Mozilla/5.0 (Linux; Android 6.0.1; Nexus 5X Build/MMB29P) AppleWebKit/537.36 (KHTML, like Gecko) Chrome/137.0.7151.103 Mobile Safari/537.36 (compatible; GoogleOther)"
172.207.242.73 - - [12/Jul/2025:15:35:30 -0400] "GET /wp-content/plugins/Cache/Cache.php HTTP/1.1" 404 23127 "-" "-"
172.207.242.73 - - [12/Jul/2025:15:35:32 -0400] "GET /wp-admin/js/widgets/about.php7 HTTP/1.1" 404 23127 "-" "-"
172.207.242.73 - - [12/Jul/2025:15:35:34 -0400] "GET /wp-p.php7 HTTP/1.1" 404 23127 "-" "-"
172.207.242.73 - - [12/Jul/2025:15:35:36 -0400] "GET /wp-admin/repeater.php HTTP/1.1" 404 23127 "-" "-"
172.207.242.73 - - [12/Jul/2025:15:35:38 -0400] "GET /wp-includes/repeater.php HTTP/1.1" 404 23127 "-" "-"
20.171.207.193 - - [12/Jul/2025:15:35:40 -0400] "GET /83wzwua25860.html HTTP/1.1" 404 23127 "-" "Mozilla/5.0 AppleWebKit/537.36 (KHTML, like Gecko; compatible; GPTBot/1.2; +https://openai.com/gptbot)"
172.207.242.73 - - [12/Jul/2025:15:35:40 -0400] "GET /wp-content/repeater.php HTTP/1.1" 404 23127 "-" "-"
172.207.242.73 - - [12/Jul/2025:15:35:41 -0400] "GET /wsoyanz.php HTTP/1.1" 404 23127 "-" "-"
172.207.242.73 - - [12/Jul/2025:15:35:43 -0400] "GET /yanz.php HTTP/1.1" 404 23127 "-" "-"
172.207.242.73 - - [12/Jul/2025:15:35:44 -0400] "GET /wp-content/plugins/seoo/wsoyanz.php HTTP/1.1" 404 23127 "-" "-"
172.207.242.73 - - [12/Jul/2025:15:35:46 -0400] "GET /wp-content/plugins/seoo/wsoyanz1.php HTTP/1.1" 404 23127 "-" "-"
172.207.242.73 - - [12/Jul/2025:15:35:47 -0400] "GET /cache-compat.php HTTP/1.1" 404 23127 "-" "-"
172.207.242.73 - - [12/Jul/2025:15:35:48 -0400] "GET /ajax-actions.php HTTP/1.1" 404 23127 "-" "-"
172.207.242.73 - - [12/Jul/2025:15:35:50 -0400] "GET /wp-admin/ajax-actions.php HTTP/1.1" 404 23127 "-" "-"
172.207.242.73 - - [12/Jul/2025:15:35:51 -0400] "GET /wp-consar.php HTTP/1.1" 404 23127 "-" "-"
172.207.242.73 - - [12/Jul/2025:15:35:52 -0400] "GET /repeater.php HTTP/1.1" 404 23127 "-" "-"
172.207.242.73 - - [12/Jul/2025:15:35:54 -0400] "GET /admin-post.php HTTP/1.1" 404 23129 "-" "-"
172.207.242.73 - - [12/Jul/2025:15:35:55 -0400] "GET /wp-admin/maint/maint/ajax-actions.php HTTP/1.1" 404 23127 "-" "-"
