66.29.146.47 - - [12/Jul/2025:12:10:18 -0400] "POST /wp-cron.php?doing_wp_cron=1752336618.6402139663696289062500 HTTP/1.1" 403 1242 "-" "WordPress/6.8; https://dangroup.sa"
83.97.117.199 - - [12/Jul/2025:12:10:15 -0400] "POST /wp-login.php HTTP/1.1" 200 3243 "https://dangroup.sa/wp-login.php" "Mozilla/5.0 (Windows NT 10.0; Win64; x64) AppleWebKit/537.36 (KHTML, like Gecko) Chrome/115.0.0.0 Safari/537.36 Edg/115.0.1901.203"
45.10.166.28 - - [12/Jul/2025:12:10:14 -0400] "POST /wp-login.php HTTP/1.1" 200 3238 "https://dangroup.sa/wp-login.php" "Mozilla/5.0 (Windows NT 10.0; Win64; x64) AppleWebKit/537.36 (KHTML, like Gecko) Chrome/115.0.0.0 Safari/537.36 Edg/115.0.1901.203"
66.29.146.47 - - [12/Jul/2025:12:10:20 -0400] "POST /wp-cron.php?doing_wp_cron=1752336619.9622960090637207031250 HTTP/1.1" 403 1242 "-" "WordPress/6.8; https://dangroup.sa"
40.127.130.26 - - [12/Jul/2025:12:10:09 -0400] "GET /ajax-actions.php HTTP/1.1" 200 0 "-" "-"
136.243.228.194 - - [12/Jul/2025:12:10:10 -0400] "GET /131bradh46464.html HTTP/1.1" 404 23127 "-" "Mozilla/5.0 (compatible; DataForSeoBot/1.0; +https://dataforseo.com/dataforseo-bot)"
47.82.60.102 - - [12/Jul/2025:12:10:10 -0400] "GET /items/cybvf172/25506?key=electronics HTTP/1.1" 404 23127 "https://dangroup.sa/items/cybvf172/25506?key=electronics" "Mozilla/5.0 (Windows NT 10.0; Win64; x64) AppleWebKit/537.36 (KHTML, like Gecko) Chrome/114.0.0.0 Safari/537.36 Edg/114.0.1823.43"
47.82.60.102 - - [12/Jul/2025:12:10:13 -0400] "GET /items/xmmbl212/34984?key=beginning HTTP/1.1" 404 23129 "https://dangroup.sa/items/xmmbl212/34984?key=beginning" "Mozilla/5.0 (Windows NT 10.0; Win64; x64) AppleWebKit/537.36 (KHTML, like Gecko) Chrome/114.0.0.0 Safari/537.36 Edg/114.0.1823.43"
47.82.60.42 - - [12/Jul/2025:12:10:29 -0400] "GET /pcmypage?callback=product/review/bloomgreen-8129984 HTTP/1.1" 301 0 "https://www.dangroup.sa/pcmypage?callback=product/review/bloomgreen-8129984" "Mozilla/5.0 (Windows NT 10.0; Win64; x64) AppleWebKit/537.36 (KHTML, like Gecko) Chrome/114.0.0.0 Safari/537.36 Edg/114.0.1823.43"
47.82.60.94 - - [12/Jul/2025:12:10:16 -0400] "GET /items/zauob196/33870?key=re HTTP/1.1" 404 23127 "https://dangroup.sa/items/zauob196/33870?key=re" "Mozilla/5.0 (Windows NT 10.0; Win64; x64) AppleWebKit/537.36 (KHTML, like Gecko) Chrome/114.0.0.0 Safari/537.36 Edg/114.0.1823.43"
47.82.60.60 - - [12/Jul/2025:12:10:19 -0400] "GET /298ouj49007.html HTTP/1.1" 404 23127 "https://dangroup.sa/298ouj49007.html" "Mozilla/5.0 (Windows NT 10.0; Win64; x64) AppleWebKit/537.36 (KHTML, like Gecko) Chrome/114.0.0.0 Safari/537.36 Edg/114.0.1823.43"
40.127.130.26 - - [12/Jul/2025:12:10:23 -0400] "GET /wp-admin/ajax-actions.php HTTP/1.1" 404 23129 "-" "-"
136.243.228.194 - - [12/Jul/2025:12:10:26 -0400] "GET /items/ntpdz52/35414?key=rifle HTTP/1.1" 404 23127 "-" "Mozilla/5.0 (compatible; DataForSeoBot/1.0; +https://dataforseo.com/dataforseo-bot)"
47.82.60.42 - - [12/Jul/2025:12:10:31 -0400] "GET /pcmypage?callback=product/review/bloomgreen-8129984 HTTP/1.1" 404 23127 "https://www.dangroup.sa/pcmypage?callback=product/review/bloomgreen-8129984" "Mozilla/5.0 (Windows NT 10.0; Win64; x64) AppleWebKit/537.36 (KHTML, like Gecko) Chrome/114.0.0.0 Safari/537.36 Edg/114.0.1823.43"
40.127.130.26 - - [12/Jul/2025:12:10:33 -0400] "GET /wp-consar.php HTTP/1.1" 404 23129 "-" "-"
136.243.228.194 - - [12/Jul/2025:12:10:36 -0400] "GET /items/nqbbs110/39836?key=site HTTP/1.1" 404 23127 "-" "Mozilla/5.0 (compatible; DataForSeoBot/1.0; +https://dataforseo.com/dataforseo-bot)"
47.82.60.41 - - [12/Jul/2025:12:10:42 -0400] "GET /76muk46821.html HTTP/1.1" 404 23129 "https://dangroup.sa/76muk46821.html" "Mozilla/5.0 (Windows NT 10.0; Win64; x64) AppleWebKit/537.36 (KHTML, like Gecko) Chrome/114.0.0.0 Safari/537.36 Edg/114.0.1823.43"
40.127.130.26 - - [12/Jul/2025:12:10:44 -0400] "GET /repeater.php HTTP/1.1" 404 23129 "-" "-"
136.243.228.194 - - [12/Jul/2025:12:10:49 -0400] "GET /181huzos4120.html HTTP/1.1" 404 23127 "-" "Mozilla/5.0 (compatible; DataForSeoBot/1.0; +https://dataforseo.com/dataforseo-bot)"
40.127.130.26 - - [12/Jul/2025:12:10:55 -0400] "GET /admin-post.php HTTP/1.1" 404 23129 "-" "-"
136.243.228.194 - - [12/Jul/2025:12:11:01 -0400] "GET /103ebaid6200.html HTTP/1.1" 404 23127 "-" "Mozilla/5.0 (compatible; DataForSeoBot/1.0; +https://dataforseo.com/dataforseo-bot)"
40.127.130.26 - - [12/Jul/2025:12:11:03 -0400] "GET /wp-admin/maint/maint/ajax-actions.php HTTP/1.1" 404 23127 "-" "-"
40.127.130.26 - - [12/Jul/2025:12:11:12 -0400] "GET /wp-admin/dropdown.php HTTP/1.1" 404 23129 "-" "-"
66.29.146.47 - - [12/Jul/2025:12:11:23 -0400] "POST /wp-cron.php?doing_wp_cron=1752336683.1459450721740722656250 HTTP/1.1" 403 1242 "-" "WordPress/6.8; https://dangroup.sa"
66.29.146.47 - - [12/Jul/2025:12:11:24 -0400] "POST /wp-cron.php?doing_wp_cron=1752336683.9419100284576416015625 HTTP/1.1" 403 1242 "-" "WordPress/6.8; https://dangroup.sa"
136.243.228.194 - - [12/Jul/2025:12:11:12 -0400] "GET /171shdhh19380.html HTTP/1.1" 404 23129 "-" "Mozilla/5.0 (compatible; DataForSeoBot/1.0; +https://dataforseo.com/dataforseo-bot)"
40.127.130.26 - - [12/Jul/2025:12:11:21 -0400] "GET /wp-admin/css/index.php HTTP/1.1" 301 0 "-" "-"
40.127.130.26 - - [12/Jul/2025:12:11:24 -0400] "GET /wp-admin/css/ HTTP/1.1" 200 2667 "-" "-"
47.82.60.77 - - [12/Jul/2025:12:11:13 -0400] "GET /pcmypage?callback=product/review/rcmdse-t4-3104052 HTTP/1.1" 404 23129 "https://dangroup.sa/pcmypage?callback=product/review/rcmdse-t4-3104052" "Mozilla/5.0 (Windows NT 10.0; Win64; x64) AppleWebKit/537.36 (KHTML, like Gecko) Chrome/114.0.0.0 Safari/537.36 Edg/114.0.1823.43"
47.82.60.92 - - [12/Jul/2025:12:11:20 -0400] "GET /pcmypage?callback=product/detail/rcmdva-tm-2215342 HTTP/1.1" 404 23129 "https://dangroup.sa/pcmypage?callback=product%2Fdetail%2Frcmdva-tm-2215342" "Mozilla/5.0 (Windows NT 10.0; Win64; x64) AppleWebKit/537.36 (KHTML, like Gecko) Chrome/114.0.0.0 Safari/537.36 Edg/114.0.1823.43"
40.127.130.26 - - [12/Jul/2025:12:11:25 -0400] "GET /dropdown.php HTTP/1.1" 404 23127 "-" "-"
136.243.228.194 - - [12/Jul/2025:12:11:26 -0400] "GET /190wenfo19105.html HTTP/1.1" 404 23127 "-" "Mozilla/5.0 (compatible; DataForSeoBot/1.0; +https://dataforseo.com/dataforseo-bot)"
40.127.130.26 - - [12/Jul/2025:12:11:36 -0400] "GET /about.php7 HTTP/1.1" 404 23127 "-" "-"
136.243.228.194 - - [12/Jul/2025:12:11:38 -0400] "GET /57tfwck21878.html HTTP/1.1" 404 23129 "-" "Mozilla/5.0 (compatible; DataForSeoBot/1.0; +https://dataforseo.com/dataforseo-bot)"
40.127.130.26 - - [12/Jul/2025:12:11:39 -0400] "GET /alfanew.php7 HTTP/1.1" 404 23127 "-" "-"
47.82.60.62 - - [12/Jul/2025:12:11:41 -0400] "GET /items/ovdsm186/28296?key=missile HTTP/1.1" 404 23129 "https://dangroup.sa/items/ovdsm186/28296?key=missile" "Mozilla/5.0 (Windows NT 10.0; Win64; x64) AppleWebKit/537.36 (KHTML, like Gecko) Chrome/114.0.0.0 Safari/537.36 Edg/114.0.1823.43"
136.243.228.194 - - [12/Jul/2025:12:11:42 -0400] "GET /items/vepyc28/7650?key=response HTTP/1.1" 404 23127 "-" "Mozilla/5.0 (compatible; DataForSeoBot/1.0; +https://dataforseo.com/dataforseo-bot)"
40.127.130.26 - - [12/Jul/2025:12:11:44 -0400] "GET /adminfuns.php7 HTTP/1.1" 404 23127 "-" "-"
47.82.60.72 - - [12/Jul/2025:12:11:54 -0400] "GET /pcmypage?callback=product/review/coordiroom-at-300fwsd5 HTTP/1.1" 301 0 "https://www.dangroup.sa/pcmypage?callback=product/review/coordiroom-at-300fwsd5" "Mozilla/5.0 (Windows NT 10.0; Win64; x64) AppleWebKit/537.36 (KHTML, like Gecko) Chrome/114.0.0.0 Safari/537.36 Edg/114.0.1823.43"
47.82.60.57 - - [12/Jul/2025:12:11:48 -0400] "GET /114nceij18267.html HTTP/1.1" 404 23127 "https://dangroup.sa/114nceij18267.html" "Mozilla/5.0 (Windows NT 10.0; Win64; x64) AppleWebKit/537.36 (KHTML, like Gecko) Chrome/114.0.0.0 Safari/537.36 Edg/114.0.1823.43"
40.127.130.26 - - [12/Jul/2025:12:11:53 -0400] "GET /ebs.php7 HTTP/1.1" 404 23127 "-" "-"
136.243.228.194 - - [12/Jul/2025:12:11:54 -0400] "GET /205dlhj41612.html HTTP/1.1" 404 23127 "-" "Mozilla/5.0 (compatible; DataForSeoBot/1.0; +https://dataforseo.com/dataforseo-bot)"
47.82.60.72 - - [12/Jul/2025:12:12:03 -0400] "GET /pcmypage?callback=product/review/coordiroom-at-300fwsd5 HTTP/1.1" 404 23129 "https://www.dangroup.sa/pcmypage?callback=product/review/coordiroom-at-300fwsd5" "Mozilla/5.0 (Windows NT 10.0; Win64; x64) AppleWebKit/537.36 (KHTML, like Gecko) Chrome/114.0.0.0 Safari/537.36 Edg/114.0.1823.43"
40.127.130.26 - - [12/Jul/2025:12:12:05 -0400] "GET /ws.php7 HTTP/1.1" 404 23129 "-" "-"
136.243.228.194 - - [12/Jul/2025:12:12:07 -0400] "GET /136zcam17553.html HTTP/1.1" 404 23127 "-" "Mozilla/5.0 (compatible; DataForSeoBot/1.0; +https://dataforseo.com/dataforseo-bot)"
66.29.146.47 - - [12/Jul/2025:12:12:24 -0400] "POST /wp-cron.php?doing_wp_cron=1752336744.1462359428405761718750 HTTP/1.1" 403 1242 "-" "WordPress/6.8; https://dangroup.sa"
40.127.130.26 - - [12/Jul/2025:12:12:17 -0400] "GET /alfanew2.php7 HTTP/1.1" 404 23129 "-" "-"
47.82.60.71 - - [12/Jul/2025:12:12:20 -0400] "GET /pcmypage?callback=product/review/g-bike-82872-319433 HTTP/1.1" 404 23127 "https://dangroup.sa/pcmypage?callback=product/review/g-bike-82872-319433" "Mozilla/5.0 (Windows NT 10.0; Win64; x64) AppleWebKit/537.36 (KHTML, like Gecko) Chrome/114.0.0.0 Safari/537.36 Edg/114.0.1823.43"
136.243.228.194 - - [12/Jul/2025:12:12:22 -0400] "GET /items/atsou139/30987?key=interior HTTP/1.1" 404 23129 "-" "Mozilla/5.0 (compatible; DataForSeoBot/1.0; +https://dataforseo.com/dataforseo-bot)"
40.127.130.26 - - [12/Jul/2025:12:12:27 -0400] "GET /alfa-rex2.php7 HTTP/1.1" 404 23127 "-" "-"
40.127.130.26 - - [12/Jul/2025:12:12:36 -0400] "GET /wp-admin/images/index.php HTTP/1.1" 301 0 "-" "-"
40.127.130.26 - - [12/Jul/2025:12:12:37 -0400] "GET /wp-admin/images/ HTTP/1.1" 200 2323 "-" "-"
40.127.130.26 - - [12/Jul/2025:12:12:38 -0400] "GET /wp-admin/css/colors/index.php HTTP/1.1" 301 0 "-" "-"
40.127.130.26 - - [12/Jul/2025:12:12:40 -0400] "GET /wp-admin/css/colors/ HTTP/1.1" 200 1093 "-" "-"
136.243.228.194 - - [12/Jul/2025:12:12:33 -0400] "GET /items/ifczf144/6748?key=treat HTTP/1.1" 404 23127 "-" "Mozilla/5.0 (compatible; DataForSeoBot/1.0; +https://dataforseo.com/dataforseo-bot)"
66.249.68.133 - - [12/Jul/2025:12:12:42 -0400] "GET /153jtjmp6136.html HTTP/1.1" 200 86877 "-" "Mozilla/5.0 (Linux; Android 6.0.1; Nexus 5X Build/MMB29P) AppleWebKit/537.36 (KHTML, like Gecko) Chrome/137.0.7151.103 Mobile Safari/537.36 (compatible; Googlebot/2.1; +http://www.google.com/bot.html)"
40.127.130.26 - - [12/Jul/2025:12:12:40 -0400] "GET /wp-content/themes/seotheme/mar.php HTTP/1.1" 404 23129 "-" "-"
47.82.60.52 - - [12/Jul/2025:12:12:46 -0400] "GET /pcmypage?callback=product/detail/momoda-ds-2293042 HTTP/1.1" 301 0 "https://www.dangroup.sa/pcmypage?callback=product%2Fdetail%2Fmomoda-ds-2293042" "Mozilla/5.0 (Windows NT 10.0; Win64; x64) AppleWebKit/537.36 (KHTML, like Gecko) Chrome/114.0.0.0 Safari/537.36 Edg/114.0.1823.43"
136.243.228.194 - - [12/Jul/2025:12:12:42 -0400] "GET /263nor40502.html HTTP/1.1" 404 23129 "-" "Mozilla/5.0 (compatible; DataForSeoBot/1.0; +https://dataforseo.com/dataforseo-bot)"
40.127.130.26 - - [12/Jul/2025:12:12:48 -0400] "GET /wp-content/plugins/linkpreview/db.php HTTP/1.1" 404 23127 "-" "-"
47.82.60.52 - - [12/Jul/2025:12:12:49 -0400] "GET /pcmypage?callback=product/detail/momoda-ds-2293042 HTTP/1.1" 404 23129 "https://www.dangroup.sa/pcmypage?callback=product%2Fdetail%2Fmomoda-ds-2293042" "Mozilla/5.0 (Windows NT 10.0; Win64; x64) AppleWebKit/537.36 (KHTML, like Gecko) Chrome/114.0.0.0 Safari/537.36 Edg/114.0.1823.43"
136.243.228.194 - - [12/Jul/2025:12:12:53 -0400] "GET /211hwjd21754.html HTTP/1.1" 404 23129 "-" "Mozilla/5.0 (compatible; DataForSeoBot/1.0; +https://dataforseo.com/dataforseo-bot)"
40.127.130.26 - - [12/Jul/2025:12:12:57 -0400] "GET /wp-content/themes/seotheme/db.php HTTP/1.1" 404 23127 "-" "-"
136.243.228.194 - - [12/Jul/2025:12:13:04 -0400] "GET /65bloi45112.html HTTP/1.1" 404 23129 "-" "Mozilla/5.0 (compatible; DataForSeoBot/1.0; +https://dataforseo.com/dataforseo-bot)"
40.127.130.26 - - [12/Jul/2025:12:13:04 -0400] "GET /wp-content/plugins/seoplugins/db.php HTTP/1.1" 404 23127 "-" "-"
66.249.68.133 - - [12/Jul/2025:12:13:12 -0400] "GET /items/cidfh94/494?key=tail HTTP/1.1" 200 86634 "-" "Mozilla/5.0 (Linux; Android 6.0.1; Nexus 5X Build/MMB29P) AppleWebKit/537.36 (KHTML, like Gecko) Chrome/137.0.7151.103 Mobile Safari/537.36 (compatible; Googlebot/2.1; +http://www.google.com/bot.html)"
136.243.228.194 - - [12/Jul/2025:12:13:12 -0400] "GET /238fav25551.html HTTP/1.1" 404 23127 "-" "Mozilla/5.0 (compatible; DataForSeoBot/1.0; +https://dataforseo.com/dataforseo-bot)"
40.127.130.26 - - [12/Jul/2025:12:13:12 -0400] "GET /wp-content/plugins/seoplugins/mar.php HTTP/1.1" 404 23127 "-" "-"
40.127.130.26 - - [12/Jul/2025:12:13:22 -0400] "GET /.well-known/pki-validation/xmrlpc.php HTTP/1.1" 404 1251 "-" "-"
66.29.146.47 - - [12/Jul/2025:12:13:24 -0400] "POST /wp-cron.php?doing_wp_cron=1752336804.4420120716094970703125 HTTP/1.1" 403 1242 "-" "WordPress/6.8; https://dangroup.sa"
66.29.146.47 - - [12/Jul/2025:12:13:24 -0400] "POST /wp-cron.php?doing_wp_cron=1752336804.6458890438079833984375 HTTP/1.1" 403 1242 "-" "WordPress/6.8; https://dangroup.sa"
66.29.146.47 - - [12/Jul/2025:12:13:26 -0400] "POST /wp-cron.php?doing_wp_cron=1752336805.8518850803375244140625 HTTP/1.1" 403 1242 "-" "WordPress/6.8; https://dangroup.sa"
136.243.228.194 - - [12/Jul/2025:12:13:22 -0400] "GET /items/jcyli51/30829?key=retired HTTP/1.1" 404 23129 "-" "Mozilla/5.0 (compatible; DataForSeoBot/1.0; +https://dataforseo.com/dataforseo-bot)"
40.127.130.26 - - [12/Jul/2025:12:13:23 -0400] "GET /.well-known/acme-challenge/xmrlpc.php HTTP/1.1" 404 23129 "-" "-"
47.82.60.40 - - [12/Jul/2025:12:13:23 -0400] "GET /pcmypage?callback=product/review/tuzukiya-m223-132461 HTTP/1.1" 404 23127 "https://dangroup.sa/pcmypage?callback=product/review/tuzukiya-m223-132461" "Mozilla/5.0 (Windows NT 10.0; Win64; x64) AppleWebKit/537.36 (KHTML, like Gecko) Chrome/114.0.0.0 Safari/537.36 Edg/114.0.1823.43"
40.127.130.26 - - [12/Jul/2025:12:13:32 -0400] "GET /wp-admin/network/xmrlpc.php HTTP/1.1" 404 23127 "-" "-"
136.243.228.194 - - [12/Jul/2025:12:13:32 -0400] "GET /items/dlzmh219/6781?key=known HTTP/1.1" 404 23127 "-" "Mozilla/5.0 (compatible; DataForSeoBot/1.0; +https://dataforseo.com/dataforseo-bot)"
40.127.130.26 - - [12/Jul/2025:12:13:41 -0400] "GET /xmrlpc.php HTTP/1.1" 404 23129 "-" "-"
136.243.228.194 - - [12/Jul/2025:12:13:43 -0400] "GET /288cml15463.html HTTP/1.1" 404 23129 "-" "Mozilla/5.0 (compatible; DataForSeoBot/1.0; +https://dataforseo.com/dataforseo-bot)"
40.127.130.26 - - [12/Jul/2025:12:13:48 -0400] "GET /cgi-bin/xmrlpc.php HTTP/1.1" 404 23127 "-" "-"
136.243.228.194 - - [12/Jul/2025:12:13:54 -0400] "GET /99nao37478.html HTTP/1.1" 404 23127 "-" "Mozilla/5.0 (compatible; DataForSeoBot/1.0; +https://dataforseo.com/dataforseo-bot)"
40.127.130.26 - - [12/Jul/2025:12:13:56 -0400] "GET /css/xmrlpc.php HTTP/1.1" 404 23129 "-" "-"
136.243.228.194 - - [12/Jul/2025:12:14:04 -0400] "GET /33rmxna31118.html HTTP/1.1" 404 23129 "-" "Mozilla/5.0 (compatible; DataForSeoBot/1.0; +https://dataforseo.com/dataforseo-bot)"
40.127.130.26 - - [12/Jul/2025:12:14:04 -0400] "GET /wp-admin/user/xmrlpc.php HTTP/1.1" 404 23129 "-" "-"
40.127.130.26 - - [12/Jul/2025:12:14:13 -0400] "GET /img/xmrlpc.php HTTP/1.1" 404 23127 "-" "-"
136.243.228.194 - - [12/Jul/2025:12:14:13 -0400] "GET /226zpkvq7419.html HTTP/1.1" 404 23127 "-" "Mozilla/5.0 (compatible; DataForSeoBot/1.0; +https://dataforseo.com/dataforseo-bot)"
66.29.146.47 - - [12/Jul/2025:12:14:27 -0400] "POST /wp-cron.php?doing_wp_cron=1752336866.9513089656829833984375 HTTP/1.1" 403 1242 "-" "WordPress/6.8; https://dangroup.sa"
40.127.130.26 - - [12/Jul/2025:12:14:20 -0400] "GET /wp-admin/css/colors/coffee/xmrlpc.php HTTP/1.1" 404 23129 "-" "-"
136.243.228.194 - - [12/Jul/2025:12:14:25 -0400] "GET /243ler12046.html HTTP/1.1" 404 23127 "-" "Mozilla/5.0 (compatible; DataForSeoBot/1.0; +https://dataforseo.com/dataforseo-bot)"
40.127.130.26 - - [12/Jul/2025:12:14:28 -0400] "GET /wp-admin/images/xmrlpc.php HTTP/1.1" 404 23127 "-" "-"
40.127.130.26 - - [12/Jul/2025:12:14:32 -0400] "GET /images/xmrlpc.php HTTP/1.1" 404 23127 "-" "-"
136.243.228.194 - - [12/Jul/2025:12:14:33 -0400] "GET /items/wbgqu230/49058?key=rely HTTP/1.1" 404 23127 "-" "Mozilla/5.0 (compatible; DataForSeoBot/1.0; +https://dataforseo.com/dataforseo-bot)"
40.127.130.26 - - [12/Jul/2025:12:14:37 -0400] "GET /wp-admin/js/widgets/xmrlpc.php HTTP/1.1" 404 23127 "-" "-"
136.243.228.194 - - [12/Jul/2025:12:14:40 -0400] "GET /items/cnhkp147/7499?key=suffering HTTP/1.1" 404 23129 "-" "Mozilla/5.0 (compatible; DataForSeoBot/1.0; +https://dataforseo.com/dataforseo-bot)"
40.127.130.26 - - [12/Jul/2025:12:14:45 -0400] "GET /wp-admin/css/colors/xmrlpc.php HTTP/1.1" 404 23127 "-" "-"
136.243.228.194 - - [12/Jul/2025:12:14:51 -0400] "GET /232vqzpm47781.html HTTP/1.1" 404 23127 "-" "Mozilla/5.0 (compatible; DataForSeoBot/1.0; +https://dataforseo.com/dataforseo-bot)"
47.82.60.53 - - [12/Jul/2025:12:14:52 -0400] "GET /287ixmxl442.html HTTP/1.1" 404 23127 "https://dangroup.sa/287ixmxl442.html" "Mozilla/5.0 (Windows NT 10.0; Win64; x64) AppleWebKit/537.36 (KHTML, like Gecko) Chrome/114.0.0.0 Safari/537.36 Edg/114.0.1823.43"
40.127.130.26 - - [12/Jul/2025:12:14:54 -0400] "GET /wp-admin/includes/xmrlpc.php HTTP/1.1" 404 23127 "-" "-"
136.243.228.194 - - [12/Jul/2025:12:15:02 -0400] "GET /items/qsgom256/15084?key=Cuban HTTP/1.1" 404 23127 "-" "Mozilla/5.0 (compatible; DataForSeoBot/1.0; +https://dataforseo.com/dataforseo-bot)"
40.127.130.26 - - [12/Jul/2025:12:15:06 -0400] "GET /wp-admin/css/colors/blue/xmrlpc.php HTTP/1.1" 404 23127 "-" "-"
136.243.228.194 - - [12/Jul/2025:12:15:12 -0400] "GET /5mnnw42898.html HTTP/1.1" 404 23127 "-" "Mozilla/5.0 (compatible; DataForSeoBot/1.0; +https://dataforseo.com/dataforseo-bot)"
40.127.130.26 - - [12/Jul/2025:12:15:17 -0400] "GET /wp-admin/xmrlpc.php HTTP/1.1" 404 23129 "-" "-"
136.243.228.194 - - [12/Jul/2025:12:15:21 -0400] "GET /113ktcv8084.html HTTP/1.1" 404 23129 "-" "Mozilla/5.0 (compatible; DataForSeoBot/1.0; +https://dataforseo.com/dataforseo-bot)"
40.127.130.26 - - [12/Jul/2025:12:15:25 -0400] "GET /403.php HTTP/1.1" 404 23127 "-" "-"
66.29.146.47 - - [12/Jul/2025:12:15:33 -0400] "POST /wp-cron.php?doing_wp_cron=1752336933.2445220947265625000000 HTTP/1.1" 403 1242 "-" "WordPress/6.8; https://dangroup.sa"
136.243.228.194 - - [12/Jul/2025:12:15:31 -0400] "GET /37hbt11570.html HTTP/1.1" 404 23127 "-" "Mozilla/5.0 (compatible; DataForSeoBot/1.0; +https://dataforseo.com/dataforseo-bot)"
40.127.130.26 - - [12/Jul/2025:12:15:33 -0400] "GET /css.php HTTP/1.1" 404 23127 "-" "-"
136.243.228.194 - - [12/Jul/2025:12:15:42 -0400] "GET /items/rbnnv90/4930?key=oral HTTP/1.1" 404 23129 "-" "Mozilla/5.0 (compatible; DataForSeoBot/1.0; +https://dataforseo.com/dataforseo-bot)"
40.127.130.26 - - [12/Jul/2025:12:15:43 -0400] "GET /simple.php HTTP/1.1" 404 23127 "-" "-"
136.243.228.194 - - [12/Jul/2025:12:15:50 -0400] "GET /57oas23736.html HTTP/1.1" 404 23127 "-" "Mozilla/5.0 (compatible; DataForSeoBot/1.0; +https://dataforseo.com/dataforseo-bot)"
40.127.130.26 - - [12/Jul/2025:12:15:52 -0400] "GET /log.php HTTP/1.1" 404 23127 "-" "-"
40.127.130.26 - - [12/Jul/2025:12:16:01 -0400] "GET /index.php HTTP/1.1" 301 0 "-" "-"
136.243.228.194 - - [12/Jul/2025:12:16:01 -0400] "GET /items/jpwys120/20190?key=container HTTP/1.1" 404 23129 "-" "Mozilla/5.0 (compatible; DataForSeoBot/1.0; +https://dataforseo.com/dataforseo-bot)"
40.127.130.26 - - [12/Jul/2025:12:16:02 -0400] "GET / HTTP/1.1" 200 33220 "-" "-"
136.243.228.194 - - [12/Jul/2025:12:16:10 -0400] "GET /items/djqyq22/26656?key=rely HTTP/1.1" 404 23127 "-" "Mozilla/5.0 (compatible; DataForSeoBot/1.0; +https://dataforseo.com/dataforseo-bot)"
40.127.130.26 - - [12/Jul/2025:12:16:14 -0400] "GET /mail.php HTTP/1.1" 404 23129 "-" "-"
136.243.228.194 - - [12/Jul/2025:12:16:18 -0400] "GET /items/pmjmy269/30005?key=supporter HTTP/1.1" 404 23127 "-" "Mozilla/5.0 (compatible; DataForSeoBot/1.0; +https://dataforseo.com/dataforseo-bot)"
40.127.130.26 - - [12/Jul/2025:12:16:21 -0400] "GET /bak.php HTTP/1.1" 404 23127 "-" "-"
136.243.228.194 - - [12/Jul/2025:12:16:26 -0400] "GET /items/xyvdt248/15932?key=municipal HTTP/1.1" 404 23129 "-" "Mozilla/5.0 (compatible; DataForSeoBot/1.0; +https://dataforseo.com/dataforseo-bot)"
40.127.130.26 - - [12/Jul/2025:12:16:29 -0400] "GET /upfile.php HTTP/1.1" 404 23127 "-" "-"
66.29.146.47 - - [12/Jul/2025:12:16:36 -0400] "POST /wp-cron.php?doing_wp_cron=1752336996.6579360961914062500000 HTTP/1.1" 403 1242 "-" "WordPress/6.8; https://dangroup.sa"
136.243.228.194 - - [12/Jul/2025:12:16:35 -0400] "GET /19kgp4846.html HTTP/1.1" 404 23127 "-" "Mozilla/5.0 (compatible; DataForSeoBot/1.0; +https://dataforseo.com/dataforseo-bot)"
40.127.130.26 - - [12/Jul/2025:12:16:36 -0400] "GET /wp-conflg.php HTTP/1.1" 404 23127 "-" "-"
40.127.130.26 - - [12/Jul/2025:12:16:44 -0400] "GET /bypass.php HTTP/1.1" 404 23127 "-" "-"
136.243.228.194 - - [12/Jul/2025:12:16:43 -0400] "GET /items/juwrq127/37465?key=entrance HTTP/1.1" 404 23127 "-" "Mozilla/5.0 (compatible; DataForSeoBot/1.0; +https://dataforseo.com/dataforseo-bot)"
40.127.130.26 - - [12/Jul/2025:12:16:52 -0400] "GET /radio.php HTTP/1.1" 404 23129 "-" "-"
136.243.228.194 - - [12/Jul/2025:12:16:54 -0400] "GET /items/jsavh128/2602?key=compelling HTTP/1.1" 404 23127 "-" "Mozilla/5.0 (compatible; DataForSeoBot/1.0; +https://dataforseo.com/dataforseo-bot)"
40.127.130.26 - - [12/Jul/2025:12:16:58 -0400] "GET /moon.php HTTP/1.1" 404 23127 "-" "-"
136.243.228.194 - - [12/Jul/2025:12:17:04 -0400] "GET /items/cxbfj110/47410?key=dock HTTP/1.1" 404 23129 "-" "Mozilla/5.0 (compatible; DataForSeoBot/1.0; +https://dataforseo.com/dataforseo-bot)"
40.127.130.26 - - [12/Jul/2025:12:17:09 -0400] "GET /blog.php HTTP/1.1" 404 23129 "-" "-"
136.243.228.194 - - [12/Jul/2025:12:17:15 -0400] "GET /items/tscjo198/8920?key=musical HTTP/1.1" 404 23127 "-" "Mozilla/5.0 (compatible; DataForSeoBot/1.0; +https://dataforseo.com/dataforseo-bot)"
40.127.130.26 - - [12/Jul/2025:12:17:19 -0400] "GET /themes.php HTTP/1.1" 404 23127 "-" "-"
136.243.228.194 - - [12/Jul/2025:12:17:25 -0400] "GET /146kklz40643.html HTTP/1.1" 404 23127 "-" "Mozilla/5.0 (compatible; DataForSeoBot/1.0; +https://dataforseo.com/dataforseo-bot)"
40.127.130.26 - - [12/Jul/2025:12:17:27 -0400] "GET /ini.php HTTP/1.1" 404 23127 "-" "-"
40.127.130.26 - - [12/Jul/2025:12:17:35 -0400] "GET /as.php HTTP/1.1" 404 23127 "-" "-"
136.243.228.194 - - [12/Jul/2025:12:17:35 -0400] "GET /items/fzael70/27018?key=filter HTTP/1.1" 404 23127 "-" "Mozilla/5.0 (compatible; DataForSeoBot/1.0; +https://dataforseo.com/dataforseo-bot)"
66.29.146.47 - - [12/Jul/2025:12:17:41 -0400] "POST /wp-cron.php?doing_wp_cron=1752337061.0520460605621337890625 HTTP/1.1" 403 1242 "-" "WordPress/6.8; https://dangroup.sa"
47.128.96.120 - - [12/Jul/2025:12:17:42 -0400] "GET /robots.txt HTTP/1.1" 304 0 "-" "Go-http-client/2.0"
40.127.130.26 - - [12/Jul/2025:12:17:40 -0400] "GET /shell.php HTTP/1.1" 404 23127 "-" "-"
136.243.228.194 - - [12/Jul/2025:12:17:42 -0400] "GET /items/qebil223/23733?key=enormous HTTP/1.1" 404 23129 "-" "Mozilla/5.0 (compatible; DataForSeoBot/1.0; +https://dataforseo.com/dataforseo-bot)"
40.127.130.26 - - [12/Jul/2025:12:17:44 -0400] "GET /ws.php HTTP/1.1" 404 23127 "-" "-"
136.243.228.194 - - [12/Jul/2025:12:17:49 -0400] "GET /64phj47493.html HTTP/1.1" 404 23127 "-" "Mozilla/5.0 (compatible; DataForSeoBot/1.0; +https://dataforseo.com/dataforseo-bot)"
40.127.130.26 - - [12/Jul/2025:12:17:52 -0400] "GET /makeasmtp.php HTTP/1.1" 404 23127 "-" "-"
136.243.228.194 - - [12/Jul/2025:12:17:59 -0400] "GET /81gcron43800.html HTTP/1.1" 404 23127 "-" "Mozilla/5.0 (compatible; DataForSeoBot/1.0; +https://dataforseo.com/dataforseo-bot)"
40.127.130.26 - - [12/Jul/2025:12:18:00 -0400] "GET /wp-sigunq.php HTTP/1.1" 404 23129 "-" "-"
40.127.130.26 - - [12/Jul/2025:12:18:08 -0400] "GET /wso112233.php HTTP/1.1" 404 23129 "-" "-"
136.243.228.194 - - [12/Jul/2025:12:18:09 -0400] "GET /items/modny66/9818?key=why HTTP/1.1" 404 23127 "-" "Mozilla/5.0 (compatible; DataForSeoBot/1.0; +https://dataforseo.com/dataforseo-bot)"
40.127.130.26 - - [12/Jul/2025:12:18:18 -0400] "GET /fw.php HTTP/1.1" 404 23129 "-" "-"
136.243.228.194 - - [12/Jul/2025:12:18:22 -0400] "GET /items/valwg176/24914?key=weather HTTP/1.1" 404 23127 "-" "Mozilla/5.0 (compatible; DataForSeoBot/1.0; +https://dataforseo.com/dataforseo-bot)"
40.77.167.116 - - [12/Jul/2025:12:18:31 -0400] "GET /zihhivu25882umatelda HTTP/1.1" 200 17 "-" "Mozilla/5.0 AppleWebKit/537.36 (KHTML, like Gecko; compatible; bingbot/2.0; +http://www.bing.com/bingbot.htm) Chrome/116.0.1938.76 Safari/537.36"
40.127.130.26 - - [12/Jul/2025:12:18:24 -0400] "GET /install.php HTTP/1.1" 404 23129 "-" "-"
40.127.130.26 - - [12/Jul/2025:12:18:33 -0400] "GET /wp-login.php HTTP/1.1" 200 3127 "-" "-"
136.243.228.194 - - [12/Jul/2025:12:18:31 -0400] "GET /207uyc18114.html HTTP/1.1" 404 23129 "-" "Mozilla/5.0 (compatible; DataForSeoBot/1.0; +https://dataforseo.com/dataforseo-bot)"
83.217.72.249 - - [12/Jul/2025:12:18:39 -0400] "POST /xmlrpc.php HTTP/1.1" 403 1242 "-" "Mozilla/5.0 (X11; Ubuntu; Linux x86_64; rv:85.0) Gecko/20100101 Firefox/91.0"
66.29.146.47 - - [12/Jul/2025:12:18:42 -0400] "POST /wp-cron.php?doing_wp_cron=1752337122.3495399951934814453125 HTTP/1.1" 403 1242 "-" "WordPress/6.8; https://dangroup.sa"
40.127.130.26 - - [12/Jul/2025:12:18:34 -0400] "GET /wp-content/plugins/google-seo-rank/module.php HTTP/1.1" 404 23129 "-" "-"
136.243.228.194 - - [12/Jul/2025:12:18:40 -0400] "GET /285dadac6700.html HTTP/1.1" 404 23127 "-" "Mozilla/5.0 (compatible; DataForSeoBot/1.0; +https://dataforseo.com/dataforseo-bot)"
40.127.130.26 - - [12/Jul/2025:12:18:43 -0400] "GET /chosen.php HTTP/1.1" 404 23127 "-" "-"
136.243.228.194 - - [12/Jul/2025:12:18:50 -0400] "GET /54hdv49379.html HTTP/1.1" 404 23127 "-" "Mozilla/5.0 (compatible; DataForSeoBot/1.0; +https://dataforseo.com/dataforseo-bot)"
40.127.130.26 - - [12/Jul/2025:12:18:51 -0400] "GET /inputs.php HTTP/1.1" 404 23127 "-" "-"
136.243.228.194 - - [12/Jul/2025:12:18:57 -0400] "GET /94ynql45887.html HTTP/1.1" 404 23129 "-" "Mozilla/5.0 (compatible; DataForSeoBot/1.0; +https://dataforseo.com/dataforseo-bot)"
40.127.130.26 - - [12/Jul/2025:12:18:59 -0400] "GET /classsmtps.php HTTP/1.1" 404 23129 "-" "-"
40.127.130.26 - - [12/Jul/2025:12:19:08 -0400] "GET /wp-blog-header.php HTTP/1.1" 403 1242 "-" "-"
40.127.130.26 - - [12/Jul/2025:12:19:09 -0400] "GET /wp-trackback.php HTTP/1.1" 403 1242 "-" "-"
40.127.130.26 - - [12/Jul/2025:12:19:09 -0400] "GET /wp-signup.php HTTP/1.1" 403 1242 "-" "-"
40.127.130.26 - - [12/Jul/2025:12:19:09 -0400] "GET /wp-comments-post.php HTTP/1.1" 403 1242 "-" "-"
40.127.130.26 - - [12/Jul/2025:12:19:10 -0400] "GET /wp-cron.php HTTP/1.1" 403 1242 "-" "-"
40.127.130.26 - - [12/Jul/2025:12:19:10 -0400] "GET /wp-load.php HTTP/1.1" 403 1242 "-" "-"
204.12.252.98 - - [12/Jul/2025:12:19:10 -0400] "GET /wp-content/install.php HTTP/1.1" 200 10 "https://dangroup.sa/wp-content/install.php" "Mozilla/5.0 (Windows NT 10.0; Win64; x64) AppleWebKit/537.36 (KHTML, like Gecko) Chrome/58.0.3029.110 Safari/537.3"
40.127.130.26 - - [12/Jul/2025:12:19:10 -0400] "GET /wp-mail.php HTTP/1.1" 403 1242 "-" "-"
136.243.228.194 - - [12/Jul/2025:12:19:06 -0400] "GET /items/arhgo53/30203?key=compete HTTP/1.1" 404 23129 "-" "Mozilla/5.0 (compatible; DataForSeoBot/1.0; +https://dataforseo.com/dataforseo-bot)"
40.127.130.26 - - [12/Jul/2025:12:19:11 -0400] "GET /edit.php HTTP/1.1" 404 23129 "-" "-"
40.127.130.26 - - [12/Jul/2025:12:19:20 -0400] "GET /wp-activate.php HTTP/1.1" 403 1242 "-" "-"
136.243.228.194 - - [12/Jul/2025:12:19:15 -0400] "GET /270qbm41801.html HTTP/1.1" 404 23127 "-" "Mozilla/5.0 (compatible; DataForSeoBot/1.0; +https://dataforseo.com/dataforseo-bot)"
40.127.130.26 - - [12/Jul/2025:12:19:20 -0400] "GET /plugins.php HTTP/1.1" 404 23127 "-" "-"
136.243.228.194 - - [12/Jul/2025:12:19:22 -0400] "GET /73toou19994.html HTTP/1.1" 404 23127 "-" "Mozilla/5.0 (compatible; DataForSeoBot/1.0; +https://dataforseo.com/dataforseo-bot)"
40.127.130.26 - - [12/Jul/2025:12:19:24 -0400] "GET /post.php HTTP/1.1" 404 23127 "-" "-"
136.243.228.194 - - [12/Jul/2025:12:19:28 -0400] "GET /89wrrs19944.html HTTP/1.1" 404 23127 "-" "Mozilla/5.0 (compatible; DataForSeoBot/1.0; +https://dataforseo.com/dataforseo-bot)"
40.127.130.26 - - [12/Jul/2025:12:19:28 -0400] "GET /wp-content/plugins/pwnd/block-support.php HTTP/1.1" 404 23127 "-" "-"
40.127.130.26 - - [12/Jul/2025:12:19:32 -0400] "GET /about/function.php HTTP/1.1" 404 23129 "-" "-"
136.243.228.194 - - [12/Jul/2025:12:19:33 -0400] "GET /282zdqo20607.html HTTP/1.1" 404 23127 "-" "Mozilla/5.0 (compatible; DataForSeoBot/1.0; +https://dataforseo.com/dataforseo-bot)"
66.249.68.129 - - [12/Jul/2025:12:19:38 -0400] "GET /119sbdl41278.html HTTP/1.1" 200 87818 "-" "Mozilla/5.0 (Linux; Android 6.0.1; Nexus 5X Build/MMB29P) AppleWebKit/537.36 (KHTML, like Gecko) Chrome/137.0.7151.103 Mobile Safari/537.36 (compatible; Googlebot/2.1; +http://www.google.com/bot.html)"
40.127.130.26 - - [12/Jul/2025:12:19:37 -0400] "GET /wp-content/plugins/pwnd/pwnd.php HTTP/1.1" 404 23129 "-" "-"
40.127.130.26 - - [12/Jul/2025:12:19:40 -0400] "GET /wp-content/themes/index.php HTTP/1.1" 200 0 "-" "-"
136.243.228.194 - - [12/Jul/2025:12:19:38 -0400] "GET /items/mktqz67/22215?key=better HTTP/1.1" 404 23127 "-" "Mozilla/5.0 (compatible; DataForSeoBot/1.0; +https://dataforseo.com/dataforseo-bot)"
66.29.146.47 - - [12/Jul/2025:12:19:46 -0400] "POST /wp-cron.php?doing_wp_cron=1752337186.6489589214324951171875 HTTP/1.1" 403 1242 "-" "WordPress/6.8; https://dangroup.sa"
40.127.130.26 - - [12/Jul/2025:12:19:41 -0400] "GET /goat1.php HTTP/1.1" 404 23127 "-" "-"
136.243.228.194 - - [12/Jul/2025:12:19:45 -0400] "GET /items/cggfc236/27314?key=himself HTTP/1.1" 404 23129 "-" "Mozilla/5.0 (compatible; DataForSeoBot/1.0; +https://dataforseo.com/dataforseo-bot)"
40.127.130.26 - - [12/Jul/2025:12:19:50 -0400] "GET /classwithtostring.php HTTP/1.1" 404 23129 "-" "-"
136.243.228.194 - - [12/Jul/2025:12:19:56 -0400] "GET /109pzhev654.html HTTP/1.1" 404 23127 "-" "Mozilla/5.0 (compatible; DataForSeoBot/1.0; +https://dataforseo.com/dataforseo-bot)"
40.127.130.26 - - [12/Jul/2025:12:19:59 -0400] "GET /widgets.php HTTP/1.1" 404 23127 "-" "-"
136.243.228.194 - - [12/Jul/2025:12:20:05 -0400] "GET /64dqfy99.html HTTP/1.1" 404 23127 "-" "Mozilla/5.0 (compatible; DataForSeoBot/1.0; +https://dataforseo.com/dataforseo-bot)"
40.127.130.26 - - [12/Jul/2025:12:20:09 -0400] "GET /wp-admin/user/about.php HTTP/1.1" 302 0 "-" "-"
47.82.60.57 - - [12/Jul/2025:12:20:07 -0400] "GET /items/wifsx1/39847?key=such HTTP/1.1" 404 23127 "https://dangroup.sa/items/wifsx1/39847?key=such" "Mozilla/5.0 (Windows NT 10.0; Win64; x64) AppleWebKit/537.36 (KHTML, like Gecko) Chrome/114.0.0.0 Safari/537.36 Edg/114.0.1823.43"
40.127.130.26 - - [12/Jul/2025:12:20:14 -0400] "GET /wp-login.php?redirect_to=https%3A%2F%2Fdangroup.sa%2Fwp-admin%2Fuser%2Fabout.php&reauth=1 HTTP/1.1" 200 3107 "-" "-"
136.243.228.194 - - [12/Jul/2025:12:20:13 -0400] "GET /24tdnmw31019.html HTTP/1.1" 404 23129 "-" "Mozilla/5.0 (compatible; DataForSeoBot/1.0; +https://dataforseo.com/dataforseo-bot)"
47.82.60.13 - - [12/Jul/2025:12:20:14 -0400] "GET /items/sfvzb264/6076?key=crash HTTP/1.1" 404 23127 "https://dangroup.sa/items/sfvzb264/6076?key=crash" "Mozilla/5.0 (Windows NT 10.0; Win64; x64) AppleWebKit/537.36 (KHTML, like Gecko) Chrome/114.0.0.0 Safari/537.36 Edg/114.0.1823.43"
40.127.130.26 - - [12/Jul/2025:12:20:17 -0400] "GET /index/function.php HTTP/1.1" 404 23129 "-" "-"
40.127.130.26 - - [12/Jul/2025:12:20:29 -0400] "GET /wp-admin/maint/index.php HTTP/1.1" 301 0 "-" "-"
136.243.228.194 - - [12/Jul/2025:12:20:25 -0400] "GET /185orv9856.html HTTP/1.1" 404 23127 "-" "Mozilla/5.0 (compatible; DataForSeoBot/1.0; +https://dataforseo.com/dataforseo-bot)"
40.127.130.26 - - [12/Jul/2025:12:20:30 -0400] "GET /wp-admin/maint/ HTTP/1.1" 200 621 "-" "-"
40.127.130.26 - - [12/Jul/2025:12:20:31 -0400] "GET /wp-includes/rest-api/fields/radio.php HTTP/1.1" 404 23127 "-" "-"
40.127.130.26 - - [12/Jul/2025:12:20:37 -0400] "GET /wp-includes/fonts/index.php HTTP/1.1" 301 0 "-" "-"
136.243.228.194 - - [12/Jul/2025:12:20:31 -0400] "GET /79focg7870.html HTTP/1.1" 404 23127 "-" "Mozilla/5.0 (compatible; DataForSeoBot/1.0; +https://dataforseo.com/dataforseo-bot)"
40.127.130.26 - - [12/Jul/2025:12:20:38 -0400] "GET /wp-includes/fonts/ HTTP/1.1" 200 1154 "-" "-"
40.127.130.26 - - [12/Jul/2025:12:20:39 -0400] "GET /wp-admin/network/index.php HTTP/1.1" 302 0 "-" "-"
40.127.130.26 - - [12/Jul/2025:12:20:40 -0400] "GET /wp-login.php?redirect_to=https%3A%2F%2Fdangroup.sa%2Fwp-admin%2Fnetwork%2Findex.php&reauth=1 HTTP/1.1" 200 3105 "-" "-"
40.127.130.26 - - [12/Jul/2025:12:20:42 -0400] "GET /.well-known/index.php HTTP/1.1" 301 0 "-" "-"
40.127.130.26 - - [12/Jul/2025:12:20:43 -0400] "GET /.well-known/ HTTP/1.1" 200 614 "-" "-"
136.243.228.194 - - [12/Jul/2025:12:20:40 -0400] "GET /51ccizg3946.html HTTP/1.1" 404 23127 "-" "Mozilla/5.0 (compatible; DataForSeoBot/1.0; +https://dataforseo.com/dataforseo-bot)"
40.127.130.26 - - [12/Jul/2025:12:20:43 -0400] "GET /alfa.php HTTP/1.1" 404 23127 "-" "-"
66.29.146.47 - - [12/Jul/2025:12:20:51 -0400] "POST /wp-cron.php?doing_wp_cron=1752337251.6425569057464599609375 HTTP/1.1" 403 1242 "-" "WordPress/6.8; https://dangroup.sa"
66.29.146.47 - - [12/Jul/2025:12:20:52 -0400] "POST /wp-cron.php?doing_wp_cron=1752337252.3421099185943603515625 HTTP/1.1" 403 1242 "-" "WordPress/6.8; https://dangroup.sa"
136.243.228.194 - - [12/Jul/2025:12:20:50 -0400] "GET /93vsxul18576.html HTTP/1.1" 404 23127 "-" "Mozilla/5.0 (compatible; DataForSeoBot/1.0; +https://dataforseo.com/dataforseo-bot)"
40.127.130.26 - - [12/Jul/2025:12:20:51 -0400] "GET /lock.php HTTP/1.1" 404 23127 "-" "-"
136.243.228.194 - - [12/Jul/2025:12:21:01 -0400] "GET /items/ysqno163/45015?key=dare HTTP/1.1" 404 23127 "-" "Mozilla/5.0 (compatible; DataForSeoBot/1.0; +https://dataforseo.com/dataforseo-bot)"
40.127.130.26 - - [12/Jul/2025:12:21:01 -0400] "GET /admin/function.php HTTP/1.1" 404 23127 "-" "-"
40.127.130.26 - - [12/Jul/2025:12:21:11 -0400] "GET /wp-admin/block-support.php HTTP/1.1" 404 23129 "-" "-"
47.82.60.6 - - [12/Jul/2025:12:21:18 -0400] "GET /items/pogvw27/14773?key=defeat HTTP/1.1" 301 0 "https://www.dangroup.sa/items/pogvw27/14773?key=defeat" "Mozilla/5.0 (Windows NT 10.0; Win64; x64) AppleWebKit/537.36 (KHTML, like Gecko) Chrome/114.0.0.0 Safari/537.36 Edg/114.0.1823.43"
136.243.228.194 - - [12/Jul/2025:12:21:11 -0400] "GET /223ifp36982.html HTTP/1.1" 404 23129 "-" "Mozilla/5.0 (compatible; DataForSeoBot/1.0; +https://dataforseo.com/dataforseo-bot)"
47.82.60.52 - - [12/Jul/2025:12:21:26 -0400] "GET /pcmypage?callback=/product/detail/irst23-trusco-1521828 HTTP/1.1" 301 0 "https://www.dangroup.sa/pcmypage?callback=/product%2Fdetail%2First23-trusco-1521828" "Mozilla/5.0 (Windows NT 10.0; Win64; x64) AppleWebKit/537.36 (KHTML, like Gecko) Chrome/114.0.0.0 Safari/537.36 Edg/114.0.1823.43"
40.127.130.26 - - [12/Jul/2025:12:21:19 -0400] "GET /wp-includes/block-support.php HTTP/1.1" 404 23129 "-" "-"
47.82.60.6 - - [12/Jul/2025:12:21:21 -0400] "GET /items/pogvw27/14773?key=defeat HTTP/1.1" 404 23127 "https://www.dangroup.sa/items/pogvw27/14773?key=defeat" "Mozilla/5.0 (Windows NT 10.0; Win64; x64) AppleWebKit/537.36 (KHTML, like Gecko) Chrome/114.0.0.0 Safari/537.36 Edg/114.0.1823.43"
136.243.228.194 - - [12/Jul/2025:12:21:23 -0400] "GET /204rhxta4303.html HTTP/1.1" 404 23127 "-" "Mozilla/5.0 (compatible; DataForSeoBot/1.0; +https://dataforseo.com/dataforseo-bot)"
47.82.60.15 - - [12/Jul/2025:12:21:30 -0400] "GET /items/ejano226/1692?key=continue HTTP/1.1" 404 23129 "https://dangroup.sa/items/ejano226/1692?key=continue" "Mozilla/5.0 (Windows NT 10.0; Win64; x64) AppleWebKit/537.36 (KHTML, like Gecko) Chrome/114.0.0.0 Safari/537.36 Edg/114.0.1823.43"
40.127.130.26 - - [12/Jul/2025:12:21:31 -0400] "GET /autoload_classmap.php HTTP/1.1" 404 23127 "-" "-"
47.82.60.52 - - [12/Jul/2025:12:21:30 -0400] "GET /pcmypage?callback=/product/detail/irst23-trusco-1521828 HTTP/1.1" 404 23129 "https://www.dangroup.sa/pcmypage?callback=/product%2Fdetail%2First23-trusco-1521828" "Mozilla/5.0 (Windows NT 10.0; Win64; x64) AppleWebKit/537.36 (KHTML, like Gecko) Chrome/114.0.0.0 Safari/537.36 Edg/114.0.1823.43"
136.243.228.194 - - [12/Jul/2025:12:21:35 -0400] "GET /203sou9676.html HTTP/1.1" 404 23127 "-" "Mozilla/5.0 (compatible; DataForSeoBot/1.0; +https://dataforseo.com/dataforseo-bot)"
47.82.60.93 - - [12/Jul/2025:12:21:39 -0400] "GET /items/qpnco120/2038?key=missing HTTP/1.1" 301 0 "https://www.dangroup.sa/items/qpnco120/2038?key=missing" "Mozilla/5.0 (Windows NT 10.0; Win64; x64) AppleWebKit/537.36 (KHTML, like Gecko) Chrome/114.0.0.0 Safari/537.36 Edg/114.0.1823.43"
40.127.130.26 - - [12/Jul/2025:12:21:38 -0400] "GET /sx.php HTTP/1.1" 404 23129 "-" "-"
47.82.60.93 - - [12/Jul/2025:12:21:42 -0400] "GET /items/qpnco120/2038?key=missing HTTP/1.1" 404 23127 "https://www.dangroup.sa/items/qpnco120/2038?key=missing" "Mozilla/5.0 (Windows NT 10.0; Win64; x64) AppleWebKit/537.36 (KHTML, like Gecko) Chrome/114.0.0.0 Safari/537.36 Edg/114.0.1823.43"
136.243.228.194 - - [12/Jul/2025:12:21:43 -0400] "GET /214epo21973.html HTTP/1.1" 404 23127 "-" "Mozilla/5.0 (compatible; DataForSeoBot/1.0; +https://dataforseo.com/dataforseo-bot)"
40.127.130.26 - - [12/Jul/2025:12:21:47 -0400] "GET /function.php HTTP/1.1" 404 23129 "-" "-"
66.29.146.47 - - [12/Jul/2025:12:21:57 -0400] "POST /wp-cron.php?doing_wp_cron=1752337317.5504250526428222656250 HTTP/1.1" 403 1242 "-" "WordPress/6.8; https://dangroup.sa"
66.29.146.47 - - [12/Jul/2025:12:21:58 -0400] "POST /wp-cron.php?doing_wp_cron=1752337318.0519049167633056640625 HTTP/1.1" 403 1242 "-" "WordPress/6.8; https://dangroup.sa"
66.29.146.47 - - [12/Jul/2025:12:21:58 -0400] "POST /wp-cron.php?doing_wp_cron=1752337318.3635818958282470703125 HTTP/1.1" 403 1242 "-" "WordPress/6.8; https://dangroup.sa"
2402:1f00:8000:800::1c87 - - [12/Jul/2025:12:22:01 -0400] "GET /xmlrpc.php HTTP/1.1" 403 1242 "http://dangroup.sa/xmlrpc.php" "Mozilla/5.0 (X11; Ubuntu; Linux x86_64; rv:85.0) Gecko/20100101 Firefox/91.0"
40.127.130.26 - - [12/Jul/2025:12:21:57 -0400] "GET /wp-includes/Text/Diff/Engine/wp-login.php HTTP/1.1" 404 23127 "-" "-"
47.82.60.37 - - [12/Jul/2025:12:21:57 -0400] "GET /pcmypage?callback=product/review/e-cle-3310160100-001374106113500 HTTP/1.1" 404 23127 "https://dangroup.sa/pcmypage?callback=product/review/e-cle-3310160100-001374106113500" "Mozilla/5.0 (Windows NT 10.0; Win64; x64) AppleWebKit/537.36 (KHTML, like Gecko) Chrome/114.0.0.0 Safari/537.36 Edg/114.0.1823.43"
136.243.228.194 - - [12/Jul/2025:12:21:56 -0400] "GET /items/ftpvo73/27691?key=pastor HTTP/1.1" 404 23129 "-" "Mozilla/5.0 (compatible; DataForSeoBot/1.0; +https://dataforseo.com/dataforseo-bot)"
40.127.130.26 - - [12/Jul/2025:12:22:09 -0400] "GET /.well-known/cong.php HTTP/1.1" 404 23129 "-" "-"
136.243.228.194 - - [12/Jul/2025:12:22:11 -0400] "GET /items/jhpqp47/39187?key=ego HTTP/1.1" 404 23127 "-" "Mozilla/5.0 (compatible; DataForSeoBot/1.0; +https://dataforseo.com/dataforseo-bot)"
40.127.130.26 - - [12/Jul/2025:12:22:18 -0400] "GET /wp-admin/css/colors/blue/about.php HTTP/1.1" 404 23129 "-" "-"
136.243.228.194 - - [12/Jul/2025:12:22:21 -0400] "GET /15emmpj15626.html HTTP/1.1" 404 23129 "-" "Mozilla/5.0 (compatible; DataForSeoBot/1.0; +https://dataforseo.com/dataforseo-bot)"
40.127.130.26 - - [12/Jul/2025:12:22:25 -0400] "GET /.well-known/acme-challenge/mariju.php HTTP/1.1" 404 23127 "-" "-"
136.243.228.194 - - [12/Jul/2025:12:22:28 -0400] "GET /items/ltaqs141/14765?key=relatively HTTP/1.1" 404 23129 "-" "Mozilla/5.0 (compatible; DataForSeoBot/1.0; +https://dataforseo.com/dataforseo-bot)"
40.127.130.26 - - [12/Jul/2025:12:22:29 -0400] "GET /options.php HTTP/1.1" 404 23127 "-" "-"
40.127.130.26 - - [12/Jul/2025:12:22:33 -0400] "GET /wp-content/plugins/core-plugin/include.php HTTP/1.1" 404 23127 "-" "-"
136.243.228.194 - - [12/Jul/2025:12:22:33 -0400] "GET /items/hdunl89/38325?key=French HTTP/1.1" 404 23127 "-" "Mozilla/5.0 (compatible; DataForSeoBot/1.0; +https://dataforseo.com/dataforseo-bot)"
40.127.130.26 - - [12/Jul/2025:12:22:37 -0400] "GET /config.php HTTP/1.1" 404 23127 "-" "-"
40.127.130.26 - - [12/Jul/2025:12:22:49 -0400] "GET /wp-admin/css/colors/coffee/index.php HTTP/1.1" 301 0 "-" "-"
40.127.130.26 - - [12/Jul/2025:12:22:51 -0400] "GET /wp-admin/css/colors/coffee/ HTTP/1.1" 200 722 "-" "-"
66.249.68.129 - - [12/Jul/2025:12:22:51 -0400] "GET /items/tzlwy9/10705?key=interior HTTP/1.1" 200 86524 "-" "Mozilla/5.0 (Linux; Android 6.0.1; Nexus 5X Build/MMB29P) AppleWebKit/537.36 (KHTML, like Gecko) Chrome/137.0.7151.103 Mobile Safari/537.36 (compatible; Googlebot/2.1; +http://www.google.com/bot.html)"
136.243.228.194 - - [12/Jul/2025:12:22:41 -0400] "GET /198tmfim45365.html HTTP/1.1" 404 23127 "-" "Mozilla/5.0 (compatible; DataForSeoBot/1.0; +https://dataforseo.com/dataforseo-bot)"
40.127.130.26 - - [12/Jul/2025:12:22:52 -0400] "GET /buy.php HTTP/1.1" 404 23129 "-" "-"
40.127.130.26 - - [12/Jul/2025:12:23:02 -0400] "GET /wp-admin/setup-config.php HTTP/1.1" 403 1242 "-" "-"
66.29.146.47 - - [12/Jul/2025:12:23:05 -0400] "POST /wp-cron.php?doing_wp_cron=1752337384.9459989070892333984375 HTTP/1.1" 403 1242 "-" "WordPress/6.8; https://dangroup.sa"
66.29.146.47 - - [12/Jul/2025:12:23:05 -0400] "POST /wp-cron.php?doing_wp_cron=1752337385.4470400810241699218750 HTTP/1.1" 403 1242 "-" "WordPress/6.8; https://dangroup.sa"
136.243.228.194 - - [12/Jul/2025:12:22:54 -0400] "GET /82bio40355.html HTTP/1.1" 404 23129 "-" "Mozilla/5.0 (compatible; DataForSeoBot/1.0; +https://dataforseo.com/dataforseo-bot)"
47.82.60.3 - - [12/Jul/2025:12:22:55 -0400] "GET /pcmypage?callback=product/review/cocoterrace-tr-8195959 HTTP/1.1" 404 23129 "https://dangroup.sa/pcmypage?callback=product/review/cocoterrace-tr-8195959" "Mozilla/5.0 (Windows NT 10.0; Win64; x64) AppleWebKit/537.36 (KHTML, like Gecko) Chrome/114.0.0.0 Safari/537.36 Edg/114.0.1823.43"
40.127.130.26 - - [12/Jul/2025:12:23:02 -0400] "GET /wp-content/themes/wp-pridmag/init.php HTTP/1.1" 404 23129 "-" "-"
47.82.60.29 - - [12/Jul/2025:12:23:01 -0400] "GET /items/sgcay270/7036?key=explicit HTTP/1.1" 404 23129 "https://dangroup.sa/items/sgcay270/7036?key=explicit" "Mozilla/5.0 (Windows NT 10.0; Win64; x64) AppleWebKit/537.36 (KHTML, like Gecko) Chrome/114.0.0.0 Safari/537.36 Edg/114.0.1823.43"
136.243.228.194 - - [12/Jul/2025:12:23:07 -0400] "GET /261gbgx40414.html HTTP/1.1" 404 23127 "-" "Mozilla/5.0 (compatible; DataForSeoBot/1.0; +https://dataforseo.com/dataforseo-bot)"
40.127.130.26 - - [12/Jul/2025:12:23:14 -0400] "GET /lv.php HTTP/1.1" 404 23127 "-" "-"
136.243.228.194 - - [12/Jul/2025:12:23:19 -0400] "GET /193ybpv30736.html HTTP/1.1" 404 23127 "-" "Mozilla/5.0 (compatible; DataForSeoBot/1.0; +https://dataforseo.com/dataforseo-bot)"
40.127.130.26 - - [12/Jul/2025:12:23:20 -0400] "GET /network.php HTTP/1.1" 404 23127 "-" "-"
40.127.130.26 - - [12/Jul/2025:12:23:28 -0400] "GET /.well-known/acme-challenge/index.php HTTP/1.1" 301 0 "-" "-"
66.249.68.129 - - [12/Jul/2025:12:23:30 -0400] "GET /items/hovth60/32200?key=chief HTTP/1.1" 200 87287 "-" "Mozilla/5.0 (Linux; Android 6.0.1; Nexus 5X Build/MMB29P) AppleWebKit/537.36 (KHTML, like Gecko) Chrome/137.0.7151.103 Mobile Safari/537.36 (compatible; Googlebot/2.1; +http://www.google.com/bot.html)"
136.243.228.194 - - [12/Jul/2025:12:23:25 -0400] "GET /123djaw35378.html HTTP/1.1" 404 23127 "-" "Mozilla/5.0 (compatible; DataForSeoBot/1.0; +https://dataforseo.com/dataforseo-bot)"
40.127.130.26 - - [12/Jul/2025:12:23:30 -0400] "GET /.well-known/acme-challenge/ HTTP/1.1" 404 23127 "-" "-"
40.127.130.26 - - [12/Jul/2025:12:23:38 -0400] "GET /wp-content/plugins/index.php HTTP/1.1" 200 0 "-" "-"
40.77.167.116 - - [12/Jul/2025:12:23:42 -0400] "GET /wp-content/uploads/2020/?MD HTTP/1.1" 200 619 "-" "Mozilla/5.0 AppleWebKit/537.36 (KHTML, like Gecko; compatible; bingbot/2.0; +http://www.bing.com/bingbot.htm) Chrome/116.0.1938.76 Safari/537.36"
136.243.228.194 - - [12/Jul/2025:12:23:36 -0400] "GET /items/rcbdl87/44895?key=duty HTTP/1.1" 404 23127 "-" "Mozilla/5.0 (compatible; DataForSeoBot/1.0; +https://dataforseo.com/dataforseo-bot)"
40.127.130.26 - - [12/Jul/2025:12:23:38 -0400] "GET /info.php HTTP/1.1" 404 23127 "-" "-"
40.127.130.26 - - [12/Jul/2025:12:23:44 -0400] "GET /wp-includes/admin.php HTTP/1.1" 404 23127 "-" "-"
136.243.228.194 - - [12/Jul/2025:12:23:44 -0400] "GET /253aro33608.html HTTP/1.1" 404 23127 "-" "Mozilla/5.0 (compatible; DataForSeoBot/1.0; +https://dataforseo.com/dataforseo-bot)"
40.127.130.26 - - [12/Jul/2025:12:23:50 -0400] "GET /wp-content/index.php HTTP/1.1" 200 0 "-" "-"
40.127.130.26 - - [12/Jul/2025:12:23:50 -0400] "GET /user.php HTTP/1.1" 404 23129 "-" "-"
136.243.228.194 - - [12/Jul/2025:12:23:51 -0400] "GET /items/gftox66/33626?key=loan HTTP/1.1" 404 23127 "-" "Mozilla/5.0 (compatible; DataForSeoBot/1.0; +https://dataforseo.com/dataforseo-bot)"
40.127.130.26 - - [12/Jul/2025:12:23:56 -0400] "GET /cong.php HTTP/1.1" 404 23129 "-" "-"
66.29.146.47 - - [12/Jul/2025:12:24:08 -0400] "POST /wp-cron.php?doing_wp_cron=1752337448.4417829513549804687500 HTTP/1.1" 403 1242 "-" "WordPress/6.8; https://dangroup.sa"
136.243.228.194 - - [12/Jul/2025:12:24:02 -0400] "GET /45tfjx32448.html HTTP/1.1" 404 23127 "-" "Mozilla/5.0 (compatible; DataForSeoBot/1.0; +https://dataforseo.com/dataforseo-bot)"
40.127.130.26 - - [12/Jul/2025:12:24:06 -0400] "GET /link.php HTTP/1.1" 404 23127 "-" "-"
136.243.228.194 - - [12/Jul/2025:12:24:13 -0400] "GET /265pimf8198.html HTTP/1.1" 404 23127 "-" "Mozilla/5.0 (compatible; DataForSeoBot/1.0; +https://dataforseo.com/dataforseo-bot)"
40.127.130.26 - - [12/Jul/2025:12:24:16 -0400] "GET /wp-includes/autoload_classmap.php HTTP/1.1" 404 23127 "-" "-"
136.243.228.194 - - [12/Jul/2025:12:24:24 -0400] "GET /items/betic126/13430?key=really HTTP/1.1" 404 23127 "-" "Mozilla/5.0 (compatible; DataForSeoBot/1.0; +https://dataforseo.com/dataforseo-bot)"
40.127.130.26 - - [12/Jul/2025:12:24:26 -0400] "GET /wp-admin/radio.php HTTP/1.1" 404 23129 "-" "-"
40.127.130.26 - - [12/Jul/2025:12:24:33 -0400] "GET /wp-admin/css/colors/ HTTP/1.1" 200 1093 "-" "-"
136.243.228.194 - - [12/Jul/2025:12:24:34 -0400] "GET /items/yjfxy107/24799?key=couple HTTP/1.1" 404 23127 "-" "Mozilla/5.0 (compatible; DataForSeoBot/1.0; +https://dataforseo.com/dataforseo-bot)"
40.127.130.26 - - [12/Jul/2025:12:24:34 -0400] "GET /doc.php HTTP/1.1" 404 23129 "-" "-"
40.127.130.26 - - [12/Jul/2025:12:24:38 -0400] "GET /public/admin.php HTTP/1.1" 404 23127 "-" "-"
136.243.228.194 - - [12/Jul/2025:12:24:40 -0400] "GET /168cbd17765.html HTTP/1.1" 404 23127 "-" "Mozilla/5.0 (compatible; DataForSeoBot/1.0; +https://dataforseo.com/dataforseo-bot)"
66.249.68.133 - - [12/Jul/2025:12:24:48 -0400] "GET /78zivzf5999.html HTTP/1.1" 200 87377 "-" "Mozilla/5.0 (compatible; Googlebot/2.1; +http://www.google.com/bot.html)"
40.127.130.26 - - [12/Jul/2025:12:24:46 -0400] "GET /wp-content/plugins/dummyyummy/wp-signup.php HTTP/1.1" 404 23127 "-" "-"
136.243.228.194 - - [12/Jul/2025:12:24:50 -0400] "GET /16mrmxy17139.html HTTP/1.1" 404 23129 "-" "Mozilla/5.0 (compatible; DataForSeoBot/1.0; +https://dataforseo.com/dataforseo-bot)"
40.127.130.26 - - [12/Jul/2025:12:24:56 -0400] "GET /wp-content/plugins/press/wp-class.php HTTP/1.1" 404 23127 "-" "-"
208.110.64.178 - - [12/Jul/2025:12:25:02 -0400] "GET /wp-content/install.php HTTP/1.1" 200 10 "https://dangroup.sa/wp-content/install.php" "Mozilla/5.0 (Windows NT 10.0; Win64; x64) AppleWebKit/537.36 (KHTML, like Gecko) Chrome/58.0.3029.110 Safari/537.3"
40.127.130.26 - - [12/Jul/2025:12:25:02 -0400] "GET /wp-admin/css/colors/blue/index.php HTTP/1.1" 301 0 "-" "-"
40.127.130.26 - - [12/Jul/2025:12:25:05 -0400] "GET /wp-admin/css/colors/blue/ HTTP/1.1" 200 709 "-" "-"
136.243.228.194 - - [12/Jul/2025:12:24:59 -0400] "GET /14wfy1781.html HTTP/1.1" 404 23127 "-" "Mozilla/5.0 (compatible; DataForSeoBot/1.0; +https://dataforseo.com/dataforseo-bot)"
66.29.146.47 - - [12/Jul/2025:12:25:13 -0400] "POST /wp-cron.php?doing_wp_cron=1752337513.0405960083007812500000 HTTP/1.1" 403 1242 "-" "WordPress/6.8; https://dangroup.sa"
40.127.130.26 - - [12/Jul/2025:12:25:06 -0400] "GET /wp-content/shell20211028.php HTTP/1.1" 404 23127 "-" "-"
136.243.228.194 - - [12/Jul/2025:12:25:10 -0400] "GET /138pdaz36229.html HTTP/1.1" 404 23129 "-" "Mozilla/5.0 (compatible; DataForSeoBot/1.0; +https://dataforseo.com/dataforseo-bot)"
40.127.130.26 - - [12/Jul/2025:12:25:14 -0400] "GET /wp-admin/maint/about.php HTTP/1.1" 404 23127 "-" "-"
40.127.130.26 - - [12/Jul/2025:12:25:23 -0400] "GET /atomlib.php HTTP/1.1" 404 23129 "-" "-"
136.243.228.194 - - [12/Jul/2025:12:25:23 -0400] "GET /228lpk31861.html HTTP/1.1" 404 23127 "-" "Mozilla/5.0 (compatible; DataForSeoBot/1.0; +https://dataforseo.com/dataforseo-bot)"
40.127.130.26 - - [12/Jul/2025:12:25:29 -0400] "GET /wp-admin/maint/ HTTP/1.1" 200 621 "-" "-"
66.249.68.134 - - [12/Jul/2025:12:25:33 -0400] "GET /157pwg25376.html HTTP/1.1" 200 86306 "-" "Mozilla/5.0 (Linux; Android 6.0.1; Nexus 5X Build/MMB29P) AppleWebKit/537.36 (KHTML, like Gecko) Chrome/137.0.7151.103 Mobile Safari/537.36 (compatible; Googlebot/2.1; +http://www.google.com/bot.html)"
40.127.130.26 - - [12/Jul/2025:12:25:29 -0400] "GET /wp-content/radio.php HTTP/1.1" 404 23127 "-" "-"
136.243.228.194 - - [12/Jul/2025:12:25:30 -0400] "GET /89iifhf38184.html HTTP/1.1" 404 23129 "-" "Mozilla/5.0 (compatible; DataForSeoBot/1.0; +https://dataforseo.com/dataforseo-bot)"
40.127.130.26 - - [12/Jul/2025:12:25:37 -0400] "GET /wp-content/themes/admin.php HTTP/1.1" 404 23129 "-" "-"
