136.243.228.194 - - [12/Jul/2025:12:45:56 -0400] "GET /95xeml27234.html HTTP/1.1" 404 23127 "-" "Mozilla/5.0 (compatible; DataForSeoBot/1.0; +https://dataforseo.com/dataforseo-bot)"
136.243.228.194 - - [12/Jul/2025:12:46:01 -0400] "GET /98slu24481.html HTTP/1.1" 404 23127 "-" "Mozilla/5.0 (compatible; DataForSeoBot/1.0; +https://dataforseo.com/dataforseo-bot)"
136.243.228.194 - - [12/Jul/2025:12:46:06 -0400] "GET /items/zkhxg3/45037?key=incredible HTTP/1.1" 404 23127 "-" "Mozilla/5.0 (compatible; DataForSeoBot/1.0; +https://dataforseo.com/dataforseo-bot)"
136.243.228.194 - - [12/Jul/2025:12:46:14 -0400] "GET /277hgvtq44268.html HTTP/1.1" 404 23127 "-" "Mozilla/5.0 (compatible; DataForSeoBot/1.0; +https://dataforseo.com/dataforseo-bot)"
136.243.228.194 - - [12/Jul/2025:12:46:24 -0400] "GET /209iiz43528.html HTTP/1.1" 404 23129 "-" "Mozilla/5.0 (compatible; DataForSeoBot/1.0; +https://dataforseo.com/dataforseo-bot)"
136.243.228.194 - - [12/Jul/2025:12:46:31 -0400] "GET /290ooojd5487.html HTTP/1.1" 404 23127 "-" "Mozilla/5.0 (compatible; DataForSeoBot/1.0; +https://dataforseo.com/dataforseo-bot)"
136.243.228.194 - - [12/Jul/2025:12:46:39 -0400] "GET /items/wszaq49/15167?key=billion HTTP/1.1" 404 23127 "-" "Mozilla/5.0 (compatible; DataForSeoBot/1.0; +https://dataforseo.com/dataforseo-bot)"
69.197.182.50 - - [12/Jul/2025:12:46:47 -0400] "GET /wp-content/install.php HTTP/1.1" 200 10 "https://dangroup.sa/wp-content/install.php" "Mozilla/5.0 (Windows NT 10.0; Win64; x64) AppleWebKit/537.36 (KHTML, like Gecko) Chrome/58.0.3029.110 Safari/537.3"
136.243.228.194 - - [12/Jul/2025:12:46:46 -0400] "GET /153beud2150.html HTTP/1.1" 404 23129 "-" "Mozilla/5.0 (compatible; DataForSeoBot/1.0; +https://dataforseo.com/dataforseo-bot)"
136.243.228.194 - - [12/Jul/2025:12:46:53 -0400] "GET /items/jvuht130/18054?key=hundred HTTP/1.1" 404 23127 "-" "Mozilla/5.0 (compatible; DataForSeoBot/1.0; +https://dataforseo.com/dataforseo-bot)"
66.29.146.47 - - [12/Jul/2025:12:47:02 -0400] "POST /wp-cron.php?doing_wp_cron=1752338822.2489171028137207031250 HTTP/1.1" 403 1242 "-" "WordPress/6.8; https://dangroup.sa"
136.243.228.194 - - [12/Jul/2025:12:47:01 -0400] "GET /145kdw16122.html HTTP/1.1" 404 23127 "-" "Mozilla/5.0 (compatible; DataForSeoBot/1.0; +https://dataforseo.com/dataforseo-bot)"
136.243.228.194 - - [12/Jul/2025:12:47:09 -0400] "GET /205daojx24066.html HTTP/1.1" 404 23127 "-" "Mozilla/5.0 (compatible; DataForSeoBot/1.0; +https://dataforseo.com/dataforseo-bot)"
136.243.228.194 - - [12/Jul/2025:12:47:17 -0400] "GET /items/ahtcc111/429?key=reporting HTTP/1.1" 404 23129 "-" "Mozilla/5.0 (compatible; DataForSeoBot/1.0; +https://dataforseo.com/dataforseo-bot)"
136.243.228.194 - - [12/Jul/2025:12:47:26 -0400] "GET /289ivgd47960.html HTTP/1.1" 404 23127 "-" "Mozilla/5.0 (compatible; DataForSeoBot/1.0; +https://dataforseo.com/dataforseo-bot)"
185.231.155.169 - - [12/Jul/2025:12:47:28 -0400] "GET /ar/ HTTP/1.1" 404 23129 "https://dangroup.sa/ar/" "Mozilla/5.0 (Windows NT 10.0; Win64; x64) AppleWebKit/537.36 (KHTML, like Gecko) Chrome/131.0.0.0 Safari/537.36 Avast/131.0.0.0"
66.249.68.129 - - [12/Jul/2025:12:47:36 -0400] "GET /77yug25858.html HTTP/1.1" 200 87865 "-" "Mozilla/5.0 (Linux; Android 6.0.1; Nexus 5X Build/MMB29P) AppleWebKit/537.36 (KHTML, like Gecko) Chrome/137.0.7151.103 Mobile Safari/537.36 (compatible; GoogleOther)"
136.243.228.194 - - [12/Jul/2025:12:47:35 -0400] "GET /items/qnwiv142/15008?key=spine HTTP/1.1" 404 23129 "-" "Mozilla/5.0 (compatible; DataForSeoBot/1.0; +https://dataforseo.com/dataforseo-bot)"
66.249.68.129 - - [12/Jul/2025:12:47:42 -0400] "GET /items/cfxys33/29631?key=possible HTTP/1.1" 200 89297 "-" "Mozilla/5.0 (Linux; Android 6.0.1; Nexus 5X Build/MMB29P) AppleWebKit/537.36 (KHTML, like Gecko) Chrome/137.0.7151.103 Mobile Safari/537.36 (compatible; GoogleOther)"
185.231.155.169 - - [12/Jul/2025:12:47:37 -0400] "GET /contact/ HTTP/1.1" 200 24211 "https://dangroup.sa/contact/" "Mozilla/5.0 (Windows NT 10.0; Win64; x64) AppleWebKit/537.36 (KHTML, like Gecko) Chrome/131.0.0.0 Safari/537.36 Avast/131.0.0.0"
136.243.228.194 - - [12/Jul/2025:12:47:44 -0400] "GET /168ixm4019.html HTTP/1.1" 404 23127 "-" "Mozilla/5.0 (compatible; DataForSeoBot/1.0; +https://dataforseo.com/dataforseo-bot)"
66.249.68.129 - - [12/Jul/2025:12:47:48 -0400] "GET /237bqfs11914.html HTTP/1.1" 200 87333 "-" "Mozilla/5.0 (Linux; Android 6.0.1; Nexus 5X Build/MMB29P) AppleWebKit/537.36 (KHTML, like Gecko) Chrome/137.0.7151.103 Mobile Safari/537.36 (compatible; GoogleOther)"
136.243.228.194 - - [12/Jul/2025:12:47:50 -0400] "GET /35dpx1334.html HTTP/1.1" 404 23127 "-" "Mozilla/5.0 (compatible; DataForSeoBot/1.0; +https://dataforseo.com/dataforseo-bot)"
66.249.68.129 - - [12/Jul/2025:12:47:54 -0400] "GET /27vdvn9464.html HTTP/1.1" 200 86934 "-" "Mozilla/5.0 (Linux; Android 6.0.1; Nexus 5X Build/MMB29P) AppleWebKit/537.36 (KHTML, like Gecko) Chrome/137.0.7151.103 Mobile Safari/537.36 (compatible; GoogleOther)"
136.243.228.194 - - [12/Jul/2025:12:47:55 -0400] "GET /160zvn6761.html HTTP/1.1" 404 23129 "-" "Mozilla/5.0 (compatible; DataForSeoBot/1.0; +https://dataforseo.com/dataforseo-bot)"
66.249.68.129 - - [12/Jul/2025:12:48:00 -0400] "GET /items/atlzw194/22504?key=sir HTTP/1.1" 200 88120 "-" "Mozilla/5.0 (Linux; Android 6.0.1; Nexus 5X Build/MMB29P) AppleWebKit/537.36 (KHTML, like Gecko) Chrome/137.0.7151.103 Mobile Safari/537.36 (compatible; GoogleOther)"
66.29.146.47 - - [12/Jul/2025:12:48:03 -0400] "POST /wp-cron.php?doing_wp_cron=1752338882.7553429603576660156250 HTTP/1.1" 403 1242 "-" "WordPress/6.8; https://dangroup.sa"
136.243.228.194 - - [12/Jul/2025:12:48:01 -0400] "GET /items/abnkl265/13643?key=flavor HTTP/1.1" 404 23129 "-" "Mozilla/5.0 (compatible; DataForSeoBot/1.0; +https://dataforseo.com/dataforseo-bot)"
136.243.228.194 - - [12/Jul/2025:12:48:09 -0400] "GET /94dss10187.html HTTP/1.1" 404 23129 "-" "Mozilla/5.0 (compatible; DataForSeoBot/1.0; +https://dataforseo.com/dataforseo-bot)"
66.249.68.130 - - [12/Jul/2025:12:48:19 -0400] "GET /items/curzt81/29?key=interesting HTTP/1.1" 200 86194 "-" "Mozilla/5.0 (Linux; Android 6.0.1; Nexus 5X Build/MMB29P) AppleWebKit/537.36 (KHTML, like Gecko) Chrome/137.0.7151.103 Mobile Safari/537.36 (compatible; Googlebot/2.1; +http://www.google.com/bot.html)"
66.249.68.130 - - [12/Jul/2025:12:48:20 -0400] "GET /69fcp26084.html HTTP/1.1" 200 86942 "-" "Mozilla/5.0 (Linux; Android 6.0.1; Nexus 5X Build/MMB29P) AppleWebKit/537.36 (KHTML, like Gecko) Chrome/137.0.7151.103 Mobile Safari/537.36 (compatible; Googlebot/2.1; +http://www.google.com/bot.html)"
66.249.68.129 - - [12/Jul/2025:12:48:21 -0400] "GET /126afpui43941.html HTTP/1.1" 200 86641 "-" "Mozilla/5.0 (Linux; Android 6.0.1; Nexus 5X Build/MMB29P) AppleWebKit/537.36 (KHTML, like Gecko) Chrome/137.0.7151.103 Mobile Safari/537.36 (compatible; Googlebot/2.1; +http://www.google.com/bot.html)"
66.249.68.129 - - [12/Jul/2025:12:48:23 -0400] "GET /240oeoet16323.html HTTP/1.1" 200 86510 "-" "Mozilla/5.0 (Linux; Android 6.0.1; Nexus 5X Build/MMB29P) AppleWebKit/537.36 (KHTML, like Gecko) Chrome/137.0.7151.103 Mobile Safari/537.36 (compatible; Googlebot/2.1; +http://www.google.com/bot.html)"
66.249.68.130 - - [12/Jul/2025:12:48:24 -0400] "GET /64fhpfk39525.html HTTP/1.1" 200 86663 "-" "Mozilla/5.0 (Linux; Android 6.0.1; Nexus 5X Build/MMB29P) AppleWebKit/537.36 (KHTML, like Gecko) Chrome/137.0.7151.103 Mobile Safari/537.36 (compatible; Googlebot/2.1; +http://www.google.com/bot.html)"
136.243.228.194 - - [12/Jul/2025:12:48:18 -0400] "GET /119ltq11278.html HTTP/1.1" 404 23127 "-" "Mozilla/5.0 (compatible; DataForSeoBot/1.0; +https://dataforseo.com/dataforseo-bot)"
66.249.68.130 - - [12/Jul/2025:12:48:25 -0400] "GET /items/zfuda85/807?key=just HTTP/1.1" 200 86985 "-" "Mozilla/5.0 (Linux; Android 6.0.1; Nexus 5X Build/MMB29P) AppleWebKit/537.36 (KHTML, like Gecko) Chrome/137.0.7151.103 Mobile Safari/537.36 (compatible; Googlebot/2.1; +http://www.google.com/bot.html)"
66.249.68.129 - - [12/Jul/2025:12:48:26 -0400] "GET /19ndau466.html HTTP/1.1" 200 87157 "-" "Mozilla/5.0 (Linux; Android 6.0.1; Nexus 5X Build/MMB29P) AppleWebKit/537.36 (KHTML, like Gecko) Chrome/137.0.7151.103 Mobile Safari/537.36 (compatible; Googlebot/2.1; +http://www.google.com/bot.html)"
66.249.79.136 - - [12/Jul/2025:12:48:27 -0400] "GET /46dqfy117.html HTTP/1.1" 200 86155 "-" "Mozilla/5.0 (Linux; Android 6.0.1; Nexus 5X Build/MMB29P) AppleWebKit/537.36 (KHTML, like Gecko) Chrome/137.0.7151.103 Mobile Safari/537.36 (compatible; Googlebot/2.1; +http://www.google.com/bot.html)"
66.249.68.129 - - [12/Jul/2025:12:48:28 -0400] "GET /items/snhuj87/447?key=dependent HTTP/1.1" 200 87129 "-" "Mozilla/5.0 (Linux; Android 6.0.1; Nexus 5X Build/MMB29P) AppleWebKit/537.36 (KHTML, like Gecko) Chrome/137.0.7151.103 Mobile Safari/537.36 (compatible; Googlebot/2.1; +http://www.google.com/bot.html)"
66.249.79.136 - - [12/Jul/2025:12:48:30 -0400] "GET /237gey20806.html HTTP/1.1" 200 86722 "-" "Mozilla/5.0 (Linux; Android 6.0.1; Nexus 5X Build/MMB29P) AppleWebKit/537.36 (KHTML, like Gecko) Chrome/137.0.7151.103 Mobile Safari/537.36 (compatible; Googlebot/2.1; +http://www.google.com/bot.html)"
66.249.79.137 - - [12/Jul/2025:12:48:31 -0400] "GET /53ryfq40748.html HTTP/1.1" 200 86845 "-" "Mozilla/5.0 (Linux; Android 6.0.1; Nexus 5X Build/MMB29P) AppleWebKit/537.36 (KHTML, like Gecko) Chrome/137.0.7151.103 Mobile Safari/537.36 (compatible; Googlebot/2.1; +http://www.google.com/bot.html)"
66.249.68.129 - - [12/Jul/2025:12:48:32 -0400] "GET /218hdsl24867.html HTTP/1.1" 200 86480 "-" "Mozilla/5.0 (Linux; Android 6.0.1; Nexus 5X Build/MMB29P) AppleWebKit/537.36 (KHTML, like Gecko) Chrome/137.0.7151.103 Mobile Safari/537.36 (compatible; Googlebot/2.1; +http://www.google.com/bot.html)"
66.249.68.129 - - [12/Jul/2025:12:48:33 -0400] "GET /294jzj26523.html HTTP/1.1" 200 87010 "-" "Mozilla/5.0 (Linux; Android 6.0.1; Nexus 5X Build/MMB29P) AppleWebKit/537.36 (KHTML, like Gecko) Chrome/137.0.7151.103 Mobile Safari/537.36 (compatible; Googlebot/2.1; +http://www.google.com/bot.html)"
136.243.228.194 - - [12/Jul/2025:12:48:27 -0400] "GET /items/sedjv94/25068?key=psychologist HTTP/1.1" 404 23129 "-" "Mozilla/5.0 (compatible; DataForSeoBot/1.0; +https://dataforseo.com/dataforseo-bot)"
66.249.68.132 - - [12/Jul/2025:12:48:35 -0400] "GET /search?category=65204&search_word= HTTP/1.1" 200 87339 "-" "Mozilla/5.0 (Linux; Android 6.0.1; Nexus 5X Build/MMB29P) AppleWebKit/537.36 (KHTML, like Gecko) Chrome/137.0.7151.103 Mobile Safari/537.36 (compatible; Googlebot/2.1; +http://www.google.com/bot.html)"
66.249.68.131 - - [12/Jul/2025:12:48:36 -0400] "GET /?_ga=2.198074345.1955352220.1721329623-968811056.1699381788&_bdsid=dmjl0p.n~UQTRN.1745716790918.1784849964&_bd_prev_page=https://dangroup.sa/api.jsp?items/rbcxj249/44155?key=here HTTP/1.1" 200 86232 "-" "Mozilla/5.0 (Linux; Android 6.0.1; Nexus 5X Build/MMB29P) AppleWebKit/537.36 (KHTML, like Gecko) Chrome/137.0.7151.103 Mobile Safari/537.36 (compatible; Googlebot/2.1; +http://www.google.com/bot.html)"
66.249.68.129 - - [12/Jul/2025:12:48:37 -0400] "GET /items/vxegk1/693?key=shopping HTTP/1.1" 200 87956 "-" "Mozilla/5.0 (Linux; Android 6.0.1; Nexus 5X Build/MMB29P) AppleWebKit/537.36 (KHTML, like Gecko) Chrome/137.0.7151.103 Mobile Safari/537.36 (compatible; Googlebot/2.1; +http://www.google.com/bot.html)"
66.249.68.133 - - [12/Jul/2025:12:48:38 -0400] "GET /202dwqdl5069.html HTTP/1.1" 200 88430 "-" "Mozilla/5.0 (Linux; Android 6.0.1; Nexus 5X Build/MMB29P) AppleWebKit/537.36 (KHTML, like Gecko) Chrome/137.0.7151.103 Mobile Safari/537.36 (compatible; Googlebot/2.1; +http://www.google.com/bot.html)"
66.249.79.137 - - [12/Jul/2025:12:48:39 -0400] "GET /items/emvgy94/1096?key=devastating HTTP/1.1" 200 87398 "-" "Mozilla/5.0 (Linux; Android 6.0.1; Nexus 5X Build/MMB29P) AppleWebKit/537.36 (KHTML, like Gecko) Chrome/137.0.7151.103 Mobile Safari/537.36 (compatible; Googlebot/2.1; +http://www.google.com/bot.html)"
136.243.228.194 - - [12/Jul/2025:12:48:37 -0400] "GET /items/ljlzx99/36319?key=achieve HTTP/1.1" 404 23127 "-" "Mozilla/5.0 (compatible; DataForSeoBot/1.0; +https://dataforseo.com/dataforseo-bot)"
136.243.228.194 - - [12/Jul/2025:12:48:43 -0400] "GET /270itz39517.html HTTP/1.1" 404 23127 "-" "Mozilla/5.0 (compatible; DataForSeoBot/1.0; +https://dataforseo.com/dataforseo-bot)"
136.243.228.194 - - [12/Jul/2025:12:48:52 -0400] "GET /33bkiw26432.html HTTP/1.1" 404 23127 "-" "Mozilla/5.0 (compatible; DataForSeoBot/1.0; +https://dataforseo.com/dataforseo-bot)"
136.243.228.194 - - [12/Jul/2025:12:49:00 -0400] "GET /274hkzz41731.html HTTP/1.1" 404 23127 "-" "Mozilla/5.0 (compatible; DataForSeoBot/1.0; +https://dataforseo.com/dataforseo-bot)"
66.29.146.47 - - [12/Jul/2025:12:49:09 -0400] "POST /wp-cron.php?doing_wp_cron=1752338949.6585729122161865234375 HTTP/1.1" 403 1242 "-" "WordPress/6.8; https://dangroup.sa"
136.243.228.194 - - [12/Jul/2025:12:49:08 -0400] "GET /items/hvknx297/14185?key=simple HTTP/1.1" 404 23127 "-" "Mozilla/5.0 (compatible; DataForSeoBot/1.0; +https://dataforseo.com/dataforseo-bot)"
136.243.228.194 - - [12/Jul/2025:12:49:17 -0400] "GET /227atoi48092.html HTTP/1.1" 404 23129 "-" "Mozilla/5.0 (compatible; DataForSeoBot/1.0; +https://dataforseo.com/dataforseo-bot)"
136.243.228.194 - - [12/Jul/2025:12:49:23 -0400] "GET /items/yunqv186/2482?key=connect HTTP/1.1" 404 23129 "-" "Mozilla/5.0 (compatible; DataForSeoBot/1.0; +https://dataforseo.com/dataforseo-bot)"
136.243.228.194 - - [12/Jul/2025:12:49:32 -0400] "GET /83sxm10100.html HTTP/1.1" 404 23127 "-" "Mozilla/5.0 (compatible; DataForSeoBot/1.0; +https://dataforseo.com/dataforseo-bot)"
136.243.228.194 - - [12/Jul/2025:12:49:40 -0400] "GET /items/umprf102/40764?key=spare HTTP/1.1" 404 23127 "-" "Mozilla/5.0 (compatible; DataForSeoBot/1.0; +https://dataforseo.com/dataforseo-bot)"
136.243.228.194 - - [12/Jul/2025:12:49:48 -0400] "GET /items/lbarq178/23416?key=along HTTP/1.1" 404 23127 "-" "Mozilla/5.0 (compatible; DataForSeoBot/1.0; +https://dataforseo.com/dataforseo-bot)"
136.243.228.194 - - [12/Jul/2025:12:49:58 -0400] "GET /7tlwh6844.html HTTP/1.1" 404 23127 "-" "Mozilla/5.0 (compatible; DataForSeoBot/1.0; +https://dataforseo.com/dataforseo-bot)"
136.243.228.194 - - [12/Jul/2025:12:50:05 -0400] "GET /items/zywza144/32966?key=remain HTTP/1.1" 404 23127 "-" "Mozilla/5.0 (compatible; DataForSeoBot/1.0; +https://dataforseo.com/dataforseo-bot)"
66.29.146.47 - - [12/Jul/2025:12:50:13 -0400] "POST /wp-cron.php?doing_wp_cron=1752339012.8920118808746337890625 HTTP/1.1" 403 1242 "-" "WordPress/6.8; https://dangroup.sa"
136.243.228.194 - - [12/Jul/2025:12:50:12 -0400] "GET /226yaqg25019.html HTTP/1.1" 404 23127 "-" "Mozilla/5.0 (compatible; DataForSeoBot/1.0; +https://dataforseo.com/dataforseo-bot)"
136.243.228.194 - - [12/Jul/2025:12:50:19 -0400] "GET /items/pyfol16/8222?key=cope HTTP/1.1" 404 23129 "-" "Mozilla/5.0 (compatible; DataForSeoBot/1.0; +https://dataforseo.com/dataforseo-bot)"
47.82.60.70 - - [12/Jul/2025:12:50:32 -0400] "GET /pcmypage?callback=product/detail/at-zakka-4550309025403-20 HTTP/1.1" 301 0 "https://www.dangroup.sa/pcmypage?callback=product%2Fdetail%2Fat-zakka-4550309025403-20" "Mozilla/5.0 (Windows NT 10.0; Win64; x64) AppleWebKit/537.36 (KHTML, like Gecko) Chrome/114.0.0.0 Safari/537.36 Edg/114.0.1823.43"
136.243.228.194 - - [12/Jul/2025:12:50:28 -0400] "GET /items/afizx143/15189?key=spouse HTTP/1.1" 404 23127 "-" "Mozilla/5.0 (compatible; DataForSeoBot/1.0; +https://dataforseo.com/dataforseo-bot)"
47.82.60.70 - - [12/Jul/2025:12:50:37 -0400] "GET /pcmypage?callback=product/detail/at-zakka-4550309025403-20 HTTP/1.1" 404 23127 "https://www.dangroup.sa/pcmypage?callback=product%2Fdetail%2Fat-zakka-4550309025403-20" "Mozilla/5.0 (Windows NT 10.0; Win64; x64) AppleWebKit/537.36 (KHTML, like Gecko) Chrome/114.0.0.0 Safari/537.36 Edg/114.0.1823.43"
136.243.228.194 - - [12/Jul/2025:12:50:43 -0400] "GET /items/ptbyf220/19754?key=fragile HTTP/1.1" 404 23127 "-" "Mozilla/5.0 (compatible; DataForSeoBot/1.0; +https://dataforseo.com/dataforseo-bot)"
136.243.228.194 - - [12/Jul/2025:12:50:54 -0400] "GET /77xytfi37750.html HTTP/1.1" 404 23129 "-" "Mozilla/5.0 (compatible; DataForSeoBot/1.0; +https://dataforseo.com/dataforseo-bot)"
136.243.228.194 - - [12/Jul/2025:12:51:03 -0400] "GET /items/rgldz85/37157?key=discipline HTTP/1.1" 404 23127 "-" "Mozilla/5.0 (compatible; DataForSeoBot/1.0; +https://dataforseo.com/dataforseo-bot)"
47.82.60.9 - - [12/Jul/2025:12:51:08 -0400] "GET /items/owcmo268/46568?key=quick HTTP/1.1" 404 23127 "https://dangroup.sa/items/owcmo268/46568?key=quick" "Mozilla/5.0 (Windows NT 10.0; Win64; x64) AppleWebKit/537.36 (KHTML, like Gecko) Chrome/114.0.0.0 Safari/537.36 Edg/114.0.1823.43"
47.82.60.78 - - [12/Jul/2025:12:51:09 -0400] "GET /items/xafcg167/23015?key=weird HTTP/1.1" 404 23127 "https://dangroup.sa/items/xafcg167/23015?key=weird" "Mozilla/5.0 (Windows NT 10.0; Win64; x64) AppleWebKit/537.36 (KHTML, like Gecko) Chrome/114.0.0.0 Safari/537.36 Edg/114.0.1823.43"
136.243.228.194 - - [12/Jul/2025:12:51:11 -0400] "GET /18wte38851.html HTTP/1.1" 404 23127 "-" "Mozilla/5.0 (compatible; DataForSeoBot/1.0; +https://dataforseo.com/dataforseo-bot)"
66.29.146.47 - - [12/Jul/2025:12:51:18 -0400] "POST /wp-cron.php?doing_wp_cron=1752339078.6559131145477294921875 HTTP/1.1" 403 1242 "-" "WordPress/6.8; https://dangroup.sa"
136.243.228.194 - - [12/Jul/2025:12:51:18 -0400] "GET /48kihd22129.html HTTP/1.1" 404 23127 "-" "Mozilla/5.0 (compatible; DataForSeoBot/1.0; +https://dataforseo.com/dataforseo-bot)"
136.243.228.194 - - [12/Jul/2025:12:51:23 -0400] "GET /65xxvrm39212.html HTTP/1.1" 404 23127 "-" "Mozilla/5.0 (compatible; DataForSeoBot/1.0; +https://dataforseo.com/dataforseo-bot)"
136.243.228.194 - - [12/Jul/2025:12:51:27 -0400] "GET /231ose45876.html HTTP/1.1" 404 23127 "-" "Mozilla/5.0 (compatible; DataForSeoBot/1.0; +https://dataforseo.com/dataforseo-bot)"
47.82.60.76 - - [12/Jul/2025:12:51:31 -0400] "GET /items/dpguz94/19138?key=correct HTTP/1.1" 404 23129 "https://dangroup.sa/items/dpguz94/19138?key=correct" "Mozilla/5.0 (Windows NT 10.0; Win64; x64) AppleWebKit/537.36 (KHTML, like Gecko) Chrome/114.0.0.0 Safari/537.36 Edg/114.0.1823.43"
136.243.228.194 - - [12/Jul/2025:12:51:35 -0400] "GET /items/kbrxh198/11710?key=spirit HTTP/1.1" 404 23127 "-" "Mozilla/5.0 (compatible; DataForSeoBot/1.0; +https://dataforseo.com/dataforseo-bot)"
47.82.60.43 - - [12/Jul/2025:12:51:42 -0400] "GET /pcmypage?callback=product/review/3rdshop-ts_1982191 HTTP/1.1" 404 23129 "https://dangroup.sa/pcmypage?callback=product/review/3rdshop-ts_1982191" "Mozilla/5.0 (Windows NT 10.0; Win64; x64) AppleWebKit/537.36 (KHTML, like Gecko) Chrome/114.0.0.0 Safari/537.36 Edg/114.0.1823.43"
47.82.60.43 - - [12/Jul/2025:12:51:49 -0400] "GET /2cjo577.html HTTP/1.1" 301 0 "https://www.dangroup.sa/2cjo577.html" "Mozilla/5.0 (Windows NT 10.0; Win64; x64) AppleWebKit/537.36 (KHTML, like Gecko) Chrome/114.0.0.0 Safari/537.36 Edg/114.0.1823.43"
136.243.228.194 - - [12/Jul/2025:12:51:44 -0400] "GET /143kfd36988.html HTTP/1.1" 404 23127 "-" "Mozilla/5.0 (compatible; DataForSeoBot/1.0; +https://dataforseo.com/dataforseo-bot)"
47.82.60.43 - - [12/Jul/2025:12:51:51 -0400] "GET /2cjo577.html HTTP/1.1" 404 23129 "https://www.dangroup.sa/2cjo577.html" "Mozilla/5.0 (Windows NT 10.0; Win64; x64) AppleWebKit/537.36 (KHTML, like Gecko) Chrome/114.0.0.0 Safari/537.36 Edg/114.0.1823.43"
136.243.228.194 - - [12/Jul/2025:12:51:53 -0400] "GET /239yhczi9994.html HTTP/1.1" 404 23127 "-" "Mozilla/5.0 (compatible; DataForSeoBot/1.0; +https://dataforseo.com/dataforseo-bot)"
47.82.60.7 - - [12/Jul/2025:12:52:01 -0400] "GET /items/iublb146/18512?key=God HTTP/1.1" 404 23129 "https://dangroup.sa/items/iublb146/18512?key=God" "Mozilla/5.0 (Windows NT 10.0; Win64; x64) AppleWebKit/537.36 (KHTML, like Gecko) Chrome/114.0.0.0 Safari/537.36 Edg/114.0.1823.43"
136.243.228.194 - - [12/Jul/2025:12:52:01 -0400] "GET /271iod29624.html HTTP/1.1" 404 23127 "-" "Mozilla/5.0 (compatible; DataForSeoBot/1.0; +https://dataforseo.com/dataforseo-bot)"
136.243.228.194 - - [12/Jul/2025:12:52:10 -0400] "GET /items/pcwib116/40076?key=recommendation HTTP/1.1" 404 23129 "-" "Mozilla/5.0 (compatible; DataForSeoBot/1.0; +https://dataforseo.com/dataforseo-bot)"
136.243.228.194 - - [12/Jul/2025:12:52:14 -0400] "GET /55mati7112.html HTTP/1.1" 404 23127 "-" "Mozilla/5.0 (compatible; DataForSeoBot/1.0; +https://dataforseo.com/dataforseo-bot)"
66.29.146.47 - - [12/Jul/2025:12:52:19 -0400] "POST /wp-cron.php?doing_wp_cron=1752339139.0779418945312500000000 HTTP/1.1" 403 1242 "-" "WordPress/6.8; https://dangroup.sa"
136.243.228.194 - - [12/Jul/2025:12:52:18 -0400] "GET /148xeha5299.html HTTP/1.1" 404 23127 "-" "Mozilla/5.0 (compatible; DataForSeoBot/1.0; +https://dataforseo.com/dataforseo-bot)"
47.82.60.73 - - [12/Jul/2025:12:52:19 -0400] "GET /10ilu26285.html HTTP/1.1" 404 23129 "https://dangroup.sa/10ilu26285.html" "Mozilla/5.0 (Windows NT 10.0; Win64; x64) AppleWebKit/537.36 (KHTML, like Gecko) Chrome/114.0.0.0 Safari/537.36 Edg/114.0.1823.43"
136.243.228.194 - - [12/Jul/2025:12:52:26 -0400] "GET /items/vbzez72/7502?key=hide HTTP/1.1" 404 23127 "-" "Mozilla/5.0 (compatible; DataForSeoBot/1.0; +https://dataforseo.com/dataforseo-bot)"
136.243.228.194 - - [12/Jul/2025:12:52:34 -0400] "GET /items/miakk36/8702?key=water HTTP/1.1" 404 23127 "-" "Mozilla/5.0 (compatible; DataForSeoBot/1.0; +https://dataforseo.com/dataforseo-bot)"
47.82.60.51 - - [12/Jul/2025:12:52:42 -0400] "GET /pcmypage?callback=product/review/book-18051218 HTTP/1.1" 301 0 "https://www.dangroup.sa/pcmypage?callback=product/review/book-18051218" "Mozilla/5.0 (Windows NT 10.0; Win64; x64) AppleWebKit/537.36 (KHTML, like Gecko) Chrome/114.0.0.0 Safari/537.36 Edg/114.0.1823.43"
136.243.228.194 - - [12/Jul/2025:12:52:40 -0400] "GET /items/bngiz131/1423?key=institution HTTP/1.1" 404 23127 "-" "Mozilla/5.0 (compatible; DataForSeoBot/1.0; +https://dataforseo.com/dataforseo-bot)"
47.82.60.51 - - [12/Jul/2025:12:52:44 -0400] "GET /pcmypage?callback=product/review/book-18051218 HTTP/1.1" 404 23127 "https://www.dangroup.sa/pcmypage?callback=product/review/book-18051218" "Mozilla/5.0 (Windows NT 10.0; Win64; x64) AppleWebKit/537.36 (KHTML, like Gecko) Chrome/114.0.0.0 Safari/537.36 Edg/114.0.1823.43"
98.81.231.236 - - [12/Jul/2025:12:52:51 -0400] "GET /.git/config HTTP/1.1" 403 1242 "-" "Mozilla/5.0 (Windows NT 6.0) AppleWebKit/537.36 (KHTML, like Gecko) Chrome/45.0.2454.93 Safari/537.36"
136.243.228.194 - - [12/Jul/2025:12:52:46 -0400] "GET /items/mztqj48/31774?key=poor HTTP/1.1" 404 23129 "-" "Mozilla/5.0 (compatible; DataForSeoBot/1.0; +https://dataforseo.com/dataforseo-bot)"
136.243.228.194 - - [12/Jul/2025:12:52:56 -0400] "GET /96dtg16141.html HTTP/1.1" 404 23129 "-" "Mozilla/5.0 (compatible; DataForSeoBot/1.0; +https://dataforseo.com/dataforseo-bot)"
136.243.228.194 - - [12/Jul/2025:12:53:01 -0400] "GET /items/dsfkb172/2472?key=thank HTTP/1.1" 404 23127 "-" "Mozilla/5.0 (compatible; DataForSeoBot/1.0; +https://dataforseo.com/dataforseo-bot)"
136.243.228.194 - - [12/Jul/2025:12:53:08 -0400] "GET /items/skmij190/6930?key=compound HTTP/1.1" 404 23129 "-" "Mozilla/5.0 (compatible; DataForSeoBot/1.0; +https://dataforseo.com/dataforseo-bot)"
66.249.68.132 - - [12/Jul/2025:12:53:14 -0400] "GET /items/ahmfm250/24138?key=explanation HTTP/1.1" 200 86585 "-" "Mozilla/5.0 (Linux; Android 6.0.1; Nexus 5X Build/MMB29P) AppleWebKit/537.36 (KHTML, like Gecko) Chrome/137.0.7151.103 Mobile Safari/537.36 (compatible; GoogleOther)"
47.82.60.45 - - [12/Jul/2025:12:53:10 -0400] "GET /pcmypage?callback=product/review/webike-rb-25988937-1 HTTP/1.1" 404 23127 "https://dangroup.sa/pcmypage?callback=product/review/webike-rb-25988937-1" "Mozilla/5.0 (Windows NT 10.0; Win64; x64) AppleWebKit/537.36 (KHTML, like Gecko) Chrome/114.0.0.0 Safari/537.36 Edg/114.0.1823.43"
136.243.228.194 - - [12/Jul/2025:12:53:16 -0400] "GET /items/bedca211/18037?key=fine HTTP/1.1" 404 23127 "-" "Mozilla/5.0 (compatible; DataForSeoBot/1.0; +https://dataforseo.com/dataforseo-bot)"
66.29.146.47 - - [12/Jul/2025:12:53:23 -0400] "POST /wp-cron.php?doing_wp_cron=1752339202.9618508815765380859375 HTTP/1.1" 403 1242 "-" "WordPress/6.8; https://dangroup.sa"
136.243.228.194 - - [12/Jul/2025:12:53:22 -0400] "GET /132kuit49885.html HTTP/1.1" 404 23129 "-" "Mozilla/5.0 (compatible; DataForSeoBot/1.0; +https://dataforseo.com/dataforseo-bot)"
136.243.228.194 - - [12/Jul/2025:12:53:30 -0400] "GET /items/jltkn67/32673?key=sandwich HTTP/1.1" 404 23127 "-" "Mozilla/5.0 (compatible; DataForSeoBot/1.0; +https://dataforseo.com/dataforseo-bot)"
136.243.228.194 - - [12/Jul/2025:12:53:37 -0400] "GET /items/mykou235/29947?key=reinforce HTTP/1.1" 404 23127 "-" "Mozilla/5.0 (compatible; DataForSeoBot/1.0; +https://dataforseo.com/dataforseo-bot)"
47.82.60.23 - - [12/Jul/2025:12:53:43 -0400] "GET /212lov19351.html HTTP/1.1" 404 23129 "https://dangroup.sa/212lov19351.html" "Mozilla/5.0 (Windows NT 10.0; Win64; x64) AppleWebKit/537.36 (KHTML, like Gecko) Chrome/114.0.0.0 Safari/537.36 Edg/114.0.1823.43"
136.243.228.194 - - [12/Jul/2025:12:53:44 -0400] "GET /items/lghji283/6123?key=entitle HTTP/1.1" 404 23127 "-" "Mozilla/5.0 (compatible; DataForSeoBot/1.0; +https://dataforseo.com/dataforseo-bot)"
204.12.252.98 - - [12/Jul/2025:12:53:49 -0400] "GET /wp-content/install.php HTTP/1.1" 200 10 "https://dangroup.sa/wp-content/install.php" "Mozilla/5.0 (Windows NT 10.0; Win64; x64) AppleWebKit/537.36 (KHTML, like Gecko) Chrome/58.0.3029.110 Safari/537.3"
136.243.228.194 - - [12/Jul/2025:12:53:51 -0400] "GET /items/imidv116/26234?key=ruin HTTP/1.1" 404 23129 "-" "Mozilla/5.0 (compatible; DataForSeoBot/1.0; +https://dataforseo.com/dataforseo-bot)"
136.243.228.194 - - [12/Jul/2025:12:53:54 -0400] "GET /items/glemj201/26525?key=hesitate HTTP/1.1" 404 23127 "-" "Mozilla/5.0 (compatible; DataForSeoBot/1.0; +https://dataforseo.com/dataforseo-bot)"
136.243.228.194 - - [12/Jul/2025:12:53:58 -0400] "GET /195kpm40688.html HTTP/1.1" 404 23127 "-" "Mozilla/5.0 (compatible; DataForSeoBot/1.0; +https://dataforseo.com/dataforseo-bot)"
136.243.228.194 - - [12/Jul/2025:12:54:02 -0400] "GET /items/zyyta252/17254?key=start HTTP/1.1" 404 23127 "-" "Mozilla/5.0 (compatible; DataForSeoBot/1.0; +https://dataforseo.com/dataforseo-bot)"
136.243.228.194 - - [12/Jul/2025:12:54:07 -0400] "GET /253jjo5884.html HTTP/1.1" 404 23127 "-" "Mozilla/5.0 (compatible; DataForSeoBot/1.0; +https://dataforseo.com/dataforseo-bot)"
66.249.68.133 - - [12/Jul/2025:12:54:13 -0400] "GET /8nlms13259.html HTTP/1.1" 200 87155 "-" "Mozilla/5.0 (Linux; Android 6.0.1; Nexus 5X Build/MMB29P) AppleWebKit/537.36 (KHTML, like Gecko) Chrome/137.0.7151.103 Mobile Safari/537.36 (compatible; Googlebot/2.1; +http://www.google.com/bot.html)"
136.243.228.194 - - [12/Jul/2025:12:54:14 -0400] "GET /116pyz26007.html HTTP/1.1" 404 23129 "-" "Mozilla/5.0 (compatible; DataForSeoBot/1.0; +https://dataforseo.com/dataforseo-bot)"
136.243.228.194 - - [12/Jul/2025:12:54:20 -0400] "GET /8ibir46921.html HTTP/1.1" 404 23129 "-" "Mozilla/5.0 (compatible; DataForSeoBot/1.0; +https://dataforseo.com/dataforseo-bot)"
66.29.146.47 - - [12/Jul/2025:12:54:26 -0400] "POST /wp-cron.php?doing_wp_cron=1752339266.3627839088439941406250 HTTP/1.1" 403 1242 "-" "WordPress/6.8; https://dangroup.sa"
136.243.228.194 - - [12/Jul/2025:12:54:26 -0400] "GET /items/puxel101/47977?key=verbal HTTP/1.1" 404 23129 "-" "Mozilla/5.0 (compatible; DataForSeoBot/1.0; +https://dataforseo.com/dataforseo-bot)"
136.243.228.194 - - [12/Jul/2025:12:54:30 -0400] "GET /items/qjnlp78/41084?key=altogether HTTP/1.1" 404 23127 "-" "Mozilla/5.0 (compatible; DataForSeoBot/1.0; +https://dataforseo.com/dataforseo-bot)"
136.243.228.194 - - [12/Jul/2025:12:54:38 -0400] "GET /items/wrzki110/39276?key=treasure HTTP/1.1" 404 23129 "-" "Mozilla/5.0 (compatible; DataForSeoBot/1.0; +https://dataforseo.com/dataforseo-bot)"
136.243.228.194 - - [12/Jul/2025:12:54:43 -0400] "GET /207obnt1172.html HTTP/1.1" 404 23129 "-" "Mozilla/5.0 (compatible; DataForSeoBot/1.0; +https://dataforseo.com/dataforseo-bot)"
136.243.228.194 - - [12/Jul/2025:12:54:51 -0400] "GET /236ktf30657.html HTTP/1.1" 404 23127 "-" "Mozilla/5.0 (compatible; DataForSeoBot/1.0; +https://dataforseo.com/dataforseo-bot)"
136.243.228.194 - - [12/Jul/2025:12:54:56 -0400] "GET /54bggcg25011.html HTTP/1.1" 404 23127 "-" "Mozilla/5.0 (compatible; DataForSeoBot/1.0; +https://dataforseo.com/dataforseo-bot)"
136.243.228.194 - - [12/Jul/2025:12:55:00 -0400] "GET /266lkre14551.html HTTP/1.1" 404 23129 "-" "Mozilla/5.0 (compatible; DataForSeoBot/1.0; +https://dataforseo.com/dataforseo-bot)"
136.243.228.194 - - [12/Jul/2025:12:55:04 -0400] "GET /12epkv46127.html HTTP/1.1" 404 23127 "-" "Mozilla/5.0 (compatible; DataForSeoBot/1.0; +https://dataforseo.com/dataforseo-bot)"
136.243.228.194 - - [12/Jul/2025:12:55:12 -0400] "GET /items/ltjod17/35737?key=someone HTTP/1.1" 404 23127 "-" "Mozilla/5.0 (compatible; DataForSeoBot/1.0; +https://dataforseo.com/dataforseo-bot)"
136.243.228.194 - - [12/Jul/2025:12:55:21 -0400] "GET /items/omtmw41/19043?key=mortgage HTTP/1.1" 404 23127 "-" "Mozilla/5.0 (compatible; DataForSeoBot/1.0; +https://dataforseo.com/dataforseo-bot)"
66.29.146.47 - - [12/Jul/2025:12:55:27 -0400] "POST /wp-cron.php?doing_wp_cron=1752339327.1669380664825439453125 HTTP/1.1" 403 1242 "-" "WordPress/6.8; https://dangroup.sa"
136.243.228.194 - - [12/Jul/2025:12:55:26 -0400] "GET /items/vufpw141/19287?key=palace HTTP/1.1" 404 23127 "-" "Mozilla/5.0 (compatible; DataForSeoBot/1.0; +https://dataforseo.com/dataforseo-bot)"
136.243.228.194 - - [12/Jul/2025:12:55:33 -0400] "GET /items/rorgg46/30724?key=outsider HTTP/1.1" 404 23129 "-" "Mozilla/5.0 (compatible; DataForSeoBot/1.0; +https://dataforseo.com/dataforseo-bot)"
136.243.228.194 - - [12/Jul/2025:12:55:41 -0400] "GET /262vwc32485.html HTTP/1.1" 404 23127 "-" "Mozilla/5.0 (compatible; DataForSeoBot/1.0; +https://dataforseo.com/dataforseo-bot)"
136.243.228.194 - - [12/Jul/2025:12:55:47 -0400] "GET /275onjt43312.html HTTP/1.1" 404 23127 "-" "Mozilla/5.0 (compatible; DataForSeoBot/1.0; +https://dataforseo.com/dataforseo-bot)"
136.243.228.194 - - [12/Jul/2025:12:55:55 -0400] "GET /items/qwfac44/44702?key=tennis HTTP/1.1" 404 23127 "-" "Mozilla/5.0 (compatible; DataForSeoBot/1.0; +https://dataforseo.com/dataforseo-bot)"
136.243.228.194 - - [12/Jul/2025:12:56:01 -0400] "GET /299orsp3416.html HTTP/1.1" 404 23127 "-" "Mozilla/5.0 (compatible; DataForSeoBot/1.0; +https://dataforseo.com/dataforseo-bot)"
136.243.228.194 - - [12/Jul/2025:12:56:06 -0400] "GET /42dac47761.html HTTP/1.1" 404 23127 "-" "Mozilla/5.0 (compatible; DataForSeoBot/1.0; +https://dataforseo.com/dataforseo-bot)"
136.243.228.194 - - [12/Jul/2025:12:56:13 -0400] "GET /items/aqinz45/35967?key=northeast HTTP/1.1" 404 23127 "-" "Mozilla/5.0 (compatible; DataForSeoBot/1.0; +https://dataforseo.com/dataforseo-bot)"
136.243.228.194 - - [12/Jul/2025:12:56:20 -0400] "GET /242fopxo37437.html HTTP/1.1" 404 23129 "-" "Mozilla/5.0 (compatible; DataForSeoBot/1.0; +https://dataforseo.com/dataforseo-bot)"
66.29.146.47 - - [12/Jul/2025:12:56:27 -0400] "POST /wp-cron.php?doing_wp_cron=1752339387.2487599849700927734375 HTTP/1.1" 403 1242 "-" "WordPress/6.8; https://dangroup.sa"
136.243.228.194 - - [12/Jul/2025:12:56:26 -0400] "GET /167upchn35178.html HTTP/1.1" 404 23129 "-" "Mozilla/5.0 (compatible; DataForSeoBot/1.0; +https://dataforseo.com/dataforseo-bot)"
136.243.228.194 - - [12/Jul/2025:12:56:32 -0400] "GET /151dcce4102.html HTTP/1.1" 404 23129 "-" "Mozilla/5.0 (compatible; DataForSeoBot/1.0; +https://dataforseo.com/dataforseo-bot)"
136.243.228.194 - - [12/Jul/2025:12:56:39 -0400] "GET /61qbw3314.html HTTP/1.1" 404 23127 "-" "Mozilla/5.0 (compatible; DataForSeoBot/1.0; +https://dataforseo.com/dataforseo-bot)"
136.243.228.194 - - [12/Jul/2025:12:56:47 -0400] "GET /4zlu39699.html HTTP/1.1" 404 23127 "-" "Mozilla/5.0 (compatible; DataForSeoBot/1.0; +https://dataforseo.com/dataforseo-bot)"
136.243.228.194 - - [12/Jul/2025:12:56:54 -0400] "GET /items/rwmdn4/46956?key=momentum HTTP/1.1" 404 23127 "-" "Mozilla/5.0 (compatible; DataForSeoBot/1.0; +https://dataforseo.com/dataforseo-bot)"
136.243.228.194 - - [12/Jul/2025:12:57:00 -0400] "GET /items/gowrv35/22569?key=hurt HTTP/1.1" 404 23127 "-" "Mozilla/5.0 (compatible; DataForSeoBot/1.0; +https://dataforseo.com/dataforseo-bot)"
136.243.228.194 - - [12/Jul/2025:12:57:07 -0400] "GET /items/pnntf258/37434?key=sound HTTP/1.1" 404 23127 "-" "Mozilla/5.0 (compatible; DataForSeoBot/1.0; +https://dataforseo.com/dataforseo-bot)"
136.243.228.194 - - [12/Jul/2025:12:57:13 -0400] "GET /140dyif40751.html HTTP/1.1" 404 23127 "-" "Mozilla/5.0 (compatible; DataForSeoBot/1.0; +https://dataforseo.com/dataforseo-bot)"
136.243.228.194 - - [12/Jul/2025:12:57:20 -0400] "GET /21zlu35068.html HTTP/1.1" 404 23127 "-" "Mozilla/5.0 (compatible; DataForSeoBot/1.0; +https://dataforseo.com/dataforseo-bot)"
136.243.228.194 - - [12/Jul/2025:12:57:25 -0400] "GET /164gmlw39611.html HTTP/1.1" 404 23127 "-" "Mozilla/5.0 (compatible; DataForSeoBot/1.0; +https://dataforseo.com/dataforseo-bot)"
66.29.146.47 - - [12/Jul/2025:12:57:32 -0400] "POST /wp-cron.php?doing_wp_cron=1752339452.2541871070861816406250 HTTP/1.1" 403 1242 "-" "WordPress/6.8; https://dangroup.sa"
136.243.228.194 - - [12/Jul/2025:12:57:31 -0400] "GET /items/oudrd16/19142?key=age HTTP/1.1" 404 23129 "-" "Mozilla/5.0 (compatible; DataForSeoBot/1.0; +https://dataforseo.com/dataforseo-bot)"
136.243.228.194 - - [12/Jul/2025:12:57:39 -0400] "GET /285yopn15972.html HTTP/1.1" 404 23127 "-" "Mozilla/5.0 (compatible; DataForSeoBot/1.0; +https://dataforseo.com/dataforseo-bot)"
136.243.228.194 - - [12/Jul/2025:12:57:45 -0400] "GET /227pktz24278.html HTTP/1.1" 404 23127 "-" "Mozilla/5.0 (compatible; DataForSeoBot/1.0; +https://dataforseo.com/dataforseo-bot)"
136.243.228.194 - - [12/Jul/2025:12:57:51 -0400] "GET /items/hlhbg228/38328?key=regularly HTTP/1.1" 404 23127 "-" "Mozilla/5.0 (compatible; DataForSeoBot/1.0; +https://dataforseo.com/dataforseo-bot)"
136.243.228.194 - - [12/Jul/2025:12:57:58 -0400] "GET /items/bhalg188/27310?key=complex HTTP/1.1" 404 23127 "-" "Mozilla/5.0 (compatible; DataForSeoBot/1.0; +https://dataforseo.com/dataforseo-bot)"
136.243.228.194 - - [12/Jul/2025:12:58:03 -0400] "GET /items/wsogl128/10454?key=familiar HTTP/1.1" 404 23127 "-" "Mozilla/5.0 (compatible; DataForSeoBot/1.0; +https://dataforseo.com/dataforseo-bot)"
136.243.228.194 - - [12/Jul/2025:12:58:08 -0400] "GET /items/lmmke266/20870?key=bone HTTP/1.1" 404 23129 "-" "Mozilla/5.0 (compatible; DataForSeoBot/1.0; +https://dataforseo.com/dataforseo-bot)"
136.243.228.194 - - [12/Jul/2025:12:58:14 -0400] "GET /179mem34504.html HTTP/1.1" 404 23127 "-" "Mozilla/5.0 (compatible; DataForSeoBot/1.0; +https://dataforseo.com/dataforseo-bot)"
136.243.228.194 - - [12/Jul/2025:12:58:21 -0400] "GET /items/oabim247/33629?key=pick HTTP/1.1" 404 23127 "-" "Mozilla/5.0 (compatible; DataForSeoBot/1.0; +https://dataforseo.com/dataforseo-bot)"
136.243.228.194 - - [12/Jul/2025:12:58:28 -0400] "GET /items/htsgm50/23794?key=insist HTTP/1.1" 404 23127 "-" "Mozilla/5.0 (compatible; DataForSeoBot/1.0; +https://dataforseo.com/dataforseo-bot)"
66.29.146.47 - - [12/Jul/2025:12:58:35 -0400] "POST /wp-cron.php?doing_wp_cron=1752339515.7511849403381347656250 HTTP/1.1" 403 1242 "-" "WordPress/6.8; https://dangroup.sa"
136.243.228.194 - - [12/Jul/2025:12:58:35 -0400] "GET /items/aizqv90/25796?key=experimental HTTP/1.1" 404 23127 "-" "Mozilla/5.0 (compatible; DataForSeoBot/1.0; +https://dataforseo.com/dataforseo-bot)"
136.243.228.194 - - [12/Jul/2025:12:58:42 -0400] "GET /items/xedte201/46963?key=traditionally HTTP/1.1" 404 23127 "-" "Mozilla/5.0 (compatible; DataForSeoBot/1.0; +https://dataforseo.com/dataforseo-bot)"
66.249.68.130 - - [12/Jul/2025:12:58:51 -0400] "GET /95isjj23632.html HTTP/1.1" 200 86835 "-" "Mozilla/5.0 (compatible; Googlebot/2.1; +http://www.google.com/bot.html)"
66.249.68.130 - - [12/Jul/2025:12:58:52 -0400] "GET /items/zaagx75/701?key=trash HTTP/1.1" 200 89172 "-" "Mozilla/5.0 (Linux; Android 6.0.1; Nexus 5X Build/MMB29P) AppleWebKit/537.36 (KHTML, like Gecko) Chrome/137.0.7151.103 Mobile Safari/537.36 (compatible; GoogleOther)"
185.231.155.169 - - [12/Jul/2025:12:58:47 -0400] "GET /ar/ HTTP/1.1" 404 23129 "https://dangroup.sa/ar/" "Mozilla/5.0 (Windows NT 10.0; Win64; x64) AppleWebKit/537.36 (KHTML, like Gecko) Chrome/130.0.0.0 Safari/537.36"
136.243.228.194 - - [12/Jul/2025:12:58:47 -0400] "GET /items/znbeo121/7239?key=virus HTTP/1.1" 404 23127 "-" "Mozilla/5.0 (compatible; DataForSeoBot/1.0; +https://dataforseo.com/dataforseo-bot)"
185.231.155.169 - - [12/Jul/2025:12:58:55 -0400] "GET /contact/ HTTP/1.1" 200 24211 "https://dangroup.sa/contact/" "Mozilla/5.0 (Windows NT 10.0; Win64; x64) AppleWebKit/537.36 (KHTML, like Gecko) Chrome/130.0.0.0 Safari/537.36"
136.243.228.194 - - [12/Jul/2025:12:58:56 -0400] "GET /items/nfogn247/38791?key=inspiration HTTP/1.1" 404 23129 "-" "Mozilla/5.0 (compatible; DataForSeoBot/1.0; +https://dataforseo.com/dataforseo-bot)"
136.243.228.194 - - [12/Jul/2025:12:59:05 -0400] "GET /77ctwx47882.html HTTP/1.1" 404 23127 "-" "Mozilla/5.0 (compatible; DataForSeoBot/1.0; +https://dataforseo.com/dataforseo-bot)"
136.243.228.194 - - [12/Jul/2025:12:59:11 -0400] "GET /267hwdim45622.html HTTP/1.1" 404 23127 "-" "Mozilla/5.0 (compatible; DataForSeoBot/1.0; +https://dataforseo.com/dataforseo-bot)"
136.243.228.194 - - [12/Jul/2025:12:59:17 -0400] "GET /items/anpts179/30129?key=chemistry HTTP/1.1" 404 23127 "-" "Mozilla/5.0 (compatible; DataForSeoBot/1.0; +https://dataforseo.com/dataforseo-bot)"
136.243.228.194 - - [12/Jul/2025:12:59:23 -0400] "GET /items/dqxml154/18718?key=existence HTTP/1.1" 404 23127 "-" "Mozilla/5.0 (compatible; DataForSeoBot/1.0; +https://dataforseo.com/dataforseo-bot)"
136.243.228.194 - - [12/Jul/2025:12:59:29 -0400] "GET /173tqp3988.html HTTP/1.1" 404 23127 "-" "Mozilla/5.0 (compatible; DataForSeoBot/1.0; +https://dataforseo.com/dataforseo-bot)"
66.29.146.47 - - [12/Jul/2025:12:59:36 -0400] "POST /wp-cron.php?doing_wp_cron=1752339576.4458789825439453125000 HTTP/1.1" 403 1242 "-" "WordPress/6.8; https://dangroup.sa"
136.243.228.194 - - [12/Jul/2025:12:59:35 -0400] "GET /items/xxltc242/38902?key=bulb HTTP/1.1" 404 23127 "-" "Mozilla/5.0 (compatible; DataForSeoBot/1.0; +https://dataforseo.com/dataforseo-bot)"
136.243.228.194 - - [12/Jul/2025:12:59:41 -0400] "GET /161vhfd33270.html HTTP/1.1" 404 23127 "-" "Mozilla/5.0 (compatible; DataForSeoBot/1.0; +https://dataforseo.com/dataforseo-bot)"
136.243.228.194 - - [12/Jul/2025:12:59:47 -0400] "GET /294mvns6153.html HTTP/1.1" 404 23127 "-" "Mozilla/5.0 (compatible; DataForSeoBot/1.0; +https://dataforseo.com/dataforseo-bot)"
136.243.228.194 - - [12/Jul/2025:12:59:53 -0400] "GET /10qspab41075.html HTTP/1.1" 404 23129 "-" "Mozilla/5.0 (compatible; DataForSeoBot/1.0; +https://dataforseo.com/dataforseo-bot)"
136.243.228.194 - - [12/Jul/2025:12:59:57 -0400] "GET /items/ejrkb186/29280?key=enemy HTTP/1.1" 404 23127 "-" "Mozilla/5.0 (compatible; DataForSeoBot/1.0; +https://dataforseo.com/dataforseo-bot)"
136.243.228.194 - - [12/Jul/2025:13:00:04 -0400] "GET /238qikjf17417.html HTTP/1.1" 404 23127 "-" "Mozilla/5.0 (compatible; DataForSeoBot/1.0; +https://dataforseo.com/dataforseo-bot)"
136.243.228.194 - - [12/Jul/2025:13:00:11 -0400] "GET /items/gwrfc112/40498?key=deposit HTTP/1.1" 404 23127 "-" "Mozilla/5.0 (compatible; DataForSeoBot/1.0; +https://dataforseo.com/dataforseo-bot)"
136.243.228.194 - - [12/Jul/2025:13:00:15 -0400] "GET /298vtnt27403.html HTTP/1.1" 404 23129 "-" "Mozilla/5.0 (compatible; DataForSeoBot/1.0; +https://dataforseo.com/dataforseo-bot)"
136.243.228.194 - - [12/Jul/2025:13:00:20 -0400] "GET /135ray42064.html HTTP/1.1" 404 23127 "-" "Mozilla/5.0 (compatible; DataForSeoBot/1.0; +https://dataforseo.com/dataforseo-bot)"
136.243.228.194 - - [12/Jul/2025:13:00:25 -0400] "GET /items/ofzas6/29940?key=shrink HTTP/1.1" 404 23127 "-" "Mozilla/5.0 (compatible; DataForSeoBot/1.0; +https://dataforseo.com/dataforseo-bot)"
136.243.228.194 - - [12/Jul/2025:13:00:29 -0400] "GET /items/xycno209/28639?key=judgment HTTP/1.1" 404 23127 "-" "Mozilla/5.0 (compatible; DataForSeoBot/1.0; +https://dataforseo.com/dataforseo-bot)"
136.243.228.194 - - [12/Jul/2025:13:00:33 -0400] "GET /items/tmexo36/4776?key=airport HTTP/1.1" 404 23127 "-" "Mozilla/5.0 (compatible; DataForSeoBot/1.0; +https://dataforseo.com/dataforseo-bot)"
66.29.146.47 - - [12/Jul/2025:13:00:40 -0400] "POST /wp-cron.php?doing_wp_cron=1752339640.4676899909973144531250 HTTP/1.1" 403 1242 "-" "WordPress/6.8; https://dangroup.sa"
136.243.228.194 - - [12/Jul/2025:13:00:40 -0400] "GET /items/yoxff189/37205?key=design HTTP/1.1" 404 23127 "-" "Mozilla/5.0 (compatible; DataForSeoBot/1.0; +https://dataforseo.com/dataforseo-bot)"
136.243.228.194 - - [12/Jul/2025:13:00:45 -0400] "GET /items/tauyo206/21810?key=publisher HTTP/1.1" 404 23127 "-" "Mozilla/5.0 (compatible; DataForSeoBot/1.0; +https://dataforseo.com/dataforseo-bot)"
136.243.228.194 - - [12/Jul/2025:13:00:49 -0400] "GET /items/pkcer91/37587?key=rabbit HTTP/1.1" 404 23127 "-" "Mozilla/5.0 (compatible; DataForSeoBot/1.0; +https://dataforseo.com/dataforseo-bot)"
13.73.192.223 - - [12/Jul/2025:13:01:02 -0400] "GET /wp-content/plugins/hellopress/wp_filemanager.php HTTP/1.1" 404 23127 "-" "-"
13.73.192.223 - - [12/Jul/2025:13:01:05 -0400] "GET /file.php HTTP/1.1" 404 23129 "-" "-"
13.73.192.223 - - [12/Jul/2025:13:01:10 -0400] "GET /moon.php HTTP/1.1" 404 23127 "-" "-"
13.73.192.223 - - [12/Jul/2025:13:01:13 -0400] "GET /admin.php HTTP/1.1" 404 23127 "-" "-"
13.73.192.223 - - [12/Jul/2025:13:01:17 -0400] "GET /radio.php HTTP/1.1" 404 23129 "-" "-"
13.73.192.223 - - [12/Jul/2025:13:01:21 -0400] "GET /log.php HTTP/1.1" 404 23129 "-" "-"
13.73.192.223 - - [12/Jul/2025:13:01:28 -0400] "GET /wp-trackback.php HTTP/1.1" 403 1242 "-" "-"
47.82.60.50 - - [12/Jul/2025:13:01:22 -0400] "GET /items/zlvyt138/43930?key=remember HTTP/1.1" 404 23127 "https://dangroup.sa/items/zlvyt138/43930?key=remember" "Mozilla/5.0 (Windows NT 10.0; Win64; x64) AppleWebKit/537.36 (KHTML, like Gecko) Chrome/114.0.0.0 Safari/537.36 Edg/114.0.1823.43"
13.73.192.223 - - [12/Jul/2025:13:01:28 -0400] "GET /wp-content/dropdown.php HTTP/1.1" 404 23127 "-" "-"
13.73.192.223 - - [12/Jul/2025:13:01:33 -0400] "GET /wp-includes/index.php HTTP/1.1" 301 0 "-" "-"
13.73.192.223 - - [12/Jul/2025:13:01:34 -0400] "GET /wp-includes/ HTTP/1.1" 200 6856 "-" "-"
47.82.60.54 - - [12/Jul/2025:13:01:31 -0400] "GET /items/bakcl32/1998?key=recipe HTTP/1.1" 404 23127 "https://dangroup.sa/items/bakcl32/1998?key=recipe" "Mozilla/5.0 (Windows NT 10.0; Win64; x64) AppleWebKit/537.36 (KHTML, like Gecko) Chrome/114.0.0.0 Safari/537.36 Edg/114.0.1823.43"
13.73.192.223 - - [12/Jul/2025:13:01:35 -0400] "GET /simple.php HTTP/1.1" 404 23129 "-" "-"
47.82.60.14 - - [12/Jul/2025:13:01:36 -0400] "GET /items/iszsb141/6625?key=factor HTTP/1.1" 404 23129 "https://dangroup.sa/items/iszsb141/6625?key=factor" "Mozilla/5.0 (Windows NT 10.0; Win64; x64) AppleWebKit/537.36 (KHTML, like Gecko) Chrome/114.0.0.0 Safari/537.36 Edg/114.0.1823.43"
13.73.192.223 - - [12/Jul/2025:13:01:38 -0400] "GET /about.php HTTP/1.1" 404 23127 "-" "-"
66.29.146.47 - - [12/Jul/2025:13:01:41 -0400] "POST /wp-cron.php?doing_wp_cron=1752339701.2697939872741699218750 HTTP/1.1" 403 1242 "-" "WordPress/6.8; https://dangroup.sa"
136.243.228.194 - - [12/Jul/2025:13:01:41 -0400] "GET /17gym18568.html HTTP/1.1" 404 23129 "-" "Mozilla/5.0 (compatible; DataForSeoBot/1.0; +https://dataforseo.com/dataforseo-bot)"
13.73.192.223 - - [12/Jul/2025:13:01:41 -0400] "GET /404.php HTTP/1.1" 404 23127 "-" "-"
136.243.228.194 - - [12/Jul/2025:13:01:44 -0400] "GET /146jre42737.html HTTP/1.1" 404 23127 "-" "Mozilla/5.0 (compatible; DataForSeoBot/1.0; +https://dataforseo.com/dataforseo-bot)"
13.73.192.223 - - [12/Jul/2025:13:01:44 -0400] "GET /admin/function.php HTTP/1.1" 404 23127 "-" "-"
47.82.60.11 - - [12/Jul/2025:13:01:49 -0400] "GET /items/yrhax243/2043?key=loose HTTP/1.1" 404 23129 "https://dangroup.sa/items/yrhax243/2043?key=loose" "Mozilla/5.0 (Windows NT 10.0; Win64; x64) AppleWebKit/537.36 (KHTML, like Gecko) Chrome/114.0.0.0 Safari/537.36 Edg/114.0.1823.43"
136.243.228.194 - - [12/Jul/2025:13:01:50 -0400] "GET /items/zcbph76/5278?key=pump HTTP/1.1" 404 23129 "-" "Mozilla/5.0 (compatible; DataForSeoBot/1.0; +https://dataforseo.com/dataforseo-bot)"
13.73.192.223 - - [12/Jul/2025:13:01:50 -0400] "GET /wp-includes/assets/about.php HTTP/1.1" 404 23127 "-" "-"
13.73.192.223 - - [12/Jul/2025:13:01:59 -0400] "GET /wp-includes/assets/index.php HTTP/1.1" 301 0 "-" "-"
13.73.192.223 - - [12/Jul/2025:13:02:00 -0400] "GET /wp-includes/assets/ HTTP/1.1" 200 1043 "-" "-"
136.243.228.194 - - [12/Jul/2025:13:01:59 -0400] "GET /237zxd17358.html HTTP/1.1" 404 23129 "-" "Mozilla/5.0 (compatible; DataForSeoBot/1.0; +https://dataforseo.com/dataforseo-bot)"
13.73.192.223 - - [12/Jul/2025:13:02:00 -0400] "GET /info.php HTTP/1.1" 404 23127 "-" "-"
198.55.98.210 - - [12/Jul/2025:13:02:07 -0400] "GET /.git/config HTTP/1.1" 403 1242 "-" "ELinks (0.4pre5; Linux 2.6.10-ac7 i686; 80x33)"
47.82.60.55 - - [12/Jul/2025:13:02:01 -0400] "GET /65htrg12900.html HTTP/1.1" 404 23129 "https://dangroup.sa/65htrg12900.html" "Mozilla/5.0 (Windows NT 10.0; Win64; x64) AppleWebKit/537.36 (KHTML, like Gecko) Chrome/114.0.0.0 Safari/537.36 Edg/114.0.1823.43"
13.73.192.223 - - [12/Jul/2025:13:02:08 -0400] "GET /modules/mod_simplefileuploadv1.3/elements/filemanager.php HTTP/1.1" 404 23127 "-" "-"
136.243.228.194 - - [12/Jul/2025:13:02:08 -0400] "GET /135jhqy10344.html HTTP/1.1" 404 23127 "-" "Mozilla/5.0 (compatible; DataForSeoBot/1.0; +https://dataforseo.com/dataforseo-bot)"
66.249.79.136 - - [12/Jul/2025:13:02:14 -0400] "GET /items/nubhu17/129?key=affect HTTP/1.1" 200 88181 "-" "Mozilla/5.0 (Linux; Android 6.0.1; Nexus 5X Build/MMB29P) AppleWebKit/537.36 (KHTML, like Gecko) Chrome/137.0.7151.103 Mobile Safari/537.36 (compatible; Googlebot/2.1; +http://www.google.com/bot.html)"
47.82.60.51 - - [12/Jul/2025:13:02:16 -0400] "GET /pcmypage?callback=product/review/clover8888-cleanup2013-691-h HTTP/1.1" 301 0 "https://www.dangroup.sa/pcmypage?callback=product/review/clover8888-cleanup2013-691-h" "Mozilla/5.0 (Windows NT 10.0; Win64; x64) AppleWebKit/537.36 (KHTML, like Gecko) Chrome/114.0.0.0 Safari/537.36 Edg/114.0.1823.43"
13.73.192.223 - - [12/Jul/2025:13:02:15 -0400] "GET /config.php HTTP/1.1" 404 23129 "-" "-"
136.243.228.194 - - [12/Jul/2025:13:02:16 -0400] "GET /172sadi34237.html HTTP/1.1" 404 23127 "-" "Mozilla/5.0 (compatible; DataForSeoBot/1.0; +https://dataforseo.com/dataforseo-bot)"
13.73.192.223 - - [12/Jul/2025:13:02:21 -0400] "GET /wp-admin/js/index.php HTTP/1.1" 301 0 "-" "-"
13.73.192.223 - - [12/Jul/2025:13:02:23 -0400] "GET /wp-admin/js/ HTTP/1.1" 200 2906 "-" "-"
47.82.60.51 - - [12/Jul/2025:13:02:18 -0400] "GET /pcmypage?callback=product/review/clover8888-cleanup2013-691-h HTTP/1.1" 404 23127 "https://www.dangroup.sa/pcmypage?callback=product/review/clover8888-cleanup2013-691-h" "Mozilla/5.0 (Windows NT 10.0; Win64; x64) AppleWebKit/537.36 (KHTML, like Gecko) Chrome/114.0.0.0 Safari/537.36 Edg/114.0.1823.43"
13.73.192.223 - - [12/Jul/2025:13:02:24 -0400] "GET /fm.php HTTP/1.1" 404 23127 "-" "-"
136.243.228.194 - - [12/Jul/2025:13:02:24 -0400] "GET /56gug28343.html HTTP/1.1" 404 23127 "-" "Mozilla/5.0 (compatible; DataForSeoBot/1.0; +https://dataforseo.com/dataforseo-bot)"
13.73.192.223 - - [12/Jul/2025:13:02:28 -0400] "GET /wp-admin/js/widgets/index.php HTTP/1.1" 301 0 "-" "-"
13.73.192.223 - - [12/Jul/2025:13:02:28 -0400] "GET /wp-admin/js/widgets/ HTTP/1.1" 200 1200 "-" "-"
47.82.60.10 - - [12/Jul/2025:13:02:28 -0400] "GET /pcmypage?callback=/product/detail/ujix-ds-2424826 HTTP/1.1" 404 23127 "https://dangroup.sa/pcmypage?callback=/product%2Fdetail%2Fujix-ds-2424826" "Mozilla/5.0 (Windows NT 10.0; Win64; x64) AppleWebKit/537.36 (KHTML, like Gecko) Chrome/114.0.0.0 Safari/537.36 Edg/114.0.1823.43"
13.73.192.223 - - [12/Jul/2025:13:02:29 -0400] "GET /ty.php HTTP/1.1" 404 23127 "-" "-"
136.243.228.194 - - [12/Jul/2025:13:02:30 -0400] "GET /292kqvwo4829.html HTTP/1.1" 404 23127 "-" "Mozilla/5.0 (compatible; DataForSeoBot/1.0; +https://dataforseo.com/dataforseo-bot)"
13.73.192.223 - - [12/Jul/2025:13:02:34 -0400] "GET /wp-includes/assets/admin.php HTTP/1.1" 404 23129 "-" "-"
136.243.228.194 - - [12/Jul/2025:13:02:34 -0400] "GET /242ldlv15693.html HTTP/1.1" 404 23129 "-" "Mozilla/5.0 (compatible; DataForSeoBot/1.0; +https://dataforseo.com/dataforseo-bot)"
66.29.146.47 - - [12/Jul/2025:13:02:42 -0400] "POST /wp-cron.php?doing_wp_cron=1752339762.6453700065612792968750 HTTP/1.1" 403 1242 "-" "WordPress/6.8; https://dangroup.sa"
13.73.192.223 - - [12/Jul/2025:13:02:39 -0400] "GET /wp-includes/fonts/admin.php HTTP/1.1" 404 23129 "-" "-"
47.82.60.44 - - [12/Jul/2025:13:02:43 -0400] "GET /items/lfthi56/7948?key=sheep HTTP/1.1" 301 0 "https://www.dangroup.sa/items/lfthi56/7948?key=sheep" "Mozilla/5.0 (Windows NT 10.0; Win64; x64) AppleWebKit/537.36 (KHTML, like Gecko) Chrome/114.0.0.0 Safari/537.36 Edg/114.0.1823.43"
136.243.228.194 - - [12/Jul/2025:13:02:41 -0400] "GET /items/lkpnh31/3009?key=swimming HTTP/1.1" 404 23127 "-" "Mozilla/5.0 (compatible; DataForSeoBot/1.0; +https://dataforseo.com/dataforseo-bot)"
13.73.192.223 - - [12/Jul/2025:13:02:46 -0400] "GET /403.php HTTP/1.1" 404 23127 "-" "-"
47.82.60.44 - - [12/Jul/2025:13:02:46 -0400] "GET /items/lfthi56/7948?key=sheep HTTP/1.1" 404 23129 "https://www.dangroup.sa/items/lfthi56/7948?key=sheep" "Mozilla/5.0 (Windows NT 10.0; Win64; x64) AppleWebKit/537.36 (KHTML, like Gecko) Chrome/114.0.0.0 Safari/537.36 Edg/114.0.1823.43"
136.243.228.194 - - [12/Jul/2025:13:02:48 -0400] "GET /items/ggqsd121/45591?key=formal HTTP/1.1" 404 23127 "-" "Mozilla/5.0 (compatible; DataForSeoBot/1.0; +https://dataforseo.com/dataforseo-bot)"
