136.243.228.194 - - [12/Jul/2025:14:20:52 -0400] "GET /items/ndxcw58/26024?key=along HTTP/1.1" 404 23127 "-" "Mozilla/5.0 (compatible; DataForSeoBot/1.0; +https://dataforseo.com/dataforseo-bot)"
136.243.228.194 - - [12/Jul/2025:14:20:57 -0400] "GET /94wemn45973.html HTTP/1.1" 404 23127 "-" "Mozilla/5.0 (compatible; DataForSeoBot/1.0; +https://dataforseo.com/dataforseo-bot)"
216.73.216.160 - - [12/Jul/2025:14:21:03 -0400] "GET /robots.txt HTTP/1.1" 304 0 "-" "Mozilla/5.0 AppleWebKit/537.36 (KHTML, like Gecko; compatible; ClaudeBot/1.0; +claudebot@anthropic.com)"
136.243.228.194 - - [12/Jul/2025:14:21:01 -0400] "GET /items/syjtj212/19698?key=edit HTTP/1.1" 404 23127 "-" "Mozilla/5.0 (compatible; DataForSeoBot/1.0; +https://dataforseo.com/dataforseo-bot)"
216.73.216.160 - - [12/Jul/2025:14:21:04 -0400] "GET / HTTP/1.1" 200 33220 "-" "Mozilla/5.0 AppleWebKit/537.36 (KHTML, like Gecko; compatible; ClaudeBot/1.0; +claudebot@anthropic.com)"
136.243.228.194 - - [12/Jul/2025:14:21:05 -0400] "GET /items/evqbp3/34937?key=ask HTTP/1.1" 404 23127 "-" "Mozilla/5.0 (compatible; DataForSeoBot/1.0; +https://dataforseo.com/dataforseo-bot)"
136.243.228.194 - - [12/Jul/2025:14:21:11 -0400] "GET /111wpuxl2738.html HTTP/1.1" 404 23127 "-" "Mozilla/5.0 (compatible; DataForSeoBot/1.0; +https://dataforseo.com/dataforseo-bot)"
136.243.228.194 - - [12/Jul/2025:14:21:16 -0400] "GET /51juws21222.html HTTP/1.1" 404 23127 "-" "Mozilla/5.0 (compatible; DataForSeoBot/1.0; +https://dataforseo.com/dataforseo-bot)"
66.29.146.47 - - [12/Jul/2025:14:21:22 -0400] "POST /wp-cron.php?doing_wp_cron=1752344482.5644071102142333984375 HTTP/1.1" 403 1242 "-" "WordPress/6.8; https://dangroup.sa"
136.243.228.194 - - [12/Jul/2025:14:21:22 -0400] "GET /4rku26243.html HTTP/1.1" 404 23127 "-" "Mozilla/5.0 (compatible; DataForSeoBot/1.0; +https://dataforseo.com/dataforseo-bot)"
47.82.60.31 - - [12/Jul/2025:14:21:25 -0400] "GET /252zrdgx14205.html HTTP/1.1" 404 23127 "https://dangroup.sa/252zrdgx14205.html" "Mozilla/5.0 (Windows NT 10.0; Win64; x64) AppleWebKit/537.36 (KHTML, like Gecko) Chrome/114.0.0.0 Safari/537.36 Edg/114.0.1823.43"
136.243.228.194 - - [12/Jul/2025:14:21:27 -0400] "GET /items/znugy233/49665?key=believe HTTP/1.1" 404 23129 "-" "Mozilla/5.0 (compatible; DataForSeoBot/1.0; +https://dataforseo.com/dataforseo-bot)"
136.243.228.194 - - [12/Jul/2025:14:21:32 -0400] "GET /items/jxdli224/19130?key=fare HTTP/1.1" 404 23127 "-" "Mozilla/5.0 (compatible; DataForSeoBot/1.0; +https://dataforseo.com/dataforseo-bot)"
136.243.228.194 - - [12/Jul/2025:14:21:37 -0400] "GET /257umbfe46858.html HTTP/1.1" 404 23127 "-" "Mozilla/5.0 (compatible; DataForSeoBot/1.0; +https://dataforseo.com/dataforseo-bot)"
136.243.228.194 - - [12/Jul/2025:14:21:41 -0400] "GET /180qos29397.html HTTP/1.1" 404 23129 "-" "Mozilla/5.0 (compatible; DataForSeoBot/1.0; +https://dataforseo.com/dataforseo-bot)"
136.243.228.194 - - [12/Jul/2025:14:21:47 -0400] "GET /33kbtpg17016.html HTTP/1.1" 404 23127 "-" "Mozilla/5.0 (compatible; DataForSeoBot/1.0; +https://dataforseo.com/dataforseo-bot)"
47.82.60.59 - - [12/Jul/2025:14:21:49 -0400] "GET /items/nshio291/38107?key=heel HTTP/1.1" 404 23127 "https://dangroup.sa/items/nshio291/38107?key=heel" "Mozilla/5.0 (Windows NT 10.0; Win64; x64) AppleWebKit/537.36 (KHTML, like Gecko) Chrome/114.0.0.0 Safari/537.36 Edg/114.0.1823.43"
136.243.228.194 - - [12/Jul/2025:14:21:52 -0400] "GET /items/ucjia175/957?key=me HTTP/1.1" 404 23129 "-" "Mozilla/5.0 (compatible; DataForSeoBot/1.0; +https://dataforseo.com/dataforseo-bot)"
47.82.60.22 - - [12/Jul/2025:14:21:54 -0400] "GET /items/nzuhr132/37394?key=update HTTP/1.1" 404 23127 "https://dangroup.sa/items/nzuhr132/37394?key=update" "Mozilla/5.0 (Windows NT 10.0; Win64; x64) AppleWebKit/537.36 (KHTML, like Gecko) Chrome/114.0.0.0 Safari/537.36 Edg/114.0.1823.43"
136.243.228.194 - - [12/Jul/2025:14:21:57 -0400] "GET /55hmn41116.html HTTP/1.1" 404 23127 "-" "Mozilla/5.0 (compatible; DataForSeoBot/1.0; +https://dataforseo.com/dataforseo-bot)"
136.243.228.194 - - [12/Jul/2025:14:22:02 -0400] "GET /152hmq35007.html HTTP/1.1" 404 23129 "-" "Mozilla/5.0 (compatible; DataForSeoBot/1.0; +https://dataforseo.com/dataforseo-bot)"
47.82.60.13 - - [12/Jul/2025:14:22:09 -0400] "GET /152xfwt40583.html HTTP/1.1" 301 0 "https://www.dangroup.sa/152xfwt40583.html" "Mozilla/5.0 (Windows NT 10.0; Win64; x64) AppleWebKit/537.36 (KHTML, like Gecko) Chrome/114.0.0.0 Safari/537.36 Edg/114.0.1823.43"
136.243.228.194 - - [12/Jul/2025:14:22:08 -0400] "GET /items/fcozx44/22838?key=travel HTTP/1.1" 404 23129 "-" "Mozilla/5.0 (compatible; DataForSeoBot/1.0; +https://dataforseo.com/dataforseo-bot)"
47.82.60.39 - - [12/Jul/2025:14:22:10 -0400] "GET /items/bfzth229/23837?key=government HTTP/1.1" 301 0 "https://www.dangroup.sa/items/bfzth229/23837?key=government" "Mozilla/5.0 (Windows NT 10.0; Win64; x64) AppleWebKit/537.36 (KHTML, like Gecko) Chrome/114.0.0.0 Safari/537.36 Edg/114.0.1823.43"
47.82.60.13 - - [12/Jul/2025:14:22:11 -0400] "GET /152xfwt40583.html HTTP/1.1" 404 23127 "https://www.dangroup.sa/152xfwt40583.html" "Mozilla/5.0 (Windows NT 10.0; Win64; x64) AppleWebKit/537.36 (KHTML, like Gecko) Chrome/114.0.0.0 Safari/537.36 Edg/114.0.1823.43"
47.82.60.39 - - [12/Jul/2025:14:22:12 -0400] "GET /items/bfzth229/23837?key=government HTTP/1.1" 404 23127 "https://www.dangroup.sa/items/bfzth229/23837?key=government" "Mozilla/5.0 (Windows NT 10.0; Win64; x64) AppleWebKit/537.36 (KHTML, like Gecko) Chrome/114.0.0.0 Safari/537.36 Edg/114.0.1823.43"
136.243.228.194 - - [12/Jul/2025:14:22:13 -0400] "GET /286nyk1497.html HTTP/1.1" 404 23127 "-" "Mozilla/5.0 (compatible; DataForSeoBot/1.0; +https://dataforseo.com/dataforseo-bot)"
66.29.146.47 - - [12/Jul/2025:14:22:45 -0400] "POST /wp-cron.php?doing_wp_cron=1752344565.3435480594635009765625 HTTP/1.1" 403 1242 "-" "WordPress/6.8; https://dangroup.sa"
47.82.60.39 - - [12/Jul/2025:14:22:44 -0400] "GET /items/nozvh90/26572?key=auction HTTP/1.1" 404 23129 "https://dangroup.sa/items/nozvh90/26572?key=auction" "Mozilla/5.0 (Windows NT 10.0; Win64; x64) AppleWebKit/537.36 (KHTML, like Gecko) Chrome/114.0.0.0 Safari/537.36 Edg/114.0.1823.43"
47.82.60.36 - - [12/Jul/2025:14:22:47 -0400] "GET /items/qigip74/47684?key=meet HTTP/1.1" 404 23127 "https://dangroup.sa/items/qigip74/47684?key=meet" "Mozilla/5.0 (Windows NT 10.0; Win64; x64) AppleWebKit/537.36 (KHTML, like Gecko) Chrome/114.0.0.0 Safari/537.36 Edg/114.0.1823.43"
47.82.60.13 - - [12/Jul/2025:14:22:53 -0400] "GET /43ldz9094.html HTTP/1.1" 404 23129 "https://dangroup.sa/43ldz9094.html" "Mozilla/5.0 (Windows NT 10.0; Win64; x64) AppleWebKit/537.36 (KHTML, like Gecko) Chrome/114.0.0.0 Safari/537.36 Edg/114.0.1823.43"
47.82.60.28 - - [12/Jul/2025:14:22:56 -0400] "GET /pcmypage?callback=product/detail/hcvalor-eshop-trusco-3677902 HTTP/1.1" 404 23127 "https://dangroup.sa/pcmypage?callback=product%2Fdetail%2Fhcvalor-eshop-trusco-3677902" "Mozilla/5.0 (Windows NT 10.0; Win64; x64) AppleWebKit/537.36 (KHTML, like Gecko) Chrome/114.0.0.0 Safari/537.36 Edg/114.0.1823.43"
136.243.228.194 - - [12/Jul/2025:14:23:04 -0400] "GET /items/zrfjm236/7198?key=retain HTTP/1.1" 404 23129 "-" "Mozilla/5.0 (compatible; DataForSeoBot/1.0; +https://dataforseo.com/dataforseo-bot)"
136.243.228.194 - - [12/Jul/2025:14:23:09 -0400] "GET /167itz39482.html HTTP/1.1" 404 23127 "-" "Mozilla/5.0 (compatible; DataForSeoBot/1.0; +https://dataforseo.com/dataforseo-bot)"
136.243.228.194 - - [12/Jul/2025:14:23:13 -0400] "GET /items/mzzwf293/31831?key=calculate HTTP/1.1" 404 23127 "-" "Mozilla/5.0 (compatible; DataForSeoBot/1.0; +https://dataforseo.com/dataforseo-bot)"
136.243.228.194 - - [12/Jul/2025:14:23:19 -0400] "GET /125cwp23484.html HTTP/1.1" 404 23127 "-" "Mozilla/5.0 (compatible; DataForSeoBot/1.0; +https://dataforseo.com/dataforseo-bot)"
136.243.228.194 - - [12/Jul/2025:14:23:23 -0400] "GET /137ixtp29652.html HTTP/1.1" 404 23127 "-" "Mozilla/5.0 (compatible; DataForSeoBot/1.0; +https://dataforseo.com/dataforseo-bot)"
136.243.228.194 - - [12/Jul/2025:14:23:29 -0400] "GET /157jkes24164.html HTTP/1.1" 404 23127 "-" "Mozilla/5.0 (compatible; DataForSeoBot/1.0; +https://dataforseo.com/dataforseo-bot)"
136.243.228.194 - - [12/Jul/2025:14:23:33 -0400] "GET /items/dcpzz275/15191?key=skull HTTP/1.1" 404 23127 "-" "Mozilla/5.0 (compatible; DataForSeoBot/1.0; +https://dataforseo.com/dataforseo-bot)"
136.243.228.194 - - [12/Jul/2025:14:23:37 -0400] "GET /42muck24485.html HTTP/1.1" 404 23127 "-" "Mozilla/5.0 (compatible; DataForSeoBot/1.0; +https://dataforseo.com/dataforseo-bot)"
136.243.228.194 - - [12/Jul/2025:14:23:42 -0400] "GET /items/hqqjb56/4348?key=foster HTTP/1.1" 404 23127 "-" "Mozilla/5.0 (compatible; DataForSeoBot/1.0; +https://dataforseo.com/dataforseo-bot)"
66.29.146.47 - - [12/Jul/2025:14:23:48 -0400] "POST /wp-cron.php?doing_wp_cron=1752344628.7422339916229248046875 HTTP/1.1" 403 1242 "-" "WordPress/6.8; https://dangroup.sa"
136.243.228.194 - - [12/Jul/2025:14:23:48 -0400] "GET /items/aewch167/39117?key=liquid HTTP/1.1" 404 23127 "-" "Mozilla/5.0 (compatible; DataForSeoBot/1.0; +https://dataforseo.com/dataforseo-bot)"
136.243.228.194 - - [12/Jul/2025:14:23:52 -0400] "GET /items/gmclm13/29037?key=cycle HTTP/1.1" 404 23308 "-" "Mozilla/5.0 (compatible; DataForSeoBot/1.0; +https://dataforseo.com/dataforseo-bot)"
136.243.228.194 - - [12/Jul/2025:14:23:56 -0400] "GET /items/zshqx130/27728?key=irony HTTP/1.1" 404 23127 "-" "Mozilla/5.0 (compatible; DataForSeoBot/1.0; +https://dataforseo.com/dataforseo-bot)"
136.243.228.194 - - [12/Jul/2025:14:24:01 -0400] "GET /items/pwbmg149/32095?key=exclusive HTTP/1.1" 404 23127 "-" "Mozilla/5.0 (compatible; DataForSeoBot/1.0; +https://dataforseo.com/dataforseo-bot)"
136.243.228.194 - - [12/Jul/2025:14:24:06 -0400] "GET /items/jfbif241/15713?key=lover HTTP/1.1" 404 23129 "-" "Mozilla/5.0 (compatible; DataForSeoBot/1.0; +https://dataforseo.com/dataforseo-bot)"
136.243.228.194 - - [12/Jul/2025:14:24:12 -0400] "GET /221lxnt13526.html HTTP/1.1" 404 23127 "-" "Mozilla/5.0 (compatible; DataForSeoBot/1.0; +https://dataforseo.com/dataforseo-bot)"
136.243.228.194 - - [12/Jul/2025:14:24:18 -0400] "GET /items/hovth104/32156?key=charter HTTP/1.1" 404 23127 "-" "Mozilla/5.0 (compatible; DataForSeoBot/1.0; +https://dataforseo.com/dataforseo-bot)"
136.243.228.194 - - [12/Jul/2025:14:24:23 -0400] "GET /117bld34108.html HTTP/1.1" 404 23127 "-" "Mozilla/5.0 (compatible; DataForSeoBot/1.0; +https://dataforseo.com/dataforseo-bot)"
136.243.228.194 - - [12/Jul/2025:14:24:27 -0400] "GET /284hpk34059.html HTTP/1.1" 404 23127 "-" "Mozilla/5.0 (compatible; DataForSeoBot/1.0; +https://dataforseo.com/dataforseo-bot)"
136.243.228.194 - - [12/Jul/2025:14:24:31 -0400] "GET /285xpzxo11392.html HTTP/1.1" 404 23127 "-" "Mozilla/5.0 (compatible; DataForSeoBot/1.0; +https://dataforseo.com/dataforseo-bot)"
20.171.207.193 - - [12/Jul/2025:14:24:36 -0400] "GET /59pshkg47172.html HTTP/1.1" 404 23127 "-" "Mozilla/5.0 AppleWebKit/537.36 (KHTML, like Gecko; compatible; GPTBot/1.2; +https://openai.com/gptbot)"
136.243.228.194 - - [12/Jul/2025:14:24:37 -0400] "GET /101frrf32212.html HTTP/1.1" 404 23129 "-" "Mozilla/5.0 (compatible; DataForSeoBot/1.0; +https://dataforseo.com/dataforseo-bot)"
136.243.228.194 - - [12/Jul/2025:14:24:43 -0400] "GET /items/wlvhx111/49889?key=complaint HTTP/1.1" 404 23127 "-" "Mozilla/5.0 (compatible; DataForSeoBot/1.0; +https://dataforseo.com/dataforseo-bot)"
66.29.146.47 - - [12/Jul/2025:14:24:48 -0400] "POST /wp-cron.php?doing_wp_cron=1752344688.7631320953369140625000 HTTP/1.1" 403 1242 "-" "WordPress/6.8; https://dangroup.sa"
136.243.228.194 - - [12/Jul/2025:14:24:47 -0400] "GET /119aohqe3386.html HTTP/1.1" 404 23127 "-" "Mozilla/5.0 (compatible; DataForSeoBot/1.0; +https://dataforseo.com/dataforseo-bot)"
20.171.207.193 - - [12/Jul/2025:14:24:48 -0400] "GET /40kqcmx17963.html HTTP/1.1" 404 23129 "-" "Mozilla/5.0 AppleWebKit/537.36 (KHTML, like Gecko; compatible; GPTBot/1.2; +https://openai.com/gptbot)"
136.243.228.194 - - [12/Jul/2025:14:24:54 -0400] "GET /items/dnrpf192/29652?key=Persian HTTP/1.1" 404 23127 "-" "Mozilla/5.0 (compatible; DataForSeoBot/1.0; +https://dataforseo.com/dataforseo-bot)"
136.243.228.194 - - [12/Jul/2025:14:24:58 -0400] "GET /items/qabai245/42331?key=direct HTTP/1.1" 404 23127 "-" "Mozilla/5.0 (compatible; DataForSeoBot/1.0; +https://dataforseo.com/dataforseo-bot)"
136.243.228.194 - - [12/Jul/2025:14:25:03 -0400] "GET /293mcqnr2372.html HTTP/1.1" 404 23127 "-" "Mozilla/5.0 (compatible; DataForSeoBot/1.0; +https://dataforseo.com/dataforseo-bot)"
136.243.228.194 - - [12/Jul/2025:14:25:08 -0400] "GET /items/dzqkb16/5506?key=DNA HTTP/1.1" 404 23127 "-" "Mozilla/5.0 (compatible; DataForSeoBot/1.0; +https://dataforseo.com/dataforseo-bot)"
136.243.228.194 - - [12/Jul/2025:14:25:15 -0400] "GET /168rhkh22619.html HTTP/1.1" 404 23127 "-" "Mozilla/5.0 (compatible; DataForSeoBot/1.0; +https://dataforseo.com/dataforseo-bot)"
136.243.228.194 - - [12/Jul/2025:14:25:19 -0400] "GET /16bcu15377.html HTTP/1.1" 404 23127 "-" "Mozilla/5.0 (compatible; DataForSeoBot/1.0; +https://dataforseo.com/dataforseo-bot)"
136.243.228.194 - - [12/Jul/2025:14:25:24 -0400] "GET /items/qjimp41/42745?key=severely HTTP/1.1" 404 23127 "-" "Mozilla/5.0 (compatible; DataForSeoBot/1.0; +https://dataforseo.com/dataforseo-bot)"
136.243.228.194 - - [12/Jul/2025:14:25:29 -0400] "GET /items/dsysj118/44484?key=temporary HTTP/1.1" 404 23127 "-" "Mozilla/5.0 (compatible; DataForSeoBot/1.0; +https://dataforseo.com/dataforseo-bot)"
136.243.228.194 - - [12/Jul/2025:14:25:33 -0400] "GET /206jbr25183.html HTTP/1.1" 404 23127 "-" "Mozilla/5.0 (compatible; DataForSeoBot/1.0; +https://dataforseo.com/dataforseo-bot)"
136.243.228.194 - - [12/Jul/2025:14:25:38 -0400] "GET /58phzak19943.html HTTP/1.1" 404 23127 "-" "Mozilla/5.0 (compatible; DataForSeoBot/1.0; +https://dataforseo.com/dataforseo-bot)"
136.243.228.194 - - [12/Jul/2025:14:25:42 -0400] "GET /items/veznq119/40863?key=slam HTTP/1.1" 404 23127 "-" "Mozilla/5.0 (compatible; DataForSeoBot/1.0; +https://dataforseo.com/dataforseo-bot)"
20.171.207.193 - - [12/Jul/2025:14:25:45 -0400] "GET /51xpszp45328.html HTTP/1.1" 404 23127 "-" "Mozilla/5.0 AppleWebKit/537.36 (KHTML, like Gecko; compatible; GPTBot/1.2; +https://openai.com/gptbot)"
136.243.228.194 - - [12/Jul/2025:14:25:46 -0400] "GET /items/kclmm132/1076?key=bring HTTP/1.1" 404 23127 "-" "Mozilla/5.0 (compatible; DataForSeoBot/1.0; +https://dataforseo.com/dataforseo-bot)"
66.29.146.47 - - [12/Jul/2025:14:25:53 -0400] "POST /wp-cron.php?doing_wp_cron=1752344752.9882380962371826171875 HTTP/1.1" 403 1242 "-" "WordPress/6.8; https://dangroup.sa"
136.243.228.194 - - [12/Jul/2025:14:25:52 -0400] "GET /items/dafjr142/33028?key=dot HTTP/1.1" 404 23127 "-" "Mozilla/5.0 (compatible; DataForSeoBot/1.0; +https://dataforseo.com/dataforseo-bot)"
136.243.228.194 - - [12/Jul/2025:14:25:57 -0400] "GET /items/saypl86/23650?key=tourist HTTP/1.1" 404 23127 "-" "Mozilla/5.0 (compatible; DataForSeoBot/1.0; +https://dataforseo.com/dataforseo-bot)"
136.243.228.194 - - [12/Jul/2025:14:26:01 -0400] "GET /35yxmq47260.html HTTP/1.1" 404 23127 "-" "Mozilla/5.0 (compatible; DataForSeoBot/1.0; +https://dataforseo.com/dataforseo-bot)"
136.243.228.194 - - [12/Jul/2025:14:26:06 -0400] "GET /items/mjryg267/29815?key=against HTTP/1.1" 404 23127 "-" "Mozilla/5.0 (compatible; DataForSeoBot/1.0; +https://dataforseo.com/dataforseo-bot)"
40.77.167.241 - - [12/Jul/2025:14:26:11 -0400] "GET /wp-content/uploads/2024/06/BlogB-300x128.webp HTTP/1.1" 200 4370 "-" "Mozilla/5.0 AppleWebKit/537.36 (KHTML, like Gecko; compatible; bingbot/2.0; +http://www.bing.com/bingbot.htm) Chrome/116.0.1938.76 Safari/537.36"
136.243.228.194 - - [12/Jul/2025:14:26:11 -0400] "GET /178hfsk6099.html HTTP/1.1" 404 23127 "-" "Mozilla/5.0 (compatible; DataForSeoBot/1.0; +https://dataforseo.com/dataforseo-bot)"
136.243.228.194 - - [12/Jul/2025:14:26:15 -0400] "GET /116ttg28927.html HTTP/1.1" 404 23127 "-" "Mozilla/5.0 (compatible; DataForSeoBot/1.0; +https://dataforseo.com/dataforseo-bot)"
136.243.228.194 - - [12/Jul/2025:14:26:20 -0400] "GET /256yic14817.html HTTP/1.1" 404 23127 "-" "Mozilla/5.0 (compatible; DataForSeoBot/1.0; +https://dataforseo.com/dataforseo-bot)"
69.197.135.226 - - [12/Jul/2025:14:26:24 -0400] "GET /wp-content/install.php HTTP/1.1" 200 10 "https://dangroup.sa/wp-content/install.php" "Mozilla/5.0 (Windows NT 10.0; Win64; x64) AppleWebKit/537.36 (KHTML, like Gecko) Chrome/58.0.3029.110 Safari/537.3"
136.243.228.194 - - [12/Jul/2025:14:26:25 -0400] "GET /items/cizud133/18883?key=location HTTP/1.1" 404 23127 "-" "Mozilla/5.0 (compatible; DataForSeoBot/1.0; +https://dataforseo.com/dataforseo-bot)"
136.243.228.194 - - [12/Jul/2025:14:26:30 -0400] "GET /items/wqfwb300/7384?key=college HTTP/1.1" 404 23127 "-" "Mozilla/5.0 (compatible; DataForSeoBot/1.0; +https://dataforseo.com/dataforseo-bot)"
136.243.228.194 - - [12/Jul/2025:14:26:34 -0400] "GET /items/pftbz214/46136?key=duck HTTP/1.1" 404 23129 "-" "Mozilla/5.0 (compatible; DataForSeoBot/1.0; +https://dataforseo.com/dataforseo-bot)"
136.243.228.194 - - [12/Jul/2025:14:26:39 -0400] "GET /items/oxplx1/20567?key=obvious HTTP/1.1" 404 23127 "-" "Mozilla/5.0 (compatible; DataForSeoBot/1.0; +https://dataforseo.com/dataforseo-bot)"
136.243.228.194 - - [12/Jul/2025:14:26:42 -0400] "GET /155dbt17456.html HTTP/1.1" 404 23127 "-" "Mozilla/5.0 (compatible; DataForSeoBot/1.0; +https://dataforseo.com/dataforseo-bot)"
136.243.228.194 - - [12/Jul/2025:14:26:46 -0400] "GET /items/yhyer138/27274?key=scratch HTTP/1.1" 404 23129 "-" "Mozilla/5.0 (compatible; DataForSeoBot/1.0; +https://dataforseo.com/dataforseo-bot)"
136.243.228.194 - - [12/Jul/2025:14:26:50 -0400] "GET /1ewtl19998.html HTTP/1.1" 404 23127 "-" "Mozilla/5.0 (compatible; DataForSeoBot/1.0; +https://dataforseo.com/dataforseo-bot)"
66.29.146.47 - - [12/Jul/2025:14:26:55 -0400] "POST /wp-cron.php?doing_wp_cron=1752344815.2431581020355224609375 HTTP/1.1" 403 1242 "-" "WordPress/6.8; https://dangroup.sa"
136.243.228.194 - - [12/Jul/2025:14:26:54 -0400] "GET /items/lokun136/22866?key=slow HTTP/1.1" 404 23127 "-" "Mozilla/5.0 (compatible; DataForSeoBot/1.0; +https://dataforseo.com/dataforseo-bot)"
136.243.228.194 - - [12/Jul/2025:14:27:00 -0400] "GET /175grrc32166.html HTTP/1.1" 404 23127 "-" "Mozilla/5.0 (compatible; DataForSeoBot/1.0; +https://dataforseo.com/dataforseo-bot)"
136.243.228.194 - - [12/Jul/2025:14:27:04 -0400] "GET /items/wouuv257/23559?key=emission HTTP/1.1" 404 23127 "-" "Mozilla/5.0 (compatible; DataForSeoBot/1.0; +https://dataforseo.com/dataforseo-bot)"
136.243.228.194 - - [12/Jul/2025:14:27:08 -0400] "GET /239dltio35470.html HTTP/1.1" 404 23127 "-" "Mozilla/5.0 (compatible; DataForSeoBot/1.0; +https://dataforseo.com/dataforseo-bot)"
136.243.228.194 - - [12/Jul/2025:14:27:14 -0400] "GET /items/zrhac90/1178?key=center HTTP/1.1" 404 23127 "-" "Mozilla/5.0 (compatible; DataForSeoBot/1.0; +https://dataforseo.com/dataforseo-bot)"
136.243.228.194 - - [12/Jul/2025:14:27:18 -0400] "GET /items/kijpf216/46410?key=feel HTTP/1.1" 404 23129 "-" "Mozilla/5.0 (compatible; DataForSeoBot/1.0; +https://dataforseo.com/dataforseo-bot)"
136.243.228.194 - - [12/Jul/2025:14:27:22 -0400] "GET /165vkq33926.html HTTP/1.1" 404 23127 "-" "Mozilla/5.0 (compatible; DataForSeoBot/1.0; +https://dataforseo.com/dataforseo-bot)"
136.243.228.194 - - [12/Jul/2025:14:27:26 -0400] "GET /items/zrftl237/23747?key=conflict HTTP/1.1" 404 23127 "-" "Mozilla/5.0 (compatible; DataForSeoBot/1.0; +https://dataforseo.com/dataforseo-bot)"
136.243.228.194 - - [12/Jul/2025:14:27:30 -0400] "GET /items/wmsgk191/25599?key=schedule HTTP/1.1" 404 23127 "-" "Mozilla/5.0 (compatible; DataForSeoBot/1.0; +https://dataforseo.com/dataforseo-bot)"
136.243.228.194 - - [12/Jul/2025:14:27:35 -0400] "GET /229pvqjb2946.html HTTP/1.1" 404 23127 "-" "Mozilla/5.0 (compatible; DataForSeoBot/1.0; +https://dataforseo.com/dataforseo-bot)"
20.171.207.193 - - [12/Jul/2025:14:27:38 -0400] "GET /156lkssi9027.html HTTP/1.1" 404 23129 "-" "Mozilla/5.0 AppleWebKit/537.36 (KHTML, like Gecko; compatible; GPTBot/1.2; +https://openai.com/gptbot)"
136.243.228.194 - - [12/Jul/2025:14:27:39 -0400] "GET /121gnfgf17304.html HTTP/1.1" 404 23127 "-" "Mozilla/5.0 (compatible; DataForSeoBot/1.0; +https://dataforseo.com/dataforseo-bot)"
136.243.228.194 - - [12/Jul/2025:14:27:46 -0400] "GET /items/xibbx238/26426?key=sale HTTP/1.1" 404 23127 "-" "Mozilla/5.0 (compatible; DataForSeoBot/1.0; +https://dataforseo.com/dataforseo-bot)"
136.243.228.194 - - [12/Jul/2025:14:27:50 -0400] "GET /items/kmigu300/11058?key=planning HTTP/1.1" 404 23127 "-" "Mozilla/5.0 (compatible; DataForSeoBot/1.0; +https://dataforseo.com/dataforseo-bot)"
66.29.146.47 - - [12/Jul/2025:14:27:55 -0400] "POST /wp-cron.php?doing_wp_cron=1752344875.6483550071716308593750 HTTP/1.1" 403 1242 "-" "WordPress/6.8; https://dangroup.sa"
20.171.207.193 - - [12/Jul/2025:14:27:53 -0400] "GET /276ykpkf2883.html HTTP/1.1" 404 23129 "-" "Mozilla/5.0 AppleWebKit/537.36 (KHTML, like Gecko; compatible; GPTBot/1.2; +https://openai.com/gptbot)"
136.243.228.194 - - [12/Jul/2025:14:27:54 -0400] "GET /items/pysop18/11878?key=protest HTTP/1.1" 404 23127 "-" "Mozilla/5.0 (compatible; DataForSeoBot/1.0; +https://dataforseo.com/dataforseo-bot)"
136.243.228.194 - - [12/Jul/2025:14:27:59 -0400] "GET /items/leqnh30/12146?key=adolescent HTTP/1.1" 404 23127 "-" "Mozilla/5.0 (compatible; DataForSeoBot/1.0; +https://dataforseo.com/dataforseo-bot)"
136.243.228.194 - - [12/Jul/2025:14:28:03 -0400] "GET /70bqp10073.html HTTP/1.1" 404 23127 "-" "Mozilla/5.0 (compatible; DataForSeoBot/1.0; +https://dataforseo.com/dataforseo-bot)"
136.243.228.194 - - [12/Jul/2025:14:28:07 -0400] "GET /items/yecfz156/1090?key=fiber HTTP/1.1" 404 23127 "-" "Mozilla/5.0 (compatible; DataForSeoBot/1.0; +https://dataforseo.com/dataforseo-bot)"
136.243.228.194 - - [12/Jul/2025:14:28:13 -0400] "GET /items/hvape292/10622?key=handle HTTP/1.1" 404 23129 "-" "Mozilla/5.0 (compatible; DataForSeoBot/1.0; +https://dataforseo.com/dataforseo-bot)"
136.243.228.194 - - [12/Jul/2025:14:28:17 -0400] "GET /items/qhmsp153/49203?key=steer HTTP/1.1" 404 23127 "-" "Mozilla/5.0 (compatible; DataForSeoBot/1.0; +https://dataforseo.com/dataforseo-bot)"
136.243.228.194 - - [12/Jul/2025:14:28:21 -0400] "GET /items/cnjwj270/8670?key=ladder HTTP/1.1" 404 23127 "-" "Mozilla/5.0 (compatible; DataForSeoBot/1.0; +https://dataforseo.com/dataforseo-bot)"
136.243.228.194 - - [12/Jul/2025:14:28:26 -0400] "GET /items/dzcdf220/6866?key=break HTTP/1.1" 404 23127 "-" "Mozilla/5.0 (compatible; DataForSeoBot/1.0; +https://dataforseo.com/dataforseo-bot)"
136.243.228.194 - - [12/Jul/2025:14:28:30 -0400] "GET /128tugs8671.html HTTP/1.1" 404 23129 "-" "Mozilla/5.0 (compatible; DataForSeoBot/1.0; +https://dataforseo.com/dataforseo-bot)"
136.243.228.194 - - [12/Jul/2025:14:28:34 -0400] "GET /234dmctl7971.html HTTP/1.1" 404 23129 "-" "Mozilla/5.0 (compatible; DataForSeoBot/1.0; +https://dataforseo.com/dataforseo-bot)"
136.243.228.194 - - [12/Jul/2025:14:28:38 -0400] "GET /250rzpb47717.html HTTP/1.1" 404 23127 "-" "Mozilla/5.0 (compatible; DataForSeoBot/1.0; +https://dataforseo.com/dataforseo-bot)"
136.243.228.194 - - [12/Jul/2025:14:28:42 -0400] "GET /items/mlktc72/8334?key=palace HTTP/1.1" 404 23127 "-" "Mozilla/5.0 (compatible; DataForSeoBot/1.0; +https://dataforseo.com/dataforseo-bot)"
136.243.228.194 - - [12/Jul/2025:14:28:46 -0400] "GET /158jvdgv5887.html HTTP/1.1" 404 23127 "-" "Mozilla/5.0 (compatible; DataForSeoBot/1.0; +https://dataforseo.com/dataforseo-bot)"
66.249.68.134 - - [12/Jul/2025:14:28:51 -0400] "GET /items/kbwef85/26691?key=demonstrate HTTP/1.1" 200 86309 "-" "Mozilla/5.0 (Linux; Android 6.0.1; Nexus 5X Build/MMB29P) AppleWebKit/537.36 (KHTML, like Gecko) Chrome/137.0.7151.103 Mobile Safari/537.36 (compatible; GoogleOther)"
136.243.228.194 - - [12/Jul/2025:14:28:52 -0400] "GET /60uinu20401.html HTTP/1.1" 404 23127 "-" "Mozilla/5.0 (compatible; DataForSeoBot/1.0; +https://dataforseo.com/dataforseo-bot)"
66.29.146.47 - - [12/Jul/2025:14:28:57 -0400] "POST /wp-cron.php?doing_wp_cron=1752344937.1424839496612548828125 HTTP/1.1" 403 1242 "-" "WordPress/6.8; https://dangroup.sa"
136.243.228.194 - - [12/Jul/2025:14:28:56 -0400] "GET /28klw40255.html HTTP/1.1" 404 23127 "-" "Mozilla/5.0 (compatible; DataForSeoBot/1.0; +https://dataforseo.com/dataforseo-bot)"
20.171.207.193 - - [12/Jul/2025:14:28:59 -0400] "GET /224agxmr9581.html HTTP/1.1" 404 23127 "-" "Mozilla/5.0 AppleWebKit/537.36 (KHTML, like Gecko; compatible; GPTBot/1.2; +https://openai.com/gptbot)"
136.243.228.194 - - [12/Jul/2025:14:29:01 -0400] "GET /182tsvo5627.html HTTP/1.1" 404 23127 "-" "Mozilla/5.0 (compatible; DataForSeoBot/1.0; +https://dataforseo.com/dataforseo-bot)"
136.243.228.194 - - [12/Jul/2025:14:29:06 -0400] "GET /items/jshmy145/17005?key=roll HTTP/1.1" 404 23127 "-" "Mozilla/5.0 (compatible; DataForSeoBot/1.0; +https://dataforseo.com/dataforseo-bot)"
136.243.228.194 - - [12/Jul/2025:14:29:10 -0400] "GET /1bmonh47722.html HTTP/1.1" 404 23127 "-" "Mozilla/5.0 (compatible; DataForSeoBot/1.0; +https://dataforseo.com/dataforseo-bot)"
136.243.228.194 - - [12/Jul/2025:14:29:15 -0400] "GET /items/gxgas73/43365?key=apology HTTP/1.1" 404 23129 "-" "Mozilla/5.0 (compatible; DataForSeoBot/1.0; +https://dataforseo.com/dataforseo-bot)"
136.243.228.194 - - [12/Jul/2025:14:29:19 -0400] "GET /48dpyg17197.html HTTP/1.1" 404 23127 "-" "Mozilla/5.0 (compatible; DataForSeoBot/1.0; +https://dataforseo.com/dataforseo-bot)"
136.243.228.194 - - [12/Jul/2025:14:29:24 -0400] "GET /99bkmxt32124.html HTTP/1.1" 404 23127 "-" "Mozilla/5.0 (compatible; DataForSeoBot/1.0; +https://dataforseo.com/dataforseo-bot)"
136.243.228.194 - - [12/Jul/2025:14:29:29 -0400] "GET /items/oodel232/47422?key=finish HTTP/1.1" 404 23127 "-" "Mozilla/5.0 (compatible; DataForSeoBot/1.0; +https://dataforseo.com/dataforseo-bot)"
136.243.228.194 - - [12/Jul/2025:14:29:34 -0400] "GET /items/miqio229/15041?key=recently HTTP/1.1" 404 23127 "-" "Mozilla/5.0 (compatible; DataForSeoBot/1.0; +https://dataforseo.com/dataforseo-bot)"
136.243.228.194 - - [12/Jul/2025:14:29:39 -0400] "GET /98ssbyj45593.html HTTP/1.1" 404 23127 "-" "Mozilla/5.0 (compatible; DataForSeoBot/1.0; +https://dataforseo.com/dataforseo-bot)"
136.243.228.194 - - [12/Jul/2025:14:29:44 -0400] "GET /items/utymr44/39798?key=expensive HTTP/1.1" 404 23127 "-" "Mozilla/5.0 (compatible; DataForSeoBot/1.0; +https://dataforseo.com/dataforseo-bot)"
136.243.228.194 - - [12/Jul/2025:14:29:49 -0400] "GET /96hcie19379.html HTTP/1.1" 404 23127 "-" "Mozilla/5.0 (compatible; DataForSeoBot/1.0; +https://dataforseo.com/dataforseo-bot)"
136.243.228.194 - - [12/Jul/2025:14:29:52 -0400] "GET /items/zyqad276/42546?key=have HTTP/1.1" 404 23127 "-" "Mozilla/5.0 (compatible; DataForSeoBot/1.0; +https://dataforseo.com/dataforseo-bot)"
136.243.228.194 - - [12/Jul/2025:14:29:56 -0400] "GET /59pmhhc47766.html HTTP/1.1" 404 23127 "-" "Mozilla/5.0 (compatible; DataForSeoBot/1.0; +https://dataforseo.com/dataforseo-bot)"
66.29.146.47 - - [12/Jul/2025:14:30:01 -0400] "POST /wp-cron.php?doing_wp_cron=1752345001.6610000133514404296875 HTTP/1.1" 403 1242 "-" "WordPress/6.8; https://dangroup.sa"
136.243.228.194 - - [12/Jul/2025:14:30:01 -0400] "GET /items/yonll183/46465?key=extensive HTTP/1.1" 404 23127 "-" "Mozilla/5.0 (compatible; DataForSeoBot/1.0; +https://dataforseo.com/dataforseo-bot)"
136.243.228.194 - - [12/Jul/2025:14:30:05 -0400] "GET /items/apgqd284/6150?key=space HTTP/1.1" 404 23127 "-" "Mozilla/5.0 (compatible; DataForSeoBot/1.0; +https://dataforseo.com/dataforseo-bot)"
47.82.60.21 - - [12/Jul/2025:14:30:06 -0400] "GET /items/svrgm105/40195?key=rider HTTP/1.1" 404 23127 "https://dangroup.sa/items/svrgm105/40195?key=rider" "Mozilla/5.0 (Windows NT 10.0; Win64; x64) AppleWebKit/537.36 (KHTML, like Gecko) Chrome/114.0.0.0 Safari/537.36 Edg/114.0.1823.43"
66.249.68.132 - - [12/Jul/2025:14:30:10 -0400] "GET /199zhpid20980.html HTTP/1.1" 200 86124 "-" "Mozilla/5.0 (Linux; Android 6.0.1; Nexus 5X Build/MMB29P) AppleWebKit/537.36 (KHTML, like Gecko) Chrome/137.0.7151.103 Mobile Safari/537.36 (compatible; Googlebot/2.1; +http://www.google.com/bot.html)"
216.73.216.160 - - [12/Jul/2025:14:30:12 -0400] "GET /search.php HTTP/1.1" 404 23127 "-" "Mozilla/5.0 AppleWebKit/537.36 (KHTML, like Gecko; compatible; ClaudeBot/1.0; +claudebot@anthropic.com)"
136.243.228.194 - - [12/Jul/2025:14:30:13 -0400] "GET /items/ktxem236/34900?key=container HTTP/1.1" 404 23129 "-" "Mozilla/5.0 (compatible; DataForSeoBot/1.0; +https://dataforseo.com/dataforseo-bot)"
136.243.228.194 - - [12/Jul/2025:14:30:18 -0400] "GET /items/hjnvy246/23276?key=national HTTP/1.1" 404 23127 "-" "Mozilla/5.0 (compatible; DataForSeoBot/1.0; +https://dataforseo.com/dataforseo-bot)"
66.249.68.133 - - [12/Jul/2025:14:30:22 -0400] "GET /items/gvmzv131/33995?key=boat HTTP/1.1" 200 86999 "-" "Mozilla/5.0 (Linux; Android 6.0.1; Nexus 5X Build/MMB29P) AppleWebKit/537.36 (KHTML, like Gecko) Chrome/137.0.7151.103 Mobile Safari/537.36 (compatible; Googlebot/2.1; +http://www.google.com/bot.html)"
136.243.228.194 - - [12/Jul/2025:14:30:24 -0400] "GET /items/izkoq242/32786?key=theater HTTP/1.1" 404 23127 "-" "Mozilla/5.0 (compatible; DataForSeoBot/1.0; +https://dataforseo.com/dataforseo-bot)"
47.82.60.7 - - [12/Jul/2025:14:30:30 -0400] "GET /pcmypage?callback=product/detail/ganbariya-345-8768 HTTP/1.1" 301 0 "https://www.dangroup.sa/pcmypage?callback=product%2Fdetail%2Fganbariya-345-8768" "Mozilla/5.0 (Windows NT 10.0; Win64; x64) AppleWebKit/537.36 (KHTML, like Gecko) Chrome/114.0.0.0 Safari/537.36 Edg/114.0.1823.43"
136.243.228.194 - - [12/Jul/2025:14:30:29 -0400] "GET /213sazk12010.html HTTP/1.1" 404 23127 "-" "Mozilla/5.0 (compatible; DataForSeoBot/1.0; +https://dataforseo.com/dataforseo-bot)"
47.82.60.7 - - [12/Jul/2025:14:30:32 -0400] "GET /pcmypage?callback=product/detail/ganbariya-345-8768 HTTP/1.1" 404 23127 "https://www.dangroup.sa/pcmypage?callback=product%2Fdetail%2Fganbariya-345-8768" "Mozilla/5.0 (Windows NT 10.0; Win64; x64) AppleWebKit/537.36 (KHTML, like Gecko) Chrome/114.0.0.0 Safari/537.36 Edg/114.0.1823.43"
136.243.228.194 - - [12/Jul/2025:14:30:34 -0400] "GET /items/gyend117/29425?key=behavior HTTP/1.1" 404 23127 "-" "Mozilla/5.0 (compatible; DataForSeoBot/1.0; +https://dataforseo.com/dataforseo-bot)"
136.243.228.194 - - [12/Jul/2025:14:30:39 -0400] "GET /items/xexcr182/2696?key=hot HTTP/1.1" 404 23127 "-" "Mozilla/5.0 (compatible; DataForSeoBot/1.0; +https://dataforseo.com/dataforseo-bot)"
20.171.207.193 - - [12/Jul/2025:14:30:42 -0400] "GET /83oyuwr41236.html HTTP/1.1" 404 23127 "-" "Mozilla/5.0 AppleWebKit/537.36 (KHTML, like Gecko; compatible; GPTBot/1.2; +https://openai.com/gptbot)"
136.243.228.194 - - [12/Jul/2025:14:30:44 -0400] "GET /68pax13227.html HTTP/1.1" 404 23127 "-" "Mozilla/5.0 (compatible; DataForSeoBot/1.0; +https://dataforseo.com/dataforseo-bot)"
136.243.228.194 - - [12/Jul/2025:14:30:50 -0400] "GET /291fwikr12622.html HTTP/1.1" 404 23127 "-" "Mozilla/5.0 (compatible; DataForSeoBot/1.0; +https://dataforseo.com/dataforseo-bot)"
47.82.60.48 - - [12/Jul/2025:14:30:55 -0400] "GET /pcmypage?callback=product/detail/haikanshop-4626460 HTTP/1.1" 301 0 "https://www.dangroup.sa/pcmypage?callback=product%2Fdetail%2Fhaikanshop-4626460" "Mozilla/5.0 (Windows NT 10.0; Win64; x64) AppleWebKit/537.36 (KHTML, like Gecko) Chrome/114.0.0.0 Safari/537.36 Edg/114.0.1823.43"
136.243.228.194 - - [12/Jul/2025:14:30:54 -0400] "GET /items/girfb45/5911?key=organizational HTTP/1.1" 404 23127 "-" "Mozilla/5.0 (compatible; DataForSeoBot/1.0; +https://dataforseo.com/dataforseo-bot)"
47.82.60.48 - - [12/Jul/2025:14:30:56 -0400] "GET /pcmypage?callback=product/detail/haikanshop-4626460 HTTP/1.1" 404 23127 "https://www.dangroup.sa/pcmypage?callback=product%2Fdetail%2Fhaikanshop-4626460" "Mozilla/5.0 (Windows NT 10.0; Win64; x64) AppleWebKit/537.36 (KHTML, like Gecko) Chrome/114.0.0.0 Safari/537.36 Edg/114.0.1823.43"
136.243.228.194 - - [12/Jul/2025:14:31:00 -0400] "GET /items/czgah285/46275?key=existence HTTP/1.1" 404 23127 "-" "Mozilla/5.0 (compatible; DataForSeoBot/1.0; +https://dataforseo.com/dataforseo-bot)"
66.29.146.47 - - [12/Jul/2025:14:31:06 -0400] "POST /wp-cron.php?doing_wp_cron=1752345066.4533309936523437500000 HTTP/1.1" 403 1242 "-" "WordPress/6.8; https://dangroup.sa"
136.243.228.194 - - [12/Jul/2025:14:31:06 -0400] "GET /219ism37610.html HTTP/1.1" 404 23127 "-" "Mozilla/5.0 (compatible; DataForSeoBot/1.0; +https://dataforseo.com/dataforseo-bot)"
136.243.228.194 - - [12/Jul/2025:14:31:10 -0400] "GET /items/cpzov249/37719?key=embrace HTTP/1.1" 404 23127 "-" "Mozilla/5.0 (compatible; DataForSeoBot/1.0; +https://dataforseo.com/dataforseo-bot)"
66.249.68.132 - - [12/Jul/2025:14:31:14 -0400] "GET /items/tsskq89/24143?key=painful HTTP/1.1" 200 86783 "-" "Mozilla/5.0 (Linux; Android 6.0.1; Nexus 5X Build/MMB29P) AppleWebKit/537.36 (KHTML, like Gecko) Chrome/137.0.7151.103 Mobile Safari/537.36 (compatible; Googlebot/2.1; +http://www.google.com/bot.html)"
47.82.60.20 - - [12/Jul/2025:14:31:14 -0400] "GET /items/ztbcp62/7922?key=hand HTTP/1.1" 404 23127 "https://dangroup.sa/items/ztbcp62/7922?key=hand" "Mozilla/5.0 (Windows NT 10.0; Win64; x64) AppleWebKit/537.36 (KHTML, like Gecko) Chrome/114.0.0.0 Safari/537.36 Edg/114.0.1823.43"
136.243.228.194 - - [12/Jul/2025:14:31:15 -0400] "GET /198cis15417.html HTTP/1.1" 404 23127 "-" "Mozilla/5.0 (compatible; DataForSeoBot/1.0; +https://dataforseo.com/dataforseo-bot)"
20.171.207.193 - - [12/Jul/2025:14:31:17 -0400] "GET /176bkjkz9207.html HTTP/1.1" 404 23129 "-" "Mozilla/5.0 AppleWebKit/537.36 (KHTML, like Gecko; compatible; GPTBot/1.2; +https://openai.com/gptbot)"
47.82.60.6 - - [12/Jul/2025:14:31:25 -0400] "GET /pcmypage?callback=product/detail/perk-up-413975-1655061 HTTP/1.1" 301 0 "https://www.dangroup.sa/pcmypage?callback=product%2Fdetail%2Fperk-up-413975-1655061" "Mozilla/5.0 (Windows NT 10.0; Win64; x64) AppleWebKit/537.36 (KHTML, like Gecko) Chrome/114.0.0.0 Safari/537.36 Edg/114.0.1823.43"
136.243.228.194 - - [12/Jul/2025:14:31:22 -0400] "GET /items/lnyov95/12401?key=leap HTTP/1.1" 404 23127 "-" "Mozilla/5.0 (compatible; DataForSeoBot/1.0; +https://dataforseo.com/dataforseo-bot)"
47.82.60.6 - - [12/Jul/2025:14:31:26 -0400] "GET /pcmypage?callback=product/detail/perk-up-413975-1655061 HTTP/1.1" 404 23127 "https://www.dangroup.sa/pcmypage?callback=product%2Fdetail%2Fperk-up-413975-1655061" "Mozilla/5.0 (Windows NT 10.0; Win64; x64) AppleWebKit/537.36 (KHTML, like Gecko) Chrome/114.0.0.0 Safari/537.36 Edg/114.0.1823.43"
66.249.79.136 - - [12/Jul/2025:14:31:30 -0400] "GET /items/qzvpb155/11981?key=suppose HTTP/1.1" 200 87169 "-" "Mozilla/5.0 (Linux; Android 6.0.1; Nexus 5X Build/MMB29P) AppleWebKit/537.36 (KHTML, like Gecko) Chrome/137.0.7151.103 Mobile Safari/537.36 (compatible; Googlebot/2.1; +http://www.google.com/bot.html)"
136.243.228.194 - - [12/Jul/2025:14:31:27 -0400] "GET /items/nqpic34/34676?key=musician HTTP/1.1" 404 23127 "-" "Mozilla/5.0 (compatible; DataForSeoBot/1.0; +https://dataforseo.com/dataforseo-bot)"
47.82.60.56 - - [12/Jul/2025:14:31:29 -0400] "GET /23yvx5966.html HTTP/1.1" 404 23127 "https://dangroup.sa/23yvx5966.html" "Mozilla/5.0 (Windows NT 10.0; Win64; x64) AppleWebKit/537.36 (KHTML, like Gecko) Chrome/114.0.0.0 Safari/537.36 Edg/114.0.1823.43"
47.82.60.67 - - [12/Jul/2025:14:31:32 -0400] "GET /pcmypage?callback=product/review/halloc-esco-ea983fk-38 HTTP/1.1" 404 23127 "https://dangroup.sa/pcmypage?callback=product/review/halloc-esco-ea983fk-38" "Mozilla/5.0 (Windows NT 10.0; Win64; x64) AppleWebKit/537.36 (KHTML, like Gecko) Chrome/114.0.0.0 Safari/537.36 Edg/114.0.1823.43"
47.82.60.15 - - [12/Jul/2025:14:31:36 -0400] "GET /pcmypage?callback=product/detail/tuzukiya-k176-0156 HTTP/1.1" 301 0 "https://www.dangroup.sa/pcmypage?callback=product%2Fdetail%2Ftuzukiya-k176-0156" "Mozilla/5.0 (Windows NT 10.0; Win64; x64) AppleWebKit/537.36 (KHTML, like Gecko) Chrome/114.0.0.0 Safari/537.36 Edg/114.0.1823.43"
136.243.228.194 - - [12/Jul/2025:14:31:34 -0400] "GET /217bqyqk12786.html HTTP/1.1" 404 23127 "-" "Mozilla/5.0 (compatible; DataForSeoBot/1.0; +https://dataforseo.com/dataforseo-bot)"
47.82.60.15 - - [12/Jul/2025:14:31:38 -0400] "GET /pcmypage?callback=product/detail/tuzukiya-k176-0156 HTTP/1.1" 404 23127 "https://www.dangroup.sa/pcmypage?callback=product%2Fdetail%2Ftuzukiya-k176-0156" "Mozilla/5.0 (Windows NT 10.0; Win64; x64) AppleWebKit/537.36 (KHTML, like Gecko) Chrome/114.0.0.0 Safari/537.36 Edg/114.0.1823.43"
47.82.60.44 - - [12/Jul/2025:14:31:40 -0400] "GET /pcmypage?callback=product/detail/hirochishop-2-4524486083839 HTTP/1.1" 404 23127 "https://dangroup.sa/pcmypage?callback=product%2Fdetail%2Fhirochishop-2-4524486083839" "Mozilla/5.0 (Windows NT 10.0; Win64; x64) AppleWebKit/537.36 (KHTML, like Gecko) Chrome/114.0.0.0 Safari/537.36 Edg/114.0.1823.43"
136.243.228.194 - - [12/Jul/2025:14:31:42 -0400] "GET /items/hekvz187/43799?key=alter HTTP/1.1" 404 23127 "-" "Mozilla/5.0 (compatible; DataForSeoBot/1.0; +https://dataforseo.com/dataforseo-bot)"
136.243.228.194 - - [12/Jul/2025:14:31:47 -0400] "GET /items/pstgx244/28852?key=offensive HTTP/1.1" 404 23127 "-" "Mozilla/5.0 (compatible; DataForSeoBot/1.0; +https://dataforseo.com/dataforseo-bot)"
136.243.228.194 - - [12/Jul/2025:14:31:51 -0400] "GET /78ewk43495.html HTTP/1.1" 404 23127 "-" "Mozilla/5.0 (compatible; DataForSeoBot/1.0; +https://dataforseo.com/dataforseo-bot)"
47.82.60.64 - - [12/Jul/2025:14:31:53 -0400] "GET /items/yodvw20/654?key=terrorism HTTP/1.1" 404 23127 "https://dangroup.sa/items/yodvw20/654?key=terrorism" "Mozilla/5.0 (Windows NT 10.0; Win64; x64) AppleWebKit/537.36 (KHTML, like Gecko) Chrome/114.0.0.0 Safari/537.36 Edg/114.0.1823.43"
136.243.228.194 - - [12/Jul/2025:14:31:57 -0400] "GET /items/xhhkm70/35270?key=upper HTTP/1.1" 404 23127 "-" "Mozilla/5.0 (compatible; DataForSeoBot/1.0; +https://dataforseo.com/dataforseo-bot)"
136.243.228.194 - - [12/Jul/2025:14:32:01 -0400] "GET /items/tncrq162/32360?key=class HTTP/1.1" 404 23127 "-" "Mozilla/5.0 (compatible; DataForSeoBot/1.0; +https://dataforseo.com/dataforseo-bot)"
66.29.146.47 - - [12/Jul/2025:14:32:07 -0400] "POST /wp-cron.php?doing_wp_cron=1752345127.3010849952697753906250 HTTP/1.1" 403 1242 "-" "WordPress/6.8; https://dangroup.sa"
136.243.228.194 - - [12/Jul/2025:14:32:06 -0400] "GET /248day35931.html HTTP/1.1" 404 23127 "-" "Mozilla/5.0 (compatible; DataForSeoBot/1.0; +https://dataforseo.com/dataforseo-bot)"
136.243.228.194 - - [12/Jul/2025:14:32:11 -0400] "GET /items/vheoc196/21046?key=silence HTTP/1.1" 404 23127 "-" "Mozilla/5.0 (compatible; DataForSeoBot/1.0; +https://dataforseo.com/dataforseo-bot)"
20.171.207.193 - - [12/Jul/2025:14:32:12 -0400] "GET /22pacbu33791.html HTTP/1.1" 404 23127 "-" "Mozilla/5.0 AppleWebKit/537.36 (KHTML, like Gecko; compatible; GPTBot/1.2; +https://openai.com/gptbot)"
136.243.228.194 - - [12/Jul/2025:14:32:19 -0400] "GET /items/yyqdl10/40492?key=explicit HTTP/1.1" 404 23127 "-" "Mozilla/5.0 (compatible; DataForSeoBot/1.0; +https://dataforseo.com/dataforseo-bot)"
136.243.228.194 - - [12/Jul/2025:14:32:24 -0400] "GET /300mhyaz18133.html HTTP/1.1" 404 23127 "-" "Mozilla/5.0 (compatible; DataForSeoBot/1.0; +https://dataforseo.com/dataforseo-bot)"
136.243.228.194 - - [12/Jul/2025:14:32:28 -0400] "GET /items/ozzhk234/45736?key=documentary HTTP/1.1" 404 23127 "-" "Mozilla/5.0 (compatible; DataForSeoBot/1.0; +https://dataforseo.com/dataforseo-bot)"
136.243.228.194 - - [12/Jul/2025:14:32:34 -0400] "GET /items/zsjrw87/40107?key=exploration HTTP/1.1" 404 23129 "-" "Mozilla/5.0 (compatible; DataForSeoBot/1.0; +https://dataforseo.com/dataforseo-bot)"
136.243.228.194 - - [12/Jul/2025:14:32:37 -0400] "GET /items/oncjt118/10506?key=Iraqi HTTP/1.1" 404 23127 "-" "Mozilla/5.0 (compatible; DataForSeoBot/1.0; +https://dataforseo.com/dataforseo-bot)"
136.243.228.194 - - [12/Jul/2025:14:32:41 -0400] "GET /items/bdkag53/40391?key=shake HTTP/1.1" 404 23129 "-" "Mozilla/5.0 (compatible; DataForSeoBot/1.0; +https://dataforseo.com/dataforseo-bot)"
136.243.228.194 - - [12/Jul/2025:14:32:48 -0400] "GET /items/xgqwb23/47329?key=confident HTTP/1.1" 404 23127 "-" "Mozilla/5.0 (compatible; DataForSeoBot/1.0; +https://dataforseo.com/dataforseo-bot)"
47.82.60.8 - - [12/Jul/2025:14:32:51 -0400] "GET /300yvv18595.html HTTP/1.1" 404 23127 "https://dangroup.sa/300yvv18595.html" "Mozilla/5.0 (Windows NT 10.0; Win64; x64) AppleWebKit/537.36 (KHTML, like Gecko) Chrome/114.0.0.0 Safari/537.36 Edg/114.0.1823.43"
136.243.228.194 - - [12/Jul/2025:14:32:52 -0400] "GET /items/skhtu258/2194?key=partner HTTP/1.1" 404 23129 "-" "Mozilla/5.0 (compatible; DataForSeoBot/1.0; +https://dataforseo.com/dataforseo-bot)"
136.243.228.194 - - [12/Jul/2025:14:32:58 -0400] "GET /195clqm13740.html HTTP/1.1" 404 23129 "-" "Mozilla/5.0 (compatible; DataForSeoBot/1.0; +https://dataforseo.com/dataforseo-bot)"
136.243.228.194 - - [12/Jul/2025:14:33:02 -0400] "GET /298gofl28965.html HTTP/1.1" 404 23127 "-" "Mozilla/5.0 (compatible; DataForSeoBot/1.0; +https://dataforseo.com/dataforseo-bot)"
136.243.228.194 - - [12/Jul/2025:14:33:06 -0400] "GET /56nkh37437.html HTTP/1.1" 404 23127 "-" "Mozilla/5.0 (compatible; DataForSeoBot/1.0; +https://dataforseo.com/dataforseo-bot)"
66.29.146.47 - - [12/Jul/2025:14:33:10 -0400] "POST /wp-cron.php?doing_wp_cron=1752345190.2726979255676269531250 HTTP/1.1" 403 1242 "-" "WordPress/6.8; https://dangroup.sa"
20.171.207.193 - - [12/Jul/2025:14:33:08 -0400] "GET /70ysnmf44223.html HTTP/1.1" 404 23129 "-" "Mozilla/5.0 AppleWebKit/537.36 (KHTML, like Gecko; compatible; GPTBot/1.2; +https://openai.com/gptbot)"
136.243.228.194 - - [12/Jul/2025:14:33:12 -0400] "GET /34bmlb34093.html HTTP/1.1" 404 23127 "-" "Mozilla/5.0 (compatible; DataForSeoBot/1.0; +https://dataforseo.com/dataforseo-bot)"
136.243.228.194 - - [12/Jul/2025:14:33:18 -0400] "GET /108yyl6149.html HTTP/1.1" 404 23129 "-" "Mozilla/5.0 (compatible; DataForSeoBot/1.0; +https://dataforseo.com/dataforseo-bot)"
136.243.228.194 - - [12/Jul/2025:14:33:22 -0400] "GET /28uabm29783.html HTTP/1.1" 404 23127 "-" "Mozilla/5.0 (compatible; DataForSeoBot/1.0; +https://dataforseo.com/dataforseo-bot)"
136.243.228.194 - - [12/Jul/2025:14:33:28 -0400] "GET /items/tkkty213/29101?key=flesh HTTP/1.1" 404 23127 "-" "Mozilla/5.0 (compatible; DataForSeoBot/1.0; +https://dataforseo.com/dataforseo-bot)"
136.243.228.194 - - [12/Jul/2025:14:33:33 -0400] "GET /217ncz30082.html HTTP/1.1" 404 23127 "-" "Mozilla/5.0 (compatible; DataForSeoBot/1.0; +https://dataforseo.com/dataforseo-bot)"
136.243.228.194 - - [12/Jul/2025:14:33:38 -0400] "GET /items/nlmww104/47694?key=particularly HTTP/1.1" 404 23127 "-" "Mozilla/5.0 (compatible; DataForSeoBot/1.0; +https://dataforseo.com/dataforseo-bot)"
136.243.228.194 - - [12/Jul/2025:14:33:42 -0400] "GET /62avaq36887.html HTTP/1.1" 404 23129 "-" "Mozilla/5.0 (compatible; DataForSeoBot/1.0; +https://dataforseo.com/dataforseo-bot)"
136.243.228.194 - - [12/Jul/2025:14:33:46 -0400] "GET /items/qyodc166/5170?key=mention HTTP/1.1" 404 23127 "-" "Mozilla/5.0 (compatible; DataForSeoBot/1.0; +https://dataforseo.com/dataforseo-bot)"
136.243.228.194 - - [12/Jul/2025:14:33:50 -0400] "GET /items/ahozb153/40033?key=predator HTTP/1.1" 404 23127 "-" "Mozilla/5.0 (compatible; DataForSeoBot/1.0; +https://dataforseo.com/dataforseo-bot)"
136.243.228.194 - - [12/Jul/2025:14:33:55 -0400] "GET /items/suykw283/26019?key=consecutive HTTP/1.1" 404 23129 "-" "Mozilla/5.0 (compatible; DataForSeoBot/1.0; +https://dataforseo.com/dataforseo-bot)"
136.243.228.194 - - [12/Jul/2025:14:34:00 -0400] "GET /48tku29879.html HTTP/1.1" 404 23127 "-" "Mozilla/5.0 (compatible; DataForSeoBot/1.0; +https://dataforseo.com/dataforseo-bot)"
20.171.207.193 - - [12/Jul/2025:14:34:03 -0400] "GET /43mhpvz16192.html HTTP/1.1" 404 23128 "-" "Mozilla/5.0 AppleWebKit/537.36 (KHTML, like Gecko; compatible; GPTBot/1.2; +https://openai.com/gptbot)"
136.243.228.194 - - [12/Jul/2025:14:34:04 -0400] "GET /items/ofiyb223/24979?key=his HTTP/1.1" 404 23127 "-" "Mozilla/5.0 (compatible; DataForSeoBot/1.0; +https://dataforseo.com/dataforseo-bot)"
66.29.146.47 - - [12/Jul/2025:14:34:11 -0400] "POST /wp-cron.php?doing_wp_cron=1752345251.3775629997253417968750 HTTP/1.1" 403 1242 "-" "WordPress/6.8; https://dangroup.sa"
136.243.228.194 - - [12/Jul/2025:14:34:10 -0400] "GET /170joka41425.html HTTP/1.1" 404 23127 "-" "Mozilla/5.0 (compatible; DataForSeoBot/1.0; +https://dataforseo.com/dataforseo-bot)"
136.243.228.194 - - [12/Jul/2025:14:34:15 -0400] "GET /items/tabky55/26893?key=sphere HTTP/1.1" 404 23127 "-" "Mozilla/5.0 (compatible; DataForSeoBot/1.0; +https://dataforseo.com/dataforseo-bot)"
136.243.228.194 - - [12/Jul/2025:14:34:20 -0400] "GET /139nqmia28146.html HTTP/1.1" 404 23127 "-" "Mozilla/5.0 (compatible; DataForSeoBot/1.0; +https://dataforseo.com/dataforseo-bot)"
136.243.228.194 - - [12/Jul/2025:14:34:24 -0400] "GET /items/whxij203/13791?key=pause HTTP/1.1" 404 23127 "-" "Mozilla/5.0 (compatible; DataForSeoBot/1.0; +https://dataforseo.com/dataforseo-bot)"
136.243.228.194 - - [12/Jul/2025:14:34:28 -0400] "GET /13wkab1788.html HTTP/1.1" 404 23127 "-" "Mozilla/5.0 (compatible; DataForSeoBot/1.0; +https://dataforseo.com/dataforseo-bot)"
136.243.228.194 - - [12/Jul/2025:14:34:32 -0400] "GET /items/pabln132/31428?key=empire HTTP/1.1" 404 23127 "-" "Mozilla/5.0 (compatible; DataForSeoBot/1.0; +https://dataforseo.com/dataforseo-bot)"
20.171.207.193 - - [12/Jul/2025:14:35:03 -0400] "GET /64tpdwa16773.html HTTP/1.1" 404 23127 "-" "Mozilla/5.0 AppleWebKit/537.36 (KHTML, like Gecko; compatible; GPTBot/1.2; +https://openai.com/gptbot)"
165.22.254.193 - - [12/Jul/2025:14:35:08 -0400] "GET /xmlrpc.php HTTP/1.1" 403 1242 "http://danevnt.com/xmlrpc.php" "Mozilla/5.0 (X11; Ubuntu; Linux x86_64; rv:85.0) Gecko/20100101 Firefox/91.0"
66.29.146.47 - - [12/Jul/2025:14:35:25 -0400] "POST /wp-cron.php?doing_wp_cron=1752345325.0952649116516113281250 HTTP/1.1" 403 1242 "-" "WordPress/6.8; https://dangroup.sa"
136.243.228.194 - - [12/Jul/2025:14:35:24 -0400] "GET /147kxzcj572.html HTTP/1.1" 404 23127 "-" "Mozilla/5.0 (compatible; DataForSeoBot/1.0; +https://dataforseo.com/dataforseo-bot)"
136.243.228.194 - - [12/Jul/2025:14:35:30 -0400] "GET /90ori48521.html HTTP/1.1" 404 23127 "-" "Mozilla/5.0 (compatible; DataForSeoBot/1.0; +https://dataforseo.com/dataforseo-bot)"
51.68.111.215 - - [12/Jul/2025:14:35:36 -0400] "GET /robots.txt HTTP/1.1" 304 0 "-" "Mozilla/5.0 (compatible; MJ12bot/v2.0.2; http://mj12bot.com/)"
136.243.228.194 - - [12/Jul/2025:14:35:34 -0400] "GET /items/wgydt22/42398?key=possibly HTTP/1.1" 404 23127 "-" "Mozilla/5.0 (compatible; DataForSeoBot/1.0; +https://dataforseo.com/dataforseo-bot)"
2401:4900:1cd7:4ff2:157f:72c1:a936:8396 - - [12/Jul/2025:14:35:38 -0400] "POST /xmlrpc.php HTTP/1.1" 403 1242 "-" "Mozilla/5.0 (Windows NT 6.2; x64) AppleWebKit/537.36 (KHTML, like Gecko) Chrome/109.0.0.0 Safari/537.36"
51.68.111.215 - - [12/Jul/2025:14:35:36 -0400] "GET / HTTP/1.1" 200 33220 "-" "Mozilla/5.0 (compatible; MJ12bot/v2.0.2; http://mj12bot.com/)"
136.243.228.194 - - [12/Jul/2025:14:35:40 -0400] "GET /136thi49803.html HTTP/1.1" 404 23127 "-" "Mozilla/5.0 (compatible; DataForSeoBot/1.0; +https://dataforseo.com/dataforseo-bot)"
136.243.228.194 - - [12/Jul/2025:14:35:45 -0400] "GET /items/fveci140/23396?key=slot HTTP/1.1" 404 23127 "-" "Mozilla/5.0 (compatible; DataForSeoBot/1.0; +https://dataforseo.com/dataforseo-bot)"
136.243.228.194 - - [12/Jul/2025:14:35:50 -0400] "GET /items/tdspg196/29938?key=export HTTP/1.1" 404 23127 "-" "Mozilla/5.0 (compatible; DataForSeoBot/1.0; +https://dataforseo.com/dataforseo-bot)"
136.243.228.194 - - [12/Jul/2025:14:35:55 -0400] "GET /231lfgvu38864.html HTTP/1.1" 404 23127 "-" "Mozilla/5.0 (compatible; DataForSeoBot/1.0; +https://dataforseo.com/dataforseo-bot)"
91.201.115.174 - - [12/Jul/2025:14:35:56 -0400] "GET / HTTP/1.1" 200 33221 "https://DANEVNT.COM" "Mozilla/5.0 (Macintosh; Intel Mac OS X 10_15_7) AppleWebKit/537.36 (KHTML, like Gecko) Chrome/133.0.0.0 Safari/537.36"
91.201.115.174 - - [12/Jul/2025:14:36:04 -0400] "GET /comments/feed/ HTTP/1.1" 200 457 "-" "Mozilla/5.0 (Macintosh; Intel Mac OS X 10_15_7) AppleWebKit/537.36 (KHTML, like Gecko) Chrome/133.0.0.0 Safari/537.36"
136.243.228.194 - - [12/Jul/2025:14:36:02 -0400] "GET /273pncp19712.html HTTP/1.1" 404 23127 "-" "Mozilla/5.0 (compatible; DataForSeoBot/1.0; +https://dataforseo.com/dataforseo-bot)"
20.171.207.193 - - [12/Jul/2025:14:36:06 -0400] "GET /65kiazq10220.html HTTP/1.1" 404 23127 "-" "Mozilla/5.0 AppleWebKit/537.36 (KHTML, like Gecko; compatible; GPTBot/1.2; +https://openai.com/gptbot)"
91.201.115.174 - - [12/Jul/2025:14:36:07 -0400] "GET /contact/ HTTP/1.1" 200 24211 "-" "Mozilla/5.0 (Macintosh; Intel Mac OS X 10_15_7) AppleWebKit/537.36 (KHTML, like Gecko) Chrome/133.0.0.0 Safari/537.36"
136.243.228.194 - - [12/Jul/2025:14:36:07 -0400] "GET /141fibo41746.html HTTP/1.1" 404 23127 "-" "Mozilla/5.0 (compatible; DataForSeoBot/1.0; +https://dataforseo.com/dataforseo-bot)"
91.201.115.174 - - [12/Jul/2025:14:36:14 -0400] "GET /en/contact-us/ HTTP/1.1" 200 23391 "-" "Mozilla/5.0 (Macintosh; Intel Mac OS X 10_15_7) AppleWebKit/537.36 (KHTML, like Gecko) Chrome/133.0.0.0 Safari/537.36"
136.243.228.194 - - [12/Jul/2025:14:36:15 -0400] "GET /items/ytfrl121/23981?key=could HTTP/1.1" 404 23129 "-" "Mozilla/5.0 (compatible; DataForSeoBot/1.0; +https://dataforseo.com/dataforseo-bot)"
136.243.228.194 - - [12/Jul/2025:14:36:21 -0400] "GET /items/zykzl284/43470?key=cheat HTTP/1.1" 404 23127 "-" "Mozilla/5.0 (compatible; DataForSeoBot/1.0; +https://dataforseo.com/dataforseo-bot)"
66.29.146.47 - - [12/Jul/2025:14:36:26 -0400] "POST /wp-cron.php?doing_wp_cron=1752345386.5740430355072021484375 HTTP/1.1" 403 1242 "-" "WordPress/6.8; https://dangroup.sa"
136.243.228.194 - - [12/Jul/2025:14:36:26 -0400] "GET /22ogmj43283.html HTTP/1.1" 404 23127 "-" "Mozilla/5.0 (compatible; DataForSeoBot/1.0; +https://dataforseo.com/dataforseo-bot)"
