47.82.60.64 - - [12/Jul/2025:14:51:10 -0400] "GET /items/gjzod206/49332?key=rapidly HTTP/1.1" 404 23127 "https://dangroup.sa/items/gjzod206/49332?key=rapidly" "Mozilla/5.0 (Windows NT 10.0; Win64; x64) AppleWebKit/537.36 (KHTML, like Gecko) Chrome/114.0.0.0 Safari/537.36 Edg/114.0.1823.43"
136.243.228.194 - - [12/Jul/2025:14:51:15 -0400] "GET /138bhtqw3089.html HTTP/1.1" 404 23127 "-" "Mozilla/5.0 (compatible; DataForSeoBot/1.0; +https://dataforseo.com/dataforseo-bot)"
47.82.60.3 - - [12/Jul/2025:14:51:23 -0400] "GET /96oqth47067.html HTTP/1.1" 404 23129 "https://dangroup.sa/96oqth47067.html" "Mozilla/5.0 (Windows NT 10.0; Win64; x64) AppleWebKit/537.36 (KHTML, like Gecko) Chrome/114.0.0.0 Safari/537.36 Edg/114.0.1823.43"
136.243.228.194 - - [12/Jul/2025:14:51:25 -0400] "GET /105bye8252.html HTTP/1.1" 404 23127 "-" "Mozilla/5.0 (compatible; DataForSeoBot/1.0; +https://dataforseo.com/dataforseo-bot)"
47.82.60.10 - - [12/Jul/2025:14:51:30 -0400] "GET /items/rqefk22/48818?key=harmony HTTP/1.1" 404 23127 "https://dangroup.sa/items/rqefk22/48818?key=harmony" "Mozilla/5.0 (Windows NT 10.0; Win64; x64) AppleWebKit/537.36 (KHTML, like Gecko) Chrome/114.0.0.0 Safari/537.36 Edg/114.0.1823.43"
66.249.68.129 - - [12/Jul/2025:14:51:42 -0400] "GET /items/cvxag73/26569?key=album HTTP/1.1" 200 86362 "-" "Mozilla/5.0 (Linux; Android 6.0.1; Nexus 5X Build/MMB29P) AppleWebKit/537.36 (KHTML, like Gecko) Chrome/137.0.7151.103 Mobile Safari/537.36 (compatible; Googlebot/2.1; +http://www.google.com/bot.html)"
66.249.68.129 - - [12/Jul/2025:14:51:44 -0400] "GET /80wpwl26603.html HTTP/1.1" 200 86949 "-" "Mozilla/5.0 (Linux; Android 6.0.1; Nexus 5X Build/MMB29P) AppleWebKit/537.36 (KHTML, like Gecko) Chrome/137.0.7151.103 Mobile Safari/537.36 (compatible; Googlebot/2.1; +http://www.google.com/bot.html)"
66.249.79.138 - - [12/Jul/2025:14:51:45 -0400] "GET /items/ipfgn12/43052?key=tribe HTTP/1.1" 200 87300 "-" "Mozilla/5.0 (Linux; Android 6.0.1; Nexus 5X Build/MMB29P) AppleWebKit/537.36 (KHTML, like Gecko) Chrome/137.0.7151.103 Mobile Safari/537.36 (compatible; Googlebot/2.1; +http://www.google.com/bot.html)"
136.243.228.194 - - [12/Jul/2025:14:51:36 -0400] "GET /items/sjqbf235/40153?key=boost HTTP/1.1" 404 23129 "-" "Mozilla/5.0 (compatible; DataForSeoBot/1.0; +https://dataforseo.com/dataforseo-bot)"
47.82.60.82 - - [12/Jul/2025:14:51:36 -0400] "GET /pcmypage?callback=product/detail/bungudo-7266972 HTTP/1.1" 404 23129 "https://dangroup.sa/pcmypage?callback=product%2Fdetail%2Fbungudo-7266972" "Mozilla/5.0 (Windows NT 10.0; Win64; x64) AppleWebKit/537.36 (KHTML, like Gecko) Chrome/114.0.0.0 Safari/537.36 Edg/114.0.1823.43"
20.171.207.193 - - [12/Jul/2025:14:51:39 -0400] "GET /72aoxsh17873.html HTTP/1.1" 404 23127 "-" "Mozilla/5.0 AppleWebKit/537.36 (KHTML, like Gecko; compatible; GPTBot/1.2; +https://openai.com/gptbot)"
136.243.228.194 - - [12/Jul/2025:14:51:49 -0400] "GET /items/pkbag60/40990?key=bath HTTP/1.1" 404 23129 "-" "Mozilla/5.0 (compatible; DataForSeoBot/1.0; +https://dataforseo.com/dataforseo-bot)"
103.131.71.235 - - [12/Jul/2025:14:52:03 -0400] "GET /robots.txt HTTP/1.1" 304 0 "-" "Mozilla/5.0 (compatible; coccocbot-web/1.0; +http://help.coccoc.com/searchengine)"
66.29.146.47 - - [12/Jul/2025:14:52:07 -0400] "POST /wp-cron.php?doing_wp_cron=1752346327.2473978996276855468750 HTTP/1.1" 403 1242 "-" "WordPress/6.8; https://dangroup.sa"
136.243.228.194 - - [12/Jul/2025:14:51:59 -0400] "GET /110ile6091.html HTTP/1.1" 404 23127 "-" "Mozilla/5.0 (compatible; DataForSeoBot/1.0; +https://dataforseo.com/dataforseo-bot)"
47.82.60.13 - - [12/Jul/2025:14:52:04 -0400] "GET /136kuwew20301.html HTTP/1.1" 404 23129 "https://dangroup.sa/136kuwew20301.html" "Mozilla/5.0 (Windows NT 10.0; Win64; x64) AppleWebKit/537.36 (KHTML, like Gecko) Chrome/114.0.0.0 Safari/537.36 Edg/114.0.1823.43"
66.249.68.129 - - [12/Jul/2025:14:52:19 -0400] "GET /50odtnd25505.html HTTP/1.1" 200 87187 "-" "Mozilla/5.0 (Linux; Android 6.0.1; Nexus 5X Build/MMB29P) AppleWebKit/537.36 (KHTML, like Gecko) Chrome/137.0.7151.103 Mobile Safari/537.36 (compatible; Googlebot/2.1; +http://www.google.com/bot.html)"
47.82.60.65 - - [12/Jul/2025:14:52:08 -0400] "GET /items/irgph228/15142?key=complex HTTP/1.1" 404 23127 "https://dangroup.sa/items/irgph228/15142?key=complex" "Mozilla/5.0 (Windows NT 10.0; Win64; x64) AppleWebKit/537.36 (KHTML, like Gecko) Chrome/114.0.0.0 Safari/537.36 Edg/114.0.1823.43"
136.243.228.194 - - [12/Jul/2025:14:52:09 -0400] "GET /89rqrff7040.html HTTP/1.1" 404 23129 "-" "Mozilla/5.0 (compatible; DataForSeoBot/1.0; +https://dataforseo.com/dataforseo-bot)"
47.82.60.78 - - [12/Jul/2025:14:52:22 -0400] "GET /items/bbldn117/3129?key=glory HTTP/1.1" 301 0 "https://www.dangroup.sa/items/bbldn117/3129?key=glory" "Mozilla/5.0 (Windows NT 10.0; Win64; x64) AppleWebKit/537.36 (KHTML, like Gecko) Chrome/114.0.0.0 Safari/537.36 Edg/114.0.1823.43"
47.82.60.13 - - [12/Jul/2025:14:52:23 -0400] "GET /items/ruqzr289/8233?key=parish HTTP/1.1" 404 23127 "https://dangroup.sa/items/ruqzr289/8233?key=parish" "Mozilla/5.0 (Windows NT 10.0; Win64; x64) AppleWebKit/537.36 (KHTML, like Gecko) Chrome/114.0.0.0 Safari/537.36 Edg/114.0.1823.43"
136.243.228.194 - - [12/Jul/2025:14:52:25 -0400] "GET /12lvw44827.html HTTP/1.1" 404 23127 "-" "Mozilla/5.0 (compatible; DataForSeoBot/1.0; +https://dataforseo.com/dataforseo-bot)"
47.82.60.78 - - [12/Jul/2025:14:52:25 -0400] "GET /items/bbldn117/3129?key=glory HTTP/1.1" 404 23127 "https://www.dangroup.sa/items/bbldn117/3129?key=glory" "Mozilla/5.0 (Windows NT 10.0; Win64; x64) AppleWebKit/537.36 (KHTML, like Gecko) Chrome/114.0.0.0 Safari/537.36 Edg/114.0.1823.43"
136.243.228.194 - - [12/Jul/2025:14:52:39 -0400] "GET /68kjml16091.html HTTP/1.1" 404 23129 "-" "Mozilla/5.0 (compatible; DataForSeoBot/1.0; +https://dataforseo.com/dataforseo-bot)"
20.171.207.193 - - [12/Jul/2025:14:52:42 -0400] "GET /236wvvfn1691.html HTTP/1.1" 404 23128 "-" "Mozilla/5.0 AppleWebKit/537.36 (KHTML, like Gecko; compatible; GPTBot/1.2; +https://openai.com/gptbot)"
136.243.228.194 - - [12/Jul/2025:14:52:51 -0400] "GET /items/mtaln248/26530?key=seal HTTP/1.1" 404 23308 "-" "Mozilla/5.0 (compatible; DataForSeoBot/1.0; +https://dataforseo.com/dataforseo-bot)"
38.152.188.224 - - [12/Jul/2025:14:52:51 -0400] "GET /ar/ HTTP/1.1" 404 23129 "https://danevnt.com/" "Mozilla/5.0 (X11; Ubuntu; Linux i686; rv:114.0) Gecko/20100101 Firefox/114.0"
47.82.60.11 - - [12/Jul/2025:14:52:53 -0400] "GET /pcmypage?callback=product/review/tukishimado-kt265921 HTTP/1.1" 404 23127 "https://dangroup.sa/pcmypage?callback=product/review/tukishimado-kt265921" "Mozilla/5.0 (Windows NT 10.0; Win64; x64) AppleWebKit/537.36 (KHTML, like Gecko) Chrome/114.0.0.0 Safari/537.36 Edg/114.0.1823.43"
66.29.146.47 - - [12/Jul/2025:14:53:08 -0400] "POST /wp-cron.php?doing_wp_cron=1752346388.4451489448547363281250 HTTP/1.1" 403 1242 "-" "WordPress/6.8; https://dangroup.sa"
66.29.146.47 - - [12/Jul/2025:14:53:09 -0400] "POST /wp-cron.php?doing_wp_cron=1752346389.3460550308227539062500 HTTP/1.1" 403 1242 "-" "WordPress/6.8; https://dangroup.sa"
136.243.228.194 - - [12/Jul/2025:14:53:06 -0400] "GET /72zcahu11371.html HTTP/1.1" 404 23127 "-" "Mozilla/5.0 (compatible; DataForSeoBot/1.0; +https://dataforseo.com/dataforseo-bot)"
38.152.188.224 - - [12/Jul/2025:14:53:07 -0400] "GET / HTTP/1.1" 200 33220 "-" "Mozilla/5.0 (X11; Ubuntu; Linux i686; rv:114.0) Gecko/20100101 Firefox/114.0"
47.82.60.29 - - [12/Jul/2025:14:53:14 -0400] "GET /items/hzhzh52/33374?key=deadline HTTP/1.1" 404 23129 "https://dangroup.sa/items/hzhzh52/33374?key=deadline" "Mozilla/5.0 (Windows NT 10.0; Win64; x64) AppleWebKit/537.36 (KHTML, like Gecko) Chrome/114.0.0.0 Safari/537.36 Edg/114.0.1823.43"
136.243.228.194 - - [12/Jul/2025:14:53:22 -0400] "GET /items/dnuya183/25973?key=roof HTTP/1.1" 404 23127 "-" "Mozilla/5.0 (compatible; DataForSeoBot/1.0; +https://dataforseo.com/dataforseo-bot)"
136.243.228.194 - - [12/Jul/2025:14:53:29 -0400] "GET /items/ekqbg15/34977?key=casino HTTP/1.1" 404 23127 "-" "Mozilla/5.0 (compatible; DataForSeoBot/1.0; +https://dataforseo.com/dataforseo-bot)"
136.243.228.194 - - [12/Jul/2025:14:53:34 -0400] "GET /79opggh35708.html HTTP/1.1" 404 23129 "-" "Mozilla/5.0 (compatible; DataForSeoBot/1.0; +https://dataforseo.com/dataforseo-bot)"
40.77.167.75 - - [12/Jul/2025:14:53:53 -0400] "GET /mcuzpgr4809hbloodlust HTTP/1.1" 200 17 "-" "Mozilla/5.0 AppleWebKit/537.36 (KHTML, like Gecko; compatible; bingbot/2.0; +http://www.bing.com/bingbot.htm) Chrome/116.0.1938.76 Safari/537.36"
47.82.60.2 - - [12/Jul/2025:14:53:40 -0400] "GET /items/pozse28/45878?key=activist HTTP/1.1" 404 23127 "https://dangroup.sa/items/pozse28/45878?key=activist" "Mozilla/5.0 (Windows NT 10.0; Win64; x64) AppleWebKit/537.36 (KHTML, like Gecko) Chrome/114.0.0.0 Safari/537.36 Edg/114.0.1823.43"
136.243.228.194 - - [12/Jul/2025:14:53:47 -0400] "GET /18auhmm32115.html HTTP/1.1" 404 23129 "-" "Mozilla/5.0 (compatible; DataForSeoBot/1.0; +https://dataforseo.com/dataforseo-bot)"
208.110.64.178 - - [12/Jul/2025:14:54:00 -0400] "GET /wp-content/install.php HTTP/1.1" 200 10 "https://dangroup.sa/wp-content/install.php" "Mozilla/5.0 (Windows NT 10.0; Win64; x64) AppleWebKit/537.36 (KHTML, like Gecko) Chrome/58.0.3029.110 Safari/537.3"
20.171.207.193 - - [12/Jul/2025:14:53:47 -0400] "GET /13fpbwr15136.html HTTP/1.1" 404 23127 "-" "Mozilla/5.0 AppleWebKit/537.36 (KHTML, like Gecko; compatible; GPTBot/1.2; +https://openai.com/gptbot)"
66.249.68.132 - - [12/Jul/2025:14:54:05 -0400] "GET /pcmypage?callback=product/review/sweetrag-1cd747791a65d12f-1 HTTP/1.1" 200 87463 "-" "Mozilla/5.0 (Linux; Android 6.0.1; Nexus 5X Build/MMB29P) AppleWebKit/537.36 (KHTML, like Gecko) Chrome/137.0.7151.103 Mobile Safari/537.36 (compatible; Googlebot/2.1; +http://www.google.com/bot.html)"
136.243.228.194 - - [12/Jul/2025:14:54:01 -0400] "GET /items/faasu19/23863?key=privilege HTTP/1.1" 404 23127 "-" "Mozilla/5.0 (compatible; DataForSeoBot/1.0; +https://dataforseo.com/dataforseo-bot)"
38.152.178.209 - - [12/Jul/2025:14:53:58 -0400] "GET / HTTP/1.1" 200 33207 "-" "Mozilla/5.0 (Macintosh; Intel Mac OS X 12_5) AppleWebKit/537.36 (KHTML, like Gecko) Chrome/114.0.0.0 Safari/537.36 Edg/114.0.1264.71"
66.29.146.47 - - [12/Jul/2025:14:54:16 -0400] "POST /wp-cron.php?doing_wp_cron=1752346456.5761659145355224609375 HTTP/1.1" 403 1242 "-" "WordPress/6.8; https://dangroup.sa"
136.243.228.194 - - [12/Jul/2025:14:54:15 -0400] "GET /items/eukig16/20058?key=disclose HTTP/1.1" 404 23127 "-" "Mozilla/5.0 (compatible; DataForSeoBot/1.0; +https://dataforseo.com/dataforseo-bot)"
38.152.178.209 - - [12/Jul/2025:14:54:17 -0400] "GET /contact/ HTTP/1.1" 200 24211 "https://dangroup.sa/" "Mozilla/5.0 (Macintosh; Intel Mac OS X 12_5) AppleWebKit/537.36 (KHTML, like Gecko) Chrome/114.0.0.0 Safari/537.36 Edg/114.0.1264.71"
136.243.228.194 - - [12/Jul/2025:14:54:22 -0400] "GET /11nknic43430.html HTTP/1.1" 404 23127 "-" "Mozilla/5.0 (compatible; DataForSeoBot/1.0; +https://dataforseo.com/dataforseo-bot)"
66.249.79.134 - - [12/Jul/2025:14:54:36 -0400] "GET /items/woshh161/16421?key=county HTTP/1.1" 200 87382 "-" "Mozilla/5.0 (Linux; Android 6.0.1; Nexus 5X Build/MMB29P) AppleWebKit/537.36 (KHTML, like Gecko) Chrome/137.0.7151.103 Mobile Safari/537.36 (compatible; Googlebot/2.1; +http://www.google.com/bot.html)"
136.243.228.194 - - [12/Jul/2025:14:54:29 -0400] "GET /260aci9833.html HTTP/1.1" 404 23127 "-" "Mozilla/5.0 (compatible; DataForSeoBot/1.0; +https://dataforseo.com/dataforseo-bot)"
136.243.228.194 - - [12/Jul/2025:14:54:41 -0400] "GET /items/latiw79/37957?key=safely HTTP/1.1" 404 23127 "-" "Mozilla/5.0 (compatible; DataForSeoBot/1.0; +https://dataforseo.com/dataforseo-bot)"
156.248.84.76 - - [12/Jul/2025:14:54:52 -0400] "GET /pcmypage?callback=product/review/takeo-shop-yg-so-asp-srm-d-1 HTTP/1.1" 301 0 "-" "Mozilla/5.0 (Linux; Android 9; ASUS_I005DA Build/PI; wv) AppleWebKit/537.36 (KHTML, like Gecko) Version/4.0 Chrome/133.0.6943.122 Mobile"
136.243.228.194 - - [12/Jul/2025:14:54:49 -0400] "GET /items/bsgax35/8169?key=assist HTTP/1.1" 404 23127 "-" "Mozilla/5.0 (compatible; DataForSeoBot/1.0; +https://dataforseo.com/dataforseo-bot)"
156.248.84.76 - - [12/Jul/2025:14:54:56 -0400] "GET /pcmypage?callback=product/review/takeo-shop-yg-so-asp-srm-d-1 HTTP/1.1" 200 0 "https://www.dangroup.sa/pcmypage?callback=product/review/takeo-shop-yg-so-asp-srm-d-1" "Mozilla/5.0 (Linux; Android 9; ASUS_I005DA Build/PI; wv) AppleWebKit/537.36 (KHTML, like Gecko) Version/4.0 Chrome/133.0.6943.122 Mobile"
20.171.207.193 - - [12/Jul/2025:14:54:49 -0400] "GET /68jetoi46051.html HTTP/1.1" 404 23127 "-" "Mozilla/5.0 AppleWebKit/537.36 (KHTML, like Gecko; compatible; GPTBot/1.2; +https://openai.com/gptbot)"
136.243.228.194 - - [12/Jul/2025:14:54:58 -0400] "GET /45wer5396.html HTTP/1.1" 404 23127 "-" "Mozilla/5.0 (compatible; DataForSeoBot/1.0; +https://dataforseo.com/dataforseo-bot)"
136.243.228.194 - - [12/Jul/2025:14:55:14 -0400] "GET /67qvj41364.html HTTP/1.1" 404 23127 "-" "Mozilla/5.0 (compatible; DataForSeoBot/1.0; +https://dataforseo.com/dataforseo-bot)"
66.29.146.47 - - [12/Jul/2025:14:55:26 -0400] "POST /wp-cron.php?doing_wp_cron=1752346525.6508939266204833984375 HTTP/1.1" 403 1242 "-" "WordPress/6.8; https://dangroup.sa"
66.249.68.133 - - [12/Jul/2025:14:55:30 -0400] "GET /items/gmrzs1/55?key=lie HTTP/1.1" 200 86898 "-" "Mozilla/5.0 (Linux; Android 6.0.1; Nexus 5X Build/MMB29P) AppleWebKit/537.36 (KHTML, like Gecko) Chrome/137.0.7151.103 Mobile Safari/537.36 (compatible; Googlebot/2.1; +http://www.google.com/bot.html)"
66.249.68.133 - - [12/Jul/2025:14:55:31 -0400] "GET /items/rxpmq145/57209?key=southeast HTTP/1.1" 200 89113 "-" "Mozilla/5.0 (Linux; Android 6.0.1; Nexus 5X Build/MMB29P) AppleWebKit/537.36 (KHTML, like Gecko) Chrome/137.0.7151.103 Mobile Safari/537.36 (compatible; GoogleOther)"
136.243.228.194 - - [12/Jul/2025:14:55:24 -0400] "GET /items/rifyd94/38262?key=removal HTTP/1.1" 404 23127 "-" "Mozilla/5.0 (compatible; DataForSeoBot/1.0; +https://dataforseo.com/dataforseo-bot)"
136.243.228.194 - - [12/Jul/2025:14:55:35 -0400] "GET /148cuox48055.html HTTP/1.1" 404 23127 "-" "Mozilla/5.0 (compatible; DataForSeoBot/1.0; +https://dataforseo.com/dataforseo-bot)"
136.243.228.194 - - [12/Jul/2025:14:55:46 -0400] "GET /54fao46453.html HTTP/1.1" 404 23127 "-" "Mozilla/5.0 (compatible; DataForSeoBot/1.0; +https://dataforseo.com/dataforseo-bot)"
136.243.228.194 - - [12/Jul/2025:14:55:52 -0400] "GET /228nkeh49415.html HTTP/1.1" 404 23127 "-" "Mozilla/5.0 (compatible; DataForSeoBot/1.0; +https://dataforseo.com/dataforseo-bot)"
20.171.207.193 - - [12/Jul/2025:14:55:53 -0400] "GET /26zbeod27581.html HTTP/1.1" 404 23128 "-" "Mozilla/5.0 AppleWebKit/537.36 (KHTML, like Gecko; compatible; GPTBot/1.2; +https://openai.com/gptbot)"
136.243.228.194 - - [12/Jul/2025:14:56:02 -0400] "GET /82awgvy2913.html HTTP/1.1" 404 23127 "-" "Mozilla/5.0 (compatible; DataForSeoBot/1.0; +https://dataforseo.com/dataforseo-bot)"
104.210.140.128 - - [12/Jul/2025:14:56:19 -0400] "GET /robots.txt HTTP/1.1" 304 0 "-" "Mozilla/5.0 (Macintosh; Intel Mac OS X 10_15_7) AppleWebKit/537.36 (KHTML, like Gecko) Chrome/131.0.0.0 Safari/537.36; compatible; OAI-SearchBot/1.0; +https://openai.com/searchbot"
136.243.228.194 - - [12/Jul/2025:14:56:14 -0400] "GET /items/igsxs3/8995?key=prisoner HTTP/1.1" 404 23127 "-" "Mozilla/5.0 (compatible; DataForSeoBot/1.0; +https://dataforseo.com/dataforseo-bot)"
136.243.228.194 - - [12/Jul/2025:14:56:23 -0400] "GET /63bsvt31720.html HTTP/1.1" 404 23127 "-" "Mozilla/5.0 (compatible; DataForSeoBot/1.0; +https://dataforseo.com/dataforseo-bot)"
66.29.146.47 - - [12/Jul/2025:14:56:35 -0400] "POST /wp-cron.php?doing_wp_cron=1752346595.7734839916229248046875 HTTP/1.1" 403 1242 "-" "WordPress/6.8; https://dangroup.sa"
136.243.228.194 - - [12/Jul/2025:14:56:35 -0400] "GET /items/lpqhv257/42531?key=street HTTP/1.1" 404 23129 "-" "Mozilla/5.0 (compatible; DataForSeoBot/1.0; +https://dataforseo.com/dataforseo-bot)"
136.243.228.194 - - [12/Jul/2025:14:56:41 -0400] "GET /items/lamks17/33135?key=merely HTTP/1.1" 404 23127 "-" "Mozilla/5.0 (compatible; DataForSeoBot/1.0; +https://dataforseo.com/dataforseo-bot)"
136.243.228.194 - - [12/Jul/2025:14:56:46 -0400] "GET /items/dlunu188/29830?key=location HTTP/1.1" 404 23127 "-" "Mozilla/5.0 (compatible; DataForSeoBot/1.0; +https://dataforseo.com/dataforseo-bot)"
136.243.228.194 - - [12/Jul/2025:14:56:50 -0400] "GET /items/qivlg96/16566?key=midnight HTTP/1.1" 404 23129 "-" "Mozilla/5.0 (compatible; DataForSeoBot/1.0; +https://dataforseo.com/dataforseo-bot)"
20.171.207.193 - - [12/Jul/2025:14:56:54 -0400] "GET /58iqnjt23299.html HTTP/1.1" 404 8131 "-" "Mozilla/5.0 AppleWebKit/537.36 (KHTML, like Gecko; compatible; GPTBot/1.2; +https://openai.com/gptbot)"
136.243.228.194 - - [12/Jul/2025:14:56:57 -0400] "GET /items/qxvpn268/3766?key=education HTTP/1.1" 404 23127 "-" "Mozilla/5.0 (compatible; DataForSeoBot/1.0; +https://dataforseo.com/dataforseo-bot)"
66.249.79.135 - - [12/Jul/2025:14:57:11 -0400] "GET /items/kdasn65/927?key=neither HTTP/1.1" 200 86745 "-" "Mozilla/5.0 (Linux; Android 6.0.1; Nexus 5X Build/MMB29P) AppleWebKit/537.36 (KHTML, like Gecko) Chrome/137.0.7151.103 Mobile Safari/537.36 (compatible; Googlebot/2.1; +http://www.google.com/bot.html)"
66.249.68.134 - - [12/Jul/2025:14:57:12 -0400] "GET /items/hgurh6/572?key=drama HTTP/1.1" 200 86827 "-" "Mozilla/5.0 (Linux; Android 6.0.1; Nexus 5X Build/MMB29P) AppleWebKit/537.36 (KHTML, like Gecko) Chrome/137.0.7151.103 Mobile Safari/537.36 (compatible; Googlebot/2.1; +http://www.google.com/bot.html)"
136.243.228.194 - - [12/Jul/2025:14:57:12 -0400] "GET /14cwoo2839.html HTTP/1.1" 404 23129 "-" "Mozilla/5.0 (compatible; DataForSeoBot/1.0; +https://dataforseo.com/dataforseo-bot)"
136.243.228.194 - - [12/Jul/2025:14:57:23 -0400] "GET /items/ekatf146/28806?key=approval HTTP/1.1" 404 23127 "-" "Mozilla/5.0 (compatible; DataForSeoBot/1.0; +https://dataforseo.com/dataforseo-bot)"
136.243.228.194 - - [12/Jul/2025:14:57:34 -0400] "GET /130ldv2857.html HTTP/1.1" 404 23127 "-" "Mozilla/5.0 (compatible; DataForSeoBot/1.0; +https://dataforseo.com/dataforseo-bot)"
66.29.146.47 - - [12/Jul/2025:14:57:41 -0400] "POST /wp-cron.php?doing_wp_cron=1752346661.3540511131286621093750 HTTP/1.1" 403 1242 "-" "WordPress/6.8; https://dangroup.sa"
136.243.228.194 - - [12/Jul/2025:14:57:39 -0400] "GET /items/ssnxk267/6935?key=level HTTP/1.1" 404 23127 "-" "Mozilla/5.0 (compatible; DataForSeoBot/1.0; +https://dataforseo.com/dataforseo-bot)"
136.243.228.194 - - [12/Jul/2025:14:57:51 -0400] "GET /100yenl35607.html HTTP/1.1" 404 23127 "-" "Mozilla/5.0 (compatible; DataForSeoBot/1.0; +https://dataforseo.com/dataforseo-bot)"
20.171.207.193 - - [12/Jul/2025:14:57:58 -0400] "GET /70spzre30921.html HTTP/1.1" 404 14400 "-" "Mozilla/5.0 AppleWebKit/537.36 (KHTML, like Gecko; compatible; GPTBot/1.2; +https://openai.com/gptbot)"
136.243.228.194 - - [12/Jul/2025:14:58:03 -0400] "GET /items/fgvaj300/40238?key=defender HTTP/1.1" 404 23127 "-" "Mozilla/5.0 (compatible; DataForSeoBot/1.0; +https://dataforseo.com/dataforseo-bot)"
136.243.228.194 - - [12/Jul/2025:14:58:15 -0400] "GET /items/ifkkw217/22239?key=theme HTTP/1.1" 404 23127 "-" "Mozilla/5.0 (compatible; DataForSeoBot/1.0; +https://dataforseo.com/dataforseo-bot)"
136.243.228.194 - - [12/Jul/2025:14:58:22 -0400] "GET /items/eukrn74/31642?key=feature HTTP/1.1" 404 23129 "-" "Mozilla/5.0 (compatible; DataForSeoBot/1.0; +https://dataforseo.com/dataforseo-bot)"
136.243.228.194 - - [12/Jul/2025:14:58:30 -0400] "GET /91odr20306.html HTTP/1.1" 404 23127 "-" "Mozilla/5.0 (compatible; DataForSeoBot/1.0; +https://dataforseo.com/dataforseo-bot)"
136.243.228.194 - - [12/Jul/2025:14:58:39 -0400] "GET /227hgid47782.html HTTP/1.1" 404 23127 "-" "Mozilla/5.0 (compatible; DataForSeoBot/1.0; +https://dataforseo.com/dataforseo-bot)"
66.29.146.47 - - [12/Jul/2025:14:58:49 -0400] "POST /wp-cron.php?doing_wp_cron=1752346729.7542159557342529296875 HTTP/1.1" 403 1242 "-" "WordPress/6.8; https://dangroup.sa"
136.243.228.194 - - [12/Jul/2025:14:58:48 -0400] "GET /items/exlue247/20185?key=search HTTP/1.1" 404 23127 "-" "Mozilla/5.0 (compatible; DataForSeoBot/1.0; +https://dataforseo.com/dataforseo-bot)"
136.243.228.194 - - [12/Jul/2025:14:58:57 -0400] "GET /items/qpoco57/46699?key=judgment HTTP/1.1" 404 23127 "-" "Mozilla/5.0 (compatible; DataForSeoBot/1.0; +https://dataforseo.com/dataforseo-bot)"
136.243.228.194 - - [12/Jul/2025:14:59:07 -0400] "GET /140buljc17085.html HTTP/1.1" 404 23127 "-" "Mozilla/5.0 (compatible; DataForSeoBot/1.0; +https://dataforseo.com/dataforseo-bot)"
136.243.228.194 - - [12/Jul/2025:14:59:11 -0400] "GET /items/gtfsj120/13310?key=fragment HTTP/1.1" 404 23127 "-" "Mozilla/5.0 (compatible; DataForSeoBot/1.0; +https://dataforseo.com/dataforseo-bot)"
20.171.207.193 - - [12/Jul/2025:14:59:13 -0400] "GET /227kgjtz3394.html HTTP/1.1" 404 23129 "-" "Mozilla/5.0 AppleWebKit/537.36 (KHTML, like Gecko; compatible; GPTBot/1.2; +https://openai.com/gptbot)"
136.243.228.194 - - [12/Jul/2025:14:59:17 -0400] "GET /34uovcd42001.html HTTP/1.1" 404 23129 "-" "Mozilla/5.0 (compatible; DataForSeoBot/1.0; +https://dataforseo.com/dataforseo-bot)"
136.243.228.194 - - [12/Jul/2025:14:59:23 -0400] "GET /236gcpr7031.html HTTP/1.1" 404 23127 "-" "Mozilla/5.0 (compatible; DataForSeoBot/1.0; +https://dataforseo.com/dataforseo-bot)"
136.243.228.194 - - [12/Jul/2025:14:59:34 -0400] "GET /268upani9981.html HTTP/1.1" 404 23127 "-" "Mozilla/5.0 (compatible; DataForSeoBot/1.0; +https://dataforseo.com/dataforseo-bot)"
136.243.228.194 - - [12/Jul/2025:14:59:44 -0400] "GET /139ktl25486.html HTTP/1.1" 404 23127 "-" "Mozilla/5.0 (compatible; DataForSeoBot/1.0; +https://dataforseo.com/dataforseo-bot)"
66.29.146.47 - - [12/Jul/2025:14:59:54 -0400] "POST /wp-cron.php?doing_wp_cron=1752346793.9571530818939208984375 HTTP/1.1" 403 1242 "-" "WordPress/6.8; https://dangroup.sa"
136.243.228.194 - - [12/Jul/2025:14:59:52 -0400] "GET /170prqah7205.html HTTP/1.1" 404 23127 "-" "Mozilla/5.0 (compatible; DataForSeoBot/1.0; +https://dataforseo.com/dataforseo-bot)"
136.243.228.194 - - [12/Jul/2025:15:00:01 -0400] "GET /items/lghml90/29262?key=content HTTP/1.1" 404 23127 "-" "Mozilla/5.0 (compatible; DataForSeoBot/1.0; +https://dataforseo.com/dataforseo-bot)"
20.171.207.193 - - [12/Jul/2025:15:00:04 -0400] "GET /218bxbji9801.html HTTP/1.1" 404 23127 "-" "Mozilla/5.0 AppleWebKit/537.36 (KHTML, like Gecko; compatible; GPTBot/1.2; +https://openai.com/gptbot)"
136.243.228.194 - - [12/Jul/2025:15:00:08 -0400] "GET /items/zbacn103/6361?key=measurement HTTP/1.1" 404 23127 "-" "Mozilla/5.0 (compatible; DataForSeoBot/1.0; +https://dataforseo.com/dataforseo-bot)"
136.243.228.194 - - [12/Jul/2025:15:00:17 -0400] "GET /items/puxyi272/5452?key=sculpture HTTP/1.1" 404 23129 "-" "Mozilla/5.0 (compatible; DataForSeoBot/1.0; +https://dataforseo.com/dataforseo-bot)"
47.82.60.76 - - [12/Jul/2025:15:00:19 -0400] "GET /107odfgx38546.html HTTP/1.1" 404 23127 "https://dangroup.sa/107odfgx38546.html" "Mozilla/5.0 (Windows NT 10.0; Win64; x64) AppleWebKit/537.36 (KHTML, like Gecko) Chrome/114.0.0.0 Safari/537.36 Edg/114.0.1823.43"
136.243.228.194 - - [12/Jul/2025:15:00:29 -0400] "GET /items/kikbe279/22219?key=storm HTTP/1.1" 404 23127 "-" "Mozilla/5.0 (compatible; DataForSeoBot/1.0; +https://dataforseo.com/dataforseo-bot)"
47.82.60.73 - - [12/Jul/2025:15:00:31 -0400] "GET /pcmypage?callback=product/review/hirochishop-2-1142-0884 HTTP/1.1" 404 23129 "https://dangroup.sa/pcmypage?callback=product/review/hirochishop-2-1142-0884" "Mozilla/5.0 (Windows NT 10.0; Win64; x64) AppleWebKit/537.36 (KHTML, like Gecko) Chrome/114.0.0.0 Safari/537.36 Edg/114.0.1823.43"
136.243.228.194 - - [12/Jul/2025:15:00:40 -0400] "GET /items/kmypp1/19665?key=free HTTP/1.1" 404 23127 "-" "Mozilla/5.0 (compatible; DataForSeoBot/1.0; +https://dataforseo.com/dataforseo-bot)"
66.249.68.133 - - [12/Jul/2025:15:00:54 -0400] "GET /robots.txt HTTP/1.1" 304 0 "-" "Mozilla/5.0 (compatible; Googlebot/2.1; +http://www.google.com/bot.html)"
136.243.228.194 - - [12/Jul/2025:15:00:49 -0400] "GET /139xlt14050.html HTTP/1.1" 404 23127 "-" "Mozilla/5.0 (compatible; DataForSeoBot/1.0; +https://dataforseo.com/dataforseo-bot)"
66.249.79.137 - - [12/Jul/2025:15:00:54 -0400] "GET /items/xfddj59/867?key=rapidly HTTP/1.1" 200 87664 "-" "Mozilla/5.0 (Linux; Android 6.0.1; Nexus 5X Build/MMB29P) AppleWebKit/537.36 (KHTML, like Gecko) Chrome/137.0.7151.103 Mobile Safari/537.36 (compatible; Googlebot/2.1; +http://www.google.com/bot.html)"
66.249.68.134 - - [12/Jul/2025:15:00:55 -0400] "GET /items/yyyav62/10728?key=lovely HTTP/1.1" 200 87019 "-" "Mozilla/5.0 (Linux; Android 6.0.1; Nexus 5X Build/MMB29P) AppleWebKit/537.36 (KHTML, like Gecko) Chrome/137.0.7151.103 Mobile Safari/537.36 (compatible; Googlebot/2.1; +http://www.google.com/bot.html)"
66.29.146.47 - - [12/Jul/2025:15:00:57 -0400] "POST /wp-cron.php?doing_wp_cron=1752346856.8590021133422851562500 HTTP/1.1" 403 1242 "-" "WordPress/6.8; https://dangroup.sa"
136.243.228.194 - - [12/Jul/2025:15:00:56 -0400] "GET /125rxmun43460.html HTTP/1.1" 404 23127 "-" "Mozilla/5.0 (compatible; DataForSeoBot/1.0; +https://dataforseo.com/dataforseo-bot)"
47.82.60.31 - - [12/Jul/2025:15:00:58 -0400] "GET /pcmypage?callback=product/review/eagleeyeshopping-top1-ds-1570766 HTTP/1.1" 404 23127 "https://dangroup.sa/pcmypage?callback=product/review/eagleeyeshopping-top1-ds-1570766" "Mozilla/5.0 (Windows NT 10.0; Win64; x64) AppleWebKit/537.36 (KHTML, like Gecko) Chrome/114.0.0.0 Safari/537.36 Edg/114.0.1823.43"
47.82.60.13 - - [12/Jul/2025:15:01:00 -0400] "GET /items/curzt81/29?key=list HTTP/1.1" 404 23127 "https://dangroup.sa/items/curzt81/29?key=list" "Mozilla/5.0 (Windows NT 10.0; Win64; x64) AppleWebKit/537.36 (KHTML, like Gecko) Chrome/114.0.0.0 Safari/537.36 Edg/114.0.1823.43"
136.243.228.194 - - [12/Jul/2025:15:01:05 -0400] "GET /items/ylihd121/2513?key=mushroom HTTP/1.1" 404 23127 "-" "Mozilla/5.0 (compatible; DataForSeoBot/1.0; +https://dataforseo.com/dataforseo-bot)"
47.82.60.60 - - [12/Jul/2025:15:01:18 -0400] "GET /83drl2178.html HTTP/1.1" 301 0 "https://www.dangroup.sa/83drl2178.html" "Mozilla/5.0 (Windows NT 10.0; Win64; x64) AppleWebKit/537.36 (KHTML, like Gecko) Chrome/114.0.0.0 Safari/537.36 Edg/114.0.1823.43"
20.171.207.193 - - [12/Jul/2025:15:01:06 -0400] "GET /75xwxpr33648.html HTTP/1.1" 404 23129 "-" "Mozilla/5.0 AppleWebKit/537.36 (KHTML, like Gecko; compatible; GPTBot/1.2; +https://openai.com/gptbot)"
47.82.60.21 - - [12/Jul/2025:15:01:25 -0400] "GET /77pdz444.html HTTP/1.1" 301 0 "https://www.dangroup.sa/77pdz444.html" "Mozilla/5.0 (Windows NT 10.0; Win64; x64) AppleWebKit/537.36 (KHTML, like Gecko) Chrome/114.0.0.0 Safari/537.36 Edg/114.0.1823.43"
47.82.60.9 - - [12/Jul/2025:15:01:20 -0400] "GET /244kiwp44421.html HTTP/1.1" 404 23129 "https://dangroup.sa/244kiwp44421.html" "Mozilla/5.0 (Windows NT 10.0; Win64; x64) AppleWebKit/537.36 (KHTML, like Gecko) Chrome/114.0.0.0 Safari/537.36 Edg/114.0.1823.43"
47.82.60.54 - - [12/Jul/2025:15:01:32 -0400] "GET /items/znopy129/31879?key=necessary HTTP/1.1" 301 0 "https://www.dangroup.sa/items/znopy129/31879?key=necessary" "Mozilla/5.0 (Windows NT 10.0; Win64; x64) AppleWebKit/537.36 (KHTML, like Gecko) Chrome/114.0.0.0 Safari/537.36 Edg/114.0.1823.43"
47.82.60.60 - - [12/Jul/2025:15:01:21 -0400] "GET /83drl2178.html HTTP/1.1" 404 23129 "https://www.dangroup.sa/83drl2178.html" "Mozilla/5.0 (Windows NT 10.0; Win64; x64) AppleWebKit/537.36 (KHTML, like Gecko) Chrome/114.0.0.0 Safari/537.36 Edg/114.0.1823.43"
136.243.228.194 - - [12/Jul/2025:15:01:21 -0400] "GET /items/fxqhn183/24539?key=headquarters HTTP/1.1" 404 23127 "-" "Mozilla/5.0 (compatible; DataForSeoBot/1.0; +https://dataforseo.com/dataforseo-bot)"
47.82.60.14 - - [12/Jul/2025:15:01:41 -0400] "GET /items/llvhe289/35549?key=tonight HTTP/1.1" 301 0 "https://www.dangroup.sa/items/llvhe289/35549?key=tonight" "Mozilla/5.0 (Windows NT 10.0; Win64; x64) AppleWebKit/537.36 (KHTML, like Gecko) Chrome/114.0.0.0 Safari/537.36 Edg/114.0.1823.43"
47.82.60.24 - - [12/Jul/2025:15:01:26 -0400] "GET /items/wblop35/25641?key=glory HTTP/1.1" 404 23129 "https://dangroup.sa/items/wblop35/25641?key=glory" "Mozilla/5.0 (Windows NT 10.0; Win64; x64) AppleWebKit/537.36 (KHTML, like Gecko) Chrome/114.0.0.0 Safari/537.36 Edg/114.0.1823.43"
47.82.60.21 - - [12/Jul/2025:15:01:29 -0400] "GET /77pdz444.html HTTP/1.1" 404 23129 "https://www.dangroup.sa/77pdz444.html" "Mozilla/5.0 (Windows NT 10.0; Win64; x64) AppleWebKit/537.36 (KHTML, like Gecko) Chrome/114.0.0.0 Safari/537.36 Edg/114.0.1823.43"
47.82.60.66 - - [12/Jul/2025:15:01:35 -0400] "GET /items/ounai32/12108?key=clearly HTTP/1.1" 404 23127 "https://dangroup.sa/items/ounai32/12108?key=clearly" "Mozilla/5.0 (Windows NT 10.0; Win64; x64) AppleWebKit/537.36 (KHTML, like Gecko) Chrome/114.0.0.0 Safari/537.36 Edg/114.0.1823.43"
47.82.60.54 - - [12/Jul/2025:15:01:39 -0400] "GET /items/znopy129/31879?key=necessary HTTP/1.1" 404 23129 "https://www.dangroup.sa/items/znopy129/31879?key=necessary" "Mozilla/5.0 (Windows NT 10.0; Win64; x64) AppleWebKit/537.36 (KHTML, like Gecko) Chrome/114.0.0.0 Safari/537.36 Edg/114.0.1823.43"
47.82.60.17 - - [12/Jul/2025:15:01:34 -0400] "GET /items/icgsp282/2468?key=tone HTTP/1.1" 404 23129 "https://dangroup.sa/items/icgsp282/2468?key=tone" "Mozilla/5.0 (Windows NT 10.0; Win64; x64) AppleWebKit/537.36 (KHTML, like Gecko) Chrome/114.0.0.0 Safari/537.36 Edg/114.0.1823.43"
66.29.146.47 - - [12/Jul/2025:15:02:02 -0400] "POST /wp-cron.php?doing_wp_cron=1752346922.3415460586547851562500 HTTP/1.1" 403 1242 "-" "WordPress/6.8; https://dangroup.sa"
47.82.60.30 - - [12/Jul/2025:15:01:43 -0400] "GET /231bqn15376.html HTTP/1.1" 404 23127 "https://dangroup.sa/231bqn15376.html" "Mozilla/5.0 (Windows NT 10.0; Win64; x64) AppleWebKit/537.36 (KHTML, like Gecko) Chrome/114.0.0.0 Safari/537.36 Edg/114.0.1823.43"
136.243.228.194 - - [12/Jul/2025:15:01:44 -0400] "GET /228qgi25781.html HTTP/1.1" 404 23129 "-" "Mozilla/5.0 (compatible; DataForSeoBot/1.0; +https://dataforseo.com/dataforseo-bot)"
66.29.146.47 - - [12/Jul/2025:15:02:06 -0400] "POST /wp-cron.php?doing_wp_cron=1752346925.4511189460754394531250 HTTP/1.1" 403 1242 "-" "WordPress/6.8; https://dangroup.sa"
47.82.60.62 - - [12/Jul/2025:15:01:40 -0400] "GET /pcmypage?callback=product/detail/skymarketplus-hb000k72m7m HTTP/1.1" 404 23127 "https://dangroup.sa/pcmypage?callback=product%2Fdetail%2Fskymarketplus-hb000k72m7m" "Mozilla/5.0 (Windows NT 10.0; Win64; x64) AppleWebKit/537.36 (KHTML, like Gecko) Chrome/114.0.0.0 Safari/537.36 Edg/114.0.1823.43"
66.249.68.134 - - [12/Jul/2025:15:02:11 -0400] "GET /robots.txt HTTP/1.1" 304 0 "-" "Mozilla/5.0 (compatible; Googlebot/2.1; +http://www.google.com/bot.html)"
66.249.68.132 - - [12/Jul/2025:15:02:11 -0400] "GET /186flog9099.html HTTP/1.1" 200 87162 "-" "Mozilla/5.0 (Linux; Android 6.0.1; Nexus 5X Build/MMB29P) AppleWebKit/537.36 (KHTML, like Gecko) Chrome/137.0.7151.103 Mobile Safari/537.36 (compatible; GoogleOther)"
47.82.60.14 - - [12/Jul/2025:15:01:47 -0400] "GET /items/llvhe289/35549?key=tonight HTTP/1.1" 404 23129 "https://www.dangroup.sa/items/llvhe289/35549?key=tonight" "Mozilla/5.0 (Windows NT 10.0; Win64; x64) AppleWebKit/537.36 (KHTML, like Gecko) Chrome/114.0.0.0 Safari/537.36 Edg/114.0.1823.43"
47.82.60.18 - - [12/Jul/2025:15:01:57 -0400] "GET /pcmypage?callback=product/detail/dk-dstyle-od12sa-00708 HTTP/1.1" 404 23127 "https://dangroup.sa/pcmypage?callback=product%2Fdetail%2Fdk-dstyle-od12sa-00708" "Mozilla/5.0 (Windows NT 10.0; Win64; x64) AppleWebKit/537.36 (KHTML, like Gecko) Chrome/114.0.0.0 Safari/537.36 Edg/114.0.1823.43"
47.82.60.52 - - [12/Jul/2025:15:02:01 -0400] "GET /pcmypage?callback=product/review/g-bike-1044487-2265791 HTTP/1.1" 404 23127 "https://dangroup.sa/pcmypage?callback=product/review/g-bike-1044487-2265791" "Mozilla/5.0 (Windows NT 10.0; Win64; x64) AppleWebKit/537.36 (KHTML, like Gecko) Chrome/114.0.0.0 Safari/537.36 Edg/114.0.1823.43"
136.243.228.194 - - [12/Jul/2025:15:02:06 -0400] "GET /161lqln43958.html HTTP/1.1" 404 23127 "-" "Mozilla/5.0 (compatible; DataForSeoBot/1.0; +https://dataforseo.com/dataforseo-bot)"
20.171.207.193 - - [12/Jul/2025:15:02:08 -0400] "GET /98avezq32435.html HTTP/1.1" 404 23127 "-" "Mozilla/5.0 AppleWebKit/537.36 (KHTML, like Gecko; compatible; GPTBot/1.2; +https://openai.com/gptbot)"
47.82.60.24 - - [12/Jul/2025:15:02:10 -0400] "GET /pcmypage?callback=product/detail/re-vida-05-24uarmxaptdcaay HTTP/1.1" 404 23129 "https://dangroup.sa/pcmypage?callback=product%2Fdetail%2Fre-vida-05-24uarmxaptdcaay" "Mozilla/5.0 (Windows NT 10.0; Win64; x64) AppleWebKit/537.36 (KHTML, like Gecko) Chrome/114.0.0.0 Safari/537.36 Edg/114.0.1823.43"
136.243.228.194 - - [12/Jul/2025:15:02:21 -0400] "GET /119etf44054.html HTTP/1.1" 404 23127 "-" "Mozilla/5.0 (compatible; DataForSeoBot/1.0; +https://dataforseo.com/dataforseo-bot)"
136.243.228.194 - - [12/Jul/2025:15:02:29 -0400] "GET /items/rlwvi217/19509?key=collector HTTP/1.1" 404 23127 "-" "Mozilla/5.0 (compatible; DataForSeoBot/1.0; +https://dataforseo.com/dataforseo-bot)"
136.243.228.194 - - [12/Jul/2025:15:02:38 -0400] "GET /items/edmjd141/23573?key=alliance HTTP/1.1" 404 23127 "-" "Mozilla/5.0 (compatible; DataForSeoBot/1.0; +https://dataforseo.com/dataforseo-bot)"
136.243.228.194 - - [12/Jul/2025:15:02:47 -0400] "GET /194ldxvf49579.html HTTP/1.1" 404 23127 "-" "Mozilla/5.0 (compatible; DataForSeoBot/1.0; +https://dataforseo.com/dataforseo-bot)"
51.222.253.8 - - [12/Jul/2025:15:03:01 -0400] "GET /robots.txt HTTP/1.1" 200 102 "-" "Mozilla/5.0 (compatible; AhrefsBot/7.0; +http://ahrefs.com/robot/)"
136.243.228.194 - - [12/Jul/2025:15:02:56 -0400] "GET /236jcc4719.html HTTP/1.1" 404 23127 "-" "Mozilla/5.0 (compatible; DataForSeoBot/1.0; +https://dataforseo.com/dataforseo-bot)"
66.29.146.47 - - [12/Jul/2025:15:03:06 -0400] "POST /wp-cron.php?doing_wp_cron=1752346985.7639451026916503906250 HTTP/1.1" 403 1242 "-" "WordPress/6.8; https://dangroup.sa"
47.82.60.47 - - [12/Jul/2025:15:03:04 -0400] "GET /items/dfiem54/22318?key=station HTTP/1.1" 404 23127 "https://dangroup.sa/items/dfiem54/22318?key=station" "Mozilla/5.0 (Windows NT 10.0; Win64; x64) AppleWebKit/537.36 (KHTML, like Gecko) Chrome/114.0.0.0 Safari/537.36 Edg/114.0.1823.43"
136.243.228.194 - - [12/Jul/2025:15:03:04 -0400] "GET /items/sajql231/18277?key=blast HTTP/1.1" 404 23129 "-" "Mozilla/5.0 (compatible; DataForSeoBot/1.0; +https://dataforseo.com/dataforseo-bot)"
20.171.207.193 - - [12/Jul/2025:15:03:08 -0400] "GET /72aoxsh17873.html HTTP/1.1" 404 23127 "-" "Mozilla/5.0 AppleWebKit/537.36 (KHTML, like Gecko; compatible; GPTBot/1.2; +https://openai.com/gptbot)"
136.243.228.194 - - [12/Jul/2025:15:03:12 -0400] "GET /items/wxtjy239/18877?key=button HTTP/1.1" 404 23127 "-" "Mozilla/5.0 (compatible; DataForSeoBot/1.0; +https://dataforseo.com/dataforseo-bot)"
34.64.218.102 - - [12/Jul/2025:15:03:18 -0400] "POST /xmlrpc.php HTTP/1.1" 403 1242 "-" "Mozilla/5.0 (X11; Ubuntu; Linux x86_64; rv:85.0) Gecko/20100101 Firefox/91.0"
66.249.68.133 - - [12/Jul/2025:15:03:17 -0400] "GET /87dfqfa136.html HTTP/1.1" 200 86907 "-" "Mozilla/5.0 (Linux; Android 6.0.1; Nexus 5X Build/MMB29P) AppleWebKit/537.36 (KHTML, like Gecko) Chrome/137.0.7151.103 Mobile Safari/537.36 (compatible; Googlebot/2.1; +http://www.google.com/bot.html)"
66.249.68.134 - - [12/Jul/2025:15:03:18 -0400] "GET /106whqeu42967.html HTTP/1.1" 200 86563 "-" "Mozilla/5.0 (Linux; Android 6.0.1; Nexus 5X Build/MMB29P) AppleWebKit/537.36 (KHTML, like Gecko) Chrome/137.0.7151.103 Mobile Safari/537.36 (compatible; Googlebot/2.1; +http://www.google.com/bot.html)"
136.243.228.194 - - [12/Jul/2025:15:03:16 -0400] "GET /items/qncrr182/21952?key=airplane HTTP/1.1" 404 23127 "-" "Mozilla/5.0 (compatible; DataForSeoBot/1.0; +https://dataforseo.com/dataforseo-bot)"
136.243.228.194 - - [12/Jul/2025:15:03:23 -0400] "GET /194ekw49879.html HTTP/1.1" 404 23129 "-" "Mozilla/5.0 (compatible; DataForSeoBot/1.0; +https://dataforseo.com/dataforseo-bot)"
136.243.228.194 - - [12/Jul/2025:15:03:31 -0400] "GET /items/reszh242/41816?key=translate HTTP/1.1" 404 23127 "-" "Mozilla/5.0 (compatible; DataForSeoBot/1.0; +https://dataforseo.com/dataforseo-bot)"
136.243.228.194 - - [12/Jul/2025:15:03:39 -0400] "GET /251lliqx42024.html HTTP/1.1" 404 23127 "-" "Mozilla/5.0 (compatible; DataForSeoBot/1.0; +https://dataforseo.com/dataforseo-bot)"
66.249.68.133 - - [12/Jul/2025:15:03:43 -0400] "GET /category/1_2/1/listing HTTP/1.1" 200 87491 "-" "Mozilla/5.0 (compatible; Googlebot/2.1; +http://www.google.com/bot.html)"
66.249.68.133 - - [12/Jul/2025:15:03:46 -0400] "GET /drupal/themes/surugaya/new/images/icon/arrow-next-blue.svg HTTP/1.1" 200 87322 "https://dangroup.sa/category/1_2/1/listing" "Mozilla/5.0 AppleWebKit/537.36 (KHTML, like Gecko; compatible; Googlebot/2.1; +http://www.google.com/bot.html) Chrome/137.0.7151.119 Safari/537.36"
66.249.68.132 - - [12/Jul/2025:15:03:47 -0400] "GET /drupal/themes/surugaya/new/css/library/icon/fonts/bootstrap-icons.woff?5813790c1ebd573b51a03ec84367082a HTTP/1.1" 200 87496 "https://dangroup.sa/category/1_2/1/listing" "Mozilla/5.0 AppleWebKit/537.36 (KHTML, like Gecko; compatible; Googlebot/2.1; +http://www.google.com/bot.html) Chrome/137.0.7151.119 Safari/537.36"
66.249.68.132 - - [12/Jul/2025:15:03:49 -0400] "GET /drupal/themes/surugaya/new/css/library/icon/fonts/bootstrap-icons.woff2?5813790c1ebd573b51a03ec84367082a HTTP/1.1" 200 86968 "https://dangroup.sa/category/1_2/1/listing" "Mozilla/5.0 AppleWebKit/537.36 (KHTML, like Gecko; compatible; Googlebot/2.1; +http://www.google.com/bot.html) Chrome/137.0.7151.119 Safari/537.36"
136.243.228.194 - - [12/Jul/2025:15:03:45 -0400] "GET /items/mlvfw167/25821?key=discrimination HTTP/1.1" 404 23127 "-" "Mozilla/5.0 (compatible; DataForSeoBot/1.0; +https://dataforseo.com/dataforseo-bot)"
136.243.228.194 - - [12/Jul/2025:15:03:55 -0400] "GET /257wpinw33568.html HTTP/1.1" 404 23127 "-" "Mozilla/5.0 (compatible; DataForSeoBot/1.0; +https://dataforseo.com/dataforseo-bot)"
52.167.144.181 - - [12/Jul/2025:15:04:04 -0400] "GET /kesckmr13543fdibutylaminopropanol HTTP/1.1" 200 17 "-" "Mozilla/5.0 AppleWebKit/537.36 (KHTML, like Gecko; compatible; bingbot/2.0; +http://www.bing.com/bingbot.htm) Chrome/116.0.1938.76 Safari/537.36"
66.29.146.47 - - [12/Jul/2025:15:04:06 -0400] "POST /wp-cron.php?doing_wp_cron=1752347046.1752638816833496093750 HTTP/1.1" 403 1242 "-" "WordPress/6.8; https://dangroup.sa"
136.243.228.194 - - [12/Jul/2025:15:04:05 -0400] "GET /items/pauye238/33290?key=heritage HTTP/1.1" 404 23129 "-" "Mozilla/5.0 (compatible; DataForSeoBot/1.0; +https://dataforseo.com/dataforseo-bot)"
20.171.207.193 - - [12/Jul/2025:15:04:09 -0400] "GET /89gubto35086.html HTTP/1.1" 404 23128 "-" "Mozilla/5.0 AppleWebKit/537.36 (KHTML, like Gecko; compatible; GPTBot/1.2; +https://openai.com/gptbot)"
136.243.228.194 - - [12/Jul/2025:15:04:10 -0400] "GET /226eaf36043.html HTTP/1.1" 404 23129 "-" "Mozilla/5.0 (compatible; DataForSeoBot/1.0; +https://dataforseo.com/dataforseo-bot)"
136.243.228.194 - - [12/Jul/2025:15:04:18 -0400] "GET /157kjivi14466.html HTTP/1.1" 404 23129 "-" "Mozilla/5.0 (compatible; DataForSeoBot/1.0; +https://dataforseo.com/dataforseo-bot)"
136.243.228.194 - - [12/Jul/2025:15:04:28 -0400] "GET /197ecsq40164.html HTTP/1.1" 404 23127 "-" "Mozilla/5.0 (compatible; DataForSeoBot/1.0; +https://dataforseo.com/dataforseo-bot)"
136.243.228.194 - - [12/Jul/2025:15:04:37 -0400] "GET /209stj43456.html HTTP/1.1" 404 23127 "-" "Mozilla/5.0 (compatible; DataForSeoBot/1.0; +https://dataforseo.com/dataforseo-bot)"
136.243.228.194 - - [12/Jul/2025:15:04:42 -0400] "GET /items/ztpsh76/35418?key=evident HTTP/1.1" 404 23127 "-" "Mozilla/5.0 (compatible; DataForSeoBot/1.0; +https://dataforseo.com/dataforseo-bot)"
136.243.228.194 - - [12/Jul/2025:15:04:47 -0400] "GET /items/jaqdm157/32371?key=fabric HTTP/1.1" 404 23127 "-" "Mozilla/5.0 (compatible; DataForSeoBot/1.0; +https://dataforseo.com/dataforseo-bot)"
136.243.228.194 - - [12/Jul/2025:15:04:58 -0400] "GET /76yfd2095.html HTTP/1.1" 404 23127 "-" "Mozilla/5.0 (compatible; DataForSeoBot/1.0; +https://dataforseo.com/dataforseo-bot)"
167.71.222.191 - - [12/Jul/2025:15:05:05 -0400] "GET /xmlrpc.php HTTP/1.1" 403 1242 "http://dangroup.sa/xmlrpc.php" "Mozilla/5.0 (X11; Ubuntu; Linux x86_64; rv:85.0) Gecko/20100101 Firefox/91.0"
66.29.146.47 - - [12/Jul/2025:15:05:07 -0400] "POST /wp-cron.php?doing_wp_cron=1752347106.4469161033630371093750 HTTP/1.1" 403 1242 "-" "WordPress/6.8; https://dangroup.sa"
136.243.228.194 - - [12/Jul/2025:15:05:05 -0400] "GET /130opvsc26893.html HTTP/1.1" 404 23127 "-" "Mozilla/5.0 (compatible; DataForSeoBot/1.0; +https://dataforseo.com/dataforseo-bot)"
136.243.228.194 - - [12/Jul/2025:15:05:12 -0400] "GET /items/zdyvv129/48567?key=cousin HTTP/1.1" 404 23127 "-" "Mozilla/5.0 (compatible; DataForSeoBot/1.0; +https://dataforseo.com/dataforseo-bot)"
20.171.207.193 - - [12/Jul/2025:15:05:14 -0400] "GET /38kluxo15911.html HTTP/1.1" 404 23127 "-" "Mozilla/5.0 AppleWebKit/537.36 (KHTML, like Gecko; compatible; GPTBot/1.2; +https://openai.com/gptbot)"
136.243.228.194 - - [12/Jul/2025:15:05:21 -0400] "GET /items/zptcg12/30322?key=prayer HTTP/1.1" 404 23127 "-" "Mozilla/5.0 (compatible; DataForSeoBot/1.0; +https://dataforseo.com/dataforseo-bot)"
136.243.228.194 - - [12/Jul/2025:15:05:29 -0400] "GET /items/qeqrb282/39596?key=gaze HTTP/1.1" 404 23127 "-" "Mozilla/5.0 (compatible; DataForSeoBot/1.0; +https://dataforseo.com/dataforseo-bot)"
136.243.228.194 - - [12/Jul/2025:15:05:39 -0400] "GET /items/ajiql213/247?key=northwest HTTP/1.1" 404 23129 "-" "Mozilla/5.0 (compatible; DataForSeoBot/1.0; +https://dataforseo.com/dataforseo-bot)"
136.243.228.194 - - [12/Jul/2025:15:05:50 -0400] "GET /77nzhdf15650.html HTTP/1.1" 404 23127 "-" "Mozilla/5.0 (compatible; DataForSeoBot/1.0; +https://dataforseo.com/dataforseo-bot)"
136.243.228.194 - - [12/Jul/2025:15:06:02 -0400] "GET /182bixak22583.html HTTP/1.1" 404 23127 "-" "Mozilla/5.0 (compatible; DataForSeoBot/1.0; +https://dataforseo.com/dataforseo-bot)"
66.29.146.47 - - [12/Jul/2025:15:06:08 -0400] "POST /wp-cron.php?doing_wp_cron=1752347167.9832859039306640625000 HTTP/1.1" 403 1242 "-" "WordPress/6.8; https://dangroup.sa"
136.243.228.194 - - [12/Jul/2025:15:06:07 -0400] "GET /items/bpsau49/13339?key=balanced HTTP/1.1" 404 23127 "-" "Mozilla/5.0 (compatible; DataForSeoBot/1.0; +https://dataforseo.com/dataforseo-bot)"
136.243.228.194 - - [12/Jul/2025:15:06:13 -0400] "GET /items/zzlho230/11964?key=AIDS HTTP/1.1" 404 23127 "-" "Mozilla/5.0 (compatible; DataForSeoBot/1.0; +https://dataforseo.com/dataforseo-bot)"
66.249.79.136 - - [12/Jul/2025:15:06:22 -0400] "GET /category/710_2389/1/listing HTTP/1.1" 200 87134 "-" "Mozilla/5.0 (Linux; Android 6.0.1; Nexus 5X Build/MMB29P) AppleWebKit/537.36 (KHTML, like Gecko) Chrome/137.0.7151.103 Mobile Safari/537.36 (compatible; Googlebot/2.1; +http://www.google.com/bot.html)"
66.249.68.132 - - [12/Jul/2025:15:06:25 -0400] "GET /robots.txt HTTP/1.1" 304 0 "-" "Mozilla/5.0 (compatible; Googlebot/2.1; +http://www.google.com/bot.html)"
66.249.68.132 - - [12/Jul/2025:15:06:25 -0400] "GET /items/zjbyw20/30230?key=tolerate HTTP/1.1" 200 87226 "-" "Mozilla/5.0 (Linux; Android 6.0.1; Nexus 5X Build/MMB29P) AppleWebKit/537.36 (KHTML, like Gecko) Chrome/137.0.7151.103 Mobile Safari/537.36 (compatible; Googlebot/2.1; +http://www.google.com/bot.html)"
136.243.228.194 - - [12/Jul/2025:15:06:18 -0400] "GET /270cdg30993.html HTTP/1.1" 404 23129 "-" "Mozilla/5.0 (compatible; DataForSeoBot/1.0; +https://dataforseo.com/dataforseo-bot)"
20.171.207.193 - - [12/Jul/2025:15:06:18 -0400] "GET /80gkpqh20533.html HTTP/1.1" 404 23128 "-" "Mozilla/5.0 AppleWebKit/537.36 (KHTML, like Gecko; compatible; GPTBot/1.2; +https://openai.com/gptbot)"
52.167.144.160 - - [12/Jul/2025:15:06:34 -0400] "GET /itqphgg307dinterfacing HTTP/1.1" 200 17 "-" "Mozilla/5.0 AppleWebKit/537.36 (KHTML, like Gecko; compatible; bingbot/2.0; +http://www.bing.com/bingbot.htm) Chrome/116.0.1938.76 Safari/537.36"
136.243.228.194 - - [12/Jul/2025:15:06:31 -0400] "GET /272clpe36999.html HTTP/1.1" 404 23127 "-" "Mozilla/5.0 (compatible; DataForSeoBot/1.0; +https://dataforseo.com/dataforseo-bot)"
136.243.228.194 - - [12/Jul/2025:15:06:40 -0400] "GET /135rpk22812.html HTTP/1.1" 404 23129 "-" "Mozilla/5.0 (compatible; DataForSeoBot/1.0; +https://dataforseo.com/dataforseo-bot)"
136.243.228.194 - - [12/Jul/2025:15:06:48 -0400] "GET /items/ozxak241/48613?key=quick HTTP/1.1" 404 23127 "-" "Mozilla/5.0 (compatible; DataForSeoBot/1.0; +https://dataforseo.com/dataforseo-bot)"
136.243.228.194 - - [12/Jul/2025:15:06:56 -0400] "GET /288ihute20661.html HTTP/1.1" 404 23127 "-" "Mozilla/5.0 (compatible; DataForSeoBot/1.0; +https://dataforseo.com/dataforseo-bot)"
136.243.228.194 - - [12/Jul/2025:15:07:01 -0400] "GET /items/voumn252/11394?key=deny HTTP/1.1" 404 23127 "-" "Mozilla/5.0 (compatible; DataForSeoBot/1.0; +https://dataforseo.com/dataforseo-bot)"
136.243.228.194 - - [12/Jul/2025:15:07:07 -0400] "GET /129vlt27084.html HTTP/1.1" 404 23127 "-" "Mozilla/5.0 (compatible; DataForSeoBot/1.0; +https://dataforseo.com/dataforseo-bot)"
66.29.146.47 - - [12/Jul/2025:15:07:12 -0400] "POST /wp-cron.php?doing_wp_cron=1752347231.8793790340423583984375 HTTP/1.1" 403 1242 "-" "WordPress/6.8; https://dangroup.sa"
2001:41d0:336:ce00:: - - [12/Jul/2025:15:07:17 -0400] "GET /xmlrpc.php HTTP/1.1" 403 1242 "https://danevnt.com/xmlrpc.php" "Mozilla/5.0 (X11; Ubuntu; Linux x86_64; rv:85.0) Gecko/20100101 Firefox/91.0"
136.243.228.194 - - [12/Jul/2025:15:07:11 -0400] "GET /166qfbo22831.html HTTP/1.1" 404 23129 "-" "Mozilla/5.0 (compatible; DataForSeoBot/1.0; +https://dataforseo.com/dataforseo-bot)"
136.243.228.194 - - [12/Jul/2025:15:07:19 -0400] "GET /97uzn2516.html HTTP/1.1" 404 23129 "-" "Mozilla/5.0 (compatible; DataForSeoBot/1.0; +https://dataforseo.com/dataforseo-bot)"
20.171.207.193 - - [12/Jul/2025:15:07:23 -0400] "GET /65lghau13974.html HTTP/1.1" 404 23127 "-" "Mozilla/5.0 AppleWebKit/537.36 (KHTML, like Gecko; compatible; GPTBot/1.2; +https://openai.com/gptbot)"
136.243.228.194 - - [12/Jul/2025:15:07:30 -0400] "GET /items/euwwr9/22065?key=river HTTP/1.1" 404 23127 "-" "Mozilla/5.0 (compatible; DataForSeoBot/1.0; +https://dataforseo.com/dataforseo-bot)"
136.243.228.194 - - [12/Jul/2025:15:07:39 -0400] "GET /44olap48277.html HTTP/1.1" 404 23129 "-" "Mozilla/5.0 (compatible; DataForSeoBot/1.0; +https://dataforseo.com/dataforseo-bot)"
66.249.68.134 - - [12/Jul/2025:15:07:55 -0400] "GET /robots.txt HTTP/1.1" 304 0 "-" "Mozilla/5.0 (compatible; Googlebot/2.1; +http://www.google.com/bot.html)"
136.243.228.194 - - [12/Jul/2025:15:07:48 -0400] "GET /259iayul4256.html HTTP/1.1" 404 23127 "-" "Mozilla/5.0 (compatible; DataForSeoBot/1.0; +https://dataforseo.com/dataforseo-bot)"
66.249.68.134 - - [12/Jul/2025:15:07:55 -0400] "GET /?_ga=2.198074345.1955352220.1721329623-968811056.1699381788&_bdsid=dmjl0p.n~UQTRN.1745716790918.1784849964&_bd_prev_page=https://dangroup.sa/api.jsp?items/qztif94/954?key=partnership HTTP/1.1" 200 86856 "-" "Mozilla/5.0 (Linux; Android 6.0.1; Nexus 5X Build/MMB29P) AppleWebKit/537.36 (KHTML, like Gecko) Chrome/137.0.7151.103 Mobile Safari/537.36 (compatible; Googlebot/2.1; +http://www.google.com/bot.html)"
66.249.68.132 - - [12/Jul/2025:15:07:56 -0400] "GET /110xszsx34117.html HTTP/1.1" 200 86485 "-" "Mozilla/5.0 (Linux; Android 6.0.1; Nexus 5X Build/MMB29P) AppleWebKit/537.36 (KHTML, like Gecko) Chrome/137.0.7151.103 Mobile Safari/537.36 (compatible; Googlebot/2.1; +http://www.google.com/bot.html)"
136.243.228.194 - - [12/Jul/2025:15:07:56 -0400] "GET /13nhixp32062.html HTTP/1.1" 404 23127 "-" "Mozilla/5.0 (compatible; DataForSeoBot/1.0; +https://dataforseo.com/dataforseo-bot)"
136.243.228.194 - - [12/Jul/2025:15:08:01 -0400] "GET /219aslkf21426.html HTTP/1.1" 404 23127 "-" "Mozilla/5.0 (compatible; DataForSeoBot/1.0; +https://dataforseo.com/dataforseo-bot)"
66.29.146.47 - - [12/Jul/2025:15:08:12 -0400] "POST /wp-cron.php?doing_wp_cron=1752347292.4546940326690673828125 HTTP/1.1" 403 1242 "-" "WordPress/6.8; https://dangroup.sa"
136.243.228.194 - - [12/Jul/2025:15:08:11 -0400] "GET /items/zoele42/24204?key=walking HTTP/1.1" 404 23127 "-" "Mozilla/5.0 (compatible; DataForSeoBot/1.0; +https://dataforseo.com/dataforseo-bot)"
136.243.228.194 - - [12/Jul/2025:15:08:21 -0400] "GET /80kamny8123.html HTTP/1.1" 404 23127 "-" "Mozilla/5.0 (compatible; DataForSeoBot/1.0; +https://dataforseo.com/dataforseo-bot)"
20.171.207.193 - - [12/Jul/2025:15:08:26 -0400] "GET /120codlg4465.html HTTP/1.1" 404 23127 "-" "Mozilla/5.0 AppleWebKit/537.36 (KHTML, like Gecko; compatible; GPTBot/1.2; +https://openai.com/gptbot)"
136.243.228.194 - - [12/Jul/2025:15:08:26 -0400] "GET /items/jwjqv258/22954?key=poll HTTP/1.1" 404 23127 "-" "Mozilla/5.0 (compatible; DataForSeoBot/1.0; +https://dataforseo.com/dataforseo-bot)"
66.249.68.133 - - [12/Jul/2025:15:08:37 -0400] "GET /122mspn44615.html HTTP/1.1" 200 87281 "-" "Mozilla/5.0 (Linux; Android 6.0.1; Nexus 5X Build/MMB29P) AppleWebKit/537.36 (KHTML, like Gecko) Chrome/137.0.7151.103 Mobile Safari/537.36 (compatible; Googlebot/2.1; +http://www.google.com/bot.html)"
136.243.228.194 - - [12/Jul/2025:15:08:37 -0400] "GET /items/ypehp52/24636?key=perceived HTTP/1.1" 404 23127 "-" "Mozilla/5.0 (compatible; DataForSeoBot/1.0; +https://dataforseo.com/dataforseo-bot)"
136.243.228.194 - - [12/Jul/2025:15:08:46 -0400] "GET /107lou326.html HTTP/1.1" 404 23127 "-" "Mozilla/5.0 (compatible; DataForSeoBot/1.0; +https://dataforseo.com/dataforseo-bot)"
66.249.68.132 - - [12/Jul/2025:15:08:51 -0400] "GET /items/thoko140/26474?key=metropolitan HTTP/1.1" 200 86698 "-" "Mozilla/5.0 (Linux; Android 6.0.1; Nexus 5X Build/MMB29P) AppleWebKit/537.36 (KHTML, like Gecko) Chrome/137.0.7151.103 Mobile Safari/537.36 (compatible; GoogleOther)"
