136.243.228.194 - - [07/Jul/2025:13:50:01 -0400] "GET /149jzpb17104.html HTTP/1.1" 404 23126 "-" "Mozilla/5.0 (compatible; DataForSeoBot/1.0; +https://dataforseo.com/dataforseo-bot)"
136.243.228.194 - - [07/Jul/2025:13:50:07 -0400] "GET /259unmk48346.html HTTP/1.1" 404 23126 "-" "Mozilla/5.0 (compatible; DataForSeoBot/1.0; +https://dataforseo.com/dataforseo-bot)"
188.166.211.225 - - [07/Jul/2025:13:50:10 -0400] "GET /wp-login.php HTTP/1.1" 200 3095 "-" "Mozilla/5.0 (Windows NT 6.1; WOW64; Trident/7.0; AS; rv:11.0) like Gecko"
188.166.211.225 - - [07/Jul/2025:13:50:16 -0400] "GET /wp-login.php HTTP/1.1" 200 3095 "-" "Mozilla/5.0 (Windows NT 6.1; WOW64; Trident/7.0; AS; rv:11.0) like Gecko"
136.243.228.194 - - [07/Jul/2025:13:50:16 -0400] "GET /items/wspqi198/43250?key=preparation HTTP/1.1" 404 23126 "-" "Mozilla/5.0 (compatible; DataForSeoBot/1.0; +https://dataforseo.com/dataforseo-bot)"
66.29.146.47 - - [07/Jul/2025:13:50:22 -0400] "POST /wp-cron.php?doing_wp_cron=1751910622.1943950653076171875000 HTTP/1.1" 200 0 "-" "WordPress/6.8; https://dangroup.sa"
136.243.228.194 - - [07/Jul/2025:13:50:21 -0400] "GET /110yvk28985.html HTTP/1.1" 404 23126 "-" "Mozilla/5.0 (compatible; DataForSeoBot/1.0; +https://dataforseo.com/dataforseo-bot)"
20.171.207.36 - - [07/Jul/2025:13:50:24 -0400] "GET /61iocr44054.html HTTP/1.1" 404 23126 "-" "Mozilla/5.0 AppleWebKit/537.36 (KHTML, like Gecko; compatible; GPTBot/1.2; +https://openai.com/gptbot)"
66.249.64.162 - - [07/Jul/2025:13:50:29 -0400] "GET /291yzz22532.html HTTP/1.1" 200 86729 "-" "Mozilla/5.0 (Linux; Android 6.0.1; Nexus 5X Build/MMB29P) AppleWebKit/537.36 (KHTML, like Gecko) Chrome/137.0.7151.103 Mobile Safari/537.36 (compatible; Googlebot/2.1; +http://www.google.com/bot.html)"
136.243.228.194 - - [07/Jul/2025:13:50:30 -0400] "GET /items/xwrpb113/13415?key=evening HTTP/1.1" 404 23127 "-" "Mozilla/5.0 (compatible; DataForSeoBot/1.0; +https://dataforseo.com/dataforseo-bot)"
136.243.228.194 - - [07/Jul/2025:13:50:36 -0400] "GET /items/mqxdc12/4590?key=heel HTTP/1.1" 404 23126 "-" "Mozilla/5.0 (compatible; DataForSeoBot/1.0; +https://dataforseo.com/dataforseo-bot)"
136.243.228.194 - - [07/Jul/2025:13:50:46 -0400] "GET /94ijm36335.html HTTP/1.1" 404 23126 "-" "Mozilla/5.0 (compatible; DataForSeoBot/1.0; +https://dataforseo.com/dataforseo-bot)"
66.249.64.161 - - [07/Jul/2025:13:50:54 -0400] "GET /category/3076_5707/1/listing HTTP/1.1" 200 87790 "-" "Mozilla/5.0 (Linux; Android 6.0.1; Nexus 5X Build/MMB29P) AppleWebKit/537.36 (KHTML, like Gecko) Chrome/137.0.7151.103 Mobile Safari/537.36 (compatible; Googlebot/2.1; +http://www.google.com/bot.html)"
188.166.211.225 - - [07/Jul/2025:13:50:53 -0400] "GET /wp-login.php HTTP/1.1" 200 3095 "-" "Mozilla/5.0 (Windows NT 10.0; Win64; x64) AppleWebKit/537.36 (KHTML, like Gecko) Chrome/58.0.3029.110 Safari/537.3"
66.249.64.162 - - [07/Jul/2025:13:50:56 -0400] "GET /items/ijkgt4/998?key=developer HTTP/1.1" 200 88200 "-" "Mozilla/5.0 (Linux; Android 6.0.1; Nexus 5X Build/MMB29P) AppleWebKit/537.36 (KHTML, like Gecko) Chrome/137.0.7151.103 Mobile Safari/537.36 (compatible; Googlebot/2.1; +http://www.google.com/bot.html)"
188.166.211.225 - - [07/Jul/2025:13:50:57 -0400] "GET /wp-login.php HTTP/1.1" 200 3095 "-" "Mozilla/5.0 (Windows NT 10.0; Win64; x64) AppleWebKit/537.36 (KHTML, like Gecko) Chrome/58.0.3029.110 Safari/537.3"
136.243.228.194 - - [07/Jul/2025:13:50:57 -0400] "GET /47majcj46318.html HTTP/1.1" 404 23126 "-" "Mozilla/5.0 (compatible; DataForSeoBot/1.0; +https://dataforseo.com/dataforseo-bot)"
136.243.228.194 - - [07/Jul/2025:13:51:01 -0400] "GET /items/rklhm8/3148?key=tournament HTTP/1.1" 404 23126 "-" "Mozilla/5.0 (compatible; DataForSeoBot/1.0; +https://dataforseo.com/dataforseo-bot)"
66.249.64.162 - - [07/Jul/2025:13:51:06 -0400] "GET /145thgw67990.html HTTP/1.1" 200 87159 "-" "Mozilla/5.0 (Linux; Android 6.0.1; Nexus 5X Build/MMB29P) AppleWebKit/537.36 (KHTML, like Gecko) Chrome/137.0.7151.103 Mobile Safari/537.36 (compatible; Googlebot/2.1; +http://www.google.com/bot.html)"
51.222.253.16 - - [07/Jul/2025:13:51:04 -0400] "GET /69gct34088.html HTTP/1.1" 404 23126 "-" "Mozilla/5.0 (compatible; AhrefsBot/7.0; +http://ahrefs.com/robot/)"
136.243.228.194 - - [07/Jul/2025:13:51:07 -0400] "GET /items/rmlls130/9318?key=survival HTTP/1.1" 404 23126 "-" "Mozilla/5.0 (compatible; DataForSeoBot/1.0; +https://dataforseo.com/dataforseo-bot)"
136.243.228.194 - - [07/Jul/2025:13:51:13 -0400] "GET /58mtn10569.html HTTP/1.1" 404 23126 "-" "Mozilla/5.0 (compatible; DataForSeoBot/1.0; +https://dataforseo.com/dataforseo-bot)"
66.249.64.162 - - [07/Jul/2025:13:51:19 -0400] "GET /283awh22808.html HTTP/1.1" 200 87106 "-" "Mozilla/5.0 (Linux; Android 6.0.1; Nexus 5X Build/MMB29P) AppleWebKit/537.36 (KHTML, like Gecko) Chrome/137.0.7151.103 Mobile Safari/537.36 (compatible; Googlebot/2.1; +http://www.google.com/bot.html)"
136.243.228.194 - - [07/Jul/2025:13:51:20 -0400] "GET /items/otvwp225/7731?key=reporter HTTP/1.1" 404 23126 "-" "Mozilla/5.0 (compatible; DataForSeoBot/1.0; +https://dataforseo.com/dataforseo-bot)"
66.29.146.47 - - [07/Jul/2025:13:51:27 -0400] "POST /wp-cron.php?doing_wp_cron=1751910686.9270620346069335937500 HTTP/1.1" 403 1242 "-" "WordPress/6.8; https://dangroup.sa"
20.171.207.36 - - [07/Jul/2025:13:51:25 -0400] "GET /22jgdk48641.html HTTP/1.1" 404 23126 "-" "Mozilla/5.0 AppleWebKit/537.36 (KHTML, like Gecko; compatible; GPTBot/1.2; +https://openai.com/gptbot)"
136.243.228.194 - - [07/Jul/2025:13:51:28 -0400] "GET /158boict1485.html HTTP/1.1" 404 23126 "-" "Mozilla/5.0 (compatible; DataForSeoBot/1.0; +https://dataforseo.com/dataforseo-bot)"
66.249.64.100 - - [07/Jul/2025:13:51:36 -0400] "GET /62samq25905.html HTTP/1.1" 200 87043 "-" "Mozilla/5.0 (Linux; Android 6.0.1; Nexus 5X Build/MMB29P) AppleWebKit/537.36 (KHTML, like Gecko) Chrome/137.0.7151.103 Mobile Safari/537.36 (compatible; Googlebot/2.1; +http://www.google.com/bot.html)"
188.166.211.225 - - [07/Jul/2025:13:51:38 -0400] "GET /wp-login.php HTTP/1.1" 200 3095 "-" "Mozilla/5.0 (Windows NT 6.3; WOW64; rv:40.0) Gecko/20100101 Firefox/40.0"
188.166.211.225 - - [07/Jul/2025:13:51:40 -0400] "GET /wp-login.php HTTP/1.1" 200 3095 "-" "Mozilla/5.0 (Windows NT 6.3; WOW64; rv:40.0) Gecko/20100101 Firefox/40.0"
136.243.228.194 - - [07/Jul/2025:13:51:40 -0400] "GET /items/zxosj212/49848?key=media HTTP/1.1" 404 23126 "-" "Mozilla/5.0 (compatible; DataForSeoBot/1.0; +https://dataforseo.com/dataforseo-bot)"
136.243.228.194 - - [07/Jul/2025:13:51:47 -0400] "GET /items/ezzts51/6641?key=sovereignty HTTP/1.1" 404 23127 "-" "Mozilla/5.0 (compatible; DataForSeoBot/1.0; +https://dataforseo.com/dataforseo-bot)"
47.82.60.29 - - [07/Jul/2025:13:51:51 -0400] "GET /174fgzck33405.html HTTP/1.1" 404 23126 "https://dangroup.sa/174fgzck33405.html" "Mozilla/5.0 (Windows NT 10.0; Win64; x64) AppleWebKit/537.36 (KHTML, like Gecko) Chrome/114.0.0.0 Safari/537.36 Edg/114.0.1823.43"
136.243.228.194 - - [07/Jul/2025:13:51:53 -0400] "GET /43sxqn19922.html HTTP/1.1" 404 23126 "-" "Mozilla/5.0 (compatible; DataForSeoBot/1.0; +https://dataforseo.com/dataforseo-bot)"
66.249.64.161 - - [07/Jul/2025:13:51:58 -0400] "GET /300drhyn45859.html HTTP/1.1" 200 85953 "-" "Mozilla/5.0 (compatible; Googlebot/2.1; +http://www.google.com/bot.html)"
188.166.211.225 - - [07/Jul/2025:13:52:02 -0400] "GET /wp-login.php HTTP/1.1" 200 3095 "-" "Mozilla/5.0 (Windows NT 6.1; WOW64; Trident/7.0; AS; rv:11.0) like Gecko"
136.243.228.194 - - [07/Jul/2025:13:52:01 -0400] "GET /items/wclvr102/41690?key=Mrs HTTP/1.1" 404 23126 "-" "Mozilla/5.0 (compatible; DataForSeoBot/1.0; +https://dataforseo.com/dataforseo-bot)"
188.166.211.225 - - [07/Jul/2025:13:52:07 -0400] "GET /wp-login.php HTTP/1.1" 200 3095 "-" "Mozilla/5.0 (Windows NT 6.1; WOW64; Trident/7.0; AS; rv:11.0) like Gecko"
136.243.228.194 - - [07/Jul/2025:13:52:07 -0400] "GET /items/xlqwd92/27120?key=jeans HTTP/1.1" 404 23126 "-" "Mozilla/5.0 (compatible; DataForSeoBot/1.0; +https://dataforseo.com/dataforseo-bot)"
136.243.228.194 - - [07/Jul/2025:13:52:15 -0400] "GET /3qwy8994.html HTTP/1.1" 404 23126 "-" "Mozilla/5.0 (compatible; DataForSeoBot/1.0; +https://dataforseo.com/dataforseo-bot)"
136.243.228.194 - - [07/Jul/2025:13:52:23 -0400] "GET /items/jgqpt11/20527?key=creation HTTP/1.1" 404 23126 "-" "Mozilla/5.0 (compatible; DataForSeoBot/1.0; +https://dataforseo.com/dataforseo-bot)"
66.249.64.161 - - [07/Jul/2025:13:52:27 -0400] "GET /78lecv477.html HTTP/1.1" 200 86588 "-" "Mozilla/5.0 (Linux; Android 6.0.1; Nexus 5X Build/MMB29P) AppleWebKit/537.36 (KHTML, like Gecko) Chrome/137.0.7151.103 Mobile Safari/537.36 (compatible; Googlebot/2.1; +http://www.google.com/bot.html)"
66.29.146.47 - - [07/Jul/2025:13:52:28 -0400] "POST /wp-cron.php?doing_wp_cron=1751910748.2831389904022216796875 HTTP/1.1" 403 1242 "-" "WordPress/6.8; https://dangroup.sa"
188.166.211.225 - - [07/Jul/2025:13:52:27 -0400] "GET /wp-login.php HTTP/1.1" 200 3095 "-" "Mozilla/5.0 (Windows NT 6.1; WOW64; Trident/7.0; AS; rv:11.0) like Gecko"
188.166.211.225 - - [07/Jul/2025:13:52:31 -0400] "GET /wp-login.php HTTP/1.1" 200 3095 "-" "Mozilla/5.0 (Windows NT 6.1; WOW64; Trident/7.0; AS; rv:11.0) like Gecko"
136.243.228.194 - - [07/Jul/2025:13:52:29 -0400] "GET /items/vyuwo56/22064?key=absorb HTTP/1.1" 404 23126 "-" "Mozilla/5.0 (compatible; DataForSeoBot/1.0; +https://dataforseo.com/dataforseo-bot)"
20.171.207.36 - - [07/Jul/2025:13:52:29 -0400] "GET /210axib8085.html HTTP/1.1" 404 23126 "-" "Mozilla/5.0 AppleWebKit/537.36 (KHTML, like Gecko; compatible; GPTBot/1.2; +https://openai.com/gptbot)"
66.249.64.161 - - [07/Jul/2025:13:52:37 -0400] "GET /items/gpgzc83/25823?key=cart HTTP/1.1" 200 87101 "-" "Mozilla/5.0 (compatible; Googlebot/2.1; +http://www.google.com/bot.html)"
66.249.64.99 - - [07/Jul/2025:13:52:40 -0400] "GET /pcmypage?callback=product/review/tss-shop-xlx459rewrz9 HTTP/1.1" 200 86950 "-" "Mozilla/5.0 (Linux; Android 6.0.1; Nexus 5X Build/MMB29P) AppleWebKit/537.36 (KHTML, like Gecko) Chrome/137.0.7151.103 Mobile Safari/537.36 (compatible; Googlebot/2.1; +http://www.google.com/bot.html)"
136.243.228.194 - - [07/Jul/2025:13:52:38 -0400] "GET /260cdu46205.html HTTP/1.1" 404 23126 "-" "Mozilla/5.0 (compatible; DataForSeoBot/1.0; +https://dataforseo.com/dataforseo-bot)"
136.243.228.194 - - [07/Jul/2025:13:52:45 -0400] "GET /39jzafk68556.html HTTP/1.1" 404 23126 "-" "Mozilla/5.0 (compatible; DataForSeoBot/1.0; +https://dataforseo.com/dataforseo-bot)"
66.249.64.161 - - [07/Jul/2025:13:52:52 -0400] "GET /64pzdoz3329.html HTTP/1.1" 200 86906 "-" "Mozilla/5.0 (Linux; Android 6.0.1; Nexus 5X Build/MMB29P) AppleWebKit/537.36 (KHTML, like Gecko) Chrome/137.0.7151.103 Mobile Safari/537.36 (compatible; Googlebot/2.1; +http://www.google.com/bot.html)"
66.249.64.161 - - [07/Jul/2025:13:52:56 -0400] "GET /items/qwrwk24/1700?key=suddenly HTTP/1.1" 200 86833 "-" "Mozilla/5.0 (compatible; Googlebot/2.1; +http://www.google.com/bot.html)"
47.82.60.44 - - [07/Jul/2025:13:52:51 -0400] "GET /items/cyjlu109/19943?key=guy HTTP/1.1" 404 23126 "https://dangroup.sa/items/cyjlu109/19943?key=guy" "Mozilla/5.0 (Windows NT 10.0; Win64; x64) AppleWebKit/537.36 (KHTML, like Gecko) Chrome/114.0.0.0 Safari/537.36 Edg/114.0.1823.43"
136.243.228.194 - - [07/Jul/2025:13:52:52 -0400] "GET /items/vdeyi121/4849?key=bush HTTP/1.1" 404 23126 "-" "Mozilla/5.0 (compatible; DataForSeoBot/1.0; +https://dataforseo.com/dataforseo-bot)"
47.82.60.32 - - [07/Jul/2025:13:52:53 -0400] "GET /items/icgsp282/2468?key=tone HTTP/1.1" 404 23126 "https://dangroup.sa/items/icgsp282/2468?key=tone" "Mozilla/5.0 (Windows NT 10.0; Win64; x64) AppleWebKit/537.36 (KHTML, like Gecko) Chrome/114.0.0.0 Safari/537.36 Edg/114.0.1823.43"
4.227.36.80 - - [07/Jul/2025:13:53:05 -0400] "GET /robots.txt HTTP/1.1" 304 0 "-" "Mozilla/5.0 AppleWebKit/537.36 (KHTML, like Gecko; compatible; GPTBot/1.2; +https://openai.com/gptbot)"
136.243.228.194 - - [07/Jul/2025:13:53:04 -0400] "GET /items/rfmhc101/43133?key=series HTTP/1.1" 404 23126 "-" "Mozilla/5.0 (compatible; DataForSeoBot/1.0; +https://dataforseo.com/dataforseo-bot)"
136.243.228.194 - - [07/Jul/2025:13:53:08 -0400] "GET /items/zlgsx234/46996?key=constantly HTTP/1.1" 404 23126 "-" "Mozilla/5.0 (compatible; DataForSeoBot/1.0; +https://dataforseo.com/dataforseo-bot)"
188.166.211.225 - - [07/Jul/2025:13:53:10 -0400] "GET /wp-login.php HTTP/1.1" 200 3095 "-" "Mozilla/5.0 (Windows NT 10.0; Win64; x64) AppleWebKit/537.36 (KHTML, like Gecko) Chrome/58.0.3029.110 Safari/537.3"
136.243.228.194 - - [07/Jul/2025:13:53:12 -0400] "GET /263fkoc36076.html HTTP/1.1" 404 23126 "-" "Mozilla/5.0 (compatible; DataForSeoBot/1.0; +https://dataforseo.com/dataforseo-bot)"
188.166.211.225 - - [07/Jul/2025:13:53:14 -0400] "GET /wp-login.php HTTP/1.1" 200 3095 "-" "Mozilla/5.0 (Windows NT 10.0; Win64; x64) AppleWebKit/537.36 (KHTML, like Gecko) Chrome/58.0.3029.110 Safari/537.3"
136.243.228.194 - - [07/Jul/2025:13:53:17 -0400] "GET /items/dxmbs13/12775?key=information HTTP/1.1" 404 23126 "-" "Mozilla/5.0 (compatible; DataForSeoBot/1.0; +https://dataforseo.com/dataforseo-bot)"
136.243.228.194 - - [07/Jul/2025:13:53:22 -0400] "GET /items/guzor44/19478?key=ambassador HTTP/1.1" 404 23126 "-" "Mozilla/5.0 (compatible; DataForSeoBot/1.0; +https://dataforseo.com/dataforseo-bot)"
66.29.146.47 - - [07/Jul/2025:13:53:28 -0400] "POST /wp-cron.php?doing_wp_cron=1751910808.4286050796508789062500 HTTP/1.1" 403 1242 "-" "WordPress/6.8; https://dangroup.sa"
52.167.144.139 - - [07/Jul/2025:13:53:29 -0400] "GET /tebtmry15814oripcord HTTP/1.1" 200 17 "-" "Mozilla/5.0 AppleWebKit/537.36 (KHTML, like Gecko; compatible; bingbot/2.0; +http://www.bing.com/bingbot.htm) Chrome/116.0.1938.76 Safari/537.36"
136.243.228.194 - - [07/Jul/2025:13:53:28 -0400] "GET /items/wtnxq143/31133?key=immune HTTP/1.1" 404 23126 "-" "Mozilla/5.0 (compatible; DataForSeoBot/1.0; +https://dataforseo.com/dataforseo-bot)"
20.171.207.36 - - [07/Jul/2025:13:53:30 -0400] "GET /128pyek9003.html HTTP/1.1" 404 23126 "-" "Mozilla/5.0 AppleWebKit/537.36 (KHTML, like Gecko; compatible; GPTBot/1.2; +https://openai.com/gptbot)"
188.166.211.225 - - [07/Jul/2025:13:53:35 -0400] "GET /wp-login.php HTTP/1.1" 200 3129 "-" "Mozilla/5.0 (Windows NT 6.1; WOW64; Trident/7.0; AS; rv:11.0) like Gecko"
66.249.64.99 - - [07/Jul/2025:13:53:36 -0400] "GET /category/2385_5722_8528/1/listing HTTP/1.1" 200 86702 "-" "Mozilla/5.0 (Linux; Android 6.0.1; Nexus 5X Build/MMB29P) AppleWebKit/537.36 (KHTML, like Gecko) Chrome/137.0.7151.103 Mobile Safari/537.36 (compatible; Googlebot/2.1; +http://www.google.com/bot.html)"
136.243.228.194 - - [07/Jul/2025:13:53:32 -0400] "GET /items/crgtl249/23029?key=ad HTTP/1.1" 404 23126 "-" "Mozilla/5.0 (compatible; DataForSeoBot/1.0; +https://dataforseo.com/dataforseo-bot)"
66.249.64.163 - - [07/Jul/2025:13:53:39 -0400] "GET /items/tcobr255/45165?key=may HTTP/1.1" 200 86924 "-" "Mozilla/5.0 (Linux; Android 6.0.1; Nexus 5X Build/MMB29P) AppleWebKit/537.36 (KHTML, like Gecko) Chrome/137.0.7151.103 Mobile Safari/537.36 (compatible; Googlebot/2.1; +http://www.google.com/bot.html)"
188.166.211.225 - - [07/Jul/2025:13:53:39 -0400] "GET /wp-login.php HTTP/1.1" 200 3095 "-" "Mozilla/5.0 (Windows NT 6.1; WOW64; Trident/7.0; AS; rv:11.0) like Gecko"
136.243.228.194 - - [07/Jul/2025:13:53:40 -0400] "GET /160tmubf13893.html HTTP/1.1" 404 23126 "-" "Mozilla/5.0 (compatible; DataForSeoBot/1.0; +https://dataforseo.com/dataforseo-bot)"
136.243.228.194 - - [07/Jul/2025:13:53:46 -0400] "GET /294rge41679.html HTTP/1.1" 404 23126 "-" "Mozilla/5.0 (compatible; DataForSeoBot/1.0; +https://dataforseo.com/dataforseo-bot)"
136.243.228.194 - - [07/Jul/2025:13:53:50 -0400] "GET /items/tctel111/49273?key=drift HTTP/1.1" 404 23126 "-" "Mozilla/5.0 (compatible; DataForSeoBot/1.0; +https://dataforseo.com/dataforseo-bot)"
136.243.228.194 - - [07/Jul/2025:13:53:54 -0400] "GET /77ueoph29272.html HTTP/1.1" 404 23126 "-" "Mozilla/5.0 (compatible; DataForSeoBot/1.0; +https://dataforseo.com/dataforseo-bot)"
136.243.228.194 - - [07/Jul/2025:13:53:58 -0400] "GET /items/phquv34/30320?key=love HTTP/1.1" 404 23126 "-" "Mozilla/5.0 (compatible; DataForSeoBot/1.0; +https://dataforseo.com/dataforseo-bot)"
66.249.64.163 - - [07/Jul/2025:13:54:00 -0400] "GET /77ctxc20528.html HTTP/1.1" 200 87750 "-" "Mozilla/5.0 (Linux; Android 6.0.1; Nexus 5X Build/MMB29P) AppleWebKit/537.36 (KHTML, like Gecko) Chrome/137.0.7151.103 Mobile Safari/537.36 (compatible; Googlebot/2.1; +http://www.google.com/bot.html)"
136.243.228.194 - - [07/Jul/2025:13:54:02 -0400] "GET /items/accxs300/45072?key=confirm HTTP/1.1" 404 23126 "-" "Mozilla/5.0 (compatible; DataForSeoBot/1.0; +https://dataforseo.com/dataforseo-bot)"
136.243.228.194 - - [07/Jul/2025:13:54:06 -0400] "GET /253zoy36518.html HTTP/1.1" 404 23127 "-" "Mozilla/5.0 (compatible; DataForSeoBot/1.0; +https://dataforseo.com/dataforseo-bot)"
34.46.178.106 - - [07/Jul/2025:13:54:13 -0400] "HEAD /wordpress HTTP/1.1" 404 0 "http://danevnt.com/wordpress" "Mozilla/5.0 (Windows NT 10.0; Win64; x64) AppleWebKit/537.36 (KHTML, like Gecko) Chrome/74.0.3729.169 Safari/537.36"
34.46.178.106 - - [07/Jul/2025:13:54:14 -0400] "HEAD / HTTP/1.1" 200 0 "http://danevnt.com/" "Mozilla/5.0 (Windows NT 10.0; Win64; x64) AppleWebKit/537.36 (KHTML, like Gecko) Chrome/74.0.3729.169 Safari/537.36"
66.249.64.161 - - [07/Jul/2025:13:54:14 -0400] "GET /140fpk11541.html HTTP/1.1" 200 87292 "-" "Mozilla/5.0 (compatible; Googlebot/2.1; +http://www.google.com/bot.html)"
136.243.228.194 - - [07/Jul/2025:13:54:12 -0400] "GET /items/lzuyj171/45031?key=ease HTTP/1.1" 404 23126 "-" "Mozilla/5.0 (compatible; DataForSeoBot/1.0; +https://dataforseo.com/dataforseo-bot)"
34.46.178.106 - - [07/Jul/2025:13:54:15 -0400] "HEAD /wp HTTP/1.1" 404 0 "http://danevnt.com/wp" "Mozilla/5.0 (Windows NT 10.0; Win64; x64) AppleWebKit/537.36 (KHTML, like Gecko) Chrome/74.0.3729.169 Safari/537.36"
34.46.178.106 - - [07/Jul/2025:13:54:18 -0400] "HEAD /bc HTTP/1.1" 404 0 "http://danevnt.com/bc" "Mozilla/5.0 (Windows NT 10.0; Win64; x64) AppleWebKit/537.36 (KHTML, like Gecko) Chrome/74.0.3729.169 Safari/537.36"
34.46.178.106 - - [07/Jul/2025:13:54:20 -0400] "HEAD /bk HTTP/1.1" 404 0 "http://danevnt.com/bk" "Mozilla/5.0 (Windows NT 10.0; Win64; x64) AppleWebKit/537.36 (KHTML, like Gecko) Chrome/74.0.3729.169 Safari/537.36"
34.46.178.106 - - [07/Jul/2025:13:54:21 -0400] "HEAD /backup HTTP/1.1" 404 0 "http://danevnt.com/backup" "Mozilla/5.0 (Windows NT 10.0; Win64; x64) AppleWebKit/537.36 (KHTML, like Gecko) Chrome/74.0.3729.169 Safari/537.36"
34.46.178.106 - - [07/Jul/2025:13:54:23 -0400] "HEAD /old HTTP/1.1" 404 0 "http://danevnt.com/old" "Mozilla/5.0 (Windows NT 10.0; Win64; x64) AppleWebKit/537.36 (KHTML, like Gecko) Chrome/74.0.3729.169 Safari/537.36"
34.46.178.106 - - [07/Jul/2025:13:54:25 -0400] "HEAD /new HTTP/1.1" 301 0 "http://danevnt.com/new" "Mozilla/5.0 (Windows NT 10.0; Win64; x64) AppleWebKit/537.36 (KHTML, like Gecko) Chrome/74.0.3729.169 Safari/537.36"
124.226.222.66 - - [07/Jul/2025:13:54:13 -0400] "GET / HTTP/1.1" 200 33219 "http://danevnt.com" "Mozilla/5.0 (iPhone; CPU iPhone OS 13_2_3 like Mac OS X) AppleWebKit/605.1.15 (KHTML, like Gecko) Version/13.0.3 Mobile/15E148 Safari/604.1"
47.82.60.36 - - [07/Jul/2025:13:54:18 -0400] "GET /36gvqi15797.html HTTP/1.1" 404 23126 "https://dangroup.sa/36gvqi15797.html" "Mozilla/5.0 (Windows NT 10.0; Win64; x64) AppleWebKit/537.36 (KHTML, like Gecko) Chrome/114.0.0.0 Safari/537.36 Edg/114.0.1823.43"
66.29.146.47 - - [07/Jul/2025:13:54:28 -0400] "POST /wp-cron.php?doing_wp_cron=1751910868.6283750534057617187500 HTTP/1.1" 403 1242 "-" "WordPress/6.8; https://dangroup.sa"
136.243.228.194 - - [07/Jul/2025:13:54:20 -0400] "GET /items/ovczr80/10270?key=empty HTTP/1.1" 404 23126 "-" "Mozilla/5.0 (compatible; DataForSeoBot/1.0; +https://dataforseo.com/dataforseo-bot)"
34.46.178.106 - - [07/Jul/2025:13:54:27 -0400] "HEAD /en/new-page/ HTTP/1.1" 200 0 "https://dangroup.sa/new" "Mozilla/5.0 (Windows NT 10.0; Win64; x64) AppleWebKit/537.36 (KHTML, like Gecko) Chrome/74.0.3729.169 Safari/537.36"
34.46.178.106 - - [07/Jul/2025:13:54:29 -0400] "HEAD /main HTTP/1.1" 404 0 "http://danevnt.com/main" "Mozilla/5.0 (Windows NT 10.0; Win64; x64) AppleWebKit/537.36 (KHTML, like Gecko) Chrome/74.0.3729.169 Safari/537.36"
34.46.178.106 - - [07/Jul/2025:13:54:30 -0400] "HEAD /home HTTP/1.1" 301 0 "http://danevnt.com/home" "Mozilla/5.0 (Windows NT 10.0; Win64; x64) AppleWebKit/537.36 (KHTML, like Gecko) Chrome/74.0.3729.169 Safari/537.36"
47.82.60.8 - - [07/Jul/2025:13:54:25 -0400] "GET /items/pcmto58/10124?key=immediately HTTP/1.1" 404 23126 "https://dangroup.sa/items/pcmto58/10124?key=immediately" "Mozilla/5.0 (Windows NT 10.0; Win64; x64) AppleWebKit/537.36 (KHTML, like Gecko) Chrome/114.0.0.0 Safari/537.36 Edg/114.0.1823.43"
34.46.178.106 - - [07/Jul/2025:13:54:31 -0400] "HEAD /en/home/ HTTP/1.1" 200 0 "https://dangroup.sa/home" "Mozilla/5.0 (Windows NT 10.0; Win64; x64) AppleWebKit/537.36 (KHTML, like Gecko) Chrome/74.0.3729.169 Safari/537.36"
136.243.228.194 - - [07/Jul/2025:13:54:30 -0400] "GET /items/wldsj217/23455?key=attempt HTTP/1.1" 404 23127 "-" "Mozilla/5.0 (compatible; DataForSeoBot/1.0; +https://dataforseo.com/dataforseo-bot)"
66.249.64.161 - - [07/Jul/2025:13:54:41 -0400] "GET /58afpui44009.html HTTP/1.1" 200 87325 "-" "Mozilla/5.0 (Linux; Android 6.0.1; Nexus 5X Build/MMB29P) AppleWebKit/537.36 (KHTML, like Gecko) Chrome/137.0.7151.103 Mobile Safari/537.36 (compatible; Googlebot/2.1; +http://www.google.com/bot.html)"
20.171.207.36 - - [07/Jul/2025:13:54:36 -0400] "GET /223cdob6348.html HTTP/1.1" 404 23196 "-" "Mozilla/5.0 AppleWebKit/537.36 (KHTML, like Gecko; compatible; GPTBot/1.2; +https://openai.com/gptbot)"
66.249.64.99 - - [07/Jul/2025:13:54:42 -0400] "GET /96bbeyx32343.html HTTP/1.1" 200 87162 "-" "Mozilla/5.0 (Linux; Android 6.0.1; Nexus 5X Build/MMB29P) AppleWebKit/537.36 (KHTML, like Gecko) Chrome/137.0.7151.103 Mobile Safari/537.36 (compatible; Googlebot/2.1; +http://www.google.com/bot.html)"
54.36.149.9 - - [07/Jul/2025:13:54:43 -0400] "GET /robots.txt HTTP/1.1" 304 0 "-" "Mozilla/5.0 (compatible; AhrefsBot/7.0; +http://ahrefs.com/robot/)"
136.243.228.194 - - [07/Jul/2025:13:54:36 -0400] "GET /items/nkkab47/45739?key=surround HTTP/1.1" 404 23127 "-" "Mozilla/5.0 (compatible; DataForSeoBot/1.0; +https://dataforseo.com/dataforseo-bot)"
47.82.60.19 - - [07/Jul/2025:13:54:38 -0400] "GET /45qlj44.html HTTP/1.1" 404 23126 "https://dangroup.sa/45qlj44.html" "Mozilla/5.0 (Windows NT 10.0; Win64; x64) AppleWebKit/537.36 (KHTML, like Gecko) Chrome/114.0.0.0 Safari/537.36 Edg/114.0.1823.43"
136.243.228.194 - - [07/Jul/2025:13:54:46 -0400] "GET /items/amtsf160/13720?key=understanding HTTP/1.1" 404 23126 "-" "Mozilla/5.0 (compatible; DataForSeoBot/1.0; +https://dataforseo.com/dataforseo-bot)"
136.243.228.194 - - [07/Jul/2025:13:54:50 -0400] "GET /items/oectc145/8965?key=accuse HTTP/1.1" 404 23126 "-" "Mozilla/5.0 (compatible; DataForSeoBot/1.0; +https://dataforseo.com/dataforseo-bot)"
66.249.64.161 - - [07/Jul/2025:13:54:56 -0400] "GET /90ktko37401.html HTTP/1.1" 200 86825 "-" "Mozilla/5.0 (Linux; Android 6.0.1; Nexus 5X Build/MMB29P) AppleWebKit/537.36 (KHTML, like Gecko) Chrome/137.0.7151.103 Mobile Safari/537.36 (compatible; Googlebot/2.1; +http://www.google.com/bot.html)"
136.243.228.194 - - [07/Jul/2025:13:54:55 -0400] "GET /29wyipf520.html HTTP/1.1" 404 23126 "-" "Mozilla/5.0 (compatible; DataForSeoBot/1.0; +https://dataforseo.com/dataforseo-bot)"
47.82.60.30 - - [07/Jul/2025:13:54:58 -0400] "GET /164qazz1739.html HTTP/1.1" 404 23126 "https://dangroup.sa/164qazz1739.html" "Mozilla/5.0 (Windows NT 10.0; Win64; x64) AppleWebKit/537.36 (KHTML, like Gecko) Chrome/114.0.0.0 Safari/537.36 Edg/114.0.1823.43"
66.249.64.163 - - [07/Jul/2025:13:55:03 -0400] "GET /pcmypage?callback=product%2Fdetail%2Fdaishinshop-726-256103 HTTP/1.1" 200 86662 "-" "Mozilla/5.0 (Linux; Android 6.0.1; Nexus 5X Build/MMB29P) AppleWebKit/537.36 (KHTML, like Gecko) Chrome/137.0.7151.103 Mobile Safari/537.36 (compatible; Googlebot/2.1; +http://www.google.com/bot.html)"
66.249.64.99 - - [07/Jul/2025:13:55:05 -0400] "GET /pcmypage?callback=product/review/kendostore-3h-dus-1 HTTP/1.1" 200 86374 "-" "Mozilla/5.0 (Linux; Android 6.0.1; Nexus 5X Build/MMB29P) AppleWebKit/537.36 (KHTML, like Gecko) Chrome/137.0.7151.103 Mobile Safari/537.36 (compatible; Googlebot/2.1; +http://www.google.com/bot.html)"
136.243.228.194 - - [07/Jul/2025:13:54:59 -0400] "GET /items/dfhdg78/22308?key=fitness HTTP/1.1" 404 23126 "-" "Mozilla/5.0 (compatible; DataForSeoBot/1.0; +https://dataforseo.com/dataforseo-bot)"
47.82.60.43 - - [07/Jul/2025:13:55:03 -0400] "GET /items/yrjwr43/25093?key=auction HTTP/1.1" 404 23126 "https://dangroup.sa/items/yrjwr43/25093?key=auction" "Mozilla/5.0 (Windows NT 10.0; Win64; x64) AppleWebKit/537.36 (KHTML, like Gecko) Chrome/114.0.0.0 Safari/537.36 Edg/114.0.1823.43"
136.243.228.194 - - [07/Jul/2025:13:55:10 -0400] "GET /21vgcf6438.html HTTP/1.1" 404 23126 "-" "Mozilla/5.0 (compatible; DataForSeoBot/1.0; +https://dataforseo.com/dataforseo-bot)"
188.166.211.225 - - [07/Jul/2025:13:55:12 -0400] "GET /wp-login.php HTTP/1.1" 200 3095 "-" "Mozilla/5.0 (Windows NT 10.0; Win64; x64) AppleWebKit/537.36 (KHTML, like Gecko) Chrome/58.0.3029.110 Safari/537.3"
188.166.211.225 - - [07/Jul/2025:13:55:14 -0400] "GET /wp-login.php HTTP/1.1" 200 3095 "-" "Mozilla/5.0 (Windows NT 10.0; Win64; x64) AppleWebKit/537.36 (KHTML, like Gecko) Chrome/58.0.3029.110 Safari/537.3"
66.249.64.162 - - [07/Jul/2025:13:55:15 -0400] "GET /items/vhpme250/2090?key=conduct HTTP/1.1" 200 87316 "-" "Mozilla/5.0 (Linux; Android 6.0.1; Nexus 5X Build/MMB29P) AppleWebKit/537.36 (KHTML, like Gecko) Chrome/137.0.7151.103 Mobile Safari/537.36 (compatible; Googlebot/2.1; +http://www.google.com/bot.html)"
136.243.228.194 - - [07/Jul/2025:13:55:14 -0400] "GET /items/zryzf250/12926?key=distribution HTTP/1.1" 404 23126 "-" "Mozilla/5.0 (compatible; DataForSeoBot/1.0; +https://dataforseo.com/dataforseo-bot)"
136.243.228.194 - - [07/Jul/2025:13:55:17 -0400] "GET /115ajjd28258.html HTTP/1.1" 404 23126 "-" "Mozilla/5.0 (compatible; DataForSeoBot/1.0; +https://dataforseo.com/dataforseo-bot)"
136.243.228.194 - - [07/Jul/2025:13:55:21 -0400] "GET /42xbgmu36923.html HTTP/1.1" 404 23126 "-" "Mozilla/5.0 (compatible; DataForSeoBot/1.0; +https://dataforseo.com/dataforseo-bot)"
66.249.64.161 - - [07/Jul/2025:13:55:24 -0400] "GET /items/zxkdd109/15521?key=rating HTTP/1.1" 200 87527 "-" "Mozilla/5.0 (Linux; Android 6.0.1; Nexus 5X Build/MMB29P) AppleWebKit/537.36 (KHTML, like Gecko) Chrome/137.0.7151.103 Mobile Safari/537.36 (compatible; Googlebot/2.1; +http://www.google.com/bot.html)"
66.249.64.161 - - [07/Jul/2025:13:55:27 -0400] "GET /zhHant/product/surugaya/rcmdse-t4-8188015?campaign_uid=f64d716db5e979ed2f947dbaf4296895b951ae7f HTTP/1.1" 200 86937 "-" "Mozilla/5.0 (Linux; Android 6.0.1; Nexus 5X Build/MMB29P) AppleWebKit/537.36 (KHTML, like Gecko) Chrome/137.0.7151.103 Mobile Safari/537.36 (compatible; Googlebot/2.1; +http://www.google.com/bot.html)"
66.249.64.161 - - [07/Jul/2025:13:55:27 -0400] "GET /153erd36832.html HTTP/1.1" 200 87119 "-" "Mozilla/5.0 (Linux; Android 6.0.1; Nexus 5X Build/MMB29P) AppleWebKit/537.36 (KHTML, like Gecko) Chrome/137.0.7151.103 Mobile Safari/537.36 (compatible; Googlebot/2.1; +http://www.google.com/bot.html)"
136.243.228.194 - - [07/Jul/2025:13:55:26 -0400] "GET /items/sorqx59/12715?key=Israeli HTTP/1.1" 404 23127 "-" "Mozilla/5.0 (compatible; DataForSeoBot/1.0; +https://dataforseo.com/dataforseo-bot)"
66.249.64.161 - - [07/Jul/2025:13:55:28 -0400] "GET /items/dovuj27/5685?key=guitar HTTP/1.1" 200 86832 "-" "Mozilla/5.0 (Linux; Android 6.0.1; Nexus 5X Build/MMB29P) AppleWebKit/537.36 (KHTML, like Gecko) Chrome/137.0.7151.103 Mobile Safari/537.36 (compatible; Googlebot/2.1; +http://www.google.com/bot.html)"
66.29.146.47 - - [07/Jul/2025:13:55:31 -0400] "POST /wp-cron.php?doing_wp_cron=1751910931.1082539558410644531250 HTTP/1.1" 403 1242 "-" "WordPress/6.8; https://dangroup.sa"
136.243.228.194 - - [07/Jul/2025:13:55:30 -0400] "GET /items/ijjbs133/38497?key=phrase HTTP/1.1" 404 23126 "-" "Mozilla/5.0 (compatible; DataForSeoBot/1.0; +https://dataforseo.com/dataforseo-bot)"
136.243.228.194 - - [07/Jul/2025:13:55:35 -0400] "GET /items/kgdwl205/7349?key=substantially HTTP/1.1" 404 23126 "-" "Mozilla/5.0 (compatible; DataForSeoBot/1.0; +https://dataforseo.com/dataforseo-bot)"
136.243.228.194 - - [07/Jul/2025:13:55:41 -0400] "GET /items/jibzw127/27001?key=hungry HTTP/1.1" 404 23126 "-" "Mozilla/5.0 (compatible; DataForSeoBot/1.0; +https://dataforseo.com/dataforseo-bot)"
20.171.207.36 - - [07/Jul/2025:13:55:41 -0400] "GET /159mfoc8024.html HTTP/1.1" 404 23126 "-" "Mozilla/5.0 AppleWebKit/537.36 (KHTML, like Gecko; compatible; GPTBot/1.2; +https://openai.com/gptbot)"
136.243.228.194 - - [07/Jul/2025:13:55:49 -0400] "GET /178bobih40475.html HTTP/1.1" 404 23126 "-" "Mozilla/5.0 (compatible; DataForSeoBot/1.0; +https://dataforseo.com/dataforseo-bot)"
188.166.211.225 - - [07/Jul/2025:13:55:53 -0400] "GET /wp-login.php HTTP/1.1" 200 3095 "-" "Mozilla/5.0 (Macintosh; Intel Mac OS X 10_11_5) AppleWebKit/537.36 (KHTML, like Gecko) Chrome/50.0.2661.102 Safari/537.36"
188.166.211.225 - - [07/Jul/2025:13:55:54 -0400] "GET /wp-login.php HTTP/1.1" 200 3095 "-" "Mozilla/5.0 (Macintosh; Intel Mac OS X 10_11_5) AppleWebKit/537.36 (KHTML, like Gecko) Chrome/50.0.2661.102 Safari/537.36"
136.243.228.194 - - [07/Jul/2025:13:55:54 -0400] "GET /284deknh38267.html HTTP/1.1" 404 23127 "-" "Mozilla/5.0 (compatible; DataForSeoBot/1.0; +https://dataforseo.com/dataforseo-bot)"
136.243.228.194 - - [07/Jul/2025:13:55:59 -0400] "GET /68nndyq49551.html HTTP/1.1" 404 23126 "-" "Mozilla/5.0 (compatible; DataForSeoBot/1.0; +https://dataforseo.com/dataforseo-bot)"
136.243.228.194 - - [07/Jul/2025:13:56:03 -0400] "GET /212onib11927.html HTTP/1.1" 404 23126 "-" "Mozilla/5.0 (compatible; DataForSeoBot/1.0; +https://dataforseo.com/dataforseo-bot)"
136.243.228.194 - - [07/Jul/2025:13:56:07 -0400] "GET /94kya25987.html HTTP/1.1" 404 23126 "-" "Mozilla/5.0 (compatible; DataForSeoBot/1.0; +https://dataforseo.com/dataforseo-bot)"
66.249.64.162 - - [07/Jul/2025:13:56:09 -0400] "GET /116sdiz7207.html HTTP/1.1" 200 87506 "-" "Mozilla/5.0 (Linux; Android 6.0.1; Nexus 5X Build/MMB29P) AppleWebKit/537.36 (KHTML, like Gecko) Chrome/137.0.7151.103 Mobile Safari/537.36 (compatible; Googlebot/2.1; +http://www.google.com/bot.html)"
136.243.228.194 - - [07/Jul/2025:13:56:12 -0400] "GET /69hzvjw8552.html HTTP/1.1" 404 23126 "-" "Mozilla/5.0 (compatible; DataForSeoBot/1.0; +https://dataforseo.com/dataforseo-bot)"
47.82.60.48 - - [07/Jul/2025:13:56:13 -0400] "GET /261qkz43484.html HTTP/1.1" 404 23127 "https://dangroup.sa/261qkz43484.html" "Mozilla/5.0 (Windows NT 10.0; Win64; x64) AppleWebKit/537.36 (KHTML, like Gecko) Chrome/114.0.0.0 Safari/537.36 Edg/114.0.1823.43"
136.243.228.194 - - [07/Jul/2025:13:56:15 -0400] "GET /285qge18970.html HTTP/1.1" 404 23126 "-" "Mozilla/5.0 (compatible; DataForSeoBot/1.0; +https://dataforseo.com/dataforseo-bot)"
136.243.228.194 - - [07/Jul/2025:13:56:20 -0400] "GET /items/buzhe68/11378?key=calm HTTP/1.1" 404 23126 "-" "Mozilla/5.0 (compatible; DataForSeoBot/1.0; +https://dataforseo.com/dataforseo-bot)"
136.243.228.194 - - [07/Jul/2025:13:56:23 -0400] "GET /items/tbjxp22/42100?key=tropical HTTP/1.1" 404 23126 "-" "Mozilla/5.0 (compatible; DataForSeoBot/1.0; +https://dataforseo.com/dataforseo-bot)"
47.82.60.7 - - [07/Jul/2025:13:56:25 -0400] "GET /items/fvfzw178/10?key=thinking HTTP/1.1" 404 23126 "https://dangroup.sa/items/fvfzw178/10?key=thinking" "Mozilla/5.0 (Windows NT 10.0; Win64; x64) AppleWebKit/537.36 (KHTML, like Gecko) Chrome/114.0.0.0 Safari/537.36 Edg/114.0.1823.43"
66.249.64.161 - - [07/Jul/2025:13:56:30 -0400] "GET /185pdjtb34760.html HTTP/1.1" 200 88073 "-" "Mozilla/5.0 (Linux; Android 6.0.1; Nexus 5X Build/MMB29P) AppleWebKit/537.36 (KHTML, like Gecko) Chrome/137.0.7151.103 Mobile Safari/537.36 (compatible; Googlebot/2.1; +http://www.google.com/bot.html)"
66.249.64.162 - - [07/Jul/2025:13:56:32 -0400] "GET /items/kcndv258/10960?key=parade HTTP/1.1" 200 86428 "-" "Mozilla/5.0 (Linux; Android 6.0.1; Nexus 5X Build/MMB29P) AppleWebKit/537.36 (KHTML, like Gecko) Chrome/137.0.7151.103 Mobile Safari/537.36 (compatible; Googlebot/2.1; +http://www.google.com/bot.html)"
136.243.228.194 - - [07/Jul/2025:13:56:28 -0400] "GET /194knayj24565.html HTTP/1.1" 404 23126 "-" "Mozilla/5.0 (compatible; DataForSeoBot/1.0; +https://dataforseo.com/dataforseo-bot)"
47.82.60.26 - - [07/Jul/2025:13:56:28 -0400] "GET /155wdhc20796.html HTTP/1.1" 404 23126 "https://dangroup.sa/155wdhc20796.html" "Mozilla/5.0 (Windows NT 10.0; Win64; x64) AppleWebKit/537.36 (KHTML, like Gecko) Chrome/114.0.0.0 Safari/537.36 Edg/114.0.1823.43"
66.29.146.47 - - [07/Jul/2025:13:56:36 -0400] "POST /wp-cron.php?doing_wp_cron=1751910996.3151559829711914062500 HTTP/1.1" 403 1242 "-" "WordPress/6.8; https://dangroup.sa"
51.222.253.19 - - [07/Jul/2025:13:56:35 -0400] "GET /63vvp148.html HTTP/1.1" 404 23126 "-" "Mozilla/5.0 (compatible; AhrefsBot/7.0; +http://ahrefs.com/robot/)"
136.243.228.194 - - [07/Jul/2025:13:56:37 -0400] "GET /items/twfwv111/3921?key=electronics HTTP/1.1" 404 23126 "-" "Mozilla/5.0 (compatible; DataForSeoBot/1.0; +https://dataforseo.com/dataforseo-bot)"
188.166.211.225 - - [07/Jul/2025:13:56:47 -0400] "GET /wp-login.php HTTP/1.1" 200 3095 "-" "Mozilla/5.0 (Windows NT 6.3; WOW64; rv:40.0) Gecko/20100101 Firefox/40.0"
20.171.207.36 - - [07/Jul/2025:13:56:46 -0400] "GET /78zgwu14729.html HTTP/1.1" 404 23126 "-" "Mozilla/5.0 AppleWebKit/537.36 (KHTML, like Gecko; compatible; GPTBot/1.2; +https://openai.com/gptbot)"
188.166.211.225 - - [07/Jul/2025:13:56:51 -0400] "GET /wp-login.php HTTP/1.1" 200 3095 "-" "Mozilla/5.0 (Windows NT 6.3; WOW64; rv:40.0) Gecko/20100101 Firefox/40.0"
66.249.64.161 - - [07/Jul/2025:13:56:53 -0400] "GET /220leyxv23571.html HTTP/1.1" 200 87991 "-" "Mozilla/5.0 (Linux; Android 6.0.1; Nexus 5X Build/MMB29P) AppleWebKit/537.36 (KHTML, like Gecko) Chrome/137.0.7151.103 Mobile Safari/537.36 (compatible; Googlebot/2.1; +http://www.google.com/bot.html)"
136.243.228.194 - - [07/Jul/2025:13:56:47 -0400] "GET /items/zuphq101/38505?key=aircraft HTTP/1.1" 404 23126 "-" "Mozilla/5.0 (compatible; DataForSeoBot/1.0; +https://dataforseo.com/dataforseo-bot)"
47.82.60.50 - - [07/Jul/2025:13:56:51 -0400] "GET /89sijtg42948.html HTTP/1.1" 404 23126 "https://dangroup.sa/89sijtg42948.html" "Mozilla/5.0 (Windows NT 10.0; Win64; x64) AppleWebKit/537.36 (KHTML, like Gecko) Chrome/114.0.0.0 Safari/537.36 Edg/114.0.1823.43"
136.243.228.194 - - [07/Jul/2025:13:56:58 -0400] "GET /items/jemrx98/9214?key=again HTTP/1.1" 404 23126 "-" "Mozilla/5.0 (compatible; DataForSeoBot/1.0; +https://dataforseo.com/dataforseo-bot)"
136.243.228.194 - - [07/Jul/2025:13:57:03 -0400] "GET /items/bzojz175/2931?key=how HTTP/1.1" 404 23126 "-" "Mozilla/5.0 (compatible; DataForSeoBot/1.0; +https://dataforseo.com/dataforseo-bot)"
66.249.64.163 - - [07/Jul/2025:13:57:09 -0400] "GET /234ptoyl12057.html HTTP/1.1" 200 86505 "-" "Mozilla/5.0 (compatible; Googlebot/2.1; +http://www.google.com/bot.html)"
66.249.64.161 - - [07/Jul/2025:13:57:09 -0400] "GET /items/tcrkn239/4529?key=memory HTTP/1.1" 200 87419 "-" "Mozilla/5.0 (Linux; Android 6.0.1; Nexus 5X Build/MMB29P) AppleWebKit/537.36 (KHTML, like Gecko) Chrome/137.0.7151.103 Mobile Safari/537.36 (compatible; Googlebot/2.1; +http://www.google.com/bot.html)"
136.243.228.194 - - [07/Jul/2025:13:57:07 -0400] "GET /241yaua28028.html HTTP/1.1" 404 23126 "-" "Mozilla/5.0 (compatible; DataForSeoBot/1.0; +https://dataforseo.com/dataforseo-bot)"
66.249.64.161 - - [07/Jul/2025:13:57:14 -0400] "GET /pcmypage?callback=product/review/hirochishop-2-ea992ce-87 HTTP/1.1" 200 87605 "-" "Mozilla/5.0 (Linux; Android 6.0.1; Nexus 5X Build/MMB29P) AppleWebKit/537.36 (KHTML, like Gecko) Chrome/137.0.7151.103 Mobile Safari/537.36 (compatible; Googlebot/2.1; +http://www.google.com/bot.html)"
66.249.64.161 - - [07/Jul/2025:13:57:15 -0400] "GET /10kskr36099.html HTTP/1.1" 200 86934 "-" "Mozilla/5.0 (Linux; Android 6.0.1; Nexus 5X Build/MMB29P) AppleWebKit/537.36 (KHTML, like Gecko) Chrome/137.0.7151.103 Mobile Safari/537.36 (compatible; Googlebot/2.1; +http://www.google.com/bot.html)"
136.243.228.194 - - [07/Jul/2025:13:57:14 -0400] "GET /items/tlgke12/17158?key=ladder HTTP/1.1" 404 23126 "-" "Mozilla/5.0 (compatible; DataForSeoBot/1.0; +https://dataforseo.com/dataforseo-bot)"
188.166.211.225 - - [07/Jul/2025:13:57:23 -0400] "GET /wp-login.php HTTP/1.1" 200 3129 "-" "Mozilla/5.0 (Macintosh; Intel Mac OS X 10_11_5) AppleWebKit/537.36 (KHTML, like Gecko) Chrome/50.0.2661.102 Safari/537.36"
136.243.228.194 - - [07/Jul/2025:13:57:20 -0400] "GET /items/dnsgd7/25719?key=flight HTTP/1.1" 404 23126 "-" "Mozilla/5.0 (compatible; DataForSeoBot/1.0; +https://dataforseo.com/dataforseo-bot)"
188.166.211.225 - - [07/Jul/2025:13:57:28 -0400] "GET /wp-login.php HTTP/1.1" 200 3095 "-" "Mozilla/5.0 (Macintosh; Intel Mac OS X 10_11_5) AppleWebKit/537.36 (KHTML, like Gecko) Chrome/50.0.2661.102 Safari/537.36"
136.243.228.194 - - [07/Jul/2025:13:57:28 -0400] "GET /items/ogtuf291/26171?key=elsewhere HTTP/1.1" 404 23126 "-" "Mozilla/5.0 (compatible; DataForSeoBot/1.0; +https://dataforseo.com/dataforseo-bot)"
66.249.64.161 - - [07/Jul/2025:13:57:38 -0400] "GET /54tftel44465.html HTTP/1.1" 200 88378 "-" "Mozilla/5.0 (Linux; Android 6.0.1; Nexus 5X Build/MMB29P) AppleWebKit/537.36 (KHTML, like Gecko) Chrome/137.0.7151.103 Mobile Safari/537.36 (compatible; Googlebot/2.1; +http://www.google.com/bot.html)"
136.243.228.194 - - [07/Jul/2025:13:57:35 -0400] "GET /147eho15826.html HTTP/1.1" 404 23127 "-" "Mozilla/5.0 (compatible; DataForSeoBot/1.0; +https://dataforseo.com/dataforseo-bot)"
66.29.146.47 - - [07/Jul/2025:13:57:43 -0400] "POST /wp-cron.php?doing_wp_cron=1751911063.3300390243530273437500 HTTP/1.1" 403 1242 "-" "WordPress/6.8; https://dangroup.sa"
136.243.228.194 - - [07/Jul/2025:13:57:43 -0400] "GET /182wchg9121.html HTTP/1.1" 404 23126 "-" "Mozilla/5.0 (compatible; DataForSeoBot/1.0; +https://dataforseo.com/dataforseo-bot)"
188.166.211.225 - - [07/Jul/2025:13:57:48 -0400] "GET /wp-login.php HTTP/1.1" 200 3095 "-" "Mozilla/5.0 (Windows NT 6.1; WOW64; Trident/7.0; AS; rv:11.0) like Gecko"
136.243.228.194 - - [07/Jul/2025:13:57:47 -0400] "GET /items/nfoyo44/38912?key=wilderness HTTP/1.1" 404 23126 "-" "Mozilla/5.0 (compatible; DataForSeoBot/1.0; +https://dataforseo.com/dataforseo-bot)"
20.171.207.36 - - [07/Jul/2025:13:57:47 -0400] "GET /88heco37231.html HTTP/1.1" 404 23126 "-" "Mozilla/5.0 AppleWebKit/537.36 (KHTML, like Gecko; compatible; GPTBot/1.2; +https://openai.com/gptbot)"
188.166.211.225 - - [07/Jul/2025:13:57:53 -0400] "GET /wp-login.php HTTP/1.1" 200 3095 "-" "Mozilla/5.0 (Windows NT 6.1; WOW64; Trident/7.0; AS; rv:11.0) like Gecko"
136.243.228.194 - - [07/Jul/2025:13:57:52 -0400] "GET /278qzmsn1857.html HTTP/1.1" 404 23126 "-" "Mozilla/5.0 (compatible; DataForSeoBot/1.0; +https://dataforseo.com/dataforseo-bot)"
66.249.64.161 - - [07/Jul/2025:13:57:59 -0400] "GET /94ufsv2587.html HTTP/1.1" 200 87617 "-" "Mozilla/5.0 (Linux; Android 6.0.1; Nexus 5X Build/MMB29P) AppleWebKit/537.36 (KHTML, like Gecko) Chrome/137.0.7151.103 Mobile Safari/537.36 (compatible; Googlebot/2.1; +http://www.google.com/bot.html)"
47.82.60.31 - - [07/Jul/2025:13:57:57 -0400] "GET /171tlwlv7952.html HTTP/1.1" 404 23126 "https://dangroup.sa/171tlwlv7952.html" "Mozilla/5.0 (Windows NT 10.0; Win64; x64) AppleWebKit/537.36 (KHTML, like Gecko) Chrome/114.0.0.0 Safari/537.36 Edg/114.0.1823.43"
136.243.228.194 - - [07/Jul/2025:13:57:59 -0400] "GET /items/vgbee126/47026?key=campus HTTP/1.1" 404 23126 "-" "Mozilla/5.0 (compatible; DataForSeoBot/1.0; +https://dataforseo.com/dataforseo-bot)"
136.243.228.194 - - [07/Jul/2025:13:58:07 -0400] "GET /45pgptw600.html HTTP/1.1" 404 23126 "-" "Mozilla/5.0 (compatible; DataForSeoBot/1.0; +https://dataforseo.com/dataforseo-bot)"
136.243.228.194 - - [07/Jul/2025:13:58:12 -0400] "GET /299aoac22264.html HTTP/1.1" 404 23126 "-" "Mozilla/5.0 (compatible; DataForSeoBot/1.0; +https://dataforseo.com/dataforseo-bot)"
136.243.228.194 - - [07/Jul/2025:13:58:16 -0400] "GET /272sep36379.html HTTP/1.1" 404 23126 "-" "Mozilla/5.0 (compatible; DataForSeoBot/1.0; +https://dataforseo.com/dataforseo-bot)"
66.249.64.161 - - [07/Jul/2025:13:58:22 -0400] "GET /293qxuwl6088.html HTTP/1.1" 200 87780 "-" "Mozilla/5.0 (Linux; Android 6.0.1; Nexus 5X Build/MMB29P) AppleWebKit/537.36 (KHTML, like Gecko) Chrome/137.0.7151.103 Mobile Safari/537.36 (compatible; Googlebot/2.1; +http://www.google.com/bot.html)"
136.243.228.194 - - [07/Jul/2025:13:58:20 -0400] "GET /items/tkhbg124/25092?key=mortgage HTTP/1.1" 404 23126 "-" "Mozilla/5.0 (compatible; DataForSeoBot/1.0; +https://dataforseo.com/dataforseo-bot)"
188.166.211.225 - - [07/Jul/2025:13:58:29 -0400] "GET /wp-login.php HTTP/1.1" 200 3095 "-" "Mozilla/5.0 (Windows NT 10.0; Win64; x64) AppleWebKit/537.36 (KHTML, like Gecko) Chrome/58.0.3029.110 Safari/537.3"
136.243.228.194 - - [07/Jul/2025:13:58:28 -0400] "GET /195fylq24300.html HTTP/1.1" 404 23126 "-" "Mozilla/5.0 (compatible; DataForSeoBot/1.0; +https://dataforseo.com/dataforseo-bot)"
188.166.211.225 - - [07/Jul/2025:13:58:33 -0400] "GET /wp-login.php HTTP/1.1" 200 3095 "-" "Mozilla/5.0 (Windows NT 10.0; Win64; x64) AppleWebKit/537.36 (KHTML, like Gecko) Chrome/58.0.3029.110 Safari/537.3"
47.82.60.5 - - [07/Jul/2025:13:58:32 -0400] "GET /items/talcc177/49725?key=site HTTP/1.1" 404 23126 "https://dangroup.sa/items/talcc177/49725?key=site" "Mozilla/5.0 (Windows NT 10.0; Win64; x64) AppleWebKit/537.36 (KHTML, like Gecko) Chrome/114.0.0.0 Safari/537.36 Edg/114.0.1823.43"
136.243.228.194 - - [07/Jul/2025:13:58:35 -0400] "GET /130usi12883.html HTTP/1.1" 404 23126 "-" "Mozilla/5.0 (compatible; DataForSeoBot/1.0; +https://dataforseo.com/dataforseo-bot)"
66.249.64.161 - - [07/Jul/2025:13:58:43 -0400] "GET /pcmypage?callback=product/review/watch-timezone-10107560 HTTP/1.1" 200 88638 "-" "Mozilla/5.0 (Linux; Android 6.0.1; Nexus 5X Build/MMB29P) AppleWebKit/537.36 (KHTML, like Gecko) Chrome/137.0.7151.103 Mobile Safari/537.36 (compatible; Googlebot/2.1; +http://www.google.com/bot.html)"
66.29.146.47 - - [07/Jul/2025:13:58:44 -0400] "POST /wp-cron.php?doing_wp_cron=1751911124.1189830303192138671875 HTTP/1.1" 403 1242 "-" "WordPress/6.8; https://dangroup.sa"
136.243.228.194 - - [07/Jul/2025:13:58:43 -0400] "GET /256iwnl3387.html HTTP/1.1" 404 23126 "-" "Mozilla/5.0 (compatible; DataForSeoBot/1.0; +https://dataforseo.com/dataforseo-bot)"
136.243.228.194 - - [07/Jul/2025:13:58:48 -0400] "GET /items/efdir25/15889?key=fighter HTTP/1.1" 404 23126 "-" "Mozilla/5.0 (compatible; DataForSeoBot/1.0; +https://dataforseo.com/dataforseo-bot)"
20.171.207.36 - - [07/Jul/2025:13:58:50 -0400] "GET /items/tcjkc286/30476?key=long HTTP/1.1" 404 23127 "-" "Mozilla/5.0 AppleWebKit/537.36 (KHTML, like Gecko; compatible; GPTBot/1.2; +https://openai.com/gptbot)"
136.243.228.194 - - [07/Jul/2025:13:58:56 -0400] "GET /35qrk33720.html HTTP/1.1" 404 23126 "-" "Mozilla/5.0 (compatible; DataForSeoBot/1.0; +https://dataforseo.com/dataforseo-bot)"
66.249.64.161 - - [07/Jul/2025:13:58:57 -0400] "GET /items/mhzyk119/8629?key=wound HTTP/1.1" 200 86426 "-" "Mozilla/5.0 (compatible; Googlebot/2.1; +http://www.google.com/bot.html)"
136.243.228.194 - - [07/Jul/2025:13:58:59 -0400] "GET /items/obfjl6/32848?key=ie HTTP/1.1" 404 23126 "-" "Mozilla/5.0 (compatible; DataForSeoBot/1.0; +https://dataforseo.com/dataforseo-bot)"
66.249.64.162 - - [07/Jul/2025:13:59:03 -0400] "GET /pcmypage?callback=product%2Fdetail%2Fdenzaido-0005000134304 HTTP/1.1" 200 88080 "-" "Mozilla/5.0 (Linux; Android 6.0.1; Nexus 5X Build/MMB29P) AppleWebKit/537.36 (KHTML, like Gecko) Chrome/137.0.7151.103 Mobile Safari/537.36 (compatible; Googlebot/2.1; +http://www.google.com/bot.html)"
136.243.228.194 - - [07/Jul/2025:13:59:04 -0400] "GET /items/sddqp63/32379?key=green HTTP/1.1" 404 23126 "-" "Mozilla/5.0 (compatible; DataForSeoBot/1.0; +https://dataforseo.com/dataforseo-bot)"
136.243.228.194 - - [07/Jul/2025:13:59:08 -0400] "GET /198yhfc12785.html HTTP/1.1" 404 23126 "-" "Mozilla/5.0 (compatible; DataForSeoBot/1.0; +https://dataforseo.com/dataforseo-bot)"
136.243.228.194 - - [07/Jul/2025:13:59:11 -0400] "GET /83kxc40636.html HTTP/1.1" 404 23126 "-" "Mozilla/5.0 (compatible; DataForSeoBot/1.0; +https://dataforseo.com/dataforseo-bot)"
136.243.228.194 - - [07/Jul/2025:13:59:16 -0400] "GET /155kqygt5768.html HTTP/1.1" 404 23126 "-" "Mozilla/5.0 (compatible; DataForSeoBot/1.0; +https://dataforseo.com/dataforseo-bot)"
136.243.228.194 - - [07/Jul/2025:13:59:19 -0400] "GET /items/huhsq180/9274?key=party HTTP/1.1" 404 23126 "-" "Mozilla/5.0 (compatible; DataForSeoBot/1.0; +https://dataforseo.com/dataforseo-bot)"
141.95.53.61 - - [07/Jul/2025:13:59:21 -0400] "GET /xmlrpc.php HTTP/1.1" 403 1242 "https://danevnt.com/xmlrpc.php" "Mozilla/5.0 (X11; Ubuntu; Linux x86_64; rv:85.0) Gecko/20100101 Firefox/91.0"
66.249.64.162 - - [07/Jul/2025:13:59:24 -0400] "GET /28vkyn33057.html HTTP/1.1" 200 87609 "-" "Mozilla/5.0 (Linux; Android 6.0.1; Nexus 5X Build/MMB29P) AppleWebKit/537.36 (KHTML, like Gecko) Chrome/137.0.7151.103 Mobile Safari/537.36 (compatible; Googlebot/2.1; +http://www.google.com/bot.html)"
136.243.228.194 - - [07/Jul/2025:13:59:23 -0400] "GET /items/uewlp288/13802?key=sidewalk HTTP/1.1" 404 23126 "-" "Mozilla/5.0 (compatible; DataForSeoBot/1.0; +https://dataforseo.com/dataforseo-bot)"
136.243.228.194 - - [07/Jul/2025:13:59:28 -0400] "GET /items/hemsk215/29587?key=grain HTTP/1.1" 404 23126 "-" "Mozilla/5.0 (compatible; DataForSeoBot/1.0; +https://dataforseo.com/dataforseo-bot)"
136.243.228.194 - - [07/Jul/2025:13:59:33 -0400] "GET /183uwu22310.html HTTP/1.1" 404 23126 "-" "Mozilla/5.0 (compatible; DataForSeoBot/1.0; +https://dataforseo.com/dataforseo-bot)"
136.243.228.194 - - [07/Jul/2025:13:59:38 -0400] "GET /items/xdjon81/29623?key=ministry HTTP/1.1" 404 23126 "-" "Mozilla/5.0 (compatible; DataForSeoBot/1.0; +https://dataforseo.com/dataforseo-bot)"
136.243.228.194 - - [07/Jul/2025:13:59:42 -0400] "GET /274spf25695.html HTTP/1.1" 404 23126 "-" "Mozilla/5.0 (compatible; DataForSeoBot/1.0; +https://dataforseo.com/dataforseo-bot)"
66.249.64.161 - - [07/Jul/2025:13:59:44 -0400] "GET /196zhpbb47405.html HTTP/1.1" 200 87518 "-" "Mozilla/5.0 (Linux; Android 6.0.1; Nexus 5X Build/MMB29P) AppleWebKit/537.36 (KHTML, like Gecko) Chrome/137.0.7151.103 Mobile Safari/537.36 (compatible; Googlebot/2.1; +http://www.google.com/bot.html)"
66.249.64.99 - - [07/Jul/2025:13:59:45 -0400] "GET /68eut13699.html HTTP/1.1" 200 87275 "-" "Mozilla/5.0 (Linux; Android 6.0.1; Nexus 5X Build/MMB29P) AppleWebKit/537.36 (KHTML, like Gecko) Chrome/137.0.7151.103 Mobile Safari/537.36 (compatible; Googlebot/2.1; +http://www.google.com/bot.html)"
66.29.146.47 - - [07/Jul/2025:13:59:47 -0400] "POST /wp-cron.php?doing_wp_cron=1751911186.9312360286712646484375 HTTP/1.1" 403 1242 "-" "WordPress/6.8; https://dangroup.sa"
188.166.211.225 - - [07/Jul/2025:13:59:46 -0400] "GET /wp-login.php HTTP/1.1" 200 3129 "-" "Mozilla/5.0 (Windows NT 6.3; WOW64; rv:40.0) Gecko/20100101 Firefox/40.0"
66.29.146.47 - - [07/Jul/2025:13:59:47 -0400] "POST /wp-cron.php?doing_wp_cron=1751911187.4279489517211914062500 HTTP/1.1" 403 1242 "-" "WordPress/6.8; https://dangroup.sa"
66.249.64.161 - - [07/Jul/2025:13:59:47 -0400] "GET /68bmn6139.html HTTP/1.1" 200 87829 "-" "Mozilla/5.0 (Linux; Android 6.0.1; Nexus 5X Build/MMB29P) AppleWebKit/537.36 (KHTML, like Gecko) Chrome/137.0.7151.103 Mobile Safari/537.36 (compatible; Googlebot/2.1; +http://www.google.com/bot.html)"
136.243.228.194 - - [07/Jul/2025:13:59:46 -0400] "GET /items/gmqfv190/15312?key=close HTTP/1.1" 404 23127 "-" "Mozilla/5.0 (compatible; DataForSeoBot/1.0; +https://dataforseo.com/dataforseo-bot)"
188.166.211.225 - - [07/Jul/2025:13:59:51 -0400] "GET /wp-login.php HTTP/1.1" 200 3129 "-" "Mozilla/5.0 (Windows NT 6.3; WOW64; rv:40.0) Gecko/20100101 Firefox/40.0"
136.243.228.194 - - [07/Jul/2025:13:59:50 -0400] "GET /58doakj9183.html HTTP/1.1" 404 23126 "-" "Mozilla/5.0 (compatible; DataForSeoBot/1.0; +https://dataforseo.com/dataforseo-bot)"
20.171.207.36 - - [07/Jul/2025:13:59:52 -0400] "GET /3cbngu3124.html HTTP/1.1" 404 23127 "-" "Mozilla/5.0 AppleWebKit/537.36 (KHTML, like Gecko; compatible; GPTBot/1.2; +https://openai.com/gptbot)"
136.243.228.194 - - [07/Jul/2025:13:59:59 -0400] "GET /items/mybov286/8158?key=touchdown HTTP/1.1" 404 23126 "-" "Mozilla/5.0 (compatible; DataForSeoBot/1.0; +https://dataforseo.com/dataforseo-bot)"
136.243.228.194 - - [07/Jul/2025:14:00:04 -0400] "GET /items/vxlbv238/25882?key=essentially HTTP/1.1" 404 23126 "-" "Mozilla/5.0 (compatible; DataForSeoBot/1.0; +https://dataforseo.com/dataforseo-bot)"
47.82.60.38 - - [07/Jul/2025:14:00:10 -0400] "GET /items/lhtnz155/16111?key=will HTTP/1.1" 301 0 "https://www.dangroup.sa/items/lhtnz155/16111?key=will" "Mozilla/5.0 (Windows NT 10.0; Win64; x64) AppleWebKit/537.36 (KHTML, like Gecko) Chrome/114.0.0.0 Safari/537.36 Edg/114.0.1823.43"
136.243.228.194 - - [07/Jul/2025:14:00:11 -0400] "GET /185kpkwe3690.html HTTP/1.1" 404 23126 "-" "Mozilla/5.0 (compatible; DataForSeoBot/1.0; +https://dataforseo.com/dataforseo-bot)"
47.82.60.38 - - [07/Jul/2025:14:00:12 -0400] "GET /items/lhtnz155/16111?key=will HTTP/1.1" 404 23126 "https://www.dangroup.sa/items/lhtnz155/16111?key=will" "Mozilla/5.0 (Windows NT 10.0; Win64; x64) AppleWebKit/537.36 (KHTML, like Gecko) Chrome/114.0.0.0 Safari/537.36 Edg/114.0.1823.43"
47.82.60.50 - - [07/Jul/2025:14:00:19 -0400] "GET /208rrmab45531.html HTTP/1.1" 404 23126 "https://dangroup.sa/208rrmab45531.html" "Mozilla/5.0 (Windows NT 10.0; Win64; x64) AppleWebKit/537.36 (KHTML, like Gecko) Chrome/114.0.0.0 Safari/537.36 Edg/114.0.1823.43"
