136.243.228.194 - - [07/Jul/2025:08:52:45 -0400] "GET /items/cicwa73/25937?key=constitute HTTP/1.1" 404 23126 "-" "Mozilla/5.0 (compatible; DataForSeoBot/1.0; +https://dataforseo.com/dataforseo-bot)"
47.82.60.33 - - [07/Jul/2025:08:52:51 -0400] "GET /97gqhm524.html HTTP/1.1" 301 0 "https://www.dangroup.sa/97gqhm524.html" "Mozilla/5.0 (Windows NT 10.0; Win64; x64) AppleWebKit/537.36 (KHTML, like Gecko) Chrome/114.0.0.0 Safari/537.36 Edg/114.0.1823.43"
136.243.228.194 - - [07/Jul/2025:08:52:49 -0400] "GET /items/uxsrr84/3910?key=trend HTTP/1.1" 404 23127 "-" "Mozilla/5.0 (compatible; DataForSeoBot/1.0; +https://dataforseo.com/dataforseo-bot)"
47.82.60.9 - - [07/Jul/2025:08:52:55 -0400] "GET /category/3835_21096_25399/1/listing HTTP/1.1" 301 0 "https://www.dangroup.sa/category/3835_21096_25399/1/listing" "Mozilla/5.0 (Windows NT 10.0; Win64; x64) AppleWebKit/537.36 (KHTML, like Gecko) Chrome/114.0.0.0 Safari/537.36 Edg/114.0.1823.43"
47.82.60.33 - - [07/Jul/2025:08:52:53 -0400] "GET /97gqhm524.html HTTP/1.1" 404 23127 "https://www.dangroup.sa/97gqhm524.html" "Mozilla/5.0 (Windows NT 10.0; Win64; x64) AppleWebKit/537.36 (KHTML, like Gecko) Chrome/114.0.0.0 Safari/537.36 Edg/114.0.1823.43"
47.82.60.46 - - [07/Jul/2025:08:52:59 -0400] "GET /70pgi46639.html HTTP/1.1" 301 0 "https://www.dangroup.sa/70pgi46639.html" "Mozilla/5.0 (Windows NT 10.0; Win64; x64) AppleWebKit/537.36 (KHTML, like Gecko) Chrome/114.0.0.0 Safari/537.36 Edg/114.0.1823.43"
136.243.228.194 - - [07/Jul/2025:08:52:55 -0400] "GET /items/uzvkp74/2030?key=trading HTTP/1.1" 404 23126 "-" "Mozilla/5.0 (compatible; DataForSeoBot/1.0; +https://dataforseo.com/dataforseo-bot)"
47.82.60.9 - - [07/Jul/2025:08:52:57 -0400] "GET /category/3835_21096_25399/1/listing HTTP/1.1" 404 23306 "https://www.dangroup.sa/category/3835_21096_25399/1/listing" "Mozilla/5.0 (Windows NT 10.0; Win64; x64) AppleWebKit/537.36 (KHTML, like Gecko) Chrome/114.0.0.0 Safari/537.36 Edg/114.0.1823.43"
66.29.146.47 - - [07/Jul/2025:08:53:04 -0400] "POST /wp-cron.php?doing_wp_cron=1751892784.4238240718841552734375 HTTP/1.1" 403 1242 "-" "WordPress/6.8; https://dangroup.sa"
47.82.60.46 - - [07/Jul/2025:08:53:01 -0400] "GET /70pgi46639.html HTTP/1.1" 404 23126 "https://www.dangroup.sa/70pgi46639.html" "Mozilla/5.0 (Windows NT 10.0; Win64; x64) AppleWebKit/537.36 (KHTML, like Gecko) Chrome/114.0.0.0 Safari/537.36 Edg/114.0.1823.43"
192.178.6.68 - - [07/Jul/2025:08:53:06 -0400] "GET /items/atikb114/42874?key=pressure HTTP/1.1" 200 86812 "-" "Mozilla/5.0 (compatible; Googlebot/2.1; +http://www.google.com/bot.html)"
136.243.228.194 - - [07/Jul/2025:08:53:03 -0400] "GET /items/hovth114/32146?key=revolution HTTP/1.1" 404 23127 "-" "Mozilla/5.0 (compatible; DataForSeoBot/1.0; +https://dataforseo.com/dataforseo-bot)"
192.178.6.69 - - [07/Jul/2025:08:53:12 -0400] "GET /35qaje27600.html HTTP/1.1" 200 87005 "-" "Mozilla/5.0 (Linux; Android 6.0.1; Nexus 5X Build/MMB29P) AppleWebKit/537.36 (KHTML, like Gecko) Chrome/137.0.7151.103 Mobile Safari/537.36 (compatible; Googlebot/2.1; +http://www.google.com/bot.html)"
136.243.228.194 - - [07/Jul/2025:08:53:11 -0400] "GET /items/xgqwb98/47254?key=reference HTTP/1.1" 404 23126 "-" "Mozilla/5.0 (compatible; DataForSeoBot/1.0; +https://dataforseo.com/dataforseo-bot)"
192.178.6.69 - - [07/Jul/2025:08:53:13 -0400] "GET /215njuja39136.html HTTP/1.1" 200 87266 "-" "Mozilla/5.0 (Linux; Android 6.0.1; Nexus 5X Build/MMB29P) AppleWebKit/537.36 (KHTML, like Gecko) Chrome/137.0.7151.103 Mobile Safari/537.36 (compatible; Googlebot/2.1; +http://www.google.com/bot.html)"
192.178.6.68 - - [07/Jul/2025:08:53:14 -0400] "GET /144xuwy38947.html HTTP/1.1" 200 88144 "-" "Mozilla/5.0 (Linux; Android 6.0.1; Nexus 5X Build/MMB29P) AppleWebKit/537.36 (KHTML, like Gecko) Chrome/137.0.7151.103 Mobile Safari/537.36 (compatible; Googlebot/2.1; +http://www.google.com/bot.html)"
136.243.228.194 - - [07/Jul/2025:08:53:15 -0400] "GET /277zpk17518.html HTTP/1.1" 404 23126 "-" "Mozilla/5.0 (compatible; DataForSeoBot/1.0; +https://dataforseo.com/dataforseo-bot)"
192.178.6.69 - - [07/Jul/2025:08:53:18 -0400] "GET /45ohte37652.html HTTP/1.1" 200 85928 "-" "Mozilla/5.0 (compatible; Googlebot/2.1; +http://www.google.com/bot.html)"
136.243.228.194 - - [07/Jul/2025:08:53:20 -0400] "GET /125igghs20572.html HTTP/1.1" 404 23126 "-" "Mozilla/5.0 (compatible; DataForSeoBot/1.0; +https://dataforseo.com/dataforseo-bot)"
47.82.60.11 - - [07/Jul/2025:08:53:26 -0400] "GET /8kjkd439.html HTTP/1.1" 301 0 "https://www.dangroup.sa/8kjkd439.html" "Mozilla/5.0 (Windows NT 10.0; Win64; x64) AppleWebKit/537.36 (KHTML, like Gecko) Chrome/114.0.0.0 Safari/537.36 Edg/114.0.1823.43"
136.243.228.194 - - [07/Jul/2025:08:53:24 -0400] "GET /items/zbnkd5/28903?key=honest HTTP/1.1" 404 23126 "-" "Mozilla/5.0 (compatible; DataForSeoBot/1.0; +https://dataforseo.com/dataforseo-bot)"
47.82.60.35 - - [07/Jul/2025:08:53:24 -0400] "GET /298rat20055.html HTTP/1.1" 404 23126 "https://dangroup.sa/298rat20055.html" "Mozilla/5.0 (Windows NT 10.0; Win64; x64) AppleWebKit/537.36 (KHTML, like Gecko) Chrome/114.0.0.0 Safari/537.36 Edg/114.0.1823.43"
47.82.60.11 - - [07/Jul/2025:08:53:29 -0400] "GET /8kjkd439.html HTTP/1.1" 404 23126 "https://www.dangroup.sa/8kjkd439.html" "Mozilla/5.0 (Windows NT 10.0; Win64; x64) AppleWebKit/537.36 (KHTML, like Gecko) Chrome/114.0.0.0 Safari/537.36 Edg/114.0.1823.43"
136.243.228.194 - - [07/Jul/2025:08:53:31 -0400] "GET /items/xlwpd61/35349?key=premium HTTP/1.1" 404 23126 "-" "Mozilla/5.0 (compatible; DataForSeoBot/1.0; +https://dataforseo.com/dataforseo-bot)"
20.171.207.36 - - [07/Jul/2025:08:53:36 -0400] "GET /254lndb9651.html HTTP/1.1" 404 23126 "-" "Mozilla/5.0 AppleWebKit/537.36 (KHTML, like Gecko; compatible; GPTBot/1.2; +https://openai.com/gptbot)"
136.243.228.194 - - [07/Jul/2025:08:53:37 -0400] "GET /134wct10871.html HTTP/1.1" 404 23126 "-" "Mozilla/5.0 (compatible; DataForSeoBot/1.0; +https://dataforseo.com/dataforseo-bot)"
136.243.228.194 - - [07/Jul/2025:08:53:43 -0400] "GET /119tnc32464.html HTTP/1.1" 404 23126 "-" "Mozilla/5.0 (compatible; DataForSeoBot/1.0; +https://dataforseo.com/dataforseo-bot)"
47.82.60.2 - - [07/Jul/2025:08:53:45 -0400] "GET /82ngq46175.html HTTP/1.1" 404 23126 "https://dangroup.sa/82ngq46175.html" "Mozilla/5.0 (Windows NT 10.0; Win64; x64) AppleWebKit/537.36 (KHTML, like Gecko) Chrome/114.0.0.0 Safari/537.36 Edg/114.0.1823.43"
136.243.228.194 - - [07/Jul/2025:08:53:47 -0400] "GET /items/rqcni138/61852?key=laboratory HTTP/1.1" 404 23126 "-" "Mozilla/5.0 (compatible; DataForSeoBot/1.0; +https://dataforseo.com/dataforseo-bot)"
136.243.228.194 - - [07/Jul/2025:08:53:54 -0400] "GET /items/rnfmc79/12267?key=indicator HTTP/1.1" 404 23126 "-" "Mozilla/5.0 (compatible; DataForSeoBot/1.0; +https://dataforseo.com/dataforseo-bot)"
136.243.228.194 - - [07/Jul/2025:08:53:58 -0400] "GET /items/hpsrb295/25833?key=night HTTP/1.1" 404 23126 "-" "Mozilla/5.0 (compatible; DataForSeoBot/1.0; +https://dataforseo.com/dataforseo-bot)"
66.29.146.47 - - [07/Jul/2025:08:54:04 -0400] "POST /wp-cron.php?doing_wp_cron=1751892844.5664050579071044921875 HTTP/1.1" 403 1242 "-" "WordPress/6.8; https://dangroup.sa"
136.243.228.194 - - [07/Jul/2025:08:54:04 -0400] "GET /170omt34541.html HTTP/1.1" 404 23126 "-" "Mozilla/5.0 (compatible; DataForSeoBot/1.0; +https://dataforseo.com/dataforseo-bot)"
47.82.60.12 - - [07/Jul/2025:08:54:05 -0400] "GET /items/bvlme255/21977?key=accuracy HTTP/1.1" 404 23126 "https://dangroup.sa/items/bvlme255/21977?key=accuracy" "Mozilla/5.0 (Windows NT 10.0; Win64; x64) AppleWebKit/537.36 (KHTML, like Gecko) Chrome/114.0.0.0 Safari/537.36 Edg/114.0.1823.43"
136.243.228.194 - - [07/Jul/2025:08:54:09 -0400] "GET /269hzs25658.html HTTP/1.1" 404 23126 "-" "Mozilla/5.0 (compatible; DataForSeoBot/1.0; +https://dataforseo.com/dataforseo-bot)"
66.249.72.106 - - [07/Jul/2025:08:54:16 -0400] "GET /items/blris117/39879?key=rate HTTP/1.1" 200 87366 "-" "Mozilla/5.0 (Linux; Android 6.0.1; Nexus 5X Build/MMB29P) AppleWebKit/537.36 (KHTML, like Gecko) Chrome/137.0.7151.103 Mobile Safari/537.36 (compatible; Googlebot/2.1; +http://www.google.com/bot.html)"
136.243.228.194 - - [07/Jul/2025:08:54:15 -0400] "GET /items/nyebx108/28306?key=scene HTTP/1.1" 404 23126 "-" "Mozilla/5.0 (compatible; DataForSeoBot/1.0; +https://dataforseo.com/dataforseo-bot)"
192.178.6.68 - - [07/Jul/2025:08:54:18 -0400] "GET /263xhfc15708.html HTTP/1.1" 200 87189 "-" "Mozilla/5.0 (Linux; Android 6.0.1; Nexus 5X Build/MMB29P) AppleWebKit/537.36 (KHTML, like Gecko) Chrome/137.0.7151.103 Mobile Safari/537.36 (compatible; Googlebot/2.1; +http://www.google.com/bot.html)"
136.243.228.194 - - [07/Jul/2025:08:54:19 -0400] "GET /135cha9026.html HTTP/1.1" 404 23127 "-" "Mozilla/5.0 (compatible; DataForSeoBot/1.0; +https://dataforseo.com/dataforseo-bot)"
136.243.228.194 - - [07/Jul/2025:08:54:23 -0400] "GET /items/msgsf12/1920?key=who HTTP/1.1" 404 23126 "-" "Mozilla/5.0 (compatible; DataForSeoBot/1.0; +https://dataforseo.com/dataforseo-bot)"
136.243.228.194 - - [07/Jul/2025:08:54:28 -0400] "GET /221rqtqx22680.html HTTP/1.1" 404 23127 "-" "Mozilla/5.0 (compatible; DataForSeoBot/1.0; +https://dataforseo.com/dataforseo-bot)"
136.243.228.194 - - [07/Jul/2025:08:54:34 -0400] "GET /items/pxptk254/43352?key=target HTTP/1.1" 404 23126 "-" "Mozilla/5.0 (compatible; DataForSeoBot/1.0; +https://dataforseo.com/dataforseo-bot)"
20.171.207.36 - - [07/Jul/2025:08:54:36 -0400] "GET /47jdfb11980.html HTTP/1.1" 404 23126 "-" "Mozilla/5.0 AppleWebKit/537.36 (KHTML, like Gecko; compatible; GPTBot/1.2; +https://openai.com/gptbot)"
136.243.228.194 - - [07/Jul/2025:08:54:39 -0400] "GET /items/zovmg240/38528?key=conservative HTTP/1.1" 404 23126 "-" "Mozilla/5.0 (compatible; DataForSeoBot/1.0; +https://dataforseo.com/dataforseo-bot)"
136.243.228.194 - - [07/Jul/2025:08:54:46 -0400] "GET /items/qpztf235/18269?key=bar HTTP/1.1" 404 23126 "-" "Mozilla/5.0 (compatible; DataForSeoBot/1.0; +https://dataforseo.com/dataforseo-bot)"
136.243.228.194 - - [07/Jul/2025:08:54:50 -0400] "GET /items/zbcfv34/1032?key=injure HTTP/1.1" 404 23126 "-" "Mozilla/5.0 (compatible; DataForSeoBot/1.0; +https://dataforseo.com/dataforseo-bot)"
136.243.228.194 - - [07/Jul/2025:08:54:54 -0400] "GET /151zmizi2614.html HTTP/1.1" 404 23126 "-" "Mozilla/5.0 (compatible; DataForSeoBot/1.0; +https://dataforseo.com/dataforseo-bot)"
136.243.228.194 - - [07/Jul/2025:08:55:00 -0400] "GET /125vyfh21206.html HTTP/1.1" 404 23126 "-" "Mozilla/5.0 (compatible; DataForSeoBot/1.0; +https://dataforseo.com/dataforseo-bot)"
66.29.146.47 - - [07/Jul/2025:08:55:07 -0400] "POST /wp-cron.php?doing_wp_cron=1751892907.0448729991912841796875 HTTP/1.1" 403 1242 "-" "WordPress/6.8; https://dangroup.sa"
136.243.228.194 - - [07/Jul/2025:08:55:06 -0400] "GET /94vsuta51.html HTTP/1.1" 404 23126 "-" "Mozilla/5.0 (compatible; DataForSeoBot/1.0; +https://dataforseo.com/dataforseo-bot)"
136.243.228.194 - - [07/Jul/2025:08:55:14 -0400] "GET /49fyxvy30882.html HTTP/1.1" 404 23126 "-" "Mozilla/5.0 (compatible; DataForSeoBot/1.0; +https://dataforseo.com/dataforseo-bot)"
192.178.6.69 - - [07/Jul/2025:08:55:23 -0400] "GET /pcmypage?callback=product/review/office-japan-e-02503226-10lot HTTP/1.1" 200 86557 "-" "Mozilla/5.0 (Linux; Android 6.0.1; Nexus 5X Build/MMB29P) AppleWebKit/537.36 (KHTML, like Gecko) Chrome/137.0.7151.103 Mobile Safari/537.36 (compatible; Googlebot/2.1; +http://www.google.com/bot.html)"
136.243.228.194 - - [07/Jul/2025:08:55:20 -0400] "GET /items/yftgf116/23670?key=broadcast HTTP/1.1" 404 23126 "-" "Mozilla/5.0 (compatible; DataForSeoBot/1.0; +https://dataforseo.com/dataforseo-bot)"
136.243.228.194 - - [07/Jul/2025:08:55:30 -0400] "GET /items/tllyo268/38866?key=exit HTTP/1.1" 404 23126 "-" "Mozilla/5.0 (compatible; DataForSeoBot/1.0; +https://dataforseo.com/dataforseo-bot)"
136.243.228.194 - - [07/Jul/2025:08:55:37 -0400] "GET /168pcwk30435.html HTTP/1.1" 404 23126 "-" "Mozilla/5.0 (compatible; DataForSeoBot/1.0; +https://dataforseo.com/dataforseo-bot)"
20.171.207.36 - - [07/Jul/2025:08:55:42 -0400] "GET /69rwvz18084.html HTTP/1.1" 404 23126 "-" "Mozilla/5.0 AppleWebKit/537.36 (KHTML, like Gecko; compatible; GPTBot/1.2; +https://openai.com/gptbot)"
136.243.228.194 - - [07/Jul/2025:08:55:45 -0400] "GET /items/xovla54/22008?key=house HTTP/1.1" 404 23126 "-" "Mozilla/5.0 (compatible; DataForSeoBot/1.0; +https://dataforseo.com/dataforseo-bot)"
136.243.228.194 - - [07/Jul/2025:08:55:50 -0400] "GET /158omyz7055.html HTTP/1.1" 404 23126 "-" "Mozilla/5.0 (compatible; DataForSeoBot/1.0; +https://dataforseo.com/dataforseo-bot)"
47.82.60.21 - - [07/Jul/2025:08:55:54 -0400] "GET /220iyvpj5793.html HTTP/1.1" 404 23126 "https://dangroup.sa/220iyvpj5793.html" "Mozilla/5.0 (Windows NT 10.0; Win64; x64) AppleWebKit/537.36 (KHTML, like Gecko) Chrome/114.0.0.0 Safari/537.36 Edg/114.0.1823.43"
192.178.6.69 - - [07/Jul/2025:08:55:58 -0400] "GET /211kkki47000.html HTTP/1.1" 200 87147 "-" "Mozilla/5.0 (Linux; Android 6.0.1; Nexus 5X Build/MMB29P) AppleWebKit/537.36 (KHTML, like Gecko) Chrome/137.0.7151.103 Mobile Safari/537.36 (compatible; Googlebot/2.1; +http://www.google.com/bot.html)"
136.243.228.194 - - [07/Jul/2025:08:55:56 -0400] "GET /269wdxkv9402.html HTTP/1.1" 404 23126 "-" "Mozilla/5.0 (compatible; DataForSeoBot/1.0; +https://dataforseo.com/dataforseo-bot)"
136.243.228.194 - - [07/Jul/2025:08:56:03 -0400] "GET /items/pagpa268/22158?key=action HTTP/1.1" 404 23126 "-" "Mozilla/5.0 (compatible; DataForSeoBot/1.0; +https://dataforseo.com/dataforseo-bot)"
66.29.146.47 - - [07/Jul/2025:08:56:11 -0400] "POST /wp-cron.php?doing_wp_cron=1751892971.0214240550994873046875 HTTP/1.1" 403 1242 "-" "WordPress/6.8; https://dangroup.sa"
136.243.228.194 - - [07/Jul/2025:08:56:09 -0400] "GET /items/sjaih184/48768?key=channel HTTP/1.1" 404 23126 "-" "Mozilla/5.0 (compatible; DataForSeoBot/1.0; +https://dataforseo.com/dataforseo-bot)"
136.243.228.194 - - [07/Jul/2025:08:56:18 -0400] "GET /items/nbwmo42/11392?key=genius HTTP/1.1" 404 23126 "-" "Mozilla/5.0 (compatible; DataForSeoBot/1.0; +https://dataforseo.com/dataforseo-bot)"
136.243.228.194 - - [07/Jul/2025:08:56:25 -0400] "GET /262xkf4581.html HTTP/1.1" 404 23126 "-" "Mozilla/5.0 (compatible; DataForSeoBot/1.0; +https://dataforseo.com/dataforseo-bot)"
136.243.228.194 - - [07/Jul/2025:08:56:32 -0400] "GET /items/dxrrg298/31108?key=disk HTTP/1.1" 404 23126 "-" "Mozilla/5.0 (compatible; DataForSeoBot/1.0; +https://dataforseo.com/dataforseo-bot)"
136.243.228.194 - - [07/Jul/2025:08:56:39 -0400] "GET /items/hmrnf219/23129?key=sand HTTP/1.1" 404 23126 "-" "Mozilla/5.0 (compatible; DataForSeoBot/1.0; +https://dataforseo.com/dataforseo-bot)"
20.171.207.36 - - [07/Jul/2025:08:56:43 -0400] "GET /29xrkz16254.html HTTP/1.1" 404 23126 "-" "Mozilla/5.0 AppleWebKit/537.36 (KHTML, like Gecko; compatible; GPTBot/1.2; +https://openai.com/gptbot)"
47.82.60.16 - - [07/Jul/2025:08:56:47 -0400] "GET /17wda3382.html HTTP/1.1" 301 0 "https://www.dangroup.sa/17wda3382.html" "Mozilla/5.0 (Windows NT 10.0; Win64; x64) AppleWebKit/537.36 (KHTML, like Gecko) Chrome/114.0.0.0 Safari/537.36 Edg/114.0.1823.43"
136.243.228.194 - - [07/Jul/2025:08:56:45 -0400] "GET /242idhon5833.html HTTP/1.1" 404 23126 "-" "Mozilla/5.0 (compatible; DataForSeoBot/1.0; +https://dataforseo.com/dataforseo-bot)"
47.82.60.16 - - [07/Jul/2025:08:56:50 -0400] "GET /17wda3382.html HTTP/1.1" 404 23126 "https://www.dangroup.sa/17wda3382.html" "Mozilla/5.0 (Windows NT 10.0; Win64; x64) AppleWebKit/537.36 (KHTML, like Gecko) Chrome/114.0.0.0 Safari/537.36 Edg/114.0.1823.43"
136.243.228.194 - - [07/Jul/2025:08:56:52 -0400] "GET /items/qiciy230/37916?key=carve HTTP/1.1" 404 23126 "-" "Mozilla/5.0 (compatible; DataForSeoBot/1.0; +https://dataforseo.com/dataforseo-bot)"
192.178.6.70 - - [07/Jul/2025:08:57:01 -0400] "GET /170tfihx12027.html HTTP/1.1" 200 87407 "-" "Mozilla/5.0 (Linux; Android 6.0.1; Nexus 5X Build/MMB29P) AppleWebKit/537.36 (KHTML, like Gecko) Chrome/137.0.7151.103 Mobile Safari/537.36 (compatible; Googlebot/2.1; +http://www.google.com/bot.html)"
47.82.60.48 - - [07/Jul/2025:08:56:58 -0400] "GET /10pnj27663.html HTTP/1.1" 404 23126 "https://dangroup.sa/10pnj27663.html" "Mozilla/5.0 (Windows NT 10.0; Win64; x64) AppleWebKit/537.36 (KHTML, like Gecko) Chrome/114.0.0.0 Safari/537.36 Edg/114.0.1823.43"
136.243.228.194 - - [07/Jul/2025:08:56:58 -0400] "GET /35iwf7410.html HTTP/1.1" 404 23126 "-" "Mozilla/5.0 (compatible; DataForSeoBot/1.0; +https://dataforseo.com/dataforseo-bot)"
136.243.228.194 - - [07/Jul/2025:08:57:05 -0400] "GET /items/kinyd29/28131?key=cup HTTP/1.1" 404 23126 "-" "Mozilla/5.0 (compatible; DataForSeoBot/1.0; +https://dataforseo.com/dataforseo-bot)"
47.82.60.12 - - [07/Jul/2025:08:57:08 -0400] "GET /63rgpa19982.html HTTP/1.1" 301 0 "https://www.dangroup.sa/63rgpa19982.html" "Mozilla/5.0 (Windows NT 10.0; Win64; x64) AppleWebKit/537.36 (KHTML, like Gecko) Chrome/114.0.0.0 Safari/537.36 Edg/114.0.1823.43"
47.82.60.12 - - [07/Jul/2025:08:57:10 -0400] "GET /63rgpa19982.html HTTP/1.1" 404 23126 "https://www.dangroup.sa/63rgpa19982.html" "Mozilla/5.0 (Windows NT 10.0; Win64; x64) AppleWebKit/537.36 (KHTML, like Gecko) Chrome/114.0.0.0 Safari/537.36 Edg/114.0.1823.43"
136.243.228.194 - - [07/Jul/2025:08:57:11 -0400] "GET /116gcron43765.html HTTP/1.1" 404 23126 "-" "Mozilla/5.0 (compatible; DataForSeoBot/1.0; +https://dataforseo.com/dataforseo-bot)"
136.243.228.194 - - [07/Jul/2025:08:57:18 -0400] "GET /62wsql43579.html HTTP/1.1" 404 23126 "-" "Mozilla/5.0 (compatible; DataForSeoBot/1.0; +https://dataforseo.com/dataforseo-bot)"
192.178.6.69 - - [07/Jul/2025:08:57:21 -0400] "GET /9pyhbp1380.html HTTP/1.1" 200 87286 "-" "Mozilla/5.0 (compatible; Googlebot/2.1; +http://www.google.com/bot.html)"
136.243.228.194 - - [07/Jul/2025:08:57:24 -0400] "GET /108wer36047.html HTTP/1.1" 404 23126 "-" "Mozilla/5.0 (compatible; DataForSeoBot/1.0; +https://dataforseo.com/dataforseo-bot)"
136.243.228.194 - - [07/Jul/2025:08:57:30 -0400] "GET /277skrzv40578.html HTTP/1.1" 404 23126 "-" "Mozilla/5.0 (compatible; DataForSeoBot/1.0; +https://dataforseo.com/dataforseo-bot)"
136.243.228.194 - - [07/Jul/2025:08:57:35 -0400] "GET /161hyrrx6172.html HTTP/1.1" 404 23126 "-" "Mozilla/5.0 (compatible; DataForSeoBot/1.0; +https://dataforseo.com/dataforseo-bot)"
136.243.228.194 - - [07/Jul/2025:08:57:42 -0400] "GET /items/mblha133/60307?key=guess HTTP/1.1" 404 23126 "-" "Mozilla/5.0 (compatible; DataForSeoBot/1.0; +https://dataforseo.com/dataforseo-bot)"
20.171.207.36 - - [07/Jul/2025:08:57:44 -0400] "GET /300ibbw7295.html HTTP/1.1" 404 23126 "-" "Mozilla/5.0 AppleWebKit/537.36 (KHTML, like Gecko; compatible; GPTBot/1.2; +https://openai.com/gptbot)"
47.82.60.5 - - [07/Jul/2025:08:57:47 -0400] "GET /items/wyfio271/25557?key=moon HTTP/1.1" 404 23126 "https://dangroup.sa/items/wyfio271/25557?key=moon" "Mozilla/5.0 (Windows NT 10.0; Win64; x64) AppleWebKit/537.36 (KHTML, like Gecko) Chrome/114.0.0.0 Safari/537.36 Edg/114.0.1823.43"
136.243.228.194 - - [07/Jul/2025:08:57:47 -0400] "GET /items/bpopk135/25621?key=hostage HTTP/1.1" 404 23126 "-" "Mozilla/5.0 (compatible; DataForSeoBot/1.0; +https://dataforseo.com/dataforseo-bot)"
136.243.228.194 - - [07/Jul/2025:08:57:55 -0400] "GET /117hchu25616.html HTTP/1.1" 404 23126 "-" "Mozilla/5.0 (compatible; DataForSeoBot/1.0; +https://dataforseo.com/dataforseo-bot)"
136.243.228.194 - - [07/Jul/2025:08:58:02 -0400] "GET /18vvl21045.html HTTP/1.1" 404 23126 "-" "Mozilla/5.0 (compatible; DataForSeoBot/1.0; +https://dataforseo.com/dataforseo-bot)"
192.178.6.70 - - [07/Jul/2025:08:58:06 -0400] "GET /107emhw37540.html HTTP/1.1" 200 86998 "-" "Mozilla/5.0 (Linux; Android 6.0.1; Nexus 5X Build/MMB29P) AppleWebKit/537.36 (KHTML, like Gecko) Chrome/137.0.7151.103 Mobile Safari/537.36 (compatible; Googlebot/2.1; +http://www.google.com/bot.html)"
136.243.228.194 - - [07/Jul/2025:08:58:08 -0400] "GET /85wikf48286.html HTTP/1.1" 404 23126 "-" "Mozilla/5.0 (compatible; DataForSeoBot/1.0; +https://dataforseo.com/dataforseo-bot)"
192.178.6.69 - - [07/Jul/2025:08:58:12 -0400] "GET /items/dlnfd223/45771?key=gasoline HTTP/1.1" 200 87272 "-" "Mozilla/5.0 (compatible; Googlebot/2.1; +http://www.google.com/bot.html)"
66.29.146.47 - - [07/Jul/2025:08:58:16 -0400] "POST /wp-cron.php?doing_wp_cron=1751893095.8706159591674804687500 HTTP/1.1" 403 0 "-" "WordPress/6.8; https://dangroup.sa"
136.243.228.194 - - [07/Jul/2025:08:58:15 -0400] "GET /49lsu29688.html HTTP/1.1" 404 23126 "-" "Mozilla/5.0 (compatible; DataForSeoBot/1.0; +https://dataforseo.com/dataforseo-bot)"
136.243.228.194 - - [07/Jul/2025:08:58:23 -0400] "GET /158sfhi13317.html HTTP/1.1" 404 23126 "-" "Mozilla/5.0 (compatible; DataForSeoBot/1.0; +https://dataforseo.com/dataforseo-bot)"
192.178.6.68 - - [07/Jul/2025:08:58:27 -0400] "GET /items/obbng61/1621?key=acknowledge HTTP/1.1" 200 88204 "-" "Mozilla/5.0 (Linux; Android 6.0.1; Nexus 5X Build/MMB29P) AppleWebKit/537.36 (KHTML, like Gecko) Chrome/137.0.7151.103 Mobile Safari/537.36 (compatible; Googlebot/2.1; +http://www.google.com/bot.html)"
136.243.228.194 - - [07/Jul/2025:08:58:30 -0400] "GET /111ysx6936.html HTTP/1.1" 404 23126 "-" "Mozilla/5.0 (compatible; DataForSeoBot/1.0; +https://dataforseo.com/dataforseo-bot)"
136.243.228.194 - - [07/Jul/2025:08:58:35 -0400] "GET /295yzq26524.html HTTP/1.1" 404 23126 "-" "Mozilla/5.0 (compatible; DataForSeoBot/1.0; +https://dataforseo.com/dataforseo-bot)"
136.243.228.194 - - [07/Jul/2025:08:58:41 -0400] "GET /items/dsuhs189/43533?key=branch HTTP/1.1" 404 23126 "-" "Mozilla/5.0 (compatible; DataForSeoBot/1.0; +https://dataforseo.com/dataforseo-bot)"
136.243.228.194 - - [07/Jul/2025:08:58:46 -0400] "GET /items/gqodr264/10468?key=fix HTTP/1.1" 404 23126 "-" "Mozilla/5.0 (compatible; DataForSeoBot/1.0; +https://dataforseo.com/dataforseo-bot)"
20.171.207.36 - - [07/Jul/2025:08:58:48 -0400] "GET /95saxa31014.html HTTP/1.1" 404 23126 "-" "Mozilla/5.0 AppleWebKit/537.36 (KHTML, like Gecko; compatible; GPTBot/1.2; +https://openai.com/gptbot)"
136.243.228.194 - - [07/Jul/2025:08:58:55 -0400] "GET /57ioo30258.html HTTP/1.1" 404 23126 "-" "Mozilla/5.0 (compatible; DataForSeoBot/1.0; +https://dataforseo.com/dataforseo-bot)"
136.243.228.194 - - [07/Jul/2025:08:59:01 -0400] "GET /53tnqa7502.html HTTP/1.1" 404 23126 "-" "Mozilla/5.0 (compatible; DataForSeoBot/1.0; +https://dataforseo.com/dataforseo-bot)"
192.178.6.68 - - [07/Jul/2025:08:59:08 -0400] "GET /40eyisn47273.html HTTP/1.1" 200 88812 "-" "Mozilla/5.0 (Linux; Android 6.0.1; Nexus 5X Build/MMB29P) AppleWebKit/537.36 (KHTML, like Gecko) Chrome/137.0.7151.103 Mobile Safari/537.36 (compatible; Googlebot/2.1; +http://www.google.com/bot.html)"
136.243.228.194 - - [07/Jul/2025:08:59:07 -0400] "GET /items/gnzqw203/25951?key=mutter HTTP/1.1" 404 23126 "-" "Mozilla/5.0 (compatible; DataForSeoBot/1.0; +https://dataforseo.com/dataforseo-bot)"
136.243.228.194 - - [07/Jul/2025:08:59:13 -0400] "GET /items/dxoda220/42094?key=ticket HTTP/1.1" 404 23126 "-" "Mozilla/5.0 (compatible; DataForSeoBot/1.0; +https://dataforseo.com/dataforseo-bot)"
66.29.146.47 - - [07/Jul/2025:08:59:20 -0400] "POST /wp-cron.php?doing_wp_cron=1751893160.0351829528808593750000 HTTP/1.1" 403 1242 "-" "WordPress/6.8; https://dangroup.sa"
192.178.6.69 - - [07/Jul/2025:08:59:21 -0400] "GET /157fofa29352.html HTTP/1.1" 200 87342 "-" "Mozilla/5.0 (Linux; Android 6.0.1; Nexus 5X Build/MMB29P) AppleWebKit/537.36 (KHTML, like Gecko) Chrome/137.0.7151.103 Mobile Safari/537.36 (compatible; Googlebot/2.1; +http://www.google.com/bot.html)"
136.243.228.194 - - [07/Jul/2025:08:59:19 -0400] "GET /items/nrpbg235/1935?key=input HTTP/1.1" 404 23126 "-" "Mozilla/5.0 (compatible; DataForSeoBot/1.0; +https://dataforseo.com/dataforseo-bot)"
136.243.228.194 - - [07/Jul/2025:08:59:25 -0400] "GET /items/idygz260/43580?key=coverage HTTP/1.1" 404 23126 "-" "Mozilla/5.0 (compatible; DataForSeoBot/1.0; +https://dataforseo.com/dataforseo-bot)"
136.243.228.194 - - [07/Jul/2025:08:59:30 -0400] "GET /132wgjt33653.html HTTP/1.1" 404 23126 "-" "Mozilla/5.0 (compatible; DataForSeoBot/1.0; +https://dataforseo.com/dataforseo-bot)"
47.82.60.51 - - [07/Jul/2025:08:59:35 -0400] "GET /259ovc9970.html HTTP/1.1" 404 23126 "https://dangroup.sa/259ovc9970.html" "Mozilla/5.0 (Windows NT 10.0; Win64; x64) AppleWebKit/537.36 (KHTML, like Gecko) Chrome/114.0.0.0 Safari/537.36 Edg/114.0.1823.43"
136.243.228.194 - - [07/Jul/2025:08:59:36 -0400] "GET /items/bmszu260/12148?key=tolerance HTTP/1.1" 404 23126 "-" "Mozilla/5.0 (compatible; DataForSeoBot/1.0; +https://dataforseo.com/dataforseo-bot)"
136.243.228.194 - - [07/Jul/2025:08:59:44 -0400] "GET /items/dvqzs244/17556?key=fuel HTTP/1.1" 404 23193 "-" "Mozilla/5.0 (compatible; DataForSeoBot/1.0; +https://dataforseo.com/dataforseo-bot)"
20.171.207.36 - - [07/Jul/2025:08:59:49 -0400] "GET /230oplc7155.html HTTP/1.1" 404 23126 "-" "Mozilla/5.0 AppleWebKit/537.36 (KHTML, like Gecko; compatible; GPTBot/1.2; +https://openai.com/gptbot)"
136.243.228.194 - - [07/Jul/2025:08:59:51 -0400] "GET /28fyoz36975.html HTTP/1.1" 404 23126 "-" "Mozilla/5.0 (compatible; DataForSeoBot/1.0; +https://dataforseo.com/dataforseo-bot)"
136.243.228.194 - - [07/Jul/2025:09:00:01 -0400] "GET /items/zyxud122/20680?key=removal HTTP/1.1" 404 23126 "-" "Mozilla/5.0 (compatible; DataForSeoBot/1.0; +https://dataforseo.com/dataforseo-bot)"
136.243.228.194 - - [07/Jul/2025:09:00:08 -0400] "GET /items/whbxt186/7978?key=bulk HTTP/1.1" 404 23126 "-" "Mozilla/5.0 (compatible; DataForSeoBot/1.0; +https://dataforseo.com/dataforseo-bot)"
136.243.228.194 - - [07/Jul/2025:09:00:16 -0400] "GET /38egn425.html HTTP/1.1" 404 23126 "-" "Mozilla/5.0 (compatible; DataForSeoBot/1.0; +https://dataforseo.com/dataforseo-bot)"
66.29.146.47 - - [07/Jul/2025:09:00:30 -0400] "POST /wp-cron.php?doing_wp_cron=1751893229.1560161113739013671875 HTTP/1.1" 403 0 "-" "WordPress/6.8; https://dangroup.sa"
136.243.228.194 - - [07/Jul/2025:09:00:27 -0400] "GET /88gtud10015.html HTTP/1.1" 404 23126 "-" "Mozilla/5.0 (compatible; DataForSeoBot/1.0; +https://dataforseo.com/dataforseo-bot)"
136.243.228.194 - - [07/Jul/2025:09:00:39 -0400] "GET /items/wcopp255/32181?key=useful HTTP/1.1" 404 23126 "-" "Mozilla/5.0 (compatible; DataForSeoBot/1.0; +https://dataforseo.com/dataforseo-bot)"
136.243.228.194 - - [07/Jul/2025:09:00:46 -0400] "GET /items/wncef94/34538?key=maybe HTTP/1.1" 404 23126 "-" "Mozilla/5.0 (compatible; DataForSeoBot/1.0; +https://dataforseo.com/dataforseo-bot)"
192.178.6.70 - - [07/Jul/2025:09:00:55 -0400] "GET /168aexa27269.html HTTP/1.1" 200 85948 "-" "Mozilla/5.0 (Linux; Android 6.0.1; Nexus 5X Build/MMB29P) AppleWebKit/537.36 (KHTML, like Gecko) Chrome/137.0.7151.103 Mobile Safari/537.36 (compatible; Googlebot/2.1; +http://www.google.com/bot.html)"
40.77.167.67 - - [07/Jul/2025:09:00:59 -0400] "GET /drlexjp2460yjutland HTTP/1.1" 200 17 "-" "Mozilla/5.0 AppleWebKit/537.36 (KHTML, like Gecko; compatible; bingbot/2.0; +http://www.bing.com/bingbot.htm) Chrome/116.0.1938.76 Safari/537.36"
20.171.207.36 - - [07/Jul/2025:09:00:51 -0400] "GET /79wmka45064.html HTTP/1.1" 404 23126 "-" "Mozilla/5.0 AppleWebKit/537.36 (KHTML, like Gecko; compatible; GPTBot/1.2; +https://openai.com/gptbot)"
192.178.6.69 - - [07/Jul/2025:09:01:09 -0400] "GET /225ajj33034.html HTTP/1.1" 200 86215 "-" "Mozilla/5.0 (Linux; Android 6.0.1; Nexus 5X Build/MMB29P) AppleWebKit/537.36 (KHTML, like Gecko) Chrome/137.0.7151.103 Mobile Safari/537.36 (compatible; Googlebot/2.1; +http://www.google.com/bot.html)"
47.82.60.57 - - [07/Jul/2025:09:01:10 -0400] "GET /197oiyq19206.html HTTP/1.1" 404 23126 "https://dangroup.sa/197oiyq19206.html" "Mozilla/5.0 (Windows NT 10.0; Win64; x64) AppleWebKit/537.36 (KHTML, like Gecko) Chrome/114.0.0.0 Safari/537.36 Edg/114.0.1823.43"
69.197.135.226 - - [07/Jul/2025:09:01:16 -0400] "GET /wp-content/install.php HTTP/1.1" 200 0 "https://dangroup.sa/wp-content/install.php" "Mozilla/5.0 (Windows NT 10.0; Win64; x64) AppleWebKit/537.36 (KHTML, like Gecko) Chrome/58.0.3029.110 Safari/537.3"
69.197.135.226 - - [07/Jul/2025:09:01:21 -0400] "GET /wp-content/install.php HTTP/1.1" 200 10 "https://dangroup.sa/wp-content/install.php" "Mozilla/5.0 (Windows NT 10.0; Win64; x64) AppleWebKit/537.36 (KHTML, like Gecko) Chrome/58.0.3029.110 Safari/537.3"
66.29.146.47 - - [07/Jul/2025:09:01:37 -0400] "POST /wp-cron.php?doing_wp_cron=1751893297.1222839355468750000000 HTTP/1.1" 403 1242 "-" "WordPress/6.8; https://dangroup.sa"
136.243.228.194 - - [07/Jul/2025:09:01:36 -0400] "GET /61jrwln19886.html HTTP/1.1" 404 23126 "-" "Mozilla/5.0 (compatible; DataForSeoBot/1.0; +https://dataforseo.com/dataforseo-bot)"
47.82.60.5 - - [07/Jul/2025:09:01:38 -0400] "GET /50bvkt741.html HTTP/1.1" 404 23127 "https://dangroup.sa/50bvkt741.html" "Mozilla/5.0 (Windows NT 10.0; Win64; x64) AppleWebKit/537.36 (KHTML, like Gecko) Chrome/114.0.0.0 Safari/537.36 Edg/114.0.1823.43"
136.243.228.194 - - [07/Jul/2025:09:01:43 -0400] "GET /items/qqlud16/14588?key=equip HTTP/1.1" 404 23126 "-" "Mozilla/5.0 (compatible; DataForSeoBot/1.0; +https://dataforseo.com/dataforseo-bot)"
47.82.60.46 - - [07/Jul/2025:09:01:47 -0400] "GET /56ndn633.html HTTP/1.1" 404 23126 "https://dangroup.sa/56ndn633.html" "Mozilla/5.0 (Windows NT 10.0; Win64; x64) AppleWebKit/537.36 (KHTML, like Gecko) Chrome/114.0.0.0 Safari/537.36 Edg/114.0.1823.43"
136.243.228.194 - - [07/Jul/2025:09:01:51 -0400] "GET /items/dxvek72/13032?key=classroom HTTP/1.1" 404 23126 "-" "Mozilla/5.0 (compatible; DataForSeoBot/1.0; +https://dataforseo.com/dataforseo-bot)"
20.171.207.36 - - [07/Jul/2025:09:01:54 -0400] "GET /141kite2538.html HTTP/1.1" 404 23126 "-" "Mozilla/5.0 AppleWebKit/537.36 (KHTML, like Gecko; compatible; GPTBot/1.2; +https://openai.com/gptbot)"
192.178.6.70 - - [07/Jul/2025:09:02:11 -0400] "GET /11cfc46442.html HTTP/1.1" 200 86842 "-" "Mozilla/5.0 (Linux; Android 6.0.1; Nexus 5X Build/MMB29P) AppleWebKit/537.36 (KHTML, like Gecko) Chrome/137.0.7151.103 Mobile Safari/537.36 (compatible; Googlebot/2.1; +http://www.google.com/bot.html)"
136.243.228.194 - - [07/Jul/2025:09:02:00 -0400] "GET /items/zzykr23/11933?key=illustrate HTTP/1.1" 404 23126 "-" "Mozilla/5.0 (compatible; DataForSeoBot/1.0; +https://dataforseo.com/dataforseo-bot)"
136.243.228.194 - - [07/Jul/2025:09:02:16 -0400] "GET /items/fyncm132/25946?key=production HTTP/1.1" 404 23126 "-" "Mozilla/5.0 (compatible; DataForSeoBot/1.0; +https://dataforseo.com/dataforseo-bot)"
136.243.228.194 - - [07/Jul/2025:09:02:23 -0400] "GET /271kdrv35704.html HTTP/1.1" 404 23126 "-" "Mozilla/5.0 (compatible; DataForSeoBot/1.0; +https://dataforseo.com/dataforseo-bot)"
136.243.228.194 - - [07/Jul/2025:09:02:29 -0400] "GET /254beynk36939.html HTTP/1.1" 404 23126 "-" "Mozilla/5.0 (compatible; DataForSeoBot/1.0; +https://dataforseo.com/dataforseo-bot)"
136.243.228.194 - - [07/Jul/2025:09:02:35 -0400] "GET /83udliz34090.html HTTP/1.1" 404 23127 "-" "Mozilla/5.0 (compatible; DataForSeoBot/1.0; +https://dataforseo.com/dataforseo-bot)"
66.29.146.47 - - [07/Jul/2025:09:02:46 -0400] "POST /wp-cron.php?doing_wp_cron=1751893365.8066461086273193359375 HTTP/1.1" 403 1242 "-" "WordPress/6.8; https://dangroup.sa"
136.243.228.194 - - [07/Jul/2025:09:02:45 -0400] "GET /items/tcgup90/19424?key=alike HTTP/1.1" 404 23126 "-" "Mozilla/5.0 (compatible; DataForSeoBot/1.0; +https://dataforseo.com/dataforseo-bot)"
2001:4860:7:807::9b - - [07/Jul/2025:09:02:56 -0400] "GET /196dei10107.html HTTP/1.1" 200 139 "https://www.google.com/" "Mozilla/5.0 (Windows NT 10.0; Win64; x64) AppleWebKit/537.36 (KHTML, like Gecko) Chrome/137.0.0.0 Safari/537.36"
136.243.228.194 - - [07/Jul/2025:09:02:51 -0400] "GET /243zoaux12190.html HTTP/1.1" 404 23127 "-" "Mozilla/5.0 (compatible; DataForSeoBot/1.0; +https://dataforseo.com/dataforseo-bot)"
66.249.82.129 - - [07/Jul/2025:09:02:56 -0400] "GET /.well-known/traffic-advice HTTP/1.1" 200 0 "-" "Chrome Privacy Preserving Prefetch Proxy"
20.171.207.36 - - [07/Jul/2025:09:02:55 -0400] "GET /37axac25140.html HTTP/1.1" 404 23126 "-" "Mozilla/5.0 AppleWebKit/537.36 (KHTML, like Gecko; compatible; GPTBot/1.2; +https://openai.com/gptbot)"
192.178.6.68 - - [07/Jul/2025:09:03:13 -0400] "GET /189udv47722.html HTTP/1.1" 200 87144 "-" "Mozilla/5.0 (Linux; Android 6.0.1; Nexus 5X Build/MMB29P) AppleWebKit/537.36 (KHTML, like Gecko) Chrome/137.0.7151.103 Mobile Safari/537.36 (compatible; Googlebot/2.1; +http://www.google.com/bot.html)"
192.178.6.68 - - [07/Jul/2025:09:03:15 -0400] "GET /items/wleon63/38383?key=settlement HTTP/1.1" 200 86756 "-" "Mozilla/5.0 (compatible; Googlebot/2.1; +http://www.google.com/bot.html)"
136.243.228.194 - - [07/Jul/2025:09:03:04 -0400] "GET /155kamny8048.html HTTP/1.1" 404 23126 "-" "Mozilla/5.0 (compatible; DataForSeoBot/1.0; +https://dataforseo.com/dataforseo-bot)"
192.178.6.69 - - [07/Jul/2025:09:03:17 -0400] "GET /162zltl43381.html HTTP/1.1" 200 87094 "-" "Mozilla/5.0 (Linux; Android 6.0.1; Nexus 5X Build/MMB29P) AppleWebKit/537.36 (KHTML, like Gecko) Chrome/137.0.7151.103 Mobile Safari/537.36 (compatible; Googlebot/2.1; +http://www.google.com/bot.html)"
192.178.6.68 - - [07/Jul/2025:09:03:19 -0400] "GET /123dhf49944.html HTTP/1.1" 200 86453 "-" "Mozilla/5.0 (Linux; Android 6.0.1; Nexus 5X Build/MMB29P) AppleWebKit/537.36 (KHTML, like Gecko) Chrome/137.0.7151.103 Mobile Safari/537.36 (compatible; Googlebot/2.1; +http://www.google.com/bot.html)"
85.239.243.68 - - [07/Jul/2025:09:03:20 -0400] "POST /xmlrpc.php HTTP/1.1" 403 1242 "https://dangroup.sa" "Mozilla/5.0 (Windows NT 10.0; Win64; x64) AppleWebKit/537.36 (KHTML, like Gecko) Chrome/113.0.5672.126 Safari/537.36 Edg/113.0.1774.50"
192.178.6.69 - - [07/Jul/2025:09:03:21 -0400] "GET /items/wleon63/38383?key=settlement HTTP/1.1" 200 86855 "-" "Mozilla/5.0 (compatible; Googlebot/2.1; +http://www.google.com/bot.html)"
136.243.228.194 - - [07/Jul/2025:09:03:19 -0400] "GET /263llh41142.html HTTP/1.1" 404 23126 "-" "Mozilla/5.0 (compatible; DataForSeoBot/1.0; +https://dataforseo.com/dataforseo-bot)"
136.243.228.194 - - [07/Jul/2025:09:03:23 -0400] "GET /254dqthb28001.html HTTP/1.1" 404 23126 "-" "Mozilla/5.0 (compatible; DataForSeoBot/1.0; +https://dataforseo.com/dataforseo-bot)"
136.243.228.194 - - [07/Jul/2025:09:03:29 -0400] "GET /100jrdoh26131.html HTTP/1.1" 404 23127 "-" "Mozilla/5.0 (compatible; DataForSeoBot/1.0; +https://dataforseo.com/dataforseo-bot)"
192.178.6.69 - - [07/Jul/2025:09:03:33 -0400] "GET /195xii48134.html HTTP/1.1" 200 87049 "-" "Mozilla/5.0 (Linux; Android 6.0.1; Nexus 5X Build/MMB29P) AppleWebKit/537.36 (KHTML, like Gecko) Chrome/137.0.7151.103 Mobile Safari/537.36 (compatible; Googlebot/2.1; +http://www.google.com/bot.html)"
136.243.228.194 - - [07/Jul/2025:09:03:33 -0400] "GET /items/mjixt228/352?key=sleep HTTP/1.1" 404 23126 "-" "Mozilla/5.0 (compatible; DataForSeoBot/1.0; +https://dataforseo.com/dataforseo-bot)"
136.243.228.194 - - [07/Jul/2025:09:03:38 -0400] "GET /73idmo27002.html HTTP/1.1" 404 23126 "-" "Mozilla/5.0 (compatible; DataForSeoBot/1.0; +https://dataforseo.com/dataforseo-bot)"
192.178.6.68 - - [07/Jul/2025:09:03:43 -0400] "GET /213mrpqp10106.html HTTP/1.1" 200 88176 "-" "Mozilla/5.0 (Linux; Android 6.0.1; Nexus 5X Build/MMB29P) AppleWebKit/537.36 (KHTML, like Gecko) Chrome/137.0.7151.103 Mobile Safari/537.36 (compatible; Googlebot/2.1; +http://www.google.com/bot.html)"
136.243.228.194 - - [07/Jul/2025:09:03:43 -0400] "GET /274hqe18619.html HTTP/1.1" 404 23126 "-" "Mozilla/5.0 (compatible; DataForSeoBot/1.0; +https://dataforseo.com/dataforseo-bot)"
66.29.146.47 - - [07/Jul/2025:09:03:52 -0400] "POST /wp-cron.php?doing_wp_cron=1751893432.1201839447021484375000 HTTP/1.1" 403 1242 "-" "WordPress/6.8; https://dangroup.sa"
136.243.228.194 - - [07/Jul/2025:09:03:51 -0400] "GET /items/snwot1/14339?key=physician HTTP/1.1" 404 23127 "-" "Mozilla/5.0 (compatible; DataForSeoBot/1.0; +https://dataforseo.com/dataforseo-bot)"
2604:a880:400:d1:0:1:345e:5001 - - [07/Jul/2025:09:04:05 -0400] "GET /xmlrpc.php HTTP/1.1" 403 1242 "http://dangroup.sa" "Mozilla/5.0 (Windows NT 10.0; Win64; x64) AppleWebKit/537.36 (KHTML, like Gecko) Chrome/126.0.0.0 Safari/537.36"
47.82.60.51 - - [07/Jul/2025:09:03:53 -0400] "GET /items/dadgm22/6516?key=offender HTTP/1.1" 404 23127 "https://dangroup.sa/items/dadgm22/6516?key=offender" "Mozilla/5.0 (Windows NT 10.0; Win64; x64) AppleWebKit/537.36 (KHTML, like Gecko) Chrome/114.0.0.0 Safari/537.36 Edg/114.0.1823.43"
20.171.207.36 - - [07/Jul/2025:09:03:57 -0400] "GET /74trsa28197.html HTTP/1.1" 404 23126 "-" "Mozilla/5.0 AppleWebKit/537.36 (KHTML, like Gecko; compatible; GPTBot/1.2; +https://openai.com/gptbot)"
136.243.228.194 - - [07/Jul/2025:09:04:01 -0400] "GET /138jvfj28465.html HTTP/1.1" 404 23126 "-" "Mozilla/5.0 (compatible; DataForSeoBot/1.0; +https://dataforseo.com/dataforseo-bot)"
136.243.228.194 - - [07/Jul/2025:09:04:18 -0400] "GET /items/rthjf80/45498?key=queen HTTP/1.1" 404 23126 "-" "Mozilla/5.0 (compatible; DataForSeoBot/1.0; +https://dataforseo.com/dataforseo-bot)"
136.243.228.194 - - [07/Jul/2025:09:04:25 -0400] "GET /items/nzfij246/16844?key=rub HTTP/1.1" 404 23127 "-" "Mozilla/5.0 (compatible; DataForSeoBot/1.0; +https://dataforseo.com/dataforseo-bot)"
136.243.228.194 - - [07/Jul/2025:09:04:29 -0400] "GET /71usdql44646.html HTTP/1.1" 404 23127 "-" "Mozilla/5.0 (compatible; DataForSeoBot/1.0; +https://dataforseo.com/dataforseo-bot)"
2a02:9b0:8004:5e5a:19d0:aba4:9297:866b - - [07/Jul/2025:09:04:34 -0400] "GET / HTTP/1.1" 200 135 "https://www.google.com/" "Mozilla/5.0 (Windows NT 10.0; Win64; x64) AppleWebKit/537.36 (KHTML, like Gecko) Chrome/138.0.0.0 Safari/537.36 Edg/138.0.0.0"
192.178.6.68 - - [07/Jul/2025:09:04:35 -0400] "GET /42wpuxl2807.html HTTP/1.1" 200 87023 "-" "Mozilla/5.0 (compatible; Googlebot/2.1; +http://www.google.com/bot.html)"
136.243.228.194 - - [07/Jul/2025:09:04:34 -0400] "GET /96ygir34839.html HTTP/1.1" 404 23127 "-" "Mozilla/5.0 (compatible; DataForSeoBot/1.0; +https://dataforseo.com/dataforseo-bot)"
136.243.228.194 - - [07/Jul/2025:09:04:39 -0400] "GET /items/iajld270/38638?key=wonderful HTTP/1.1" 404 23127 "-" "Mozilla/5.0 (compatible; DataForSeoBot/1.0; +https://dataforseo.com/dataforseo-bot)"
136.243.228.194 - - [07/Jul/2025:09:04:46 -0400] "GET /13lkwm49696.html HTTP/1.1" 404 23127 "-" "Mozilla/5.0 (compatible; DataForSeoBot/1.0; +https://dataforseo.com/dataforseo-bot)"
64.227.155.126 - - [07/Jul/2025:09:04:52 -0400] "GET /wp-admin/css/ HTTP/1.1" 200 2667 "binance.com" "Mozilla/5.0 (Windows NT 10.0; Win64; x64) AppleWebKit/537.36 (KHTML, like Gecko) Chrome/90.0.4430.85 Safari/537.36"
66.29.146.47 - - [07/Jul/2025:09:04:55 -0400] "POST /wp-cron.php?doing_wp_cron=1751893494.9064240455627441406250 HTTP/1.1" 403 1242 "-" "WordPress/6.8; https://dangroup.sa"
136.243.228.194 - - [07/Jul/2025:09:04:54 -0400] "GET /items/qveze297/15865?key=shrimp HTTP/1.1" 404 23126 "-" "Mozilla/5.0 (compatible; DataForSeoBot/1.0; +https://dataforseo.com/dataforseo-bot)"
64.227.155.126 - - [07/Jul/2025:09:05:05 -0400] "GET /wp-content/uploads/2025/07/ HTTP/1.1" 200 550 "binance.com" "Mozilla/5.0 (Windows NT 10.0; Win64; x64) AppleWebKit/537.36 (KHTML, like Gecko) Chrome/90.0.4430.85 Safari/537.36"
185.199.236.107 - - [07/Jul/2025:09:05:11 -0400] "GET /xmlrpc.php HTTP/1.1" 403 1242 "https://danevnt.com" "Mozilla/5.0 (Windows NT 10.0; Win64; x64) AppleWebKit/537.36 (KHTML, like Gecko) Chrome/112.0.5615.138 Safari/537.36"
20.171.207.36 - - [07/Jul/2025:09:04:59 -0400] "GET /259upye4456.html HTTP/1.1" 404 23126 "-" "Mozilla/5.0 AppleWebKit/537.36 (KHTML, like Gecko; compatible; GPTBot/1.2; +https://openai.com/gptbot)"
136.243.228.194 - - [07/Jul/2025:09:05:07 -0400] "GET /items/ftyfk80/3318?key=ought HTTP/1.1" 404 23126 "-" "Mozilla/5.0 (compatible; DataForSeoBot/1.0; +https://dataforseo.com/dataforseo-bot)"
64.227.155.126 - - [07/Jul/2025:09:05:20 -0400] "GET /wp-content/uploads/2025/06/ HTTP/1.1" 200 550 "binance.com" "Mozilla/5.0 (Windows NT 10.0; Win64; x64) AppleWebKit/537.36 (KHTML, like Gecko) Chrome/90.0.4430.85 Safari/537.36"
136.243.228.194 - - [07/Jul/2025:09:05:19 -0400] "GET /195ror17388.html HTTP/1.1" 404 23126 "-" "Mozilla/5.0 (compatible; DataForSeoBot/1.0; +https://dataforseo.com/dataforseo-bot)"
47.82.60.7 - - [07/Jul/2025:09:05:26 -0400] "GET /11jgc74.html HTTP/1.1" 301 0 "https://www.dangroup.sa/11jgc74.html" "Mozilla/5.0 (Windows NT 10.0; Win64; x64) AppleWebKit/537.36 (KHTML, like Gecko) Chrome/114.0.0.0 Safari/537.36 Edg/114.0.1823.43"
136.243.228.194 - - [07/Jul/2025:09:05:24 -0400] "GET /items/zdbto262/16468?key=virtue HTTP/1.1" 404 23127 "-" "Mozilla/5.0 (compatible; DataForSeoBot/1.0; +https://dataforseo.com/dataforseo-bot)"
64.227.155.126 - - [07/Jul/2025:09:05:28 -0400] "GET /wp-content/uploads/ HTTP/1.1" 200 1334 "binance.com" "Mozilla/5.0 (Windows NT 10.0; Win64; x64) AppleWebKit/537.36 (KHTML, like Gecko) Chrome/90.0.4430.85 Safari/537.36"
192.178.6.68 - - [07/Jul/2025:09:05:28 -0400] "GET /pcmypage?callback=product/review/auc-garo-marine-mfs9-8c-l HTTP/1.1" 200 87093 "-" "Mozilla/5.0 (Linux; Android 6.0.1; Nexus 5X Build/MMB29P) AppleWebKit/537.36 (KHTML, like Gecko) Chrome/137.0.7151.103 Mobile Safari/537.36 (compatible; Googlebot/2.1; +http://www.google.com/bot.html)"
47.82.60.7 - - [07/Jul/2025:09:05:27 -0400] "GET /11jgc74.html HTTP/1.1" 404 23126 "https://www.dangroup.sa/11jgc74.html" "Mozilla/5.0 (Windows NT 10.0; Win64; x64) AppleWebKit/537.36 (KHTML, like Gecko) Chrome/114.0.0.0 Safari/537.36 Edg/114.0.1823.43"
64.227.155.126 - - [07/Jul/2025:09:05:31 -0400] "GET /wp-content/upgrade/ HTTP/1.1" 200 544 "binance.com" "Mozilla/5.0 (Windows NT 10.0; Win64; x64) AppleWebKit/537.36 (KHTML, like Gecko) Chrome/90.0.4430.85 Safari/537.36"
192.178.6.68 - - [07/Jul/2025:09:05:32 -0400] "GET /127ahe13302.html HTTP/1.1" 200 87596 "-" "Mozilla/5.0 (Linux; Android 6.0.1; Nexus 5X Build/MMB29P) AppleWebKit/537.36 (KHTML, like Gecko) Chrome/137.0.7151.103 Mobile Safari/537.36 (compatible; Googlebot/2.1; +http://www.google.com/bot.html)"
136.243.228.194 - - [07/Jul/2025:09:05:30 -0400] "GET /8ryo29409.html HTTP/1.1" 404 23126 "-" "Mozilla/5.0 (compatible; DataForSeoBot/1.0; +https://dataforseo.com/dataforseo-bot)"
136.243.228.194 - - [07/Jul/2025:09:05:36 -0400] "GET /items/srudp93/17497?key=perhaps HTTP/1.1" 404 23126 "-" "Mozilla/5.0 (compatible; DataForSeoBot/1.0; +https://dataforseo.com/dataforseo-bot)"
64.227.155.126 - - [07/Jul/2025:09:05:41 -0400] "GET /wp-content/languages/ HTTP/1.1" 200 3221 "binance.com" "Mozilla/5.0 (Windows NT 10.0; Win64; x64) AppleWebKit/537.36 (KHTML, like Gecko) Chrome/90.0.4430.85 Safari/537.36"
136.243.228.194 - - [07/Jul/2025:09:05:42 -0400] "GET /241ein31190.html HTTP/1.1" 404 23126 "-" "Mozilla/5.0 (compatible; DataForSeoBot/1.0; +https://dataforseo.com/dataforseo-bot)"
64.227.155.126 - - [07/Jul/2025:09:05:50 -0400] "GET /wp-content/languages/ HTTP/1.1" 200 3221 "binance.com" "Mozilla/5.0 (Windows NT 10.0; Win64; x64) AppleWebKit/537.36 (KHTML, like Gecko) Chrome/90.0.4430.85 Safari/537.36"
136.243.228.194 - - [07/Jul/2025:09:05:51 -0400] "GET /items/nxqqn43/34263?key=former HTTP/1.1" 404 23126 "-" "Mozilla/5.0 (compatible; DataForSeoBot/1.0; +https://dataforseo.com/dataforseo-bot)"
64.227.155.126 - - [07/Jul/2025:09:05:57 -0400] "GET /wp-content/languages/admin-ar.l10n.php HTTP/1.1" 403 1242 "binance.com" "Mozilla/5.0 (Windows NT 10.0; Win64; x64) AppleWebKit/537.36 (KHTML, like Gecko) Chrome/90.0.4430.85 Safari/537.36"
66.29.146.47 - - [07/Jul/2025:09:06:00 -0400] "POST /wp-cron.php?doing_wp_cron=1751893560.1160199642181396484375 HTTP/1.1" 403 1242 "-" "WordPress/6.8; https://dangroup.sa"
64.227.155.126 - - [07/Jul/2025:09:06:04 -0400] "GET /wp-content/languages/admin-network-ar.l10n.php HTTP/1.1" 403 1242 "binance.com" "Mozilla/5.0 (Windows NT 10.0; Win64; x64) AppleWebKit/537.36 (KHTML, like Gecko) Chrome/90.0.4430.85 Safari/537.36"
136.243.228.194 - - [07/Jul/2025:09:05:57 -0400] "GET /241xeew11024.html HTTP/1.1" 404 23126 "-" "Mozilla/5.0 (compatible; DataForSeoBot/1.0; +https://dataforseo.com/dataforseo-bot)"
47.82.60.21 - - [07/Jul/2025:09:06:10 -0400] "GET /items/gjuzr253/44843?key=athlete HTTP/1.1" 301 0 "https://www.dangroup.sa/items/gjuzr253/44843?key=athlete" "Mozilla/5.0 (Windows NT 10.0; Win64; x64) AppleWebKit/537.36 (KHTML, like Gecko) Chrome/114.0.0.0 Safari/537.36 Edg/114.0.1823.43"
20.171.207.36 - - [07/Jul/2025:09:06:01 -0400] "GET /47atvb35008.html HTTP/1.1" 404 23126 "-" "Mozilla/5.0 AppleWebKit/537.36 (KHTML, like Gecko; compatible; GPTBot/1.2; +https://openai.com/gptbot)"
64.227.155.126 - - [07/Jul/2025:09:06:15 -0400] "GET /wp-content/languages/ar.l10n.php HTTP/1.1" 403 1242 "binance.com" "Mozilla/5.0 (Windows NT 10.0; Win64; x64) AppleWebKit/537.36 (KHTML, like Gecko) Chrome/90.0.4430.85 Safari/537.36"
64.227.155.126 - - [07/Jul/2025:09:06:20 -0400] "GET /wp-content/languages/continents-cities-ar.l10n.php HTTP/1.1" 403 1242 "binance.com" "Mozilla/5.0 (Windows NT 10.0; Win64; x64) AppleWebKit/537.36 (KHTML, like Gecko) Chrome/90.0.4430.85 Safari/537.36"
192.178.6.69 - - [07/Jul/2025:09:06:20 -0400] "GET /292mrgpp7015.html HTTP/1.1" 200 86571 "-" "Mozilla/5.0 (Linux; Android 6.0.1; Nexus 5X Build/MMB29P) AppleWebKit/537.36 (KHTML, like Gecko) Chrome/137.0.7151.103 Mobile Safari/537.36 (compatible; Googlebot/2.1; +http://www.google.com/bot.html)"
136.243.228.194 - - [07/Jul/2025:09:06:15 -0400] "GET /110loslj47799.html HTTP/1.1" 404 23126 "-" "Mozilla/5.0 (compatible; DataForSeoBot/1.0; +https://dataforseo.com/dataforseo-bot)"
47.82.60.21 - - [07/Jul/2025:09:06:15 -0400] "GET /items/gjuzr253/44843?key=athlete HTTP/1.1" 404 23126 "https://www.dangroup.sa/items/gjuzr253/44843?key=athlete" "Mozilla/5.0 (Windows NT 10.0; Win64; x64) AppleWebKit/537.36 (KHTML, like Gecko) Chrome/114.0.0.0 Safari/537.36 Edg/114.0.1823.43"
51.222.253.5 - - [07/Jul/2025:09:06:24 -0400] "GET /en/category/vat-tax/feed/ HTTP/1.1" 304 0 "-" "Mozilla/5.0 (compatible; AhrefsBot/7.0; +http://ahrefs.com/robot/)"
64.227.155.126 - - [07/Jul/2025:09:06:30 -0400] "GET /wp-admin/includes/ HTTP/1.1" 200 3331 "binance.com" "Mozilla/5.0 (Windows NT 10.0; Win64; x64) AppleWebKit/537.36 (KHTML, like Gecko) Chrome/90.0.4430.85 Safari/537.36"
136.243.228.194 - - [07/Jul/2025:09:06:24 -0400] "GET /112jsg26497.html HTTP/1.1" 404 23126 "-" "Mozilla/5.0 (compatible; DataForSeoBot/1.0; +https://dataforseo.com/dataforseo-bot)"
64.227.155.126 - - [07/Jul/2025:09:06:38 -0400] "GET /wp-admin/includes/ HTTP/1.1" 200 3331 "binance.com" "Mozilla/5.0 (Windows NT 10.0; Win64; x64) AppleWebKit/537.36 (KHTML, like Gecko) Chrome/90.0.4430.85 Safari/537.36"
192.178.6.68 - - [07/Jul/2025:09:06:44 -0400] "GET /100bggcg24965.html HTTP/1.1" 200 87481 "-" "Mozilla/5.0 (compatible; Googlebot/2.1; +http://www.google.com/bot.html)"
64.227.155.126 - - [07/Jul/2025:09:06:45 -0400] "GET /wp-admin/maint/ HTTP/1.1" 200 621 "binance.com" "Mozilla/5.0 (Windows NT 10.0; Win64; x64) AppleWebKit/537.36 (KHTML, like Gecko) Chrome/90.0.4430.85 Safari/537.36"
192.178.6.68 - - [07/Jul/2025:09:06:45 -0400] "GET /268tbtl23987.html HTTP/1.1" 200 87783 "-" "Mozilla/5.0 (Linux; Android 6.0.1; Nexus 5X Build/MMB29P) AppleWebKit/537.36 (KHTML, like Gecko) Chrome/137.0.7151.103 Mobile Safari/537.36 (compatible; Googlebot/2.1; +http://www.google.com/bot.html)"
64.227.155.126 - - [07/Jul/2025:09:06:50 -0400] "GET /wp-admin/maint/ HTTP/1.1" 200 621 "binance.com" "Mozilla/5.0 (Windows NT 10.0; Win64; x64) AppleWebKit/537.36 (KHTML, like Gecko) Chrome/90.0.4430.85 Safari/537.36"
47.82.60.57 - - [07/Jul/2025:09:06:46 -0400] "GET /246tyb17915.html HTTP/1.1" 404 23126 "https://dangroup.sa/246tyb17915.html" "Mozilla/5.0 (Windows NT 10.0; Win64; x64) AppleWebKit/537.36 (KHTML, like Gecko) Chrome/114.0.0.0 Safari/537.36 Edg/114.0.1823.43"
204.12.252.98 - - [07/Jul/2025:09:06:55 -0400] "GET /wp-content/install.php HTTP/1.1" 200 0 "https://dangroup.sa/wp-content/install.php" "Mozilla/5.0 (Windows NT 10.0; Win64; x64) AppleWebKit/537.36 (KHTML, like Gecko) Chrome/58.0.3029.110 Safari/537.3"
136.243.228.194 - - [07/Jul/2025:09:06:48 -0400] "GET /254sbtge38523.html HTTP/1.1" 404 23126 "-" "Mozilla/5.0 (compatible; DataForSeoBot/1.0; +https://dataforseo.com/dataforseo-bot)"
64.227.155.126 - - [07/Jul/2025:09:06:55 -0400] "GET /wp-admin/network/ HTTP/1.1" 302 0 "binance.com" "Mozilla/5.0 (Windows NT 10.0; Win64; x64) AppleWebKit/537.36 (KHTML, like Gecko) Chrome/90.0.4430.85 Safari/537.36"
204.12.252.98 - - [07/Jul/2025:09:06:58 -0400] "GET /wp-content/install.php HTTP/1.1" 200 10 "https://dangroup.sa/wp-content/install.php" "Mozilla/5.0 (Windows NT 10.0; Win64; x64) AppleWebKit/537.36 (KHTML, like Gecko) Chrome/58.0.3029.110 Safari/537.3"
64.227.155.126 - - [07/Jul/2025:09:06:58 -0400] "GET /wp-login.php?redirect_to=https%3A%2F%2Fdangroup.sa%2Fwp-admin%2Fnetwork%2F&reauth=1 HTTP/1.1" 200 3138 "binance.com" "Mozilla/5.0 (Windows NT 10.0; Win64; x64) AppleWebKit/537.36 (KHTML, like Gecko) Chrome/90.0.4430.85 Safari/537.36"
66.29.146.47 - - [07/Jul/2025:09:07:01 -0400] "POST /wp-cron.php?doing_wp_cron=1751893621.2225220203399658203125 HTTP/1.1" 403 1242 "-" "WordPress/6.8; https://dangroup.sa"
136.243.228.194 - - [07/Jul/2025:09:06:59 -0400] "GET /43eqvrs33246.html HTTP/1.1" 404 23126 "-" "Mozilla/5.0 (compatible; DataForSeoBot/1.0; +https://dataforseo.com/dataforseo-bot)"
20.171.207.36 - - [07/Jul/2025:09:07:01 -0400] "GET /296wfep8891.html HTTP/1.1" 404 23126 "-" "Mozilla/5.0 AppleWebKit/537.36 (KHTML, like Gecko; compatible; GPTBot/1.2; +https://openai.com/gptbot)"
64.227.155.126 - - [07/Jul/2025:09:07:09 -0400] "GET /wp-admin/user/ HTTP/1.1" 302 0 "binance.com" "Mozilla/5.0 (Windows NT 10.0; Win64; x64) AppleWebKit/537.36 (KHTML, like Gecko) Chrome/90.0.4430.85 Safari/537.36"
64.227.155.126 - - [07/Jul/2025:09:07:11 -0400] "GET /wp-login.php?redirect_to=https%3A%2F%2Fdangroup.sa%2Fwp-admin%2Fuser%2F&reauth=1 HTTP/1.1" 200 3112 "binance.com" "Mozilla/5.0 (Windows NT 10.0; Win64; x64) AppleWebKit/537.36 (KHTML, like Gecko) Chrome/90.0.4430.85 Safari/537.36"
