66.249.64.161 - - [07/Jul/2025:14:09:56 -0400] "GET /88zgm39981.html HTTP/1.1" 200 86996 "-" "Mozilla/5.0 (Linux; Android 6.0.1; Nexus 5X Build/MMB29P) AppleWebKit/537.36 (KHTML, like Gecko) Chrome/137.0.7151.103 Mobile Safari/537.36 (compatible; Googlebot/2.1; +http://www.google.com/bot.html)"
52.185.158.37 - - [07/Jul/2025:14:09:55 -0400] "GET /simple.php HTTP/1.1" 404 23126 "-" "-"
136.243.228.194 - - [07/Jul/2025:14:09:55 -0400] "GET /178ddc28657.html HTTP/1.1" 404 23126 "-" "Mozilla/5.0 (compatible; DataForSeoBot/1.0; +https://dataforseo.com/dataforseo-bot)"
52.185.158.37 - - [07/Jul/2025:14:09:59 -0400] "GET /function.php HTTP/1.1" 404 23126 "-" "-"
66.29.146.47 - - [07/Jul/2025:14:10:03 -0400] "POST /wp-cron.php?doing_wp_cron=1751911803.2437319755554199218750 HTTP/1.1" 403 1242 "-" "WordPress/6.8; https://dangroup.sa"
136.243.228.194 - - [07/Jul/2025:14:10:01 -0400] "GET /254fwg29677.html HTTP/1.1" 404 23126 "-" "Mozilla/5.0 (compatible; DataForSeoBot/1.0; +https://dataforseo.com/dataforseo-bot)"
52.185.158.37 - - [07/Jul/2025:14:10:02 -0400] "GET /goat1.php HTTP/1.1" 404 23126 "-" "-"
188.166.211.225 - - [07/Jul/2025:14:10:08 -0400] "GET /wp-login.php HTTP/1.1" 200 3095 "-" "Mozilla/5.0 (Windows NT 10.0; Win64; x64) AppleWebKit/537.36 (KHTML, like Gecko) Chrome/58.0.3029.110 Safari/537.3"
136.243.228.194 - - [07/Jul/2025:14:10:07 -0400] "GET /items/ewyyu222/9730?key=barely HTTP/1.1" 404 23126 "-" "Mozilla/5.0 (compatible; DataForSeoBot/1.0; +https://dataforseo.com/dataforseo-bot)"
52.185.158.37 - - [07/Jul/2025:14:10:08 -0400] "GET /admin/function.php HTTP/1.1" 404 23126 "-" "-"
188.166.211.225 - - [07/Jul/2025:14:10:13 -0400] "GET /wp-login.php HTTP/1.1" 200 3095 "-" "Mozilla/5.0 (Windows NT 10.0; Win64; x64) AppleWebKit/537.36 (KHTML, like Gecko) Chrome/58.0.3029.110 Safari/537.3"
66.249.64.105 - - [07/Jul/2025:14:10:18 -0400] "GET /pcmypage?callback=/product%2Fdetail%2hcvalor-eshop-trusco-4665358 HTTP/1.1" 403 1242 "-" "Mozilla/5.0 (Linux; Android 6.0.1; Nexus 5X Build/MMB29P) AppleWebKit/537.36 (KHTML, like Gecko) Chrome/137.0.7151.103 Mobile Safari/537.36 (compatible; Googlebot/2.1; +http://www.google.com/bot.html)"
52.185.158.37 - - [07/Jul/2025:14:10:16 -0400] "GET /css.php HTTP/1.1" 404 23127 "-" "-"
136.243.228.194 - - [07/Jul/2025:14:10:15 -0400] "GET /items/xlgbh86/22160?key=distribution HTTP/1.1" 404 23127 "-" "Mozilla/5.0 (compatible; DataForSeoBot/1.0; +https://dataforseo.com/dataforseo-bot)"
52.185.158.37 - - [07/Jul/2025:14:10:23 -0400] "GET /makeasmtp.php?p= HTTP/1.1" 301 0 "-" "-"
20.171.207.36 - - [07/Jul/2025:14:10:21 -0400] "GET /9hensg22672.html HTTP/1.1" 404 23126 "-" "Mozilla/5.0 AppleWebKit/537.36 (KHTML, like Gecko; compatible; GPTBot/1.2; +https://openai.com/gptbot)"
52.185.158.37 - - [07/Jul/2025:14:10:23 -0400] "GET /makeasmtp.php HTTP/1.1" 404 23127 "-" "-"
136.243.228.194 - - [07/Jul/2025:14:10:25 -0400] "GET /91bol4320.html HTTP/1.1" 404 23127 "-" "Mozilla/5.0 (compatible; DataForSeoBot/1.0; +https://dataforseo.com/dataforseo-bot)"
52.185.158.37 - - [07/Jul/2025:14:10:31 -0400] "GET /setup-config.php HTTP/1.1" 404 23126 "-" "-"
66.249.64.105 - - [07/Jul/2025:14:10:39 -0400] "GET /pcmypage?callback=product/review/daishinshop-645-164114 HTTP/1.1" 200 87254 "-" "Mozilla/5.0 (Linux; Android 6.0.1; Nexus 5X Build/MMB29P) AppleWebKit/537.36 (KHTML, like Gecko) Chrome/137.0.7151.103 Mobile Safari/537.36 (compatible; Googlebot/2.1; +http://www.google.com/bot.html)"
136.243.228.194 - - [07/Jul/2025:14:10:34 -0400] "GET /items/psgho144/31772?key=emerging HTTP/1.1" 404 23126 "-" "Mozilla/5.0 (compatible; DataForSeoBot/1.0; +https://dataforseo.com/dataforseo-bot)"
52.185.158.37 - - [07/Jul/2025:14:10:38 -0400] "GET /moon.php HTTP/1.1" 404 23126 "-" "-"
136.243.228.194 - - [07/Jul/2025:14:10:41 -0400] "GET /items/zvjaf251/8907?key=horror HTTP/1.1" 404 23127 "-" "Mozilla/5.0 (compatible; DataForSeoBot/1.0; +https://dataforseo.com/dataforseo-bot)"
52.185.158.37 - - [07/Jul/2025:14:10:42 -0400] "GET /wp-content/plugins/pwnd/as.php HTTP/1.1" 404 23126 "-" "-"
52.185.158.37 - - [07/Jul/2025:14:10:45 -0400] "GET /lv.php HTTP/1.1" 404 23127 "-" "-"
136.243.228.194 - - [07/Jul/2025:14:10:45 -0400] "GET /items/jahdr69/10933?key=Democrat HTTP/1.1" 404 23126 "-" "Mozilla/5.0 (compatible; DataForSeoBot/1.0; +https://dataforseo.com/dataforseo-bot)"
52.185.158.37 - - [07/Jul/2025:14:10:49 -0400] "GET /wp-includes/product.php HTTP/1.1" 404 23126 "-" "-"
136.243.228.194 - - [07/Jul/2025:14:10:49 -0400] "GET /141unr4490.html HTTP/1.1" 404 23126 "-" "Mozilla/5.0 (compatible; DataForSeoBot/1.0; +https://dataforseo.com/dataforseo-bot)"
52.185.158.37 - - [07/Jul/2025:14:10:52 -0400] "GET /wp-content/uploads/index.php HTTP/1.1" 301 0 "-" "-"
52.185.158.37 - - [07/Jul/2025:14:10:52 -0400] "GET /wp-content/uploads/ HTTP/1.1" 200 1334 "-" "-"
52.185.158.37 - - [07/Jul/2025:14:10:53 -0400] "GET /ini.php HTTP/1.1" 404 23126 "-" "-"
136.243.228.194 - - [07/Jul/2025:14:10:53 -0400] "GET /items/jheyz156/38210?key=link HTTP/1.1" 404 23127 "-" "Mozilla/5.0 (compatible; DataForSeoBot/1.0; +https://dataforseo.com/dataforseo-bot)"
52.185.158.37 - - [07/Jul/2025:14:10:56 -0400] "GET /wp-admin/css/about.php HTTP/1.1" 404 23126 "-" "-"
136.243.228.194 - - [07/Jul/2025:14:10:58 -0400] "GET /items/znfxx242/18336?key=rub HTTP/1.1" 404 23126 "-" "Mozilla/5.0 (compatible; DataForSeoBot/1.0; +https://dataforseo.com/dataforseo-bot)"
66.249.64.161 - - [07/Jul/2025:14:11:02 -0400] "GET /items/zxvea180/21794?key=integrity HTTP/1.1" 200 86458 "-" "Mozilla/5.0 (Linux; Android 6.0.1; Nexus 5X Build/MMB29P) AppleWebKit/537.36 (KHTML, like Gecko) Chrome/137.0.7151.103 Mobile Safari/537.36 (compatible; Googlebot/2.1; +http://www.google.com/bot.html)"
52.185.158.37 - - [07/Jul/2025:14:10:59 -0400] "GET /404.php HTTP/1.1" 404 23126 "-" "-"
66.29.146.47 - - [07/Jul/2025:14:11:05 -0400] "POST /wp-cron.php?doing_wp_cron=1751911865.5084919929504394531250 HTTP/1.1" 403 1242 "-" "WordPress/6.8; https://dangroup.sa"
136.243.228.194 - - [07/Jul/2025:14:11:04 -0400] "GET /items/eozvq82/29608?key=cookie HTTP/1.1" 404 23126 "-" "Mozilla/5.0 (compatible; DataForSeoBot/1.0; +https://dataforseo.com/dataforseo-bot)"
52.185.158.37 - - [07/Jul/2025:14:11:05 -0400] "GET /web.php HTTP/1.1" 404 23126 "-" "-"
136.243.228.194 - - [07/Jul/2025:14:11:12 -0400] "GET /246btfre41779.html HTTP/1.1" 404 23126 "-" "Mozilla/5.0 (compatible; DataForSeoBot/1.0; +https://dataforseo.com/dataforseo-bot)"
52.185.158.37 - - [07/Jul/2025:14:11:12 -0400] "GET /mah.php HTTP/1.1" 404 23126 "-" "-"
66.249.64.161 - - [07/Jul/2025:14:11:20 -0400] "GET /122rhdzn70995.html HTTP/1.1" 200 87293 "-" "Mozilla/5.0 (compatible; Googlebot/2.1; +http://www.google.com/bot.html)"
188.166.211.225 - - [07/Jul/2025:14:11:21 -0400] "GET /wp-login.php HTTP/1.1" 200 3095 "-" "Mozilla/5.0 (Windows NT 6.1; WOW64; Trident/7.0; AS; rv:11.0) like Gecko"
52.185.158.37 - - [07/Jul/2025:14:11:19 -0400] "GET /wp-admin/images/as.php HTTP/1.1" 404 23127 "-" "-"
66.249.64.161 - - [07/Jul/2025:14:11:25 -0400] "GET /9jyfm35956.html HTTP/1.1" 200 86874 "-" "Mozilla/5.0 (Linux; Android 6.0.1; Nexus 5X Build/MMB29P) AppleWebKit/537.36 (KHTML, like Gecko) Chrome/137.0.7151.103 Mobile Safari/537.36 (compatible; Googlebot/2.1; +http://www.google.com/bot.html)"
136.243.228.194 - - [07/Jul/2025:14:11:20 -0400] "GET /items/olqjb117/14805?key=exotic HTTP/1.1" 404 23126 "-" "Mozilla/5.0 (compatible; DataForSeoBot/1.0; +https://dataforseo.com/dataforseo-bot)"
188.166.211.225 - - [07/Jul/2025:14:11:26 -0400] "GET /wp-login.php HTTP/1.1" 200 3129 "-" "Mozilla/5.0 (Windows NT 6.1; WOW64; Trident/7.0; AS; rv:11.0) like Gecko"
52.185.158.37 - - [07/Jul/2025:14:11:24 -0400] "GET /yanz.php HTTP/1.1" 404 23126 "-" "-"
20.171.207.36 - - [07/Jul/2025:14:11:26 -0400] "GET /71sobxg1122.html HTTP/1.1" 404 23126 "-" "Mozilla/5.0 AppleWebKit/537.36 (KHTML, like Gecko; compatible; GPTBot/1.2; +https://openai.com/gptbot)"
136.243.228.194 - - [07/Jul/2025:14:11:28 -0400] "GET /items/jmrgl143/21877?key=column HTTP/1.1" 404 23126 "-" "Mozilla/5.0 (compatible; DataForSeoBot/1.0; +https://dataforseo.com/dataforseo-bot)"
52.185.158.37 - - [07/Jul/2025:14:11:34 -0400] "GET /test.php HTTP/1.1" 404 23126 "-" "-"
136.243.228.194 - - [07/Jul/2025:14:11:36 -0400] "GET /items/vtsmx117/40807?key=occasion HTTP/1.1" 404 23127 "-" "Mozilla/5.0 (compatible; DataForSeoBot/1.0; +https://dataforseo.com/dataforseo-bot)"
52.185.158.37 - - [07/Jul/2025:14:11:36 -0400] "GET /classwithtostring.php HTTP/1.1" 404 23126 "-" "-"
52.185.158.37 - - [07/Jul/2025:14:11:39 -0400] "GET /wp-blog-header.php HTTP/1.1" 403 1242 "-" "-"
52.185.158.37 - - [07/Jul/2025:14:11:40 -0400] "GET /plugin.php HTTP/1.1" 404 23126 "-" "-"
136.243.228.194 - - [07/Jul/2025:14:11:41 -0400] "GET /items/nytxl110/26382?key=Jew HTTP/1.1" 404 23126 "-" "Mozilla/5.0 (compatible; DataForSeoBot/1.0; +https://dataforseo.com/dataforseo-bot)"
52.185.158.37 - - [07/Jul/2025:14:11:42 -0400] "GET /wp-content/themes/seotheme/mar.php HTTP/1.1" 404 23126 "-" "-"
52.185.158.37 - - [07/Jul/2025:14:11:45 -0400] "GET /wp-trackback.php HTTP/1.1" 403 1242 "-" "-"
66.249.64.161 - - [07/Jul/2025:14:11:48 -0400] "GET /244uovcd41791.html HTTP/1.1" 200 86872 "-" "Mozilla/5.0 (Linux; Android 6.0.1; Nexus 5X Build/MMB29P) AppleWebKit/537.36 (KHTML, like Gecko) Chrome/137.0.7151.103 Mobile Safari/537.36 (compatible; Googlebot/2.1; +http://www.google.com/bot.html)"
52.185.158.37 - - [07/Jul/2025:14:11:45 -0400] "GET /wp-includes/Requests/about.php HTTP/1.1" 404 23127 "-" "-"
136.243.228.194 - - [07/Jul/2025:14:11:46 -0400] "GET /items/uzjft79/47153?key=momentum HTTP/1.1" 404 23126 "-" "Mozilla/5.0 (compatible; DataForSeoBot/1.0; +https://dataforseo.com/dataforseo-bot)"
66.249.64.106 - - [07/Jul/2025:14:11:51 -0400] "GET /pcmypage?callback=product%2Fdetail%2Ftakarabase-xr507011r1c HTTP/1.1" 200 87037 "-" "Mozilla/5.0 (Linux; Android 6.0.1; Nexus 5X Build/MMB29P) AppleWebKit/537.36 (KHTML, like Gecko) Chrome/137.0.7151.103 Mobile Safari/537.36 (compatible; Googlebot/2.1; +http://www.google.com/bot.html)"
52.185.158.37 - - [07/Jul/2025:14:11:50 -0400] "GET /link.php HTTP/1.1" 404 23127 "-" "-"
136.243.228.194 - - [07/Jul/2025:14:11:51 -0400] "GET /items/csjsf1/37291?key=judgment HTTP/1.1" 404 23127 "-" "Mozilla/5.0 (compatible; DataForSeoBot/1.0; +https://dataforseo.com/dataforseo-bot)"
52.185.158.37 - - [07/Jul/2025:14:11:55 -0400] "GET /bak.php HTTP/1.1" 404 23127 "-" "-"
51.222.253.10 - - [07/Jul/2025:14:11:55 -0400] "GET /33wez122.html HTTP/1.1" 404 23126 "-" "Mozilla/5.0 (compatible; AhrefsBot/7.0; +http://ahrefs.com/robot/)"
66.29.146.47 - - [07/Jul/2025:14:12:05 -0400] "POST /wp-cron.php?doing_wp_cron=1751911925.6068420410156250000000 HTTP/1.1" 403 1242 "-" "WordPress/6.8; https://dangroup.sa"
136.243.228.194 - - [07/Jul/2025:14:12:00 -0400] "GET /166gdwpb12095.html HTTP/1.1" 404 23126 "-" "Mozilla/5.0 (compatible; DataForSeoBot/1.0; +https://dataforseo.com/dataforseo-bot)"
188.166.211.225 - - [07/Jul/2025:14:12:06 -0400] "GET /wp-login.php HTTP/1.1" 200 3129 "-" "Mozilla/5.0 (Macintosh; Intel Mac OS X 10_11_5) AppleWebKit/537.36 (KHTML, like Gecko) Chrome/50.0.2661.102 Safari/537.36"
52.185.158.37 - - [07/Jul/2025:14:12:04 -0400] "GET /log.php HTTP/1.1" 404 23126 "-" "-"
188.166.211.225 - - [07/Jul/2025:14:12:08 -0400] "GET /wp-login.php HTTP/1.1" 200 3095 "-" "Mozilla/5.0 (Macintosh; Intel Mac OS X 10_11_5) AppleWebKit/537.36 (KHTML, like Gecko) Chrome/50.0.2661.102 Safari/537.36"
204.12.252.98 - - [07/Jul/2025:14:12:08 -0400] "GET /wp-content/install.php HTTP/1.1" 200 0 "https://dangroup.sa/wp-content/install.php" "Mozilla/5.0 (Windows NT 10.0; Win64; x64) AppleWebKit/537.36 (KHTML, like Gecko) Chrome/58.0.3029.110 Safari/537.3"
204.12.252.98 - - [07/Jul/2025:14:12:11 -0400] "GET /wp-content/install.php HTTP/1.1" 200 10 "https://dangroup.sa/wp-content/install.php" "Mozilla/5.0 (Windows NT 10.0; Win64; x64) AppleWebKit/537.36 (KHTML, like Gecko) Chrome/58.0.3029.110 Safari/537.3"
52.185.158.37 - - [07/Jul/2025:14:12:08 -0400] "GET /1.php HTTP/1.1" 404 23127 "-" "-"
136.243.228.194 - - [07/Jul/2025:14:12:08 -0400] "GET /items/frqmg268/4456?key=easy HTTP/1.1" 404 23194 "-" "Mozilla/5.0 (compatible; DataForSeoBot/1.0; +https://dataforseo.com/dataforseo-bot)"
52.185.158.37 - - [07/Jul/2025:14:12:13 -0400] "GET /sx.php HTTP/1.1" 404 23126 "-" "-"
52.185.158.37 - - [07/Jul/2025:14:12:18 -0400] "GET /ty.php?p= HTTP/1.1" 301 0 "-" "-"
136.243.228.194 - - [07/Jul/2025:14:12:15 -0400] "GET /147ndodu3058.html HTTP/1.1" 404 23127 "-" "Mozilla/5.0 (compatible; DataForSeoBot/1.0; +https://dataforseo.com/dataforseo-bot)"
52.185.158.37 - - [07/Jul/2025:14:12:20 -0400] "GET /ty.php HTTP/1.1" 404 23126 "-" "-"
136.243.228.194 - - [07/Jul/2025:14:12:22 -0400] "GET /147jjajn38024.html HTTP/1.1" 404 23127 "-" "Mozilla/5.0 (compatible; DataForSeoBot/1.0; +https://dataforseo.com/dataforseo-bot)"
188.166.211.225 - - [07/Jul/2025:14:12:28 -0400] "GET /wp-login.php HTTP/1.1" 200 3129 "-" "Mozilla/5.0 (Windows NT 10.0; Win64; x64) AppleWebKit/537.36 (KHTML, like Gecko) Chrome/58.0.3029.110 Safari/537.3"
52.185.158.37 - - [07/Jul/2025:14:12:26 -0400] "GET /13.php HTTP/1.1" 404 23127 "-" "-"
188.166.211.225 - - [07/Jul/2025:14:12:33 -0400] "GET /wp-login.php HTTP/1.1" 200 3129 "-" "Mozilla/5.0 (Windows NT 10.0; Win64; x64) AppleWebKit/537.36 (KHTML, like Gecko) Chrome/58.0.3029.110 Safari/537.3"
66.249.64.162 - - [07/Jul/2025:14:12:34 -0400] "GET /120oppgx17573.html HTTP/1.1" 200 87216 "-" "Mozilla/5.0 (Linux; Android 6.0.1; Nexus 5X Build/MMB29P) AppleWebKit/537.36 (KHTML, like Gecko) Chrome/137.0.7151.103 Mobile Safari/537.36 (compatible; Googlebot/2.1; +http://www.google.com/bot.html)"
20.171.207.36 - - [07/Jul/2025:14:12:27 -0400] "GET /47zroru3454.html HTTP/1.1" 404 23127 "-" "Mozilla/5.0 AppleWebKit/537.36 (KHTML, like Gecko; compatible; GPTBot/1.2; +https://openai.com/gptbot)"
136.243.228.194 - - [07/Jul/2025:14:12:31 -0400] "GET /126ogo25835.html HTTP/1.1" 404 23126 "-" "Mozilla/5.0 (compatible; DataForSeoBot/1.0; +https://dataforseo.com/dataforseo-bot)"
52.185.158.37 - - [07/Jul/2025:14:12:32 -0400] "GET /wso.php HTTP/1.1" 404 23126 "-" "-"
52.185.158.37 - - [07/Jul/2025:14:12:39 -0400] "GET /db.php HTTP/1.1" 404 23126 "-" "-"
136.243.228.194 - - [07/Jul/2025:14:12:39 -0400] "GET /106fkul2191.html HTTP/1.1" 404 23127 "-" "Mozilla/5.0 (compatible; DataForSeoBot/1.0; +https://dataforseo.com/dataforseo-bot)"
52.185.158.37 - - [07/Jul/2025:14:12:45 -0400] "GET /sb.php HTTP/1.1" 404 23127 "-" "-"
188.166.211.225 - - [07/Jul/2025:14:12:52 -0400] "GET /wp-login.php HTTP/1.1" 200 3129 "-" "Mozilla/5.0 (Windows NT 6.3; WOW64; rv:40.0) Gecko/20100101 Firefox/40.0"
188.166.211.225 - - [07/Jul/2025:14:12:55 -0400] "GET /wp-login.php HTTP/1.1" 200 3095 "-" "Mozilla/5.0 (Windows NT 6.3; WOW64; rv:40.0) Gecko/20100101 Firefox/40.0"
136.243.228.194 - - [07/Jul/2025:14:12:48 -0400] "GET /items/ngjzn115/46123?key=bitter HTTP/1.1" 404 23126 "-" "Mozilla/5.0 (compatible; DataForSeoBot/1.0; +https://dataforseo.com/dataforseo-bot)"
66.249.64.162 - - [07/Jul/2025:14:12:57 -0400] "GET /113luu2146.html HTTP/1.1" 200 86898 "-" "Mozilla/5.0 (Linux; Android 6.0.1; Nexus 5X Build/MMB29P) AppleWebKit/537.36 (KHTML, like Gecko) Chrome/137.0.7151.103 Mobile Safari/537.36 (compatible; Googlebot/2.1; +http://www.google.com/bot.html)"
52.185.158.37 - - [07/Jul/2025:14:12:53 -0400] "GET /0x.php HTTP/1.1" 404 23127 "-" "-"
66.249.64.161 - - [07/Jul/2025:14:13:04 -0400] "GET /items/tklnt194/28386?key=housing HTTP/1.1" 200 86202 "-" "Mozilla/5.0 (compatible; Googlebot/2.1; +http://www.google.com/bot.html)"
66.29.146.47 - - [07/Jul/2025:14:13:07 -0400] "POST /wp-cron.php?doing_wp_cron=1751911987.5090770721435546875000 HTTP/1.1" 403 1242 "-" "WordPress/6.8; https://dangroup.sa"
66.249.64.161 - - [07/Jul/2025:14:13:07 -0400] "GET /items/xbiny113/13723?key=legitimate HTTP/1.1" 200 86732 "-" "Mozilla/5.0 (Linux; Android 6.0.1; Nexus 5X Build/MMB29P) AppleWebKit/537.36 (KHTML, like Gecko) Chrome/137.0.7151.103 Mobile Safari/537.36 (compatible; Googlebot/2.1; +http://www.google.com/bot.html)"
136.243.228.194 - - [07/Jul/2025:14:12:59 -0400] "GET /items/blcqv144/47792?key=lunch HTTP/1.1" 404 23127 "-" "Mozilla/5.0 (compatible; DataForSeoBot/1.0; +https://dataforseo.com/dataforseo-bot)"
52.185.158.37 - - [07/Jul/2025:14:13:05 -0400] "GET /htaccess.php HTTP/1.1" 404 23126 "-" "-"
66.249.64.161 - - [07/Jul/2025:14:13:20 -0400] "GET /63tvehl14634.html HTTP/1.1" 200 87112 "-" "Mozilla/5.0 (Linux; Android 6.0.1; Nexus 5X Build/MMB29P) AppleWebKit/537.36 (KHTML, like Gecko) Chrome/137.0.7151.103 Mobile Safari/537.36 (compatible; Googlebot/2.1; +http://www.google.com/bot.html)"
136.243.228.194 - - [07/Jul/2025:14:13:12 -0400] "GET /items/tgbca207/45439?key=intact HTTP/1.1" 404 23127 "-" "Mozilla/5.0 (compatible; DataForSeoBot/1.0; +https://dataforseo.com/dataforseo-bot)"
66.249.64.161 - - [07/Jul/2025:14:13:23 -0400] "GET /166bfkfq6399.html HTTP/1.1" 200 87294 "-" "Mozilla/5.0 (Linux; Android 6.0.1; Nexus 5X Build/MMB29P) AppleWebKit/537.36 (KHTML, like Gecko) Chrome/137.0.7151.103 Mobile Safari/537.36 (compatible; Googlebot/2.1; +http://www.google.com/bot.html)"
52.185.158.37 - - [07/Jul/2025:14:13:14 -0400] "GET /edit.php HTTP/1.1" 404 23126 "-" "-"
136.243.228.194 - - [07/Jul/2025:14:13:24 -0400] "GET /items/hkwnj183/43703?key=lesson HTTP/1.1" 404 23126 "-" "Mozilla/5.0 (compatible; DataForSeoBot/1.0; +https://dataforseo.com/dataforseo-bot)"
52.185.158.37 - - [07/Jul/2025:14:13:27 -0400] "GET /doc.php HTTP/1.1" 404 23126 "-" "-"
66.249.64.162 - - [07/Jul/2025:14:13:34 -0400] "GET /pcmypage?callback=product/review/valuecare-vc-tr-1374314 HTTP/1.1" 200 86544 "-" "Mozilla/5.0 (Linux; Android 6.0.1; Nexus 5X Build/MMB29P) AppleWebKit/537.36 (KHTML, like Gecko) Chrome/137.0.7151.103 Mobile Safari/537.36 (compatible; Googlebot/2.1; +http://www.google.com/bot.html)"
20.171.207.36 - - [07/Jul/2025:14:13:29 -0400] "GET /43zycem9424.html HTTP/1.1" 404 23126 "-" "Mozilla/5.0 AppleWebKit/537.36 (KHTML, like Gecko; compatible; GPTBot/1.2; +https://openai.com/gptbot)"
136.243.228.194 - - [07/Jul/2025:14:13:33 -0400] "GET /items/gfrvb170/12218?key=honestly HTTP/1.1" 404 23126 "-" "Mozilla/5.0 (compatible; DataForSeoBot/1.0; +https://dataforseo.com/dataforseo-bot)"
188.166.211.225 - - [07/Jul/2025:14:13:41 -0400] "GET /wp-login.php HTTP/1.1" 200 3095 "-" "Mozilla/5.0 (Windows NT 6.1; WOW64; Trident/7.0; AS; rv:11.0) like Gecko"
188.166.211.225 - - [07/Jul/2025:14:13:42 -0400] "GET /wp-login.php HTTP/1.1" 200 3129 "-" "Mozilla/5.0 (Windows NT 6.1; WOW64; Trident/7.0; AS; rv:11.0) like Gecko"
136.243.228.194 - - [07/Jul/2025:14:13:40 -0400] "GET /items/fzaaa243/31437?key=biology HTTP/1.1" 404 23126 "-" "Mozilla/5.0 (compatible; DataForSeoBot/1.0; +https://dataforseo.com/dataforseo-bot)"
66.249.64.105 - - [07/Jul/2025:14:13:44 -0400] "GET /zhHant/product/surugaya/wondergoo-660520250203104?campaign_uid=f64d716db5e979ed2f947dbaf4296895b951ae7f HTTP/1.1" 200 86845 "-" "Mozilla/5.0 (Linux; Android 6.0.1; Nexus 5X Build/MMB29P) AppleWebKit/537.36 (KHTML, like Gecko) Chrome/137.0.7151.103 Mobile Safari/537.36 (compatible; Googlebot/2.1; +http://www.google.com/bot.html)"
136.243.228.194 - - [07/Jul/2025:14:13:44 -0400] "GET /items/rkqnz78/37130?key=civilization HTTP/1.1" 404 23126 "-" "Mozilla/5.0 (compatible; DataForSeoBot/1.0; +https://dataforseo.com/dataforseo-bot)"
136.243.228.194 - - [07/Jul/2025:14:13:48 -0400] "GET /items/eisya63/28491?key=absolutely HTTP/1.1" 404 23126 "-" "Mozilla/5.0 (compatible; DataForSeoBot/1.0; +https://dataforseo.com/dataforseo-bot)"
66.249.64.161 - - [07/Jul/2025:14:13:55 -0400] "GET /category/1004_7302/1/listing HTTP/1.1" 200 86823 "-" "Mozilla/5.0 (Linux; Android 6.0.1; Nexus 5X Build/MMB29P) AppleWebKit/537.36 (KHTML, like Gecko) Chrome/137.0.7151.103 Mobile Safari/537.36 (compatible; Googlebot/2.1; +http://www.google.com/bot.html)"
40.85.94.80 - - [07/Jul/2025:14:13:53 -0400] "GET /wp-content/plugins/hellopress/wp_filemanager.php HTTP/1.1" 404 23127 "-" "-"
136.243.228.194 - - [07/Jul/2025:14:13:53 -0400] "GET /213lkmoo608.html HTTP/1.1" 404 23127 "-" "Mozilla/5.0 (compatible; DataForSeoBot/1.0; +https://dataforseo.com/dataforseo-bot)"
188.166.211.225 - - [07/Jul/2025:14:14:00 -0400] "GET /wp-login.php HTTP/1.1" 200 3095 "-" "Mozilla/5.0 (Windows NT 6.3; WOW64; rv:40.0) Gecko/20100101 Firefox/40.0"
66.249.64.160 - - [07/Jul/2025:14:14:06 -0400] "GET /36tnfy277.html HTTP/1.1" 200 87302 "-" "Mozilla/5.0 (Linux; Android 6.0.1; Nexus 5X Build/MMB29P) AppleWebKit/537.36 (KHTML, like Gecko) Chrome/137.0.7151.103 Mobile Safari/537.36 (compatible; Googlebot/2.1; +http://www.google.com/bot.html)"
66.29.146.47 - - [07/Jul/2025:14:14:07 -0400] "POST /wp-cron.php?doing_wp_cron=1751912047.7018449306488037109375 HTTP/1.1" 403 1242 "-" "WordPress/6.8; https://dangroup.sa"
188.166.211.225 - - [07/Jul/2025:14:14:05 -0400] "GET /wp-login.php HTTP/1.1" 200 3129 "-" "Mozilla/5.0 (Windows NT 6.3; WOW64; rv:40.0) Gecko/20100101 Firefox/40.0"
40.85.94.80 - - [07/Jul/2025:14:14:00 -0400] "GET /wp-includes/pomo/mpvloi.php HTTP/1.1" 404 23127 "-" "-"
136.243.228.194 - - [07/Jul/2025:14:14:02 -0400] "GET /161ffxy14096.html HTTP/1.1" 404 23126 "-" "Mozilla/5.0 (compatible; DataForSeoBot/1.0; +https://dataforseo.com/dataforseo-bot)"
40.85.94.80 - - [07/Jul/2025:14:14:09 -0400] "GET /wp-admin/images/edit-tags.php HTTP/1.1" 404 23126 "-" "-"
66.249.64.160 - - [07/Jul/2025:14:14:16 -0400] "GET /74tty20305.html HTTP/1.1" 200 86388 "-" "Mozilla/5.0 (Linux; Android 6.0.1; Nexus 5X Build/MMB29P) AppleWebKit/537.36 (KHTML, like Gecko) Chrome/137.0.7151.103 Mobile Safari/537.36 (compatible; Googlebot/2.1; +http://www.google.com/bot.html)"
136.243.228.194 - - [07/Jul/2025:14:14:14 -0400] "GET /items/qdefa234/25980?key=laughter HTTP/1.1" 404 23126 "-" "Mozilla/5.0 (compatible; DataForSeoBot/1.0; +https://dataforseo.com/dataforseo-bot)"
66.249.64.105 - - [07/Jul/2025:14:14:19 -0400] "GET /pcmypage?callback=/product%2Fdetail%2sportsbox-knw85 HTTP/1.1" 403 1242 "-" "Mozilla/5.0 (Linux; Android 6.0.1; Nexus 5X Build/MMB29P) AppleWebKit/537.36 (KHTML, like Gecko) Chrome/137.0.7151.103 Mobile Safari/537.36 (compatible; Googlebot/2.1; +http://www.google.com/bot.html)"
40.85.94.80 - - [07/Jul/2025:14:14:15 -0400] "GET /wp-admin/includes/media.php.INFECTED.php HTTP/1.1" 404 23126 "-" "-"
40.85.94.80 - - [07/Jul/2025:14:14:21 -0400] "GET /wp-includes/block-bindings.php HTTP/1.1" 403 1242 "-" "-"
136.243.228.194 - - [07/Jul/2025:14:14:20 -0400] "GET /items/hfyth283/23687?key=strongly HTTP/1.1" 404 23126 "-" "Mozilla/5.0 (compatible; DataForSeoBot/1.0; +https://dataforseo.com/dataforseo-bot)"
40.85.94.80 - - [07/Jul/2025:14:14:21 -0400] "GET /wp-admin/css/colors/ectoplasm/str_shuffcle.php HTTP/1.1" 404 23126 "-" "-"
66.249.64.105 - - [07/Jul/2025:14:14:27 -0400] "GET /68cim803.html HTTP/1.1" 200 88138 "-" "Mozilla/5.0 (Linux; Android 6.0.1; Nexus 5X Build/MMB29P) AppleWebKit/537.36 (KHTML, like Gecko) Chrome/137.0.7151.103 Mobile Safari/537.36 (compatible; Googlebot/2.1; +http://www.google.com/bot.html)"
136.243.228.194 - - [07/Jul/2025:14:14:26 -0400] "GET /items/avndv273/13699?key=trace HTTP/1.1" 404 23126 "-" "Mozilla/5.0 (compatible; DataForSeoBot/1.0; +https://dataforseo.com/dataforseo-bot)"
40.85.94.80 - - [07/Jul/2025:14:14:26 -0400] "GET /wp-admin/maint/wp-act.php HTTP/1.1" 404 23126 "-" "-"
20.171.207.36 - - [07/Jul/2025:14:14:31 -0400] "GET /84enqnn3589.html HTTP/1.1" 404 23127 "-" "Mozilla/5.0 AppleWebKit/537.36 (KHTML, like Gecko; compatible; GPTBot/1.2; +https://openai.com/gptbot)"
40.85.94.80 - - [07/Jul/2025:14:14:31 -0400] "GET /wp-includes/css/dist/niil.php HTTP/1.1" 404 23127 "-" "-"
136.243.228.194 - - [07/Jul/2025:14:14:31 -0400] "GET /items/cbpva119/38849?key=with HTTP/1.1" 404 23127 "-" "Mozilla/5.0 (compatible; DataForSeoBot/1.0; +https://dataforseo.com/dataforseo-bot)"
188.166.211.225 - - [07/Jul/2025:14:14:38 -0400] "GET /wp-login.php HTTP/1.1" 200 3095 "-" "Mozilla/5.0 (Windows NT 10.0; Win64; x64) AppleWebKit/537.36 (KHTML, like Gecko) Chrome/58.0.3029.110 Safari/537.3"
188.166.211.225 - - [07/Jul/2025:14:14:39 -0400] "GET /wp-login.php HTTP/1.1" 200 3095 "-" "Mozilla/5.0 (Windows NT 10.0; Win64; x64) AppleWebKit/537.36 (KHTML, like Gecko) Chrome/58.0.3029.110 Safari/537.3"
40.85.94.80 - - [07/Jul/2025:14:14:38 -0400] "GET /files/css_compare.php HTTP/1.1" 404 23127 "-" "-"
136.243.228.194 - - [07/Jul/2025:14:14:39 -0400] "GET /30ctrm34647.html HTTP/1.1" 404 23126 "-" "Mozilla/5.0 (compatible; DataForSeoBot/1.0; +https://dataforseo.com/dataforseo-bot)"
66.249.64.174 - - [07/Jul/2025:14:14:44 -0400] "GET /items/nbezk71/49575?key=historically HTTP/1.1" 200 86549 "-" "Mozilla/5.0 (Linux; Android 6.0.1; Nexus 5X Build/MMB29P) AppleWebKit/537.36 (KHTML, like Gecko) Chrome/137.0.7151.103 Mobile Safari/537.36 (compatible; Googlebot/2.1; +http://www.google.com/bot.html)"
40.85.94.80 - - [07/Jul/2025:14:14:42 -0400] "GET /wp-includes/class-json-ajax-session.php HTTP/1.1" 404 23127 "-" "-"
66.249.64.104 - - [07/Jul/2025:14:14:48 -0400] "GET /68cpq9853.html HTTP/1.1" 200 88085 "-" "Mozilla/5.0 (Linux; Android 6.0.1; Nexus 5X Build/MMB29P) AppleWebKit/537.36 (KHTML, like Gecko) Chrome/137.0.7151.103 Mobile Safari/537.36 (compatible; Googlebot/2.1; +http://www.google.com/bot.html)"
136.243.228.194 - - [07/Jul/2025:14:14:45 -0400] "GET /272vzmbl35593.html HTTP/1.1" 404 23126 "-" "Mozilla/5.0 (compatible; DataForSeoBot/1.0; +https://dataforseo.com/dataforseo-bot)"
40.85.94.80 - - [07/Jul/2025:14:14:46 -0400] "GET /wp-includes/0.php HTTP/1.1" 404 23127 "-" "-"
40.85.94.80 - - [07/Jul/2025:14:14:51 -0400] "GET /wp-admin/css/acces.php HTTP/1.1" 404 23127 "-" "-"
136.243.228.194 - - [07/Jul/2025:14:14:51 -0400] "GET /187qqz34186.html HTTP/1.1" 404 23126 "-" "Mozilla/5.0 (compatible; DataForSeoBot/1.0; +https://dataforseo.com/dataforseo-bot)"
188.166.211.225 - - [07/Jul/2025:14:14:55 -0400] "GET /wp-login.php HTTP/1.1" 200 3129 "-" "Mozilla/5.0 (Windows NT 6.1; WOW64; Trident/7.0; AS; rv:11.0) like Gecko"
188.166.211.225 - - [07/Jul/2025:14:14:59 -0400] "GET /wp-login.php HTTP/1.1" 200 3095 "-" "Mozilla/5.0 (Windows NT 6.1; WOW64; Trident/7.0; AS; rv:11.0) like Gecko"
40.85.94.80 - - [07/Jul/2025:14:14:56 -0400] "GET /wp-includes/about.php HTTP/1.1" 404 23127 "-" "-"
136.243.228.194 - - [07/Jul/2025:14:14:56 -0400] "GET /229ujwq38786.html HTTP/1.1" 404 23126 "-" "Mozilla/5.0 (compatible; DataForSeoBot/1.0; +https://dataforseo.com/dataforseo-bot)"
40.85.94.80 - - [07/Jul/2025:14:15:00 -0400] "GET /wp-admin/maint/go.php HTTP/1.1" 404 23126 "-" "-"
136.243.228.194 - - [07/Jul/2025:14:15:02 -0400] "GET /122ydqn25179.html HTTP/1.1" 404 23126 "-" "Mozilla/5.0 (compatible; DataForSeoBot/1.0; +https://dataforseo.com/dataforseo-bot)"
40.85.94.80 - - [07/Jul/2025:14:15:05 -0400] "GET /wp-admin/includes/wp-login.php HTTP/1.1" 404 23126 "-" "-"
66.249.64.161 - - [07/Jul/2025:14:15:09 -0400] "GET /186qxf27711.html HTTP/1.1" 200 87247 "-" "Mozilla/5.0 (Linux; Android 6.0.1; Nexus 5X Build/MMB29P) AppleWebKit/537.36 (KHTML, like Gecko) Chrome/137.0.7151.103 Mobile Safari/537.36 (compatible; Googlebot/2.1; +http://www.google.com/bot.html)"
66.29.146.47 - - [07/Jul/2025:14:15:11 -0400] "POST /wp-cron.php?doing_wp_cron=1751912110.9272439479827880859375 HTTP/1.1" 403 1242 "-" "WordPress/6.8; https://dangroup.sa"
66.29.146.47 - - [07/Jul/2025:14:15:11 -0400] "POST /wp-cron.php?doing_wp_cron=1751912111.1110661029815673828125 HTTP/1.1" 403 1242 "-" "WordPress/6.8; https://dangroup.sa"
136.243.228.194 - - [07/Jul/2025:14:15:10 -0400] "GET /items/dimrt270/10188?key=register HTTP/1.1" 404 23126 "-" "Mozilla/5.0 (compatible; DataForSeoBot/1.0; +https://dataforseo.com/dataforseo-bot)"
40.85.94.80 - - [07/Jul/2025:14:15:10 -0400] "GET /wp-content/uploads/suit5y.php HTTP/1.1" 404 23126 "-" "-"
40.85.94.80 - - [07/Jul/2025:14:15:16 -0400] "GET /uploads/update_with_pics.php HTTP/1.1" 404 23126 "-" "-"
136.243.228.194 - - [07/Jul/2025:14:15:17 -0400] "GET /261jdqy16772.html HTTP/1.1" 404 23126 "-" "Mozilla/5.0 (compatible; DataForSeoBot/1.0; +https://dataforseo.com/dataforseo-bot)"
188.166.211.225 - - [07/Jul/2025:14:15:19 -0400] "GET /wp-login.php HTTP/1.1" 200 3095 "-" "Mozilla/5.0 (Windows NT 10.0; Win64; x64) AppleWebKit/537.36 (KHTML, like Gecko) Chrome/58.0.3029.110 Safari/537.3"
188.166.211.225 - - [07/Jul/2025:14:15:24 -0400] "GET /wp-login.php HTTP/1.1" 200 3095 "-" "Mozilla/5.0 (Windows NT 10.0; Win64; x64) AppleWebKit/537.36 (KHTML, like Gecko) Chrome/58.0.3029.110 Safari/537.3"
40.85.94.80 - - [07/Jul/2025:14:15:21 -0400] "GET /wp-admin/includes/admin-ajax.php HTTP/1.1" 404 23127 "-" "-"
136.243.228.194 - - [07/Jul/2025:14:15:22 -0400] "GET /items/zlzfm207/12511?key=naturally HTTP/1.1" 404 23126 "-" "Mozilla/5.0 (compatible; DataForSeoBot/1.0; +https://dataforseo.com/dataforseo-bot)"
40.85.94.80 - - [07/Jul/2025:14:15:26 -0400] "GET /wp-admin/maint/wp-damin.php HTTP/1.1" 404 23127 "-" "-"
66.249.64.174 - - [07/Jul/2025:14:15:30 -0400] "GET /161dxie45018.html HTTP/1.1" 200 87200 "-" "Mozilla/5.0 (Linux; Android 6.0.1; Nexus 5X Build/MMB29P) AppleWebKit/537.36 (KHTML, like Gecko) Chrome/137.0.7151.103 Mobile Safari/537.36 (compatible; Googlebot/2.1; +http://www.google.com/bot.html)"
136.243.228.194 - - [07/Jul/2025:14:15:28 -0400] "GET /items/irfgf258/34018?key=internal HTTP/1.1" 404 23126 "-" "Mozilla/5.0 (compatible; DataForSeoBot/1.0; +https://dataforseo.com/dataforseo-bot)"
40.85.94.80 - - [07/Jul/2025:14:15:30 -0400] "GET /wp-admin/includes/go.php HTTP/1.1" 404 23127 "-" "-"
136.243.228.194 - - [07/Jul/2025:14:15:34 -0400] "GET /items/uhdlj135/14681?key=auto HTTP/1.1" 404 23126 "-" "Mozilla/5.0 (compatible; DataForSeoBot/1.0; +https://dataforseo.com/dataforseo-bot)"
40.85.94.80 - - [07/Jul/2025:14:15:35 -0400] "GET /uploads/upload.php HTTP/1.1" 404 23127 "-" "-"
20.171.207.36 - - [07/Jul/2025:14:15:36 -0400] "GET /79enqnn3594.html HTTP/1.1" 404 23126 "-" "Mozilla/5.0 AppleWebKit/537.36 (KHTML, like Gecko; compatible; GPTBot/1.2; +https://openai.com/gptbot)"
136.243.228.194 - - [07/Jul/2025:14:15:40 -0400] "GET /items/cyqzo272/24354?key=ideal HTTP/1.1" 404 23127 "-" "Mozilla/5.0 (compatible; DataForSeoBot/1.0; +https://dataforseo.com/dataforseo-bot)"
40.85.94.80 - - [07/Jul/2025:14:15:41 -0400] "GET /wp-includes/class-wp-simplepie-sanitize-kses-stream.php HTTP/1.1" 404 23126 "-" "-"
66.249.64.174 - - [07/Jul/2025:14:15:51 -0400] "GET /204ynr32229.html HTTP/1.1" 200 86456 "-" "Mozilla/5.0 (Linux; Android 6.0.1; Nexus 5X Build/MMB29P) AppleWebKit/537.36 (KHTML, like Gecko) Chrome/137.0.7151.103 Mobile Safari/537.36 (compatible; Googlebot/2.1; +http://www.google.com/bot.html)"
136.243.228.194 - - [07/Jul/2025:14:15:48 -0400] "GET /26xqgp40007.html HTTP/1.1" 404 23126 "-" "Mozilla/5.0 (compatible; DataForSeoBot/1.0; +https://dataforseo.com/dataforseo-bot)"
40.85.94.80 - - [07/Jul/2025:14:15:47 -0400] "GET /wp-includes/prayer_intentions.php HTTP/1.1" 404 23127 "-" "-"
40.85.94.80 - - [07/Jul/2025:14:15:53 -0400] "GET /wp-includes/fonts/class-wp-font-collection.php HTTP/1.1" 403 1242 "-" "-"
136.243.228.194 - - [07/Jul/2025:14:15:53 -0400] "GET /items/eespy269/963?key=medication HTTP/1.1" 404 23127 "-" "Mozilla/5.0 (compatible; DataForSeoBot/1.0; +https://dataforseo.com/dataforseo-bot)"
40.85.94.80 - - [07/Jul/2025:14:15:53 -0400] "GET /wp-admin/includes/class-wp-pagebuilders-BDsjLk.php HTTP/1.1" 404 23126 "-" "-"
188.166.211.225 - - [07/Jul/2025:14:15:58 -0400] "GET /wp-login.php HTTP/1.1" 200 3095 "-" "Mozilla/5.0 (Windows NT 10.0; Win64; x64) AppleWebKit/537.36 (KHTML, like Gecko) Chrome/58.0.3029.110 Safari/537.3"
188.166.211.225 - - [07/Jul/2025:14:16:01 -0400] "GET /wp-login.php HTTP/1.1" 200 3095 "-" "Mozilla/5.0 (Windows NT 10.0; Win64; x64) AppleWebKit/537.36 (KHTML, like Gecko) Chrome/58.0.3029.110 Safari/537.3"
40.85.94.80 - - [07/Jul/2025:14:15:59 -0400] "GET /wp-admin/css/bgFbMo.php HTTP/1.1" 404 23126 "-" "-"
136.243.228.194 - - [07/Jul/2025:14:15:59 -0400] "GET /85rjzeb44464.html HTTP/1.1" 404 23126 "-" "Mozilla/5.0 (compatible; DataForSeoBot/1.0; +https://dataforseo.com/dataforseo-bot)"
40.85.94.80 - - [07/Jul/2025:14:16:05 -0400] "GET /wp-includes/cof.php HTTP/1.1" 404 23126 "-" "-"
136.243.228.194 - - [07/Jul/2025:14:16:06 -0400] "GET /1plhik28112.html HTTP/1.1" 404 23126 "-" "Mozilla/5.0 (compatible; DataForSeoBot/1.0; +https://dataforseo.com/dataforseo-bot)"
66.249.64.174 - - [07/Jul/2025:14:16:12 -0400] "GET /31glvub13048.html HTTP/1.1" 200 86513 "-" "Mozilla/5.0 (Linux; Android 6.0.1; Nexus 5X Build/MMB29P) AppleWebKit/537.36 (KHTML, like Gecko) Chrome/137.0.7151.103 Mobile Safari/537.36 (compatible; Googlebot/2.1; +http://www.google.com/bot.html)"
66.29.146.47 - - [07/Jul/2025:14:16:13 -0400] "POST /wp-cron.php?doing_wp_cron=1751912173.6187229156494140625000 HTTP/1.1" 403 1242 "-" "WordPress/6.8; https://dangroup.sa"
40.85.94.80 - - [07/Jul/2025:14:16:09 -0400] "GET /wp-admin/includes/class-wp-pagebuilders-5tgxav.php HTTP/1.1" 404 23126 "-" "-"
136.243.228.194 - - [07/Jul/2025:14:16:12 -0400] "GET /155slo27316.html HTTP/1.1" 404 23127 "-" "Mozilla/5.0 (compatible; DataForSeoBot/1.0; +https://dataforseo.com/dataforseo-bot)"
40.85.94.80 - - [07/Jul/2025:14:16:14 -0400] "GET /wp-admin/css/OK.php HTTP/1.1" 404 23126 "-" "-"
136.243.228.194 - - [07/Jul/2025:14:16:18 -0400] "GET /156qbuog20629.html HTTP/1.1" 404 23127 "-" "Mozilla/5.0 (compatible; DataForSeoBot/1.0; +https://dataforseo.com/dataforseo-bot)"
40.85.94.80 - - [07/Jul/2025:14:16:20 -0400] "GET /wp-admin/maint/doc.php HTTP/1.1" 404 23126 "-" "-"
136.243.228.194 - - [07/Jul/2025:14:16:24 -0400] "GET /244dgvji4985.html HTTP/1.1" 404 23126 "-" "Mozilla/5.0 (compatible; DataForSeoBot/1.0; +https://dataforseo.com/dataforseo-bot)"
40.85.94.80 - - [07/Jul/2025:14:16:25 -0400] "GET /wp-admin/css/go.php HTTP/1.1" 404 23126 "-" "-"
51.222.253.11 - - [07/Jul/2025:14:16:26 -0400] "GET /295hxat43954.html HTTP/1.1" 404 23126 "-" "Mozilla/5.0 (compatible; AhrefsBot/7.0; +http://ahrefs.com/robot/)"
66.249.64.160 - - [07/Jul/2025:14:16:33 -0400] "GET /pcmypage?callback=/product%2Fdetail%2Celeb78-ap-108475 HTTP/1.1" 200 87996 "-" "Mozilla/5.0 (Linux; Android 6.0.1; Nexus 5X Build/MMB29P) AppleWebKit/537.36 (KHTML, like Gecko) Chrome/137.0.7151.103 Mobile Safari/537.36 (compatible; Googlebot/2.1; +http://www.google.com/bot.html)"
40.85.94.80 - - [07/Jul/2025:14:16:31 -0400] "GET /wp-admin/maint/cong.php HTTP/1.1" 404 23126 "-" "-"
136.243.228.194 - - [07/Jul/2025:14:16:31 -0400] "GET /244ccob34581.html HTTP/1.1" 404 23126 "-" "Mozilla/5.0 (compatible; DataForSeoBot/1.0; +https://dataforseo.com/dataforseo-bot)"
40.85.94.80 - - [07/Jul/2025:14:16:37 -0400] "GET /wp-admin/maint/yes.php HTTP/1.1" 404 23126 "-" "-"
20.171.207.36 - - [07/Jul/2025:14:16:38 -0400] "GET /151pzhev612.html HTTP/1.1" 404 23127 "-" "Mozilla/5.0 AppleWebKit/537.36 (KHTML, like Gecko; compatible; GPTBot/1.2; +https://openai.com/gptbot)"
136.243.228.194 - - [07/Jul/2025:14:16:40 -0400] "GET /204ixk17087.html HTTP/1.1" 404 23126 "-" "Mozilla/5.0 (compatible; DataForSeoBot/1.0; +https://dataforseo.com/dataforseo-bot)"
40.85.94.80 - - [07/Jul/2025:14:16:45 -0400] "GET /wp-content/upgrade/about.php HTTP/1.1" 404 23126 "-" "-"
136.243.228.194 - - [07/Jul/2025:14:16:49 -0400] "GET /175wfkpz13350.html HTTP/1.1" 404 23127 "-" "Mozilla/5.0 (compatible; DataForSeoBot/1.0; +https://dataforseo.com/dataforseo-bot)"
40.85.94.80 - - [07/Jul/2025:14:16:49 -0400] "GET /wp-admin/includes/class-wp-media-list-table-ezd.php HTTP/1.1" 404 23126 "-" "-"
66.249.64.174 - - [07/Jul/2025:14:16:57 -0400] "GET /297niup636.html HTTP/1.1" 200 87032 "-" "Mozilla/5.0 (Linux; Android 6.0.1; Nexus 5X Build/MMB29P) AppleWebKit/537.36 (KHTML, like Gecko) Chrome/137.0.7151.103 Mobile Safari/537.36 (compatible; Googlebot/2.1; +http://www.google.com/bot.html)"
188.166.211.225 - - [07/Jul/2025:14:16:57 -0400] "GET /wp-login.php HTTP/1.1" 200 3095 "-" "Mozilla/5.0 (Windows NT 10.0; Win64; x64) AppleWebKit/537.36 (KHTML, like Gecko) Chrome/58.0.3029.110 Safari/537.3"
40.85.94.80 - - [07/Jul/2025:14:16:56 -0400] "GET /wp-includes/pomo/yellow.php HTTP/1.1" 404 23126 "-" "-"
136.243.228.194 - - [07/Jul/2025:14:16:56 -0400] "GET /121pfiq12058.html HTTP/1.1" 404 23126 "-" "Mozilla/5.0 (compatible; DataForSeoBot/1.0; +https://dataforseo.com/dataforseo-bot)"
188.166.211.225 - - [07/Jul/2025:14:17:01 -0400] "GET /wp-login.php HTTP/1.1" 200 3095 "-" "Mozilla/5.0 (Windows NT 10.0; Win64; x64) AppleWebKit/537.36 (KHTML, like Gecko) Chrome/58.0.3029.110 Safari/537.3"
40.85.94.80 - - [07/Jul/2025:14:17:02 -0400] "GET /images/test.php HTTP/1.1" 404 23126 "-" "-"
136.243.228.194 - - [07/Jul/2025:14:17:04 -0400] "GET /178clf41919.html HTTP/1.1" 404 23126 "-" "Mozilla/5.0 (compatible; DataForSeoBot/1.0; +https://dataforseo.com/dataforseo-bot)"
40.85.94.80 - - [07/Jul/2025:14:17:07 -0400] "GET /wp-admin/css/colors/dkSUq.php HTTP/1.1" 404 23126 "-" "-"
136.243.228.194 - - [07/Jul/2025:14:17:10 -0400] "GET /items/dgthq11/8811?key=damn HTTP/1.1" 404 23127 "-" "Mozilla/5.0 (compatible; DataForSeoBot/1.0; +https://dataforseo.com/dataforseo-bot)"
66.249.64.174 - - [07/Jul/2025:14:17:16 -0400] "GET /pcmypage?callback=product%2Fdetail%2Ftarotodenki-xlx418gewtle9 HTTP/1.1" 200 86772 "-" "Mozilla/5.0 (Linux; Android 6.0.1; Nexus 5X Build/MMB29P) AppleWebKit/537.36 (KHTML, like Gecko) Chrome/137.0.7151.103 Mobile Safari/537.36 (compatible; Googlebot/2.1; +http://www.google.com/bot.html)"
40.85.94.80 - - [07/Jul/2025:14:17:12 -0400] "GET /wp-admin/images/wp-ksv1i.php HTTP/1.1" 404 23126 "-" "-"
66.29.146.47 - - [07/Jul/2025:14:17:18 -0400] "POST /wp-cron.php?doing_wp_cron=1751912238.0092840194702148437500 HTTP/1.1" 403 1242 "-" "WordPress/6.8; https://dangroup.sa"
66.29.146.47 - - [07/Jul/2025:14:17:18 -0400] "POST /wp-cron.php?doing_wp_cron=1751912238.4418361186981201171875 HTTP/1.1" 403 1242 "-" "WordPress/6.8; https://dangroup.sa"
136.243.228.194 - - [07/Jul/2025:14:17:17 -0400] "GET /28akl10073.html HTTP/1.1" 404 23126 "-" "Mozilla/5.0 (compatible; DataForSeoBot/1.0; +https://dataforseo.com/dataforseo-bot)"
40.85.94.80 - - [07/Jul/2025:14:17:17 -0400] "GET /wp-admin/js/widgets/hYdXrMgTbH.php HTTP/1.1" 404 23126 "-" "-"
188.166.211.225 - - [07/Jul/2025:14:17:23 -0400] "GET /wp-login.php HTTP/1.1" 200 3095 "-" "Mozilla/5.0 (Windows NT 6.3; WOW64; rv:40.0) Gecko/20100101 Firefox/40.0"
188.166.211.225 - - [07/Jul/2025:14:17:25 -0400] "GET /wp-login.php HTTP/1.1" 200 3095 "-" "Mozilla/5.0 (Windows NT 6.3; WOW64; rv:40.0) Gecko/20100101 Firefox/40.0"
136.243.228.194 - - [07/Jul/2025:14:17:24 -0400] "GET /items/piodb109/49535?key=dependent HTTP/1.1" 404 23126 "-" "Mozilla/5.0 (compatible; DataForSeoBot/1.0; +https://dataforseo.com/dataforseo-bot)"
40.85.94.80 - - [07/Jul/2025:14:17:24 -0400] "GET /wp-includes/Text/Diff/Renderer/last.php HTTP/1.1" 404 23126 "-" "-"
136.243.228.194 - - [07/Jul/2025:14:17:30 -0400] "GET /items/ebrvz142/69442?key=religion HTTP/1.1" 404 23126 "-" "Mozilla/5.0 (compatible; DataForSeoBot/1.0; +https://dataforseo.com/dataforseo-bot)"
40.85.94.80 - - [07/Jul/2025:14:17:30 -0400] "GET /wp-content/uploads/admin.php HTTP/1.1" 404 23126 "-" "-"
40.85.94.80 - - [07/Jul/2025:14:17:36 -0400] "GET /wp-content/languages/ru_RU_lite.mo.php HTTP/1.1" 404 23126 "-" "-"
136.243.228.194 - - [07/Jul/2025:14:17:37 -0400] "GET /61tss1364.html HTTP/1.1" 404 23127 "-" "Mozilla/5.0 (compatible; DataForSeoBot/1.0; +https://dataforseo.com/dataforseo-bot)"
20.171.207.36 - - [07/Jul/2025:14:17:39 -0400] "GET /99xdsda9354.html HTTP/1.1" 404 23126 "-" "Mozilla/5.0 AppleWebKit/537.36 (KHTML, like Gecko; compatible; GPTBot/1.2; +https://openai.com/gptbot)"
40.85.94.80 - - [07/Jul/2025:14:17:42 -0400] "GET /wp-includes/widgets/hehe.php HTTP/1.1" 404 23126 "-" "-"
136.243.228.194 - - [07/Jul/2025:14:17:46 -0400] "GET /230mcl19801.html HTTP/1.1" 404 23126 "-" "Mozilla/5.0 (compatible; DataForSeoBot/1.0; +https://dataforseo.com/dataforseo-bot)"
40.85.94.80 - - [07/Jul/2025:14:17:49 -0400] "GET /wp-admin/css/colors/midnight/strcmp.php HTTP/1.1" 404 23126 "-" "-"
136.243.228.194 - - [07/Jul/2025:14:17:53 -0400] "GET /31lpzk15954.html HTTP/1.1" 404 23126 "-" "Mozilla/5.0 (compatible; DataForSeoBot/1.0; +https://dataforseo.com/dataforseo-bot)"
40.85.94.80 - - [07/Jul/2025:14:17:53 -0400] "GET /wp-content/uploads/emvvuhwx.php HTTP/1.1" 404 23127 "-" "-"
66.249.64.174 - - [07/Jul/2025:14:18:00 -0400] "GET /81myts182.html HTTP/1.1" 200 86608 "-" "Mozilla/5.0 (Linux; Android 6.0.1; Nexus 5X Build/MMB29P) AppleWebKit/537.36 (KHTML, like Gecko) Chrome/137.0.7151.103 Mobile Safari/537.36 (compatible; Googlebot/2.1; +http://www.google.com/bot.html)"
136.243.228.194 - - [07/Jul/2025:14:17:58 -0400] "GET /242gbnjn13045.html HTTP/1.1" 404 23127 "-" "Mozilla/5.0 (compatible; DataForSeoBot/1.0; +https://dataforseo.com/dataforseo-bot)"
188.166.211.225 - - [07/Jul/2025:14:18:02 -0400] "GET /wp-login.php HTTP/1.1" 200 3095 "-" "Mozilla/5.0 (Windows NT 6.1; WOW64; Trident/7.0; AS; rv:11.0) like Gecko"
40.85.94.80 - - [07/Jul/2025:14:17:58 -0400] "GET /wp-includes/css/str_replace.php HTTP/1.1" 404 23126 "-" "-"
188.166.211.225 - - [07/Jul/2025:14:18:05 -0400] "GET /wp-login.php HTTP/1.1" 200 3095 "-" "Mozilla/5.0 (Windows NT 6.1; WOW64; Trident/7.0; AS; rv:11.0) like Gecko"
40.85.94.80 - - [07/Jul/2025:14:18:04 -0400] "GET /wp-admin/includes/ace.php HTTP/1.1" 404 23127 "-" "-"
136.243.228.194 - - [07/Jul/2025:14:18:05 -0400] "GET /items/ippxa236/45706?key=innocent HTTP/1.1" 404 23126 "-" "Mozilla/5.0 (compatible; DataForSeoBot/1.0; +https://dataforseo.com/dataforseo-bot)"
66.249.64.106 - - [07/Jul/2025:14:18:11 -0400] "GET /zhHant/product/surugaya/auc-kobefm-377234?campaign_uid=f64d716db5e979ed2f947dbaf4296895b951ae7f HTTP/1.1" 200 87639 "-" "Mozilla/5.0 (Linux; Android 6.0.1; Nexus 5X Build/MMB29P) AppleWebKit/537.36 (KHTML, like Gecko) Chrome/137.0.7151.103 Mobile Safari/537.36 (compatible; Googlebot/2.1; +http://www.google.com/bot.html)"
40.85.94.80 - - [07/Jul/2025:14:18:09 -0400] "GET /wp-includes/wp-admin-css.php HTTP/1.1" 404 23127 "-" "-"
222.255.214.45 - - [07/Jul/2025:14:18:14 -0400] "POST /xmlrpc.php HTTP/1.1" 403 1242 "https://dangroup.sa" "Mozilla/5.0 (Macintosh; Intel Mac OS X 10_15_7; rv:129.0) Gecko/20100101 Firefox/129.0"
136.243.228.194 - - [07/Jul/2025:14:18:12 -0400] "GET /145wlmf57904.html HTTP/1.1" 404 23126 "-" "Mozilla/5.0 (compatible; DataForSeoBot/1.0; +https://dataforseo.com/dataforseo-bot)"
40.85.94.80 - - [07/Jul/2025:14:18:13 -0400] "GET /wp-content/upgrade/120f9.php HTTP/1.1" 404 23193 "-" "-"
66.29.146.47 - - [07/Jul/2025:14:18:19 -0400] "POST /wp-cron.php?doing_wp_cron=1751912299.3083820343017578125000 HTTP/1.1" 403 1242 "-" "WordPress/6.8; https://dangroup.sa"
66.29.146.47 - - [07/Jul/2025:14:18:19 -0400] "POST /wp-cron.php?doing_wp_cron=1751912299.6098909378051757812500 HTTP/1.1" 403 1242 "-" "WordPress/6.8; https://dangroup.sa"
66.249.64.174 - - [07/Jul/2025:14:18:21 -0400] "GET /pcmypage?callback=product/review/cometostore-b01fs0eyqm HTTP/1.1" 200 86906 "-" "Mozilla/5.0 (Linux; Android 6.0.1; Nexus 5X Build/MMB29P) AppleWebKit/537.36 (KHTML, like Gecko) Chrome/137.0.7151.103 Mobile Safari/537.36 (compatible; Googlebot/2.1; +http://www.google.com/bot.html)"
40.85.94.80 - - [07/Jul/2025:14:18:18 -0400] "GET /wp-includes/Text/moon.php HTTP/1.1" 404 23194 "-" "-"
136.243.228.194 - - [07/Jul/2025:14:18:19 -0400] "GET /items/dvyat173/20651?key=brief HTTP/1.1" 404 23126 "-" "Mozilla/5.0 (compatible; DataForSeoBot/1.0; +https://dataforseo.com/dataforseo-bot)"
188.166.211.225 - - [07/Jul/2025:14:18:25 -0400] "GET /wp-login.php HTTP/1.1" 200 3095 "-" "Mozilla/5.0 (Windows NT 6.1; WOW64; Trident/7.0; AS; rv:11.0) like Gecko"
40.85.94.80 - - [07/Jul/2025:14:18:24 -0400] "GET /wp-admin/css/colors/light/qwas.php HTTP/1.1" 404 23126 "-" "-"
188.166.211.225 - - [07/Jul/2025:14:18:27 -0400] "GET /wp-login.php HTTP/1.1" 200 3129 "-" "Mozilla/5.0 (Windows NT 6.1; WOW64; Trident/7.0; AS; rv:11.0) like Gecko"
136.243.228.194 - - [07/Jul/2025:14:18:26 -0400] "GET /75veo44758.html HTTP/1.1" 404 23127 "-" "Mozilla/5.0 (compatible; DataForSeoBot/1.0; +https://dataforseo.com/dataforseo-bot)"
40.85.94.80 - - [07/Jul/2025:14:18:28 -0400] "GET /wp-includes/davoeqyv.php HTTP/1.1" 404 23126 "-" "-"
66.249.64.174 - - [07/Jul/2025:14:18:33 -0400] "GET /25lcfk32792.html HTTP/1.1" 200 86991 "-" "Mozilla/5.0 (compatible; Googlebot/2.1; +http://www.google.com/bot.html)"
136.243.228.194 - - [07/Jul/2025:14:18:32 -0400] "GET /items/jgpfw16/32524?key=success HTTP/1.1" 404 23126 "-" "Mozilla/5.0 (compatible; DataForSeoBot/1.0; +https://dataforseo.com/dataforseo-bot)"
40.85.94.80 - - [07/Jul/2025:14:18:33 -0400] "GET /wp-includes/js/codemirror/87.php HTTP/1.1" 404 23126 "-" "-"
40.85.94.80 - - [07/Jul/2025:14:18:38 -0400] "GET /wp-includes/block-template-utils.php HTTP/1.1" 403 1242 "-" "-"
66.249.64.105 - - [07/Jul/2025:14:18:40 -0400] "GET /zhHant/product/surugaya/tooling-4000?campaign_uid=f64d716db5e979ed2f947dbaf4296895b951ae7f HTTP/1.1" 200 87607 "-" "Mozilla/5.0 (Linux; Android 6.0.1; Nexus 5X Build/MMB29P) AppleWebKit/537.36 (KHTML, like Gecko) Chrome/137.0.7151.103 Mobile Safari/537.36 (compatible; Googlebot/2.1; +http://www.google.com/bot.html)"
136.243.228.194 - - [07/Jul/2025:14:18:38 -0400] "GET /items/zdvop3/29115?key=upper HTTP/1.1" 404 23127 "-" "Mozilla/5.0 (compatible; DataForSeoBot/1.0; +https://dataforseo.com/dataforseo-bot)"
40.85.94.80 - - [07/Jul/2025:14:18:39 -0400] "GET /wp-includes/fonts/browser.php HTTP/1.1" 404 23126 "-" "-"
188.166.211.225 - - [07/Jul/2025:14:18:44 -0400] "GET /wp-login.php HTTP/1.1" 200 3095 "-" "Mozilla/5.0 (Windows NT 6.1; WOW64; Trident/7.0; AS; rv:11.0) like Gecko"
20.171.207.36 - - [07/Jul/2025:14:18:41 -0400] "GET /52ibrcn5599.html HTTP/1.1" 404 23126 "-" "Mozilla/5.0 AppleWebKit/537.36 (KHTML, like Gecko; compatible; GPTBot/1.2; +https://openai.com/gptbot)"
188.166.211.225 - - [07/Jul/2025:14:18:48 -0400] "GET /wp-login.php HTTP/1.1" 200 3095 "-" "Mozilla/5.0 (Windows NT 6.1; WOW64; Trident/7.0; AS; rv:11.0) like Gecko"
40.85.94.80 - - [07/Jul/2025:14:18:44 -0400] "GET /wp-admin/maint/smile.php HTTP/1.1" 404 23126 "-" "-"
136.243.228.194 - - [07/Jul/2025:14:18:45 -0400] "GET /items/halnt268/13406?key=responsibility HTTP/1.1" 404 23127 "-" "Mozilla/5.0 (compatible; DataForSeoBot/1.0; +https://dataforseo.com/dataforseo-bot)"
40.85.94.80 - - [07/Jul/2025:14:18:50 -0400] "GET /wp-includes/wp-2019.php HTTP/1.1" 404 23126 "-" "-"
136.243.228.194 - - [07/Jul/2025:14:18:51 -0400] "GET /items/zspcr101/5315?key=disturb HTTP/1.1" 404 23126 "-" "Mozilla/5.0 (compatible; DataForSeoBot/1.0; +https://dataforseo.com/dataforseo-bot)"
51.81.207.12 - - [07/Jul/2025:14:18:57 -0400] "GET /xmlrpc.php HTTP/1.1" 403 1242 "http://dangroup.sa" "Mozilla/5.0 (Macintosh; Intel Mac OS X 10_15_7; rv:127.0) Gecko/20100101 Firefox/127.0"
40.85.94.80 - - [07/Jul/2025:14:18:55 -0400] "GET /wp-includes/Text/Diff/Engine.php HTTP/1.1" 404 23127 "-" "-"
136.243.228.194 - - [07/Jul/2025:14:18:58 -0400] "GET /267kzit14036.html HTTP/1.1" 404 23126 "-" "Mozilla/5.0 (compatible; DataForSeoBot/1.0; +https://dataforseo.com/dataforseo-bot)"
40.85.94.80 - - [07/Jul/2025:14:18:59 -0400] "GET /images/up.php HTTP/1.1" 404 23127 "-" "-"
136.243.228.194 - - [07/Jul/2025:14:19:03 -0400] "GET /items/hxxgc279/12659?key=eight HTTP/1.1" 404 23126 "-" "Mozilla/5.0 (compatible; DataForSeoBot/1.0; +https://dataforseo.com/dataforseo-bot)"
40.85.94.80 - - [07/Jul/2025:14:19:04 -0400] "GET /wp-includes/link-template-git.php HTTP/1.1" 404 23126 "-" "-"
40.85.94.80 - - [07/Jul/2025:14:19:09 -0400] "GET /wp-admin/images/searchl.php HTTP/1.1" 404 23126 "-" "-"
136.243.228.194 - - [07/Jul/2025:14:19:09 -0400] "GET /207uxdtn26792.html HTTP/1.1" 404 23126 "-" "Mozilla/5.0 (compatible; DataForSeoBot/1.0; +https://dataforseo.com/dataforseo-bot)"
40.85.94.80 - - [07/Jul/2025:14:19:14 -0400] "GET /wp-content/uploads/js.php HTTP/1.1" 404 23126 "-" "-"
136.243.228.194 - - [07/Jul/2025:14:19:16 -0400] "GET /196rwdm2109.html HTTP/1.1" 404 23127 "-" "Mozilla/5.0 (compatible; DataForSeoBot/1.0; +https://dataforseo.com/dataforseo-bot)"
40.85.94.80 - - [07/Jul/2025:14:19:17 -0400] "GET /wp-includes/PHPMailer/brand.php HTTP/1.1" 404 23126 "-" "-"
66.29.146.47 - - [07/Jul/2025:14:19:23 -0400] "POST /wp-cron.php?doing_wp_cron=1751912363.6083869934082031250000 HTTP/1.1" 403 1242 "-" "WordPress/6.8; https://dangroup.sa"
66.29.146.47 - - [07/Jul/2025:14:19:24 -0400] "POST /wp-cron.php?doing_wp_cron=1751912363.9451870918273925781250 HTTP/1.1" 403 1242 "-" "WordPress/6.8; https://dangroup.sa"
136.243.228.194 - - [07/Jul/2025:14:19:22 -0400] "GET /items/qukkx74/22040?key=towel HTTP/1.1" 404 23126 "-" "Mozilla/5.0 (compatible; DataForSeoBot/1.0; +https://dataforseo.com/dataforseo-bot)"
188.166.211.225 - - [07/Jul/2025:14:19:26 -0400] "GET /wp-login.php HTTP/1.1" 200 3129 "-" "Mozilla/5.0 (Windows NT 6.1; WOW64; Trident/7.0; AS; rv:11.0) like Gecko"
40.85.94.80 - - [07/Jul/2025:14:19:23 -0400] "GET /wp-includes/widgets/class-wp-widget-media-audio-module.php HTTP/1.1" 404 23126 "-" "-"
188.166.211.225 - - [07/Jul/2025:14:19:29 -0400] "GET /wp-login.php HTTP/1.1" 200 3095 "-" "Mozilla/5.0 (Windows NT 6.1; WOW64; Trident/7.0; AS; rv:11.0) like Gecko"
40.85.94.80 - - [07/Jul/2025:14:19:28 -0400] "GET /wp-admin/includes/class-wp-pagebuilders-3bv4aS.php HTTP/1.1" 404 23126 "-" "-"
136.243.228.194 - - [07/Jul/2025:14:19:30 -0400] "GET /items/nhocu118/45332?key=ecosystem HTTP/1.1" 404 23127 "-" "Mozilla/5.0 (compatible; DataForSeoBot/1.0; +https://dataforseo.com/dataforseo-bot)"
40.85.94.80 - - [07/Jul/2025:14:19:32 -0400] "GET /wp-admin/includes/rfzhh.php HTTP/1.1" 404 23126 "-" "-"
136.243.228.194 - - [07/Jul/2025:14:19:36 -0400] "GET /37nknic43404.html HTTP/1.1" 404 23127 "-" "Mozilla/5.0 (compatible; DataForSeoBot/1.0; +https://dataforseo.com/dataforseo-bot)"
