40.85.94.80 - - [07/Jul/2025:14:19:36 -0400] "GET /wp-includes/ID3/favicon.php HTTP/1.1" 404 23126 "-" "-"
66.249.64.106 - - [07/Jul/2025:14:19:40 -0400] "GET /zhHant/product/surugaya/compmoto-r-4549077812308?campaign_uid=f64d716db5e979ed2f947dbaf4296895b951ae7f HTTP/1.1" 200 87533 "-" "Mozilla/5.0 (Linux; Android 6.0.1; Nexus 5X Build/MMB29P) AppleWebKit/537.36 (KHTML, like Gecko) Chrome/137.0.7151.103 Mobile Safari/537.36 (compatible; Googlebot/2.1; +http://www.google.com/bot.html)"
136.243.228.194 - - [07/Jul/2025:14:19:41 -0400] "GET /items/ttmed176/34208?key=call HTTP/1.1" 404 23127 "-" "Mozilla/5.0 (compatible; DataForSeoBot/1.0; +https://dataforseo.com/dataforseo-bot)"
40.85.94.80 - - [07/Jul/2025:14:19:41 -0400] "GET /uploads/phUploader.php HTTP/1.1" 404 23126 "-" "-"
20.171.207.36 - - [07/Jul/2025:14:19:45 -0400] "GET /5gmscf44694.html HTTP/1.1" 404 23126 "-" "Mozilla/5.0 AppleWebKit/537.36 (KHTML, like Gecko; compatible; GPTBot/1.2; +https://openai.com/gptbot)"
66.249.64.161 - - [07/Jul/2025:14:19:51 -0400] "GET /items/ctaxb176/25542?key=agreement HTTP/1.1" 200 86993 "-" "Mozilla/5.0 (Linux; Android 6.0.1; Nexus 5X Build/MMB29P) AppleWebKit/537.36 (KHTML, like Gecko) Chrome/137.0.7151.103 Mobile Safari/537.36 (compatible; Googlebot/2.1; +http://www.google.com/bot.html)"
188.166.211.225 - - [07/Jul/2025:14:19:50 -0400] "GET /wp-login.php HTTP/1.1" 200 3129 "-" "Mozilla/5.0 (Macintosh; Intel Mac OS X 10_11_5) AppleWebKit/537.36 (KHTML, like Gecko) Chrome/50.0.2661.102 Safari/537.36"
136.243.228.194 - - [07/Jul/2025:14:19:47 -0400] "GET /99vsw11976.html HTTP/1.1" 404 23126 "-" "Mozilla/5.0 (compatible; DataForSeoBot/1.0; +https://dataforseo.com/dataforseo-bot)"
40.85.94.80 - - [07/Jul/2025:14:19:46 -0400] "GET /wp-includes/fonts/themes.php HTTP/1.1" 404 23126 "-" "-"
35.205.145.126 - - [07/Jul/2025:14:19:57 -0400] "GET /xmlrpc.php HTTP/1.1" 403 1242 "https://danevnt.com" "Mozilla/5.0 (Windows NT 10.0; Win64; x64) AppleWebKit/537.36 (KHTML, like Gecko) Chrome/115.0.5790.102 Safari/537.36"
188.166.211.225 - - [07/Jul/2025:14:19:55 -0400] "GET /wp-login.php HTTP/1.1" 200 3095 "-" "Mozilla/5.0 (Macintosh; Intel Mac OS X 10_11_5) AppleWebKit/537.36 (KHTML, like Gecko) Chrome/50.0.2661.102 Safari/537.36"
40.85.94.80 - - [07/Jul/2025:14:19:53 -0400] "GET /wp-admin/css/wp-damin.php HTTP/1.1" 404 23304 "-" "-"
136.243.228.194 - - [07/Jul/2025:14:19:54 -0400] "GET /26qrxqv12341.html HTTP/1.1" 404 23126 "-" "Mozilla/5.0 (compatible; DataForSeoBot/1.0; +https://dataforseo.com/dataforseo-bot)"
40.85.94.80 - - [07/Jul/2025:14:19:58 -0400] "GET /wp-content/up HTTP/1.1" 404 23126 "-" "-"
66.249.64.160 - - [07/Jul/2025:14:20:02 -0400] "GET /138yfokh39659.html HTTP/1.1" 200 88432 "-" "Mozilla/5.0 (Linux; Android 6.0.1; Nexus 5X Build/MMB29P) AppleWebKit/537.36 (KHTML, like Gecko) Chrome/137.0.7151.103 Mobile Safari/537.36 (compatible; Googlebot/2.1; +http://www.google.com/bot.html)"
136.243.228.194 - - [07/Jul/2025:14:20:01 -0400] "GET /79yzry45402.html HTTP/1.1" 404 23126 "-" "Mozilla/5.0 (compatible; DataForSeoBot/1.0; +https://dataforseo.com/dataforseo-bot)"
40.85.94.80 - - [07/Jul/2025:14:20:02 -0400] "GET /text.php?fm=true HTTP/1.1" 404 23126 "-" "-"
136.243.228.194 - - [07/Jul/2025:14:20:08 -0400] "GET /items/reszh248/41810?key=chest HTTP/1.1" 404 23126 "-" "Mozilla/5.0 (compatible; DataForSeoBot/1.0; +https://dataforseo.com/dataforseo-bot)"
40.85.94.80 - - [07/Jul/2025:14:20:09 -0400] "GET /admin.php HTTP/1.1" 404 23126 "-" "-"
66.249.64.174 - - [07/Jul/2025:14:20:15 -0400] "GET /274zlsag3127.html HTTP/1.1" 200 87287 "-" "Mozilla/5.0 (Linux; Android 6.0.1; Nexus 5X Build/MMB29P) AppleWebKit/537.36 (KHTML, like Gecko) Chrome/137.0.7151.103 Mobile Safari/537.36 (compatible; Googlebot/2.1; +http://www.google.com/bot.html)"
40.85.94.80 - - [07/Jul/2025:14:20:15 -0400] "GET /ty.php?p= HTTP/1.1" 301 0 "-" "-"
136.243.228.194 - - [07/Jul/2025:14:20:15 -0400] "GET /items/lzuob55/46813?key=schedule HTTP/1.1" 404 23127 "-" "Mozilla/5.0 (compatible; DataForSeoBot/1.0; +https://dataforseo.com/dataforseo-bot)"
188.166.211.225 - - [07/Jul/2025:14:20:18 -0400] "GET /wp-login.php HTTP/1.1" 200 3095 "-" "Mozilla/5.0 (Windows NT 10.0; Win64; x64) AppleWebKit/537.36 (KHTML, like Gecko) Chrome/58.0.3029.110 Safari/537.3"
40.85.94.80 - - [07/Jul/2025:14:20:17 -0400] "GET /ty.php HTTP/1.1" 404 23126 "-" "-"
40.85.94.80 - - [07/Jul/2025:14:20:22 -0400] "GET /wp-content/plugins/index.php HTTP/1.1" 200 0 "-" "-"
66.29.146.47 - - [07/Jul/2025:14:20:24 -0400] "POST /wp-cron.php?doing_wp_cron=1751912424.3128740787506103515625 HTTP/1.1" 403 1242 "-" "WordPress/6.8; https://dangroup.sa"
136.243.228.194 - - [07/Jul/2025:14:20:21 -0400] "GET /137hul36680.html HTTP/1.1" 404 23127 "-" "Mozilla/5.0 (compatible; DataForSeoBot/1.0; +https://dataforseo.com/dataforseo-bot)"
188.166.211.225 - - [07/Jul/2025:14:20:24 -0400] "GET /wp-login.php HTTP/1.1" 200 3095 "-" "Mozilla/5.0 (Windows NT 10.0; Win64; x64) AppleWebKit/537.36 (KHTML, like Gecko) Chrome/58.0.3029.110 Safari/537.3"
66.249.64.174 - - [07/Jul/2025:14:20:25 -0400] "GET /items/ahlat246/33536?key=want HTTP/1.1" 200 86339 "-" "Mozilla/5.0 (Linux; Android 6.0.1; Nexus 5X Build/MMB29P) AppleWebKit/537.36 (KHTML, like Gecko) Chrome/137.0.7151.103 Mobile Safari/537.36 (compatible; Googlebot/2.1; +http://www.google.com/bot.html)"
40.85.94.80 - - [07/Jul/2025:14:20:23 -0400] "GET /file.php?fm=true HTTP/1.1" 404 23126 "-" "-"
136.243.228.194 - - [07/Jul/2025:14:20:26 -0400] "GET /124kmll25321.html HTTP/1.1" 404 23126 "-" "Mozilla/5.0 (compatible; DataForSeoBot/1.0; +https://dataforseo.com/dataforseo-bot)"
40.85.94.80 - - [07/Jul/2025:14:20:29 -0400] "GET /function.php HTTP/1.1" 404 23127 "-" "-"
205.209.114.190 - - [07/Jul/2025:14:20:33 -0400] "GET /xmlrpc.php HTTP/1.1" 403 1242 "http://danevnt.com/xmlrpc.php" "Mozilla/5.0 (X11; Ubuntu; Linux x86_64; rv:85.0) Gecko/20100101 Firefox/91.0"
40.85.94.80 - - [07/Jul/2025:14:20:34 -0400] "GET /wp-admin/css/colors/blue/index.php HTTP/1.1" 301 0 "-" "-"
40.85.94.80 - - [07/Jul/2025:14:20:34 -0400] "GET /wp-admin/css/colors/blue/ HTTP/1.1" 200 709 "-" "-"
136.243.228.194 - - [07/Jul/2025:14:20:34 -0400] "GET /items/kcoan244/45932?key=scheme HTTP/1.1" 404 23126 "-" "Mozilla/5.0 (compatible; DataForSeoBot/1.0; +https://dataforseo.com/dataforseo-bot)"
40.85.94.80 - - [07/Jul/2025:14:20:35 -0400] "GET /.well-known/wp-login.php HTTP/1.1" 404 23126 "-" "-"
136.243.228.194 - - [07/Jul/2025:14:20:39 -0400] "GET /items/mrqdk5/28819?key=neck HTTP/1.1" 404 23126 "-" "Mozilla/5.0 (compatible; DataForSeoBot/1.0; +https://dataforseo.com/dataforseo-bot)"
40.85.94.80 - - [07/Jul/2025:14:20:40 -0400] "GET /xleet.php HTTP/1.1" 404 23126 "-" "-"
40.85.94.80 - - [07/Jul/2025:14:20:46 -0400] "GET /.well-known/pki-validation/xp.php HTTP/1.1" 404 1251 "-" "-"
40.85.94.80 - - [07/Jul/2025:14:20:46 -0400] "GET /wp-content/languages/index.php HTTP/1.1" 301 0 "-" "-"
40.85.94.80 - - [07/Jul/2025:14:20:47 -0400] "GET /wp-content/languages/ HTTP/1.1" 200 3221 "-" "-"
188.166.211.225 - - [07/Jul/2025:14:20:47 -0400] "GET /wp-login.php HTTP/1.1" 200 3095 "-" "Mozilla/5.0 (Windows NT 10.0; Win64; x64) AppleWebKit/537.36 (KHTML, like Gecko) Chrome/58.0.3029.110 Safari/537.3"
40.85.94.80 - - [07/Jul/2025:14:20:48 -0400] "GET /dropdown.php?p= HTTP/1.1" 301 0 "-" "-"
136.243.228.194 - - [07/Jul/2025:14:20:45 -0400] "GET /183nuya11568.html HTTP/1.1" 404 23126 "-" "Mozilla/5.0 (compatible; DataForSeoBot/1.0; +https://dataforseo.com/dataforseo-bot)"
188.166.211.225 - - [07/Jul/2025:14:20:49 -0400] "GET /wp-login.php HTTP/1.1" 200 3095 "-" "Mozilla/5.0 (Windows NT 10.0; Win64; x64) AppleWebKit/537.36 (KHTML, like Gecko) Chrome/58.0.3029.110 Safari/537.3"
40.85.94.80 - - [07/Jul/2025:14:20:49 -0400] "GET /dropdown.php HTTP/1.1" 404 23126 "-" "-"
20.171.207.36 - - [07/Jul/2025:14:20:49 -0400] "GET /66dgnop6885.html HTTP/1.1" 404 23127 "-" "Mozilla/5.0 AppleWebKit/537.36 (KHTML, like Gecko; compatible; GPTBot/1.2; +https://openai.com/gptbot)"
136.243.228.194 - - [07/Jul/2025:14:20:51 -0400] "GET /44juz40077.html HTTP/1.1" 404 23127 "-" "Mozilla/5.0 (compatible; DataForSeoBot/1.0; +https://dataforseo.com/dataforseo-bot)"
40.85.94.80 - - [07/Jul/2025:14:20:55 -0400] "GET /radio.php HTTP/1.1" 404 23127 "-" "-"
51.222.253.16 - - [07/Jul/2025:14:20:58 -0400] "GET /24caeez623.html HTTP/1.1" 404 23126 "-" "Mozilla/5.0 (compatible; AhrefsBot/7.0; +http://ahrefs.com/robot/)"
136.243.228.194 - - [07/Jul/2025:14:20:58 -0400] "GET /items/djcnv196/8856?key=interested HTTP/1.1" 404 23126 "-" "Mozilla/5.0 (compatible; DataForSeoBot/1.0; +https://dataforseo.com/dataforseo-bot)"
40.85.94.80 - - [07/Jul/2025:14:20:59 -0400] "GET /moon.php HTTP/1.1" 404 23126 "-" "-"
40.85.94.80 - - [07/Jul/2025:14:21:05 -0400] "GET /img/wp-login.php HTTP/1.1" 404 23126 "-" "-"
136.243.228.194 - - [07/Jul/2025:14:21:07 -0400] "GET /162kmjww41053.html HTTP/1.1" 404 23126 "-" "Mozilla/5.0 (compatible; DataForSeoBot/1.0; +https://dataforseo.com/dataforseo-bot)"
40.85.94.80 - - [07/Jul/2025:14:21:10 -0400] "GET /wp-admin/maint/maint.php HTTP/1.1" 404 23126 "-" "-"
40.85.94.80 - - [07/Jul/2025:14:21:14 -0400] "GET /mah.php?p= HTTP/1.1" 301 0 "-" "-"
136.243.228.194 - - [07/Jul/2025:14:21:13 -0400] "GET /items/rrfmi180/31044?key=accomplish HTTP/1.1" 404 23127 "-" "Mozilla/5.0 (compatible; DataForSeoBot/1.0; +https://dataforseo.com/dataforseo-bot)"
188.166.211.225 - - [07/Jul/2025:14:21:16 -0400] "GET /wp-login.php HTTP/1.1" 200 3129 "-" "Mozilla/5.0 (Windows NT 6.3; WOW64; rv:40.0) Gecko/20100101 Firefox/40.0"
40.85.94.80 - - [07/Jul/2025:14:21:15 -0400] "GET /mah.php HTTP/1.1" 404 23126 "-" "-"
188.166.211.225 - - [07/Jul/2025:14:21:20 -0400] "GET /wp-login.php HTTP/1.1" 200 3095 "-" "Mozilla/5.0 (Windows NT 6.3; WOW64; rv:40.0) Gecko/20100101 Firefox/40.0"
136.243.228.194 - - [07/Jul/2025:14:21:19 -0400] "GET /87fgvqj29056.html HTTP/1.1" 404 23126 "-" "Mozilla/5.0 (compatible; DataForSeoBot/1.0; +https://dataforseo.com/dataforseo-bot)"
40.85.94.80 - - [07/Jul/2025:14:21:20 -0400] "GET /images/anjay.php HTTP/1.1" 404 23126 "-" "-"
66.29.146.47 - - [07/Jul/2025:14:21:25 -0400] "POST /wp-cron.php?doing_wp_cron=1751912485.7136139869689941406250 HTTP/1.1" 403 1242 "-" "WordPress/6.8; https://dangroup.sa"
66.29.146.47 - - [07/Jul/2025:14:21:26 -0400] "POST /wp-cron.php?doing_wp_cron=1751912485.9335219860076904296875 HTTP/1.1" 403 1242 "-" "WordPress/6.8; https://dangroup.sa"
40.85.94.80 - - [07/Jul/2025:14:21:25 -0400] "GET /vendor/phpunit/phpunit/src/Util/PHP/small.php HTTP/1.1" 404 23126 "-" "-"
136.243.228.194 - - [07/Jul/2025:14:21:25 -0400] "GET /items/qlhuu212/23368?key=efficient HTTP/1.1" 404 23126 "-" "Mozilla/5.0 (compatible; DataForSeoBot/1.0; +https://dataforseo.com/dataforseo-bot)"
40.85.94.80 - - [07/Jul/2025:14:21:30 -0400] "GET /webadmin.php HTTP/1.1" 404 23126 "-" "-"
136.243.228.194 - - [07/Jul/2025:14:21:32 -0400] "GET /items/jqnmp4/25650?key=phone HTTP/1.1" 404 23126 "-" "Mozilla/5.0 (compatible; DataForSeoBot/1.0; +https://dataforseo.com/dataforseo-bot)"
188.166.211.225 - - [07/Jul/2025:14:21:36 -0400] "GET /wp-login.php HTTP/1.1" 200 3129 "-" "Mozilla/5.0 (Macintosh; Intel Mac OS X 10_11_5) AppleWebKit/537.36 (KHTML, like Gecko) Chrome/50.0.2661.102 Safari/537.36"
40.85.94.80 - - [07/Jul/2025:14:21:34 -0400] "GET /core.php HTTP/1.1" 404 23126 "-" "-"
188.166.211.225 - - [07/Jul/2025:14:21:40 -0400] "GET /wp-login.php HTTP/1.1" 200 3095 "-" "Mozilla/5.0 (Macintosh; Intel Mac OS X 10_11_5) AppleWebKit/537.36 (KHTML, like Gecko) Chrome/50.0.2661.102 Safari/537.36"
136.243.228.194 - - [07/Jul/2025:14:21:37 -0400] "GET /items/xfrke49/603?key=west HTTP/1.1" 404 23127 "-" "Mozilla/5.0 (compatible; DataForSeoBot/1.0; +https://dataforseo.com/dataforseo-bot)"
40.85.94.80 - - [07/Jul/2025:14:21:39 -0400] "GET /wp-content/plugins/core-plugin/include.php HTTP/1.1" 404 23126 "-" "-"
66.249.64.106 - - [07/Jul/2025:14:21:45 -0400] "GET /zhHant/product/surugaya/orangetool-un-129645?campaign_uid=f64d716db5e979ed2f947dbaf4296895b951ae7f HTTP/1.1" 200 88206 "-" "Mozilla/5.0 (Linux; Android 6.0.1; Nexus 5X Build/MMB29P) AppleWebKit/537.36 (KHTML, like Gecko) Chrome/137.0.7151.103 Mobile Safari/537.36 (compatible; Googlebot/2.1; +http://www.google.com/bot.html)"
40.85.94.80 - - [07/Jul/2025:14:21:43 -0400] "GET /vendor/phpunit/phpunit/src/Util/PHP/astab.php HTTP/1.1" 404 23126 "-" "-"
136.243.228.194 - - [07/Jul/2025:14:21:44 -0400] "GET /22kbz48117.html HTTP/1.1" 404 23127 "-" "Mozilla/5.0 (compatible; DataForSeoBot/1.0; +https://dataforseo.com/dataforseo-bot)"
66.249.64.174 - - [07/Jul/2025:14:21:49 -0400] "GET /items/iotjv229/2305?key=maker HTTP/1.1" 200 88451 "-" "Mozilla/5.0 (Linux; Android 6.0.1; Nexus 5X Build/MMB29P) AppleWebKit/537.36 (KHTML, like Gecko) Chrome/137.0.7151.103 Mobile Safari/537.36 (compatible; Googlebot/2.1; +http://www.google.com/bot.html)"
40.85.94.80 - - [07/Jul/2025:14:21:48 -0400] "GET /astab.php HTTP/1.1" 404 23126 "-" "-"
40.85.94.80 - - [07/Jul/2025:14:21:53 -0400] "GET /makeasmtp.php?p= HTTP/1.1" 301 0 "-" "-"
136.243.228.194 - - [07/Jul/2025:14:21:50 -0400] "GET /items/cbpme150/24242?key=stance HTTP/1.1" 404 23126 "-" "Mozilla/5.0 (compatible; DataForSeoBot/1.0; +https://dataforseo.com/dataforseo-bot)"
66.249.64.104 - - [07/Jul/2025:14:21:56 -0400] "GET /zhHant/product/surugaya/doriem-b07tcchybp?campaign_uid=f64d716db5e979ed2f947dbaf4296895b951ae7f HTTP/1.1" 200 86849 "-" "Mozilla/5.0 (Linux; Android 6.0.1; Nexus 5X Build/MMB29P) AppleWebKit/537.36 (KHTML, like Gecko) Chrome/137.0.7151.103 Mobile Safari/537.36 (compatible; Googlebot/2.1; +http://www.google.com/bot.html)"
20.171.207.36 - - [07/Jul/2025:14:21:52 -0400] "GET /items/egyjm2/25202?key=fist HTTP/1.1" 404 23126 "-" "Mozilla/5.0 AppleWebKit/537.36 (KHTML, like Gecko; compatible; GPTBot/1.2; +https://openai.com/gptbot)"
40.85.94.80 - - [07/Jul/2025:14:21:54 -0400] "GET /makeasmtp.php HTTP/1.1" 404 23126 "-" "-"
136.243.228.194 - - [07/Jul/2025:14:21:56 -0400] "GET /items/zimsr270/23828?key=state HTTP/1.1" 404 23127 "-" "Mozilla/5.0 (compatible; DataForSeoBot/1.0; +https://dataforseo.com/dataforseo-bot)"
40.85.94.80 - - [07/Jul/2025:14:22:00 -0400] "GET /abe.php HTTP/1.1" 404 23126 "-" "-"
40.85.94.80 - - [07/Jul/2025:14:22:04 -0400] "GET /cgi-bin/index.php HTTP/1.1" 404 1251 "-" "-"
66.249.64.106 - - [07/Jul/2025:14:22:06 -0400] "GET /zhHant/product/surugaya/parts-aa25-la2-1691-1?campaign_uid=f64d716db5e979ed2f947dbaf4296895b951ae7f HTTP/1.1" 200 86794 "-" "Mozilla/5.0 (Linux; Android 6.0.1; Nexus 5X Build/MMB29P) AppleWebKit/537.36 (KHTML, like Gecko) Chrome/137.0.7151.103 Mobile Safari/537.36 (compatible; Googlebot/2.1; +http://www.google.com/bot.html)"
136.243.228.194 - - [07/Jul/2025:14:22:04 -0400] "GET /items/zlgyi213/22725?key=midst HTTP/1.1" 404 23126 "-" "Mozilla/5.0 (compatible; DataForSeoBot/1.0; +https://dataforseo.com/dataforseo-bot)"
40.85.94.80 - - [07/Jul/2025:14:22:04 -0400] "GET /packed.php HTTP/1.1" 404 23126 "-" "-"
188.166.211.225 - - [07/Jul/2025:14:22:12 -0400] "GET /wp-login.php HTTP/1.1" 200 3095 "-" "Mozilla/5.0 (Windows NT 6.1; WOW64; Trident/7.0; AS; rv:11.0) like Gecko"
40.85.94.80 - - [07/Jul/2025:14:22:09 -0400] "GET /wp-content/themes/seotheme/mar.php HTTP/1.1" 404 23127 "-" "-"
136.243.228.194 - - [07/Jul/2025:14:22:09 -0400] "GET /items/pnsfq270/43442?key=enact HTTP/1.1" 404 23126 "-" "Mozilla/5.0 (compatible; DataForSeoBot/1.0; +https://dataforseo.com/dataforseo-bot)"
188.166.211.225 - - [07/Jul/2025:14:22:15 -0400] "GET /wp-login.php HTTP/1.1" 200 3129 "-" "Mozilla/5.0 (Windows NT 6.1; WOW64; Trident/7.0; AS; rv:11.0) like Gecko"
40.85.94.80 - - [07/Jul/2025:14:22:14 -0400] "GET /about/function.php HTTP/1.1" 404 23126 "-" "-"
66.249.64.174 - - [07/Jul/2025:14:22:18 -0400] "GET /pcmypage?callback=product/review/stone-b-fs221111hc01 HTTP/1.1" 200 87137 "-" "Mozilla/5.0 (Linux; Android 6.0.1; Nexus 5X Build/MMB29P) AppleWebKit/537.36 (KHTML, like Gecko) Chrome/137.0.7151.103 Mobile Safari/537.36 (compatible; Googlebot/2.1; +http://www.google.com/bot.html)"
136.243.228.194 - - [07/Jul/2025:14:22:17 -0400] "GET /228ldpxs6151.html HTTP/1.1" 404 23126 "-" "Mozilla/5.0 (compatible; DataForSeoBot/1.0; +https://dataforseo.com/dataforseo-bot)"
40.85.94.80 - - [07/Jul/2025:14:22:18 -0400] "GET /index/admin.php HTTP/1.1" 404 23126 "-" "-"
136.243.228.194 - - [07/Jul/2025:14:22:23 -0400] "GET /98qah48987.html HTTP/1.1" 404 23126 "-" "Mozilla/5.0 (compatible; DataForSeoBot/1.0; +https://dataforseo.com/dataforseo-bot)"
40.85.94.80 - - [07/Jul/2025:14:22:23 -0400] "GET /wp-admin/css/colors/blue/admin.php HTTP/1.1" 404 23126 "-" "-"
66.249.64.174 - - [07/Jul/2025:14:22:28 -0400] "GET /284kmel13893.html HTTP/1.1" 200 87624 "-" "Mozilla/5.0 (Linux; Android 6.0.1; Nexus 5X Build/MMB29P) AppleWebKit/537.36 (KHTML, like Gecko) Chrome/137.0.7151.103 Mobile Safari/537.36 (compatible; Googlebot/2.1; +http://www.google.com/bot.html)"
66.29.146.47 - - [07/Jul/2025:14:22:29 -0400] "POST /wp-cron.php?doing_wp_cron=1751912549.6648449897766113281250 HTTP/1.1" 403 1242 "-" "WordPress/6.8; https://dangroup.sa"
40.85.94.80 - - [07/Jul/2025:14:22:28 -0400] "GET /wp-includes/fonts/index.php HTTP/1.1" 301 0 "-" "-"
40.85.94.80 - - [07/Jul/2025:14:22:30 -0400] "GET /wp-includes/fonts/ HTTP/1.1" 200 1154 "-" "-"
136.243.228.194 - - [07/Jul/2025:14:22:29 -0400] "GET /items/hhgai116/30374?key=legislation HTTP/1.1" 404 23126 "-" "Mozilla/5.0 (compatible; DataForSeoBot/1.0; +https://dataforseo.com/dataforseo-bot)"
40.85.94.80 - - [07/Jul/2025:14:22:30 -0400] "GET /wp-admin/images/about.php HTTP/1.1" 404 23126 "-" "-"
66.249.64.174 - - [07/Jul/2025:14:22:35 -0400] "GET /items/efmvi54/12712?key=chunk HTTP/1.1" 200 87614 "-" "Mozilla/5.0 (compatible; Googlebot/2.1; +http://www.google.com/bot.html)"
136.243.228.194 - - [07/Jul/2025:14:22:35 -0400] "GET /166yqle23701.html HTTP/1.1" 404 23126 "-" "Mozilla/5.0 (compatible; DataForSeoBot/1.0; +https://dataforseo.com/dataforseo-bot)"
66.249.64.174 - - [07/Jul/2025:14:22:39 -0400] "GET /185fzeng43848.html HTTP/1.1" 200 88541 "-" "Mozilla/5.0 (Linux; Android 6.0.1; Nexus 5X Build/MMB29P) AppleWebKit/537.36 (KHTML, like Gecko) Chrome/137.0.7151.103 Mobile Safari/537.36 (compatible; Googlebot/2.1; +http://www.google.com/bot.html)"
40.85.94.80 - - [07/Jul/2025:14:22:35 -0400] "GET /simple.php HTTP/1.1" 404 23127 "-" "-"
40.85.94.80 - - [07/Jul/2025:14:22:40 -0400] "GET /index/function.php HTTP/1.1" 404 23126 "-" "-"
136.243.228.194 - - [07/Jul/2025:14:22:41 -0400] "GET /46aydr25837.html HTTP/1.1" 404 23126 "-" "Mozilla/5.0 (compatible; DataForSeoBot/1.0; +https://dataforseo.com/dataforseo-bot)"
66.249.64.160 - - [07/Jul/2025:14:22:45 -0400] "GET /261jsx49562.html HTTP/1.1" 200 86739 "-" "Mozilla/5.0 (Linux; Android 6.0.1; Nexus 5X Build/MMB29P) AppleWebKit/537.36 (KHTML, like Gecko) Chrome/137.0.7151.103 Mobile Safari/537.36 (compatible; Googlebot/2.1; +http://www.google.com/bot.html)"
40.85.94.80 - - [07/Jul/2025:14:22:46 -0400] "GET /item.php HTTP/1.1" 404 23127 "-" "-"
136.243.228.194 - - [07/Jul/2025:14:22:46 -0400] "GET /225vwn33780.html HTTP/1.1" 404 23127 "-" "Mozilla/5.0 (compatible; DataForSeoBot/1.0; +https://dataforseo.com/dataforseo-bot)"
40.85.94.80 - - [07/Jul/2025:14:22:51 -0400] "GET /classwithtostring.php HTTP/1.1" 404 23126 "-" "-"
40.85.94.80 - - [07/Jul/2025:14:22:55 -0400] "GET /cgi-bin/xmrlpc.php?p= HTTP/1.1" 301 0 "-" "-"
136.243.228.194 - - [07/Jul/2025:14:22:52 -0400] "GET /110bitfq45955.html HTTP/1.1" 404 23126 "-" "Mozilla/5.0 (compatible; DataForSeoBot/1.0; +https://dataforseo.com/dataforseo-bot)"
40.85.94.80 - - [07/Jul/2025:14:22:56 -0400] "GET /cgi-bin/xmrlpc.php HTTP/1.1" 404 23126 "-" "-"
40.85.94.80 - - [07/Jul/2025:14:23:01 -0400] "GET /wp-admin/includes/index.php HTTP/1.1" 301 0 "-" "-"
20.171.207.36 - - [07/Jul/2025:14:22:57 -0400] "GET /150jkvh15087.html HTTP/1.1" 404 23126 "-" "Mozilla/5.0 AppleWebKit/537.36 (KHTML, like Gecko; compatible; GPTBot/1.2; +https://openai.com/gptbot)"
40.85.94.80 - - [07/Jul/2025:14:23:02 -0400] "GET /wp-admin/includes/ HTTP/1.1" 200 3331 "-" "-"
188.166.211.225 - - [07/Jul/2025:14:23:03 -0400] "GET /wp-login.php HTTP/1.1" 200 3095 "-" "Mozilla/5.0 (Windows NT 10.0; Win64; x64) AppleWebKit/537.36 (KHTML, like Gecko) Chrome/58.0.3029.110 Safari/537.3"
136.243.228.194 - - [07/Jul/2025:14:22:58 -0400] "GET /items/oldaw99/7759?key=conclusion HTTP/1.1" 404 23127 "-" "Mozilla/5.0 (compatible; DataForSeoBot/1.0; +https://dataforseo.com/dataforseo-bot)"
40.85.94.80 - - [07/Jul/2025:14:23:03 -0400] "GET /readme.php HTTP/1.1" 404 23126 "-" "-"
188.166.211.225 - - [07/Jul/2025:14:23:06 -0400] "GET /wp-login.php HTTP/1.1" 200 3095 "-" "Mozilla/5.0 (Windows NT 10.0; Win64; x64) AppleWebKit/537.36 (KHTML, like Gecko) Chrome/58.0.3029.110 Safari/537.3"
40.85.94.80 - - [07/Jul/2025:14:23:07 -0400] "GET /wp-content/uploads/index.php HTTP/1.1" 301 0 "-" "-"
40.85.94.80 - - [07/Jul/2025:14:23:08 -0400] "GET /wp-content/uploads/ HTTP/1.1" 200 1334 "-" "-"
136.243.228.194 - - [07/Jul/2025:14:23:05 -0400] "GET /items/jrfgo159/21229?key=purple HTTP/1.1" 404 23126 "-" "Mozilla/5.0 (compatible; DataForSeoBot/1.0; +https://dataforseo.com/dataforseo-bot)"
40.85.94.80 - - [07/Jul/2025:14:23:09 -0400] "GET /wp-admin/images/index.php HTTP/1.1" 301 0 "-" "-"
40.85.94.80 - - [07/Jul/2025:14:23:10 -0400] "GET /wp-admin/images/ HTTP/1.1" 200 2323 "-" "-"
66.249.64.104 - - [07/Jul/2025:14:23:13 -0400] "GET /zhHant/product/surugaya/goldspace-sus-chain-8mm-12m?campaign_uid=f64d716db5e979ed2f947dbaf4296895b951ae7f HTTP/1.1" 200 86995 "-" "Mozilla/5.0 (Linux; Android 6.0.1; Nexus 5X Build/MMB29P) AppleWebKit/537.36 (KHTML, like Gecko) Chrome/137.0.7151.103 Mobile Safari/537.36 (compatible; Googlebot/2.1; +http://www.google.com/bot.html)"
40.85.94.80 - - [07/Jul/2025:14:23:10 -0400] "GET /filemanager.php HTTP/1.1" 404 23126 "-" "-"
136.243.228.194 - - [07/Jul/2025:14:23:11 -0400] "GET /items/srmdf121/24675?key=glimpse HTTP/1.1" 404 23127 "-" "Mozilla/5.0 (compatible; DataForSeoBot/1.0; +https://dataforseo.com/dataforseo-bot)"
40.85.94.80 - - [07/Jul/2025:14:23:15 -0400] "GET /shell20211028.php HTTP/1.1" 404 23126 "-" "-"
40.85.94.80 - - [07/Jul/2025:14:23:19 -0400] "GET /.well-known/index.php HTTP/1.1" 301 0 "-" "-"
40.85.94.80 - - [07/Jul/2025:14:23:20 -0400] "GET /.well-known/ HTTP/1.1" 200 614 "-" "-"
136.243.228.194 - - [07/Jul/2025:14:23:18 -0400] "GET /296rpej18753.html HTTP/1.1" 404 23126 "-" "Mozilla/5.0 (compatible; DataForSeoBot/1.0; +https://dataforseo.com/dataforseo-bot)"
40.85.94.80 - - [07/Jul/2025:14:23:21 -0400] "GET /info.php HTTP/1.1" 404 23126 "-" "-"
66.249.64.174 - - [07/Jul/2025:14:23:24 -0400] "GET /items/xwxop114/10134?key=attend HTTP/1.1" 200 87187 "-" "Mozilla/5.0 (Linux; Android 6.0.1; Nexus 5X Build/MMB29P) AppleWebKit/537.36 (KHTML, like Gecko) Chrome/137.0.7151.103 Mobile Safari/537.36 (compatible; Googlebot/2.1; +http://www.google.com/bot.html)"
136.243.228.194 - - [07/Jul/2025:14:23:24 -0400] "GET /items/dmfds176/33468?key=harsh HTTP/1.1" 404 23126 "-" "Mozilla/5.0 (compatible; DataForSeoBot/1.0; +https://dataforseo.com/dataforseo-bot)"
40.85.94.80 - - [07/Jul/2025:14:23:24 -0400] "GET /file.php HTTP/1.1" 404 23126 "-" "-"
40.85.94.80 - - [07/Jul/2025:14:23:30 -0400] "GET /wp-mail.php HTTP/1.1" 403 1242 "-" "-"
66.29.146.47 - - [07/Jul/2025:14:23:30 -0400] "POST /wp-cron.php?doing_wp_cron=1751912610.2630369663238525390625 HTTP/1.1" 403 1242 "-" "WordPress/6.8; https://dangroup.sa"
40.77.167.158 - - [07/Jul/2025:14:23:31 -0400] "GET /ntvvngb29822iwadna HTTP/1.1" 200 17 "-" "Mozilla/5.0 AppleWebKit/537.36 (KHTML, like Gecko; compatible; bingbot/2.0; +http://www.bing.com/bingbot.htm) Chrome/116.0.1938.76 Safari/537.36"
136.243.228.194 - - [07/Jul/2025:14:23:29 -0400] "GET /items/ggcpj57/8443?key=mirror HTTP/1.1" 404 23126 "-" "Mozilla/5.0 (compatible; DataForSeoBot/1.0; +https://dataforseo.com/dataforseo-bot)"
40.85.94.80 - - [07/Jul/2025:14:23:30 -0400] "GET /defaults.php HTTP/1.1" 404 23126 "-" "-"
66.249.64.160 - - [07/Jul/2025:14:23:36 -0400] "GET /28ybox341.html HTTP/1.1" 200 86824 "-" "Mozilla/5.0 (Linux; Android 6.0.1; Nexus 5X Build/MMB29P) AppleWebKit/537.36 (KHTML, like Gecko) Chrome/137.0.7151.103 Mobile Safari/537.36 (compatible; Googlebot/2.1; +http://www.google.com/bot.html)"
40.85.94.80 - - [07/Jul/2025:14:23:35 -0400] "GET /about.php HTTP/1.1" 404 23127 "-" "-"
136.243.228.194 - - [07/Jul/2025:14:23:36 -0400] "GET /items/zlply27/27717?key=terrorist HTTP/1.1" 404 23126 "-" "Mozilla/5.0 (compatible; DataForSeoBot/1.0; +https://dataforseo.com/dataforseo-bot)"
66.249.64.174 - - [07/Jul/2025:14:23:40 -0400] "GET /items/bvnqr31/8063?key=legislator HTTP/1.1" 200 88072 "-" "Mozilla/5.0 (Linux; Android 6.0.1; Nexus 5X Build/MMB29P) AppleWebKit/537.36 (KHTML, like Gecko) Chrome/137.0.7151.119 Mobile Safari/537.36 (compatible; Googlebot/2.1; +http://www.google.com/bot.html)"
40.85.94.80 - - [07/Jul/2025:14:23:39 -0400] "GET /wp-content/uploads/autoload_classmap.php HTTP/1.1" 404 23126 "-" "-"
66.249.64.174 - - [07/Jul/2025:14:23:43 -0400] "GET /9tutcu22.html HTTP/1.1" 200 88654 "-" "Mozilla/5.0 (Linux; Android 6.0.1; Nexus 5X Build/MMB29P) AppleWebKit/537.36 (KHTML, like Gecko) Chrome/137.0.7151.103 Mobile Safari/537.36 (compatible; Googlebot/2.1; +http://www.google.com/bot.html)"
136.243.228.194 - - [07/Jul/2025:14:23:42 -0400] "GET /154bwotj34549.html HTTP/1.1" 404 23126 "-" "Mozilla/5.0 (compatible; DataForSeoBot/1.0; +https://dataforseo.com/dataforseo-bot)"
40.85.94.80 - - [07/Jul/2025:14:23:44 -0400] "GET /wp-admin/404.php HTTP/1.1" 404 23126 "-" "-"
136.243.228.194 - - [07/Jul/2025:14:23:48 -0400] "GET /118xloju10891.html HTTP/1.1" 404 23126 "-" "Mozilla/5.0 (compatible; DataForSeoBot/1.0; +https://dataforseo.com/dataforseo-bot)"
40.85.94.80 - - [07/Jul/2025:14:23:48 -0400] "GET /db.php HTTP/1.1" 404 23126 "-" "-"
40.85.94.80 - - [07/Jul/2025:14:23:53 -0400] "GET /wp-admin/css/colors/coffee/index.php HTTP/1.1" 301 0 "-" "-"
40.85.94.80 - - [07/Jul/2025:14:23:54 -0400] "GET /wp-admin/css/colors/coffee/ HTTP/1.1" 200 722 "-" "-"
40.85.94.80 - - [07/Jul/2025:14:23:54 -0400] "GET /wp-content/plugins/seoplugins/mar.php HTTP/1.1" 404 23126 "-" "-"
136.243.228.194 - - [07/Jul/2025:14:23:54 -0400] "GET /items/rawsi98/1046?key=fashion HTTP/1.1" 404 23126 "-" "Mozilla/5.0 (compatible; DataForSeoBot/1.0; +https://dataforseo.com/dataforseo-bot)"
40.85.94.80 - - [07/Jul/2025:14:23:59 -0400] "GET /cong.php HTTP/1.1" 404 23126 "-" "-"
40.85.94.80 - - [07/Jul/2025:14:24:04 -0400] "GET /wp-admin/css/colors/index.php HTTP/1.1" 301 0 "-" "-"
136.243.228.194 - - [07/Jul/2025:14:24:00 -0400] "GET /56nig49037.html HTTP/1.1" 404 23126 "-" "Mozilla/5.0 (compatible; DataForSeoBot/1.0; +https://dataforseo.com/dataforseo-bot)"
40.85.94.80 - - [07/Jul/2025:14:24:06 -0400] "GET /wp-admin/css/colors/ HTTP/1.1" 200 1093 "-" "-"
20.171.207.36 - - [07/Jul/2025:14:24:01 -0400] "GET /84rasv34445.html HTTP/1.1" 404 23126 "-" "Mozilla/5.0 AppleWebKit/537.36 (KHTML, like Gecko; compatible; GPTBot/1.2; +https://openai.com/gptbot)"
188.166.211.225 - - [07/Jul/2025:14:24:07 -0400] "GET /wp-login.php HTTP/1.1" 200 3095 "-" "Mozilla/5.0 (Windows NT 6.3; WOW64; rv:40.0) Gecko/20100101 Firefox/40.0"
40.85.94.80 - - [07/Jul/2025:14:24:06 -0400] "GET /install.php HTTP/1.1" 404 23126 "-" "-"
66.249.64.161 - - [07/Jul/2025:14:24:10 -0400] "GET /items/lnosx297/5471?key=few HTTP/1.1" 200 86806 "-" "Mozilla/5.0 (Linux; Android 6.0.1; Nexus 5X Build/MMB29P) AppleWebKit/537.36 (KHTML, like Gecko) Chrome/137.0.7151.119 Mobile Safari/537.36 (compatible; Googlebot/2.1; +http://www.google.com/bot.html)"
40.85.94.80 - - [07/Jul/2025:14:24:11 -0400] "GET /wp-content/themes/ HTTP/1.1" 200 0 "-" "-"
40.85.94.80 - - [07/Jul/2025:14:24:11 -0400] "GET /wp-content/themes/index.php HTTP/1.1" 200 0 "-" "-"
136.243.228.194 - - [07/Jul/2025:14:24:07 -0400] "GET /items/izkkx35/39283?key=benefit HTTP/1.1" 404 23126 "-" "Mozilla/5.0 (compatible; DataForSeoBot/1.0; +https://dataforseo.com/dataforseo-bot)"
40.85.94.80 - - [07/Jul/2025:14:24:12 -0400] "GET /.well-known/pki-validation/about.php HTTP/1.1" 404 1251 "-" "-"
188.166.211.225 - - [07/Jul/2025:14:24:12 -0400] "GET /wp-login.php HTTP/1.1" 200 3095 "-" "Mozilla/5.0 (Windows NT 6.3; WOW64; rv:40.0) Gecko/20100101 Firefox/40.0"
40.85.94.80 - - [07/Jul/2025:14:24:12 -0400] "GET /mah.php HTTP/1.1" 404 23127 "-" "-"
66.249.64.106 - - [07/Jul/2025:14:24:16 -0400] "GET /127ifea4050.html HTTP/1.1" 200 87061 "-" "Mozilla/5.0 (Linux; Android 6.0.1; Nexus 5X Build/MMB29P) AppleWebKit/537.36 (KHTML, like Gecko) Chrome/137.0.7151.103 Mobile Safari/537.36 (compatible; Googlebot/2.1; +http://www.google.com/bot.html)"
136.243.228.194 - - [07/Jul/2025:14:24:13 -0400] "GET /items/dfaxd61/27817?key=shed HTTP/1.1" 404 23126 "-" "Mozilla/5.0 (compatible; DataForSeoBot/1.0; +https://dataforseo.com/dataforseo-bot)"
40.85.94.80 - - [07/Jul/2025:14:24:16 -0400] "GET /alfa.php HTTP/1.1" 404 23126 "-" "-"
40.85.94.80 - - [07/Jul/2025:14:24:21 -0400] "GET /wp-admin/js/index.php HTTP/1.1" 301 0 "-" "-"
40.85.94.80 - - [07/Jul/2025:14:24:22 -0400] "GET /wp-admin/js/ HTTP/1.1" 200 2906 "-" "-"
136.243.228.194 - - [07/Jul/2025:14:24:19 -0400] "GET /items/yvjul92/58440?key=switch HTTP/1.1" 404 23126 "-" "Mozilla/5.0 (compatible; DataForSeoBot/1.0; +https://dataforseo.com/dataforseo-bot)"
40.85.94.80 - - [07/Jul/2025:14:24:23 -0400] "GET /wp-admin/index.php HTTP/1.1" 302 0 "-" "-"
66.249.64.174 - - [07/Jul/2025:14:24:23 -0400] "GET /items/yokqo10/440?key=skull HTTP/1.1" 200 86937 "-" "Mozilla/5.0 (Linux; Android 6.0.1; Nexus 5X Build/MMB29P) AppleWebKit/537.36 (KHTML, like Gecko) Chrome/137.0.7151.103 Mobile Safari/537.36 (compatible; Googlebot/2.1; +http://www.google.com/bot.html)"
40.85.94.80 - - [07/Jul/2025:14:24:24 -0400] "GET /wp-login.php?redirect_to=https%3A%2F%2Fdangroup.sa%2Fwp-admin%2Findex.php&reauth=1 HTTP/1.1" 200 3150 "-" "-"
66.249.64.105 - - [07/Jul/2025:14:24:25 -0400] "GET /34kghi3759.html HTTP/1.1" 200 86980 "-" "Mozilla/5.0 (Linux; Android 6.0.1; Nexus 5X Build/MMB29P) AppleWebKit/537.36 (KHTML, like Gecko) Chrome/137.0.7151.119 Mobile Safari/537.36 (compatible; Googlebot/2.1; +http://www.google.com/bot.html)"
66.249.64.174 - - [07/Jul/2025:14:24:28 -0400] "GET /items/kxeub116/8000?key=starting HTTP/1.1" 200 86268 "-" "Mozilla/5.0 (Linux; Android 6.0.1; Nexus 5X Build/MMB29P) AppleWebKit/537.36 (KHTML, like Gecko) Chrome/137.0.7151.103 Mobile Safari/537.36 (compatible; Googlebot/2.1; +http://www.google.com/bot.html)"
40.85.94.80 - - [07/Jul/2025:14:24:25 -0400] "GET /randkeyword.php HTTP/1.1" 404 23127 "-" "-"
136.243.228.194 - - [07/Jul/2025:14:24:26 -0400] "GET /26krkk19027.html HTTP/1.1" 404 23126 "-" "Mozilla/5.0 (compatible; DataForSeoBot/1.0; +https://dataforseo.com/dataforseo-bot)"
66.29.146.47 - - [07/Jul/2025:14:24:31 -0400] "POST /wp-cron.php?doing_wp_cron=1751912670.7522959709167480468750 HTTP/1.1" 403 1242 "-" "WordPress/6.8; https://dangroup.sa"
40.85.94.80 - - [07/Jul/2025:14:24:30 -0400] "GET /wp-content/about.php HTTP/1.1" 404 23127 "-" "-"
188.166.211.225 - - [07/Jul/2025:14:24:33 -0400] "GET /wp-login.php HTTP/1.1" 200 3095 "-" "Mozilla/5.0 (Windows NT 10.0; Win64; x64) AppleWebKit/537.36 (KHTML, like Gecko) Chrome/58.0.3029.110 Safari/537.3"
66.249.64.104 - - [07/Jul/2025:14:24:36 -0400] "GET /items/bzxbb182/14478?key=teaspoon HTTP/1.1" 200 86891 "-" "Mozilla/5.0 (Linux; Android 6.0.1; Nexus 5X Build/MMB29P) AppleWebKit/537.36 (KHTML, like Gecko) Chrome/137.0.7151.119 Mobile Safari/537.36 (compatible; Googlebot/2.1; +http://www.google.com/bot.html)"
188.166.211.225 - - [07/Jul/2025:14:24:35 -0400] "GET /wp-login.php HTTP/1.1" 200 3129 "-" "Mozilla/5.0 (Windows NT 10.0; Win64; x64) AppleWebKit/537.36 (KHTML, like Gecko) Chrome/58.0.3029.110 Safari/537.3"
136.243.228.194 - - [07/Jul/2025:14:24:33 -0400] "GET /items/ynszf3/31917?key=be HTTP/1.1" 404 23126 "-" "Mozilla/5.0 (compatible; DataForSeoBot/1.0; +https://dataforseo.com/dataforseo-bot)"
40.85.94.80 - - [07/Jul/2025:14:24:34 -0400] "GET /buy.php HTTP/1.1" 404 23126 "-" "-"
136.243.228.194 - - [07/Jul/2025:14:24:39 -0400] "GET /46jifjr41743.html HTTP/1.1" 404 23126 "-" "Mozilla/5.0 (compatible; DataForSeoBot/1.0; +https://dataforseo.com/dataforseo-bot)"
40.85.94.80 - - [07/Jul/2025:14:24:39 -0400] "GET /wp-admin/autoload_classmap.php HTTP/1.1" 404 23126 "-" "-"
66.249.64.174 - - [07/Jul/2025:14:24:47 -0400] "GET /15ndn674.html HTTP/1.1" 200 87114 "-" "Mozilla/5.0 (Linux; Android 6.0.1; Nexus 5X Build/MMB29P) AppleWebKit/537.36 (KHTML, like Gecko) Chrome/137.0.7151.103 Mobile Safari/537.36 (compatible; Googlebot/2.1; +http://www.google.com/bot.html)"
40.85.94.80 - - [07/Jul/2025:14:24:44 -0400] "GET /wp-content/file.php HTTP/1.1" 404 23126 "-" "-"
136.243.228.194 - - [07/Jul/2025:14:24:45 -0400] "GET /items/shbaw116/29054?key=cultural HTTP/1.1" 404 23126 "-" "Mozilla/5.0 (compatible; DataForSeoBot/1.0; +https://dataforseo.com/dataforseo-bot)"
40.85.94.80 - - [07/Jul/2025:14:24:49 -0400] "GET /autoload_classmap.php HTTP/1.1" 404 23126 "-" "-"
40.85.94.80 - - [07/Jul/2025:14:24:54 -0400] "GET /wp-admin/user/index.php HTTP/1.1" 302 0 "-" "-"
136.243.228.194 - - [07/Jul/2025:14:24:51 -0400] "GET /68rpyta44461.html HTTP/1.1" 404 23127 "-" "Mozilla/5.0 (compatible; DataForSeoBot/1.0; +https://dataforseo.com/dataforseo-bot)"
40.85.94.80 - - [07/Jul/2025:14:24:55 -0400] "GET /wp-login.php?redirect_to=https%3A%2F%2Fdangroup.sa%2Fwp-admin%2Fuser%2Findex.php&reauth=1 HTTP/1.1" 200 3106 "-" "-"
66.249.64.161 - - [07/Jul/2025:14:24:58 -0400] "GET /items/pouzj73/651?key=evidence HTTP/1.1" 200 86662 "-" "Mozilla/5.0 (Linux; Android 6.0.1; Nexus 5X Build/MMB29P) AppleWebKit/537.36 (KHTML, like Gecko) Chrome/137.0.7151.103 Mobile Safari/537.36 (compatible; Googlebot/2.1; +http://www.google.com/bot.html)"
66.249.64.104 - - [07/Jul/2025:14:24:59 -0400] "GET /98gfzkr485.html HTTP/1.1" 200 87413 "-" "Mozilla/5.0 (Linux; Android 6.0.1; Nexus 5X Build/MMB29P) AppleWebKit/537.36 (KHTML, like Gecko) Chrome/137.0.7151.119 Mobile Safari/537.36 (compatible; Googlebot/2.1; +http://www.google.com/bot.html)"
40.85.94.80 - - [07/Jul/2025:14:24:56 -0400] "GET /wp-content/plugins/dummyyummy/wp-signup.php HTTP/1.1" 404 23126 "-" "-"
66.249.64.161 - - [07/Jul/2025:14:24:59 -0400] "GET /157cdxr21664.html HTTP/1.1" 200 86979 "-" "Mozilla/5.0 (Linux; Android 6.0.1; Nexus 5X Build/MMB29P) AppleWebKit/537.36 (KHTML, like Gecko) Chrome/137.0.7151.119 Mobile Safari/537.36 (compatible; Googlebot/2.1; +http://www.google.com/bot.html)"
136.243.228.194 - - [07/Jul/2025:14:24:58 -0400] "GET /items/gwkik155/14839?key=occasional HTTP/1.1" 404 23126 "-" "Mozilla/5.0 (compatible; DataForSeoBot/1.0; +https://dataforseo.com/dataforseo-bot)"
66.249.64.104 - - [07/Jul/2025:14:25:06 -0400] "GET /25phj46220.html HTTP/1.1" 200 86635 "-" "Mozilla/5.0 (Linux; Android 6.0.1; Nexus 5X Build/MMB29P) AppleWebKit/537.36 (KHTML, like Gecko) Chrome/137.0.7151.119 Mobile Safari/537.36 (compatible; Googlebot/2.1; +http://www.google.com/bot.html)"
20.171.207.36 - - [07/Jul/2025:14:25:02 -0400] "GET /82lhui16669.html HTTP/1.1" 404 23126 "-" "Mozilla/5.0 AppleWebKit/537.36 (KHTML, like Gecko; compatible; GPTBot/1.2; +https://openai.com/gptbot)"
136.243.228.194 - - [07/Jul/2025:14:25:04 -0400] "GET /3shcid8346.html HTTP/1.1" 404 23126 "-" "Mozilla/5.0 (compatible; DataForSeoBot/1.0; +https://dataforseo.com/dataforseo-bot)"
66.249.64.161 - - [07/Jul/2025:14:25:08 -0400] "GET /items/kzejk142/38074?key=stance HTTP/1.1" 200 86835 "-" "Mozilla/5.0 (Linux; Android 6.0.1; Nexus 5X Build/MMB29P) AppleWebKit/537.36 (KHTML, like Gecko) Chrome/137.0.7151.103 Mobile Safari/537.36 (compatible; Googlebot/2.1; +http://www.google.com/bot.html)"
136.243.228.194 - - [07/Jul/2025:14:25:11 -0400] "GET /153itz39496.html HTTP/1.1" 404 23126 "-" "Mozilla/5.0 (compatible; DataForSeoBot/1.0; +https://dataforseo.com/dataforseo-bot)"
188.166.211.225 - - [07/Jul/2025:14:25:14 -0400] "GET /wp-login.php HTTP/1.1" 200 3095 "-" "Mozilla/5.0 (Windows NT 6.3; WOW64; rv:40.0) Gecko/20100101 Firefox/40.0"
188.166.211.225 - - [07/Jul/2025:14:25:19 -0400] "GET /wp-login.php HTTP/1.1" 200 3129 "-" "Mozilla/5.0 (Windows NT 6.3; WOW64; rv:40.0) Gecko/20100101 Firefox/40.0"
136.243.228.194 - - [07/Jul/2025:14:25:17 -0400] "GET /items/djias18/40398?key=legislative HTTP/1.1" 404 23126 "-" "Mozilla/5.0 (compatible; DataForSeoBot/1.0; +https://dataforseo.com/dataforseo-bot)"
66.249.64.161 - - [07/Jul/2025:14:25:21 -0400] "GET /pcmypage?callback=product/review/dietshop-5493p HTTP/1.1" 200 87214 "-" "Mozilla/5.0 (Linux; Android 6.0.1; Nexus 5X Build/MMB29P) AppleWebKit/537.36 (KHTML, like Gecko) Chrome/137.0.7151.103 Mobile Safari/537.36 (compatible; Googlebot/2.1; +http://www.google.com/bot.html)"
136.243.228.194 - - [07/Jul/2025:14:25:22 -0400] "GET /249ark12432.html HTTP/1.1" 404 23126 "-" "Mozilla/5.0 (compatible; DataForSeoBot/1.0; +https://dataforseo.com/dataforseo-bot)"
66.249.64.161 - - [07/Jul/2025:14:25:25 -0400] "GET /items/fpdjg70/8616?key=pioneer HTTP/1.1" 200 86414 "-" "Mozilla/5.0 (Linux; Android 6.0.1; Nexus 5X Build/MMB29P) AppleWebKit/537.36 (KHTML, like Gecko) Chrome/137.0.7151.119 Mobile Safari/537.36 (compatible; Googlebot/2.1; +http://www.google.com/bot.html)"
136.243.228.194 - - [07/Jul/2025:14:25:26 -0400] "GET /129pcw3902.html HTTP/1.1" 404 23127 "-" "Mozilla/5.0 (compatible; DataForSeoBot/1.0; +https://dataforseo.com/dataforseo-bot)"
51.222.253.4 - - [07/Jul/2025:14:25:29 -0400] "GET /24aweid34761.html HTTP/1.1" 404 23126 "-" "Mozilla/5.0 (compatible; AhrefsBot/7.0; +http://ahrefs.com/robot/)"
66.29.146.47 - - [07/Jul/2025:14:25:32 -0400] "POST /wp-cron.php?doing_wp_cron=1751912732.8113839626312255859375 HTTP/1.1" 403 1242 "-" "WordPress/6.8; https://dangroup.sa"
136.243.228.194 - - [07/Jul/2025:14:25:32 -0400] "GET /items/tcrlu59/28015?key=seriously HTTP/1.1" 404 23126 "-" "Mozilla/5.0 (compatible; DataForSeoBot/1.0; +https://dataforseo.com/dataforseo-bot)"
188.166.211.225 - - [07/Jul/2025:14:25:36 -0400] "GET /wp-login.php HTTP/1.1" 200 3129 "-" "Mozilla/5.0 (Windows NT 6.1; WOW64; Trident/7.0; AS; rv:11.0) like Gecko"
136.243.228.194 - - [07/Jul/2025:14:25:38 -0400] "GET /176apj18083.html HTTP/1.1" 404 23126 "-" "Mozilla/5.0 (compatible; DataForSeoBot/1.0; +https://dataforseo.com/dataforseo-bot)"
188.166.211.225 - - [07/Jul/2025:14:25:40 -0400] "GET /wp-login.php HTTP/1.1" 200 3095 "-" "Mozilla/5.0 (Windows NT 6.1; WOW64; Trident/7.0; AS; rv:11.0) like Gecko"
66.249.64.162 - - [07/Jul/2025:14:25:42 -0400] "GET /pcmypage?callback=product/review/auc-cap10ohshima-as-bzip-wh-1 HTTP/1.1" 200 88324 "-" "Mozilla/5.0 (Linux; Android 6.0.1; Nexus 5X Build/MMB29P) AppleWebKit/537.36 (KHTML, like Gecko) Chrome/137.0.7151.103 Mobile Safari/537.36 (compatible; Googlebot/2.1; +http://www.google.com/bot.html)"
136.243.228.194 - - [07/Jul/2025:14:25:42 -0400] "GET /224afj7583.html HTTP/1.1" 404 23126 "-" "Mozilla/5.0 (compatible; DataForSeoBot/1.0; +https://dataforseo.com/dataforseo-bot)"
136.243.228.194 - - [07/Jul/2025:14:25:48 -0400] "GET /items/xxbos234/20478?key=sink HTTP/1.1" 404 23126 "-" "Mozilla/5.0 (compatible; DataForSeoBot/1.0; +https://dataforseo.com/dataforseo-bot)"
136.243.228.194 - - [07/Jul/2025:14:25:52 -0400] "GET /items/xnult124/38384?key=when HTTP/1.1" 404 23126 "-" "Mozilla/5.0 (compatible; DataForSeoBot/1.0; +https://dataforseo.com/dataforseo-bot)"
136.243.228.194 - - [07/Jul/2025:14:25:56 -0400] "GET /items/yxfdf39/12875?key=habit HTTP/1.1" 404 23127 "-" "Mozilla/5.0 (compatible; DataForSeoBot/1.0; +https://dataforseo.com/dataforseo-bot)"
188.166.211.225 - - [07/Jul/2025:14:25:59 -0400] "GET /wp-login.php HTTP/1.1" 200 3095 "-" "Mozilla/5.0 (Macintosh; Intel Mac OS X 10_11_5) AppleWebKit/537.36 (KHTML, like Gecko) Chrome/50.0.2661.102 Safari/537.36"
188.166.211.225 - - [07/Jul/2025:14:26:03 -0400] "GET /wp-login.php HTTP/1.1" 200 3095 "-" "Mozilla/5.0 (Macintosh; Intel Mac OS X 10_11_5) AppleWebKit/537.36 (KHTML, like Gecko) Chrome/50.0.2661.102 Safari/537.36"
66.249.64.162 - - [07/Jul/2025:14:26:03 -0400] "GET /271gdg8964.html HTTP/1.1" 200 86150 "-" "Mozilla/5.0 (Linux; Android 6.0.1; Nexus 5X Build/MMB29P) AppleWebKit/537.36 (KHTML, like Gecko) Chrome/137.0.7151.103 Mobile Safari/537.36 (compatible; Googlebot/2.1; +http://www.google.com/bot.html)"
136.243.228.194 - - [07/Jul/2025:14:26:02 -0400] "GET /items/uzcwi295/32623?key=argue HTTP/1.1" 404 23126 "-" "Mozilla/5.0 (compatible; DataForSeoBot/1.0; +https://dataforseo.com/dataforseo-bot)"
20.171.207.36 - - [07/Jul/2025:14:26:02 -0400] "GET /17fokg11140.html HTTP/1.1" 404 23126 "-" "Mozilla/5.0 AppleWebKit/537.36 (KHTML, like Gecko; compatible; GPTBot/1.2; +https://openai.com/gptbot)"
136.243.228.194 - - [07/Jul/2025:14:26:09 -0400] "GET /273pqefc24496.html HTTP/1.1" 404 23126 "-" "Mozilla/5.0 (compatible; DataForSeoBot/1.0; +https://dataforseo.com/dataforseo-bot)"
136.243.228.194 - - [07/Jul/2025:14:26:14 -0400] "GET /items/okzki68/41218?key=flight HTTP/1.1" 404 23126 "-" "Mozilla/5.0 (compatible; DataForSeoBot/1.0; +https://dataforseo.com/dataforseo-bot)"
66.249.64.162 - - [07/Jul/2025:14:26:19 -0400] "GET /14ogmat3573.html HTTP/1.1" 200 86804 "-" "Mozilla/5.0 (Linux; Android 6.0.1; Nexus 5X Build/MMB29P) AppleWebKit/537.36 (KHTML, like Gecko) Chrome/137.0.7151.119 Mobile Safari/537.36 (compatible; Googlebot/2.1; +http://www.google.com/bot.html)"
136.243.228.194 - - [07/Jul/2025:14:26:18 -0400] "GET /67vhn38170.html HTTP/1.1" 404 23126 "-" "Mozilla/5.0 (compatible; DataForSeoBot/1.0; +https://dataforseo.com/dataforseo-bot)"
66.249.64.104 - - [07/Jul/2025:14:26:24 -0400] "GET /category/282_1720_1721/1/listing HTTP/1.1" 200 87468 "-" "Mozilla/5.0 (Linux; Android 6.0.1; Nexus 5X Build/MMB29P) AppleWebKit/537.36 (KHTML, like Gecko) Chrome/137.0.7151.103 Mobile Safari/537.36 (compatible; Googlebot/2.1; +http://www.google.com/bot.html)"
136.243.228.194 - - [07/Jul/2025:14:26:23 -0400] "GET /items/czpok199/36849?key=shallow HTTP/1.1" 404 23126 "-" "Mozilla/5.0 (compatible; DataForSeoBot/1.0; +https://dataforseo.com/dataforseo-bot)"
136.243.228.194 - - [07/Jul/2025:14:26:27 -0400] "GET /49tdj48014.html HTTP/1.1" 404 23126 "-" "Mozilla/5.0 (compatible; DataForSeoBot/1.0; +https://dataforseo.com/dataforseo-bot)"
66.29.146.47 - - [07/Jul/2025:14:26:33 -0400] "POST /wp-cron.php?doing_wp_cron=1751912793.3387110233306884765625 HTTP/1.1" 403 1242 "-" "WordPress/6.8; https://dangroup.sa"
136.243.228.194 - - [07/Jul/2025:14:26:32 -0400] "GET /141ene31020.html HTTP/1.1" 404 23126 "-" "Mozilla/5.0 (compatible; DataForSeoBot/1.0; +https://dataforseo.com/dataforseo-bot)"
66.249.64.161 - - [07/Jul/2025:14:26:39 -0400] "GET /items/qbsvt92/50864?key=shared HTTP/1.1" 200 86214 "-" "Mozilla/5.0 (Linux; Android 6.0.1; Nexus 5X Build/MMB29P) AppleWebKit/537.36 (KHTML, like Gecko) Chrome/137.0.7151.103 Mobile Safari/537.36 (compatible; Googlebot/2.1; +http://www.google.com/bot.html)"
136.243.228.194 - - [07/Jul/2025:14:26:39 -0400] "GET /89wiapa26504.html HTTP/1.1" 404 23127 "-" "Mozilla/5.0 (compatible; DataForSeoBot/1.0; +https://dataforseo.com/dataforseo-bot)"
204.12.252.98 - - [07/Jul/2025:14:26:46 -0400] "GET /wp-content/install.php HTTP/1.1" 200 10 "https://dangroup.sa/wp-content/install.php" "Mozilla/5.0 (Windows NT 10.0; Win64; x64) AppleWebKit/537.36 (KHTML, like Gecko) Chrome/58.0.3029.110 Safari/537.3"
136.243.228.194 - - [07/Jul/2025:14:26:43 -0400] "GET /items/vgczo2/27272?key=uncomfortable HTTP/1.1" 404 23126 "-" "Mozilla/5.0 (compatible; DataForSeoBot/1.0; +https://dataforseo.com/dataforseo-bot)"
136.243.228.194 - - [07/Jul/2025:14:26:47 -0400] "GET /items/edsyo66/23024?key=PM HTTP/1.1" 404 23126 "-" "Mozilla/5.0 (compatible; DataForSeoBot/1.0; +https://dataforseo.com/dataforseo-bot)"
136.243.228.194 - - [07/Jul/2025:14:26:52 -0400] "GET /items/acygf59/43921?key=imply HTTP/1.1" 404 23127 "-" "Mozilla/5.0 (compatible; DataForSeoBot/1.0; +https://dataforseo.com/dataforseo-bot)"
136.243.228.194 - - [07/Jul/2025:14:26:57 -0400] "GET /21sfhi13454.html HTTP/1.1" 404 23126 "-" "Mozilla/5.0 (compatible; DataForSeoBot/1.0; +https://dataforseo.com/dataforseo-bot)"
136.243.228.194 - - [07/Jul/2025:14:27:01 -0400] "GET /115laz13426.html HTTP/1.1" 404 23126 "-" "Mozilla/5.0 (compatible; DataForSeoBot/1.0; +https://dataforseo.com/dataforseo-bot)"
66.249.64.105 - - [07/Jul/2025:14:27:05 -0400] "GET /207abh40682.html HTTP/1.1" 200 86805 "-" "Mozilla/5.0 (Linux; Android 6.0.1; Nexus 5X Build/MMB29P) AppleWebKit/537.36 (KHTML, like Gecko) Chrome/137.0.7151.103 Mobile Safari/537.36 (compatible; Googlebot/2.1; +http://www.google.com/bot.html)"
20.171.207.36 - - [07/Jul/2025:14:27:05 -0400] "GET /46yycq49111.html HTTP/1.1" 404 23126 "-" "Mozilla/5.0 AppleWebKit/537.36 (KHTML, like Gecko; compatible; GPTBot/1.2; +https://openai.com/gptbot)"
136.243.228.194 - - [07/Jul/2025:14:27:06 -0400] "GET /140dgjak6169.html HTTP/1.1" 404 23126 "-" "Mozilla/5.0 (compatible; DataForSeoBot/1.0; +https://dataforseo.com/dataforseo-bot)"
136.243.228.194 - - [07/Jul/2025:14:27:12 -0400] "GET /270sjmlm24181.html HTTP/1.1" 404 23126 "-" "Mozilla/5.0 (compatible; DataForSeoBot/1.0; +https://dataforseo.com/dataforseo-bot)"
136.243.228.194 - - [07/Jul/2025:14:27:16 -0400] "GET /items/wfofp58/3274?key=season HTTP/1.1" 404 23127 "-" "Mozilla/5.0 (compatible; DataForSeoBot/1.0; +https://dataforseo.com/dataforseo-bot)"
136.243.228.194 - - [07/Jul/2025:14:27:21 -0400] "GET /items/kgktf49/687?key=readily HTTP/1.1" 404 23126 "-" "Mozilla/5.0 (compatible; DataForSeoBot/1.0; +https://dataforseo.com/dataforseo-bot)"
188.166.211.225 - - [07/Jul/2025:14:27:25 -0400] "GET /wp-login.php HTTP/1.1" 200 3095 "-" "Mozilla/5.0 (Windows NT 6.3; WOW64; rv:40.0) Gecko/20100101 Firefox/40.0"
136.243.228.194 - - [07/Jul/2025:14:27:25 -0400] "GET /145mil29422.html HTTP/1.1" 404 23126 "-" "Mozilla/5.0 (compatible; DataForSeoBot/1.0; +https://dataforseo.com/dataforseo-bot)"
188.166.211.225 - - [07/Jul/2025:14:27:30 -0400] "GET /wp-login.php HTTP/1.1" 200 3129 "-" "Mozilla/5.0 (Windows NT 6.3; WOW64; rv:40.0) Gecko/20100101 Firefox/40.0"
136.243.228.194 - - [07/Jul/2025:14:27:30 -0400] "GET /items/dbukf124/37536?key=march HTTP/1.1" 404 23127 "-" "Mozilla/5.0 (compatible; DataForSeoBot/1.0; +https://dataforseo.com/dataforseo-bot)"
66.29.146.47 - - [07/Jul/2025:14:27:36 -0400] "POST /wp-cron.php?doing_wp_cron=1751912856.1313109397888183593750 HTTP/1.1" 403 1242 "-" "WordPress/6.8; https://dangroup.sa"
136.243.228.194 - - [07/Jul/2025:14:27:35 -0400] "GET /items/jwjqv101/23111?key=everything HTTP/1.1" 404 23126 "-" "Mozilla/5.0 (compatible; DataForSeoBot/1.0; +https://dataforseo.com/dataforseo-bot)"
66.249.64.161 - - [07/Jul/2025:14:27:42 -0400] "GET /163rmjri554.html HTTP/1.1" 200 86634 "-" "Mozilla/5.0 (Linux; Android 6.0.1; Nexus 5X Build/MMB29P) AppleWebKit/537.36 (KHTML, like Gecko) Chrome/137.0.7151.103 Mobile Safari/537.36 (compatible; Googlebot/2.1; +http://www.google.com/bot.html)"
136.243.228.194 - - [07/Jul/2025:14:27:41 -0400] "GET /210wvxv1749.html HTTP/1.1" 404 23126 "-" "Mozilla/5.0 (compatible; DataForSeoBot/1.0; +https://dataforseo.com/dataforseo-bot)"
188.166.211.225 - - [07/Jul/2025:14:27:48 -0400] "GET /wp-login.php HTTP/1.1" 200 3095 "-" "Mozilla/5.0 (Macintosh; Intel Mac OS X 10_11_5) AppleWebKit/537.36 (KHTML, like Gecko) Chrome/50.0.2661.102 Safari/537.36"
136.243.228.194 - - [07/Jul/2025:14:27:46 -0400] "GET /items/kxjjo262/18508?key=woman HTTP/1.1" 404 23127 "-" "Mozilla/5.0 (compatible; DataForSeoBot/1.0; +https://dataforseo.com/dataforseo-bot)"
66.249.64.162 - - [07/Jul/2025:14:27:48 -0400] "GET /items/jqzga104/40006?key=oxygen HTTP/1.1" 200 86726 "-" "Mozilla/5.0 (Linux; Android 6.0.1; Nexus 5X Build/MMB29P) AppleWebKit/537.36 (KHTML, like Gecko) Chrome/137.0.7151.119 Mobile Safari/537.36 (compatible; Googlebot/2.1; +http://www.google.com/bot.html)"
188.166.211.225 - - [07/Jul/2025:14:27:49 -0400] "GET /wp-login.php HTTP/1.1" 200 3129 "-" "Mozilla/5.0 (Macintosh; Intel Mac OS X 10_11_5) AppleWebKit/537.36 (KHTML, like Gecko) Chrome/50.0.2661.102 Safari/537.36"
66.249.64.161 - - [07/Jul/2025:14:27:51 -0400] "GET /items/mtkrf265/10363?key=lost HTTP/1.1" 200 86794 "-" "Mozilla/5.0 (Linux; Android 6.0.1; Nexus 5X Build/MMB29P) AppleWebKit/537.36 (KHTML, like Gecko) Chrome/137.0.7151.103 Mobile Safari/537.36 (compatible; Googlebot/2.1; +http://www.google.com/bot.html)"
66.249.64.161 - - [07/Jul/2025:14:27:52 -0400] "GET /119chpb34202.html HTTP/1.1" 200 87094 "-" "Mozilla/5.0 (Linux; Android 6.0.1; Nexus 5X Build/MMB29P) AppleWebKit/537.36 (KHTML, like Gecko) Chrome/137.0.7151.103 Mobile Safari/537.36 (compatible; Googlebot/2.1; +http://www.google.com/bot.html)"
136.243.228.194 - - [07/Jul/2025:14:27:50 -0400] "GET /items/vqxdv136/29358?key=eligible HTTP/1.1" 404 23126 "-" "Mozilla/5.0 (compatible; DataForSeoBot/1.0; +https://dataforseo.com/dataforseo-bot)"
136.243.228.194 - - [07/Jul/2025:14:27:54 -0400] "GET /100kewg23261.html HTTP/1.1" 404 23127 "-" "Mozilla/5.0 (compatible; DataForSeoBot/1.0; +https://dataforseo.com/dataforseo-bot)"
66.249.64.105 - - [07/Jul/2025:14:28:01 -0400] "GET /43lbbwx20126.html HTTP/1.1" 200 87177 "-" "Mozilla/5.0 (Linux; Android 6.0.1; Nexus 5X Build/MMB29P) AppleWebKit/537.36 (KHTML, like Gecko) Chrome/137.0.7151.103 Mobile Safari/537.36 (compatible; Googlebot/2.1; +http://www.google.com/bot.html)"
136.243.228.194 - - [07/Jul/2025:14:28:00 -0400] "GET /items/zlsem126/34222?key=experiment HTTP/1.1" 404 23127 "-" "Mozilla/5.0 (compatible; DataForSeoBot/1.0; +https://dataforseo.com/dataforseo-bot)"
136.243.228.194 - - [07/Jul/2025:14:28:04 -0400] "GET /items/qottn146/34922?key=album HTTP/1.1" 404 23127 "-" "Mozilla/5.0 (compatible; DataForSeoBot/1.0; +https://dataforseo.com/dataforseo-bot)"
20.171.207.36 - - [07/Jul/2025:14:28:05 -0400] "GET /222leys7173.html HTTP/1.1" 404 23126 "-" "Mozilla/5.0 AppleWebKit/537.36 (KHTML, like Gecko; compatible; GPTBot/1.2; +https://openai.com/gptbot)"
