192.178.6.65 - - [07/Jul/2025:09:31:25 -0400] "GET /items/kahyh136/9284?key=scent HTTP/1.1" 200 87152 "-" "Mozilla/5.0 (Linux; Android 6.0.1; Nexus 5X Build/MMB29P) AppleWebKit/537.36 (KHTML, like Gecko) Chrome/137.0.7151.103 Mobile Safari/537.36 (compatible; Googlebot/2.1; +http://www.google.com/bot.html)"
136.243.228.194 - - [07/Jul/2025:09:31:24 -0400] "GET /100fgbq29201.html HTTP/1.1" 404 23126 "-" "Mozilla/5.0 (compatible; DataForSeoBot/1.0; +https://dataforseo.com/dataforseo-bot)"
20.171.207.36 - - [07/Jul/2025:09:31:25 -0400] "GET /36oewj44561.html HTTP/1.1" 404 23126 "-" "Mozilla/5.0 AppleWebKit/537.36 (KHTML, like Gecko; compatible; GPTBot/1.2; +https://openai.com/gptbot)"
192.178.6.65 - - [07/Jul/2025:09:31:32 -0400] "GET /128rji36117.html HTTP/1.1" 200 87133 "-" "Mozilla/5.0 (Linux; Android 6.0.1; Nexus 5X Build/MMB29P) AppleWebKit/537.36 (KHTML, like Gecko) Chrome/137.0.7151.103 Mobile Safari/537.36 (compatible; Googlebot/2.1; +http://www.google.com/bot.html)"
136.243.228.194 - - [07/Jul/2025:09:31:32 -0400] "GET /items/iyltp126/16646?key=rapid HTTP/1.1" 404 23126 "-" "Mozilla/5.0 (compatible; DataForSeoBot/1.0; +https://dataforseo.com/dataforseo-bot)"
136.243.228.194 - - [07/Jul/2025:09:31:37 -0400] "GET /251kuua16668.html HTTP/1.1" 404 23126 "-" "Mozilla/5.0 (compatible; DataForSeoBot/1.0; +https://dataforseo.com/dataforseo-bot)"
136.243.228.194 - - [07/Jul/2025:09:31:44 -0400] "GET /items/zcigi37/6799?key=happy HTTP/1.1" 404 23126 "-" "Mozilla/5.0 (compatible; DataForSeoBot/1.0; +https://dataforseo.com/dataforseo-bot)"
136.243.228.194 - - [07/Jul/2025:09:31:49 -0400] "GET /155zdn38884.html HTTP/1.1" 404 23126 "-" "Mozilla/5.0 (compatible; DataForSeoBot/1.0; +https://dataforseo.com/dataforseo-bot)"
136.243.228.194 - - [07/Jul/2025:09:31:54 -0400] "GET /15iape42372.html HTTP/1.1" 404 23127 "-" "Mozilla/5.0 (compatible; DataForSeoBot/1.0; +https://dataforseo.com/dataforseo-bot)"
136.243.228.194 - - [07/Jul/2025:09:32:00 -0400] "GET /items/jmgva229/3937?key=pitcher HTTP/1.1" 404 23126 "-" "Mozilla/5.0 (compatible; DataForSeoBot/1.0; +https://dataforseo.com/dataforseo-bot)"
192.178.6.67 - - [07/Jul/2025:09:32:03 -0400] "GET /1pdz520.html HTTP/1.1" 200 87034 "-" "Mozilla/5.0 (Linux; Android 6.0.1; Nexus 5X Build/MMB29P) AppleWebKit/537.36 (KHTML, like Gecko) Chrome/137.0.7151.103 Mobile Safari/537.36 (compatible; GoogleOther)"
136.243.228.194 - - [07/Jul/2025:09:32:05 -0400] "GET /110cgwu49537.html HTTP/1.1" 404 23127 "-" "Mozilla/5.0 (compatible; DataForSeoBot/1.0; +https://dataforseo.com/dataforseo-bot)"
136.243.228.194 - - [07/Jul/2025:09:32:09 -0400] "GET /items/rqefk202/48638?key=decision HTTP/1.1" 404 23127 "-" "Mozilla/5.0 (compatible; DataForSeoBot/1.0; +https://dataforseo.com/dataforseo-bot)"
136.243.228.194 - - [07/Jul/2025:09:32:15 -0400] "GET /33vqqg49848.html HTTP/1.1" 404 23126 "-" "Mozilla/5.0 (compatible; DataForSeoBot/1.0; +https://dataforseo.com/dataforseo-bot)"
136.243.228.194 - - [07/Jul/2025:09:32:20 -0400] "GET /items/dycdn45/42193?key=vanish HTTP/1.1" 404 23126 "-" "Mozilla/5.0 (compatible; DataForSeoBot/1.0; +https://dataforseo.com/dataforseo-bot)"
66.29.146.47 - - [07/Jul/2025:09:32:25 -0400] "POST /wp-cron.php?doing_wp_cron=1751895145.8122739791870117187500 HTTP/1.1" 403 1242 "-" "WordPress/6.8; https://dangroup.sa"
192.178.6.69 - - [07/Jul/2025:09:32:26 -0400] "GET /103azqum47462.html HTTP/1.1" 200 86427 "-" "Mozilla/5.0 (Linux; Android 6.0.1; Nexus 5X Build/MMB29P) AppleWebKit/537.36 (KHTML, like Gecko) Chrome/137.0.7151.103 Mobile Safari/537.36 (compatible; Googlebot/2.1; +http://www.google.com/bot.html)"
136.243.228.194 - - [07/Jul/2025:09:32:25 -0400] "GET /116mfnv2609.html HTTP/1.1" 404 23126 "-" "Mozilla/5.0 (compatible; DataForSeoBot/1.0; +https://dataforseo.com/dataforseo-bot)"
20.171.207.36 - - [07/Jul/2025:09:32:26 -0400] "GET /193wcyg2426.html HTTP/1.1" 404 23127 "-" "Mozilla/5.0 AppleWebKit/537.36 (KHTML, like Gecko; compatible; GPTBot/1.2; +https://openai.com/gptbot)"
136.243.228.194 - - [07/Jul/2025:09:32:31 -0400] "GET /252pwwn18347.html HTTP/1.1" 404 23127 "-" "Mozilla/5.0 (compatible; DataForSeoBot/1.0; +https://dataforseo.com/dataforseo-bot)"
208.110.64.178 - - [07/Jul/2025:09:32:35 -0400] "GET /wp-content/install.php HTTP/1.1" 200 0 "https://dangroup.sa/wp-content/install.php" "Mozilla/5.0 (Windows NT 10.0; Win64; x64) AppleWebKit/537.36 (KHTML, like Gecko) Chrome/58.0.3029.110 Safari/537.3"
136.243.228.194 - - [07/Jul/2025:09:34:40 -0400] "GET /items/usowr95/18405?key=famous HTTP/1.1" 404 23126 "-" "Mozilla/5.0 (compatible; DataForSeoBot/1.0; +https://dataforseo.com/dataforseo-bot)"
136.243.228.194 - - [07/Jul/2025:09:34:44 -0400] "GET /items/iccru122/13796?key=survivor HTTP/1.1" 404 23126 "-" "Mozilla/5.0 (compatible; DataForSeoBot/1.0; +https://dataforseo.com/dataforseo-bot)"
136.243.228.194 - - [07/Jul/2025:09:34:50 -0400] "GET /items/laxzt34/3416?key=T-shirt HTTP/1.1" 404 23126 "-" "Mozilla/5.0 (compatible; DataForSeoBot/1.0; +https://dataforseo.com/dataforseo-bot)"
136.243.228.194 - - [07/Jul/2025:09:34:56 -0400] "GET /16dyu18915.html HTTP/1.1" 404 23126 "-" "Mozilla/5.0 (compatible; DataForSeoBot/1.0; +https://dataforseo.com/dataforseo-bot)"
136.243.228.194 - - [07/Jul/2025:09:35:00 -0400] "GET /215qrh33350.html HTTP/1.1" 404 23126 "-" "Mozilla/5.0 (compatible; DataForSeoBot/1.0; +https://dataforseo.com/dataforseo-bot)"
192.178.6.68 - - [07/Jul/2025:09:35:07 -0400] "GET /232ocxx48671.html HTTP/1.1" 200 87716 "-" "Mozilla/5.0 (Linux; Android 6.0.1; Nexus 5X Build/MMB29P) AppleWebKit/537.36 (KHTML, like Gecko) Chrome/137.0.7151.103 Mobile Safari/537.36 (compatible; Googlebot/2.1; +http://www.google.com/bot.html)"
136.243.228.194 - - [07/Jul/2025:09:35:05 -0400] "GET /items/lastm167/13739?key=terrorist HTTP/1.1" 404 23126 "-" "Mozilla/5.0 (compatible; DataForSeoBot/1.0; +https://dataforseo.com/dataforseo-bot)"
192.178.6.69 - - [07/Jul/2025:09:35:13 -0400] "GET /206fiycn22451.html HTTP/1.1" 200 86735 "-" "Mozilla/5.0 (compatible; Googlebot/2.1; +http://www.google.com/bot.html)"
51.222.253.15 - - [07/Jul/2025:09:35:15 -0400] "GET /?sitemap956.xml HTTP/1.1" 200 17 "-" "Mozilla/5.0 (compatible; AhrefsBot/7.0; +http://ahrefs.com/robot/)"
136.243.228.194 - - [07/Jul/2025:09:35:13 -0400] "GET /133mzw33130.html HTTP/1.1" 404 23126 "-" "Mozilla/5.0 (compatible; DataForSeoBot/1.0; +https://dataforseo.com/dataforseo-bot)"
136.243.228.194 - - [07/Jul/2025:09:35:20 -0400] "GET /items/bzwie19/33425?key=tale HTTP/1.1" 404 23126 "-" "Mozilla/5.0 (compatible; DataForSeoBot/1.0; +https://dataforseo.com/dataforseo-bot)"
136.243.228.194 - - [07/Jul/2025:09:35:24 -0400] "GET /79cve41610.html HTTP/1.1" 404 23126 "-" "Mozilla/5.0 (compatible; DataForSeoBot/1.0; +https://dataforseo.com/dataforseo-bot)"
136.243.228.194 - - [07/Jul/2025:09:35:29 -0400] "GET /107lxnt13640.html HTTP/1.1" 404 23126 "-" "Mozilla/5.0 (compatible; DataForSeoBot/1.0; +https://dataforseo.com/dataforseo-bot)"
66.29.146.47 - - [07/Jul/2025:09:35:34 -0400] "POST /wp-cron.php?doing_wp_cron=1751895334.1193659305572509765625 HTTP/1.1" 403 1242 "-" "WordPress/6.8; https://dangroup.sa"
136.243.228.194 - - [07/Jul/2025:09:35:33 -0400] "GET /items/hzsyo3/29747?key=employer HTTP/1.1" 404 23126 "-" "Mozilla/5.0 (compatible; DataForSeoBot/1.0; +https://dataforseo.com/dataforseo-bot)"
20.171.207.36 - - [07/Jul/2025:09:35:34 -0400] "GET /44dqbf10251.html HTTP/1.1" 404 23126 "-" "Mozilla/5.0 AppleWebKit/537.36 (KHTML, like Gecko; compatible; GPTBot/1.2; +https://openai.com/gptbot)"
136.243.228.194 - - [07/Jul/2025:09:35:40 -0400] "GET /200qoxe11645.html HTTP/1.1" 404 23126 "-" "Mozilla/5.0 (compatible; DataForSeoBot/1.0; +https://dataforseo.com/dataforseo-bot)"
136.243.228.194 - - [07/Jul/2025:09:35:44 -0400] "GET /146kig10205.html HTTP/1.1" 404 23126 "-" "Mozilla/5.0 (compatible; DataForSeoBot/1.0; +https://dataforseo.com/dataforseo-bot)"
136.243.228.194 - - [07/Jul/2025:09:35:49 -0400] "GET /items/zgoei289/47871?key=wrist HTTP/1.1" 404 23127 "-" "Mozilla/5.0 (compatible; DataForSeoBot/1.0; +https://dataforseo.com/dataforseo-bot)"
136.243.228.194 - - [07/Jul/2025:09:35:52 -0400] "GET /items/zkcri243/12483?key=disturb HTTP/1.1" 404 23126 "-" "Mozilla/5.0 (compatible; DataForSeoBot/1.0; +https://dataforseo.com/dataforseo-bot)"
136.243.228.194 - - [07/Jul/2025:09:35:56 -0400] "GET /100hoe4489.html HTTP/1.1" 404 23126 "-" "Mozilla/5.0 (compatible; DataForSeoBot/1.0; +https://dataforseo.com/dataforseo-bot)"
208.110.64.178 - - [07/Jul/2025:09:32:37 -0400] "GET /wp-content/install.php HTTP/1.1" 200 10 "https://dangroup.sa/wp-content/install.php" "Mozilla/5.0 (Windows NT 10.0; Win64; x64) AppleWebKit/537.36 (KHTML, like Gecko) Chrome/58.0.3029.110 Safari/537.3"
136.243.228.194 - - [07/Jul/2025:09:32:36 -0400] "GET /162poq12651.html HTTP/1.1" 404 23126 "-" "Mozilla/5.0 (compatible; DataForSeoBot/1.0; +https://dataforseo.com/dataforseo-bot)"
192.178.6.68 - - [07/Jul/2025:09:32:43 -0400] "GET /36syxb44773.html HTTP/1.1" 200 87285 "-" "Mozilla/5.0 (compatible; Googlebot/2.1; +http://www.google.com/bot.html)"
136.243.228.194 - - [07/Jul/2025:09:32:42 -0400] "GET /255vnp47086.html HTTP/1.1" 404 23126 "-" "Mozilla/5.0 (compatible; DataForSeoBot/1.0; +https://dataforseo.com/dataforseo-bot)"
192.178.6.68 - - [07/Jul/2025:09:32:52 -0400] "GET /items/ruefr62/32554?key=dress HTTP/1.1" 200 87244 "-" "Mozilla/5.0 (compatible; Googlebot/2.1; +http://www.google.com/bot.html)"
136.243.228.194 - - [07/Jul/2025:09:32:49 -0400] "GET /items/jpkfr175/49189?key=powerful HTTP/1.1" 404 23127 "-" "Mozilla/5.0 (compatible; DataForSeoBot/1.0; +https://dataforseo.com/dataforseo-bot)"
136.243.228.194 - - [07/Jul/2025:09:32:58 -0400] "GET /217trkx8486.html HTTP/1.1" 404 23127 "-" "Mozilla/5.0 (compatible; DataForSeoBot/1.0; +https://dataforseo.com/dataforseo-bot)"
136.243.228.194 - - [07/Jul/2025:09:33:05 -0400] "GET /items/awziy177/8325?key=boost HTTP/1.1" 404 23126 "-" "Mozilla/5.0 (compatible; DataForSeoBot/1.0; +https://dataforseo.com/dataforseo-bot)"
136.243.228.194 - - [07/Jul/2025:09:33:11 -0400] "GET /items/ebllt257/12007?key=soft HTTP/1.1" 404 23126 "-" "Mozilla/5.0 (compatible; DataForSeoBot/1.0; +https://dataforseo.com/dataforseo-bot)"
192.178.6.70 - - [07/Jul/2025:09:33:22 -0400] "GET /50zfugb11089.html HTTP/1.1" 200 86462 "-" "Mozilla/5.0 (compatible; Googlebot/2.1; +http://www.google.com/bot.html)"
136.243.228.194 - - [07/Jul/2025:09:33:19 -0400] "GET /items/uvyfv42/24974?key=prominent HTTP/1.1" 404 23126 "-" "Mozilla/5.0 (compatible; DataForSeoBot/1.0; +https://dataforseo.com/dataforseo-bot)"
66.29.146.47 - - [07/Jul/2025:09:33:28 -0400] "POST /wp-cron.php?doing_wp_cron=1751895208.3211801052093505859375 HTTP/1.1" 403 1242 "-" "WordPress/6.8; https://dangroup.sa"
20.171.207.36 - - [07/Jul/2025:09:33:27 -0400] "GET /146dzks3165.html HTTP/1.1" 404 23126 "-" "Mozilla/5.0 AppleWebKit/537.36 (KHTML, like Gecko; compatible; GPTBot/1.2; +https://openai.com/gptbot)"
192.178.6.69 - - [07/Jul/2025:09:33:47 -0400] "GET /297brq13002.html HTTP/1.1" 200 87026 "-" "Mozilla/5.0 (Linux; Android 6.0.1; Nexus 5X Build/MMB29P) AppleWebKit/537.36 (KHTML, like Gecko) Chrome/137.0.7151.103 Mobile Safari/537.36 (compatible; Googlebot/2.1; +http://www.google.com/bot.html)"
136.243.228.194 - - [07/Jul/2025:09:34:17 -0400] "GET /items/ccaqw5/25103?key=dependent HTTP/1.1" 404 23126 "-" "Mozilla/5.0 (compatible; DataForSeoBot/1.0; +https://dataforseo.com/dataforseo-bot)"
136.243.228.194 - - [07/Jul/2025:09:34:22 -0400] "GET /155ubj28724.html HTTP/1.1" 404 23127 "-" "Mozilla/5.0 (compatible; DataForSeoBot/1.0; +https://dataforseo.com/dataforseo-bot)"
136.243.228.194 - - [07/Jul/2025:09:34:26 -0400] "GET /146fwlwn6827.html HTTP/1.1" 404 23126 "-" "Mozilla/5.0 (compatible; DataForSeoBot/1.0; +https://dataforseo.com/dataforseo-bot)"
66.29.146.47 - - [07/Jul/2025:09:34:30 -0400] "POST /wp-cron.php?doing_wp_cron=1751895270.3110699653625488281250 HTTP/1.1" 403 1242 "-" "WordPress/6.8; https://dangroup.sa"
20.171.207.36 - - [07/Jul/2025:09:34:29 -0400] "GET /46zdjb47351.html HTTP/1.1" 404 23126 "-" "Mozilla/5.0 AppleWebKit/537.36 (KHTML, like Gecko; compatible; GPTBot/1.2; +https://openai.com/gptbot)"
136.243.228.194 - - [07/Jul/2025:09:34:31 -0400] "GET /82jmp2049.html HTTP/1.1" 404 23126 "-" "Mozilla/5.0 (compatible; DataForSeoBot/1.0; +https://dataforseo.com/dataforseo-bot)"
136.243.228.194 - - [07/Jul/2025:09:34:36 -0400] "GET /248xrwyb22563.html HTTP/1.1" 404 23127 "-" "Mozilla/5.0 (compatible; DataForSeoBot/1.0; +https://dataforseo.com/dataforseo-bot)"
136.243.228.194 - - [07/Jul/2025:09:36:01 -0400] "GET /items/zsnzy56/45504?key=alley HTTP/1.1" 404 23126 "-" "Mozilla/5.0 (compatible; DataForSeoBot/1.0; +https://dataforseo.com/dataforseo-bot)"
136.243.228.194 - - [07/Jul/2025:09:36:05 -0400] "GET /items/nhnbg178/3324?key=athlete HTTP/1.1" 404 23126 "-" "Mozilla/5.0 (compatible; DataForSeoBot/1.0; +https://dataforseo.com/dataforseo-bot)"
136.243.228.194 - - [07/Jul/2025:09:36:10 -0400] "GET /155vuoqh36330.html HTTP/1.1" 404 23126 "-" "Mozilla/5.0 (compatible; DataForSeoBot/1.0; +https://dataforseo.com/dataforseo-bot)"
192.178.6.68 - - [07/Jul/2025:09:36:15 -0400] "GET /80lnut35967.html HTTP/1.1" 200 87479 "-" "Mozilla/5.0 (compatible; Googlebot/2.1; +http://www.google.com/bot.html)"
136.243.228.194 - - [07/Jul/2025:09:36:15 -0400] "GET /48hdyx15391.html HTTP/1.1" 404 23126 "-" "Mozilla/5.0 (compatible; DataForSeoBot/1.0; +https://dataforseo.com/dataforseo-bot)"
136.243.228.194 - - [07/Jul/2025:09:36:18 -0400] "GET /165jce15690.html HTTP/1.1" 404 23126 "-" "Mozilla/5.0 (compatible; DataForSeoBot/1.0; +https://dataforseo.com/dataforseo-bot)"
136.243.228.194 - - [07/Jul/2025:09:36:24 -0400] "GET /11ugbkm4642.html HTTP/1.1" 404 23126 "-" "Mozilla/5.0 (compatible; DataForSeoBot/1.0; +https://dataforseo.com/dataforseo-bot)"
192.178.6.69 - - [07/Jul/2025:09:36:27 -0400] "GET /214kqzl42861.html HTTP/1.1" 200 86913 "-" "Mozilla/5.0 (Linux; Android 6.0.1; Nexus 5X Build/MMB29P) AppleWebKit/537.36 (KHTML, like Gecko) Chrome/137.0.7151.103 Mobile Safari/537.36 (compatible; Googlebot/2.1; +http://www.google.com/bot.html)"
136.243.228.194 - - [07/Jul/2025:09:36:29 -0400] "GET /items/wlyao82/27630?key=intense HTTP/1.1" 404 23127 "-" "Mozilla/5.0 (compatible; DataForSeoBot/1.0; +https://dataforseo.com/dataforseo-bot)"
192.178.6.68 - - [07/Jul/2025:09:36:34 -0400] "GET /items/mtmhu252/38248?key=heart HTTP/1.1" 200 87369 "-" "Mozilla/5.0 (compatible; Googlebot/2.1; +http://www.google.com/bot.html)"
136.243.228.194 - - [07/Jul/2025:09:36:33 -0400] "GET /214pjlh33175.html HTTP/1.1" 404 23126 "-" "Mozilla/5.0 (compatible; DataForSeoBot/1.0; +https://dataforseo.com/dataforseo-bot)"
66.29.146.47 - - [07/Jul/2025:09:36:38 -0400] "POST /wp-cron.php?doing_wp_cron=1751895398.3373029232025146484375 HTTP/1.1" 403 1242 "-" "WordPress/6.8; https://dangroup.sa"
136.243.228.194 - - [07/Jul/2025:09:36:37 -0400] "GET /167kdfjx23086.html HTTP/1.1" 404 23126 "-" "Mozilla/5.0 (compatible; DataForSeoBot/1.0; +https://dataforseo.com/dataforseo-bot)"
20.171.207.36 - - [07/Jul/2025:09:36:40 -0400] "GET /92xmzy66843.html HTTP/1.1" 404 23126 "-" "Mozilla/5.0 AppleWebKit/537.36 (KHTML, like Gecko; compatible; GPTBot/1.2; +https://openai.com/gptbot)"
136.243.228.194 - - [07/Jul/2025:09:36:42 -0400] "GET /121gzim15452.html HTTP/1.1" 404 23126 "-" "Mozilla/5.0 (compatible; DataForSeoBot/1.0; +https://dataforseo.com/dataforseo-bot)"
192.178.6.68 - - [07/Jul/2025:09:36:45 -0400] "GET /items/eedmy98/21720?key=explore HTTP/1.1" 200 86862 "-" "Mozilla/5.0 (Linux; Android 6.0.1; Nexus 5X Build/MMB29P) AppleWebKit/537.36 (KHTML, like Gecko) Chrome/137.0.7151.103 Mobile Safari/537.36 (compatible; Googlebot/2.1; +http://www.google.com/bot.html)"
136.243.228.194 - - [07/Jul/2025:09:36:47 -0400] "GET /items/zlalc1/19451?key=firm HTTP/1.1" 404 23126 "-" "Mozilla/5.0 (compatible; DataForSeoBot/1.0; +https://dataforseo.com/dataforseo-bot)"
136.243.228.194 - - [07/Jul/2025:09:36:51 -0400] "GET /249cwm25126.html HTTP/1.1" 404 23127 "-" "Mozilla/5.0 (compatible; DataForSeoBot/1.0; +https://dataforseo.com/dataforseo-bot)"
136.243.228.194 - - [07/Jul/2025:09:36:55 -0400] "GET /228kvxjt20775.html HTTP/1.1" 404 23126 "-" "Mozilla/5.0 (compatible; DataForSeoBot/1.0; +https://dataforseo.com/dataforseo-bot)"
136.243.228.194 - - [07/Jul/2025:09:36:59 -0400] "GET /206uvkn12133.html HTTP/1.1" 404 23126 "-" "Mozilla/5.0 (compatible; DataForSeoBot/1.0; +https://dataforseo.com/dataforseo-bot)"
136.243.228.194 - - [07/Jul/2025:09:37:04 -0400] "GET /items/udhhu114/24996?key=frozen HTTP/1.1" 404 23126 "-" "Mozilla/5.0 (compatible; DataForSeoBot/1.0; +https://dataforseo.com/dataforseo-bot)"
136.243.228.194 - - [07/Jul/2025:09:37:08 -0400] "GET /items/ovazb38/41284?key=remember HTTP/1.1" 404 23126 "-" "Mozilla/5.0 (compatible; DataForSeoBot/1.0; +https://dataforseo.com/dataforseo-bot)"
136.243.228.194 - - [07/Jul/2025:09:37:13 -0400] "GET /1xypp37124.html HTTP/1.1" 404 23126 "-" "Mozilla/5.0 (compatible; DataForSeoBot/1.0; +https://dataforseo.com/dataforseo-bot)"
136.243.228.194 - - [07/Jul/2025:09:37:17 -0400] "GET /items/uxexy205/23827?key=idea HTTP/1.1" 404 23126 "-" "Mozilla/5.0 (compatible; DataForSeoBot/1.0; +https://dataforseo.com/dataforseo-bot)"
136.243.228.194 - - [07/Jul/2025:09:37:22 -0400] "GET /27ottdq40542.html HTTP/1.1" 404 23126 "-" "Mozilla/5.0 (compatible; DataForSeoBot/1.0; +https://dataforseo.com/dataforseo-bot)"
136.243.228.194 - - [07/Jul/2025:09:37:26 -0400] "GET /53oqxfr34280.html HTTP/1.1" 404 23126 "-" "Mozilla/5.0 (compatible; DataForSeoBot/1.0; +https://dataforseo.com/dataforseo-bot)"
136.243.228.194 - - [07/Jul/2025:09:37:31 -0400] "GET /272zivzf5805.html HTTP/1.1" 404 23126 "-" "Mozilla/5.0 (compatible; DataForSeoBot/1.0; +https://dataforseo.com/dataforseo-bot)"
136.243.228.194 - - [07/Jul/2025:09:37:35 -0400] "GET /289ekq15312.html HTTP/1.1" 404 23126 "-" "Mozilla/5.0 (compatible; DataForSeoBot/1.0; +https://dataforseo.com/dataforseo-bot)"
66.29.146.47 - - [07/Jul/2025:09:37:40 -0400] "POST /wp-cron.php?doing_wp_cron=1751895460.6475620269775390625000 HTTP/1.1" 403 1242 "-" "WordPress/6.8; https://dangroup.sa"
66.29.146.47 - - [07/Jul/2025:09:37:40 -0400] "POST /wp-cron.php?doing_wp_cron=1751895460.8100829124450683593750 HTTP/1.1" 403 1242 "-" "WordPress/6.8; https://dangroup.sa"
20.171.207.36 - - [07/Jul/2025:09:37:40 -0400] "GET /49kjkf16428.html HTTP/1.1" 404 23126 "-" "Mozilla/5.0 AppleWebKit/537.36 (KHTML, like Gecko; compatible; GPTBot/1.2; +https://openai.com/gptbot)"
136.243.228.194 - - [07/Jul/2025:09:37:40 -0400] "GET /116qfsh27567.html HTTP/1.1" 404 23126 "-" "Mozilla/5.0 (compatible; DataForSeoBot/1.0; +https://dataforseo.com/dataforseo-bot)"
192.178.6.68 - - [07/Jul/2025:09:37:48 -0400] "GET /50tbjgh18347.html HTTP/1.1" 200 87155 "-" "Mozilla/5.0 (Linux; Android 6.0.1; Nexus 5X Build/MMB29P) AppleWebKit/537.36 (KHTML, like Gecko) Chrome/137.0.7151.103 Mobile Safari/537.36 (compatible; Googlebot/2.1; +http://www.google.com/bot.html)"
136.243.228.194 - - [07/Jul/2025:09:37:47 -0400] "GET /items/qgxit196/21092?key=oak HTTP/1.1" 404 23126 "-" "Mozilla/5.0 (compatible; DataForSeoBot/1.0; +https://dataforseo.com/dataforseo-bot)"
136.243.228.194 - - [07/Jul/2025:09:37:52 -0400] "GET /52vrxc29933.html HTTP/1.1" 404 23126 "-" "Mozilla/5.0 (compatible; DataForSeoBot/1.0; +https://dataforseo.com/dataforseo-bot)"
136.243.228.194 - - [07/Jul/2025:09:37:57 -0400] "GET /129vzs6376.html HTTP/1.1" 404 23126 "-" "Mozilla/5.0 (compatible; DataForSeoBot/1.0; +https://dataforseo.com/dataforseo-bot)"
136.243.228.194 - - [07/Jul/2025:09:38:01 -0400] "GET /items/aspif150/16138?key=long-term HTTP/1.1" 404 23126 "-" "Mozilla/5.0 (compatible; DataForSeoBot/1.0; +https://dataforseo.com/dataforseo-bot)"
136.243.228.194 - - [07/Jul/2025:09:38:07 -0400] "GET /items/fqiym165/15925?key=city HTTP/1.1" 404 23126 "-" "Mozilla/5.0 (compatible; DataForSeoBot/1.0; +https://dataforseo.com/dataforseo-bot)"
136.243.228.194 - - [07/Jul/2025:09:38:10 -0400] "GET /items/niybn154/25906?key=gut HTTP/1.1" 404 23126 "-" "Mozilla/5.0 (compatible; DataForSeoBot/1.0; +https://dataforseo.com/dataforseo-bot)"
136.243.228.194 - - [07/Jul/2025:09:38:15 -0400] "GET /items/gqyam30/31202?key=chip HTTP/1.1" 404 23126 "-" "Mozilla/5.0 (compatible; DataForSeoBot/1.0; +https://dataforseo.com/dataforseo-bot)"
136.243.228.194 - - [07/Jul/2025:09:38:20 -0400] "GET /20wyn26927.html HTTP/1.1" 404 23126 "-" "Mozilla/5.0 (compatible; DataForSeoBot/1.0; +https://dataforseo.com/dataforseo-bot)"
2001:4860:7:507::f - - [07/Jul/2025:09:38:25 -0400] "GET /product/edit/nanaple-plr-900102175 HTTP/1.1" 200 136 "https://www.google.com/" "Mozilla/5.0 (Macintosh; Intel Mac OS X 10_15_7) AppleWebKit/537.36 (KHTML, like Gecko) Chrome/137.0.0.0 Safari/537.36"
35.194.107.215 - - [07/Jul/2025:09:38:25 -0400] "GET /product/edit/nanaple-plr-900102175 HTTP/1.1" 404 23127 "-" "Mozilla/5.0 (Windows NT 10.0; Win64; x64) AppleWebKit/537.36 (KHTML, like Gecko) Chrome/71.0.3578.98 Safari/537.36"
136.243.228.194 - - [07/Jul/2025:09:38:25 -0400] "GET /items/umaky257/13575?key=case HTTP/1.1" 404 23126 "-" "Mozilla/5.0 (compatible; DataForSeoBot/1.0; +https://dataforseo.com/dataforseo-bot)"
66.249.82.133 - - [07/Jul/2025:09:38:25 -0400] "GET /.well-known/traffic-advice HTTP/1.1" 404 23126 "-" "Chrome Privacy Preserving Prefetch Proxy"
136.243.228.194 - - [07/Jul/2025:09:38:32 -0400] "GET /items/vnikj237/28973?key=human HTTP/1.1" 404 23126 "-" "Mozilla/5.0 (compatible; DataForSeoBot/1.0; +https://dataforseo.com/dataforseo-bot)"
136.243.228.194 - - [07/Jul/2025:09:38:37 -0400] "GET /items/zimsr83/24015?key=Dutch HTTP/1.1" 404 23127 "-" "Mozilla/5.0 (compatible; DataForSeoBot/1.0; +https://dataforseo.com/dataforseo-bot)"
66.29.146.47 - - [07/Jul/2025:09:38:43 -0400] "POST /wp-cron.php?doing_wp_cron=1751895523.3306579589843750000000 HTTP/1.1" 403 1242 "-" "WordPress/6.8; https://dangroup.sa"
192.178.6.68 - - [07/Jul/2025:09:38:45 -0400] "GET /153imc3384.html HTTP/1.1" 200 86576 "-" "Mozilla/5.0 (compatible; Googlebot/2.1; +http://www.google.com/bot.html)"
136.243.228.194 - - [07/Jul/2025:09:38:43 -0400] "GET /items/bivfn239/3683?key=ingredient HTTP/1.1" 404 23127 "-" "Mozilla/5.0 (compatible; DataForSeoBot/1.0; +https://dataforseo.com/dataforseo-bot)"
20.171.207.36 - - [07/Jul/2025:09:38:42 -0400] "GET /81zdvu34606.html HTTP/1.1" 404 23126 "-" "Mozilla/5.0 AppleWebKit/537.36 (KHTML, like Gecko; compatible; GPTBot/1.2; +https://openai.com/gptbot)"
136.243.228.194 - - [07/Jul/2025:09:38:49 -0400] "GET /items/szrtj175/8179?key=wagon HTTP/1.1" 404 23126 "-" "Mozilla/5.0 (compatible; DataForSeoBot/1.0; +https://dataforseo.com/dataforseo-bot)"
136.243.228.194 - - [07/Jul/2025:09:38:53 -0400] "GET /177sanim25056.html HTTP/1.1" 404 23126 "-" "Mozilla/5.0 (compatible; DataForSeoBot/1.0; +https://dataforseo.com/dataforseo-bot)"
136.243.228.194 - - [07/Jul/2025:09:38:57 -0400] "GET /items/dnqcn275/21743?key=reach HTTP/1.1" 404 23126 "-" "Mozilla/5.0 (compatible; DataForSeoBot/1.0; +https://dataforseo.com/dataforseo-bot)"
136.243.228.194 - - [07/Jul/2025:09:39:02 -0400] "GET /items/lsivu31/15807?key=enormous HTTP/1.1" 404 23126 "-" "Mozilla/5.0 (compatible; DataForSeoBot/1.0; +https://dataforseo.com/dataforseo-bot)"
192.178.6.70 - - [07/Jul/2025:09:39:08 -0400] "GET /296cjh42637.html HTTP/1.1" 200 86559 "-" "Mozilla/5.0 (Linux; Android 6.0.1; Nexus 5X Build/MMB29P) AppleWebKit/537.36 (KHTML, like Gecko) Chrome/137.0.7151.103 Mobile Safari/537.36 (compatible; Googlebot/2.1; +http://www.google.com/bot.html)"
136.243.228.194 - - [07/Jul/2025:09:39:08 -0400] "GET /items/qqczk279/26111?key=beat HTTP/1.1" 404 23126 "-" "Mozilla/5.0 (compatible; DataForSeoBot/1.0; +https://dataforseo.com/dataforseo-bot)"
136.243.228.194 - - [07/Jul/2025:09:39:13 -0400] "GET /13ihkw19600.html HTTP/1.1" 404 23126 "-" "Mozilla/5.0 (compatible; DataForSeoBot/1.0; +https://dataforseo.com/dataforseo-bot)"
136.243.228.194 - - [07/Jul/2025:09:39:18 -0400] "GET /items/fezqu291/34135?key=operator HTTP/1.1" 404 23126 "-" "Mozilla/5.0 (compatible; DataForSeoBot/1.0; +https://dataforseo.com/dataforseo-bot)"
136.243.228.194 - - [07/Jul/2025:09:39:24 -0400] "GET /items/nblgh189/32845?key=convenience HTTP/1.1" 404 23126 "-" "Mozilla/5.0 (compatible; DataForSeoBot/1.0; +https://dataforseo.com/dataforseo-bot)"
136.243.228.194 - - [07/Jul/2025:09:39:28 -0400] "GET /items/ttmed161/34223?key=society HTTP/1.1" 404 23126 "-" "Mozilla/5.0 (compatible; DataForSeoBot/1.0; +https://dataforseo.com/dataforseo-bot)"
2a0a:4cc0:100:349:18cc:41ff:fea9:aea2 - - [07/Jul/2025:09:39:32 -0400] "GET /xmlrpc.php HTTP/1.1" 403 1242 "http://dangroup.sa" "Mozilla/5.0 (Windows NT 10.0; Win64; x64; rv:125.0.1) Gecko/20100101 Firefox/125.0.1"
136.243.228.194 - - [07/Jul/2025:09:39:32 -0400] "GET /41nmb38438.html HTTP/1.1" 404 23126 "-" "Mozilla/5.0 (compatible; DataForSeoBot/1.0; +https://dataforseo.com/dataforseo-bot)"
136.243.228.194 - - [07/Jul/2025:09:39:37 -0400] "GET /items/xnbyj113/11291?key=astronomer HTTP/1.1" 404 23126 "-" "Mozilla/5.0 (compatible; DataForSeoBot/1.0; +https://dataforseo.com/dataforseo-bot)"
136.243.228.194 - - [07/Jul/2025:09:39:41 -0400] "GET /items/asfsk28/370?key=CEO HTTP/1.1" 404 23126 "-" "Mozilla/5.0 (compatible; DataForSeoBot/1.0; +https://dataforseo.com/dataforseo-bot)"
66.29.146.47 - - [07/Jul/2025:09:39:46 -0400] "POST /wp-cron.php?doing_wp_cron=1751895586.2330501079559326171875 HTTP/1.1" 403 1242 "-" "WordPress/6.8; https://dangroup.sa"
136.243.228.194 - - [07/Jul/2025:09:39:45 -0400] "GET /items/ljlal69/28301?key=easy HTTP/1.1" 404 23126 "-" "Mozilla/5.0 (compatible; DataForSeoBot/1.0; +https://dataforseo.com/dataforseo-bot)"
20.171.207.36 - - [07/Jul/2025:09:39:48 -0400] "GET /57gsrz39478.html HTTP/1.1" 404 23127 "-" "Mozilla/5.0 AppleWebKit/537.36 (KHTML, like Gecko; compatible; GPTBot/1.2; +https://openai.com/gptbot)"
136.243.228.194 - - [07/Jul/2025:09:39:50 -0400] "GET /273gwap34650.html HTTP/1.1" 404 23126 "-" "Mozilla/5.0 (compatible; DataForSeoBot/1.0; +https://dataforseo.com/dataforseo-bot)"
136.243.228.194 - - [07/Jul/2025:09:39:55 -0400] "GET /items/hgdnd223/22097?key=grateful HTTP/1.1" 404 23126 "-" "Mozilla/5.0 (compatible; DataForSeoBot/1.0; +https://dataforseo.com/dataforseo-bot)"
136.243.228.194 - - [07/Jul/2025:09:39:59 -0400] "GET /items/svixf207/11653?key=mineral HTTP/1.1" 404 23126 "-" "Mozilla/5.0 (compatible; DataForSeoBot/1.0; +https://dataforseo.com/dataforseo-bot)"
136.243.228.194 - - [07/Jul/2025:09:40:04 -0400] "GET /63weh15374.html HTTP/1.1" 404 23126 "-" "Mozilla/5.0 (compatible; DataForSeoBot/1.0; +https://dataforseo.com/dataforseo-bot)"
92.60.40.220 - - [07/Jul/2025:09:40:09 -0400] "GET /.env HTTP/1.1" 403 1242 "-" "Mozilla/5.0 (X11; Linux x86_64)"
136.243.228.194 - - [07/Jul/2025:09:40:10 -0400] "GET /255bgmc22882.html HTTP/1.1" 404 23126 "-" "Mozilla/5.0 (compatible; DataForSeoBot/1.0; +https://dataforseo.com/dataforseo-bot)"
136.243.228.194 - - [07/Jul/2025:09:40:16 -0400] "GET /230dku5799.html HTTP/1.1" 404 23126 "-" "Mozilla/5.0 (compatible; DataForSeoBot/1.0; +https://dataforseo.com/dataforseo-bot)"
136.243.228.194 - - [07/Jul/2025:09:40:22 -0400] "GET /118nkb14715.html HTTP/1.1" 404 23127 "-" "Mozilla/5.0 (compatible; DataForSeoBot/1.0; +https://dataforseo.com/dataforseo-bot)"
192.178.6.70 - - [07/Jul/2025:09:40:28 -0400] "GET /151fjluj15300.html HTTP/1.1" 200 87023 "-" "Mozilla/5.0 (Linux; Android 6.0.1; Nexus 5X Build/MMB29P) AppleWebKit/537.36 (KHTML, like Gecko) Chrome/137.0.7151.103 Mobile Safari/537.36 (compatible; Googlebot/2.1; +http://www.google.com/bot.html)"
136.243.228.194 - - [07/Jul/2025:09:40:28 -0400] "GET /items/hqfvu15/46811?key=rhythm HTTP/1.1" 404 23126 "-" "Mozilla/5.0 (compatible; DataForSeoBot/1.0; +https://dataforseo.com/dataforseo-bot)"
136.243.228.194 - - [07/Jul/2025:09:40:32 -0400] "GET /283nwzi43162.html HTTP/1.1" 404 23126 "-" "Mozilla/5.0 (compatible; DataForSeoBot/1.0; +https://dataforseo.com/dataforseo-bot)"
136.243.228.194 - - [07/Jul/2025:09:40:37 -0400] "GET /items/tgnnq122/16986?key=remain HTTP/1.1" 404 23126 "-" "Mozilla/5.0 (compatible; DataForSeoBot/1.0; +https://dataforseo.com/dataforseo-bot)"
136.243.228.194 - - [07/Jul/2025:09:40:42 -0400] "GET /119cax6532.html HTTP/1.1" 404 23126 "-" "Mozilla/5.0 (compatible; DataForSeoBot/1.0; +https://dataforseo.com/dataforseo-bot)"
47.82.60.16 - - [07/Jul/2025:09:40:42 -0400] "GET /16ooojd5761.html HTTP/1.1" 404 23126 "https://dangroup.sa/16ooojd5761.html" "Mozilla/5.0 (Windows NT 10.0; Win64; x64) AppleWebKit/537.36 (KHTML, like Gecko) Chrome/114.0.0.0 Safari/537.36 Edg/114.0.1823.43"
66.29.146.47 - - [07/Jul/2025:09:40:48 -0400] "POST /wp-cron.php?doing_wp_cron=1751895648.2397599220275878906250 HTTP/1.1" 403 1242 "-" "WordPress/6.8; https://dangroup.sa"
136.243.228.194 - - [07/Jul/2025:09:40:47 -0400] "GET /10tlx19653.html HTTP/1.1" 404 23126 "-" "Mozilla/5.0 (compatible; DataForSeoBot/1.0; +https://dataforseo.com/dataforseo-bot)"
20.171.207.36 - - [07/Jul/2025:09:40:49 -0400] "GET /82xbbg13435.html HTTP/1.1" 404 23126 "-" "Mozilla/5.0 AppleWebKit/537.36 (KHTML, like Gecko; compatible; GPTBot/1.2; +https://openai.com/gptbot)"
51.222.253.6 - - [07/Jul/2025:09:40:53 -0400] "GET /en/insights-from-industry-leaders/feed/ HTTP/1.1" 304 0 "-" "Mozilla/5.0 (compatible; AhrefsBot/7.0; +http://ahrefs.com/robot/)"
104.210.140.135 - - [07/Jul/2025:09:40:56 -0400] "GET /robots.txt HTTP/1.1" 304 0 "-" "Mozilla/5.0 (Macintosh; Intel Mac OS X 10_15_7) AppleWebKit/537.36 (KHTML, like Gecko) Chrome/131.0.0.0 Safari/537.36; compatible; OAI-SearchBot/1.0; +https://openai.com/searchbot"
136.243.228.194 - - [07/Jul/2025:09:40:53 -0400] "GET /items/tgdvt256/18484?key=margin HTTP/1.1" 404 23127 "-" "Mozilla/5.0 (compatible; DataForSeoBot/1.0; +https://dataforseo.com/dataforseo-bot)"
136.243.228.194 - - [07/Jul/2025:09:40:59 -0400] "GET /items/sfjpp175/22113?key=ribbon HTTP/1.1" 404 23126 "-" "Mozilla/5.0 (compatible; DataForSeoBot/1.0; +https://dataforseo.com/dataforseo-bot)"
47.82.60.4 - - [07/Jul/2025:09:41:05 -0400] "GET /34ilk5963.html HTTP/1.1" 301 0 "https://www.dangroup.sa/34ilk5963.html" "Mozilla/5.0 (Windows NT 10.0; Win64; x64) AppleWebKit/537.36 (KHTML, like Gecko) Chrome/114.0.0.0 Safari/537.36 Edg/114.0.1823.43"
136.243.228.194 - - [07/Jul/2025:09:41:03 -0400] "GET /items/zlvrl245/24007?key=math HTTP/1.1" 404 23126 "-" "Mozilla/5.0 (compatible; DataForSeoBot/1.0; +https://dataforseo.com/dataforseo-bot)"
47.82.60.4 - - [07/Jul/2025:09:41:06 -0400] "GET /34ilk5963.html HTTP/1.1" 404 23127 "https://www.dangroup.sa/34ilk5963.html" "Mozilla/5.0 (Windows NT 10.0; Win64; x64) AppleWebKit/537.36 (KHTML, like Gecko) Chrome/114.0.0.0 Safari/537.36 Edg/114.0.1823.43"
136.243.228.194 - - [07/Jul/2025:09:41:09 -0400] "GET /items/buqms206/28136?key=fur HTTP/1.1" 404 23126 "-" "Mozilla/5.0 (compatible; DataForSeoBot/1.0; +https://dataforseo.com/dataforseo-bot)"
136.243.228.194 - - [07/Jul/2025:09:41:14 -0400] "GET /items/fwtfp145/51531?key=trainer HTTP/1.1" 404 23126 "-" "Mozilla/5.0 (compatible; DataForSeoBot/1.0; +https://dataforseo.com/dataforseo-bot)"
136.243.228.194 - - [07/Jul/2025:09:41:19 -0400] "GET /items/ajmbb34/37194?key=expected HTTP/1.1" 404 23127 "-" "Mozilla/5.0 (compatible; DataForSeoBot/1.0; +https://dataforseo.com/dataforseo-bot)"
136.243.228.194 - - [07/Jul/2025:09:41:24 -0400] "GET /22gyw48775.html HTTP/1.1" 404 23126 "-" "Mozilla/5.0 (compatible; DataForSeoBot/1.0; +https://dataforseo.com/dataforseo-bot)"
136.243.228.194 - - [07/Jul/2025:09:41:28 -0400] "GET /129rznz24288.html HTTP/1.1" 404 23126 "-" "Mozilla/5.0 (compatible; DataForSeoBot/1.0; +https://dataforseo.com/dataforseo-bot)"
136.243.228.194 - - [07/Jul/2025:09:41:32 -0400] "GET /items/jfezo273/19207?key=legend HTTP/1.1" 404 23126 "-" "Mozilla/5.0 (compatible; DataForSeoBot/1.0; +https://dataforseo.com/dataforseo-bot)"
136.243.228.194 - - [07/Jul/2025:09:41:38 -0400] "GET /226uqbv37317.html HTTP/1.1" 404 23126 "-" "Mozilla/5.0 (compatible; DataForSeoBot/1.0; +https://dataforseo.com/dataforseo-bot)"
136.243.228.194 - - [07/Jul/2025:09:41:43 -0400] "GET /items/hrpee107/26683?key=virtually HTTP/1.1" 404 23126 "-" "Mozilla/5.0 (compatible; DataForSeoBot/1.0; +https://dataforseo.com/dataforseo-bot)"
192.178.6.70 - - [07/Jul/2025:09:41:48 -0400] "GET /300yak48907.html HTTP/1.1" 200 87431 "-" "Mozilla/5.0 (Linux; Android 6.0.1; Nexus 5X Build/MMB29P) AppleWebKit/537.36 (KHTML, like Gecko) Chrome/137.0.7151.103 Mobile Safari/537.36 (compatible; Googlebot/2.1; +http://www.google.com/bot.html)"
66.29.146.47 - - [07/Jul/2025:09:41:50 -0400] "POST /wp-cron.php?doing_wp_cron=1751895710.5280830860137939453125 HTTP/1.1" 403 1242 "-" "WordPress/6.8; https://dangroup.sa"
136.243.228.194 - - [07/Jul/2025:09:41:49 -0400] "GET /199supi33858.html HTTP/1.1" 404 23126 "-" "Mozilla/5.0 (compatible; DataForSeoBot/1.0; +https://dataforseo.com/dataforseo-bot)"
20.171.207.36 - - [07/Jul/2025:09:41:52 -0400] "GET /122iqew1587.html HTTP/1.1" 404 23126 "-" "Mozilla/5.0 AppleWebKit/537.36 (KHTML, like Gecko; compatible; GPTBot/1.2; +https://openai.com/gptbot)"
136.243.228.194 - - [07/Jul/2025:09:41:56 -0400] "GET /items/kabvf88/46866?key=output HTTP/1.1" 404 23127 "-" "Mozilla/5.0 (compatible; DataForSeoBot/1.0; +https://dataforseo.com/dataforseo-bot)"
136.243.228.194 - - [07/Jul/2025:09:42:01 -0400] "GET /items/mmmbm84/41110?key=northern HTTP/1.1" 404 23126 "-" "Mozilla/5.0 (compatible; DataForSeoBot/1.0; +https://dataforseo.com/dataforseo-bot)"
192.178.6.69 - - [07/Jul/2025:09:42:05 -0400] "GET /items/jkhyh20/19690?key=Muslim HTTP/1.1" 200 86930 "-" "Mozilla/5.0 (compatible; Googlebot/2.1; +http://www.google.com/bot.html)"
47.82.60.56 - - [07/Jul/2025:09:42:07 -0400] "GET /items/qsrqc36/6076?key=essentially HTTP/1.1" 404 23126 "https://dangroup.sa/items/qsrqc36/6076?key=essentially" "Mozilla/5.0 (Windows NT 10.0; Win64; x64) AppleWebKit/537.36 (KHTML, like Gecko) Chrome/114.0.0.0 Safari/537.36 Edg/114.0.1823.43"
136.243.228.194 - - [07/Jul/2025:09:42:06 -0400] "GET /109daojx24162.html HTTP/1.1" 404 23126 "-" "Mozilla/5.0 (compatible; DataForSeoBot/1.0; +https://dataforseo.com/dataforseo-bot)"
136.243.228.194 - - [07/Jul/2025:09:42:13 -0400] "GET /194lrdtu21647.html HTTP/1.1" 404 23126 "-" "Mozilla/5.0 (compatible; DataForSeoBot/1.0; +https://dataforseo.com/dataforseo-bot)"
136.243.228.194 - - [07/Jul/2025:09:42:19 -0400] "GET /items/djddg105/3461?key=value HTTP/1.1" 404 23126 "-" "Mozilla/5.0 (compatible; DataForSeoBot/1.0; +https://dataforseo.com/dataforseo-bot)"
136.243.228.194 - - [07/Jul/2025:09:42:24 -0400] "GET /277jnt24794.html HTTP/1.1" 404 23127 "-" "Mozilla/5.0 (compatible; DataForSeoBot/1.0; +https://dataforseo.com/dataforseo-bot)"
136.243.228.194 - - [07/Jul/2025:09:42:28 -0400] "GET /items/rljfn140/31334?key=trick HTTP/1.1" 404 23126 "-" "Mozilla/5.0 (compatible; DataForSeoBot/1.0; +https://dataforseo.com/dataforseo-bot)"
136.243.228.194 - - [07/Jul/2025:09:42:32 -0400] "GET /items/twsdv251/21261?key=yard HTTP/1.1" 404 23126 "-" "Mozilla/5.0 (compatible; DataForSeoBot/1.0; +https://dataforseo.com/dataforseo-bot)"
136.243.228.194 - - [07/Jul/2025:09:42:36 -0400] "GET /items/stkpb261/28703?key=fill HTTP/1.1" 404 23126 "-" "Mozilla/5.0 (compatible; DataForSeoBot/1.0; +https://dataforseo.com/dataforseo-bot)"
47.82.60.27 - - [07/Jul/2025:09:42:39 -0400] "GET /27xhehl790.html HTTP/1.1" 301 0 "https://www.dangroup.sa/27xhehl790.html" "Mozilla/5.0 (Windows NT 10.0; Win64; x64) AppleWebKit/537.36 (KHTML, like Gecko) Chrome/114.0.0.0 Safari/537.36 Edg/114.0.1823.43"
192.178.6.68 - - [07/Jul/2025:09:42:40 -0400] "GET /98jpr313.html HTTP/1.1" 200 87051 "-" "Mozilla/5.0 (compatible; Googlebot/2.1; +http://www.google.com/bot.html)"
47.82.60.27 - - [07/Jul/2025:09:42:40 -0400] "GET /27xhehl790.html HTTP/1.1" 404 23126 "https://www.dangroup.sa/27xhehl790.html" "Mozilla/5.0 (Windows NT 10.0; Win64; x64) AppleWebKit/537.36 (KHTML, like Gecko) Chrome/114.0.0.0 Safari/537.36 Edg/114.0.1823.43"
136.243.228.194 - - [07/Jul/2025:09:42:41 -0400] "GET /items/djssq143/24567?key=vessel HTTP/1.1" 404 23126 "-" "Mozilla/5.0 (compatible; DataForSeoBot/1.0; +https://dataforseo.com/dataforseo-bot)"
136.243.228.194 - - [07/Jul/2025:09:42:48 -0400] "GET /items/qugwx261/3117?key=struggle HTTP/1.1" 404 23127 "-" "Mozilla/5.0 (compatible; DataForSeoBot/1.0; +https://dataforseo.com/dataforseo-bot)"
66.29.146.47 - - [07/Jul/2025:09:42:52 -0400] "POST /wp-cron.php?doing_wp_cron=1751895772.6067941188812255859375 HTTP/1.1" 403 1242 "-" "WordPress/6.8; https://dangroup.sa"
20.171.207.36 - - [07/Jul/2025:09:42:52 -0400] "GET /42bkxh39117.html HTTP/1.1" 404 23126 "-" "Mozilla/5.0 AppleWebKit/537.36 (KHTML, like Gecko; compatible; GPTBot/1.2; +https://openai.com/gptbot)"
136.243.228.194 - - [07/Jul/2025:09:42:53 -0400] "GET /items/pmsnx204/10752?key=lobby HTTP/1.1" 404 23126 "-" "Mozilla/5.0 (compatible; DataForSeoBot/1.0; +https://dataforseo.com/dataforseo-bot)"
47.82.60.12 - - [07/Jul/2025:09:42:56 -0400] "GET /243ivhp44284.html HTTP/1.1" 404 23127 "https://dangroup.sa/243ivhp44284.html" "Mozilla/5.0 (Windows NT 10.0; Win64; x64) AppleWebKit/537.36 (KHTML, like Gecko) Chrome/114.0.0.0 Safari/537.36 Edg/114.0.1823.43"
136.243.228.194 - - [07/Jul/2025:09:42:59 -0400] "GET /items/qijlj172/1270?key=bag HTTP/1.1" 404 23126 "-" "Mozilla/5.0 (compatible; DataForSeoBot/1.0; +https://dataforseo.com/dataforseo-bot)"
136.243.228.194 - - [07/Jul/2025:09:43:04 -0400] "GET /275fqw16490.html HTTP/1.1" 404 23126 "-" "Mozilla/5.0 (compatible; DataForSeoBot/1.0; +https://dataforseo.com/dataforseo-bot)"
136.243.228.194 - - [07/Jul/2025:09:43:09 -0400] "GET /28lnomz9961.html HTTP/1.1" 404 23127 "-" "Mozilla/5.0 (compatible; DataForSeoBot/1.0; +https://dataforseo.com/dataforseo-bot)"
136.243.228.194 - - [07/Jul/2025:09:43:15 -0400] "GET /items/xvauw7/6337?key=respond HTTP/1.1" 404 23127 "-" "Mozilla/5.0 (compatible; DataForSeoBot/1.0; +https://dataforseo.com/dataforseo-bot)"
192.178.6.69 - - [07/Jul/2025:09:43:18 -0400] "GET /items/dfnck54/224?key=survive HTTP/1.1" 200 86334 "-" "Mozilla/5.0 (Linux; Android 6.0.1; Nexus 5X Build/MMB29P) AppleWebKit/537.36 (KHTML, like Gecko) Chrome/137.0.7151.103 Mobile Safari/537.36 (compatible; GoogleOther)"
136.243.228.194 - - [07/Jul/2025:09:43:20 -0400] "GET /59ntmi31380.html HTTP/1.1" 404 23126 "-" "Mozilla/5.0 (compatible; DataForSeoBot/1.0; +https://dataforseo.com/dataforseo-bot)"
136.243.228.194 - - [07/Jul/2025:09:43:25 -0400] "GET /items/mwbkt291/25831?key=bed HTTP/1.1" 404 23126 "-" "Mozilla/5.0 (compatible; DataForSeoBot/1.0; +https://dataforseo.com/dataforseo-bot)"
168.196.246.184 - - [07/Jul/2025:09:43:28 -0400] "GET /wp-login.php HTTP/1.1" 200 3129 "https://danevnt.com" "Mozilla/5.0 (iPhone; CPU iPhone OS 17_0_3 like Mac OS X) AppleWebKit/605.1.15 (KHTML, like Gecko) Version/17.0 Mobile/15E148 Safari/604.1 OPX/2.2.0"
168.196.246.184 - - [07/Jul/2025:09:43:30 -0400] "GET /wp-login.php HTTP/1.1" 200 3095 "https://danevnt.com" "Mozilla/5.0 (iPhone; CPU iPhone OS 17_0_3 like Mac OS X) AppleWebKit/605.1.15 (KHTML, like Gecko) Version/17.0 Mobile/15E148 Safari/604.1 OPX/2.2.0"
136.243.228.194 - - [07/Jul/2025:09:43:29 -0400] "GET /44umjv46341.html HTTP/1.1" 404 23126 "-" "Mozilla/5.0 (compatible; DataForSeoBot/1.0; +https://dataforseo.com/dataforseo-bot)"
168.196.246.184 - - [07/Jul/2025:09:43:33 -0400] "GET /wp-admin/ HTTP/1.1" 302 0 "https://danevnt.com" "Mozilla/5.0 (iPhone; CPU iPhone OS 17_0_3 like Mac OS X) AppleWebKit/605.1.15 (KHTML, like Gecko) Version/17.0 Mobile/15E148 Safari/604.1 OPX/2.2.0"
168.196.246.184 - - [07/Jul/2025:09:43:35 -0400] "GET /wp-login.php?redirect_to=https%3A%2F%2Fdangroup.sa%2Fwp-admin%2F&reauth=1 HTTP/1.1" 200 3130 "https://danevnt.com" "Mozilla/5.0 (iPhone; CPU iPhone OS 17_0_3 like Mac OS X) AppleWebKit/605.1.15 (KHTML, like Gecko) Version/17.0 Mobile/15E148 Safari/604.1 OPX/2.2.0"
136.243.228.194 - - [07/Jul/2025:09:43:34 -0400] "GET /237seon10588.html HTTP/1.1" 404 23127 "-" "Mozilla/5.0 (compatible; DataForSeoBot/1.0; +https://dataforseo.com/dataforseo-bot)"
136.243.228.194 - - [07/Jul/2025:09:43:39 -0400] "GET /items/jwgmc73/21391?key=strategy HTTP/1.1" 404 23126 "-" "Mozilla/5.0 (compatible; DataForSeoBot/1.0; +https://dataforseo.com/dataforseo-bot)"
192.178.6.69 - - [07/Jul/2025:09:43:46 -0400] "GET /37dyt40666.html HTTP/1.1" 200 86723 "-" "Mozilla/5.0 (Linux; Android 6.0.1; Nexus 5X Build/MMB29P) AppleWebKit/537.36 (KHTML, like Gecko) Chrome/137.0.7151.103 Mobile Safari/537.36 (compatible; Googlebot/2.1; +http://www.google.com/bot.html)"
136.243.228.194 - - [07/Jul/2025:09:43:44 -0400] "GET /14didxt40951.html HTTP/1.1" 404 23126 "-" "Mozilla/5.0 (compatible; DataForSeoBot/1.0; +https://dataforseo.com/dataforseo-bot)"
47.82.60.13 - - [07/Jul/2025:09:43:48 -0400] "GET /108fjm17359.html HTTP/1.1" 301 0 "https://www.dangroup.sa/108fjm17359.html" "Mozilla/5.0 (Windows NT 10.0; Win64; x64) AppleWebKit/537.36 (KHTML, like Gecko) Chrome/114.0.0.0 Safari/537.36 Edg/114.0.1823.43"
136.243.228.194 - - [07/Jul/2025:09:43:48 -0400] "GET /36iso36347.html HTTP/1.1" 404 23127 "-" "Mozilla/5.0 (compatible; DataForSeoBot/1.0; +https://dataforseo.com/dataforseo-bot)"
47.82.60.13 - - [07/Jul/2025:09:43:49 -0400] "GET /108fjm17359.html HTTP/1.1" 404 23126 "https://www.dangroup.sa/108fjm17359.html" "Mozilla/5.0 (Windows NT 10.0; Win64; x64) AppleWebKit/537.36 (KHTML, like Gecko) Chrome/114.0.0.0 Safari/537.36 Edg/114.0.1823.43"
66.29.146.47 - - [07/Jul/2025:09:43:56 -0400] "POST /wp-cron.php?doing_wp_cron=1751895836.0098359584808349609375 HTTP/1.1" 403 1242 "-" "WordPress/6.8; https://dangroup.sa"
136.243.228.194 - - [07/Jul/2025:09:43:55 -0400] "GET /292qpb5561.html HTTP/1.1" 404 23126 "-" "Mozilla/5.0 (compatible; DataForSeoBot/1.0; +https://dataforseo.com/dataforseo-bot)"
192.178.6.68 - - [07/Jul/2025:09:44:00 -0400] "GET /206gego22525.html HTTP/1.1" 200 86566 "-" "Mozilla/5.0 (Linux; Android 6.0.1; Nexus 5X Build/MMB29P) AppleWebKit/537.36 (KHTML, like Gecko) Chrome/137.0.7151.103 Mobile Safari/537.36 (compatible; Googlebot/2.1; +http://www.google.com/bot.html)"
20.171.207.36 - - [07/Jul/2025:09:43:56 -0400] "GET /94megv20117.html HTTP/1.1" 404 23126 "-" "Mozilla/5.0 AppleWebKit/537.36 (KHTML, like Gecko; compatible; GPTBot/1.2; +https://openai.com/gptbot)"
136.243.228.194 - - [07/Jul/2025:09:44:01 -0400] "GET /43umd38250.html HTTP/1.1" 404 23126 "-" "Mozilla/5.0 (compatible; DataForSeoBot/1.0; +https://dataforseo.com/dataforseo-bot)"
136.243.228.194 - - [07/Jul/2025:09:44:06 -0400] "GET /items/izaim97/3297?key=sake HTTP/1.1" 404 23126 "-" "Mozilla/5.0 (compatible; DataForSeoBot/1.0; +https://dataforseo.com/dataforseo-bot)"
47.82.60.14 - - [07/Jul/2025:09:44:08 -0400] "GET /items/jhdna57/11331?key=unable HTTP/1.1" 404 23126 "https://dangroup.sa/items/jhdna57/11331?key=unable" "Mozilla/5.0 (Windows NT 10.0; Win64; x64) AppleWebKit/537.36 (KHTML, like Gecko) Chrome/114.0.0.0 Safari/537.36 Edg/114.0.1823.43"
136.243.228.194 - - [07/Jul/2025:09:44:12 -0400] "GET /items/souqf99/34291?key=counterpart HTTP/1.1" 404 23126 "-" "Mozilla/5.0 (compatible; DataForSeoBot/1.0; +https://dataforseo.com/dataforseo-bot)"
136.243.228.194 - - [07/Jul/2025:09:44:18 -0400] "GET /158dihd23461.html HTTP/1.1" 404 23126 "-" "Mozilla/5.0 (compatible; DataForSeoBot/1.0; +https://dataforseo.com/dataforseo-bot)"
2001:16a2:c042:ee54:2d55:2856:a39b:74ff - - [07/Jul/2025:09:44:20 -0400] "GET /contact/ HTTP/1.1" 200 24210 "https://dangroup.sa/ar/" "Mozilla/5.0 (Macintosh; Intel Mac OS X 10_15_7) AppleWebKit/537.36 (KHTML, like Gecko) Chrome/137.0.0.0 Safari/537.36"
2001:16a2:c042:ee54:2d55:2856:a39b:74ff - - [07/Jul/2025:09:44:25 -0400] "GET /wp-includes/js/jquery/jquery.min.js?ver=3.7.1 HTTP/1.1" 304 0 "https://dangroup.sa/contact/" "Mozilla/5.0 (Macintosh; Intel Mac OS X 10_15_7) AppleWebKit/537.36 (KHTML, like Gecko) Chrome/137.0.0.0 Safari/537.36"
2001:16a2:c042:ee54:2d55:2856:a39b:74ff - - [07/Jul/2025:09:44:26 -0400] "GET /wp-includes/js/jquery/jquery-migrate.min.js?ver=3.4.1 HTTP/1.1" 304 0 "https://dangroup.sa/contact/" "Mozilla/5.0 (Macintosh; Intel Mac OS X 10_15_7) AppleWebKit/537.36 (KHTML, like Gecko) Chrome/137.0.0.0 Safari/537.36"
2001:16a2:c042:ee54:2d55:2856:a39b:74ff - - [07/Jul/2025:09:44:26 -0400] "GET /wp-includes/js/dist/hooks.min.js?ver=4d63a3d491d11ffd8ac6 HTTP/1.1" 304 0 "https://dangroup.sa/contact/" "Mozilla/5.0 (Macintosh; Intel Mac OS X 10_15_7) AppleWebKit/537.36 (KHTML, like Gecko) Chrome/137.0.0.0 Safari/537.36"
2001:16a2:c042:ee54:2d55:2856:a39b:74ff - - [07/Jul/2025:09:44:26 -0400] "GET /wp-includes/js/dist/i18n.min.js?ver=5e580eb46a90c2b997e6 HTTP/1.1" 304 0 "https://dangroup.sa/contact/" "Mozilla/5.0 (Macintosh; Intel Mac OS X 10_15_7) AppleWebKit/537.36 (KHTML, like Gecko) Chrome/137.0.0.0 Safari/537.36"
136.243.228.194 - - [07/Jul/2025:09:44:23 -0400] "GET /items/fnckd153/47507?key=lighting HTTP/1.1" 404 23126 "-" "Mozilla/5.0 (compatible; DataForSeoBot/1.0; +https://dataforseo.com/dataforseo-bot)"
2001:16a2:c042:ee54:2d55:2856:a39b:74ff - - [07/Jul/2025:09:44:28 -0400] "GET /wp-content/plugins/contact-form-7/includes/swv/js/index.js?ver=5.9.8 HTTP/1.1" 304 0 "https://dangroup.sa/contact/" "Mozilla/5.0 (Macintosh; Intel Mac OS X 10_15_7) AppleWebKit/537.36 (KHTML, like Gecko) Chrome/137.0.0.0 Safari/537.36"
2001:16a2:c042:ee54:2d55:2856:a39b:74ff - - [07/Jul/2025:09:44:28 -0400] "GET /wp-content/plugins/contact-form-7/includes/js/index.js?ver=5.9.8 HTTP/1.1" 304 0 "https://dangroup.sa/contact/" "Mozilla/5.0 (Macintosh; Intel Mac OS X 10_15_7) AppleWebKit/537.36 (KHTML, like Gecko) Chrome/137.0.0.0 Safari/537.36"
2001:16a2:c042:ee54:2d55:2856:a39b:74ff - - [07/Jul/2025:09:44:28 -0400] "GET /wp-content/plugins/animation-addons-for-elementor/assets/js/wcf-addons.min.js?ver=6.8 HTTP/1.1" 304 0 "https://dangroup.sa/contact/" "Mozilla/5.0 (Macintosh; Intel Mac OS X 10_15_7) AppleWebKit/537.36 (KHTML, like Gecko) Chrome/137.0.0.0 Safari/537.36"
2001:16a2:c042:ee54:2d55:2856:a39b:74ff - - [07/Jul/2025:09:44:30 -0400] "GET /wp-content/plugins/extension-for-animation-addons/assets/lib/gsap.min.js?ver=6.8 HTTP/1.1" 304 0 "https://dangroup.sa/contact/" "Mozilla/5.0 (Macintosh; Intel Mac OS X 10_15_7) AppleWebKit/537.36 (KHTML, like Gecko) Chrome/137.0.0.0 Safari/537.36"
2001:16a2:c042:ee54:2d55:2856:a39b:74ff - - [07/Jul/2025:09:44:32 -0400] "GET /wp-content/plugins/extension-for-animation-addons/assets/lib/ScrollTrigger.min.js?ver=6.8 HTTP/1.1" 304 0 "https://dangroup.sa/contact/" "Mozilla/5.0 (Macintosh; Intel Mac OS X 10_15_7) AppleWebKit/537.36 (KHTML, like Gecko) Chrome/137.0.0.0 Safari/537.36"
2001:16a2:c042:ee54:2d55:2856:a39b:74ff - - [07/Jul/2025:09:44:32 -0400] "GET /wp-content/plugins/extension-for-animation-addons/assets/lib/ScrollToPlugin.min.js?ver=6.8 HTTP/1.1" 304 0 "https://dangroup.sa/contact/" "Mozilla/5.0 (Macintosh; Intel Mac OS X 10_15_7) AppleWebKit/537.36 (KHTML, like Gecko) Chrome/137.0.0.0 Safari/537.36"
2001:16a2:c042:ee54:2d55:2856:a39b:74ff - - [07/Jul/2025:09:44:32 -0400] "GET /wp-content/plugins/extension-for-animation-addons/assets/lib/ScrollSmoother.min.js?ver=6.8 HTTP/1.1" 304 0 "https://dangroup.sa/contact/" "Mozilla/5.0 (Macintosh; Intel Mac OS X 10_15_7) AppleWebKit/537.36 (KHTML, like Gecko) Chrome/137.0.0.0 Safari/537.36"
2001:16a2:c042:ee54:2d55:2856:a39b:74ff - - [07/Jul/2025:09:44:33 -0400] "GET /wp-content/plugins/extension-for-animation-addons/assets/lib/SplitText.min.js?ver=6.8 HTTP/1.1" 304 0 "https://dangroup.sa/contact/" "Mozilla/5.0 (Macintosh; Intel Mac OS X 10_15_7) AppleWebKit/537.36 (KHTML, like Gecko) Chrome/137.0.0.0 Safari/537.36"
192.178.6.68 - - [07/Jul/2025:09:44:32 -0400] "GET /3jva33878.html HTTP/1.1" 200 86715 "-" "Mozilla/5.0 (Linux; Android 6.0.1; Nexus 5X Build/MMB29P) AppleWebKit/537.36 (KHTML, like Gecko) Chrome/137.0.7151.103 Mobile Safari/537.36 (compatible; Googlebot/2.1; +http://www.google.com/bot.html)"
2001:16a2:c042:ee54:2d55:2856:a39b:74ff - - [07/Jul/2025:09:44:33 -0400] "GET /wp-content/plugins/extension-for-animation-addons/assets/lib/jquery.magnific-popup.min.js?ver=6.8 HTTP/1.1" 304 0 "https://dangroup.sa/contact/" "Mozilla/5.0 (Macintosh; Intel Mac OS X 10_15_7) AppleWebKit/537.36 (KHTML, like Gecko) Chrome/137.0.0.0 Safari/537.36"
2001:16a2:c042:ee54:2d55:2856:a39b:74ff - - [07/Jul/2025:09:44:33 -0400] "GET /wp-content/plugins/extension-for-animation-addons/assets/lib/mixitup.min.js?ver=6.8 HTTP/1.1" 304 0 "https://dangroup.sa/contact/" "Mozilla/5.0 (Macintosh; Intel Mac OS X 10_15_7) AppleWebKit/537.36 (KHTML, like Gecko) Chrome/137.0.0.0 Safari/537.36"
2001:16a2:c042:ee54:2d55:2856:a39b:74ff - - [07/Jul/2025:09:44:34 -0400] "GET /wp-content/plugins/extension-for-animation-addons/assets/js/wcf-addons-ex.js?ver=6.8 HTTP/1.1" 304 0 "https://dangroup.sa/contact/" "Mozilla/5.0 (Macintosh; Intel Mac OS X 10_15_7) AppleWebKit/537.36 (KHTML, like Gecko) Chrome/137.0.0.0 Safari/537.36"
2001:16a2:c042:ee54:2d55:2856:a39b:74ff - - [07/Jul/2025:09:44:34 -0400] "GET /wp-content/themes/arolax/assets/js/bootstrap.bundle.min.js?ver=2 HTTP/1.1" 304 0 "https://dangroup.sa/contact/" "Mozilla/5.0 (Macintosh; Intel Mac OS X 10_15_7) AppleWebKit/537.36 (KHTML, like Gecko) Chrome/137.0.0.0 Safari/537.36"
2001:16a2:c042:ee54:2d55:2856:a39b:74ff - - [07/Jul/2025:09:44:34 -0400] "GET /wp-content/plugins/wcf-addons-pro/assets/js/wcf-addons-pro.js?ver=6.8 HTTP/1.1" 304 0 "https://dangroup.sa/contact/" "Mozilla/5.0 (Macintosh; Intel Mac OS X 10_15_7) AppleWebKit/537.36 (KHTML, like Gecko) Chrome/137.0.0.0 Safari/537.36"
2001:16a2:c042:ee54:2d55:2856:a39b:74ff - - [07/Jul/2025:09:44:35 -0400] "GET /wp-content/themes/arolax/assets/js/jquery.meanmenu.min.js?ver=2 HTTP/1.1" 304 0 "https://dangroup.sa/contact/" "Mozilla/5.0 (Macintosh; Intel Mac OS X 10_15_7) AppleWebKit/537.36 (KHTML, like Gecko) Chrome/137.0.0.0 Safari/537.36"
