136.243.228.194 - - [07/Jul/2025:13:03:24 -0400] "GET /items/lojew170/31244?key=atop HTTP/1.1" 404 23126 "-" "Mozilla/5.0 (compatible; DataForSeoBot/1.0; +https://dataforseo.com/dataforseo-bot)"
185.177.72.144 - - [07/Jul/2025:13:03:26 -0400] "GET /lara/info.php HTTP/1.1" 404 23126 "-" "Mozilla/5.0 (Windows NT 10.0; Win64; x64) AppleWebKit/537.36 (KHTML, like Gecko) Chrome/91.0.4472.124 Safari/537.36"
185.177.72.144 - - [07/Jul/2025:13:03:30 -0400] "GET /.env.prod HTTP/1.1" 403 1242 "-" "Mozilla/5.0 (Windows NT 10.0; Win64; x64) AppleWebKit/537.36 (KHTML, like Gecko) Chrome/91.0.4472.124 Safari/537.36"
188.166.211.225 - - [07/Jul/2025:13:03:33 -0400] "GET /wp-login.php HTTP/1.1" 200 3095 "-" "Mozilla/5.0 (Windows NT 10.0; Win64; x64) AppleWebKit/537.36 (KHTML, like Gecko) Chrome/58.0.3029.110 Safari/537.3"
136.243.228.194 - - [07/Jul/2025:13:03:30 -0400] "GET /items/jbltx113/39197?key=agriculture HTTP/1.1" 404 23126 "-" "Mozilla/5.0 (compatible; DataForSeoBot/1.0; +https://dataforseo.com/dataforseo-bot)"
185.177.72.144 - - [07/Jul/2025:13:03:31 -0400] "GET /config/local.yml HTTP/1.1" 404 23126 "-" "Mozilla/5.0 (Windows NT 10.0; Win64; x64) AppleWebKit/537.36 (KHTML, like Gecko) Chrome/91.0.4472.124 Safari/537.36"
185.177.72.144 - - [07/Jul/2025:13:03:36 -0400] "GET /secrets/aws_ses.env HTTP/1.1" 404 23126 "-" "Mozilla/5.0 (Windows NT 10.0; Win64; x64) AppleWebKit/537.36 (KHTML, like Gecko) Chrome/91.0.4472.124 Safari/537.36"
188.166.211.225 - - [07/Jul/2025:13:03:39 -0400] "GET /wp-login.php HTTP/1.1" 200 3095 "-" "Mozilla/5.0 (Windows NT 10.0; Win64; x64) AppleWebKit/537.36 (KHTML, like Gecko) Chrome/58.0.3029.110 Safari/537.3"
136.243.228.194 - - [07/Jul/2025:13:03:36 -0400] "GET /items/eddnj111/6789?key=deliberately HTTP/1.1" 404 23126 "-" "Mozilla/5.0 (compatible; DataForSeoBot/1.0; +https://dataforseo.com/dataforseo-bot)"
185.177.72.144 - - [07/Jul/2025:13:03:41 -0400] "GET /awsstats/.env HTTP/1.1" 403 1242 "-" "Mozilla/5.0 (Windows NT 10.0; Win64; x64) AppleWebKit/537.36 (KHTML, like Gecko) Chrome/91.0.4472.124 Safari/537.36"
66.249.64.160 - - [07/Jul/2025:13:03:40 -0400] "GET /items/nbktd62/190?key=regularly HTTP/1.1" 200 86527 "-" "Mozilla/5.0 (compatible; Googlebot/2.1; +http://www.google.com/bot.html)"
185.177.72.144 - - [07/Jul/2025:13:03:42 -0400] "GET /admin/.env HTTP/1.1" 403 1242 "-" "Mozilla/5.0 (Windows NT 10.0; Win64; x64) AppleWebKit/537.36 (KHTML, like Gecko) Chrome/91.0.4472.124 Safari/537.36"
66.29.146.47 - - [07/Jul/2025:13:03:42 -0400] "POST /wp-cron.php?doing_wp_cron=1751907822.7480421066284179687500 HTTP/1.1" 403 1242 "-" "WordPress/6.8; https://dangroup.sa"
185.177.72.144 - - [07/Jul/2025:13:03:42 -0400] "GET /config/storage.yml HTTP/1.1" 404 23126 "-" "Mozilla/5.0 (Windows NT 10.0; Win64; x64) AppleWebKit/537.36 (KHTML, like Gecko) Chrome/91.0.4472.124 Safari/537.36"
66.249.64.174 - - [07/Jul/2025:13:03:45 -0400] "GET /drupal/themes/surugaya/new/css/library/icon/fonts/bootstrap-icons.woff?5813790c1ebd573b51a03ec84367082a HTTP/1.1" 200 87176 "https://dangroup.sa/items/nbktd62/190?key=regularly" "Mozilla/5.0 AppleWebKit/537.36 (KHTML, like Gecko; compatible; Googlebot/2.1; +http://www.google.com/bot.html) Chrome/137.0.7151.119 Safari/537.36"
66.249.64.174 - - [07/Jul/2025:13:03:47 -0400] "GET /drupal/themes/surugaya/new/css/library/icon/fonts/bootstrap-icons.woff2?5813790c1ebd573b51a03ec84367082a HTTP/1.1" 200 86745 "https://dangroup.sa/items/nbktd62/190?key=regularly" "Mozilla/5.0 AppleWebKit/537.36 (KHTML, like Gecko; compatible; Googlebot/2.1; +http://www.google.com/bot.html) Chrome/137.0.7151.119 Safari/537.36"
136.243.228.194 - - [07/Jul/2025:13:03:43 -0400] "GET /items/zoxhh211/8607?key=structural HTTP/1.1" 404 23126 "-" "Mozilla/5.0 (compatible; DataForSeoBot/1.0; +https://dataforseo.com/dataforseo-bot)"
185.177.72.144 - - [07/Jul/2025:13:03:46 -0400] "GET /settings.py HTTP/1.1" 404 23126 "-" "Mozilla/5.0 (Windows NT 10.0; Win64; x64) AppleWebKit/537.36 (KHTML, like Gecko) Chrome/91.0.4472.124 Safari/537.36"
185.177.72.144 - - [07/Jul/2025:13:03:51 -0400] "GET /apps/.env HTTP/1.1" 403 1242 "-" "Mozilla/5.0 (Windows NT 10.0; Win64; x64) AppleWebKit/537.36 (KHTML, like Gecko) Chrome/91.0.4472.124 Safari/537.36"
66.249.64.160 - - [07/Jul/2025:13:03:50 -0400] "GET /items/nbktd62/190?key=homework HTTP/1.1" 200 86917 "-" "Mozilla/5.0 (Linux; Android 6.0.1; Nexus 5X Build/MMB29P) AppleWebKit/537.36 (KHTML, like Gecko) Chrome/137.0.7151.103 Mobile Safari/537.36 (compatible; Googlebot/2.1; +http://www.google.com/bot.html)"
66.249.64.174 - - [07/Jul/2025:13:03:52 -0400] "GET /items/ztbcp62/7922?key=hostage HTTP/1.1" 200 86477 "-" "Mozilla/5.0 (Linux; Android 6.0.1; Nexus 5X Build/MMB29P) AppleWebKit/537.36 (KHTML, like Gecko) Chrome/137.0.7151.103 Mobile Safari/537.36 (compatible; Googlebot/2.1; +http://www.google.com/bot.html)"
136.243.228.194 - - [07/Jul/2025:13:03:50 -0400] "GET /9vktha37044.html HTTP/1.1" 404 23126 "-" "Mozilla/5.0 (compatible; DataForSeoBot/1.0; +https://dataforseo.com/dataforseo-bot)"
66.249.64.160 - - [07/Jul/2025:13:03:54 -0400] "GET /100lcfhg20809.html HTTP/1.1" 200 86829 "-" "Mozilla/5.0 (Linux; Android 6.0.1; Nexus 5X Build/MMB29P) AppleWebKit/537.36 (KHTML, like Gecko) Chrome/137.0.7151.103 Mobile Safari/537.36 (compatible; Googlebot/2.1; +http://www.google.com/bot.html)"
185.177.72.144 - - [07/Jul/2025:13:03:52 -0400] "GET /opt/aws/ses.env HTTP/1.1" 404 23126 "-" "Mozilla/5.0 (Windows NT 10.0; Win64; x64) AppleWebKit/537.36 (KHTML, like Gecko) Chrome/91.0.4472.124 Safari/537.36"
66.249.64.160 - - [07/Jul/2025:13:03:56 -0400] "GET /items/raato73/43955?key=dead HTTP/1.1" 200 87324 "-" "Mozilla/5.0 (Linux; Android 6.0.1; Nexus 5X Build/MMB29P) AppleWebKit/537.36 (KHTML, like Gecko) Chrome/137.0.7151.103 Mobile Safari/537.36 (compatible; Googlebot/2.1; +http://www.google.com/bot.html)"
66.249.64.160 - - [07/Jul/2025:13:03:58 -0400] "GET /266bdu37411.html HTTP/1.1" 200 86966 "-" "Mozilla/5.0 (Linux; Android 6.0.1; Nexus 5X Build/MMB29P) AppleWebKit/537.36 (KHTML, like Gecko) Chrome/137.0.7151.103 Mobile Safari/537.36 (compatible; Googlebot/2.1; +http://www.google.com/bot.html)"
136.243.228.194 - - [07/Jul/2025:13:03:56 -0400] "GET /items/fwwjw225/7613?key=mission HTTP/1.1" 404 23126 "-" "Mozilla/5.0 (compatible; DataForSeoBot/1.0; +https://dataforseo.com/dataforseo-bot)"
66.249.64.106 - - [07/Jul/2025:13:04:01 -0400] "GET /items/kwbxp184/11466?key=kick HTTP/1.1" 200 87926 "-" "Mozilla/5.0 (Linux; Android 6.0.1; Nexus 5X Build/MMB29P) AppleWebKit/537.36 (KHTML, like Gecko) Chrome/137.0.7151.103 Mobile Safari/537.36 (compatible; Googlebot/2.1; +http://www.google.com/bot.html)"
66.249.64.161 - - [07/Jul/2025:13:04:03 -0400] "GET /items/tybcz62/7898?key=open HTTP/1.1" 200 87487 "-" "Mozilla/5.0 (Linux; Android 6.0.1; Nexus 5X Build/MMB29P) AppleWebKit/537.36 (KHTML, like Gecko) Chrome/137.0.7151.103 Mobile Safari/537.36 (compatible; Googlebot/2.1; +http://www.google.com/bot.html)"
188.166.211.225 - - [07/Jul/2025:13:04:02 -0400] "GET /wp-login.php HTTP/1.1" 200 3129 "-" "Mozilla/5.0 (Windows NT 6.3; WOW64; rv:40.0) Gecko/20100101 Firefox/40.0"
185.177.72.144 - - [07/Jul/2025:13:03:57 -0400] "GET /logs/aws/ses.log HTTP/1.1" 404 23126 "-" "Mozilla/5.0 (Windows NT 10.0; Win64; x64) AppleWebKit/537.36 (KHTML, like Gecko) Chrome/91.0.4472.124 Safari/537.36"
66.249.64.174 - - [07/Jul/2025:13:04:05 -0400] "GET /items/fdbvb62/7906?key=retain HTTP/1.1" 200 86430 "-" "Mozilla/5.0 (Linux; Android 6.0.1; Nexus 5X Build/MMB29P) AppleWebKit/537.36 (KHTML, like Gecko) Chrome/137.0.7151.103 Mobile Safari/537.36 (compatible; Googlebot/2.1; +http://www.google.com/bot.html)"
185.177.72.144 - - [07/Jul/2025:13:04:06 -0400] "GET /private/.env HTTP/1.1" 403 1242 "-" "Mozilla/5.0 (Windows NT 10.0; Win64; x64) AppleWebKit/537.36 (KHTML, like Gecko) Chrome/91.0.4472.124 Safari/537.36"
66.249.64.160 - - [07/Jul/2025:13:04:07 -0400] "GET /items/uhlnx62/7916?key=envelope HTTP/1.1" 200 86390 "-" "Mozilla/5.0 (Linux; Android 6.0.1; Nexus 5X Build/MMB29P) AppleWebKit/537.36 (KHTML, like Gecko) Chrome/137.0.7151.103 Mobile Safari/537.36 (compatible; Googlebot/2.1; +http://www.google.com/bot.html)"
136.243.228.194 - - [07/Jul/2025:13:04:02 -0400] "GET /items/jjxzn109/39639?key=diet HTTP/1.1" 404 23127 "-" "Mozilla/5.0 (compatible; DataForSeoBot/1.0; +https://dataforseo.com/dataforseo-bot)"
66.249.64.160 - - [07/Jul/2025:13:04:09 -0400] "GET /items/ruors251/17903?key=acknowledge HTTP/1.1" 200 87596 "-" "Mozilla/5.0 (Linux; Android 6.0.1; Nexus 5X Build/MMB29P) AppleWebKit/537.36 (KHTML, like Gecko) Chrome/137.0.7151.103 Mobile Safari/537.36 (compatible; Googlebot/2.1; +http://www.google.com/bot.html)"
188.166.211.225 - - [07/Jul/2025:13:04:09 -0400] "GET /wp-login.php HTTP/1.1" 200 3095 "-" "Mozilla/5.0 (Windows NT 6.3; WOW64; rv:40.0) Gecko/20100101 Firefox/40.0"
185.177.72.144 - - [07/Jul/2025:13:04:07 -0400] "GET /docker-compose.yml HTTP/1.1" 404 23127 "-" "Mozilla/5.0 (Windows NT 10.0; Win64; x64) AppleWebKit/537.36 (KHTML, like Gecko) Chrome/91.0.4472.124 Safari/537.36"
185.177.72.144 - - [07/Jul/2025:13:04:21 -0400] "GET /.git/config HTTP/1.1" 403 1242 "-" "Mozilla/5.0 (Windows NT 10.0; Win64; x64) AppleWebKit/537.36 (KHTML, like Gecko) Chrome/91.0.4472.124 Safari/537.36"
20.171.207.36 - - [07/Jul/2025:13:04:08 -0400] "GET /54vqqg49827.html HTTP/1.1" 404 23126 "-" "Mozilla/5.0 AppleWebKit/537.36 (KHTML, like Gecko; compatible; GPTBot/1.2; +https://openai.com/gptbot)"
136.243.228.194 - - [07/Jul/2025:13:04:10 -0400] "GET /28skt39807.html HTTP/1.1" 404 23126 "-" "Mozilla/5.0 (compatible; DataForSeoBot/1.0; +https://dataforseo.com/dataforseo-bot)"
47.82.60.4 - - [07/Jul/2025:13:04:13 -0400] "GET /138cltdw68165.html HTTP/1.1" 404 23126 "https://dangroup.sa/138cltdw68165.html" "Mozilla/5.0 (Windows NT 10.0; Win64; x64) AppleWebKit/537.36 (KHTML, like Gecko) Chrome/114.0.0.0 Safari/537.36 Edg/114.0.1823.43"
136.243.228.194 - - [07/Jul/2025:13:04:25 -0400] "GET /items/fmgok295/12913?key=unusual HTTP/1.1" 404 23126 "-" "Mozilla/5.0 (compatible; DataForSeoBot/1.0; +https://dataforseo.com/dataforseo-bot)"
136.243.228.194 - - [07/Jul/2025:13:04:29 -0400] "GET /items/nmbpl293/9251?key=upon HTTP/1.1" 404 23126 "-" "Mozilla/5.0 (compatible; DataForSeoBot/1.0; +https://dataforseo.com/dataforseo-bot)"
136.243.228.194 - - [07/Jul/2025:13:04:37 -0400] "GET /260wofw27805.html HTTP/1.1" 404 23127 "-" "Mozilla/5.0 (compatible; DataForSeoBot/1.0; +https://dataforseo.com/dataforseo-bot)"
66.249.64.160 - - [07/Jul/2025:13:04:39 -0400] "GET /242zguwu24967.html HTTP/1.1" 200 85890 "-" "Mozilla/5.0 (compatible; Googlebot/2.1; +http://www.google.com/bot.html)"
66.29.146.47 - - [07/Jul/2025:13:04:44 -0400] "POST /wp-cron.php?doing_wp_cron=1751907883.6602420806884765625000 HTTP/1.1" 403 1242 "-" "WordPress/6.8; https://dangroup.sa"
136.243.228.194 - - [07/Jul/2025:13:04:43 -0400] "GET /items/ncigm283/44635?key=water HTTP/1.1" 404 23126 "-" "Mozilla/5.0 (compatible; DataForSeoBot/1.0; +https://dataforseo.com/dataforseo-bot)"
136.243.228.194 - - [07/Jul/2025:13:04:48 -0400] "GET /items/bnmui157/26185?key=test HTTP/1.1" 404 23126 "-" "Mozilla/5.0 (compatible; DataForSeoBot/1.0; +https://dataforseo.com/dataforseo-bot)"
188.166.211.225 - - [07/Jul/2025:13:04:53 -0400] "GET /wp-login.php HTTP/1.1" 200 3095 "-" "Mozilla/5.0 (Windows NT 10.0; Win64; x64) AppleWebKit/537.36 (KHTML, like Gecko) Chrome/58.0.3029.110 Safari/537.3"
66.249.64.174 - - [07/Jul/2025:13:04:54 -0400] "GET /items/edzmy273/42893?key=trim HTTP/1.1" 200 87161 "-" "Mozilla/5.0 (Linux; Android 6.0.1; Nexus 5X Build/MMB29P) AppleWebKit/537.36 (KHTML, like Gecko) Chrome/137.0.7151.103 Mobile Safari/537.36 (compatible; Googlebot/2.1; +http://www.google.com/bot.html)"
136.243.228.194 - - [07/Jul/2025:13:04:53 -0400] "GET /items/sfvzb87/6253?key=oil HTTP/1.1" 404 23126 "-" "Mozilla/5.0 (compatible; DataForSeoBot/1.0; +https://dataforseo.com/dataforseo-bot)"
188.166.211.225 - - [07/Jul/2025:13:04:58 -0400] "GET /wp-login.php HTTP/1.1" 200 3129 "-" "Mozilla/5.0 (Windows NT 10.0; Win64; x64) AppleWebKit/537.36 (KHTML, like Gecko) Chrome/58.0.3029.110 Safari/537.3"
136.243.228.194 - - [07/Jul/2025:13:04:58 -0400] "GET /209omqe31674.html HTTP/1.1" 404 23126 "-" "Mozilla/5.0 (compatible; DataForSeoBot/1.0; +https://dataforseo.com/dataforseo-bot)"
136.243.228.194 - - [07/Jul/2025:13:05:02 -0400] "GET /225sea24538.html HTTP/1.1" 404 23126 "-" "Mozilla/5.0 (compatible; DataForSeoBot/1.0; +https://dataforseo.com/dataforseo-bot)"
66.249.64.174 - - [07/Jul/2025:13:05:07 -0400] "GET /items/jqysm169/15495?key=steak HTTP/1.1" 200 87350 "-" "Mozilla/5.0 (compatible; Googlebot/2.1; +http://www.google.com/bot.html)"
136.243.228.194 - - [07/Jul/2025:13:05:07 -0400] "GET /items/xfifx84/43546?key=citizenship HTTP/1.1" 404 23126 "-" "Mozilla/5.0 (compatible; DataForSeoBot/1.0; +https://dataforseo.com/dataforseo-bot)"
47.82.60.28 - - [07/Jul/2025:13:05:09 -0400] "GET /95ptdwt632.html HTTP/1.1" 404 23126 "https://dangroup.sa/95ptdwt632.html" "Mozilla/5.0 (Windows NT 10.0; Win64; x64) AppleWebKit/537.36 (KHTML, like Gecko) Chrome/114.0.0.0 Safari/537.36 Edg/114.0.1823.43"
20.171.207.36 - - [07/Jul/2025:13:05:14 -0400] "GET /19kcfs27928.html HTTP/1.1" 404 23126 "-" "Mozilla/5.0 AppleWebKit/537.36 (KHTML, like Gecko; compatible; GPTBot/1.2; +https://openai.com/gptbot)"
136.243.228.194 - - [07/Jul/2025:13:05:14 -0400] "GET /items/tcfjt43/14787?key=three HTTP/1.1" 404 23126 "-" "Mozilla/5.0 (compatible; DataForSeoBot/1.0; +https://dataforseo.com/dataforseo-bot)"
188.166.211.225 - - [07/Jul/2025:13:05:22 -0400] "GET /wp-login.php HTTP/1.1" 200 3095 "-" "Mozilla/5.0 (Windows NT 6.1; WOW64; Trident/7.0; AS; rv:11.0) like Gecko"
136.243.228.194 - - [07/Jul/2025:13:05:20 -0400] "GET /131opo45944.html HTTP/1.1" 404 23126 "-" "Mozilla/5.0 (compatible; DataForSeoBot/1.0; +https://dataforseo.com/dataforseo-bot)"
136.243.228.194 - - [07/Jul/2025:13:05:25 -0400] "GET /279bwju17018.html HTTP/1.1" 404 23126 "-" "Mozilla/5.0 (compatible; DataForSeoBot/1.0; +https://dataforseo.com/dataforseo-bot)"
188.166.211.225 - - [07/Jul/2025:13:05:28 -0400] "GET /wp-login.php HTTP/1.1" 200 3095 "-" "Mozilla/5.0 (Windows NT 6.1; WOW64; Trident/7.0; AS; rv:11.0) like Gecko"
136.243.228.194 - - [07/Jul/2025:13:05:29 -0400] "GET /items/etteq261/24361?key=diagnose HTTP/1.1" 404 23126 "-" "Mozilla/5.0 (compatible; DataForSeoBot/1.0; +https://dataforseo.com/dataforseo-bot)"
136.243.228.194 - - [07/Jul/2025:13:05:34 -0400] "GET /170ymkh48115.html HTTP/1.1" 404 23126 "-" "Mozilla/5.0 (compatible; DataForSeoBot/1.0; +https://dataforseo.com/dataforseo-bot)"
136.243.228.194 - - [07/Jul/2025:13:05:37 -0400] "GET /160hbtv38953.html HTTP/1.1" 404 23126 "-" "Mozilla/5.0 (compatible; DataForSeoBot/1.0; +https://dataforseo.com/dataforseo-bot)"
136.243.228.194 - - [07/Jul/2025:13:05:42 -0400] "GET /259dcvgq43780.html HTTP/1.1" 404 23126 "-" "Mozilla/5.0 (compatible; DataForSeoBot/1.0; +https://dataforseo.com/dataforseo-bot)"
66.29.146.47 - - [07/Jul/2025:13:05:48 -0400] "POST /wp-cron.php?doing_wp_cron=1751907947.9443600177764892578125 HTTP/1.1" 403 1242 "-" "WordPress/6.8; https://dangroup.sa"
136.243.228.194 - - [07/Jul/2025:13:05:47 -0400] "GET /85hlfx33166.html HTTP/1.1" 404 23126 "-" "Mozilla/5.0 (compatible; DataForSeoBot/1.0; +https://dataforseo.com/dataforseo-bot)"
51.222.253.2 - - [07/Jul/2025:13:05:50 -0400] "GET /items/ettdb79/59659?key=provide HTTP/1.1" 404 23126 "-" "Mozilla/5.0 (compatible; AhrefsBot/7.0; +http://ahrefs.com/robot/)"
136.243.228.194 - - [07/Jul/2025:13:05:54 -0400] "GET /133sqghc61056.html HTTP/1.1" 404 23126 "-" "Mozilla/5.0 (compatible; DataForSeoBot/1.0; +https://dataforseo.com/dataforseo-bot)"
136.243.228.194 - - [07/Jul/2025:13:05:58 -0400] "GET /items/flrvs78/36540?key=interior HTTP/1.1" 404 23126 "-" "Mozilla/5.0 (compatible; DataForSeoBot/1.0; +https://dataforseo.com/dataforseo-bot)"
136.243.228.194 - - [07/Jul/2025:13:06:02 -0400] "GET /items/slivi201/10025?key=sharp HTTP/1.1" 404 23126 "-" "Mozilla/5.0 (compatible; DataForSeoBot/1.0; +https://dataforseo.com/dataforseo-bot)"
136.243.228.194 - - [07/Jul/2025:13:06:07 -0400] "GET /70sfx29.html HTTP/1.1" 404 23126 "-" "Mozilla/5.0 (compatible; DataForSeoBot/1.0; +https://dataforseo.com/dataforseo-bot)"
136.243.228.194 - - [07/Jul/2025:13:06:12 -0400] "GET /13jmkk49912.html HTTP/1.1" 404 23126 "-" "Mozilla/5.0 (compatible; DataForSeoBot/1.0; +https://dataforseo.com/dataforseo-bot)"
136.243.228.194 - - [07/Jul/2025:13:06:16 -0400] "GET /291vfd11424.html HTTP/1.1" 404 23126 "-" "Mozilla/5.0 (compatible; DataForSeoBot/1.0; +https://dataforseo.com/dataforseo-bot)"
20.171.207.36 - - [07/Jul/2025:13:06:18 -0400] "GET /35yycq49122.html HTTP/1.1" 404 23126 "-" "Mozilla/5.0 AppleWebKit/537.36 (KHTML, like Gecko; compatible; GPTBot/1.2; +https://openai.com/gptbot)"
136.243.228.194 - - [07/Jul/2025:13:06:21 -0400] "GET /93ity12164.html HTTP/1.1" 404 23126 "-" "Mozilla/5.0 (compatible; DataForSeoBot/1.0; +https://dataforseo.com/dataforseo-bot)"
66.249.64.174 - - [07/Jul/2025:13:06:26 -0400] "GET /items/mhrrr273/30163?key=ego HTTP/1.1" 200 87198 "-" "Mozilla/5.0 (compatible; Googlebot/2.1; +http://www.google.com/bot.html)"
188.166.211.225 - - [07/Jul/2025:13:06:28 -0400] "GET /wp-login.php HTTP/1.1" 200 3129 "-" "Mozilla/5.0 (Windows NT 6.1; WOW64; Trident/7.0; AS; rv:11.0) like Gecko"
136.243.228.194 - - [07/Jul/2025:13:06:27 -0400] "GET /108jkyi5439.html HTTP/1.1" 404 23126 "-" "Mozilla/5.0 (compatible; DataForSeoBot/1.0; +https://dataforseo.com/dataforseo-bot)"
188.166.211.225 - - [07/Jul/2025:13:06:33 -0400] "GET /wp-login.php HTTP/1.1" 200 3095 "-" "Mozilla/5.0 (Windows NT 6.1; WOW64; Trident/7.0; AS; rv:11.0) like Gecko"
136.243.228.194 - - [07/Jul/2025:13:06:32 -0400] "GET /items/lqqmj222/29324?key=continent HTTP/1.1" 404 23126 "-" "Mozilla/5.0 (compatible; DataForSeoBot/1.0; +https://dataforseo.com/dataforseo-bot)"
136.243.228.194 - - [07/Jul/2025:13:06:37 -0400] "GET /161wnf47910.html HTTP/1.1" 404 23126 "-" "Mozilla/5.0 (compatible; DataForSeoBot/1.0; +https://dataforseo.com/dataforseo-bot)"
136.243.228.194 - - [07/Jul/2025:13:06:41 -0400] "GET /items/yubvk199/18849?key=provided HTTP/1.1" 404 23126 "-" "Mozilla/5.0 (compatible; DataForSeoBot/1.0; +https://dataforseo.com/dataforseo-bot)"
136.243.228.194 - - [07/Jul/2025:13:06:46 -0400] "GET /241uhere13580.html HTTP/1.1" 404 23127 "-" "Mozilla/5.0 (compatible; DataForSeoBot/1.0; +https://dataforseo.com/dataforseo-bot)"
66.29.146.47 - - [07/Jul/2025:13:06:50 -0400] "POST /wp-cron.php?doing_wp_cron=1751908010.7221310138702392578125 HTTP/1.1" 403 1242 "-" "WordPress/6.8; https://dangroup.sa"
136.243.228.194 - - [07/Jul/2025:13:06:50 -0400] "GET /items/jheyz235/38131?key=chase HTTP/1.1" 404 23126 "-" "Mozilla/5.0 (compatible; DataForSeoBot/1.0; +https://dataforseo.com/dataforseo-bot)"
136.243.228.194 - - [07/Jul/2025:13:06:54 -0400] "GET /45epf17780.html HTTP/1.1" 404 23126 "-" "Mozilla/5.0 (compatible; DataForSeoBot/1.0; +https://dataforseo.com/dataforseo-bot)"
188.166.211.225 - - [07/Jul/2025:13:06:58 -0400] "GET /wp-login.php HTTP/1.1" 200 3095 "-" "Mozilla/5.0 (Windows NT 6.3; WOW64; rv:40.0) Gecko/20100101 Firefox/40.0"
188.166.211.225 - - [07/Jul/2025:13:07:00 -0400] "GET /wp-login.php HTTP/1.1" 200 3095 "-" "Mozilla/5.0 (Windows NT 6.3; WOW64; rv:40.0) Gecko/20100101 Firefox/40.0"
136.243.228.194 - - [07/Jul/2025:13:06:59 -0400] "GET /170uqbv37373.html HTTP/1.1" 404 23126 "-" "Mozilla/5.0 (compatible; DataForSeoBot/1.0; +https://dataforseo.com/dataforseo-bot)"
136.243.228.194 - - [07/Jul/2025:13:07:04 -0400] "GET /items/vajec162/9904?key=agriculture HTTP/1.1" 404 23126 "-" "Mozilla/5.0 (compatible; DataForSeoBot/1.0; +https://dataforseo.com/dataforseo-bot)"
136.243.228.194 - - [07/Jul/2025:13:07:07 -0400] "GET /items/yrgeu280/30734?key=productive HTTP/1.1" 404 23126 "-" "Mozilla/5.0 (compatible; DataForSeoBot/1.0; +https://dataforseo.com/dataforseo-bot)"
136.243.228.194 - - [07/Jul/2025:13:07:12 -0400] "GET /228cky27367.html HTTP/1.1" 404 23126 "-" "Mozilla/5.0 (compatible; DataForSeoBot/1.0; +https://dataforseo.com/dataforseo-bot)"
136.243.228.194 - - [07/Jul/2025:13:07:16 -0400] "GET /items/utppg198/2992?key=invitation HTTP/1.1" 404 23126 "-" "Mozilla/5.0 (compatible; DataForSeoBot/1.0; +https://dataforseo.com/dataforseo-bot)"
136.243.228.194 - - [07/Jul/2025:13:07:20 -0400] "GET /items/djrye76/47406?key=physical HTTP/1.1" 404 23127 "-" "Mozilla/5.0 (compatible; DataForSeoBot/1.0; +https://dataforseo.com/dataforseo-bot)"
66.249.64.161 - - [07/Jul/2025:13:07:21 -0400] "GET /117ijqx32180.html HTTP/1.1" 200 86491 "-" "Mozilla/5.0 (compatible; Googlebot/2.1; +http://www.google.com/bot.html)"
20.171.207.36 - - [07/Jul/2025:13:07:22 -0400] "GET /130rcsn1875.html HTTP/1.1" 404 23126 "-" "Mozilla/5.0 AppleWebKit/537.36 (KHTML, like Gecko; compatible; GPTBot/1.2; +https://openai.com/gptbot)"
136.243.228.194 - - [07/Jul/2025:13:07:24 -0400] "GET /278uas9819.html HTTP/1.1" 404 23126 "-" "Mozilla/5.0 (compatible; DataForSeoBot/1.0; +https://dataforseo.com/dataforseo-bot)"
136.243.228.194 - - [07/Jul/2025:13:07:29 -0400] "GET /67hqvbn28102.html HTTP/1.1" 404 23127 "-" "Mozilla/5.0 (compatible; DataForSeoBot/1.0; +https://dataforseo.com/dataforseo-bot)"
136.243.228.194 - - [07/Jul/2025:13:07:34 -0400] "GET /276syht26483.html HTTP/1.1" 404 23126 "-" "Mozilla/5.0 (compatible; DataForSeoBot/1.0; +https://dataforseo.com/dataforseo-bot)"
136.243.228.194 - - [07/Jul/2025:13:07:38 -0400] "GET /181ifkj39678.html HTTP/1.1" 404 23127 "-" "Mozilla/5.0 (compatible; DataForSeoBot/1.0; +https://dataforseo.com/dataforseo-bot)"
136.243.228.194 - - [07/Jul/2025:13:07:43 -0400] "GET /items/kazkr87/31447?key=contain HTTP/1.1" 404 23126 "-" "Mozilla/5.0 (compatible; DataForSeoBot/1.0; +https://dataforseo.com/dataforseo-bot)"
136.243.228.194 - - [07/Jul/2025:13:07:48 -0400] "GET /items/eiboi234/38672?key=candle HTTP/1.1" 404 23126 "-" "Mozilla/5.0 (compatible; DataForSeoBot/1.0; +https://dataforseo.com/dataforseo-bot)"
66.29.146.47 - - [07/Jul/2025:13:07:54 -0400] "POST /wp-cron.php?doing_wp_cron=1751908073.9860138893127441406250 HTTP/1.1" 403 1242 "-" "WordPress/6.8; https://dangroup.sa"
136.243.228.194 - - [07/Jul/2025:13:07:53 -0400] "GET /26fdyd27705.html HTTP/1.1" 404 23126 "-" "Mozilla/5.0 (compatible; DataForSeoBot/1.0; +https://dataforseo.com/dataforseo-bot)"
188.166.211.225 - - [07/Jul/2025:13:07:58 -0400] "GET /wp-login.php HTTP/1.1" 200 3095 "-" "Mozilla/5.0 (Windows NT 10.0; Win64; x64) AppleWebKit/537.36 (KHTML, like Gecko) Chrome/58.0.3029.110 Safari/537.3"
136.243.228.194 - - [07/Jul/2025:13:07:57 -0400] "GET /174mcgw30025.html HTTP/1.1" 404 23126 "-" "Mozilla/5.0 (compatible; DataForSeoBot/1.0; +https://dataforseo.com/dataforseo-bot)"
188.166.211.225 - - [07/Jul/2025:13:08:00 -0400] "GET /wp-login.php HTTP/1.1" 200 3095 "-" "Mozilla/5.0 (Windows NT 10.0; Win64; x64) AppleWebKit/537.36 (KHTML, like Gecko) Chrome/58.0.3029.110 Safari/537.3"
136.243.228.194 - - [07/Jul/2025:13:08:02 -0400] "GET /items/ylmen181/20475?key=epidemic HTTP/1.1" 404 23126 "-" "Mozilla/5.0 (compatible; DataForSeoBot/1.0; +https://dataforseo.com/dataforseo-bot)"
136.243.228.194 - - [07/Jul/2025:13:08:07 -0400] "GET /items/zsqxs171/15435?key=tone HTTP/1.1" 404 23127 "-" "Mozilla/5.0 (compatible; DataForSeoBot/1.0; +https://dataforseo.com/dataforseo-bot)"
136.243.228.194 - - [07/Jul/2025:13:08:10 -0400] "GET /290ire24739.html HTTP/1.1" 404 23126 "-" "Mozilla/5.0 (compatible; DataForSeoBot/1.0; +https://dataforseo.com/dataforseo-bot)"
136.243.228.194 - - [07/Jul/2025:13:08:15 -0400] "GET /45hcud20266.html HTTP/1.1" 404 23126 "-" "Mozilla/5.0 (compatible; DataForSeoBot/1.0; +https://dataforseo.com/dataforseo-bot)"
213.136.93.169 - - [07/Jul/2025:13:08:17 -0400] "POST /xmlrpc.php HTTP/1.1" 403 1242 "-" "Mozilla/5.0 (X11; Ubuntu; Linux x86_64; rv:85.0) Gecko/20100101 Firefox/91.0"
136.243.228.194 - - [07/Jul/2025:13:08:19 -0400] "GET /items/kskkn137/18639?key=junior HTTP/1.1" 404 23126 "-" "Mozilla/5.0 (compatible; DataForSeoBot/1.0; +https://dataforseo.com/dataforseo-bot)"
136.243.228.194 - - [07/Jul/2025:13:08:22 -0400] "GET /240fhpmm38863.html HTTP/1.1" 404 23126 "-" "Mozilla/5.0 (compatible; DataForSeoBot/1.0; +https://dataforseo.com/dataforseo-bot)"
20.171.207.36 - - [07/Jul/2025:13:08:23 -0400] "GET /70zipx41911.html HTTP/1.1" 404 23126 "-" "Mozilla/5.0 AppleWebKit/537.36 (KHTML, like Gecko; compatible; GPTBot/1.2; +https://openai.com/gptbot)"
136.243.228.194 - - [07/Jul/2025:13:08:27 -0400] "GET /42clfa46303.html HTTP/1.1" 404 23126 "-" "Mozilla/5.0 (compatible; DataForSeoBot/1.0; +https://dataforseo.com/dataforseo-bot)"
136.243.228.194 - - [07/Jul/2025:13:08:32 -0400] "GET /135mql45854.html HTTP/1.1" 404 23126 "-" "Mozilla/5.0 (compatible; DataForSeoBot/1.0; +https://dataforseo.com/dataforseo-bot)"
136.243.228.194 - - [07/Jul/2025:13:08:43 -0400] "GET /287ocjh41356.html HTTP/1.1" 404 23126 "-" "Mozilla/5.0 (compatible; DataForSeoBot/1.0; +https://dataforseo.com/dataforseo-bot)"
136.243.228.194 - - [07/Jul/2025:13:08:48 -0400] "GET /items/okstc13/40495?key=hurt HTTP/1.1" 404 23126 "-" "Mozilla/5.0 (compatible; DataForSeoBot/1.0; +https://dataforseo.com/dataforseo-bot)"
188.166.211.225 - - [07/Jul/2025:13:08:52 -0400] "GET /wp-login.php HTTP/1.1" 200 3095 "-" "Mozilla/5.0 (Windows NT 6.1; WOW64; Trident/7.0; AS; rv:11.0) like Gecko"
136.243.228.194 - - [07/Jul/2025:13:08:52 -0400] "GET /191gvess47350.html HTTP/1.1" 404 23126 "-" "Mozilla/5.0 (compatible; DataForSeoBot/1.0; +https://dataforseo.com/dataforseo-bot)"
66.29.146.47 - - [07/Jul/2025:13:08:56 -0400] "POST /wp-cron.php?doing_wp_cron=1751908136.7376499176025390625000 HTTP/1.1" 403 1242 "-" "WordPress/6.8; https://dangroup.sa"
188.166.211.225 - - [07/Jul/2025:13:08:56 -0400] "GET /wp-login.php HTTP/1.1" 200 3129 "-" "Mozilla/5.0 (Windows NT 6.1; WOW64; Trident/7.0; AS; rv:11.0) like Gecko"
66.29.146.47 - - [07/Jul/2025:13:08:57 -0400] "POST /wp-cron.php?doing_wp_cron=1751908137.0669629573822021484375 HTTP/1.1" 403 1242 "-" "WordPress/6.8; https://dangroup.sa"
136.243.228.194 - - [07/Jul/2025:13:08:56 -0400] "GET /47hoo43788.html HTTP/1.1" 404 23127 "-" "Mozilla/5.0 (compatible; DataForSeoBot/1.0; +https://dataforseo.com/dataforseo-bot)"
136.243.228.194 - - [07/Jul/2025:13:09:01 -0400] "GET /132nwcl33497.html HTTP/1.1" 404 23127 "-" "Mozilla/5.0 (compatible; DataForSeoBot/1.0; +https://dataforseo.com/dataforseo-bot)"
136.243.228.194 - - [07/Jul/2025:13:09:05 -0400] "GET /items/wyslv17/46295?key=evidence HTTP/1.1" 404 23126 "-" "Mozilla/5.0 (compatible; DataForSeoBot/1.0; +https://dataforseo.com/dataforseo-bot)"
136.243.228.194 - - [07/Jul/2025:13:09:10 -0400] "GET /items/kntlu219/33421?key=builder HTTP/1.1" 404 23126 "-" "Mozilla/5.0 (compatible; DataForSeoBot/1.0; +https://dataforseo.com/dataforseo-bot)"
136.243.228.194 - - [07/Jul/2025:13:09:14 -0400] "GET /167mgqnh49282.html HTTP/1.1" 404 23126 "-" "Mozilla/5.0 (compatible; DataForSeoBot/1.0; +https://dataforseo.com/dataforseo-bot)"
136.243.228.194 - - [07/Jul/2025:13:09:19 -0400] "GET /60zmru44025.html HTTP/1.1" 404 23126 "-" "Mozilla/5.0 (compatible; DataForSeoBot/1.0; +https://dataforseo.com/dataforseo-bot)"
66.249.64.162 - - [07/Jul/2025:13:09:23 -0400] "GET /items/ijkgt4/998?key=bow HTTP/1.1" 200 87426 "-" "Mozilla/5.0 (Linux; Android 6.0.1; Nexus 5X Build/MMB29P) AppleWebKit/537.36 (KHTML, like Gecko) Chrome/137.0.7151.103 Mobile Safari/537.36 (compatible; Googlebot/2.1; +http://www.google.com/bot.html)"
136.243.228.194 - - [07/Jul/2025:13:09:23 -0400] "GET /items/niyub247/30643?key=observer HTTP/1.1" 404 23126 "-" "Mozilla/5.0 (compatible; DataForSeoBot/1.0; +https://dataforseo.com/dataforseo-bot)"
20.171.207.36 - - [07/Jul/2025:13:09:24 -0400] "GET /32ucwa14275.html HTTP/1.1" 404 23126 "-" "Mozilla/5.0 AppleWebKit/537.36 (KHTML, like Gecko; compatible; GPTBot/1.2; +https://openai.com/gptbot)"
136.243.228.194 - - [07/Jul/2025:13:09:29 -0400] "GET /items/qzvoi106/34018?key=visit HTTP/1.1" 404 23126 "-" "Mozilla/5.0 (compatible; DataForSeoBot/1.0; +https://dataforseo.com/dataforseo-bot)"
136.243.228.194 - - [07/Jul/2025:13:09:33 -0400] "GET /items/jzvea259/21023?key=sympathy HTTP/1.1" 404 23126 "-" "Mozilla/5.0 (compatible; DataForSeoBot/1.0; +https://dataforseo.com/dataforseo-bot)"
66.249.64.162 - - [07/Jul/2025:13:09:37 -0400] "GET /36zlrx23709.html HTTP/1.1" 200 86414 "-" "Mozilla/5.0 (Linux; Android 6.0.1; Nexus 5X Build/MMB29P) AppleWebKit/537.36 (KHTML, like Gecko) Chrome/137.0.7151.103 Mobile Safari/537.36 (compatible; Googlebot/2.1; +http://www.google.com/bot.html)"
136.243.228.194 - - [07/Jul/2025:13:09:38 -0400] "GET /items/wtowv9/42941?key=wheat HTTP/1.1" 404 23126 "-" "Mozilla/5.0 (compatible; DataForSeoBot/1.0; +https://dataforseo.com/dataforseo-bot)"
136.243.228.194 - - [07/Jul/2025:13:09:43 -0400] "GET /189dpv14382.html HTTP/1.1" 404 23126 "-" "Mozilla/5.0 (compatible; DataForSeoBot/1.0; +https://dataforseo.com/dataforseo-bot)"
66.249.64.161 - - [07/Jul/2025:13:09:49 -0400] "GET /product/edit/sakan8man-trus-3528047 HTTP/1.1" 200 87773 "-" "Mozilla/5.0 (Linux; Android 6.0.1; Nexus 5X Build/MMB29P) AppleWebKit/537.36 (KHTML, like Gecko) Chrome/137.0.7151.103 Mobile Safari/537.36 (compatible; GoogleOther)"
136.243.228.194 - - [07/Jul/2025:13:09:48 -0400] "GET /items/tzstr102/9740?key=give HTTP/1.1" 404 23126 "-" "Mozilla/5.0 (compatible; DataForSeoBot/1.0; +https://dataforseo.com/dataforseo-bot)"
66.249.64.161 - - [07/Jul/2025:13:09:52 -0400] "GET /98rdh785.html HTTP/1.1" 200 87250 "-" "Mozilla/5.0 (Linux; Android 6.0.1; Nexus 5X Build/MMB29P) AppleWebKit/537.36 (KHTML, like Gecko) Chrome/137.0.7151.103 Mobile Safari/537.36 (compatible; Googlebot/2.1; +http://www.google.com/bot.html)"
66.249.64.99 - - [07/Jul/2025:13:09:53 -0400] "GET /items/hcjio1/32257?key=service HTTP/1.1" 200 86943 "-" "Mozilla/5.0 (Linux; Android 6.0.1; Nexus 5X Build/MMB29P) AppleWebKit/537.36 (KHTML, like Gecko) Chrome/137.0.7151.103 Mobile Safari/537.36 (compatible; Googlebot/2.1; +http://www.google.com/bot.html)"
136.243.228.194 - - [07/Jul/2025:13:09:54 -0400] "GET /items/fkcqa163/40005?key=red HTTP/1.1" 404 23126 "-" "Mozilla/5.0 (compatible; DataForSeoBot/1.0; +https://dataforseo.com/dataforseo-bot)"
66.29.146.47 - - [07/Jul/2025:13:10:01 -0400] "POST /wp-cron.php?doing_wp_cron=1751908201.0279400348663330078125 HTTP/1.1" 403 1242 "-" "WordPress/6.8; https://dangroup.sa"
136.243.228.194 - - [07/Jul/2025:13:10:00 -0400] "GET /160wyai3621.html HTTP/1.1" 404 23126 "-" "Mozilla/5.0 (compatible; DataForSeoBot/1.0; +https://dataforseo.com/dataforseo-bot)"
136.243.228.194 - - [07/Jul/2025:13:10:07 -0400] "GET /items/rtknd223/33321?key=complain HTTP/1.1" 404 23126 "-" "Mozilla/5.0 (compatible; DataForSeoBot/1.0; +https://dataforseo.com/dataforseo-bot)"
136.243.228.194 - - [07/Jul/2025:13:10:14 -0400] "GET /items/hwpul74/19120?key=desert HTTP/1.1" 404 23126 "-" "Mozilla/5.0 (compatible; DataForSeoBot/1.0; +https://dataforseo.com/dataforseo-bot)"
66.249.64.163 - - [07/Jul/2025:13:10:20 -0400] "GET /items/gsotb64/434?key=terror HTTP/1.1" 200 87069 "-" "Mozilla/5.0 (Linux; Android 6.0.1; Nexus 5X Build/MMB29P) AppleWebKit/537.36 (KHTML, like Gecko) Chrome/137.0.7151.103 Mobile Safari/537.36 (compatible; Googlebot/2.1; +http://www.google.com/bot.html)"
136.243.228.194 - - [07/Jul/2025:13:10:21 -0400] "GET /174jpu35665.html HTTP/1.1" 404 23126 "-" "Mozilla/5.0 (compatible; DataForSeoBot/1.0; +https://dataforseo.com/dataforseo-bot)"
47.82.60.38 - - [07/Jul/2025:13:10:23 -0400] "GET /1ztfqo3678.html HTTP/1.1" 404 23126 "https://dangroup.sa/1ztfqo3678.html" "Mozilla/5.0 (Windows NT 10.0; Win64; x64) AppleWebKit/537.36 (KHTML, like Gecko) Chrome/114.0.0.0 Safari/537.36 Edg/114.0.1823.43"
20.171.207.36 - - [07/Jul/2025:13:10:27 -0400] "GET /52sdcy36251.html HTTP/1.1" 404 23126 "-" "Mozilla/5.0 AppleWebKit/537.36 (KHTML, like Gecko; compatible; GPTBot/1.2; +https://openai.com/gptbot)"
136.243.228.194 - - [07/Jul/2025:13:10:27 -0400] "GET /36uvo25815.html HTTP/1.1" 404 23126 "-" "Mozilla/5.0 (compatible; DataForSeoBot/1.0; +https://dataforseo.com/dataforseo-bot)"
136.243.228.194 - - [07/Jul/2025:13:10:34 -0400] "GET /items/uwwkn41/12915?key=area HTTP/1.1" 404 23126 "-" "Mozilla/5.0 (compatible; DataForSeoBot/1.0; +https://dataforseo.com/dataforseo-bot)"
136.243.228.194 - - [07/Jul/2025:13:10:42 -0400] "GET /162akvil37879.html HTTP/1.1" 404 23126 "-" "Mozilla/5.0 (compatible; DataForSeoBot/1.0; +https://dataforseo.com/dataforseo-bot)"
161.82.200.37 - - [07/Jul/2025:13:10:47 -0400] "POST /xmlrpc.php HTTP/1.1" 403 1242 "https://dangroup.sa" "Mozilla/5.0 (Macintosh; Intel Mac OS X 13.3; rv:126.0) Gecko/20100101 Firefox/126.0"
66.249.64.161 - - [07/Jul/2025:13:10:47 -0400] "GET /?_ga=2.198074345.1955352220.1721329623-968811056.1699381788&_bdsid=dmjl0p.n~UQTRN.1745716790918.1784849964&_bd_prev_page=https://dangroup.sa/api.jsp?items/brakh188/34374?key=tribal HTTP/1.1" 200 87310 "-" "Mozilla/5.0 (Linux; Android 6.0.1; Nexus 5X Build/MMB29P) AppleWebKit/537.36 (KHTML, like Gecko) Chrome/137.0.7151.103 Mobile Safari/537.36 (compatible; Googlebot/2.1; +http://www.google.com/bot.html)"
66.249.64.99 - - [07/Jul/2025:13:10:50 -0400] "GET /pcmypage?callback=product/review/auto-w-y-240927-1 HTTP/1.1" 200 87888 "-" "Mozilla/5.0 (Linux; Android 6.0.1; Nexus 5X Build/MMB29P) AppleWebKit/537.36 (KHTML, like Gecko) Chrome/137.0.7151.103 Mobile Safari/537.36 (compatible; Googlebot/2.1; +http://www.google.com/bot.html)"
136.243.228.194 - - [07/Jul/2025:13:10:49 -0400] "GET /items/smbrh300/47600?key=bomb HTTP/1.1" 404 23126 "-" "Mozilla/5.0 (compatible; DataForSeoBot/1.0; +https://dataforseo.com/dataforseo-bot)"
136.243.228.194 - - [07/Jul/2025:13:10:54 -0400] "GET /items/umldm296/17478?key=analyze HTTP/1.1" 404 23126 "-" "Mozilla/5.0 (compatible; DataForSeoBot/1.0; +https://dataforseo.com/dataforseo-bot)"
51.222.253.17 - - [07/Jul/2025:13:10:57 -0400] "GET /items/bzrfp247/32879?key=weaken HTTP/1.1" 404 23126 "-" "Mozilla/5.0 (compatible; AhrefsBot/7.0; +http://ahrefs.com/robot/)"
136.243.228.194 - - [07/Jul/2025:13:11:01 -0400] "GET /items/rspib95/10613?key=concerned HTTP/1.1" 404 23126 "-" "Mozilla/5.0 (compatible; DataForSeoBot/1.0; +https://dataforseo.com/dataforseo-bot)"
188.166.211.225 - - [07/Jul/2025:13:11:08 -0400] "GET /wp-login.php HTTP/1.1" 200 3095 "-" "Mozilla/5.0 (Windows NT 6.1; WOW64; Trident/7.0; AS; rv:11.0) like Gecko"
136.243.228.194 - - [07/Jul/2025:13:11:07 -0400] "GET /285lywr12464.html HTTP/1.1" 404 23126 "-" "Mozilla/5.0 (compatible; DataForSeoBot/1.0; +https://dataforseo.com/dataforseo-bot)"
66.249.64.163 - - [07/Jul/2025:13:11:11 -0400] "GET /84xrn28245.html HTTP/1.1" 200 86963 "-" "Mozilla/5.0 (compatible; Googlebot/2.1; +http://www.google.com/bot.html)"
188.166.211.225 - - [07/Jul/2025:13:11:16 -0400] "GET /wp-login.php HTTP/1.1" 200 3095 "-" "Mozilla/5.0 (Windows NT 6.1; WOW64; Trident/7.0; AS; rv:11.0) like Gecko"
136.243.228.194 - - [07/Jul/2025:13:11:16 -0400] "GET /items/uyezg252/31914?key=fine HTTP/1.1" 404 23126 "-" "Mozilla/5.0 (compatible; DataForSeoBot/1.0; +https://dataforseo.com/dataforseo-bot)"
66.249.64.99 - - [07/Jul/2025:13:11:17 -0400] "GET /98nchr143.html HTTP/1.1" 200 86962 "-" "Mozilla/5.0 (Linux; Android 6.0.1; Nexus 5X Build/MMB29P) AppleWebKit/537.36 (KHTML, like Gecko) Chrome/137.0.7151.103 Mobile Safari/537.36 (compatible; Googlebot/2.1; +http://www.google.com/bot.html)"
47.82.60.48 - - [07/Jul/2025:13:11:18 -0400] "GET /86bgpd825.html HTTP/1.1" 404 23126 "https://dangroup.sa/86bgpd825.html" "Mozilla/5.0 (Windows NT 10.0; Win64; x64) AppleWebKit/537.36 (KHTML, like Gecko) Chrome/114.0.0.0 Safari/537.36 Edg/114.0.1823.43"
66.249.64.162 - - [07/Jul/2025:13:11:23 -0400] "GET /items/oqskd257/27037?key=chaos HTTP/1.1" 200 88030 "-" "Mozilla/5.0 (Linux; Android 6.0.1; Nexus 5X Build/MMB29P) AppleWebKit/537.36 (KHTML, like Gecko) Chrome/137.0.7151.103 Mobile Safari/537.36 (compatible; Googlebot/2.1; +http://www.google.com/bot.html)"
136.243.228.194 - - [07/Jul/2025:13:11:23 -0400] "GET /24pqb40771.html HTTP/1.1" 404 23126 "-" "Mozilla/5.0 (compatible; DataForSeoBot/1.0; +https://dataforseo.com/dataforseo-bot)"
66.249.64.161 - - [07/Jul/2025:13:11:29 -0400] "GET /items/ivtlk254/32660?key=position HTTP/1.1" 200 86254 "-" "Mozilla/5.0 (Linux; Android 6.0.1; Nexus 5X Build/MMB29P) AppleWebKit/537.36 (KHTML, like Gecko) Chrome/137.0.7151.103 Mobile Safari/537.36 (compatible; Googlebot/2.1; +http://www.google.com/bot.html)"
2a01:4f8:222:3046::2 - - [07/Jul/2025:13:11:31 -0400] "GET /xmlrpc.php HTTP/1.1" 403 1242 "http://dangroup.sa" "Mozilla/5.0 (Macintosh; Intel Mac OS X 14_6) AppleWebKit/605.1.15 (KHTML, like Gecko) Version/17.5 Safari/605.1.15"
20.171.207.36 - - [07/Jul/2025:13:11:29 -0400] "GET /83sazk12140.html HTTP/1.1" 404 23126 "-" "Mozilla/5.0 AppleWebKit/537.36 (KHTML, like Gecko; compatible; GPTBot/1.2; +https://openai.com/gptbot)"
66.249.64.161 - - [07/Jul/2025:13:11:31 -0400] "GET /116jui22949.html HTTP/1.1" 200 86624 "-" "Mozilla/5.0 (Linux; Android 6.0.1; Nexus 5X Build/MMB29P) AppleWebKit/537.36 (KHTML, like Gecko) Chrome/137.0.7151.103 Mobile Safari/537.36 (compatible; Googlebot/2.1; +http://www.google.com/bot.html)"
136.243.228.194 - - [07/Jul/2025:13:11:31 -0400] "GET /150ncpyb18029.html HTTP/1.1" 404 23126 "-" "Mozilla/5.0 (compatible; DataForSeoBot/1.0; +https://dataforseo.com/dataforseo-bot)"
114.119.138.251 - - [07/Jul/2025:13:11:30 -0400] "GET /en/2024/06/ HTTP/1.1" 200 24192 "https://dangroup.sa/en/insights-from-industry-leaders/" "Mozilla/5.0 (Linux; Android 7.0;) AppleWebKit/537.36 (KHTML, like Gecko) Mobile Safari/537.36 (compatible; PetalBot;+https://webmaster.petalsearch.com/site/petalbot)"
136.243.228.194 - - [07/Jul/2025:13:11:38 -0400] "GET /135majq15860.html HTTP/1.1" 404 23126 "-" "Mozilla/5.0 (compatible; DataForSeoBot/1.0; +https://dataforseo.com/dataforseo-bot)"
104.210.140.138 - - [07/Jul/2025:13:11:41 -0400] "GET /robots.txt HTTP/1.1" 304 0 "-" "Mozilla/5.0 (Macintosh; Intel Mac OS X 10_15_7) AppleWebKit/537.36 (KHTML, like Gecko) Chrome/131.0.0.0 Safari/537.36; compatible; OAI-SearchBot/1.0; +https://openai.com/searchbot"
66.249.64.99 - - [07/Jul/2025:13:11:41 -0400] "GET /items/mbxfb64/25656?key=prime HTTP/1.1" 200 86959 "-" "Mozilla/5.0 (Linux; Android 6.0.1; Nexus 5X Build/MMB29P) AppleWebKit/537.36 (KHTML, like Gecko) Chrome/137.0.7151.103 Mobile Safari/537.36 (compatible; Googlebot/2.1; +http://www.google.com/bot.html)"
136.243.228.194 - - [07/Jul/2025:13:11:42 -0400] "GET /items/uvnsp101/6343?key=coin HTTP/1.1" 404 23126 "-" "Mozilla/5.0 (compatible; DataForSeoBot/1.0; +https://dataforseo.com/dataforseo-bot)"
136.243.228.194 - - [07/Jul/2025:13:11:47 -0400] "GET /items/hlvda39/62309?key=beef HTTP/1.1" 404 23126 "-" "Mozilla/5.0 (compatible; DataForSeoBot/1.0; +https://dataforseo.com/dataforseo-bot)"
188.166.211.225 - - [07/Jul/2025:13:11:54 -0400] "GET /wp-login.php HTTP/1.1" 200 3095 "-" "Mozilla/5.0 (Macintosh; Intel Mac OS X 10_11_5) AppleWebKit/537.36 (KHTML, like Gecko) Chrome/50.0.2661.102 Safari/537.36"
66.249.64.162 - - [07/Jul/2025:13:11:55 -0400] "GET /pcmypage?callback=product%2Fdetail%2Fsuzukimotors-bkvx094 HTTP/1.1" 200 87520 "-" "Mozilla/5.0 (Linux; Android 6.0.1; Nexus 5X Build/MMB29P) AppleWebKit/537.36 (KHTML, like Gecko) Chrome/137.0.7151.103 Mobile Safari/537.36 (compatible; Googlebot/2.1; +http://www.google.com/bot.html)"
136.243.228.194 - - [07/Jul/2025:13:11:56 -0400] "GET /items/zvoyf24/17922?key=subsidy HTTP/1.1" 404 23126 "-" "Mozilla/5.0 (compatible; DataForSeoBot/1.0; +https://dataforseo.com/dataforseo-bot)"
188.166.211.225 - - [07/Jul/2025:13:11:59 -0400] "GET /wp-login.php HTTP/1.1" 200 3095 "-" "Mozilla/5.0 (Macintosh; Intel Mac OS X 10_11_5) AppleWebKit/537.36 (KHTML, like Gecko) Chrome/50.0.2661.102 Safari/537.36"
66.29.146.47 - - [07/Jul/2025:13:12:05 -0400] "POST /wp-cron.php?doing_wp_cron=1751908324.9461319446563720703125 HTTP/1.1" 403 1242 "-" "WordPress/6.8; https://dangroup.sa"
136.243.228.194 - - [07/Jul/2025:13:12:04 -0400] "GET /items/faevy286/33152?key=user HTTP/1.1" 404 23126 "-" "Mozilla/5.0 (compatible; DataForSeoBot/1.0; +https://dataforseo.com/dataforseo-bot)"
66.249.64.161 - - [07/Jul/2025:13:12:10 -0400] "GET /49dkej634.html HTTP/1.1" 200 86697 "-" "Mozilla/5.0 (Linux; Android 6.0.1; Nexus 5X Build/MMB29P) AppleWebKit/537.36 (KHTML, like Gecko) Chrome/137.0.7151.103 Mobile Safari/537.36 (compatible; Googlebot/2.1; +http://www.google.com/bot.html)"
136.243.228.194 - - [07/Jul/2025:13:12:11 -0400] "GET /103pov25956.html HTTP/1.1" 404 23126 "-" "Mozilla/5.0 (compatible; DataForSeoBot/1.0; +https://dataforseo.com/dataforseo-bot)"
136.243.228.194 - - [07/Jul/2025:13:12:17 -0400] "GET /items/lvkwk275/3637?key=desire HTTP/1.1" 404 23126 "-" "Mozilla/5.0 (compatible; DataForSeoBot/1.0; +https://dataforseo.com/dataforseo-bot)"
136.243.228.194 - - [07/Jul/2025:13:12:22 -0400] "GET /items/khhug271/34147?key=gang HTTP/1.1" 404 23126 "-" "Mozilla/5.0 (compatible; DataForSeoBot/1.0; +https://dataforseo.com/dataforseo-bot)"
8.134.130.210 - - [07/Jul/2025:13:12:25 -0400] "GET /xmlrpc.php HTTP/1.1" 403 1242 "https://danevnt.com" "Mozilla/5.0 (Macintosh; Intel Mac OS X 10_15_7) AppleWebKit/537.36 (KHTML, like Gecko) Chrome/114.0.5735.134 Safari/537.36"
136.243.228.194 - - [07/Jul/2025:13:12:27 -0400] "GET /177lot46850.html HTTP/1.1" 404 23126 "-" "Mozilla/5.0 (compatible; DataForSeoBot/1.0; +https://dataforseo.com/dataforseo-bot)"
20.171.207.36 - - [07/Jul/2025:13:12:31 -0400] "GET /267qjih1406.html HTTP/1.1" 404 23126 "-" "Mozilla/5.0 AppleWebKit/537.36 (KHTML, like Gecko; compatible; GPTBot/1.2; +https://openai.com/gptbot)"
136.243.228.194 - - [07/Jul/2025:13:12:32 -0400] "GET /144mdr6053.html HTTP/1.1" 404 23126 "-" "Mozilla/5.0 (compatible; DataForSeoBot/1.0; +https://dataforseo.com/dataforseo-bot)"
66.249.64.161 - - [07/Jul/2025:13:12:35 -0400] "GET /194wwj47433.html HTTP/1.1" 200 86522 "-" "Mozilla/5.0 (Linux; Android 6.0.1; Nexus 5X Build/MMB29P) AppleWebKit/537.36 (KHTML, like Gecko) Chrome/137.0.7151.103 Mobile Safari/537.36 (compatible; Googlebot/2.1; +http://www.google.com/bot.html)"
136.243.228.194 - - [07/Jul/2025:13:12:39 -0400] "GET /148lyqag30463.html HTTP/1.1" 404 23126 "-" "Mozilla/5.0 (compatible; DataForSeoBot/1.0; +https://dataforseo.com/dataforseo-bot)"
188.166.211.225 - - [07/Jul/2025:13:12:43 -0400] "GET /wp-login.php HTTP/1.1" 200 3095 "-" "Mozilla/5.0 (Windows NT 6.1; WOW64; Trident/7.0; AS; rv:11.0) like Gecko"
188.166.211.225 - - [07/Jul/2025:13:12:48 -0400] "GET /wp-login.php HTTP/1.1" 200 3095 "-" "Mozilla/5.0 (Windows NT 6.1; WOW64; Trident/7.0; AS; rv:11.0) like Gecko"
136.243.228.194 - - [07/Jul/2025:13:12:47 -0400] "GET /9yxsd13534.html HTTP/1.1" 404 23126 "-" "Mozilla/5.0 (compatible; DataForSeoBot/1.0; +https://dataforseo.com/dataforseo-bot)"
136.243.228.194 - - [07/Jul/2025:13:12:53 -0400] "GET /items/udmid211/26291?key=odds HTTP/1.1" 404 23126 "-" "Mozilla/5.0 (compatible; DataForSeoBot/1.0; +https://dataforseo.com/dataforseo-bot)"
66.249.64.161 - - [07/Jul/2025:13:13:00 -0400] "GET /category/591_3797/1/listing HTTP/1.1" 200 86704 "-" "Mozilla/5.0 (Linux; Android 6.0.1; Nexus 5X Build/MMB29P) AppleWebKit/537.36 (KHTML, like Gecko) Chrome/137.0.7151.103 Mobile Safari/537.36 (compatible; Googlebot/2.1; +http://www.google.com/bot.html)"
136.243.228.194 - - [07/Jul/2025:13:12:59 -0400] "GET /205nkh37288.html HTTP/1.1" 404 23126 "-" "Mozilla/5.0 (compatible; DataForSeoBot/1.0; +https://dataforseo.com/dataforseo-bot)"
136.243.228.194 - - [07/Jul/2025:13:13:04 -0400] "GET /items/fwyxx283/5077?key=twenty HTTP/1.1" 404 23126 "-" "Mozilla/5.0 (compatible; DataForSeoBot/1.0; +https://dataforseo.com/dataforseo-bot)"
66.29.146.47 - - [07/Jul/2025:13:13:10 -0400] "POST /wp-cron.php?doing_wp_cron=1751908389.3452498912811279296875 HTTP/1.1" 403 1242 "-" "WordPress/6.8; https://dangroup.sa"
136.243.228.194 - - [07/Jul/2025:13:13:08 -0400] "GET /items/zjtve226/10834?key=adjustment HTTP/1.1" 404 23126 "-" "Mozilla/5.0 (compatible; DataForSeoBot/1.0; +https://dataforseo.com/dataforseo-bot)"
136.243.228.194 - - [07/Jul/2025:13:13:14 -0400] "GET /31ibd31930.html HTTP/1.1" 404 23126 "-" "Mozilla/5.0 (compatible; DataForSeoBot/1.0; +https://dataforseo.com/dataforseo-bot)"
136.243.228.194 - - [07/Jul/2025:13:13:20 -0400] "GET /items/dtoeo44/25264?key=spray HTTP/1.1" 404 23126 "-" "Mozilla/5.0 (compatible; DataForSeoBot/1.0; +https://dataforseo.com/dataforseo-bot)"
66.249.64.161 - - [07/Jul/2025:13:13:24 -0400] "GET /pcmypage?callback=product%2Fdetail%2Fjordan23-19_004329_dd15d98c-1 HTTP/1.1" 200 86390 "-" "Mozilla/5.0 (Linux; Android 6.0.1; Nexus 5X Build/MMB29P) AppleWebKit/537.36 (KHTML, like Gecko) Chrome/137.0.7151.103 Mobile Safari/537.36 (compatible; Googlebot/2.1; +http://www.google.com/bot.html)"
188.166.211.225 - - [07/Jul/2025:13:13:26 -0400] "GET /wp-login.php HTTP/1.1" 200 3129 "-" "Mozilla/5.0 (Windows NT 10.0; Win64; x64) AppleWebKit/537.36 (KHTML, like Gecko) Chrome/58.0.3029.110 Safari/537.3"
136.243.228.194 - - [07/Jul/2025:13:13:24 -0400] "GET /items/afauk33/37247?key=context HTTP/1.1" 404 23126 "-" "Mozilla/5.0 (compatible; DataForSeoBot/1.0; +https://dataforseo.com/dataforseo-bot)"
66.249.64.161 - - [07/Jul/2025:13:13:27 -0400] "GET /items/ijkgt4/998?key=but HTTP/1.1" 200 87314 "-" "Mozilla/5.0 (Linux; Android 6.0.1; Nexus 5X Build/MMB29P) AppleWebKit/537.36 (KHTML, like Gecko) Chrome/137.0.7151.103 Mobile Safari/537.36 (compatible; Googlebot/2.1; +http://www.google.com/bot.html)"
188.166.211.225 - - [07/Jul/2025:13:13:30 -0400] "GET /wp-login.php HTTP/1.1" 200 3095 "-" "Mozilla/5.0 (Windows NT 10.0; Win64; x64) AppleWebKit/537.36 (KHTML, like Gecko) Chrome/58.0.3029.110 Safari/537.3"
136.243.228.194 - - [07/Jul/2025:13:13:29 -0400] "GET /58glgko29973.html HTTP/1.1" 404 23126 "-" "Mozilla/5.0 (compatible; DataForSeoBot/1.0; +https://dataforseo.com/dataforseo-bot)"
20.171.207.36 - - [07/Jul/2025:13:13:31 -0400] "GET /60enpx30765.html HTTP/1.1" 404 23126 "-" "Mozilla/5.0 AppleWebKit/537.36 (KHTML, like Gecko; compatible; GPTBot/1.2; +https://openai.com/gptbot)"
136.243.228.194 - - [07/Jul/2025:13:13:34 -0400] "GET /125nvj6706.html HTTP/1.1" 404 23126 "-" "Mozilla/5.0 (compatible; DataForSeoBot/1.0; +https://dataforseo.com/dataforseo-bot)"
136.243.228.194 - - [07/Jul/2025:13:13:37 -0400] "GET /141xhjj19140.html HTTP/1.1" 404 23126 "-" "Mozilla/5.0 (compatible; DataForSeoBot/1.0; +https://dataforseo.com/dataforseo-bot)"
136.243.228.194 - - [07/Jul/2025:13:13:41 -0400] "GET /items/yfdcs227/16341?key=flexibility HTTP/1.1" 404 23126 "-" "Mozilla/5.0 (compatible; DataForSeoBot/1.0; +https://dataforseo.com/dataforseo-bot)"
136.243.228.194 - - [07/Jul/2025:13:13:45 -0400] "GET /items/xaqop72/32002?key=inflation HTTP/1.1" 404 23126 "-" "Mozilla/5.0 (compatible; DataForSeoBot/1.0; +https://dataforseo.com/dataforseo-bot)"
136.243.228.194 - - [07/Jul/2025:13:13:49 -0400] "GET /items/vvlob48/22776?key=sexually HTTP/1.1" 404 23126 "-" "Mozilla/5.0 (compatible; DataForSeoBot/1.0; +https://dataforseo.com/dataforseo-bot)"
136.243.228.194 - - [07/Jul/2025:13:13:53 -0400] "GET /135pyek8996.html HTTP/1.1" 404 23126 "-" "Mozilla/5.0 (compatible; DataForSeoBot/1.0; +https://dataforseo.com/dataforseo-bot)"
66.249.64.161 - - [07/Jul/2025:13:13:56 -0400] "GET /items/eqwqb197/6537?key=town HTTP/1.1" 200 86932 "-" "Mozilla/5.0 (Linux; Android 6.0.1; Nexus 5X Build/MMB29P) AppleWebKit/537.36 (KHTML, like Gecko) Chrome/137.0.7151.103 Mobile Safari/537.36 (compatible; Googlebot/2.1; +http://www.google.com/bot.html)"
66.249.64.161 - - [07/Jul/2025:13:13:59 -0400] "GET /product/edit/halloc-esco-ea468cy-69a HTTP/1.1" 200 86708 "-" "Mozilla/5.0 (Linux; Android 6.0.1; Nexus 5X Build/MMB29P) AppleWebKit/537.36 (KHTML, like Gecko) Chrome/137.0.7151.103 Mobile Safari/537.36 (compatible; Googlebot/2.1; +http://www.google.com/bot.html)"
136.243.228.194 - - [07/Jul/2025:13:13:57 -0400] "GET /20dvmay6027.html HTTP/1.1" 404 23126 "-" "Mozilla/5.0 (compatible; DataForSeoBot/1.0; +https://dataforseo.com/dataforseo-bot)"
136.243.228.194 - - [07/Jul/2025:13:14:03 -0400] "GET /181angj25718.html HTTP/1.1" 404 23126 "-" "Mozilla/5.0 (compatible; DataForSeoBot/1.0; +https://dataforseo.com/dataforseo-bot)"
66.249.64.161 - - [07/Jul/2025:13:14:08 -0400] "GET /pcmypage?callback=/product%2Fdetail%2Fishing-you-4550133512087-a-1 HTTP/1.1" 200 87153 "-" "Mozilla/5.0 (Linux; Android 6.0.1; Nexus 5X Build/MMB29P) AppleWebKit/537.36 (KHTML, like Gecko) Chrome/137.0.7151.103 Mobile Safari/537.36 (compatible; Googlebot/2.1; +http://www.google.com/bot.html)"
136.243.228.194 - - [07/Jul/2025:13:14:07 -0400] "GET /items/birew188/3930?key=principal HTTP/1.1" 404 23126 "-" "Mozilla/5.0 (compatible; DataForSeoBot/1.0; +https://dataforseo.com/dataforseo-bot)"
66.29.146.47 - - [07/Jul/2025:13:14:12 -0400] "POST /wp-cron.php?doing_wp_cron=1751908451.9679150581359863281250 HTTP/1.1" 403 1242 "-" "WordPress/6.8; https://dangroup.sa"
136.243.228.194 - - [07/Jul/2025:13:14:11 -0400] "GET /items/fhyex80/12632?key=divide HTTP/1.1" 404 23126 "-" "Mozilla/5.0 (compatible; DataForSeoBot/1.0; +https://dataforseo.com/dataforseo-bot)"
136.243.228.194 - - [07/Jul/2025:13:14:15 -0400] "GET /105htdh18650.html HTTP/1.1" 404 23127 "-" "Mozilla/5.0 (compatible; DataForSeoBot/1.0; +https://dataforseo.com/dataforseo-bot)"
66.249.64.161 - - [07/Jul/2025:13:14:19 -0400] "GET /125nefmb12984.html HTTP/1.1" 200 86844 "-" "Mozilla/5.0 (Linux; Android 6.0.1; Nexus 5X Build/MMB29P) AppleWebKit/537.36 (KHTML, like Gecko) Chrome/137.0.7151.103 Mobile Safari/537.36 (compatible; Googlebot/2.1; +http://www.google.com/bot.html)"
136.243.228.194 - - [07/Jul/2025:13:14:19 -0400] "GET /116qljj9251.html HTTP/1.1" 404 23126 "-" "Mozilla/5.0 (compatible; DataForSeoBot/1.0; +https://dataforseo.com/dataforseo-bot)"
