13.74.153.204 - - [07/Jul/2025:14:42:36 -0400] "GET /.well-known/pki-validation/xmrlpc.php HTTP/1.1" 404 1251 "-" "-"
13.74.153.204 - - [07/Jul/2025:14:42:36 -0400] "GET /admin-header.php HTTP/1.1" 404 23126 "-" "-"
13.74.153.204 - - [07/Jul/2025:14:42:38 -0400] "GET /.well-known/acme-challenge/index.php HTTP/1.1" 301 0 "-" "-"
136.243.228.194 - - [07/Jul/2025:14:42:37 -0400] "GET /146xfxn7513.html HTTP/1.1" 404 23127 "-" "Mozilla/5.0 (compatible; DataForSeoBot/1.0; +https://dataforseo.com/dataforseo-bot)"
13.74.153.204 - - [07/Jul/2025:14:42:38 -0400] "GET /.well-known/acme-challenge/ HTTP/1.1" 404 23126 "-" "-"
13.74.153.204 - - [07/Jul/2025:14:42:39 -0400] "GET /wp-configs.php HTTP/1.1" 404 23127 "-" "-"
13.74.153.204 - - [07/Jul/2025:14:42:41 -0400] "GET /wp-content/upgrade/ HTTP/1.1" 200 544 "-" "-"
66.249.64.161 - - [07/Jul/2025:14:42:41 -0400] "GET /pcmypage?callback=product/review/akibaoo-r-hm000852406 HTTP/1.1" 200 87582 "-" "Mozilla/5.0 (Linux; Android 6.0.1; Nexus 5X Build/MMB29P) AppleWebKit/537.36 (KHTML, like Gecko) Chrome/137.0.7151.103 Mobile Safari/537.36 (compatible; Googlebot/2.1; +http://www.google.com/bot.html)"
13.74.153.204 - - [07/Jul/2025:14:42:41 -0400] "GET /go.php HTTP/1.1" 404 23126 "-" "-"
136.243.228.194 - - [07/Jul/2025:14:42:42 -0400] "GET /items/rwtgi146/17038?key=cancel HTTP/1.1" 404 23126 "-" "Mozilla/5.0 (compatible; DataForSeoBot/1.0; +https://dataforseo.com/dataforseo-bot)"
13.74.153.204 - - [07/Jul/2025:14:42:42 -0400] "GET /data.php HTTP/1.1" 404 23126 "-" "-"
13.74.153.204 - - [07/Jul/2025:14:42:44 -0400] "GET /news.php HTTP/1.1" 404 23126 "-" "-"
66.249.64.161 - - [07/Jul/2025:14:42:45 -0400] "GET /items/oygub70/45268?key=graduation HTTP/1.1" 200 87046 "-" "Mozilla/5.0 (Linux; Android 6.0.1; Nexus 5X Build/MMB29P) AppleWebKit/537.36 (KHTML, like Gecko) Chrome/137.0.7151.103 Mobile Safari/537.36 (compatible; Googlebot/2.1; +http://www.google.com/bot.html)"
13.74.153.204 - - [07/Jul/2025:14:42:45 -0400] "GET /about.PHP HTTP/1.1" 404 23126 "-" "-"
20.171.207.36 - - [07/Jul/2025:14:42:45 -0400] "GET /48sari1563.html HTTP/1.1" 404 23126 "-" "Mozilla/5.0 AppleWebKit/537.36 (KHTML, like Gecko; compatible; GPTBot/1.2; +https://openai.com/gptbot)"
136.243.228.194 - - [07/Jul/2025:14:42:45 -0400] "GET /items/hqnyf46/14226?key=purple HTTP/1.1" 404 23126 "-" "Mozilla/5.0 (compatible; DataForSeoBot/1.0; +https://dataforseo.com/dataforseo-bot)"
13.74.153.204 - - [07/Jul/2025:14:42:47 -0400] "GET /.well-known/acme-challenge/mariju.php HTTP/1.1" 404 23126 "-" "-"
13.74.153.204 - - [07/Jul/2025:14:42:49 -0400] "GET /app.php HTTP/1.1" 404 23126 "-" "-"
136.243.228.194 - - [07/Jul/2025:14:42:50 -0400] "GET /104vqjt27005.html HTTP/1.1" 404 23126 "-" "Mozilla/5.0 (compatible; DataForSeoBot/1.0; +https://dataforseo.com/dataforseo-bot)"
13.74.153.204 - - [07/Jul/2025:14:42:50 -0400] "GET /we.php HTTP/1.1" 404 23126 "-" "-"
13.74.153.204 - - [07/Jul/2025:14:42:52 -0400] "GET /wp-includes/Text/about.php HTTP/1.1" 404 23126 "-" "-"
13.74.153.204 - - [07/Jul/2025:14:42:53 -0400] "GET /inputs.php HTTP/1.1" 404 23126 "-" "-"
13.74.153.204 - - [07/Jul/2025:14:42:54 -0400] "GET /wp-signup.php HTTP/1.1" 403 1242 "-" "-"
136.243.228.194 - - [07/Jul/2025:14:42:53 -0400] "GET /23usmi42692.html HTTP/1.1" 404 23126 "-" "Mozilla/5.0 (compatible; DataForSeoBot/1.0; +https://dataforseo.com/dataforseo-bot)"
13.74.153.204 - - [07/Jul/2025:14:42:54 -0400] "GET /wp-includes/blocks/block/ HTTP/1.1" 200 615 "-" "-"
13.74.153.204 - - [07/Jul/2025:14:42:55 -0400] "GET /makeasmtp.php HTTP/1.1" 404 23126 "-" "-"
13.74.153.204 - - [07/Jul/2025:14:42:56 -0400] "GET /wp-includes/PHPMailer/ HTTP/1.1" 200 687 "-" "-"
13.74.153.204 - - [07/Jul/2025:14:42:56 -0400] "GET /pki-validation/ HTTP/1.1" 404 23126 "-" "-"
13.74.153.204 - - [07/Jul/2025:14:42:58 -0400] "GET /wp-admin/users.php HTTP/1.1" 403 1242 "-" "-"
66.249.64.162 - - [07/Jul/2025:14:42:57 -0400] "GET /items/fumsw78/38134?key=inform HTTP/1.1" 200 87558 "-" "Mozilla/5.0 (Linux; Android 6.0.1; Nexus 5X Build/MMB29P) AppleWebKit/537.36 (KHTML, like Gecko) Chrome/137.0.7151.103 Mobile Safari/537.36 (compatible; Googlebot/2.1; +http://www.google.com/bot.html)"
136.243.228.194 - - [07/Jul/2025:14:42:57 -0400] "GET /57ojndi34486.html HTTP/1.1" 404 23126 "-" "Mozilla/5.0 (compatible; DataForSeoBot/1.0; +https://dataforseo.com/dataforseo-bot)"
188.166.211.225 - - [07/Jul/2025:14:42:59 -0400] "GET /wp-login.php HTTP/1.1" 200 3129 "-" "Mozilla/5.0 (Windows NT 6.3; WOW64; rv:40.0) Gecko/20100101 Firefox/40.0"
13.74.153.204 - - [07/Jul/2025:14:42:58 -0400] "GET /al.php HTTP/1.1" 404 23126 "-" "-"
13.74.153.204 - - [07/Jul/2025:14:42:59 -0400] "GET /revision.php HTTP/1.1" 404 23126 "-" "-"
13.74.153.204 - - [07/Jul/2025:14:43:01 -0400] "GET /wp-cron.php HTTP/1.1" 403 1242 "-" "-"
66.29.146.47 - - [07/Jul/2025:14:43:02 -0400] "POST /wp-cron.php?doing_wp_cron=1751913782.0554330348968505859375 HTTP/1.1" 403 1242 "-" "WordPress/6.8; https://dangroup.sa"
13.74.153.204 - - [07/Jul/2025:14:43:01 -0400] "GET /mari.php HTTP/1.1" 404 23126 "-" "-"
13.74.153.204 - - [07/Jul/2025:14:43:02 -0400] "GET /wp-includes/Requests/library/index.php HTTP/1.1" 301 0 "-" "-"
13.74.153.204 - - [07/Jul/2025:14:43:03 -0400] "GET /wp-includes/Requests/library/ HTTP/1.1" 200 629 "-" "-"
188.166.211.225 - - [07/Jul/2025:14:43:03 -0400] "GET /wp-login.php HTTP/1.1" 200 3095 "-" "Mozilla/5.0 (Windows NT 6.3; WOW64; rv:40.0) Gecko/20100101 Firefox/40.0"
136.243.228.194 - - [07/Jul/2025:14:43:01 -0400] "GET /104lrm16531.html HTTP/1.1" 404 23126 "-" "Mozilla/5.0 (compatible; DataForSeoBot/1.0; +https://dataforseo.com/dataforseo-bot)"
13.74.153.204 - - [07/Jul/2025:14:43:03 -0400] "GET /class-php HTTP/1.1" 404 23126 "-" "-"
13.74.153.204 - - [07/Jul/2025:14:43:05 -0400] "GET /wp-admin/css/colors/blue/admin.php HTTP/1.1" 404 23126 "-" "-"
13.74.153.204 - - [07/Jul/2025:14:43:06 -0400] "GET /admin/index.php HTTP/1.1" 301 0 "-" "-"
136.243.228.194 - - [07/Jul/2025:14:43:06 -0400] "GET /items/qfscn237/3705?key=once HTTP/1.1" 404 23126 "-" "Mozilla/5.0 (compatible; DataForSeoBot/1.0; +https://dataforseo.com/dataforseo-bot)"
13.74.153.204 - - [07/Jul/2025:14:43:07 -0400] "GET /admin/ HTTP/1.1" 302 0 "-" "-"
13.74.153.204 - - [07/Jul/2025:14:43:07 -0400] "GET /wp-admin/ HTTP/1.1" 302 0 "-" "-"
13.74.153.204 - - [07/Jul/2025:14:43:08 -0400] "GET /wp-login.php?redirect_to=https%3A%2F%2Fdangroup.sa%2Fwp-admin%2F&reauth=1 HTTP/1.1" 200 2175 "-" "-"
13.74.153.204 - - [07/Jul/2025:14:43:08 -0400] "GET /cloud.php HTTP/1.1" 404 23126 "-" "-"
136.243.228.194 - - [07/Jul/2025:14:43:09 -0400] "GET /283mxcn18366.html HTTP/1.1" 404 23126 "-" "Mozilla/5.0 (compatible; DataForSeoBot/1.0; +https://dataforseo.com/dataforseo-bot)"
13.74.153.204 - - [07/Jul/2025:14:43:09 -0400] "GET /.well-known/acme-challenge/doc.php HTTP/1.1" 404 23127 "-" "-"
13.74.153.204 - - [07/Jul/2025:14:43:11 -0400] "GET /cgi-bin/index.php HTTP/1.1" 404 1251 "-" "-"
13.74.153.204 - - [07/Jul/2025:14:43:11 -0400] "GET /init.php HTTP/1.1" 404 23126 "-" "-"
13.74.153.204 - - [07/Jul/2025:14:43:13 -0400] "GET /as/function.php HTTP/1.1" 404 23126 "-" "-"
136.243.228.194 - - [07/Jul/2025:14:43:14 -0400] "GET /173vadoq30528.html HTTP/1.1" 404 23126 "-" "Mozilla/5.0 (compatible; DataForSeoBot/1.0; +https://dataforseo.com/dataforseo-bot)"
13.74.153.204 - - [07/Jul/2025:14:43:14 -0400] "GET /shx.php HTTP/1.1" 404 23126 "-" "-"
13.74.153.204 - - [07/Jul/2025:14:43:16 -0400] "GET /wp-includes/style-engine/about.php HTTP/1.1" 404 23126 "-" "-"
136.243.228.194 - - [07/Jul/2025:14:43:17 -0400] "GET /items/vqplt46/39296?key=restriction HTTP/1.1" 404 23126 "-" "Mozilla/5.0 (compatible; DataForSeoBot/1.0; +https://dataforseo.com/dataforseo-bot)"
66.249.64.161 - - [07/Jul/2025:14:43:18 -0400] "GET /items/twjim300/47116?key=counterpart HTTP/1.1" 200 87011 "-" "Mozilla/5.0 (Linux; Android 6.0.1; Nexus 5X Build/MMB29P) AppleWebKit/537.36 (KHTML, like Gecko) Chrome/137.0.7151.103 Mobile Safari/537.36 (compatible; Googlebot/2.1; +http://www.google.com/bot.html)"
13.74.153.204 - - [07/Jul/2025:14:43:17 -0400] "GET /www.php HTTP/1.1" 404 23126 "-" "-"
13.74.153.204 - - [07/Jul/2025:14:43:19 -0400] "GET /wp-includes/js/tinymce/skins/lightgray/img/index.php HTTP/1.1" 301 0 "-" "-"
13.74.153.204 - - [07/Jul/2025:14:43:20 -0400] "GET /wp-includes/js/tinymce/skins/lightgray/img/ HTTP/1.1" 200 702 "-" "-"
188.166.211.225 - - [07/Jul/2025:14:43:20 -0400] "GET /wp-login.php HTTP/1.1" 200 3095 "-" "Mozilla/5.0 (Windows NT 6.1; WOW64; Trident/7.0; AS; rv:11.0) like Gecko"
13.74.153.204 - - [07/Jul/2025:14:43:20 -0400] "GET /sim.php HTTP/1.1" 404 23126 "-" "-"
13.74.153.204 - - [07/Jul/2025:14:43:22 -0400] "GET /wp-includes/php-compat/ HTTP/1.1" 200 623 "-" "-"
188.166.211.225 - - [07/Jul/2025:14:43:22 -0400] "GET /wp-login.php HTTP/1.1" 200 3095 "-" "Mozilla/5.0 (Windows NT 6.1; WOW64; Trident/7.0; AS; rv:11.0) like Gecko"
13.74.153.204 - - [07/Jul/2025:14:43:22 -0400] "GET /wp-activate.php HTTP/1.1" 403 1242 "-" "-"
136.243.228.194 - - [07/Jul/2025:14:43:21 -0400] "GET /items/whbxt8/8156?key=and HTTP/1.1" 404 23126 "-" "Mozilla/5.0 (compatible; DataForSeoBot/1.0; +https://dataforseo.com/dataforseo-bot)"
13.74.153.204 - - [07/Jul/2025:14:43:22 -0400] "GET /w.php HTTP/1.1" 404 23127 "-" "-"
13.74.153.204 - - [07/Jul/2025:14:43:24 -0400] "GET /wp-includes/js/tinymce/skins/wordpress/images/index.php HTTP/1.1" 301 0 "-" "-"
13.74.153.204 - - [07/Jul/2025:14:43:25 -0400] "GET /wp-includes/js/tinymce/skins/wordpress/images/ HTTP/1.1" 200 1196 "-" "-"
13.74.153.204 - - [07/Jul/2025:14:43:25 -0400] "GET /wp-admin/user/ HTTP/1.1" 302 0 "-" "-"
13.74.153.204 - - [07/Jul/2025:14:43:26 -0400] "GET /wp-login.php?redirect_to=https%3A%2F%2Fdangroup.sa%2Fwp-admin%2Fuser%2F&reauth=1 HTTP/1.1" 200 2190 "-" "-"
136.243.228.194 - - [07/Jul/2025:14:43:25 -0400] "GET /items/tgaxi263/22131?key=secret HTTP/1.1" 404 23126 "-" "Mozilla/5.0 (compatible; DataForSeoBot/1.0; +https://dataforseo.com/dataforseo-bot)"
13.74.153.204 - - [07/Jul/2025:14:43:27 -0400] "GET /wp-admin/user/index.php HTTP/1.1" 302 0 "-" "-"
13.74.153.204 - - [07/Jul/2025:14:43:27 -0400] "GET /wp-login.php?redirect_to=https%3A%2F%2Fdangroup.sa%2Fwp-admin%2Fuser%2Findex.php&reauth=1 HTTP/1.1" 200 2192 "-" "-"
13.74.153.204 - - [07/Jul/2025:14:43:28 -0400] "GET /temp.php HTTP/1.1" 404 23126 "-" "-"
13.74.153.204 - - [07/Jul/2025:14:43:29 -0400] "GET /.tmb/cloud.php HTTP/1.1" 404 23127 "-" "-"
136.243.228.194 - - [07/Jul/2025:14:43:30 -0400] "GET /items/ltlls285/48601?key=transition HTTP/1.1" 404 23127 "-" "Mozilla/5.0 (compatible; DataForSeoBot/1.0; +https://dataforseo.com/dataforseo-bot)"
13.74.153.204 - - [07/Jul/2025:14:43:30 -0400] "GET /source.php HTTP/1.1" 404 23126 "-" "-"
13.74.153.204 - - [07/Jul/2025:14:43:32 -0400] "GET /readme.php HTTP/1.1" 404 23126 "-" "-"
13.74.153.204 - - [07/Jul/2025:14:43:33 -0400] "GET /wp-includes/wp-includes_function.php HTTP/1.1" 404 23126 "-" "-"
136.243.228.194 - - [07/Jul/2025:14:43:34 -0400] "GET /73fgk45912.html HTTP/1.1" 404 23126 "-" "Mozilla/5.0 (compatible; DataForSeoBot/1.0; +https://dataforseo.com/dataforseo-bot)"
13.74.153.204 - - [07/Jul/2025:14:43:34 -0400] "GET /sidwso.php HTTP/1.1" 404 23127 "-" "-"
13.74.153.204 - - [07/Jul/2025:14:43:35 -0400] "GET /sh.php HTTP/1.1" 404 23126 "-" "-"
13.74.153.204 - - [07/Jul/2025:14:43:36 -0400] "GET /send.php HTTP/1.1" 404 23126 "-" "-"
136.243.228.194 - - [07/Jul/2025:14:43:37 -0400] "GET /201zbdw2840.html HTTP/1.1" 404 23126 "-" "Mozilla/5.0 (compatible; DataForSeoBot/1.0; +https://dataforseo.com/dataforseo-bot)"
13.74.153.204 - - [07/Jul/2025:14:43:38 -0400] "GET /ds.php HTTP/1.1" 404 23126 "-" "-"
66.249.64.161 - - [07/Jul/2025:14:43:39 -0400] "GET /items/vtsxv238/6288?key=professor HTTP/1.1" 200 87381 "-" "Mozilla/5.0 (Linux; Android 6.0.1; Nexus 5X Build/MMB29P) AppleWebKit/537.36 (KHTML, like Gecko) Chrome/137.0.7151.103 Mobile Safari/537.36 (compatible; Googlebot/2.1; +http://www.google.com/bot.html)"
13.74.153.204 - - [07/Jul/2025:14:43:39 -0400] "GET /wso112233.php HTTP/1.1" 404 23126 "-" "-"
13.74.153.204 - - [07/Jul/2025:14:43:40 -0400] "GET /wp-admin/x.php HTTP/1.1" 404 23126 "-" "-"
13.74.153.204 - - [07/Jul/2025:14:43:42 -0400] "GET /wp-admin/ HTTP/1.1" 302 0 "-" "-"
13.74.153.204 - - [07/Jul/2025:14:43:42 -0400] "GET /wp-login.php?redirect_to=https%3A%2F%2Fdangroup.sa%2Fwp-admin%2F&reauth=1 HTTP/1.1" 200 2175 "-" "-"
136.243.228.194 - - [07/Jul/2025:14:43:42 -0400] "GET /items/zvvvj149/47061?key=tunnel HTTP/1.1" 404 23126 "-" "Mozilla/5.0 (compatible; DataForSeoBot/1.0; +https://dataforseo.com/dataforseo-bot)"
13.74.153.204 - - [07/Jul/2025:14:43:43 -0400] "GET /wp-content/autoload_classmap.php HTTP/1.1" 404 23127 "-" "-"
13.74.153.204 - - [07/Jul/2025:14:43:44 -0400] "GET /f35.php HTTP/1.1" 404 23126 "-" "-"
13.74.153.204 - - [07/Jul/2025:14:43:45 -0400] "GET /adminer.php HTTP/1.1" 404 23126 "-" "-"
136.243.228.194 - - [07/Jul/2025:14:43:46 -0400] "GET /items/ohhsn158/29254?key=two-thirds HTTP/1.1" 404 23126 "-" "Mozilla/5.0 (compatible; DataForSeoBot/1.0; +https://dataforseo.com/dataforseo-bot)"
13.74.153.204 - - [07/Jul/2025:14:43:46 -0400] "GET /sx.php HTTP/1.1" 404 23126 "-" "-"
13.74.153.204 - - [07/Jul/2025:14:43:47 -0400] "GET /wp-admin/maint/edit.php HTTP/1.1" 404 23126 "-" "-"
13.74.153.204 - - [07/Jul/2025:14:43:49 -0400] "GET /install.php HTTP/1.1" 404 23126 "-" "-"
136.243.228.194 - - [07/Jul/2025:14:43:49 -0400] "GET /items/svzgz3/49127?key=where HTTP/1.1" 404 23126 "-" "Mozilla/5.0 (compatible; DataForSeoBot/1.0; +https://dataforseo.com/dataforseo-bot)"
13.74.153.204 - - [07/Jul/2025:14:43:50 -0400] "GET /wp-includes/index.php HTTP/1.1" 301 0 "-" "-"
13.74.153.204 - - [07/Jul/2025:14:43:50 -0400] "GET /wp-includes/ HTTP/1.1" 200 6846 "-" "-"
20.171.207.36 - - [07/Jul/2025:14:43:50 -0400] "GET /8wady45307.html HTTP/1.1" 404 23126 "-" "Mozilla/5.0 AppleWebKit/537.36 (KHTML, like Gecko; compatible; GPTBot/1.2; +https://openai.com/gptbot)"
13.74.153.204 - - [07/Jul/2025:14:43:51 -0400] "GET /default.php HTTP/1.1" 404 23126 "-" "-"
13.74.153.204 - - [07/Jul/2025:14:43:52 -0400] "GET /wp-admin/css/colors/midnight/colors.php HTTP/1.1" 404 23126 "-" "-"
13.74.153.204 - - [07/Jul/2025:14:43:53 -0400] "GET /gc.php HTTP/1.1" 404 23126 "-" "-"
66.249.64.161 - - [07/Jul/2025:14:43:54 -0400] "GET /261ehnw3098.html HTTP/1.1" 200 87356 "-" "Mozilla/5.0 (compatible; Googlebot/2.1; +http://www.google.com/bot.html)"
136.243.228.194 - - [07/Jul/2025:14:43:53 -0400] "GET /56rokj18333.html HTTP/1.1" 404 23126 "-" "Mozilla/5.0 (compatible; DataForSeoBot/1.0; +https://dataforseo.com/dataforseo-bot)"
13.74.153.204 - - [07/Jul/2025:14:43:54 -0400] "GET /wp-admin/admin.php HTTP/1.1" 302 0 "-" "-"
13.74.153.204 - - [07/Jul/2025:14:43:55 -0400] "GET /wp-login.php?redirect_to=https%3A%2F%2Fdangroup.sa%2Fwp-admin%2Fadmin.php&reauth=1 HTTP/1.1" 200 2185 "-" "-"
188.166.211.225 - - [07/Jul/2025:14:43:55 -0400] "GET /wp-login.php HTTP/1.1" 200 3129 "-" "Mozilla/5.0 (Windows NT 6.1; WOW64; Trident/7.0; AS; rv:11.0) like Gecko"
13.74.153.204 - - [07/Jul/2025:14:43:55 -0400] "GET /wp-includes/IXR/wp-login.php HTTP/1.1" 404 23127 "-" "-"
13.74.153.204 - - [07/Jul/2025:14:43:57 -0400] "GET /aaa.php/getid3-core.php HTTP/1.1" 404 23126 "-" "-"
85.204.70.104 - - [07/Jul/2025:14:43:56 -0400] "GET / HTTP/1.1" 200 33217 "-" "Mozilla/5.0 (Windows NT 10.0; Win64; x64) AppleWebKit/537.36 (KHTML, like Gecko) Chrome/78.0.3904.108 Safari/537.36"
85.204.70.104 - - [07/Jul/2025:14:43:58 -0400] "GET //wp-includes/wlwmanifest.xml HTTP/1.1" 301 0 "-" "Mozilla/5.0 (Windows NT 10.0; Win64; x64) AppleWebKit/537.36 (KHTML, like Gecko) Chrome/78.0.3904.108 Safari/537.36"
85.204.70.104 - - [07/Jul/2025:14:43:59 -0400] "GET //xmlrpc.php?rsd HTTP/1.1" 403 1242 "-" "Mozilla/5.0 (Windows NT 10.0; Win64; x64) AppleWebKit/537.36 (KHTML, like Gecko) Chrome/78.0.3904.108 Safari/537.36"
136.243.228.194 - - [07/Jul/2025:14:43:58 -0400] "GET /items/kfuoz66/48936?key=sex HTTP/1.1" 404 23127 "-" "Mozilla/5.0 (compatible; DataForSeoBot/1.0; +https://dataforseo.com/dataforseo-bot)"
13.74.153.204 - - [07/Jul/2025:14:43:58 -0400] "GET /lol.php HTTP/1.1" 404 23126 "-" "-"
188.166.211.225 - - [07/Jul/2025:14:43:59 -0400] "GET /wp-login.php HTTP/1.1" 200 3129 "-" "Mozilla/5.0 (Windows NT 6.1; WOW64; Trident/7.0; AS; rv:11.0) like Gecko"
13.74.153.204 - - [07/Jul/2025:14:44:00 -0400] "GET /wp-content/x/index.php HTTP/1.1" 301 0 "-" "-"
85.204.70.104 - - [07/Jul/2025:14:43:59 -0400] "GET / HTTP/1.1" 200 33217 "-" "Mozilla/5.0 (Windows NT 10.0; Win64; x64) AppleWebKit/537.36 (KHTML, like Gecko) Chrome/78.0.3904.108 Safari/537.36"
13.74.153.204 - - [07/Jul/2025:14:44:00 -0400] "GET /wp-content/x/ HTTP/1.1" 404 23127 "-" "-"
85.204.70.104 - - [07/Jul/2025:14:44:01 -0400] "GET //?author=1 HTTP/1.1" 301 0 "-" "Mozilla/5.0 (Windows NT 10.0; Win64; x64) AppleWebKit/537.36 (KHTML, like Gecko) Chrome/78.0.3904.108 Safari/537.36"
66.29.146.47 - - [07/Jul/2025:14:44:02 -0400] "POST /wp-cron.php?doing_wp_cron=1751913842.1188800334930419921875 HTTP/1.1" 403 1242 "-" "WordPress/6.8; https://dangroup.sa"
66.29.146.47 - - [07/Jul/2025:14:44:02 -0400] "POST /wp-cron.php?doing_wp_cron=1751913842.1640050411224365234375 HTTP/1.1" 403 1242 "-" "WordPress/6.8; https://dangroup.sa"
13.74.153.204 - - [07/Jul/2025:14:44:01 -0400] "GET /wp-includes/pomo/index.php HTTP/1.1" 301 0 "-" "-"
85.204.70.104 - - [07/Jul/2025:14:44:02 -0400] "GET //?author=2 HTTP/1.1" 301 0 "-" "Mozilla/5.0 (Windows NT 10.0; Win64; x64) AppleWebKit/537.36 (KHTML, like Gecko) Chrome/78.0.3904.108 Safari/537.36"
13.74.153.204 - - [07/Jul/2025:14:44:02 -0400] "GET /wp-includes/pomo/ HTTP/1.1" 200 1021 "-" "-"
66.249.64.162 - - [07/Jul/2025:14:44:01 -0400] "GET /pcmypage?callback=product/review/momoda-ds-2537479 HTTP/1.1" 200 87973 "-" "Mozilla/5.0 (Linux; Android 6.0.1; Nexus 5X Build/MMB29P) AppleWebKit/537.36 (KHTML, like Gecko) Chrome/137.0.7151.103 Mobile Safari/537.36 (compatible; Googlebot/2.1; +http://www.google.com/bot.html)"
85.204.70.104 - - [07/Jul/2025:14:44:02 -0400] "GET //wp-json/wp/v2/users/ HTTP/1.1" 200 886 "-" "Mozilla/5.0 (Windows NT 10.0; Win64; x64) AppleWebKit/537.36 (KHTML, like Gecko) Chrome/78.0.3904.108 Safari/537.36"
136.243.228.194 - - [07/Jul/2025:14:44:01 -0400] "GET /items/oggvp257/39019?key=educator HTTP/1.1" 404 23127 "-" "Mozilla/5.0 (compatible; DataForSeoBot/1.0; +https://dataforseo.com/dataforseo-bot)"
85.204.70.104 - - [07/Jul/2025:14:44:03 -0400] "POST //xmlrpc.php HTTP/1.1" 403 1242 "-" "Mozilla/5.0 (Windows NT 10.0; Win64; x64) AppleWebKit/537.36 (KHTML, like Gecko) Chrome/78.0.3904.108 Safari/537.36"
13.74.153.204 - - [07/Jul/2025:14:44:02 -0400] "GET /wp-includes/SimplePie/about.php HTTP/1.1" 404 23126 "-" "-"
13.74.153.204 - - [07/Jul/2025:14:44:04 -0400] "GET /.well-known/acme-challenge/makeasmtp.php HTTP/1.1" 404 23126 "-" "-"
13.74.153.204 - - [07/Jul/2025:14:44:05 -0400] "GET /wp-admin/js/admin.php HTTP/1.1" 404 23126 "-" "-"
136.243.228.194 - - [07/Jul/2025:14:44:06 -0400] "GET /146tjl3097.html HTTP/1.1" 404 23126 "-" "Mozilla/5.0 (compatible; DataForSeoBot/1.0; +https://dataforseo.com/dataforseo-bot)"
13.74.153.204 - - [07/Jul/2025:14:44:06 -0400] "GET /class.php HTTP/1.1" 404 23126 "-" "-"
13.74.153.204 - - [07/Jul/2025:14:44:07 -0400] "GET /fx.php HTTP/1.1" 404 23126 "-" "-"
13.74.153.204 - - [07/Jul/2025:14:44:09 -0400] "GET /wp-includes/ID3/about.php HTTP/1.1" 404 23127 "-" "-"
136.243.228.194 - - [07/Jul/2025:14:44:10 -0400] "GET /220vggb47061.html HTTP/1.1" 404 23126 "-" "Mozilla/5.0 (compatible; DataForSeoBot/1.0; +https://dataforseo.com/dataforseo-bot)"
13.74.153.204 - - [07/Jul/2025:14:44:10 -0400] "GET /autoloadclassmap.php HTTP/1.1" 404 23126 "-" "-"
13.74.153.204 - - [07/Jul/2025:14:44:12 -0400] "GET /wp-content/plugins/linkpreview/index.php HTTP/1.1" 301 0 "-" "-"
66.249.64.162 - - [07/Jul/2025:14:44:12 -0400] "GET /items/qnkko290/38874?key=bother HTTP/1.1" 200 86870 "-" "Mozilla/5.0 (compatible; Googlebot/2.1; +http://www.google.com/bot.html)"
13.74.153.204 - - [07/Jul/2025:14:44:12 -0400] "GET /wp-content/plugins/linkpreview/ HTTP/1.1" 404 23126 "-" "-"
13.74.153.204 - - [07/Jul/2025:14:44:13 -0400] "GET /credits.php HTTP/1.1" 404 23126 "-" "-"
136.243.228.194 - - [07/Jul/2025:14:44:14 -0400] "GET /88ndwvr36791.html HTTP/1.1" 404 23126 "-" "Mozilla/5.0 (compatible; DataForSeoBot/1.0; +https://dataforseo.com/dataforseo-bot)"
13.74.153.204 - - [07/Jul/2025:14:44:15 -0400] "GET /wp-admin/file.php HTTP/1.1" 404 23126 "-" "-"
13.74.153.204 - - [07/Jul/2025:14:44:16 -0400] "GET /wp-l0gin.php HTTP/1.1" 404 23126 "-" "-"
66.249.64.161 - - [07/Jul/2025:14:44:16 -0400] "GET /items/uudwb51/24185?key=forgive HTTP/1.1" 200 86970 "-" "Mozilla/5.0 (compatible; Googlebot/2.1; +http://www.google.com/bot.html)"
13.74.153.204 - - [07/Jul/2025:14:44:17 -0400] "GET /contents.php/lv.php HTTP/1.1" 404 23127 "-" "-"
136.243.228.194 - - [07/Jul/2025:14:44:18 -0400] "GET /items/qvpkg2/27270?key=incident HTTP/1.1" 404 23126 "-" "Mozilla/5.0 (compatible; DataForSeoBot/1.0; +https://dataforseo.com/dataforseo-bot)"
66.29.146.47 - - [07/Jul/2025:14:44:19 -0400] "POST /wp-cron.php?doing_wp_cron=1751913859.4115819931030273437500 HTTP/1.1" 403 1242 "-" "WordPress/6.8; https://dangroup.sa"
188.166.211.225 - - [07/Jul/2025:14:44:19 -0400] "GET /wp-login.php HTTP/1.1" 200 3129 "-" "Mozilla/5.0 (Macintosh; Intel Mac OS X 10_11_5) AppleWebKit/537.36 (KHTML, like Gecko) Chrome/50.0.2661.102 Safari/537.36"
188.166.211.225 - - [07/Jul/2025:14:44:21 -0400] "GET /wp-login.php HTTP/1.1" 200 3129 "-" "Mozilla/5.0 (Macintosh; Intel Mac OS X 10_11_5) AppleWebKit/537.36 (KHTML, like Gecko) Chrome/50.0.2661.102 Safari/537.36"
66.249.64.161 - - [07/Jul/2025:14:44:21 -0400] "GET /items/ifzsl79/70263?key=figure HTTP/1.1" 200 86143 "-" "Mozilla/5.0 (Linux; Android 6.0.1; Nexus 5X Build/MMB29P) AppleWebKit/537.36 (KHTML, like Gecko) Chrome/137.0.7151.103 Mobile Safari/537.36 (compatible; Googlebot/2.1; +http://www.google.com/bot.html)"
136.243.228.194 - - [07/Jul/2025:14:44:22 -0400] "GET /items/ovxsw281/7925?key=wise HTTP/1.1" 404 23127 "-" "Mozilla/5.0 (compatible; DataForSeoBot/1.0; +https://dataforseo.com/dataforseo-bot)"
136.243.228.194 - - [07/Jul/2025:14:44:25 -0400] "GET /299ajh2224.html HTTP/1.1" 404 23127 "-" "Mozilla/5.0 (compatible; DataForSeoBot/1.0; +https://dataforseo.com/dataforseo-bot)"
136.243.228.194 - - [07/Jul/2025:14:44:29 -0400] "GET /items/xkpqy148/28652?key=interpret HTTP/1.1" 404 23126 "-" "Mozilla/5.0 (compatible; DataForSeoBot/1.0; +https://dataforseo.com/dataforseo-bot)"
136.243.228.194 - - [07/Jul/2025:14:44:33 -0400] "GET /50uzpyh5833.html HTTP/1.1" 404 23126 "-" "Mozilla/5.0 (compatible; DataForSeoBot/1.0; +https://dataforseo.com/dataforseo-bot)"
136.243.228.194 - - [07/Jul/2025:14:44:38 -0400] "GET /items/bvoyu31/49757?key=bulk HTTP/1.1" 404 23126 "-" "Mozilla/5.0 (compatible; DataForSeoBot/1.0; +https://dataforseo.com/dataforseo-bot)"
136.243.228.194 - - [07/Jul/2025:14:44:41 -0400] "GET /205owo3328.html HTTP/1.1" 404 23126 "-" "Mozilla/5.0 (compatible; DataForSeoBot/1.0; +https://dataforseo.com/dataforseo-bot)"
66.249.64.162 - - [07/Jul/2025:14:44:43 -0400] "GET /256xhmhx5327.html HTTP/1.1" 200 87157 "-" "Mozilla/5.0 (Linux; Android 6.0.1; Nexus 5X Build/MMB29P) AppleWebKit/537.36 (KHTML, like Gecko) Chrome/137.0.7151.103 Mobile Safari/537.36 (compatible; Googlebot/2.1; +http://www.google.com/bot.html)"
66.249.64.161 - - [07/Jul/2025:14:44:45 -0400] "GET /216jbe49483.html HTTP/1.1" 200 86883 "-" "Mozilla/5.0 (Linux; Android 6.0.1; Nexus 5X Build/MMB29P) AppleWebKit/537.36 (KHTML, like Gecko) Chrome/137.0.7151.103 Mobile Safari/537.36 (compatible; Googlebot/2.1; +http://www.google.com/bot.html)"
136.243.228.194 - - [07/Jul/2025:14:44:46 -0400] "GET /items/jkcgk183/25921?key=empire HTTP/1.1" 404 23126 "-" "Mozilla/5.0 (compatible; DataForSeoBot/1.0; +https://dataforseo.com/dataforseo-bot)"
13.74.153.204 - - [07/Jul/2025:14:44:19 -0400] "GET /wp-admin/install.php HTTP/1.1" 200 0 "-" "-"
136.243.228.194 - - [07/Jul/2025:14:44:50 -0400] "GET /277dazz47110.html HTTP/1.1" 404 23126 "-" "Mozilla/5.0 (compatible; DataForSeoBot/1.0; +https://dataforseo.com/dataforseo-bot)"
136.243.228.194 - - [07/Jul/2025:14:44:54 -0400] "GET /206gog10647.html HTTP/1.1" 404 23127 "-" "Mozilla/5.0 (compatible; DataForSeoBot/1.0; +https://dataforseo.com/dataforseo-bot)"
20.171.207.36 - - [07/Jul/2025:14:44:55 -0400] "GET /6wady45309.html HTTP/1.1" 404 23126 "-" "Mozilla/5.0 AppleWebKit/537.36 (KHTML, like Gecko; compatible; GPTBot/1.2; +https://openai.com/gptbot)"
188.166.211.225 - - [07/Jul/2025:14:44:58 -0400] "GET /wp-login.php HTTP/1.1" 200 3129 "-" "Mozilla/5.0 (Windows NT 6.3; WOW64; rv:40.0) Gecko/20100101 Firefox/40.0"
136.243.228.194 - - [07/Jul/2025:14:44:57 -0400] "GET /items/atyxd118/5844?key=deal HTTP/1.1" 404 23126 "-" "Mozilla/5.0 (compatible; DataForSeoBot/1.0; +https://dataforseo.com/dataforseo-bot)"
136.243.228.194 - - [07/Jul/2025:14:45:01 -0400] "GET /81xmemg18026.html HTTP/1.1" 404 23126 "-" "Mozilla/5.0 (compatible; DataForSeoBot/1.0; +https://dataforseo.com/dataforseo-bot)"
66.29.146.47 - - [07/Jul/2025:14:45:03 -0400] "POST /wp-cron.php?doing_wp_cron=1751913903.0887138843536376953125 HTTP/1.1" 403 1242 "-" "WordPress/6.8; https://dangroup.sa"
188.166.211.225 - - [07/Jul/2025:14:45:02 -0400] "GET /wp-login.php HTTP/1.1" 200 3095 "-" "Mozilla/5.0 (Windows NT 6.3; WOW64; rv:40.0) Gecko/20100101 Firefox/40.0"
66.249.64.161 - - [07/Jul/2025:14:45:04 -0400] "GET /items/zvgkn135/38091?key=oil HTTP/1.1" 200 87493 "-" "Mozilla/5.0 (Linux; Android 6.0.1; Nexus 5X Build/MMB29P) AppleWebKit/537.36 (KHTML, like Gecko) Chrome/137.0.7151.103 Mobile Safari/537.36 (compatible; Googlebot/2.1; +http://www.google.com/bot.html)"
188.166.211.225 - - [07/Jul/2025:14:45:19 -0400] "GET /wp-login.php HTTP/1.1" 200 3095 "-" "Mozilla/5.0 (Macintosh; Intel Mac OS X 10_11_5) AppleWebKit/537.36 (KHTML, like Gecko) Chrome/50.0.2661.102 Safari/537.36"
136.243.228.194 - - [07/Jul/2025:14:45:05 -0400] "GET /229zcegy17212.html HTTP/1.1" 404 23126 "-" "Mozilla/5.0 (compatible; DataForSeoBot/1.0; +https://dataforseo.com/dataforseo-bot)"
136.243.228.194 - - [07/Jul/2025:14:45:24 -0400] "GET /items/ldhii192/11086?key=offender HTTP/1.1" 404 23126 "-" "Mozilla/5.0 (compatible; DataForSeoBot/1.0; +https://dataforseo.com/dataforseo-bot)"
18.208.110.105 - - [07/Jul/2025:14:45:26 -0400] "GET / HTTP/1.1" 200 33217 "-" "Mozilla/5.0 (Windows NT 10.0; Win64; x64) AppleWebKit/537.36 (KHTML, like Gecko) Chrome/80.0.3987.149 Safari/537.36"
136.243.228.194 - - [07/Jul/2025:14:45:28 -0400] "GET /items/wkaki38/16842?key=study HTTP/1.1" 404 23126 "-" "Mozilla/5.0 (compatible; DataForSeoBot/1.0; +https://dataforseo.com/dataforseo-bot)"
18.208.110.105 - - [07/Jul/2025:14:45:31 -0400] "GET //wp-includes/wlwmanifest.xml HTTP/1.1" 301 0 "-" "Mozilla/5.0 (Windows NT 10.0; Win64; x64) AppleWebKit/537.36 (KHTML, like Gecko) Chrome/80.0.3987.149 Safari/537.36"
18.208.110.105 - - [07/Jul/2025:14:45:31 -0400] "GET //xmlrpc.php?rsd HTTP/1.1" 403 1242 "-" "Mozilla/5.0 (Windows NT 10.0; Win64; x64) AppleWebKit/537.36 (KHTML, like Gecko) Chrome/80.0.3987.149 Safari/537.36"
188.166.211.225 - - [07/Jul/2025:14:45:32 -0400] "GET /wp-login.php HTTP/1.1" 200 3095 "-" "Mozilla/5.0 (Macintosh; Intel Mac OS X 10_11_5) AppleWebKit/537.36 (KHTML, like Gecko) Chrome/50.0.2661.102 Safari/537.36"
18.208.110.105 - - [07/Jul/2025:14:45:31 -0400] "GET / HTTP/1.1" 200 33217 "-" "Mozilla/5.0 (Windows NT 10.0; Win64; x64) AppleWebKit/537.36 (KHTML, like Gecko) Chrome/80.0.3987.149 Safari/537.36"
66.249.64.161 - - [07/Jul/2025:14:45:33 -0400] "GET /items/giiwo194/33478?key=dog HTTP/1.1" 200 87405 "-" "Mozilla/5.0 (Linux; Android 6.0.1; Nexus 5X Build/MMB29P) AppleWebKit/537.36 (KHTML, like Gecko) Chrome/137.0.7151.119 Mobile Safari/537.36 (compatible; Googlebot/2.1; +http://www.google.com/bot.html)"
136.243.228.194 - - [07/Jul/2025:14:45:32 -0400] "GET /152xzr26813.html HTTP/1.1" 404 23126 "-" "Mozilla/5.0 (compatible; DataForSeoBot/1.0; +https://dataforseo.com/dataforseo-bot)"
18.208.110.105 - - [07/Jul/2025:14:45:35 -0400] "GET //?author=1 HTTP/1.1" 301 0 "-" "Mozilla/5.0 (Windows NT 10.0; Win64; x64) AppleWebKit/537.36 (KHTML, like Gecko) Chrome/80.0.3987.149 Safari/537.36"
18.208.110.105 - - [07/Jul/2025:14:45:35 -0400] "GET //?author=2 HTTP/1.1" 301 0 "-" "Mozilla/5.0 (Windows NT 10.0; Win64; x64) AppleWebKit/537.36 (KHTML, like Gecko) Chrome/80.0.3987.149 Safari/537.36"
18.208.110.105 - - [07/Jul/2025:14:45:36 -0400] "GET //wp-json/wp/v2/users/ HTTP/1.1" 200 886 "-" "Mozilla/5.0 (Windows NT 10.0; Win64; x64) AppleWebKit/537.36 (KHTML, like Gecko) Chrome/80.0.3987.149 Safari/537.36"
18.208.110.105 - - [07/Jul/2025:14:45:36 -0400] "POST //xmlrpc.php HTTP/1.1" 403 1242 "-" "Mozilla/5.0 (Windows NT 10.0; Win64; x64) AppleWebKit/537.36 (KHTML, like Gecko) Chrome/80.0.3987.149 Safari/537.36"
136.243.228.194 - - [07/Jul/2025:14:45:36 -0400] "GET /items/jimiu295/7395?key=week HTTP/1.1" 404 23126 "-" "Mozilla/5.0 (compatible; DataForSeoBot/1.0; +https://dataforseo.com/dataforseo-bot)"
66.249.64.161 - - [07/Jul/2025:14:45:39 -0400] "GET /255kdw45866.html HTTP/1.1" 200 88002 "-" "Mozilla/5.0 (compatible; Googlebot/2.1; +http://www.google.com/bot.html)"
136.243.228.194 - - [07/Jul/2025:14:45:40 -0400] "GET /82brq13217.html HTTP/1.1" 404 23126 "-" "Mozilla/5.0 (compatible; DataForSeoBot/1.0; +https://dataforseo.com/dataforseo-bot)"
66.249.64.161 - - [07/Jul/2025:14:45:44 -0400] "GET /items/wmsgk74/25716?key=result HTTP/1.1" 200 87155 "-" "Mozilla/5.0 (Linux; Android 6.0.1; Nexus 5X Build/MMB29P) AppleWebKit/537.36 (KHTML, like Gecko) Chrome/137.0.7151.103 Mobile Safari/537.36 (compatible; Googlebot/2.1; +http://www.google.com/bot.html)"
136.243.228.194 - - [07/Jul/2025:14:45:44 -0400] "GET /246sfuv39065.html HTTP/1.1" 404 23126 "-" "Mozilla/5.0 (compatible; DataForSeoBot/1.0; +https://dataforseo.com/dataforseo-bot)"
66.249.64.161 - - [07/Jul/2025:14:45:48 -0400] "GET /items/dathr84/30936?key=complete HTTP/1.1" 200 87368 "-" "Mozilla/5.0 (Linux; Android 6.0.1; Nexus 5X Build/MMB29P) AppleWebKit/537.36 (KHTML, like Gecko) Chrome/137.0.7151.119 Mobile Safari/537.36 (compatible; Googlebot/2.1; +http://www.google.com/bot.html)"
136.243.228.194 - - [07/Jul/2025:14:45:49 -0400] "GET /164sac24427.html HTTP/1.1" 404 23126 "-" "Mozilla/5.0 (compatible; DataForSeoBot/1.0; +https://dataforseo.com/dataforseo-bot)"
188.166.211.225 - - [07/Jul/2025:14:45:50 -0400] "GET /wp-login.php HTTP/1.1" 200 3129 "-" "Mozilla/5.0 (Windows NT 6.3; WOW64; rv:40.0) Gecko/20100101 Firefox/40.0"
136.243.228.194 - - [07/Jul/2025:14:45:53 -0400] "GET /138abxm36937.html HTTP/1.1" 404 23126 "-" "Mozilla/5.0 (compatible; DataForSeoBot/1.0; +https://dataforseo.com/dataforseo-bot)"
188.166.211.225 - - [07/Jul/2025:14:45:55 -0400] "GET /wp-login.php HTTP/1.1" 200 3129 "-" "Mozilla/5.0 (Windows NT 6.3; WOW64; rv:40.0) Gecko/20100101 Firefox/40.0"
20.171.207.36 - - [07/Jul/2025:14:45:55 -0400] "GET /76qfbk8213.html HTTP/1.1" 404 23127 "-" "Mozilla/5.0 AppleWebKit/537.36 (KHTML, like Gecko; compatible; GPTBot/1.2; +https://openai.com/gptbot)"
66.249.64.162 - - [07/Jul/2025:14:45:55 -0400] "GET /items/drliu52/21484?key=pitcher HTTP/1.1" 200 87541 "-" "Mozilla/5.0 (Linux; Android 6.0.1; Nexus 5X Build/MMB29P) AppleWebKit/537.36 (KHTML, like Gecko) Chrome/137.0.7151.103 Mobile Safari/537.36 (compatible; Googlebot/2.1; +http://www.google.com/bot.html)"
136.243.228.194 - - [07/Jul/2025:14:45:56 -0400] "GET /15npv42098.html HTTP/1.1" 404 23127 "-" "Mozilla/5.0 (compatible; DataForSeoBot/1.0; +https://dataforseo.com/dataforseo-bot)"
136.243.228.194 - - [07/Jul/2025:14:46:00 -0400] "GET /items/qvvxt233/27309?key=dirty HTTP/1.1" 404 23127 "-" "Mozilla/5.0 (compatible; DataForSeoBot/1.0; +https://dataforseo.com/dataforseo-bot)"
66.29.146.47 - - [07/Jul/2025:14:46:05 -0400] "POST /wp-cron.php?doing_wp_cron=1751913965.0568909645080566406250 HTTP/1.1" 403 1242 "-" "WordPress/6.8; https://dangroup.sa"
136.243.228.194 - - [07/Jul/2025:14:46:04 -0400] "GET /120ivxf2195.html HTTP/1.1" 404 23126 "-" "Mozilla/5.0 (compatible; DataForSeoBot/1.0; +https://dataforseo.com/dataforseo-bot)"
66.249.64.161 - - [07/Jul/2025:14:46:07 -0400] "GET /items/fvjbd32/14844?key=classic HTTP/1.1" 200 88682 "-" "Mozilla/5.0 (Linux; Android 6.0.1; Nexus 5X Build/MMB29P) AppleWebKit/537.36 (KHTML, like Gecko) Chrome/137.0.7151.103 Mobile Safari/537.36 (compatible; Googlebot/2.1; +http://www.google.com/bot.html)"
136.243.228.194 - - [07/Jul/2025:14:46:08 -0400] "GET /68dgh47133.html HTTP/1.1" 404 23127 "-" "Mozilla/5.0 (compatible; DataForSeoBot/1.0; +https://dataforseo.com/dataforseo-bot)"
66.249.64.161 - - [07/Jul/2025:14:46:12 -0400] "GET /pcmypage?callback=product%2Fdetail%2Ffurnitureshop-629539 HTTP/1.1" 200 87522 "-" "Mozilla/5.0 (Linux; Android 6.0.1; Nexus 5X Build/MMB29P) AppleWebKit/537.36 (KHTML, like Gecko) Chrome/137.0.7151.119 Mobile Safari/537.36 (compatible; Googlebot/2.1; +http://www.google.com/bot.html)"
136.243.228.194 - - [07/Jul/2025:14:46:12 -0400] "GET /items/ivwfs128/30268?key=park HTTP/1.1" 404 23127 "-" "Mozilla/5.0 (compatible; DataForSeoBot/1.0; +https://dataforseo.com/dataforseo-bot)"
66.249.64.161 - - [07/Jul/2025:14:46:16 -0400] "GET /239cjh42694.html HTTP/1.1" 200 86581 "-" "Mozilla/5.0 (compatible; Googlebot/2.1; +http://www.google.com/bot.html)"
136.243.228.194 - - [07/Jul/2025:14:46:16 -0400] "GET /9ofx17858.html HTTP/1.1" 404 23126 "-" "Mozilla/5.0 (compatible; DataForSeoBot/1.0; +https://dataforseo.com/dataforseo-bot)"
136.243.228.194 - - [07/Jul/2025:14:46:20 -0400] "GET /108gbxk21175.html HTTP/1.1" 404 23126 "-" "Mozilla/5.0 (compatible; DataForSeoBot/1.0; +https://dataforseo.com/dataforseo-bot)"
66.249.64.161 - - [07/Jul/2025:14:46:25 -0400] "GET /248folu22625.html HTTP/1.1" 200 87364 "-" "Mozilla/5.0 (compatible; Googlebot/2.1; +http://www.google.com/bot.html)"
136.243.228.194 - - [07/Jul/2025:14:46:25 -0400] "GET /44qbj26593.html HTTP/1.1" 404 23126 "-" "Mozilla/5.0 (compatible; DataForSeoBot/1.0; +https://dataforseo.com/dataforseo-bot)"
66.249.64.161 - - [07/Jul/2025:14:46:28 -0400] "GET /59obr32890.html HTTP/1.1" 200 86992 "-" "Mozilla/5.0 (Linux; Android 6.0.1; Nexus 5X Build/MMB29P) AppleWebKit/537.36 (KHTML, like Gecko) Chrome/137.0.7151.103 Mobile Safari/537.36 (compatible; Googlebot/2.1; +http://www.google.com/bot.html)"
66.249.64.161 - - [07/Jul/2025:14:46:28 -0400] "GET /203mzziy20186.html HTTP/1.1" 200 87254 "-" "Mozilla/5.0 (Linux; Android 6.0.1; Nexus 5X Build/MMB29P) AppleWebKit/537.36 (KHTML, like Gecko) Chrome/137.0.7151.103 Mobile Safari/537.36 (compatible; Googlebot/2.1; +http://www.google.com/bot.html)"
136.243.228.194 - - [07/Jul/2025:14:46:28 -0400] "GET /256qpqh37891.html HTTP/1.1" 404 23126 "-" "Mozilla/5.0 (compatible; DataForSeoBot/1.0; +https://dataforseo.com/dataforseo-bot)"
188.166.211.225 - - [07/Jul/2025:14:46:30 -0400] "GET /wp-login.php HTTP/1.1" 200 3095 "-" "Mozilla/5.0 (Windows NT 10.0; Win64; x64) AppleWebKit/537.36 (KHTML, like Gecko) Chrome/58.0.3029.110 Safari/537.3"
188.166.211.225 - - [07/Jul/2025:14:46:31 -0400] "GET /wp-login.php HTTP/1.1" 200 3095 "-" "Mozilla/5.0 (Windows NT 10.0; Win64; x64) AppleWebKit/537.36 (KHTML, like Gecko) Chrome/58.0.3029.110 Safari/537.3"
136.243.228.194 - - [07/Jul/2025:14:46:32 -0400] "GET /items/bbyxs125/41691?key=stand HTTP/1.1" 404 23126 "-" "Mozilla/5.0 (compatible; DataForSeoBot/1.0; +https://dataforseo.com/dataforseo-bot)"
66.249.64.162 - - [07/Jul/2025:14:46:34 -0400] "GET /items/hjwxb231/32191?key=awake HTTP/1.1" 200 86960 "-" "Mozilla/5.0 (Linux; Android 6.0.1; Nexus 5X Build/MMB29P) AppleWebKit/537.36 (KHTML, like Gecko) Chrome/137.0.7151.103 Mobile Safari/537.36 (compatible; Googlebot/2.1; +http://www.google.com/bot.html)"
136.243.228.194 - - [07/Jul/2025:14:46:36 -0400] "GET /items/zdmov248/36676?key=lack HTTP/1.1" 404 23126 "-" "Mozilla/5.0 (compatible; DataForSeoBot/1.0; +https://dataforseo.com/dataforseo-bot)"
136.243.228.194 - - [07/Jul/2025:14:46:40 -0400] "GET /119iemt32870.html HTTP/1.1" 404 23126 "-" "Mozilla/5.0 (compatible; DataForSeoBot/1.0; +https://dataforseo.com/dataforseo-bot)"
136.243.228.194 - - [07/Jul/2025:14:46:44 -0400] "GET /236clhqm46171.html HTTP/1.1" 404 23126 "-" "Mozilla/5.0 (compatible; DataForSeoBot/1.0; +https://dataforseo.com/dataforseo-bot)"
66.249.64.162 - - [07/Jul/2025:14:46:49 -0400] "GET /items/zewdz35/11307?key=financial HTTP/1.1" 200 88392 "-" "Mozilla/5.0 (Linux; Android 6.0.1; Nexus 5X Build/MMB29P) AppleWebKit/537.36 (KHTML, like Gecko) Chrome/137.0.7151.103 Mobile Safari/537.36 (compatible; Googlebot/2.1; +http://www.google.com/bot.html)"
136.243.228.194 - - [07/Jul/2025:14:46:49 -0400] "GET /298hxlx27917.html HTTP/1.1" 404 23127 "-" "Mozilla/5.0 (compatible; DataForSeoBot/1.0; +https://dataforseo.com/dataforseo-bot)"
188.166.211.225 - - [07/Jul/2025:14:46:52 -0400] "GET /wp-login.php HTTP/1.1" 200 3129 "-" "Mozilla/5.0 (Windows NT 10.0; Win64; x64) AppleWebKit/537.36 (KHTML, like Gecko) Chrome/58.0.3029.110 Safari/537.3"
188.166.211.225 - - [07/Jul/2025:14:46:56 -0400] "GET /wp-login.php HTTP/1.1" 200 3095 "-" "Mozilla/5.0 (Windows NT 10.0; Win64; x64) AppleWebKit/537.36 (KHTML, like Gecko) Chrome/58.0.3029.110 Safari/537.3"
136.243.228.194 - - [07/Jul/2025:14:46:53 -0400] "GET /items/uljls181/35629?key=minimum HTTP/1.1" 404 23126 "-" "Mozilla/5.0 (compatible; DataForSeoBot/1.0; +https://dataforseo.com/dataforseo-bot)"
66.249.64.162 - - [07/Jul/2025:14:47:02 -0400] "GET /items/kttcn84/166?key=honest HTTP/1.1" 200 87258 "-" "Mozilla/5.0 (Linux; Android 6.0.1; Nexus 5X Build/MMB29P) AppleWebKit/537.36 (KHTML, like Gecko) Chrome/137.0.7151.119 Mobile Safari/537.36 (compatible; Googlebot/2.1; +http://www.google.com/bot.html)"
20.171.207.36 - - [07/Jul/2025:14:47:00 -0400] "GET /91gzfn7846.html HTTP/1.1" 404 23126 "-" "Mozilla/5.0 AppleWebKit/537.36 (KHTML, like Gecko; compatible; GPTBot/1.2; +https://openai.com/gptbot)"
136.243.228.194 - - [07/Jul/2025:14:47:01 -0400] "GET /items/iymbv217/24649?key=screw HTTP/1.1" 404 23126 "-" "Mozilla/5.0 (compatible; DataForSeoBot/1.0; +https://dataforseo.com/dataforseo-bot)"
66.249.64.162 - - [07/Jul/2025:14:47:11 -0400] "GET /items/zqwjt50/33986?key=game HTTP/1.1" 200 87182 "-" "Mozilla/5.0 (Linux; Android 6.0.1; Nexus 5X Build/MMB29P) AppleWebKit/537.36 (KHTML, like Gecko) Chrome/137.0.7151.103 Mobile Safari/537.36 (compatible; Googlebot/2.1; +http://www.google.com/bot.html)"
66.29.146.47 - - [07/Jul/2025:14:47:14 -0400] "POST /wp-cron.php?doing_wp_cron=1751914033.9086949825286865234375 HTTP/1.1" 403 1242 "-" "WordPress/6.8; https://dangroup.sa"
136.243.228.194 - - [07/Jul/2025:14:47:13 -0400] "GET /items/xxauq277/23883?key=Democrat HTTP/1.1" 404 23126 "-" "Mozilla/5.0 (compatible; DataForSeoBot/1.0; +https://dataforseo.com/dataforseo-bot)"
66.249.64.161 - - [07/Jul/2025:14:47:22 -0400] "GET /52fsbj26745.html HTTP/1.1" 200 88231 "-" "Mozilla/5.0 (compatible; Googlebot/2.1; +http://www.google.com/bot.html)"
136.243.228.194 - - [07/Jul/2025:14:47:20 -0400] "GET /items/mkupu24/30614?key=establishment HTTP/1.1" 404 23126 "-" "Mozilla/5.0 (compatible; DataForSeoBot/1.0; +https://dataforseo.com/dataforseo-bot)"
66.249.64.161 - - [07/Jul/2025:14:47:25 -0400] "GET /26zuqh997.html HTTP/1.1" 200 88123 "-" "Mozilla/5.0 (Linux; Android 6.0.1; Nexus 5X Build/MMB29P) AppleWebKit/537.36 (KHTML, like Gecko) Chrome/137.0.7151.119 Mobile Safari/537.36 (compatible; Googlebot/2.1; +http://www.google.com/bot.html)"
136.243.228.194 - - [07/Jul/2025:14:47:26 -0400] "GET /76qidxn48687.html HTTP/1.1" 404 23126 "-" "Mozilla/5.0 (compatible; DataForSeoBot/1.0; +https://dataforseo.com/dataforseo-bot)"
188.166.211.225 - - [07/Jul/2025:14:47:31 -0400] "GET /wp-login.php HTTP/1.1" 200 3095 "-" "Mozilla/5.0 (Macintosh; Intel Mac OS X 10_11_5) AppleWebKit/537.36 (KHTML, like Gecko) Chrome/50.0.2661.102 Safari/537.36"
66.249.64.161 - - [07/Jul/2025:14:47:32 -0400] "GET /221bhcg7884.html HTTP/1.1" 200 86635 "-" "Mozilla/5.0 (Linux; Android 6.0.1; Nexus 5X Build/MMB29P) AppleWebKit/537.36 (KHTML, like Gecko) Chrome/137.0.7151.103 Mobile Safari/537.36 (compatible; Googlebot/2.1; +http://www.google.com/bot.html)"
136.243.228.194 - - [07/Jul/2025:14:47:30 -0400] "GET /items/iykif216/33712?key=comparable HTTP/1.1" 404 23126 "-" "Mozilla/5.0 (compatible; DataForSeoBot/1.0; +https://dataforseo.com/dataforseo-bot)"
188.166.211.225 - - [07/Jul/2025:14:47:34 -0400] "GET /wp-login.php HTTP/1.1" 200 3129 "-" "Mozilla/5.0 (Macintosh; Intel Mac OS X 10_11_5) AppleWebKit/537.36 (KHTML, like Gecko) Chrome/50.0.2661.102 Safari/537.36"
136.243.228.194 - - [07/Jul/2025:14:47:34 -0400] "GET /96ong24709.html HTTP/1.1" 404 23126 "-" "Mozilla/5.0 (compatible; DataForSeoBot/1.0; +https://dataforseo.com/dataforseo-bot)"
136.243.228.194 - - [07/Jul/2025:14:47:39 -0400] "GET /items/mqirp196/9608?key=fix HTTP/1.1" 404 23126 "-" "Mozilla/5.0 (compatible; DataForSeoBot/1.0; +https://dataforseo.com/dataforseo-bot)"
136.243.228.194 - - [07/Jul/2025:14:47:44 -0400] "GET /103qbfhd37184.html HTTP/1.1" 404 23126 "-" "Mozilla/5.0 (compatible; DataForSeoBot/1.0; +https://dataforseo.com/dataforseo-bot)"
136.243.228.194 - - [07/Jul/2025:14:47:49 -0400] "GET /176ycvz3927.html HTTP/1.1" 404 23126 "-" "Mozilla/5.0 (compatible; DataForSeoBot/1.0; +https://dataforseo.com/dataforseo-bot)"
188.166.211.225 - - [07/Jul/2025:14:47:52 -0400] "GET /wp-login.php HTTP/1.1" 200 3129 "-" "Mozilla/5.0 (Windows NT 6.3; WOW64; rv:40.0) Gecko/20100101 Firefox/40.0"
66.249.64.162 - - [07/Jul/2025:14:47:53 -0400] "GET /217gibxt26306.html HTTP/1.1" 200 87847 "-" "Mozilla/5.0 (Linux; Android 6.0.1; Nexus 5X Build/MMB29P) AppleWebKit/537.36 (KHTML, like Gecko) Chrome/137.0.7151.103 Mobile Safari/537.36 (compatible; Googlebot/2.1; +http://www.google.com/bot.html)"
136.243.228.194 - - [07/Jul/2025:14:47:53 -0400] "GET /12uilgw14817.html HTTP/1.1" 404 23127 "-" "Mozilla/5.0 (compatible; DataForSeoBot/1.0; +https://dataforseo.com/dataforseo-bot)"
188.166.211.225 - - [07/Jul/2025:14:47:56 -0400] "GET /wp-login.php HTTP/1.1" 200 3095 "-" "Mozilla/5.0 (Windows NT 6.3; WOW64; rv:40.0) Gecko/20100101 Firefox/40.0"
136.243.228.194 - - [07/Jul/2025:14:47:58 -0400] "GET /28cvbtr28821.html HTTP/1.1" 404 23127 "-" "Mozilla/5.0 (compatible; DataForSeoBot/1.0; +https://dataforseo.com/dataforseo-bot)"
136.243.228.194 - - [07/Jul/2025:14:48:02 -0400] "GET /210yex33089.html HTTP/1.1" 404 23126 "-" "Mozilla/5.0 (compatible; DataForSeoBot/1.0; +https://dataforseo.com/dataforseo-bot)"
20.171.207.36 - - [07/Jul/2025:14:48:05 -0400] "GET /185ecfo490.html HTTP/1.1" 404 23127 "-" "Mozilla/5.0 AppleWebKit/537.36 (KHTML, like Gecko; compatible; GPTBot/1.2; +https://openai.com/gptbot)"
66.249.64.163 - - [07/Jul/2025:14:48:11 -0400] "GET /items/dlubb60/54?key=master HTTP/1.1" 200 87262 "-" "Mozilla/5.0 (Linux; Android 6.0.1; Nexus 5X Build/MMB29P) AppleWebKit/537.36 (KHTML, like Gecko) Chrome/137.0.7151.119 Mobile Safari/537.36 (compatible; Googlebot/2.1; +http://www.google.com/bot.html)"
136.243.228.194 - - [07/Jul/2025:14:48:09 -0400] "GET /items/vphdr13/49399?key=criteria HTTP/1.1" 404 23126 "-" "Mozilla/5.0 (compatible; DataForSeoBot/1.0; +https://dataforseo.com/dataforseo-bot)"
66.29.146.47 - - [07/Jul/2025:14:48:16 -0400] "POST /wp-cron.php?doing_wp_cron=1751914096.3167479038238525390625 HTTP/1.1" 403 1242 "-" "WordPress/6.8; https://dangroup.sa"
188.166.211.225 - - [07/Jul/2025:14:48:14 -0400] "GET /wp-login.php HTTP/1.1" 200 3095 "-" "Mozilla/5.0 (Windows NT 6.3; WOW64; rv:40.0) Gecko/20100101 Firefox/40.0"
188.166.211.225 - - [07/Jul/2025:14:48:17 -0400] "GET /wp-login.php HTTP/1.1" 200 3129 "-" "Mozilla/5.0 (Windows NT 6.3; WOW64; rv:40.0) Gecko/20100101 Firefox/40.0"
136.243.228.194 - - [07/Jul/2025:14:48:17 -0400] "GET /items/phnlm16/25450?key=bay HTTP/1.1" 404 23126 "-" "Mozilla/5.0 (compatible; DataForSeoBot/1.0; +https://dataforseo.com/dataforseo-bot)"
2.58.56.113 - - [07/Jul/2025:14:48:27 -0400] "GET /wp-admin/setup-config.php HTTP/1.1" 403 1242 "-" "Mozilla/5.0 (Windows NT 10.0; Win64; x64)"
66.249.64.162 - - [07/Jul/2025:14:48:34 -0400] "GET /90dxql14853.html HTTP/1.1" 200 88011 "-" "Mozilla/5.0 (Linux; Android 6.0.1; Nexus 5X Build/MMB29P) AppleWebKit/537.36 (KHTML, like Gecko) Chrome/137.0.7151.103 Mobile Safari/537.36 (compatible; Googlebot/2.1; +http://www.google.com/bot.html)"
51.222.253.11 - - [07/Jul/2025:14:48:38 -0400] "GET /1cbgh2222.html HTTP/1.1" 404 23127 "-" "Mozilla/5.0 (compatible; AhrefsBot/7.0; +http://ahrefs.com/robot/)"
66.249.64.105 - - [07/Jul/2025:14:48:45 -0400] "GET /31fafy26394.html HTTP/1.1" 200 87576 "-" "Mozilla/5.0 (Linux; Android 6.0.1; Nexus 5X Build/MMB29P) AppleWebKit/537.36 (KHTML, like Gecko) Chrome/137.0.7151.103 Mobile Safari/537.36 (compatible; Googlebot/2.1; +http://www.google.com/bot.html)"
66.249.64.163 - - [07/Jul/2025:14:49:06 -0400] "GET /49urz8598.html HTTP/1.1" 200 86865 "-" "Mozilla/5.0 (Linux; Android 6.0.1; Nexus 5X Build/MMB29P) AppleWebKit/537.36 (KHTML, like Gecko) Chrome/137.0.7151.119 Mobile Safari/537.36 (compatible; Googlebot/2.1; +http://www.google.com/bot.html)"
66.249.64.161 - - [07/Jul/2025:14:49:11 -0400] "GET /16icgvl42135.html HTTP/1.1" 200 86781 "-" "Mozilla/5.0 (Linux; Android 6.0.1; Nexus 5X Build/MMB29P) AppleWebKit/537.36 (KHTML, like Gecko) Chrome/137.0.7151.119 Mobile Safari/537.36 (compatible; Googlebot/2.1; +http://www.google.com/bot.html)"
136.243.228.194 - - [07/Jul/2025:14:49:08 -0400] "GET /287fivv23920.html HTTP/1.1" 404 23126 "-" "Mozilla/5.0 (compatible; DataForSeoBot/1.0; +https://dataforseo.com/dataforseo-bot)"
66.249.64.161 - - [07/Jul/2025:14:49:16 -0400] "GET /items/hhfsv12/800?key=enforcement HTTP/1.1" 200 87549 "-" "Mozilla/5.0 (Linux; Android 6.0.1; Nexus 5X Build/MMB29P) AppleWebKit/537.36 (KHTML, like Gecko) Chrome/137.0.7151.103 Mobile Safari/537.36 (compatible; Googlebot/2.1; +http://www.google.com/bot.html)"
20.171.207.36 - - [07/Jul/2025:14:49:10 -0400] "GET /5ndgw17604.html HTTP/1.1" 404 23126 "-" "Mozilla/5.0 AppleWebKit/537.36 (KHTML, like Gecko; compatible; GPTBot/1.2; +https://openai.com/gptbot)"
66.29.146.47 - - [07/Jul/2025:14:49:18 -0400] "POST /wp-cron.php?doing_wp_cron=1751914158.4034709930419921875000 HTTP/1.1" 403 1242 "-" "WordPress/6.8; https://dangroup.sa"
136.243.228.194 - - [07/Jul/2025:14:49:17 -0400] "GET /items/birzh192/24118?key=civilization HTTP/1.1" 404 23126 "-" "Mozilla/5.0 (compatible; DataForSeoBot/1.0; +https://dataforseo.com/dataforseo-bot)"
188.166.211.225 - - [07/Jul/2025:14:49:24 -0400] "GET /wp-login.php HTTP/1.1" 200 3095 "-" "Mozilla/5.0 (Macintosh; Intel Mac OS X 10_11_5) AppleWebKit/537.36 (KHTML, like Gecko) Chrome/50.0.2661.102 Safari/537.36"
136.243.228.194 - - [07/Jul/2025:14:49:23 -0400] "GET /items/nbulb62/1188?key=specialist HTTP/1.1" 404 23126 "-" "Mozilla/5.0 (compatible; DataForSeoBot/1.0; +https://dataforseo.com/dataforseo-bot)"
66.249.64.106 - - [07/Jul/2025:14:49:27 -0400] "GET /21mxw32522.html HTTP/1.1" 200 87951 "-" "Mozilla/5.0 (Linux; Android 6.0.1; Nexus 5X Build/MMB29P) AppleWebKit/537.36 (KHTML, like Gecko) Chrome/137.0.7151.103 Mobile Safari/537.36 (compatible; Googlebot/2.1; +http://www.google.com/bot.html)"
188.166.211.225 - - [07/Jul/2025:14:49:28 -0400] "GET /wp-login.php HTTP/1.1" 200 3129 "-" "Mozilla/5.0 (Macintosh; Intel Mac OS X 10_11_5) AppleWebKit/537.36 (KHTML, like Gecko) Chrome/50.0.2661.102 Safari/537.36"
136.243.228.194 - - [07/Jul/2025:14:49:27 -0400] "GET /items/iaqfr169/44733?key=crash HTTP/1.1" 404 23127 "-" "Mozilla/5.0 (compatible; DataForSeoBot/1.0; +https://dataforseo.com/dataforseo-bot)"
136.243.228.194 - - [07/Jul/2025:14:49:33 -0400] "GET /220lja24097.html HTTP/1.1" 404 23126 "-" "Mozilla/5.0 (compatible; DataForSeoBot/1.0; +https://dataforseo.com/dataforseo-bot)"
66.249.64.161 - - [07/Jul/2025:14:49:39 -0400] "GET /items/nahtk197/39927?key=bunch HTTP/1.1" 200 87151 "-" "Mozilla/5.0 (Linux; Android 6.0.1; Nexus 5X Build/MMB29P) AppleWebKit/537.36 (KHTML, like Gecko) Chrome/137.0.7151.103 Mobile Safari/537.36 (compatible; Googlebot/2.1; +http://www.google.com/bot.html)"
2001:16a2:c0c6:83b9:15ee:63ec:8360:a131 - - [07/Jul/2025:14:49:36 -0400] "GET /ar/ HTTP/1.1" 404 23126 "https://www.linkedin.com/" "Mozilla/5.0 (iPhone; CPU iPhone OS 16_3_1 like Mac OS X) AppleWebKit/605.1.15 (KHTML, like Gecko) Mobile/15E148 [LinkedInApp]/9.30.4704"
136.243.228.194 - - [07/Jul/2025:14:49:38 -0400] "GET /items/wvaui95/23165?key=childhood HTTP/1.1" 404 23127 "-" "Mozilla/5.0 (compatible; DataForSeoBot/1.0; +https://dataforseo.com/dataforseo-bot)"
188.166.211.225 - - [07/Jul/2025:14:49:45 -0400] "GET /wp-login.php HTTP/1.1" 200 3095 "-" "Mozilla/5.0 (Windows NT 6.3; WOW64; rv:40.0) Gecko/20100101 Firefox/40.0"
188.166.211.225 - - [07/Jul/2025:14:49:49 -0400] "GET /wp-login.php HTTP/1.1" 200 3129 "-" "Mozilla/5.0 (Windows NT 6.3; WOW64; rv:40.0) Gecko/20100101 Firefox/40.0"
136.243.228.194 - - [07/Jul/2025:14:49:47 -0400] "GET /8mwk37659.html HTTP/1.1" 404 23127 "-" "Mozilla/5.0 (compatible; DataForSeoBot/1.0; +https://dataforseo.com/dataforseo-bot)"
136.243.228.194 - - [07/Jul/2025:14:49:54 -0400] "GET /218zzy4187.html HTTP/1.1" 404 23127 "-" "Mozilla/5.0 (compatible; DataForSeoBot/1.0; +https://dataforseo.com/dataforseo-bot)"
136.243.228.194 - - [07/Jul/2025:14:50:00 -0400] "GET /276kcfs27671.html HTTP/1.1" 404 23126 "-" "Mozilla/5.0 (compatible; DataForSeoBot/1.0; +https://dataforseo.com/dataforseo-bot)"
66.249.64.163 - - [07/Jul/2025:14:50:03 -0400] "GET /items/nkvdo112/6696?key=intent HTTP/1.1" 200 86906 "-" "Mozilla/5.0 (Linux; Android 6.0.1; Nexus 5X Build/MMB29P) AppleWebKit/537.36 (KHTML, like Gecko) Chrome/137.0.7151.119 Mobile Safari/537.36 (compatible; Googlebot/2.1; +http://www.google.com/bot.html)"
