136.243.228.194 - - [07/Jul/2025:09:07:08 -0400] "GET /122whx51271.html HTTP/1.1" 404 23126 "-" "Mozilla/5.0 (compatible; DataForSeoBot/1.0; +https://dataforseo.com/dataforseo-bot)"
136.243.228.194 - - [07/Jul/2025:09:06:34 -0400] "GET /36gzhq34225.html HTTP/1.1" 404 23126 "-" "Mozilla/5.0 (compatible; DataForSeoBot/1.0; +https://dataforseo.com/dataforseo-bot)"
192.178.6.70 - - [07/Jul/2025:09:07:14 -0400] "GET /items/dcdwx98/31036?key=headquarters HTTP/1.1" 200 87156 "-" "Mozilla/5.0 (Linux; Android 6.0.1; Nexus 5X Build/MMB29P) AppleWebKit/537.36 (KHTML, like Gecko) Chrome/137.0.7151.103 Mobile Safari/537.36 (compatible; Googlebot/2.1; +http://www.google.com/bot.html)"
136.243.228.194 - - [07/Jul/2025:09:07:15 -0400] "GET /items/pdbif76/878?key=document HTTP/1.1" 404 23126 "-" "Mozilla/5.0 (compatible; DataForSeoBot/1.0; +https://dataforseo.com/dataforseo-bot)"
64.227.155.126 - - [07/Jul/2025:09:07:23 -0400] "GET /wp-admin/css/ HTTP/1.1" 200 2719 "binance.com" "Mozilla/5.0 (Windows NT 10.0; Win64; x64) AppleWebKit/537.36 (KHTML, like Gecko) Chrome/90.0.4430.85 Safari/537.36"
136.243.228.194 - - [07/Jul/2025:09:07:23 -0400] "GET /items/qvhpj109/7385?key=discussion HTTP/1.1" 404 23126 "-" "Mozilla/5.0 (compatible; DataForSeoBot/1.0; +https://dataforseo.com/dataforseo-bot)"
64.227.155.126 - - [07/Jul/2025:09:07:31 -0400] "GET /wp-admin/css/colors/ HTTP/1.1" 200 1093 "binance.com" "Mozilla/5.0 (Windows NT 10.0; Win64; x64) AppleWebKit/537.36 (KHTML, like Gecko) Chrome/90.0.4430.85 Safari/537.36"
64.227.155.126 - - [07/Jul/2025:09:07:43 -0400] "GET /wp-admin/css/colors/blue/ HTTP/1.1" 200 709 "binance.com" "Mozilla/5.0 (Windows NT 10.0; Win64; x64) AppleWebKit/537.36 (KHTML, like Gecko) Chrome/90.0.4430.85 Safari/537.36"
136.243.228.194 - - [07/Jul/2025:09:07:33 -0400] "GET /106ladyw1295.html HTTP/1.1" 404 23126 "-" "Mozilla/5.0 (compatible; DataForSeoBot/1.0; +https://dataforseo.com/dataforseo-bot)"
64.227.155.126 - - [07/Jul/2025:09:07:53 -0400] "GET /wp-admin/css/colors/coffee/ HTTP/1.1" 200 722 "binance.com" "Mozilla/5.0 (Windows NT 10.0; Win64; x64) AppleWebKit/537.36 (KHTML, like Gecko) Chrome/90.0.4430.85 Safari/537.36"
136.243.228.194 - - [07/Jul/2025:09:07:46 -0400] "GET /61oppgx17632.html HTTP/1.1" 404 23126 "-" "Mozilla/5.0 (compatible; DataForSeoBot/1.0; +https://dataforseo.com/dataforseo-bot)"
64.227.155.126 - - [07/Jul/2025:09:07:59 -0400] "GET /wp-admin/css/colors/ectoplasm/ HTTP/1.1" 200 708 "binance.com" "Mozilla/5.0 (Windows NT 10.0; Win64; x64) AppleWebKit/537.36 (KHTML, like Gecko) Chrome/90.0.4430.85 Safari/537.36"
136.243.228.194 - - [07/Jul/2025:09:07:58 -0400] "GET /200ivcd30357.html HTTP/1.1" 404 23126 "-" "Mozilla/5.0 (compatible; DataForSeoBot/1.0; +https://dataforseo.com/dataforseo-bot)"
66.29.146.47 - - [07/Jul/2025:09:08:07 -0400] "POST /wp-cron.php?doing_wp_cron=1751893687.5127220153808593750000 HTTP/1.1" 403 1242 "-" "WordPress/6.8; https://dangroup.sa"
64.227.155.126 - - [07/Jul/2025:09:08:07 -0400] "GET /wp-admin/css/colors/light/ HTTP/1.1" 200 718 "binance.com" "Mozilla/5.0 (Windows NT 10.0; Win64; x64) AppleWebKit/537.36 (KHTML, like Gecko) Chrome/90.0.4430.85 Safari/537.36"
66.29.146.47 - - [07/Jul/2025:09:08:08 -0400] "POST /wp-cron.php?doing_wp_cron=1751893688.1048970222473144531250 HTTP/1.1" 403 1242 "-" "WordPress/6.8; https://dangroup.sa"
64.227.155.126 - - [07/Jul/2025:09:08:15 -0400] "GET /wp-admin/css/colors/midnight/ HTTP/1.1" 200 714 "binance.com" "Mozilla/5.0 (Windows NT 10.0; Win64; x64) AppleWebKit/537.36 (KHTML, like Gecko) Chrome/90.0.4430.85 Safari/537.36"
20.171.207.36 - - [07/Jul/2025:09:08:05 -0400] "GET /285wksw1972.html HTTP/1.1" 404 23126 "-" "Mozilla/5.0 AppleWebKit/537.36 (KHTML, like Gecko; compatible; GPTBot/1.2; +https://openai.com/gptbot)"
136.243.228.194 - - [07/Jul/2025:09:08:04 -0400] "GET /161uof49020.html HTTP/1.1" 404 23127 "-" "Mozilla/5.0 (compatible; DataForSeoBot/1.0; +https://dataforseo.com/dataforseo-bot)"
192.178.6.70 - - [07/Jul/2025:09:08:22 -0400] "GET /161wcuj23292.html HTTP/1.1" 200 87256 "-" "Mozilla/5.0 (Linux; Android 6.0.1; Nexus 5X Build/MMB29P) AppleWebKit/537.36 (KHTML, like Gecko) Chrome/137.0.7151.103 Mobile Safari/537.36 (compatible; Googlebot/2.1; +http://www.google.com/bot.html)"
64.227.155.126 - - [07/Jul/2025:09:08:27 -0400] "GET /wp-admin/css/colors/modern/ HTTP/1.1" 200 719 "binance.com" "Mozilla/5.0 (Windows NT 10.0; Win64; x64) AppleWebKit/537.36 (KHTML, like Gecko) Chrome/90.0.4430.85 Safari/537.36"
136.243.228.194 - - [07/Jul/2025:09:08:23 -0400] "GET /items/imayc289/39595?key=shade HTTP/1.1" 404 23126 "-" "Mozilla/5.0 (compatible; DataForSeoBot/1.0; +https://dataforseo.com/dataforseo-bot)"
136.243.228.194 - - [07/Jul/2025:09:08:31 -0400] "GET /195xbh40632.html HTTP/1.1" 404 23126 "-" "Mozilla/5.0 (compatible; DataForSeoBot/1.0; +https://dataforseo.com/dataforseo-bot)"
64.227.155.126 - - [07/Jul/2025:09:08:38 -0400] "GET /wp-admin/css/colors/ocean/ HTTP/1.1" 200 719 "binance.com" "Mozilla/5.0 (Windows NT 10.0; Win64; x64) AppleWebKit/537.36 (KHTML, like Gecko) Chrome/90.0.4430.85 Safari/537.36"
136.243.228.194 - - [07/Jul/2025:09:08:38 -0400] "GET /items/mqopc11/22973?key=resource HTTP/1.1" 404 23126 "-" "Mozilla/5.0 (compatible; DataForSeoBot/1.0; +https://dataforseo.com/dataforseo-bot)"
64.227.155.126 - - [07/Jul/2025:09:08:45 -0400] "GET /wp-admin/css/colors/sunrise/%20 HTTP/1.1" 301 0 "binance.com" "Mozilla/5.0 (Windows NT 10.0; Win64; x64) AppleWebKit/537.36 (KHTML, like Gecko) Chrome/90.0.4430.85 Safari/537.36"
64.227.155.126 - - [07/Jul/2025:09:08:46 -0400] "GET /wp-admin/css/colors/sunrise/ HTTP/1.1" 200 711 "binance.com" "Mozilla/5.0 (Windows NT 10.0; Win64; x64) AppleWebKit/537.36 (KHTML, like Gecko) Chrome/90.0.4430.85 Safari/537.36"
136.243.228.194 - - [07/Jul/2025:09:08:44 -0400] "GET /items/drbzc221/18563?key=funeral HTTP/1.1" 404 23126 "-" "Mozilla/5.0 (compatible; DataForSeoBot/1.0; +https://dataforseo.com/dataforseo-bot)"
64.227.155.126 - - [07/Jul/2025:09:08:52 -0400] "GET /wp-admin/images/ HTTP/1.1" 200 2323 "binance.com" "Mozilla/5.0 (Windows NT 10.0; Win64; x64) AppleWebKit/537.36 (KHTML, like Gecko) Chrome/90.0.4430.85 Safari/537.36"
64.227.155.126 - - [07/Jul/2025:09:08:59 -0400] "GET /wp-admin/js/ HTTP/1.1" 200 2906 "binance.com" "Mozilla/5.0 (Windows NT 10.0; Win64; x64) AppleWebKit/537.36 (KHTML, like Gecko) Chrome/90.0.4430.85 Safari/537.36"
136.243.228.194 - - [07/Jul/2025:09:08:50 -0400] "GET /215htdh18540.html HTTP/1.1" 404 23126 "-" "Mozilla/5.0 (compatible; DataForSeoBot/1.0; +https://dataforseo.com/dataforseo-bot)"
64.227.155.126 - - [07/Jul/2025:09:09:08 -0400] "GET /wp-admin/js/widgets/ HTTP/1.1" 200 1200 "binance.com" "Mozilla/5.0 (Windows NT 10.0; Win64; x64) AppleWebKit/537.36 (KHTML, like Gecko) Chrome/90.0.4430.85 Safari/537.36"
136.243.228.194 - - [07/Jul/2025:09:09:02 -0400] "GET /items/tfxpw246/7266?key=thousand HTTP/1.1" 404 23126 "-" "Mozilla/5.0 (compatible; DataForSeoBot/1.0; +https://dataforseo.com/dataforseo-bot)"
66.29.146.47 - - [07/Jul/2025:09:09:10 -0400] "POST /wp-cron.php?doing_wp_cron=1751893750.8326311111450195312500 HTTP/1.1" 403 1242 "-" "WordPress/6.8; https://dangroup.sa"
64.227.155.126 - - [07/Jul/2025:09:09:18 -0400] "GET /wp-includes/ HTTP/1.1" 200 6856 "binance.com" "Mozilla/5.0 (Windows NT 10.0; Win64; x64) AppleWebKit/537.36 (KHTML, like Gecko) Chrome/90.0.4430.85 Safari/537.36"
20.171.207.36 - - [07/Jul/2025:09:09:10 -0400] "GET /66ufdw29055.html HTTP/1.1" 404 23126 "-" "Mozilla/5.0 AppleWebKit/537.36 (KHTML, like Gecko; compatible; GPTBot/1.2; +https://openai.com/gptbot)"
136.243.228.194 - - [07/Jul/2025:09:09:11 -0400] "GET /items/vttpo160/7550?key=slowly HTTP/1.1" 404 23126 "-" "Mozilla/5.0 (compatible; DataForSeoBot/1.0; +https://dataforseo.com/dataforseo-bot)"
192.178.6.70 - - [07/Jul/2025:09:09:23 -0400] "GET /167ueb8878.html HTTP/1.1" 200 86845 "-" "Mozilla/5.0 (Linux; Android 6.0.1; Nexus 5X Build/MMB29P) AppleWebKit/537.36 (KHTML, like Gecko) Chrome/137.0.7151.103 Mobile Safari/537.36 (compatible; Googlebot/2.1; +http://www.google.com/bot.html)"
136.243.228.194 - - [07/Jul/2025:09:09:23 -0400] "GET /items/ppcde165/45755?key=strip HTTP/1.1" 404 23127 "-" "Mozilla/5.0 (compatible; DataForSeoBot/1.0; +https://dataforseo.com/dataforseo-bot)"
64.227.155.126 - - [07/Jul/2025:09:09:29 -0400] "GET /wp-includes/ HTTP/1.1" 200 6866 "binance.com" "Mozilla/5.0 (Windows NT 10.0; Win64; x64) AppleWebKit/537.36 (KHTML, like Gecko) Chrome/90.0.4430.85 Safari/537.36"
136.243.228.194 - - [07/Jul/2025:09:09:31 -0400] "GET /items/nzcmh2/17654?key=product HTTP/1.1" 404 23126 "-" "Mozilla/5.0 (compatible; DataForSeoBot/1.0; +https://dataforseo.com/dataforseo-bot)"
192.178.6.69 - - [07/Jul/2025:09:09:33 -0400] "GET /175qkbm15120.html HTTP/1.1" 200 87691 "-" "Mozilla/5.0 (Linux; Android 6.0.1; Nexus 5X Build/MMB29P) AppleWebKit/537.36 (KHTML, like Gecko) Chrome/137.0.7151.103 Mobile Safari/537.36 (compatible; GoogleOther)"
64.227.155.126 - - [07/Jul/2025:09:09:35 -0400] "GET /wp-includes/block-bindings.php HTTP/1.1" 403 1242 "binance.com" "Mozilla/5.0 (Windows NT 10.0; Win64; x64) AppleWebKit/537.36 (KHTML, like Gecko) Chrome/90.0.4430.85 Safari/537.36"
192.178.6.69 - - [07/Jul/2025:09:09:34 -0400] "GET /158mfzn36679.html HTTP/1.1" 200 87395 "-" "Mozilla/5.0 (Linux; Android 6.0.1; Nexus 5X Build/MMB29P) AppleWebKit/537.36 (KHTML, like Gecko) Chrome/137.0.7151.103 Mobile Safari/537.36 (compatible; Googlebot/2.1; +http://www.google.com/bot.html)"
192.178.6.68 - - [07/Jul/2025:09:09:36 -0400] "GET /38lsse4309.html HTTP/1.1" 200 87688 "-" "Mozilla/5.0 (Linux; Android 6.0.1; Nexus 5X Build/MMB29P) AppleWebKit/537.36 (KHTML, like Gecko) Chrome/137.0.7151.103 Mobile Safari/537.36 (compatible; Googlebot/2.1; +http://www.google.com/bot.html)"
136.243.228.194 - - [07/Jul/2025:09:09:36 -0400] "GET /178irgcz13255.html HTTP/1.1" 404 23126 "-" "Mozilla/5.0 (compatible; DataForSeoBot/1.0; +https://dataforseo.com/dataforseo-bot)"
192.178.6.69 - - [07/Jul/2025:09:09:39 -0400] "GET /94wkjys287.html HTTP/1.1" 200 86496 "-" "Mozilla/5.0 (Linux; Android 6.0.1; Nexus 5X Build/MMB29P) AppleWebKit/537.36 (KHTML, like Gecko) Chrome/137.0.7151.103 Mobile Safari/537.36 (compatible; GoogleOther)"
64.227.155.126 - - [07/Jul/2025:09:09:44 -0400] "GET /wp-includes/block-editor.php HTTP/1.1" 403 1242 "binance.com" "Mozilla/5.0 (Windows NT 10.0; Win64; x64) AppleWebKit/537.36 (KHTML, like Gecko) Chrome/90.0.4430.85 Safari/537.36"
136.243.228.194 - - [07/Jul/2025:09:09:40 -0400] "GET /items/hadya199/5973?key=celebrity HTTP/1.1" 404 23126 "-" "Mozilla/5.0 (compatible; DataForSeoBot/1.0; +https://dataforseo.com/dataforseo-bot)"
64.227.155.126 - - [07/Jul/2025:09:09:55 -0400] "GET /wp-includes/block-template-utils.php HTTP/1.1" 403 1242 "binance.com" "Mozilla/5.0 (Windows NT 10.0; Win64; x64) AppleWebKit/537.36 (KHTML, like Gecko) Chrome/90.0.4430.85 Safari/537.36"
136.243.228.194 - - [07/Jul/2025:09:09:56 -0400] "GET /33fqd48736.html HTTP/1.1" 404 23127 "-" "Mozilla/5.0 (compatible; DataForSeoBot/1.0; +https://dataforseo.com/dataforseo-bot)"
64.227.155.126 - - [07/Jul/2025:09:10:03 -0400] "GET /wp-includes/block-template.php HTTP/1.1" 403 1242 "binance.com" "Mozilla/5.0 (Windows NT 10.0; Win64; x64) AppleWebKit/537.36 (KHTML, like Gecko) Chrome/90.0.4430.85 Safari/537.36"
136.243.228.194 - - [07/Jul/2025:09:10:01 -0400] "GET /247amhst16898.html HTTP/1.1" 404 23126 "-" "Mozilla/5.0 (compatible; DataForSeoBot/1.0; +https://dataforseo.com/dataforseo-bot)"
136.243.228.194 - - [07/Jul/2025:09:10:06 -0400] "GET /items/scdar177/14663?key=aid HTTP/1.1" 404 23126 "-" "Mozilla/5.0 (compatible; DataForSeoBot/1.0; +https://dataforseo.com/dataforseo-bot)"
66.29.146.47 - - [07/Jul/2025:09:10:12 -0400] "POST /wp-cron.php?doing_wp_cron=1751893812.1439878940582275390625 HTTP/1.1" 403 1242 "-" "WordPress/6.8; https://dangroup.sa"
64.227.155.126 - - [07/Jul/2025:09:10:15 -0400] "GET /wp-includes/class-avif-info.php HTTP/1.1" 403 1242 "binance.com" "Mozilla/5.0 (Windows NT 10.0; Win64; x64) AppleWebKit/537.36 (KHTML, like Gecko) Chrome/90.0.4430.85 Safari/537.36"
136.243.228.194 - - [07/Jul/2025:09:10:11 -0400] "GET /items/ytkhw102/590?key=deeply HTTP/1.1" 404 23126 "-" "Mozilla/5.0 (compatible; DataForSeoBot/1.0; +https://dataforseo.com/dataforseo-bot)"
20.171.207.36 - - [07/Jul/2025:09:10:15 -0400] "GET /15ssvc47056.html HTTP/1.1" 404 23126 "-" "Mozilla/5.0 AppleWebKit/537.36 (KHTML, like Gecko; compatible; GPTBot/1.2; +https://openai.com/gptbot)"
64.227.155.126 - - [07/Jul/2025:09:10:27 -0400] "GET /wp-includes/class-wp-block-bindings-registry.php HTTP/1.1" 403 1242 "binance.com" "Mozilla/5.0 (Windows NT 10.0; Win64; x64) AppleWebKit/537.36 (KHTML, like Gecko) Chrome/90.0.4430.85 Safari/537.36"
136.243.228.194 - - [07/Jul/2025:09:10:18 -0400] "GET /items/mftaz144/30942?key=drum HTTP/1.1" 404 23126 "-" "Mozilla/5.0 (compatible; DataForSeoBot/1.0; +https://dataforseo.com/dataforseo-bot)"
34.73.104.85 - - [07/Jul/2025:09:10:18 -0400] "GET / HTTP/1.1" 200 33217 "-" "Mozilla/5.0 (Windows NT 10.0; Win64; x64) AppleWebKit/537.36 (KHTML, like Gecko) Chrome/78.0.3904.108 Safari/537.36"
64.227.155.126 - - [07/Jul/2025:09:10:34 -0400] "GET /wp-includes/class-wp-block-bindings-source.php HTTP/1.1" 403 1242 "binance.com" "Mozilla/5.0 (Windows NT 10.0; Win64; x64) AppleWebKit/537.36 (KHTML, like Gecko) Chrome/90.0.4430.85 Safari/537.36"
192.178.6.70 - - [07/Jul/2025:09:10:37 -0400] "GET /33yvnn772.html HTTP/1.1" 200 87303 "-" "Mozilla/5.0 (Linux; Android 6.0.1; Nexus 5X Build/MMB29P) AppleWebKit/537.36 (KHTML, like Gecko) Chrome/137.0.7151.103 Mobile Safari/537.36 (compatible; Googlebot/2.1; +http://www.google.com/bot.html)"
34.73.104.85 - - [07/Jul/2025:09:10:35 -0400] "GET //wp-includes/wlwmanifest.xml HTTP/1.1" 301 0 "-" "Mozilla/5.0 (Windows NT 10.0; Win64; x64) AppleWebKit/537.36 (KHTML, like Gecko) Chrome/78.0.3904.108 Safari/537.36"
34.73.104.85 - - [07/Jul/2025:09:10:38 -0400] "GET //xmlrpc.php?rsd HTTP/1.1" 403 1242 "-" "Mozilla/5.0 (Windows NT 10.0; Win64; x64) AppleWebKit/537.36 (KHTML, like Gecko) Chrome/78.0.3904.108 Safari/537.36"
136.243.228.194 - - [07/Jul/2025:09:10:29 -0400] "GET /284vxn44237.html HTTP/1.1" 404 23127 "-" "Mozilla/5.0 (compatible; DataForSeoBot/1.0; +https://dataforseo.com/dataforseo-bot)"
64.227.155.126 - - [07/Jul/2025:09:10:44 -0400] "GET /wp-includes/class-wp-block-editor-context.php HTTP/1.1" 403 1242 "binance.com" "Mozilla/5.0 (Windows NT 10.0; Win64; x64) AppleWebKit/537.36 (KHTML, like Gecko) Chrome/90.0.4430.85 Safari/537.36"
64.227.155.126 - - [07/Jul/2025:09:10:50 -0400] "GET /wp-includes/class-wp-block-metadata-registry.php HTTP/1.1" 403 1242 "binance.com" "Mozilla/5.0 (Windows NT 10.0; Win64; x64) AppleWebKit/537.36 (KHTML, like Gecko) Chrome/90.0.4430.85 Safari/537.36"
47.82.60.3 - - [07/Jul/2025:09:10:39 -0400] "GET /259glkss6002.html HTTP/1.1" 404 23126 "https://dangroup.sa/259glkss6002.html" "Mozilla/5.0 (Windows NT 10.0; Win64; x64) AppleWebKit/537.36 (KHTML, like Gecko) Chrome/114.0.0.0 Safari/537.36 Edg/114.0.1823.43"
34.73.104.85 - - [07/Jul/2025:09:10:38 -0400] "GET / HTTP/1.1" 200 33217 "-" "Mozilla/5.0 (Windows NT 10.0; Win64; x64) AppleWebKit/537.36 (KHTML, like Gecko) Chrome/78.0.3904.108 Safari/537.36"
136.243.228.194 - - [07/Jul/2025:09:10:44 -0400] "GET /items/uwank274/29368?key=fit HTTP/1.1" 404 23127 "-" "Mozilla/5.0 (compatible; DataForSeoBot/1.0; +https://dataforseo.com/dataforseo-bot)"
34.73.104.85 - - [07/Jul/2025:09:10:53 -0400] "GET //?author=1 HTTP/1.1" 301 0 "-" "Mozilla/5.0 (Windows NT 10.0; Win64; x64) AppleWebKit/537.36 (KHTML, like Gecko) Chrome/78.0.3904.108 Safari/537.36"
34.73.104.85 - - [07/Jul/2025:09:10:53 -0400] "GET //?author=2 HTTP/1.1" 301 0 "-" "Mozilla/5.0 (Windows NT 10.0; Win64; x64) AppleWebKit/537.36 (KHTML, like Gecko) Chrome/78.0.3904.108 Safari/537.36"
34.73.104.85 - - [07/Jul/2025:09:10:54 -0400] "GET //wp-json/wp/v2/users/ HTTP/1.1" 200 886 "-" "Mozilla/5.0 (Windows NT 10.0; Win64; x64) AppleWebKit/537.36 (KHTML, like Gecko) Chrome/78.0.3904.108 Safari/537.36"
34.73.104.85 - - [07/Jul/2025:09:10:55 -0400] "POST //xmlrpc.php HTTP/1.1" 403 1242 "-" "Mozilla/5.0 (Windows NT 10.0; Win64; x64) AppleWebKit/537.36 (KHTML, like Gecko) Chrome/78.0.3904.108 Safari/537.36"
64.227.155.126 - - [07/Jul/2025:09:10:57 -0400] "GET /wp-includes/class-wp-block-parser-block.php HTTP/1.1" 403 1242 "binance.com" "Mozilla/5.0 (Windows NT 10.0; Win64; x64) AppleWebKit/537.36 (KHTML, like Gecko) Chrome/90.0.4430.85 Safari/537.36"
136.243.228.194 - - [07/Jul/2025:09:10:54 -0400] "GET /149floq7234.html HTTP/1.1" 404 23126 "-" "Mozilla/5.0 (compatible; DataForSeoBot/1.0; +https://dataforseo.com/dataforseo-bot)"
136.243.228.194 - - [07/Jul/2025:09:10:59 -0400] "GET /270wbgoz49939.html HTTP/1.1" 404 23127 "-" "Mozilla/5.0 (compatible; DataForSeoBot/1.0; +https://dataforseo.com/dataforseo-bot)"
192.178.6.70 - - [07/Jul/2025:09:11:04 -0400] "GET /183smlq14078.html HTTP/1.1" 200 87404 "-" "Mozilla/5.0 (Linux; Android 6.0.1; Nexus 5X Build/MMB29P) AppleWebKit/537.36 (KHTML, like Gecko) Chrome/137.0.7151.103 Mobile Safari/537.36 (compatible; Googlebot/2.1; +http://www.google.com/bot.html)"
64.227.155.126 - - [07/Jul/2025:09:11:04 -0400] "GET /wp-includes/class-wp-block-parser-frame.php HTTP/1.1" 403 1242 "binance.com" "Mozilla/5.0 (Windows NT 10.0; Win64; x64) AppleWebKit/537.36 (KHTML, like Gecko) Chrome/90.0.4430.85 Safari/537.36"
136.243.228.194 - - [07/Jul/2025:09:11:06 -0400] "GET /228hxv8473.html HTTP/1.1" 404 23126 "-" "Mozilla/5.0 (compatible; DataForSeoBot/1.0; +https://dataforseo.com/dataforseo-bot)"
66.29.146.47 - - [07/Jul/2025:09:11:13 -0400] "POST /wp-cron.php?doing_wp_cron=1751893873.3261620998382568359375 HTTP/1.1" 403 1242 "-" "WordPress/6.8; https://dangroup.sa"
64.227.155.126 - - [07/Jul/2025:09:11:14 -0400] "GET /wp-includes/class-wp-block-template.php HTTP/1.1" 403 1242 "binance.com" "Mozilla/5.0 (Windows NT 10.0; Win64; x64) AppleWebKit/537.36 (KHTML, like Gecko) Chrome/90.0.4430.85 Safari/537.36"
136.243.228.194 - - [07/Jul/2025:09:11:12 -0400] "GET /items/wdczp273/45857?key=automobile HTTP/1.1" 404 23126 "-" "Mozilla/5.0 (compatible; DataForSeoBot/1.0; +https://dataforseo.com/dataforseo-bot)"
108.177.2.68 - - [07/Jul/2025:09:11:20 -0400] "GET /items/wmnas8/15134 HTTP/1.1" 200 17 "-" "Mozilla/5.0 (Linux; Android 6.0.1; Nexus 5X Build/MMB29P) AppleWebKit/537.36 (KHTML, like Gecko) Chrome/137.0.7151.103 Mobile Safari/537.36 (compatible; AdsBot-Google-Mobile; +http://www.google.com/mobile/adsbot.html)"
74.125.216.105 - - [07/Jul/2025:09:11:22 -0400] "GET /items/gwkqg228/30150 HTTP/1.1" 200 17 "-" "Mozilla/5.0 (Linux; Android 6.0.1; Nexus 5X Build/MMB29P) AppleWebKit/537.36 (KHTML, like Gecko) Chrome/137.0.7151.103 Mobile Safari/537.36 (compatible; AdsBot-Google-Mobile; +http://www.google.com/mobile/adsbot.html)"
64.227.155.126 - - [07/Jul/2025:09:11:23 -0400] "GET /wp-includes/class-wp-block-templates-registry.php HTTP/1.1" 403 1242 "binance.com" "Mozilla/5.0 (Windows NT 10.0; Win64; x64) AppleWebKit/537.36 (KHTML, like Gecko) Chrome/90.0.4430.85 Safari/537.36"
74.125.216.104 - - [07/Jul/2025:09:11:24 -0400] "GET /items/aobsl81/25731 HTTP/1.1" 200 17 "-" "Mozilla/5.0 (Linux; Android 6.0.1; Nexus 5X Build/MMB29P) AppleWebKit/537.36 (KHTML, like Gecko) Chrome/137.0.7151.103 Mobile Safari/537.36 (compatible; AdsBot-Google-Mobile; +http://www.google.com/mobile/adsbot.html)"
192.178.6.68 - - [07/Jul/2025:09:11:29 -0400] "GET /54bgko42351.html HTTP/1.1" 200 86996 "-" "Mozilla/5.0 (compatible; Googlebot/2.1; +http://www.google.com/bot.html)"
136.243.228.194 - - [07/Jul/2025:09:11:18 -0400] "GET /items/okrgb129/15301?key=philosophical HTTP/1.1" 404 23127 "-" "Mozilla/5.0 (compatible; DataForSeoBot/1.0; +https://dataforseo.com/dataforseo-bot)"
20.171.207.36 - - [07/Jul/2025:09:11:19 -0400] "GET /17reuq43738.html HTTP/1.1" 404 23126 "-" "Mozilla/5.0 AppleWebKit/537.36 (KHTML, like Gecko; compatible; GPTBot/1.2; +https://openai.com/gptbot)"
136.243.228.194 - - [07/Jul/2025:09:11:32 -0400] "GET /items/dotmu34/18784?key=ego HTTP/1.1" 404 23126 "-" "Mozilla/5.0 (compatible; DataForSeoBot/1.0; +https://dataforseo.com/dataforseo-bot)"
66.249.72.104 - - [07/Jul/2025:09:11:38 -0400] "GET /294ovkyv34311.html HTTP/1.1" 200 87869 "-" "Mozilla/5.0 (Linux; Android 6.0.1; Nexus 5X Build/MMB29P) AppleWebKit/537.36 (KHTML, like Gecko) Chrome/137.0.7151.103 Mobile Safari/537.36 (compatible; Googlebot/2.1; +http://www.google.com/bot.html)"
64.227.155.126 - - [07/Jul/2025:09:11:40 -0400] "GET /wp-includes/class-wp-classic-to-block-menu-converter.php HTTP/1.1" 403 1242 "binance.com" "Mozilla/5.0 (Windows NT 10.0; Win64; x64) AppleWebKit/537.36 (KHTML, like Gecko) Chrome/90.0.4430.85 Safari/537.36"
136.243.228.194 - - [07/Jul/2025:09:11:40 -0400] "GET /182xvb34167.html HTTP/1.1" 404 23126 "-" "Mozilla/5.0 (compatible; DataForSeoBot/1.0; +https://dataforseo.com/dataforseo-bot)"
136.243.228.194 - - [07/Jul/2025:09:11:45 -0400] "GET /items/pcjtj181/45543?key=technical HTTP/1.1" 404 23126 "-" "Mozilla/5.0 (compatible; DataForSeoBot/1.0; +https://dataforseo.com/dataforseo-bot)"
2001:4860:7:507::fd - - [07/Jul/2025:09:11:49 -0400] "GET /219wuiu41624.html HTTP/1.1" 200 138 "https://www.google.com/" "Mozilla/5.0 (Windows NT 10.0; Win64; x64) AppleWebKit/537.36 (KHTML, like Gecko) Chrome/137.0.0.0 Safari/537.36"
64.227.155.126 - - [07/Jul/2025:09:11:50 -0400] "GET /wp-includes/class-wp-dependencies.php HTTP/1.1" 403 1242 "binance.com" "Mozilla/5.0 (Windows NT 10.0; Win64; x64) AppleWebKit/537.36 (KHTML, like Gecko) Chrome/90.0.4430.85 Safari/537.36"
136.243.228.194 - - [07/Jul/2025:09:11:50 -0400] "GET /69sekv16758.html HTTP/1.1" 404 23127 "-" "Mozilla/5.0 (compatible; DataForSeoBot/1.0; +https://dataforseo.com/dataforseo-bot)"
64.227.155.126 - - [07/Jul/2025:09:12:05 -0400] "GET /wp-includes/class-wp-duotone.php HTTP/1.1" 403 1242 "binance.com" "Mozilla/5.0 (Windows NT 10.0; Win64; x64) AppleWebKit/537.36 (KHTML, like Gecko) Chrome/90.0.4430.85 Safari/537.36"
136.243.228.194 - - [07/Jul/2025:09:11:58 -0400] "GET /items/cnazi101/1313?key=whereas HTTP/1.1" 404 23126 "-" "Mozilla/5.0 (compatible; DataForSeoBot/1.0; +https://dataforseo.com/dataforseo-bot)"
64.227.155.126 - - [07/Jul/2025:09:12:12 -0400] "GET /wp-includes/class-wp-exception.php HTTP/1.1" 403 1242 "binance.com" "Mozilla/5.0 (Windows NT 10.0; Win64; x64) AppleWebKit/537.36 (KHTML, like Gecko) Chrome/90.0.4430.85 Safari/537.36"
136.243.228.194 - - [07/Jul/2025:09:12:12 -0400] "GET /169mnmn34132.html HTTP/1.1" 404 23126 "-" "Mozilla/5.0 (compatible; DataForSeoBot/1.0; +https://dataforseo.com/dataforseo-bot)"
66.29.146.47 - - [07/Jul/2025:09:12:19 -0400] "POST /wp-cron.php?doing_wp_cron=1751893939.5059649944305419921875 HTTP/1.1" 403 1242 "-" "WordPress/6.8; https://dangroup.sa"
64.227.155.126 - - [07/Jul/2025:09:12:22 -0400] "GET /wp-includes/class-wp-http.php HTTP/1.1" 403 1242 "binance.com" "Mozilla/5.0 (Windows NT 10.0; Win64; x64) AppleWebKit/537.36 (KHTML, like Gecko) Chrome/90.0.4430.85 Safari/537.36"
136.243.228.194 - - [07/Jul/2025:09:12:18 -0400] "GET /148kcwc39969.html HTTP/1.1" 404 23126 "-" "Mozilla/5.0 (compatible; DataForSeoBot/1.0; +https://dataforseo.com/dataforseo-bot)"
20.171.207.36 - - [07/Jul/2025:09:12:22 -0400] "GET /32cuoq34415.html HTTP/1.1" 404 23126 "-" "Mozilla/5.0 AppleWebKit/537.36 (KHTML, like Gecko; compatible; GPTBot/1.2; +https://openai.com/gptbot)"
136.243.228.194 - - [07/Jul/2025:09:12:25 -0400] "GET /241rzf19432.html HTTP/1.1" 404 23126 "-" "Mozilla/5.0 (compatible; DataForSeoBot/1.0; +https://dataforseo.com/dataforseo-bot)"
64.227.155.126 - - [07/Jul/2025:09:12:32 -0400] "GET /wp-includes/class-wp-navigation-fallback.php HTTP/1.1" 403 1242 "binance.com" "Mozilla/5.0 (Windows NT 10.0; Win64; x64) AppleWebKit/537.36 (KHTML, like Gecko) Chrome/90.0.4430.85 Safari/537.36"
136.243.228.194 - - [07/Jul/2025:09:12:31 -0400] "GET /293voo19234.html HTTP/1.1" 404 23127 "-" "Mozilla/5.0 (compatible; DataForSeoBot/1.0; +https://dataforseo.com/dataforseo-bot)"
136.243.228.194 - - [07/Jul/2025:09:12:35 -0400] "GET /209uqgv21222.html HTTP/1.1" 404 23127 "-" "Mozilla/5.0 (compatible; DataForSeoBot/1.0; +https://dataforseo.com/dataforseo-bot)"
66.249.72.104 - - [07/Jul/2025:09:12:39 -0400] "GET /238wsql43403.html HTTP/1.1" 200 86999 "-" "Mozilla/5.0 (Linux; Android 6.0.1; Nexus 5X Build/MMB29P) AppleWebKit/537.36 (KHTML, like Gecko) Chrome/137.0.7151.103 Mobile Safari/537.36 (compatible; Googlebot/2.1; +http://www.google.com/bot.html)"
192.178.6.68 - - [07/Jul/2025:09:12:40 -0400] "GET /items/swdlr29/32465?key=alien HTTP/1.1" 200 86933 "-" "Mozilla/5.0 (Linux; Android 6.0.1; Nexus 5X Build/MMB29P) AppleWebKit/537.36 (KHTML, like Gecko) Chrome/137.0.7151.103 Mobile Safari/537.36 (compatible; Googlebot/2.1; +http://www.google.com/bot.html)"
64.227.155.126 - - [07/Jul/2025:09:12:43 -0400] "GET /wp-includes/class-wp-phpmailer.php HTTP/1.1" 403 1242 "binance.com" "Mozilla/5.0 (Windows NT 10.0; Win64; x64) AppleWebKit/537.36 (KHTML, like Gecko) Chrome/90.0.4430.85 Safari/537.36"
136.243.228.194 - - [07/Jul/2025:09:12:39 -0400] "GET /items/iqjxr65/28733?key=ash HTTP/1.1" 404 23126 "-" "Mozilla/5.0 (compatible; DataForSeoBot/1.0; +https://dataforseo.com/dataforseo-bot)"
69.197.182.50 - - [07/Jul/2025:09:12:46 -0400] "GET /wp-content/install.php HTTP/1.1" 200 0 "https://dangroup.sa/wp-content/install.php" "Mozilla/5.0 (Windows NT 10.0; Win64; x64) AppleWebKit/537.36 (KHTML, like Gecko) Chrome/58.0.3029.110 Safari/537.3"
69.197.182.50 - - [07/Jul/2025:09:12:48 -0400] "GET /wp-content/install.php HTTP/1.1" 200 10 "https://dangroup.sa/wp-content/install.php" "Mozilla/5.0 (Windows NT 10.0; Win64; x64) AppleWebKit/537.36 (KHTML, like Gecko) Chrome/58.0.3029.110 Safari/537.3"
64.227.155.126 - - [07/Jul/2025:09:12:49 -0400] "GET /wp-includes/class-wp-plugin-dependencies.php HTTP/1.1" 403 1242 "binance.com" "Mozilla/5.0 (Windows NT 10.0; Win64; x64) AppleWebKit/537.36 (KHTML, like Gecko) Chrome/90.0.4430.85 Safari/537.36"
136.243.228.194 - - [07/Jul/2025:09:12:45 -0400] "GET /68iffvj22343.html HTTP/1.1" 404 23126 "-" "Mozilla/5.0 (compatible; DataForSeoBot/1.0; +https://dataforseo.com/dataforseo-bot)"
64.227.155.126 - - [07/Jul/2025:09:13:03 -0400] "GET /wp-includes/class-wp-script-modules.php HTTP/1.1" 403 1242 "binance.com" "Mozilla/5.0 (Windows NT 10.0; Win64; x64) AppleWebKit/537.36 (KHTML, like Gecko) Chrome/90.0.4430.85 Safari/537.36"
136.243.228.194 - - [07/Jul/2025:09:13:00 -0400] "GET /139egycl32964.html HTTP/1.1" 404 23126 "-" "Mozilla/5.0 (compatible; DataForSeoBot/1.0; +https://dataforseo.com/dataforseo-bot)"
136.243.228.194 - - [07/Jul/2025:09:13:09 -0400] "GET /297ymmd46720.html HTTP/1.1" 404 23126 "-" "Mozilla/5.0 (compatible; DataForSeoBot/1.0; +https://dataforseo.com/dataforseo-bot)"
66.29.146.47 - - [07/Jul/2025:09:13:20 -0400] "POST /wp-cron.php?doing_wp_cron=1751894000.0114479064941406250000 HTTP/1.1" 403 1242 "-" "WordPress/6.8; https://dangroup.sa"
108.177.2.68 - - [07/Jul/2025:09:13:21 -0400] "GET /items/ofdyt46/416 HTTP/1.1" 200 17 "-" "Mozilla/5.0 (Linux; Android 6.0.1; Nexus 5X Build/MMB29P) AppleWebKit/537.36 (KHTML, like Gecko) Chrome/137.0.7151.103 Mobile Safari/537.36 (compatible; AdsBot-Google-Mobile; +http://www.google.com/mobile/adsbot.html)"
64.227.155.126 - - [07/Jul/2025:09:13:22 -0400] "GET /wp-includes/class-wp-scripts.php HTTP/1.1" 403 1242 "binance.com" "Mozilla/5.0 (Windows NT 10.0; Win64; x64) AppleWebKit/537.36 (KHTML, like Gecko) Chrome/90.0.4430.85 Safari/537.36"
136.243.228.194 - - [07/Jul/2025:09:13:19 -0400] "GET /167xlt1840.html HTTP/1.1" 404 23126 "-" "Mozilla/5.0 (compatible; DataForSeoBot/1.0; +https://dataforseo.com/dataforseo-bot)"
108.177.2.69 - - [07/Jul/2025:09:13:25 -0400] "GET /items/qbqqv9/30965 HTTP/1.1" 200 17 "-" "Mozilla/5.0 (Linux; Android 6.0.1; Nexus 5X Build/MMB29P) AppleWebKit/537.36 (KHTML, like Gecko) Chrome/137.0.7151.103 Mobile Safari/537.36 (compatible; AdsBot-Google-Mobile; +http://www.google.com/mobile/adsbot.html)"
64.227.155.126 - - [07/Jul/2025:09:13:30 -0400] "GET /wp-includes/class-wp-speculation-rules.php HTTP/1.1" 403 1242 "binance.com" "Mozilla/5.0 (Windows NT 10.0; Win64; x64) AppleWebKit/537.36 (KHTML, like Gecko) Chrome/90.0.4430.85 Safari/537.36"
20.171.207.36 - - [07/Jul/2025:09:13:24 -0400] "GET /169xzsw7310.html HTTP/1.1" 404 23126 "-" "Mozilla/5.0 AppleWebKit/537.36 (KHTML, like Gecko; compatible; GPTBot/1.2; +https://openai.com/gptbot)"
192.178.6.68 - - [07/Jul/2025:09:13:37 -0400] "GET /138krbl68439.html HTTP/1.1" 200 87382 "-" "Mozilla/5.0 (compatible; Googlebot/2.1; +http://www.google.com/bot.html)"
136.243.228.194 - - [07/Jul/2025:09:13:25 -0400] "GET /108urqec34991.html HTTP/1.1" 404 23127 "-" "Mozilla/5.0 (compatible; DataForSeoBot/1.0; +https://dataforseo.com/dataforseo-bot)"
64.227.155.126 - - [07/Jul/2025:09:13:40 -0400] "GET /wp-includes/class-wp-styles.php HTTP/1.1" 403 1242 "binance.com" "Mozilla/5.0 (Windows NT 10.0; Win64; x64) AppleWebKit/537.36 (KHTML, like Gecko) Chrome/90.0.4430.85 Safari/537.36"
136.243.228.194 - - [07/Jul/2025:09:13:42 -0400] "GET /items/mgfwb238/666?key=tune HTTP/1.1" 404 23126 "-" "Mozilla/5.0 (compatible; DataForSeoBot/1.0; +https://dataforseo.com/dataforseo-bot)"
192.178.6.68 - - [07/Jul/2025:09:13:45 -0400] "GET /16nybmn40689.html HTTP/1.1" 200 86953 "-" "Mozilla/5.0 (compatible; Googlebot/2.1; +http://www.google.com/bot.html)"
64.227.155.126 - - [07/Jul/2025:09:13:50 -0400] "GET /wp-includes/class-wp-textdomain-registry.php HTTP/1.1" 403 1242 "binance.com" "Mozilla/5.0 (Windows NT 10.0; Win64; x64) AppleWebKit/537.36 (KHTML, like Gecko) Chrome/90.0.4430.85 Safari/537.36"
136.243.228.194 - - [07/Jul/2025:09:13:47 -0400] "GET /49rbzj804.html HTTP/1.1" 404 23126 "-" "Mozilla/5.0 (compatible; DataForSeoBot/1.0; +https://dataforseo.com/dataforseo-bot)"
136.243.228.194 - - [07/Jul/2025:09:13:53 -0400] "GET /180xcwl535.html HTTP/1.1" 404 23126 "-" "Mozilla/5.0 (compatible; DataForSeoBot/1.0; +https://dataforseo.com/dataforseo-bot)"
64.227.155.126 - - [07/Jul/2025:09:14:01 -0400] "GET /wp-includes/class-wp-theme-json-data.php HTTP/1.1" 403 1242 "binance.com" "Mozilla/5.0 (Windows NT 10.0; Win64; x64) AppleWebKit/537.36 (KHTML, like Gecko) Chrome/90.0.4430.85 Safari/537.36"
136.243.228.194 - - [07/Jul/2025:09:14:01 -0400] "GET /234reoa30239.html HTTP/1.1" 404 23127 "-" "Mozilla/5.0 (compatible; DataForSeoBot/1.0; +https://dataforseo.com/dataforseo-bot)"
136.243.228.194 - - [07/Jul/2025:09:14:07 -0400] "GET /items/soyvh21/16453?key=container HTTP/1.1" 404 23126 "-" "Mozilla/5.0 (compatible; DataForSeoBot/1.0; +https://dataforseo.com/dataforseo-bot)"
64.227.155.126 - - [07/Jul/2025:09:14:14 -0400] "GET /wp-includes/class-wp-theme-json-resolver.php HTTP/1.1" 403 1242 "binance.com" "Mozilla/5.0 (Windows NT 10.0; Win64; x64) AppleWebKit/537.36 (KHTML, like Gecko) Chrome/90.0.4430.85 Safari/537.36"
136.243.228.194 - - [07/Jul/2025:09:14:14 -0400] "GET /items/ubhmz265/43597?key=put HTTP/1.1" 404 23127 "-" "Mozilla/5.0 (compatible; DataForSeoBot/1.0; +https://dataforseo.com/dataforseo-bot)"
66.249.72.104 - - [07/Jul/2025:09:14:18 -0400] "GET /195ehnw3164.html HTTP/1.1" 200 87228 "-" "Mozilla/5.0 (Linux; Android 6.0.1; Nexus 5X Build/MMB29P) AppleWebKit/537.36 (KHTML, like Gecko) Chrome/137.0.7151.103 Mobile Safari/537.36 (compatible; Googlebot/2.1; +http://www.google.com/bot.html)"
192.178.6.68 - - [07/Jul/2025:09:14:19 -0400] "GET /?_ga=2.198074345.1955352220.1721329623-968811056.1699381788&_bdsid=dmjl0p.n~UQTRN.1745716790918.1784849964&_bd_prev_page=https://dangroup.sa/api.jsp?items/insjj78/28406?key=tend HTTP/1.1" 200 87563 "-" "Mozilla/5.0 (Linux; Android 6.0.1; Nexus 5X Build/MMB29P) AppleWebKit/537.36 (KHTML, like Gecko) Chrome/137.0.7151.103 Mobile Safari/537.36 (compatible; Googlebot/2.1; +http://www.google.com/bot.html)"
136.243.228.194 - - [07/Jul/2025:09:14:17 -0400] "GET /items/zopgs126/1508?key=guest HTTP/1.1" 404 23126 "-" "Mozilla/5.0 (compatible; DataForSeoBot/1.0; +https://dataforseo.com/dataforseo-bot)"
64.227.155.126 - - [07/Jul/2025:09:14:22 -0400] "GET /wp-includes/class-wp-theme-json-schema.php HTTP/1.1" 403 1242 "binance.com" "Mozilla/5.0 (Windows NT 10.0; Win64; x64) AppleWebKit/537.36 (KHTML, like Gecko) Chrome/90.0.4430.85 Safari/537.36"
66.29.146.47 - - [07/Jul/2025:09:14:23 -0400] "POST /wp-cron.php?doing_wp_cron=1751894063.2326509952545166015625 HTTP/1.1" 403 1242 "-" "WordPress/6.8; https://dangroup.sa"
136.243.228.194 - - [07/Jul/2025:09:14:22 -0400] "GET /296nfq8099.html HTTP/1.1" 404 23127 "-" "Mozilla/5.0 (compatible; DataForSeoBot/1.0; +https://dataforseo.com/dataforseo-bot)"
20.171.207.36 - - [07/Jul/2025:09:14:26 -0400] "GET /42yxtv34695.html HTTP/1.1" 404 23126 "-" "Mozilla/5.0 AppleWebKit/537.36 (KHTML, like Gecko; compatible; GPTBot/1.2; +https://openai.com/gptbot)"
136.243.228.194 - - [07/Jul/2025:09:14:28 -0400] "GET /37kbd18930.html HTTP/1.1" 404 23126 "-" "Mozilla/5.0 (compatible; DataForSeoBot/1.0; +https://dataforseo.com/dataforseo-bot)"
64.227.155.126 - - [07/Jul/2025:09:14:33 -0400] "GET /wp-includes/class-wp-theme-json.php HTTP/1.1" 403 1242 "binance.com" "Mozilla/5.0 (Windows NT 10.0; Win64; x64) AppleWebKit/537.36 (KHTML, like Gecko) Chrome/90.0.4430.85 Safari/537.36"
136.243.228.194 - - [07/Jul/2025:09:14:34 -0400] "GET /items/dnont24/24230?key=environment HTTP/1.1" 404 23126 "-" "Mozilla/5.0 (compatible; DataForSeoBot/1.0; +https://dataforseo.com/dataforseo-bot)"
64.227.155.126 - - [07/Jul/2025:09:14:41 -0400] "GET /wp-includes/class-wp-token-map.php HTTP/1.1" 403 1242 "binance.com" "Mozilla/5.0 (Windows NT 10.0; Win64; x64) AppleWebKit/537.36 (KHTML, like Gecko) Chrome/90.0.4430.85 Safari/537.36"
136.243.228.194 - - [07/Jul/2025:09:14:38 -0400] "GET /215koyer37950.html HTTP/1.1" 404 23127 "-" "Mozilla/5.0 (compatible; DataForSeoBot/1.0; +https://dataforseo.com/dataforseo-bot)"
162.142.125.195 - - [07/Jul/2025:09:14:44 -0400] "GET / HTTP/1.1" 301 0 "-" "Mozilla/5.0 (compatible; CensysInspect/1.1; +https://about.censys.io/)"
136.243.228.194 - - [07/Jul/2025:09:14:43 -0400] "GET /24yxpwr13551.html HTTP/1.1" 404 23126 "-" "Mozilla/5.0 (compatible; DataForSeoBot/1.0; +https://dataforseo.com/dataforseo-bot)"
136.243.228.194 - - [07/Jul/2025:09:14:49 -0400] "GET /208bqfqi39657.html HTTP/1.1" 404 23126 "-" "Mozilla/5.0 (compatible; DataForSeoBot/1.0; +https://dataforseo.com/dataforseo-bot)"
195.26.225.209 - - [07/Jul/2025:09:14:47 -0400] "GET / HTTP/1.1" 200 33217 "https://DANEVNT.COM" "Mozilla/5.0 (Macintosh; Intel Mac OS X 10_15_7) AppleWebKit/537.36 (KHTML, like Gecko) Chrome/133.0.0.0 Safari/537.36"
195.26.225.209 - - [07/Jul/2025:09:14:54 -0400] "GET /comments/feed/ HTTP/1.1" 200 457 "-" "Mozilla/5.0 (Macintosh; Intel Mac OS X 10_15_7) AppleWebKit/537.36 (KHTML, like Gecko) Chrome/133.0.0.0 Safari/537.36"
64.227.155.126 - - [07/Jul/2025:09:14:57 -0400] "GET /wp-includes/class-wp-url-pattern-prefixer.php HTTP/1.1" 403 1242 "binance.com" "Mozilla/5.0 (Windows NT 10.0; Win64; x64) AppleWebKit/537.36 (KHTML, like Gecko) Chrome/90.0.4430.85 Safari/537.36"
136.243.228.194 - - [07/Jul/2025:09:14:54 -0400] "GET /items/ulryh300/38890?key=scholar HTTP/1.1" 404 23126 "-" "Mozilla/5.0 (compatible; DataForSeoBot/1.0; +https://dataforseo.com/dataforseo-bot)"
195.26.225.209 - - [07/Jul/2025:09:14:56 -0400] "GET /contact/ HTTP/1.1" 200 24210 "-" "Mozilla/5.0 (Macintosh; Intel Mac OS X 10_15_7) AppleWebKit/537.36 (KHTML, like Gecko) Chrome/133.0.0.0 Safari/537.36"
136.243.228.194 - - [07/Jul/2025:09:15:00 -0400] "GET /items/caeju221/42299?key=incident HTTP/1.1" 404 23126 "-" "Mozilla/5.0 (compatible; DataForSeoBot/1.0; +https://dataforseo.com/dataforseo-bot)"
195.26.225.209 - - [07/Jul/2025:09:15:00 -0400] "GET /en/contact-us/ HTTP/1.1" 200 23419 "-" "Mozilla/5.0 (Macintosh; Intel Mac OS X 10_15_7) AppleWebKit/537.36 (KHTML, like Gecko) Chrome/133.0.0.0 Safari/537.36"
64.227.155.126 - - [07/Jul/2025:09:15:06 -0400] "GET /wp-includes/class-wpdb.php HTTP/1.1" 403 1242 "binance.com" "Mozilla/5.0 (Windows NT 10.0; Win64; x64) AppleWebKit/537.36 (KHTML, like Gecko) Chrome/90.0.4430.85 Safari/537.36"
64.227.155.126 - - [07/Jul/2025:09:15:11 -0400] "GET /wp-includes/fonts.php HTTP/1.1" 403 1242 "binance.com" "Mozilla/5.0 (Windows NT 10.0; Win64; x64) AppleWebKit/537.36 (KHTML, like Gecko) Chrome/90.0.4430.85 Safari/537.36"
64.227.155.126 - - [07/Jul/2025:09:15:18 -0400] "GET /wp-includes/global-styles-and-settings.php HTTP/1.1" 403 1242 "binance.com" "Mozilla/5.0 (Windows NT 10.0; Win64; x64) AppleWebKit/537.36 (KHTML, like Gecko) Chrome/90.0.4430.85 Safari/537.36"
64.227.155.126 - - [07/Jul/2025:09:15:26 -0400] "GET /wp-includes/https-detection.php HTTP/1.1" 403 1242 "binance.com" "Mozilla/5.0 (Windows NT 10.0; Win64; x64) AppleWebKit/537.36 (KHTML, like Gecko) Chrome/90.0.4430.85 Safari/537.36"
66.29.146.47 - - [07/Jul/2025:09:15:26 -0400] "POST /wp-cron.php?doing_wp_cron=1751894125.6354780197143554687500 HTTP/1.1" 403 1242 "-" "WordPress/6.8; https://dangroup.sa"
136.243.228.194 - - [07/Jul/2025:09:15:07 -0400] "GET /items/equxn108/18128?key=drawer HTTP/1.1" 404 23126 "-" "Mozilla/5.0 (compatible; DataForSeoBot/1.0; +https://dataforseo.com/dataforseo-bot)"
20.171.207.36 - - [07/Jul/2025:09:15:30 -0400] "GET /231grhe7834.html HTTP/1.1" 404 23126 "-" "Mozilla/5.0 AppleWebKit/537.36 (KHTML, like Gecko; compatible; GPTBot/1.2; +https://openai.com/gptbot)"
192.178.6.68 - - [07/Jul/2025:09:15:36 -0400] "GET /234cdaef47405.html HTTP/1.1" 200 86388 "-" "Mozilla/5.0 (Linux; Android 6.0.1; Nexus 5X Build/MMB29P) AppleWebKit/537.36 (KHTML, like Gecko) Chrome/137.0.7151.103 Mobile Safari/537.36 (compatible; Googlebot/2.1; +http://www.google.com/bot.html)"
64.227.155.126 - - [07/Jul/2025:09:15:38 -0400] "GET /wp-includes/https-migration.php HTTP/1.1" 403 1242 "binance.com" "Mozilla/5.0 (Windows NT 10.0; Win64; x64) AppleWebKit/537.36 (KHTML, like Gecko) Chrome/90.0.4430.85 Safari/537.36"
136.243.228.194 - - [07/Jul/2025:09:15:37 -0400] "GET /223iscz24258.html HTTP/1.1" 404 23126 "-" "Mozilla/5.0 (compatible; DataForSeoBot/1.0; +https://dataforseo.com/dataforseo-bot)"
136.243.228.194 - - [07/Jul/2025:09:15:41 -0400] "GET /items/adkxi168/46488?key=trap HTTP/1.1" 404 23126 "-" "Mozilla/5.0 (compatible; DataForSeoBot/1.0; +https://dataforseo.com/dataforseo-bot)"
64.227.155.126 - - [07/Jul/2025:09:15:45 -0400] "GET /wp-includes/robots-template.php HTTP/1.1" 403 1242 "binance.com" "Mozilla/5.0 (Windows NT 10.0; Win64; x64) AppleWebKit/537.36 (KHTML, like Gecko) Chrome/90.0.4430.85 Safari/537.36"
136.243.228.194 - - [07/Jul/2025:09:15:47 -0400] "GET /270scuo845.html HTTP/1.1" 404 23126 "-" "Mozilla/5.0 (compatible; DataForSeoBot/1.0; +https://dataforseo.com/dataforseo-bot)"
64.227.155.126 - - [07/Jul/2025:09:15:52 -0400] "GET /wp-includes/script-modules.php HTTP/1.1" 403 1242 "binance.com" "Mozilla/5.0 (Windows NT 10.0; Win64; x64) AppleWebKit/537.36 (KHTML, like Gecko) Chrome/90.0.4430.85 Safari/537.36"
136.243.228.194 - - [07/Jul/2025:09:15:53 -0400] "GET /items/yeamo123/6837?key=within HTTP/1.1" 404 23126 "-" "Mozilla/5.0 (compatible; DataForSeoBot/1.0; +https://dataforseo.com/dataforseo-bot)"
66.249.72.104 - - [07/Jul/2025:09:15:59 -0400] "GET /safe_search/config?return_url=%2Fproduct%2Fdetail%2Fbooksatoo-rc_it2vswh30q4g_rstl HTTP/1.1" 200 86610 "-" "Mozilla/5.0 (Linux; Android 6.0.1; Nexus 5X Build/MMB29P) AppleWebKit/537.36 (KHTML, like Gecko) Chrome/137.0.7151.103 Mobile Safari/537.36 (compatible; Googlebot/2.1; +http://www.google.com/bot.html)"
136.243.228.194 - - [07/Jul/2025:09:15:57 -0400] "GET /137tbu1964.html HTTP/1.1" 404 23126 "-" "Mozilla/5.0 (compatible; DataForSeoBot/1.0; +https://dataforseo.com/dataforseo-bot)"
136.243.228.194 - - [07/Jul/2025:09:16:02 -0400] "GET /items/xavjm227/34511?key=ignore HTTP/1.1" 404 23126 "-" "Mozilla/5.0 (compatible; DataForSeoBot/1.0; +https://dataforseo.com/dataforseo-bot)"
64.227.155.126 - - [07/Jul/2025:09:16:09 -0400] "GET /wp-includes/speculative-loading.php HTTP/1.1" 403 1242 "binance.com" "Mozilla/5.0 (Windows NT 10.0; Win64; x64) AppleWebKit/537.36 (KHTML, like Gecko) Chrome/90.0.4430.85 Safari/537.36"
136.243.228.194 - - [07/Jul/2025:09:16:07 -0400] "GET /128xzpf11557.html HTTP/1.1" 404 23126 "-" "Mozilla/5.0 (compatible; DataForSeoBot/1.0; +https://dataforseo.com/dataforseo-bot)"
136.243.228.194 - - [07/Jul/2025:09:16:13 -0400] "GET /items/khfxn151/16357?key=map HTTP/1.1" 404 23126 "-" "Mozilla/5.0 (compatible; DataForSeoBot/1.0; +https://dataforseo.com/dataforseo-bot)"
64.227.155.126 - - [07/Jul/2025:09:16:19 -0400] "GET /wp-includes/style-engine.php HTTP/1.1" 403 1242 "binance.com" "Mozilla/5.0 (Windows NT 10.0; Win64; x64) AppleWebKit/537.36 (KHTML, like Gecko) Chrome/90.0.4430.85 Safari/537.36"
136.243.228.194 - - [07/Jul/2025:09:16:16 -0400] "GET /items/fkugi224/4490?key=certain HTTP/1.1" 404 23126 "-" "Mozilla/5.0 (compatible; DataForSeoBot/1.0; +https://dataforseo.com/dataforseo-bot)"
192.178.6.70 - - [07/Jul/2025:09:16:24 -0400] "GET /items/sgzii103/30227?key=spending HTTP/1.1" 200 87030 "-" "Mozilla/5.0 (compatible; Googlebot/2.1; +http://www.google.com/bot.html)"
136.243.228.194 - - [07/Jul/2025:09:16:21 -0400] "GET /items/ejzvw242/2992?key=airline HTTP/1.1" 404 23127 "-" "Mozilla/5.0 (compatible; DataForSeoBot/1.0; +https://dataforseo.com/dataforseo-bot)"
66.29.146.47 - - [07/Jul/2025:09:16:27 -0400] "POST /wp-cron.php?doing_wp_cron=1751894187.5084691047668457031250 HTTP/1.1" 403 1242 "-" "WordPress/6.8; https://dangroup.sa"
64.227.155.126 - - [07/Jul/2025:09:16:29 -0400] "GET /wp-includes/template-canvas.php HTTP/1.1" 403 1242 "binance.com" "Mozilla/5.0 (Windows NT 10.0; Win64; x64) AppleWebKit/537.36 (KHTML, like Gecko) Chrome/90.0.4430.85 Safari/537.36"
136.243.228.194 - - [07/Jul/2025:09:16:27 -0400] "GET /23aew21286.html HTTP/1.1" 404 23126 "-" "Mozilla/5.0 (compatible; DataForSeoBot/1.0; +https://dataforseo.com/dataforseo-bot)"
136.243.228.194 - - [07/Jul/2025:09:16:31 -0400] "GET /259pie30328.html HTTP/1.1" 404 23126 "-" "Mozilla/5.0 (compatible; DataForSeoBot/1.0; +https://dataforseo.com/dataforseo-bot)"
20.171.207.36 - - [07/Jul/2025:09:16:33 -0400] "GET /30odrl28655.html HTTP/1.1" 404 23127 "-" "Mozilla/5.0 AppleWebKit/537.36 (KHTML, like Gecko; compatible; GPTBot/1.2; +https://openai.com/gptbot)"
64.227.155.126 - - [07/Jul/2025:09:16:38 -0400] "GET /wp-includes/theme-previews.php HTTP/1.1" 403 1242 "binance.com" "Mozilla/5.0 (Windows NT 10.0; Win64; x64) AppleWebKit/537.36 (KHTML, like Gecko) Chrome/90.0.4430.85 Safari/537.36"
192.178.6.68 - - [07/Jul/2025:09:16:39 -0400] "GET /250nmfvs27157.html HTTP/1.1" 200 86217 "-" "Mozilla/5.0 (Linux; Android 6.0.1; Nexus 5X Build/MMB29P) AppleWebKit/537.36 (KHTML, like Gecko) Chrome/137.0.7151.103 Mobile Safari/537.36 (compatible; Googlebot/2.1; +http://www.google.com/bot.html)"
136.243.228.194 - - [07/Jul/2025:09:16:37 -0400] "GET /items/tksjn8/1664?key=carbohydrate HTTP/1.1" 404 23126 "-" "Mozilla/5.0 (compatible; DataForSeoBot/1.0; +https://dataforseo.com/dataforseo-bot)"
136.243.228.194 - - [07/Jul/2025:09:16:41 -0400] "GET /33hkq956.html HTTP/1.1" 404 23126 "-" "Mozilla/5.0 (compatible; DataForSeoBot/1.0; +https://dataforseo.com/dataforseo-bot)"
136.243.228.194 - - [07/Jul/2025:09:16:46 -0400] "GET /items/gpkjy85/44799?key=conscious HTTP/1.1" 404 23126 "-" "Mozilla/5.0 (compatible; DataForSeoBot/1.0; +https://dataforseo.com/dataforseo-bot)"
64.227.155.126 - - [07/Jul/2025:09:16:53 -0400] "GET /wp-includes/theme-templates.php HTTP/1.1" 403 1242 "binance.com" "Mozilla/5.0 (Windows NT 10.0; Win64; x64) AppleWebKit/537.36 (KHTML, like Gecko) Chrome/90.0.4430.85 Safari/537.36"
136.243.228.194 - - [07/Jul/2025:09:16:50 -0400] "GET /250dxo35379.html HTTP/1.1" 404 23126 "-" "Mozilla/5.0 (compatible; DataForSeoBot/1.0; +https://dataforseo.com/dataforseo-bot)"
136.243.228.194 - - [07/Jul/2025:09:16:55 -0400] "GET /items/oiwml290/27008?key=ecosystem HTTP/1.1" 404 23126 "-" "Mozilla/5.0 (compatible; DataForSeoBot/1.0; +https://dataforseo.com/dataforseo-bot)"
64.227.155.126 - - [07/Jul/2025:09:17:02 -0400] "GET /wp-includes/ID3/ HTTP/1.1" 200 1320 "binance.com" "Mozilla/5.0 (Windows NT 10.0; Win64; x64) AppleWebKit/537.36 (KHTML, like Gecko) Chrome/90.0.4430.85 Safari/537.36"
136.243.228.194 - - [07/Jul/2025:09:17:01 -0400] "GET /298jqw5565.html HTTP/1.1" 404 23126 "-" "Mozilla/5.0 (compatible; DataForSeoBot/1.0; +https://dataforseo.com/dataforseo-bot)"
136.243.228.194 - - [07/Jul/2025:09:17:06 -0400] "GET /105lnw29134.html HTTP/1.1" 404 23126 "-" "Mozilla/5.0 (compatible; DataForSeoBot/1.0; +https://dataforseo.com/dataforseo-bot)"
64.227.155.126 - - [07/Jul/2025:09:17:10 -0400] "GET /wp-includes/ID3/ HTTP/1.1" 200 1320 "binance.com" "Mozilla/5.0 (Windows NT 10.0; Win64; x64) AppleWebKit/537.36 (KHTML, like Gecko) Chrome/90.0.4430.85 Safari/537.36"
136.243.228.194 - - [07/Jul/2025:09:17:10 -0400] "GET /items/euykp165/27361?key=atop HTTP/1.1" 404 23127 "-" "Mozilla/5.0 (compatible; DataForSeoBot/1.0; +https://dataforseo.com/dataforseo-bot)"
136.243.228.194 - - [07/Jul/2025:09:17:16 -0400] "GET /299bnc6934.html HTTP/1.1" 404 23126 "-" "Mozilla/5.0 (compatible; DataForSeoBot/1.0; +https://dataforseo.com/dataforseo-bot)"
192.178.6.70 - - [07/Jul/2025:09:17:19 -0400] "GET /184dohrs25627.html HTTP/1.1" 200 88455 "-" "Mozilla/5.0 (Linux; Android 6.0.1; Nexus 5X Build/MMB29P) AppleWebKit/537.36 (KHTML, like Gecko) Chrome/137.0.7151.103 Mobile Safari/537.36 (compatible; Googlebot/2.1; +http://www.google.com/bot.html)"
64.227.155.126 - - [07/Jul/2025:09:17:20 -0400] "GET /wp-includes/IXR/ HTTP/1.1" 200 1121 "binance.com" "Mozilla/5.0 (Windows NT 10.0; Win64; x64) AppleWebKit/537.36 (KHTML, like Gecko) Chrome/90.0.4430.85 Safari/537.36"
136.243.228.194 - - [07/Jul/2025:09:17:20 -0400] "GET /176kkzr39491.html HTTP/1.1" 404 23126 "-" "Mozilla/5.0 (compatible; DataForSeoBot/1.0; +https://dataforseo.com/dataforseo-bot)"
136.243.228.194 - - [07/Jul/2025:09:17:25 -0400] "GET /items/mmwwr216/16894?key=unfortunately HTTP/1.1" 404 23126 "-" "Mozilla/5.0 (compatible; DataForSeoBot/1.0; +https://dataforseo.com/dataforseo-bot)"
66.29.146.47 - - [07/Jul/2025:09:17:30 -0400] "POST /wp-cron.php?doing_wp_cron=1751894250.4078140258789062500000 HTTP/1.1" 403 1242 "-" "WordPress/6.8; https://dangroup.sa"
64.227.155.126 - - [07/Jul/2025:09:17:30 -0400] "GET /wp-includes/IXR/ HTTP/1.1" 200 1121 "binance.com" "Mozilla/5.0 (Windows NT 10.0; Win64; x64) AppleWebKit/537.36 (KHTML, like Gecko) Chrome/90.0.4430.85 Safari/537.36"
136.243.228.194 - - [07/Jul/2025:09:17:29 -0400] "GET /130pqbv43113.html HTTP/1.1" 404 23127 "-" "Mozilla/5.0 (compatible; DataForSeoBot/1.0; +https://dataforseo.com/dataforseo-bot)"
136.243.228.194 - - [07/Jul/2025:09:17:34 -0400] "GET /items/wfrhy2/26996?key=super HTTP/1.1" 404 23126 "-" "Mozilla/5.0 (compatible; DataForSeoBot/1.0; +https://dataforseo.com/dataforseo-bot)"
64.227.155.126 - - [07/Jul/2025:09:17:41 -0400] "GET /wp-includes/PHPMailer/ HTTP/1.1" 200 687 "binance.com" "Mozilla/5.0 (Windows NT 10.0; Win64; x64) AppleWebKit/537.36 (KHTML, like Gecko) Chrome/90.0.4430.85 Safari/537.36"
20.171.207.36 - - [07/Jul/2025:09:17:37 -0400] "GET /98hdwb41827.html HTTP/1.1" 404 23126 "-" "Mozilla/5.0 AppleWebKit/537.36 (KHTML, like Gecko; compatible; GPTBot/1.2; +https://openai.com/gptbot)"
136.243.228.194 - - [07/Jul/2025:09:17:39 -0400] "GET /35wsp32842.html HTTP/1.1" 404 23126 "-" "Mozilla/5.0 (compatible; DataForSeoBot/1.0; +https://dataforseo.com/dataforseo-bot)"
64.227.155.126 - - [07/Jul/2025:09:17:50 -0400] "GET /wp-includes/PHPMailer/ HTTP/1.1" 200 687 "binance.com" "Mozilla/5.0 (Windows NT 10.0; Win64; x64) AppleWebKit/537.36 (KHTML, like Gecko) Chrome/90.0.4430.85 Safari/537.36"
136.243.228.194 - - [07/Jul/2025:09:17:47 -0400] "GET /244azba15555.html HTTP/1.1" 404 23126 "-" "Mozilla/5.0 (compatible; DataForSeoBot/1.0; +https://dataforseo.com/dataforseo-bot)"
136.243.228.194 - - [07/Jul/2025:09:17:52 -0400] "GET /items/svjeo286/48154?key=root HTTP/1.1" 404 23127 "-" "Mozilla/5.0 (compatible; DataForSeoBot/1.0; +https://dataforseo.com/dataforseo-bot)"
136.243.228.194 - - [07/Jul/2025:09:17:57 -0400] "GET /15lnph474.html HTTP/1.1" 404 23126 "-" "Mozilla/5.0 (compatible; DataForSeoBot/1.0; +https://dataforseo.com/dataforseo-bot)"
64.227.155.126 - - [07/Jul/2025:09:18:01 -0400] "GET /wp-includes/Text/ HTTP/1.1" 200 693 "binance.com" "Mozilla/5.0 (Windows NT 10.0; Win64; x64) AppleWebKit/537.36 (KHTML, like Gecko) Chrome/90.0.4430.85 Safari/537.36"
192.178.6.69 - - [07/Jul/2025:09:17:59 -0400] "GET /19ibp41660.html HTTP/1.1" 200 86859 "-" "Mozilla/5.0 (Linux; Android 6.0.1; Nexus 5X Build/MMB29P) AppleWebKit/537.36 (KHTML, like Gecko) Chrome/137.0.7151.103 Mobile Safari/537.36 (compatible; Googlebot/2.1; +http://www.google.com/bot.html)"
136.243.228.194 - - [07/Jul/2025:09:18:01 -0400] "GET /90nwaj1193.html HTTP/1.1" 404 23126 "-" "Mozilla/5.0 (compatible; DataForSeoBot/1.0; +https://dataforseo.com/dataforseo-bot)"
64.227.155.126 - - [07/Jul/2025:09:18:08 -0400] "GET /wp-includes/Text/ HTTP/1.1" 200 693 "binance.com" "Mozilla/5.0 (Windows NT 10.0; Win64; x64) AppleWebKit/537.36 (KHTML, like Gecko) Chrome/90.0.4430.85 Safari/537.36"
136.243.228.194 - - [07/Jul/2025:09:18:07 -0400] "GET /34ikyxr29603.html HTTP/1.1" 404 23126 "-" "Mozilla/5.0 (compatible; DataForSeoBot/1.0; +https://dataforseo.com/dataforseo-bot)"
136.243.228.194 - - [07/Jul/2025:09:18:11 -0400] "GET /items/zkzip12/43134?key=wide HTTP/1.1" 404 23127 "-" "Mozilla/5.0 (compatible; DataForSeoBot/1.0; +https://dataforseo.com/dataforseo-bot)"
64.227.155.126 - - [07/Jul/2025:09:18:18 -0400] "GET /wp-includes/Text/Diff/ HTTP/1.1" 200 684 "binance.com" "Mozilla/5.0 (Windows NT 10.0; Win64; x64) AppleWebKit/537.36 (KHTML, like Gecko) Chrome/90.0.4430.85 Safari/537.36"
