136.243.228.194 - - [07/Jul/2025:14:50:04 -0400] "GET /items/wfdzx143/39641?key=rest HTTP/1.1" 404 23126 "-" "Mozilla/5.0 (compatible; DataForSeoBot/1.0; +https://dataforseo.com/dataforseo-bot)"
66.249.64.161 - - [07/Jul/2025:14:50:08 -0400] "GET /product/edit/tire-shop-tread-e001-00053798 HTTP/1.1" 200 87610 "-" "Mozilla/5.0 (Linux; Android 6.0.1; Nexus 5X Build/MMB29P) AppleWebKit/537.36 (KHTML, like Gecko) Chrome/137.0.7151.103 Mobile Safari/537.36 (compatible; Googlebot/2.1; +http://www.google.com/bot.html)"
136.243.228.194 - - [07/Jul/2025:14:50:08 -0400] "GET /20ebz20239.html HTTP/1.1" 404 23127 "-" "Mozilla/5.0 (compatible; DataForSeoBot/1.0; +https://dataforseo.com/dataforseo-bot)"
188.166.211.225 - - [07/Jul/2025:14:50:12 -0400] "GET /wp-login.php HTTP/1.1" 200 3095 "-" "Mozilla/5.0 (Windows NT 6.3; WOW64; rv:40.0) Gecko/20100101 Firefox/40.0"
66.29.146.47 - - [07/Jul/2025:14:50:19 -0400] "POST /wp-cron.php?doing_wp_cron=1751914219.3065700531005859375000 HTTP/1.1" 403 1242 "-" "WordPress/6.8; https://dangroup.sa"
188.166.211.225 - - [07/Jul/2025:14:50:17 -0400] "GET /wp-login.php HTTP/1.1" 200 3095 "-" "Mozilla/5.0 (Windows NT 6.3; WOW64; rv:40.0) Gecko/20100101 Firefox/40.0"
20.171.207.36 - - [07/Jul/2025:14:50:13 -0400] "GET /2youq35701.html HTTP/1.1" 404 23126 "-" "Mozilla/5.0 AppleWebKit/537.36 (KHTML, like Gecko; compatible; GPTBot/1.2; +https://openai.com/gptbot)"
66.249.64.174 - - [07/Jul/2025:14:50:21 -0400] "GET /300vuaf17483.html HTTP/1.1" 200 86617 "-" "Mozilla/5.0 (Linux; Android 6.0.1; Nexus 5X Build/MMB29P) AppleWebKit/537.36 (KHTML, like Gecko) Chrome/137.0.7151.119 Mobile Safari/537.36 (compatible; Googlebot/2.1; +http://www.google.com/bot.html)"
136.243.228.194 - - [07/Jul/2025:14:50:14 -0400] "GET /items/yugun128/5284?key=self HTTP/1.1" 404 23126 "-" "Mozilla/5.0 (compatible; DataForSeoBot/1.0; +https://dataforseo.com/dataforseo-bot)"
136.243.228.194 - - [07/Jul/2025:14:50:26 -0400] "GET /items/fdmvf272/13626?key=deploy HTTP/1.1" 404 23126 "-" "Mozilla/5.0 (compatible; DataForSeoBot/1.0; +https://dataforseo.com/dataforseo-bot)"
66.249.64.105 - - [07/Jul/2025:14:50:31 -0400] "GET /pcmypage?callback=product%2Fdetail%2Fhcvalor-eshop-trusco-3811104 HTTP/1.1" 200 86889 "-" "Mozilla/5.0 (Linux; Android 6.0.1; Nexus 5X Build/MMB29P) AppleWebKit/537.36 (KHTML, like Gecko) Chrome/137.0.7151.103 Mobile Safari/537.36 (compatible; Googlebot/2.1; +http://www.google.com/bot.html)"
136.243.228.194 - - [07/Jul/2025:14:50:31 -0400] "GET /items/eoyml41/6749?key=formal HTTP/1.1" 404 23126 "-" "Mozilla/5.0 (compatible; DataForSeoBot/1.0; +https://dataforseo.com/dataforseo-bot)"
66.249.64.174 - - [07/Jul/2025:14:50:34 -0400] "GET /116ziony4491.html HTTP/1.1" 200 87127 "-" "Mozilla/5.0 (Linux; Android 6.0.1; Nexus 5X Build/MMB29P) AppleWebKit/537.36 (KHTML, like Gecko) Chrome/137.0.7151.119 Mobile Safari/537.36 (compatible; Googlebot/2.1; +http://www.google.com/bot.html)"
188.166.211.225 - - [07/Jul/2025:14:50:34 -0400] "GET /wp-login.php HTTP/1.1" 200 3129 "-" "Mozilla/5.0 (Macintosh; Intel Mac OS X 10_11_5) AppleWebKit/537.36 (KHTML, like Gecko) Chrome/50.0.2661.102 Safari/537.36"
136.243.228.194 - - [07/Jul/2025:14:50:35 -0400] "GET /items/nbtiv142/21278?key=society HTTP/1.1" 404 23126 "-" "Mozilla/5.0 (compatible; DataForSeoBot/1.0; +https://dataforseo.com/dataforseo-bot)"
188.166.211.225 - - [07/Jul/2025:14:50:38 -0400] "GET /wp-login.php HTTP/1.1" 200 3095 "-" "Mozilla/5.0 (Macintosh; Intel Mac OS X 10_11_5) AppleWebKit/537.36 (KHTML, like Gecko) Chrome/50.0.2661.102 Safari/537.36"
136.243.228.194 - - [07/Jul/2025:14:50:40 -0400] "GET /8fpm4813.html HTTP/1.1" 404 23126 "-" "Mozilla/5.0 (compatible; DataForSeoBot/1.0; +https://dataforseo.com/dataforseo-bot)"
136.243.228.194 - - [07/Jul/2025:14:50:44 -0400] "GET /140vui22539.html HTTP/1.1" 404 23126 "-" "Mozilla/5.0 (compatible; DataForSeoBot/1.0; +https://dataforseo.com/dataforseo-bot)"
66.249.64.160 - - [07/Jul/2025:14:50:54 -0400] "GET /items/bcaiy217/44505?key=puzzle HTTP/1.1" 200 87738 "-" "Mozilla/5.0 (Linux; Android 6.0.1; Nexus 5X Build/MMB29P) AppleWebKit/537.36 (KHTML, like Gecko) Chrome/137.0.7151.103 Mobile Safari/537.36 (compatible; Googlebot/2.1; +http://www.google.com/bot.html)"
136.243.228.194 - - [07/Jul/2025:14:50:52 -0400] "GET /items/mwvmn213/39909?key=maybe HTTP/1.1" 404 23126 "-" "Mozilla/5.0 (compatible; DataForSeoBot/1.0; +https://dataforseo.com/dataforseo-bot)"
66.249.64.161 - - [07/Jul/2025:14:51:02 -0400] "GET /207jnlk19280.html HTTP/1.1" 200 87513 "-" "Mozilla/5.0 (Linux; Android 6.0.1; Nexus 5X Build/MMB29P) AppleWebKit/537.36 (KHTML, like Gecko) Chrome/137.0.7151.119 Mobile Safari/537.36 (compatible; Googlebot/2.1; +http://www.google.com/bot.html)"
66.249.64.106 - - [07/Jul/2025:14:51:03 -0400] "GET /56zkar2243.html HTTP/1.1" 200 87063 "-" "Mozilla/5.0 (Linux; Android 6.0.1; Nexus 5X Build/MMB29P) AppleWebKit/537.36 (KHTML, like Gecko) Chrome/137.0.7151.103 Mobile Safari/537.36 (compatible; Googlebot/2.1; +http://www.google.com/bot.html)"
188.166.211.225 - - [07/Jul/2025:14:51:06 -0400] "GET /wp-login.php HTTP/1.1" 200 3129 "-" "Mozilla/5.0 (Windows NT 6.1; WOW64; Trident/7.0; AS; rv:11.0) like Gecko"
136.243.228.194 - - [07/Jul/2025:14:51:04 -0400] "GET /281yajnh15318.html HTTP/1.1" 404 23127 "-" "Mozilla/5.0 (compatible; DataForSeoBot/1.0; +https://dataforseo.com/dataforseo-bot)"
188.166.211.225 - - [07/Jul/2025:14:51:09 -0400] "GET /wp-login.php HTTP/1.1" 200 3095 "-" "Mozilla/5.0 (Windows NT 6.1; WOW64; Trident/7.0; AS; rv:11.0) like Gecko"
136.243.228.194 - - [07/Jul/2025:14:51:10 -0400] "GET /105jtoco26248.html HTTP/1.1" 404 23126 "-" "Mozilla/5.0 (compatible; DataForSeoBot/1.0; +https://dataforseo.com/dataforseo-bot)"
66.249.64.174 - - [07/Jul/2025:14:51:19 -0400] "GET /items/hfbaf50/34744?key=provide HTTP/1.1" 200 86969 "-" "Mozilla/5.0 (Linux; Android 6.0.1; Nexus 5X Build/MMB29P) AppleWebKit/537.36 (KHTML, like Gecko) Chrome/137.0.7151.103 Mobile Safari/537.36 (compatible; Googlebot/2.1; +http://www.google.com/bot.html)"
20.171.207.36 - - [07/Jul/2025:14:51:15 -0400] "GET /251nuao846.html HTTP/1.1" 404 23127 "-" "Mozilla/5.0 AppleWebKit/537.36 (KHTML, like Gecko; compatible; GPTBot/1.2; +https://openai.com/gptbot)"
136.243.228.194 - - [07/Jul/2025:14:51:15 -0400] "GET /items/uxhto264/1024?key=absolute HTTP/1.1" 404 23126 "-" "Mozilla/5.0 (compatible; DataForSeoBot/1.0; +https://dataforseo.com/dataforseo-bot)"
66.29.146.47 - - [07/Jul/2025:14:51:25 -0400] "POST /wp-cron.php?doing_wp_cron=1751914285.4268050193786621093750 HTTP/1.1" 403 1242 "-" "WordPress/6.8; https://dangroup.sa"
188.166.211.225 - - [07/Jul/2025:14:51:25 -0400] "GET /wp-login.php HTTP/1.1" 200 3129 "-" "Mozilla/5.0 (Macintosh; Intel Mac OS X 10_11_5) AppleWebKit/537.36 (KHTML, like Gecko) Chrome/50.0.2661.102 Safari/537.36"
188.166.211.225 - - [07/Jul/2025:14:51:29 -0400] "GET /wp-login.php HTTP/1.1" 200 3129 "-" "Mozilla/5.0 (Macintosh; Intel Mac OS X 10_11_5) AppleWebKit/537.36 (KHTML, like Gecko) Chrome/50.0.2661.102 Safari/537.36"
136.243.228.194 - - [07/Jul/2025:14:51:24 -0400] "GET /41arqdg49124.html HTTP/1.1" 404 23127 "-" "Mozilla/5.0 (compatible; DataForSeoBot/1.0; +https://dataforseo.com/dataforseo-bot)"
136.243.228.194 - - [07/Jul/2025:14:51:33 -0400] "GET /21fdap22724.html HTTP/1.1" 404 23126 "-" "Mozilla/5.0 (compatible; DataForSeoBot/1.0; +https://dataforseo.com/dataforseo-bot)"
136.243.228.194 - - [07/Jul/2025:14:51:37 -0400] "GET /items/eonfi141/15533?key=Congress HTTP/1.1" 404 23127 "-" "Mozilla/5.0 (compatible; DataForSeoBot/1.0; +https://dataforseo.com/dataforseo-bot)"
66.249.64.174 - - [07/Jul/2025:14:51:43 -0400] "GET /items/wuzzx226/12496?key=loan HTTP/1.1" 200 87357 "-" "Mozilla/5.0 (Linux; Android 6.0.1; Nexus 5X Build/MMB29P) AppleWebKit/537.36 (KHTML, like Gecko) Chrome/137.0.7151.103 Mobile Safari/537.36 (compatible; Googlebot/2.1; +http://www.google.com/bot.html)"
136.243.228.194 - - [07/Jul/2025:14:51:41 -0400] "GET /items/kocqw41/22591?key=scholar HTTP/1.1" 404 23127 "-" "Mozilla/5.0 (compatible; DataForSeoBot/1.0; +https://dataforseo.com/dataforseo-bot)"
216.73.216.135 - - [07/Jul/2025:14:51:46 -0400] "GET /search.php HTTP/1.1" 404 23126 "-" "Mozilla/5.0 AppleWebKit/537.36 (KHTML, like Gecko; compatible; ClaudeBot/1.0; [email protected])"
136.243.228.194 - - [07/Jul/2025:14:51:47 -0400] "GET /71gij45452.html HTTP/1.1" 404 23126 "-" "Mozilla/5.0 (compatible; DataForSeoBot/1.0; +https://dataforseo.com/dataforseo-bot)"
136.243.228.194 - - [07/Jul/2025:14:51:52 -0400] "GET /255fwx7408.html HTTP/1.1" 404 23126 "-" "Mozilla/5.0 (compatible; DataForSeoBot/1.0; +https://dataforseo.com/dataforseo-bot)"
66.249.64.174 - - [07/Jul/2025:14:51:56 -0400] "GET /pcmypage?callback=product%2Fdetail%2Fmiraiippootakaraclub-mrjgvy44dqdqarqxihlzzdfccq-oks-1 HTTP/1.1" 200 86633 "-" "Mozilla/5.0 (compatible; Googlebot/2.1; +http://www.google.com/bot.html)"
136.243.228.194 - - [07/Jul/2025:14:51:57 -0400] "GET /77mwlo34980.html HTTP/1.1" 404 23126 "-" "Mozilla/5.0 (compatible; DataForSeoBot/1.0; +https://dataforseo.com/dataforseo-bot)"
188.166.211.225 - - [07/Jul/2025:14:52:05 -0400] "GET /wp-login.php HTTP/1.1" 200 3095 "-" "Mozilla/5.0 (Macintosh; Intel Mac OS X 10_11_5) AppleWebKit/537.36 (KHTML, like Gecko) Chrome/50.0.2661.102 Safari/537.36"
66.249.64.104 - - [07/Jul/2025:14:52:08 -0400] "GET /pcmypage?callback=product/review/rosemarie77-m0707nxz3u6uuq-1 HTTP/1.1" 200 86646 "-" "Mozilla/5.0 (Linux; Android 6.0.1; Nexus 5X Build/MMB29P) AppleWebKit/537.36 (KHTML, like Gecko) Chrome/137.0.7151.103 Mobile Safari/537.36 (compatible; Googlebot/2.1; +http://www.google.com/bot.html)"
188.166.211.225 - - [07/Jul/2025:14:52:09 -0400] "GET /wp-login.php HTTP/1.1" 200 3095 "-" "Mozilla/5.0 (Macintosh; Intel Mac OS X 10_11_5) AppleWebKit/537.36 (KHTML, like Gecko) Chrome/50.0.2661.102 Safari/537.36"
136.243.228.194 - - [07/Jul/2025:14:52:06 -0400] "GET /items/zgkjv173/11165?key=cue HTTP/1.1" 404 23127 "-" "Mozilla/5.0 (compatible; DataForSeoBot/1.0; +https://dataforseo.com/dataforseo-bot)"
136.243.228.194 - - [07/Jul/2025:14:52:14 -0400] "GET /items/wydag253/7617?key=fishing HTTP/1.1" 404 23127 "-" "Mozilla/5.0 (compatible; DataForSeoBot/1.0; +https://dataforseo.com/dataforseo-bot)"
13.220.214.83 - - [07/Jul/2025:14:52:19 -0400] "GET /.git/config HTTP/1.1" 403 1242 "-" "Mozilla/5.0 (X11; U; Linux x86_64; en-US) AppleWebKit/537.36 (KHTML, like Gecko) Chrome/30.0.1599.114 Safari/537.36 Puffin/4.5.0IT"
66.249.64.161 - - [07/Jul/2025:14:52:19 -0400] "GET /pcmypage?callback=product/review/syo-ei-sp-016-6084123 HTTP/1.1" 200 86033 "-" "Mozilla/5.0 (Linux; Android 6.0.1; Nexus 5X Build/MMB29P) AppleWebKit/537.36 (KHTML, like Gecko) Chrome/137.0.7151.119 Mobile Safari/537.36 (compatible; Googlebot/2.1; +http://www.google.com/bot.html)"
136.243.228.194 - - [07/Jul/2025:14:52:18 -0400] "GET /items/qwvdo172/20136?key=far HTTP/1.1" 404 23127 "-" "Mozilla/5.0 (compatible; DataForSeoBot/1.0; +https://dataforseo.com/dataforseo-bot)"
66.249.64.160 - - [07/Jul/2025:14:52:23 -0400] "GET /items/diujd97/35223?key=offensive HTTP/1.1" 200 87052 "-" "Mozilla/5.0 (Linux; Android 6.0.1; Nexus 5X Build/MMB29P) AppleWebKit/537.36 (KHTML, like Gecko) Chrome/137.0.7151.119 Mobile Safari/537.36 (compatible; Googlebot/2.1; +http://www.google.com/bot.html)"
20.171.207.36 - - [07/Jul/2025:14:52:19 -0400] "GET /9nxiq34780.html HTTP/1.1" 404 23127 "-" "Mozilla/5.0 AppleWebKit/537.36 (KHTML, like Gecko; compatible; GPTBot/1.2; +https://openai.com/gptbot)"
66.249.64.160 - - [07/Jul/2025:14:52:23 -0400] "GET /33vslon45350.html HTTP/1.1" 200 87022 "-" "Mozilla/5.0 (Linux; Android 6.0.1; Nexus 5X Build/MMB29P) AppleWebKit/537.36 (KHTML, like Gecko) Chrome/137.0.7151.119 Mobile Safari/537.36 (compatible; Googlebot/2.1; +http://www.google.com/bot.html)"
136.243.228.194 - - [07/Jul/2025:14:52:23 -0400] "GET /41efsr42154.html HTTP/1.1" 404 23127 "-" "Mozilla/5.0 (compatible; DataForSeoBot/1.0; +https://dataforseo.com/dataforseo-bot)"
66.29.146.47 - - [07/Jul/2025:14:52:28 -0400] "POST /wp-cron.php?doing_wp_cron=1751914348.8258509635925292968750 HTTP/1.1" 403 1242 "-" "WordPress/6.8; https://dangroup.sa"
136.243.228.194 - - [07/Jul/2025:14:52:28 -0400] "GET /items/djjwi210/26208?key=privacy HTTP/1.1" 404 23127 "-" "Mozilla/5.0 (compatible; DataForSeoBot/1.0; +https://dataforseo.com/dataforseo-bot)"
66.249.64.174 - - [07/Jul/2025:14:52:33 -0400] "GET /101yzy3296.html HTTP/1.1" 200 86783 "-" "Mozilla/5.0 (Linux; Android 6.0.1; Nexus 5X Build/MMB29P) AppleWebKit/537.36 (KHTML, like Gecko) Chrome/137.0.7151.103 Mobile Safari/537.36 (compatible; Googlebot/2.1; +http://www.google.com/bot.html)"
66.249.64.105 - - [07/Jul/2025:14:52:33 -0400] "GET /product/edit/meicho2-003-0428433-001 HTTP/1.1" 200 86936 "-" "Mozilla/5.0 (Linux; Android 6.0.1; Nexus 5X Build/MMB29P) AppleWebKit/537.36 (KHTML, like Gecko) Chrome/137.0.7151.103 Mobile Safari/537.36 (compatible; Googlebot/2.1; +http://www.google.com/bot.html)"
136.243.228.194 - - [07/Jul/2025:14:52:32 -0400] "GET /75ndmt48590.html HTTP/1.1" 404 23126 "-" "Mozilla/5.0 (compatible; DataForSeoBot/1.0; +https://dataforseo.com/dataforseo-bot)"
66.249.64.174 - - [07/Jul/2025:14:52:36 -0400] "GET /200uakz49481.html HTTP/1.1" 200 87546 "-" "Mozilla/5.0 (compatible; Googlebot/2.1; +http://www.google.com/bot.html)"
136.243.228.194 - - [07/Jul/2025:14:52:39 -0400] "GET /items/ybbxu90/24228?key=hook HTTP/1.1" 404 23126 "-" "Mozilla/5.0 (compatible; DataForSeoBot/1.0; +https://dataforseo.com/dataforseo-bot)"
136.243.228.194 - - [07/Jul/2025:14:52:46 -0400] "GET /220stu4057.html HTTP/1.1" 404 23126 "-" "Mozilla/5.0 (compatible; DataForSeoBot/1.0; +https://dataforseo.com/dataforseo-bot)"
136.243.228.194 - - [07/Jul/2025:14:52:52 -0400] "GET /items/wgxba210/7028?key=racism HTTP/1.1" 404 23126 "-" "Mozilla/5.0 (compatible; DataForSeoBot/1.0; +https://dataforseo.com/dataforseo-bot)"
136.243.228.194 - - [07/Jul/2025:14:52:56 -0400] "GET /218ayp42179.html HTTP/1.1" 404 23126 "-" "Mozilla/5.0 (compatible; DataForSeoBot/1.0; +https://dataforseo.com/dataforseo-bot)"
66.249.64.160 - - [07/Jul/2025:14:52:59 -0400] "GET /2yhp683.html HTTP/1.1" 200 86401 "-" "Mozilla/5.0 (Linux; Android 6.0.1; Nexus 5X Build/MMB29P) AppleWebKit/537.36 (KHTML, like Gecko) Chrome/137.0.7151.103 Mobile Safari/537.36 (compatible; Googlebot/2.1; +http://www.google.com/bot.html)"
136.243.228.194 - - [07/Jul/2025:14:53:00 -0400] "GET /items/cykdz99/979?key=conceive HTTP/1.1" 404 23126 "-" "Mozilla/5.0 (compatible; DataForSeoBot/1.0; +https://dataforseo.com/dataforseo-bot)"
66.249.64.174 - - [07/Jul/2025:14:53:03 -0400] "GET /items/ijkgt4/998?key=bow HTTP/1.1" 200 87786 "-" "Mozilla/5.0 (Linux; Android 6.0.1; Nexus 5X Build/MMB29P) AppleWebKit/537.36 (KHTML, like Gecko) Chrome/137.0.7151.103 Mobile Safari/537.36 (compatible; Googlebot/2.1; +http://www.google.com/bot.html)"
66.249.64.174 - - [07/Jul/2025:14:53:04 -0400] "GET /items/anxtm83/44545?key=dilemma HTTP/1.1" 200 87218 "-" "Mozilla/5.0 (Linux; Android 6.0.1; Nexus 5X Build/MMB29P) AppleWebKit/537.36 (KHTML, like Gecko) Chrome/137.0.7151.119 Mobile Safari/537.36 (compatible; Googlebot/2.1; +http://www.google.com/bot.html)"
163.172.187.89 - - [07/Jul/2025:14:53:07 -0400] "GET /xmlrpc.php HTTP/1.1" 403 1242 "http://dangroup.sa" "Mozilla/5.0 (Windows NT 11.0; Win64; x64; rv:126.0) Gecko/20100101 Firefox/126.0"
66.249.64.174 - - [07/Jul/2025:14:53:09 -0400] "GET /281pilk15262.html HTTP/1.1" 200 86524 "-" "Mozilla/5.0 (Linux; Android 6.0.1; Nexus 5X Build/MMB29P) AppleWebKit/537.36 (KHTML, like Gecko) Chrome/137.0.7151.119 Mobile Safari/537.36 (compatible; Googlebot/2.1; +http://www.google.com/bot.html)"
136.243.228.194 - - [07/Jul/2025:14:53:04 -0400] "GET /259ofgh20954.html HTTP/1.1" 404 23126 "-" "Mozilla/5.0 (compatible; DataForSeoBot/1.0; +https://dataforseo.com/dataforseo-bot)"
66.249.64.174 - - [07/Jul/2025:14:53:10 -0400] "GET /137sqe23958.html HTTP/1.1" 200 87094 "-" "Mozilla/5.0 (Linux; Android 6.0.1; Nexus 5X Build/MMB29P) AppleWebKit/537.36 (KHTML, like Gecko) Chrome/137.0.7151.103 Mobile Safari/537.36 (compatible; Googlebot/2.1; +http://www.google.com/bot.html)"
136.243.228.194 - - [07/Jul/2025:14:53:11 -0400] "GET /items/axqam288/23464?key=bunch HTTP/1.1" 404 23126 "-" "Mozilla/5.0 (compatible; DataForSeoBot/1.0; +https://dataforseo.com/dataforseo-bot)"
66.249.64.160 - - [07/Jul/2025:14:53:21 -0400] "GET /33qrh158.html HTTP/1.1" 200 87039 "-" "Mozilla/5.0 (Linux; Android 6.0.1; Nexus 5X Build/MMB29P) AppleWebKit/537.36 (KHTML, like Gecko) Chrome/137.0.7151.119 Mobile Safari/537.36 (compatible; Googlebot/2.1; +http://www.google.com/bot.html)"
66.249.64.105 - - [07/Jul/2025:14:53:21 -0400] "GET /266fsj30979.html HTTP/1.1" 200 86995 "-" "Mozilla/5.0 (Linux; Android 6.0.1; Nexus 5X Build/MMB29P) AppleWebKit/537.36 (KHTML, like Gecko) Chrome/137.0.7151.103 Mobile Safari/537.36 (compatible; Googlebot/2.1; +http://www.google.com/bot.html)"
188.166.211.225 - - [07/Jul/2025:14:53:22 -0400] "GET /wp-login.php HTTP/1.1" 200 3095 "-" "Mozilla/5.0 (Windows NT 10.0; Win64; x64) AppleWebKit/537.36 (KHTML, like Gecko) Chrome/58.0.3029.110 Safari/537.3"
66.249.64.174 - - [07/Jul/2025:14:53:24 -0400] "GET /items/egzoy252/8094?key=ghost HTTP/1.1" 200 86673 "-" "Mozilla/5.0 (Linux; Android 6.0.1; Nexus 5X Build/MMB29P) AppleWebKit/537.36 (KHTML, like Gecko) Chrome/137.0.7151.103 Mobile Safari/537.36 (compatible; Googlebot/2.1; +http://www.google.com/bot.html)"
66.249.64.160 - - [07/Jul/2025:14:53:23 -0400] "GET /142tvhd27721.html HTTP/1.1" 200 86940 "-" "Mozilla/5.0 (Linux; Android 6.0.1; Nexus 5X Build/MMB29P) AppleWebKit/537.36 (KHTML, like Gecko) Chrome/137.0.7151.119 Mobile Safari/537.36 (compatible; Googlebot/2.1; +http://www.google.com/bot.html)"
136.243.228.194 - - [07/Jul/2025:14:53:19 -0400] "GET /234fjv36081.html HTTP/1.1" 404 23127 "-" "Mozilla/5.0 (compatible; DataForSeoBot/1.0; +https://dataforseo.com/dataforseo-bot)"
20.171.207.36 - - [07/Jul/2025:14:53:20 -0400] "GET /9yzeb16320.html HTTP/1.1" 404 23127 "-" "Mozilla/5.0 AppleWebKit/537.36 (KHTML, like Gecko; compatible; GPTBot/1.2; +https://openai.com/gptbot)"
188.166.211.225 - - [07/Jul/2025:14:53:27 -0400] "GET /wp-login.php HTTP/1.1" 200 3129 "-" "Mozilla/5.0 (Windows NT 10.0; Win64; x64) AppleWebKit/537.36 (KHTML, like Gecko) Chrome/58.0.3029.110 Safari/537.3"
66.249.64.174 - - [07/Jul/2025:14:53:32 -0400] "GET /items/fmiyh54/9920?key=civic HTTP/1.1" 200 87012 "-" "Mozilla/5.0 (Linux; Android 6.0.1; Nexus 5X Build/MMB29P) AppleWebKit/537.36 (KHTML, like Gecko) Chrome/137.0.7151.103 Mobile Safari/537.36 (compatible; Googlebot/2.1; +http://www.google.com/bot.html)"
136.243.228.194 - - [07/Jul/2025:14:53:26 -0400] "GET /165kgjnq13398.html HTTP/1.1" 404 23127 "-" "Mozilla/5.0 (compatible; DataForSeoBot/1.0; +https://dataforseo.com/dataforseo-bot)"
66.29.146.47 - - [07/Jul/2025:14:53:37 -0400] "POST /wp-cron.php?doing_wp_cron=1751914417.0381579399108886718750 HTTP/1.1" 403 1242 "-" "WordPress/6.8; https://dangroup.sa"
51.222.253.4 - - [07/Jul/2025:14:53:37 -0400] "GET /245vtgeh1866.html HTTP/1.1" 404 23127 "-" "Mozilla/5.0 (compatible; AhrefsBot/7.0; +http://ahrefs.com/robot/)"
136.243.228.194 - - [07/Jul/2025:14:53:36 -0400] "GET /items/gchdf18/21584?key=refuge HTTP/1.1" 404 23126 "-" "Mozilla/5.0 (compatible; DataForSeoBot/1.0; +https://dataforseo.com/dataforseo-bot)"
136.243.228.194 - - [07/Jul/2025:14:53:45 -0400] "GET /72bhnsr22305.html HTTP/1.1" 404 23127 "-" "Mozilla/5.0 (compatible; DataForSeoBot/1.0; +https://dataforseo.com/dataforseo-bot)"
66.249.64.104 - - [07/Jul/2025:14:53:52 -0400] "GET /pcmypage?callback=product/review/re-vida-51-17671800-navys HTTP/1.1" 200 89763 "-" "Mozilla/5.0 (Linux; Android 6.0.1; Nexus 5X Build/MMB29P) AppleWebKit/537.36 (KHTML, like Gecko) Chrome/137.0.7151.103 Mobile Safari/537.36 (compatible; Googlebot/2.1; +http://www.google.com/bot.html)"
136.243.228.194 - - [07/Jul/2025:14:53:50 -0400] "GET /items/dseta274/23494?key=successfully HTTP/1.1" 404 23126 "-" "Mozilla/5.0 (compatible; DataForSeoBot/1.0; +https://dataforseo.com/dataforseo-bot)"
136.243.228.194 - - [07/Jul/2025:14:53:55 -0400] "GET /188oiq34015.html HTTP/1.1" 404 23127 "-" "Mozilla/5.0 (compatible; DataForSeoBot/1.0; +https://dataforseo.com/dataforseo-bot)"
74.208.35.34 - - [07/Jul/2025:14:54:09 -0400] "GET /xmlrpc.php HTTP/1.1" 403 1242 "https://danevnt.com" "Mozilla/5.0 (Macintosh; Intel Mac OS X 14.3) AppleWebKit/614.31.14 (KHTML, like Gecko) Version/17.0.96 Safari/614.31.14"
66.249.64.106 - - [07/Jul/2025:14:54:14 -0400] "GET /149syj6214.html HTTP/1.1" 200 87856 "-" "Mozilla/5.0 (Linux; Android 6.0.1; Nexus 5X Build/MMB29P) AppleWebKit/537.36 (KHTML, like Gecko) Chrome/137.0.7151.103 Mobile Safari/537.36 (compatible; Googlebot/2.1; +http://www.google.com/bot.html)"
20.171.207.36 - - [07/Jul/2025:14:54:22 -0400] "GET /5vdci31642.html HTTP/1.1" 404 23126 "-" "Mozilla/5.0 AppleWebKit/537.36 (KHTML, like Gecko; compatible; GPTBot/1.2; +https://openai.com/gptbot)"
66.249.64.105 - - [07/Jul/2025:14:54:34 -0400] "GET /pcmypage?callback=/product%2Fdetail%2Atorieerina-b001eiqsqc HTTP/1.1" 200 87517 "-" "Mozilla/5.0 (Linux; Android 6.0.1; Nexus 5X Build/MMB29P) AppleWebKit/537.36 (KHTML, like Gecko) Chrome/137.0.7151.103 Mobile Safari/537.36 (compatible; Googlebot/2.1; +http://www.google.com/bot.html)"
66.29.146.47 - - [07/Jul/2025:14:54:47 -0400] "POST /wp-cron.php?doing_wp_cron=1751914487.4056310653686523437500 HTTP/1.1" 403 1242 "-" "WordPress/6.8; https://dangroup.sa"
136.243.228.194 - - [07/Jul/2025:14:54:46 -0400] "GET /items/jyjfs204/8120?key=decision HTTP/1.1" 404 23127 "-" "Mozilla/5.0 (compatible; DataForSeoBot/1.0; +https://dataforseo.com/dataforseo-bot)"
136.243.228.194 - - [07/Jul/2025:14:54:53 -0400] "GET /13jrtz18652.html HTTP/1.1" 404 23126 "-" "Mozilla/5.0 (compatible; DataForSeoBot/1.0; +https://dataforseo.com/dataforseo-bot)"
66.249.64.104 - - [07/Jul/2025:14:54:56 -0400] "GET /pcmypage?callback=product%2Fdetail%2Fhcvalor-eshop-trusco-6570662 HTTP/1.1" 200 87104 "-" "Mozilla/5.0 (Linux; Android 6.0.1; Nexus 5X Build/MMB29P) AppleWebKit/537.36 (KHTML, like Gecko) Chrome/137.0.7151.103 Mobile Safari/537.36 (compatible; Googlebot/2.1; +http://www.google.com/bot.html)"
136.243.228.194 - - [07/Jul/2025:14:54:59 -0400] "GET /items/lfhsu97/47809?key=seven HTTP/1.1" 404 23126 "-" "Mozilla/5.0 (compatible; DataForSeoBot/1.0; +https://dataforseo.com/dataforseo-bot)"
66.249.64.174 - - [07/Jul/2025:14:55:01 -0400] "GET /155zsjc40664.html HTTP/1.1" 200 86731 "-" "Mozilla/5.0 (Linux; Android 6.0.1; Nexus 5X Build/MMB29P) AppleWebKit/537.36 (KHTML, like Gecko) Chrome/137.0.7151.119 Mobile Safari/537.36 (compatible; Googlebot/2.1; +http://www.google.com/bot.html)"
66.249.64.161 - - [07/Jul/2025:14:55:02 -0400] "GET /181njeay45670.html HTTP/1.1" 200 87674 "-" "Mozilla/5.0 (Linux; Android 6.0.1; Nexus 5X Build/MMB29P) AppleWebKit/537.36 (KHTML, like Gecko) Chrome/137.0.7151.103 Mobile Safari/537.36 (compatible; Googlebot/2.1; +http://www.google.com/bot.html)"
66.249.64.174 - - [07/Jul/2025:14:55:04 -0400] "GET /items/rkfgu265/20855?key=script HTTP/1.1" 200 86684 "-" "Mozilla/5.0 (Linux; Android 6.0.1; Nexus 5X Build/MMB29P) AppleWebKit/537.36 (KHTML, like Gecko) Chrome/137.0.7151.119 Mobile Safari/537.36 (compatible; Googlebot/2.1; +http://www.google.com/bot.html)"
136.243.228.194 - - [07/Jul/2025:14:55:04 -0400] "GET /items/fubcj215/17839?key=settle HTTP/1.1" 404 23126 "-" "Mozilla/5.0 (compatible; DataForSeoBot/1.0; +https://dataforseo.com/dataforseo-bot)"
188.166.211.225 - - [07/Jul/2025:14:55:12 -0400] "GET /wp-login.php HTTP/1.1" 200 3095 "-" "Mozilla/5.0 (Windows NT 6.3; WOW64; rv:40.0) Gecko/20100101 Firefox/40.0"
188.166.211.225 - - [07/Jul/2025:14:55:15 -0400] "GET /wp-login.php HTTP/1.1" 200 3095 "-" "Mozilla/5.0 (Windows NT 6.3; WOW64; rv:40.0) Gecko/20100101 Firefox/40.0"
136.243.228.194 - - [07/Jul/2025:14:55:11 -0400] "GET /51wfm32616.html HTTP/1.1" 404 23126 "-" "Mozilla/5.0 (compatible; DataForSeoBot/1.0; +https://dataforseo.com/dataforseo-bot)"
66.249.64.161 - - [07/Jul/2025:14:55:22 -0400] "GET /items/slfnq210/13974?key=constantly HTTP/1.1" 200 86805 "-" "Mozilla/5.0 (Linux; Android 6.0.1; Nexus 5X Build/MMB29P) AppleWebKit/537.36 (KHTML, like Gecko) Chrome/137.0.7151.119 Mobile Safari/537.36 (compatible; Googlebot/2.1; +http://www.google.com/bot.html)"
66.249.64.162 - - [07/Jul/2025:14:55:26 -0400] "GET /items/wkuee130/14788?key=blade HTTP/1.1" 200 87067 "-" "Mozilla/5.0 (Linux; Android 6.0.1; Nexus 5X Build/MMB29P) AppleWebKit/537.36 (KHTML, like Gecko) Chrome/137.0.7151.119 Mobile Safari/537.36 (compatible; Googlebot/2.1; +http://www.google.com/bot.html)"
136.243.228.194 - - [07/Jul/2025:14:55:21 -0400] "GET /47geza17488.html HTTP/1.1" 404 23127 "-" "Mozilla/5.0 (compatible; DataForSeoBot/1.0; +https://dataforseo.com/dataforseo-bot)"
20.171.207.36 - - [07/Jul/2025:14:55:23 -0400] "GET /283oryn954.html HTTP/1.1" 404 23127 "-" "Mozilla/5.0 AppleWebKit/537.36 (KHTML, like Gecko; compatible; GPTBot/1.2; +https://openai.com/gptbot)"
66.249.64.162 - - [07/Jul/2025:14:55:36 -0400] "GET /pcmypage?callback=product/review/g-bike-1332012-2619879 HTTP/1.1" 200 87400 "-" "Mozilla/5.0 (Linux; Android 6.0.1; Nexus 5X Build/MMB29P) AppleWebKit/537.36 (KHTML, like Gecko) Chrome/137.0.7151.103 Mobile Safari/537.36 (compatible; Googlebot/2.1; +http://www.google.com/bot.html)"
136.243.228.194 - - [07/Jul/2025:14:55:33 -0400] "GET /165qdp35894.html HTTP/1.1" 404 23126 "-" "Mozilla/5.0 (compatible; DataForSeoBot/1.0; +https://dataforseo.com/dataforseo-bot)"
136.243.228.194 - - [07/Jul/2025:14:55:40 -0400] "GET /items/nydsm292/21608?key=sex HTTP/1.1" 404 23126 "-" "Mozilla/5.0 (compatible; DataForSeoBot/1.0; +https://dataforseo.com/dataforseo-bot)"
66.29.146.47 - - [07/Jul/2025:14:55:47 -0400] "POST /wp-cron.php?doing_wp_cron=1751914547.4415960311889648437500 HTTP/1.1" 403 1242 "-" "WordPress/6.8; https://dangroup.sa"
136.243.228.194 - - [07/Jul/2025:14:55:46 -0400] "GET /24moxca11933.html HTTP/1.1" 404 23126 "-" "Mozilla/5.0 (compatible; DataForSeoBot/1.0; +https://dataforseo.com/dataforseo-bot)"
136.243.228.194 - - [07/Jul/2025:14:55:51 -0400] "GET /43mbyc44408.html HTTP/1.1" 404 23126 "-" "Mozilla/5.0 (compatible; DataForSeoBot/1.0; +https://dataforseo.com/dataforseo-bot)"
188.166.211.225 - - [07/Jul/2025:14:55:55 -0400] "GET /wp-login.php HTTP/1.1" 200 3095 "-" "Mozilla/5.0 (Windows NT 10.0; Win64; x64) AppleWebKit/537.36 (KHTML, like Gecko) Chrome/58.0.3029.110 Safari/537.3"
188.166.211.225 - - [07/Jul/2025:14:55:57 -0400] "GET /wp-login.php HTTP/1.1" 200 3095 "-" "Mozilla/5.0 (Windows NT 10.0; Win64; x64) AppleWebKit/537.36 (KHTML, like Gecko) Chrome/58.0.3029.110 Safari/537.3"
136.243.228.194 - - [07/Jul/2025:14:55:55 -0400] "GET /291pwq44884.html HTTP/1.1" 404 23127 "-" "Mozilla/5.0 (compatible; DataForSeoBot/1.0; +https://dataforseo.com/dataforseo-bot)"
136.243.228.194 - - [07/Jul/2025:14:56:00 -0400] "GET /items/zoxhh236/8582?key=potentially HTTP/1.1" 404 23126 "-" "Mozilla/5.0 (compatible; DataForSeoBot/1.0; +https://dataforseo.com/dataforseo-bot)"
66.249.64.162 - - [07/Jul/2025:14:56:06 -0400] "GET /pcmypage?callback=product/review/ganbariya-552-0098 HTTP/1.1" 200 86399 "-" "Mozilla/5.0 (Linux; Android 6.0.1; Nexus 5X Build/MMB29P) AppleWebKit/537.36 (KHTML, like Gecko) Chrome/137.0.7151.119 Mobile Safari/537.36 (compatible; Googlebot/2.1; +http://www.google.com/bot.html)"
66.249.64.161 - - [07/Jul/2025:14:56:07 -0400] "GET /75aiyce1398.html HTTP/1.1" 200 87674 "-" "Mozilla/5.0 (Linux; Android 6.0.1; Nexus 5X Build/MMB29P) AppleWebKit/537.36 (KHTML, like Gecko) Chrome/137.0.7151.103 Mobile Safari/537.36 (compatible; Googlebot/2.1; +http://www.google.com/bot.html)"
136.243.228.194 - - [07/Jul/2025:14:56:05 -0400] "GET /items/tifgf140/8182?key=bird HTTP/1.1" 404 23126 "-" "Mozilla/5.0 (compatible; DataForSeoBot/1.0; +https://dataforseo.com/dataforseo-bot)"
136.243.228.194 - - [07/Jul/2025:14:56:10 -0400] "GET /items/cjjtc243/10391?key=commercial HTTP/1.1" 404 23127 "-" "Mozilla/5.0 (compatible; DataForSeoBot/1.0; +https://dataforseo.com/dataforseo-bot)"
136.243.228.194 - - [07/Jul/2025:14:56:18 -0400] "GET /items/fbxnu93/23783?key=fair HTTP/1.1" 404 23126 "-" "Mozilla/5.0 (compatible; DataForSeoBot/1.0; +https://dataforseo.com/dataforseo-bot)"
136.243.228.194 - - [07/Jul/2025:14:56:27 -0400] "GET /items/zydum291/1455?key=risk HTTP/1.1" 404 23127 "-" "Mozilla/5.0 (compatible; DataForSeoBot/1.0; +https://dataforseo.com/dataforseo-bot)"
20.171.207.36 - - [07/Jul/2025:14:56:26 -0400] "GET /16ikpo5279.html HTTP/1.1" 404 23126 "-" "Mozilla/5.0 AppleWebKit/537.36 (KHTML, like Gecko; compatible; GPTBot/1.2; +https://openai.com/gptbot)"
66.249.64.162 - - [07/Jul/2025:14:56:40 -0400] "GET /41ifue12842.html HTTP/1.1" 200 86837 "-" "Mozilla/5.0 (compatible; Googlebot/2.1; +http://www.google.com/bot.html)"
136.243.228.194 - - [07/Jul/2025:14:56:36 -0400] "GET /252gcrt22209.html HTTP/1.1" 404 23126 "-" "Mozilla/5.0 (compatible; DataForSeoBot/1.0; +https://dataforseo.com/dataforseo-bot)"
188.166.211.225 - - [07/Jul/2025:14:56:45 -0400] "GET /wp-login.php HTTP/1.1" 200 3129 "-" "Mozilla/5.0 (Windows NT 10.0; Win64; x64) AppleWebKit/537.36 (KHTML, like Gecko) Chrome/58.0.3029.110 Safari/537.3"
136.243.228.194 - - [07/Jul/2025:14:56:43 -0400] "GET /177jkr36908.html HTTP/1.1" 404 23126 "-" "Mozilla/5.0 (compatible; DataForSeoBot/1.0; +https://dataforseo.com/dataforseo-bot)"
66.29.146.47 - - [07/Jul/2025:14:56:48 -0400] "POST /wp-cron.php?doing_wp_cron=1751914608.2377760410308837890625 HTTP/1.1" 403 1242 "-" "WordPress/6.8; https://dangroup.sa"
188.166.211.225 - - [07/Jul/2025:14:56:50 -0400] "GET /wp-login.php HTTP/1.1" 200 3095 "-" "Mozilla/5.0 (Windows NT 10.0; Win64; x64) AppleWebKit/537.36 (KHTML, like Gecko) Chrome/58.0.3029.110 Safari/537.3"
136.243.228.194 - - [07/Jul/2025:14:56:47 -0400] "GET /items/kbuap46/18702?key=glance HTTP/1.1" 404 23126 "-" "Mozilla/5.0 (compatible; DataForSeoBot/1.0; +https://dataforseo.com/dataforseo-bot)"
66.249.64.161 - - [07/Jul/2025:14:56:54 -0400] "GET /items/xrvgt48/37952?key=national HTTP/1.1" 200 86290 "-" "Mozilla/5.0 (Linux; Android 6.0.1; Nexus 5X Build/MMB29P) AppleWebKit/537.36 (KHTML, like Gecko) Chrome/137.0.7151.103 Mobile Safari/537.36 (compatible; Googlebot/2.1; +http://www.google.com/bot.html)"
136.243.228.194 - - [07/Jul/2025:14:56:52 -0400] "GET /209ilk5788.html HTTP/1.1" 404 23126 "-" "Mozilla/5.0 (compatible; DataForSeoBot/1.0; +https://dataforseo.com/dataforseo-bot)"
66.249.64.105 - - [07/Jul/2025:14:56:57 -0400] "GET /255cks20966.html HTTP/1.1" 200 86836 "-" "Mozilla/5.0 (Linux; Android 6.0.1; Nexus 5X Build/MMB29P) AppleWebKit/537.36 (KHTML, like Gecko) Chrome/137.0.7151.103 Mobile Safari/537.36 (compatible; Googlebot/2.1; +http://www.google.com/bot.html)"
136.243.228.194 - - [07/Jul/2025:14:56:56 -0400] "GET /items/vjjpz76/39714?key=occur HTTP/1.1" 404 23126 "-" "Mozilla/5.0 (compatible; DataForSeoBot/1.0; +https://dataforseo.com/dataforseo-bot)"
136.243.228.194 - - [07/Jul/2025:14:57:01 -0400] "GET /214yxnk34465.html HTTP/1.1" 404 23127 "-" "Mozilla/5.0 (compatible; DataForSeoBot/1.0; +https://dataforseo.com/dataforseo-bot)"
136.243.228.194 - - [07/Jul/2025:14:57:05 -0400] "GET /items/zhgwe276/8956?key=opera HTTP/1.1" 404 23126 "-" "Mozilla/5.0 (compatible; DataForSeoBot/1.0; +https://dataforseo.com/dataforseo-bot)"
188.166.211.225 - - [07/Jul/2025:14:57:09 -0400] "GET /wp-login.php HTTP/1.1" 200 3129 "-" "Mozilla/5.0 (Windows NT 6.3; WOW64; rv:40.0) Gecko/20100101 Firefox/40.0"
66.249.64.163 - - [07/Jul/2025:14:57:10 -0400] "GET /296fopxo37383.html HTTP/1.1" 200 87431 "-" "Mozilla/5.0 (Linux; Android 6.0.1; Nexus 5X Build/MMB29P) AppleWebKit/537.36 (KHTML, like Gecko) Chrome/137.0.7151.103 Mobile Safari/537.36 (compatible; Googlebot/2.1; +http://www.google.com/bot.html)"
188.166.211.225 - - [07/Jul/2025:14:57:12 -0400] "GET /wp-login.php HTTP/1.1" 200 3095 "-" "Mozilla/5.0 (Windows NT 6.3; WOW64; rv:40.0) Gecko/20100101 Firefox/40.0"
136.243.228.194 - - [07/Jul/2025:14:57:09 -0400] "GET /items/aobsl159/25653?key=shelter HTTP/1.1" 404 23127 "-" "Mozilla/5.0 (compatible; DataForSeoBot/1.0; +https://dataforseo.com/dataforseo-bot)"
136.243.228.194 - - [07/Jul/2025:14:57:14 -0400] "GET /items/avxjt66/42776?key=clock HTTP/1.1" 404 23126 "-" "Mozilla/5.0 (compatible; DataForSeoBot/1.0; +https://dataforseo.com/dataforseo-bot)"
66.249.64.106 - - [07/Jul/2025:14:57:28 -0400] "GET /pcmypage?callback=product/review/hokushinco-11454126 HTTP/1.1" 200 88890 "-" "Mozilla/5.0 (Linux; Android 6.0.1; Nexus 5X Build/MMB29P) AppleWebKit/537.36 (KHTML, like Gecko) Chrome/137.0.7151.103 Mobile Safari/537.36 (compatible; Googlebot/2.1; +http://www.google.com/bot.html)"
136.243.228.194 - - [07/Jul/2025:14:57:22 -0400] "GET /52ayw3269.html HTTP/1.1" 404 23127 "-" "Mozilla/5.0 (compatible; DataForSeoBot/1.0; +https://dataforseo.com/dataforseo-bot)"
66.249.64.104 - - [07/Jul/2025:14:57:29 -0400] "GET /pcmypage?callback=product%2Fdetail%2Fdolonco-set0039787 HTTP/1.1" 200 87001 "-" "Mozilla/5.0 (Linux; Android 6.0.1; Nexus 5X Build/MMB29P) AppleWebKit/537.36 (KHTML, like Gecko) Chrome/137.0.7151.119 Mobile Safari/537.36 (compatible; Googlebot/2.1; +http://www.google.com/bot.html)"
66.249.64.104 - - [07/Jul/2025:14:57:38 -0400] "GET /items/nuhuv41/17791?key=document HTTP/1.1" 200 87609 "-" "Mozilla/5.0 (Linux; Android 6.0.1; Nexus 5X Build/MMB29P) AppleWebKit/537.36 (KHTML, like Gecko) Chrome/137.0.7151.103 Mobile Safari/537.36 (compatible; Googlebot/2.1; +http://www.google.com/bot.html)"
136.243.228.194 - - [07/Jul/2025:14:57:30 -0400] "GET /229hzuwg27256.html HTTP/1.1" 404 23127 "-" "Mozilla/5.0 (compatible; DataForSeoBot/1.0; +https://dataforseo.com/dataforseo-bot)"
20.171.207.36 - - [07/Jul/2025:14:57:32 -0400] "GET /53poyq7462.html HTTP/1.1" 404 23127 "-" "Mozilla/5.0 AppleWebKit/537.36 (KHTML, like Gecko; compatible; GPTBot/1.2; +https://openai.com/gptbot)"
66.249.64.161 - - [07/Jul/2025:14:57:57 -0400] "GET /items/paeit253/5725?key=controversial HTTP/1.1" 200 87000 "-" "Mozilla/5.0 (compatible; Googlebot/2.1; +http://www.google.com/bot.html)"
66.29.146.47 - - [07/Jul/2025:14:58:05 -0400] "POST /wp-cron.php?doing_wp_cron=1751914684.8827090263366699218750 HTTP/1.1" 403 1242 "-" "WordPress/6.8; https://dangroup.sa"
188.166.211.225 - - [07/Jul/2025:14:58:04 -0400] "GET /wp-login.php HTTP/1.1" 200 3095 "-" "Mozilla/5.0 (Windows NT 6.1; WOW64; Trident/7.0; AS; rv:11.0) like Gecko"
66.249.64.161 - - [07/Jul/2025:14:58:08 -0400] "GET /items/vrvuw126/16298?key=judge HTTP/1.1" 200 87908 "-" "Mozilla/5.0 (Linux; Android 6.0.1; Nexus 5X Build/MMB29P) AppleWebKit/537.36 (KHTML, like Gecko) Chrome/137.0.7151.103 Mobile Safari/537.36 (compatible; Googlebot/2.1; +http://www.google.com/bot.html)"
188.166.211.225 - - [07/Jul/2025:14:58:09 -0400] "GET /wp-login.php HTTP/1.1" 200 3095 "-" "Mozilla/5.0 (Windows NT 6.1; WOW64; Trident/7.0; AS; rv:11.0) like Gecko"
136.243.228.194 - - [07/Jul/2025:14:58:21 -0400] "GET /items/zwjey109/45373?key=liability HTTP/1.1" 404 23127 "-" "Mozilla/5.0 (compatible; DataForSeoBot/1.0; +https://dataforseo.com/dataforseo-bot)"
66.249.64.161 - - [07/Jul/2025:14:58:31 -0400] "GET /288vfi14347.html HTTP/1.1" 200 87287 "-" "Mozilla/5.0 (Linux; Android 6.0.1; Nexus 5X Build/MMB29P) AppleWebKit/537.36 (KHTML, like Gecko) Chrome/137.0.7151.103 Mobile Safari/537.36 (compatible; Googlebot/2.1; +http://www.google.com/bot.html)"
188.166.211.225 - - [07/Jul/2025:14:58:31 -0400] "GET /wp-login.php HTTP/1.1" 200 3129 "-" "Mozilla/5.0 (Windows NT 6.1; WOW64; Trident/7.0; AS; rv:11.0) like Gecko"
136.243.228.194 - - [07/Jul/2025:14:58:26 -0400] "GET /items/zunsl45/8781?key=song HTTP/1.1" 404 23126 "-" "Mozilla/5.0 (compatible; DataForSeoBot/1.0; +https://dataforseo.com/dataforseo-bot)"
66.249.64.106 - - [07/Jul/2025:14:58:37 -0400] "GET /pcmypage?callback=product/review/first34-trusco-4790360 HTTP/1.1" 200 86402 "-" "Mozilla/5.0 (Linux; Android 6.0.1; Nexus 5X Build/MMB29P) AppleWebKit/537.36 (KHTML, like Gecko) Chrome/137.0.7151.103 Mobile Safari/537.36 (compatible; Googlebot/2.1; +http://www.google.com/bot.html)"
188.166.211.225 - - [07/Jul/2025:14:58:37 -0400] "GET /wp-login.php HTTP/1.1" 200 3095 "-" "Mozilla/5.0 (Windows NT 6.1; WOW64; Trident/7.0; AS; rv:11.0) like Gecko"
136.243.228.194 - - [07/Jul/2025:14:58:35 -0400] "GET /items/qlery216/9910?key=represent HTTP/1.1" 404 23127 "-" "Mozilla/5.0 (compatible; DataForSeoBot/1.0; +https://dataforseo.com/dataforseo-bot)"
20.171.207.36 - - [07/Jul/2025:14:58:36 -0400] "GET /9yneu48210.html HTTP/1.1" 404 23126 "-" "Mozilla/5.0 AppleWebKit/537.36 (KHTML, like Gecko; compatible; GPTBot/1.2; +https://openai.com/gptbot)"
136.243.228.194 - - [07/Jul/2025:14:58:46 -0400] "GET /items/nquze292/25534?key=spin HTTP/1.1" 404 23127 "-" "Mozilla/5.0 (compatible; DataForSeoBot/1.0; +https://dataforseo.com/dataforseo-bot)"
66.249.64.161 - - [07/Jul/2025:14:58:54 -0400] "GET /items/cinvw67/21579?key=probably HTTP/1.1" 200 86496 "-" "Mozilla/5.0 (Linux; Android 6.0.1; Nexus 5X Build/MMB29P) AppleWebKit/537.36 (KHTML, like Gecko) Chrome/137.0.7151.103 Mobile Safari/537.36 (compatible; Googlebot/2.1; +http://www.google.com/bot.html)"
188.166.211.225 - - [07/Jul/2025:14:58:55 -0400] "GET /wp-login.php HTTP/1.1" 200 3095 "-" "Mozilla/5.0 (Windows NT 6.1; WOW64; Trident/7.0; AS; rv:11.0) like Gecko"
188.166.211.225 - - [07/Jul/2025:14:58:59 -0400] "GET /wp-login.php HTTP/1.1" 200 3095 "-" "Mozilla/5.0 (Windows NT 6.1; WOW64; Trident/7.0; AS; rv:11.0) like Gecko"
136.243.228.194 - - [07/Jul/2025:14:58:54 -0400] "GET /items/gtdqc109/38915?key=yes HTTP/1.1" 404 23127 "-" "Mozilla/5.0 (compatible; DataForSeoBot/1.0; +https://dataforseo.com/dataforseo-bot)"
172.182.193.85 - - [07/Jul/2025:14:58:54 -0400] "GET /product/edit/valuecare-vc-tr-5189560 HTTP/1.1" 404 23126 "-" "Mozilla/5.0 (Macintosh; Intel Mac OS X 10_15_7) AppleWebKit/537.36 (KHTML, like Gecko) Chrome/131.0.0.0 Safari/537.36; compatible; OAI-SearchBot/1.0; +https://openai.com/searchbot"
172.182.194.153 - - [07/Jul/2025:14:59:02 -0400] "GET /product/edit/valuecare-vc-tr-5189560 HTTP/1.1" 301 0 "-" "Mozilla/5.0 (Macintosh; Intel Mac OS X 10_15_7) AppleWebKit/537.36 (KHTML, like Gecko) Chrome/131.0.0.0 Safari/537.36; compatible; OAI-SearchBot/1.0; +https://openai.com/searchbot"
136.243.228.194 - - [07/Jul/2025:14:59:01 -0400] "GET /47ngpzb4032.html HTTP/1.1" 404 23126 "-" "Mozilla/5.0 (compatible; DataForSeoBot/1.0; +https://dataforseo.com/dataforseo-bot)"
66.29.146.47 - - [07/Jul/2025:14:59:08 -0400] "POST /wp-cron.php?doing_wp_cron=1751914747.8223319053649902343750 HTTP/1.1" 403 1242 "-" "WordPress/6.8; https://dangroup.sa"
136.243.228.194 - - [07/Jul/2025:14:59:07 -0400] "GET /items/kqlbe110/19598?key=storage HTTP/1.1" 404 23126 "-" "Mozilla/5.0 (compatible; DataForSeoBot/1.0; +https://dataforseo.com/dataforseo-bot)"
66.249.64.162 - - [07/Jul/2025:14:59:12 -0400] "GET /pcmypage?callback=product%2Fdetail%2Fragtag-0103425j0002 HTTP/1.1" 200 86653 "-" "Mozilla/5.0 (Linux; Android 6.0.1; Nexus 5X Build/MMB29P) AppleWebKit/537.36 (KHTML, like Gecko) Chrome/137.0.7151.119 Mobile Safari/537.36 (compatible; Googlebot/2.1; +http://www.google.com/bot.html)"
136.243.228.194 - - [07/Jul/2025:14:59:11 -0400] "GET /items/icpyn42/43206?key=dilemma HTTP/1.1" 404 23126 "-" "Mozilla/5.0 (compatible; DataForSeoBot/1.0; +https://dataforseo.com/dataforseo-bot)"
66.249.64.161 - - [07/Jul/2025:14:59:15 -0400] "GET /257cea12888.html HTTP/1.1" 200 86858 "-" "Mozilla/5.0 (Linux; Android 6.0.1; Nexus 5X Build/MMB29P) AppleWebKit/537.36 (KHTML, like Gecko) Chrome/137.0.7151.103 Mobile Safari/537.36 (compatible; Googlebot/2.1; +http://www.google.com/bot.html)"
66.249.64.161 - - [07/Jul/2025:14:59:16 -0400] "GET /product/edit/akibaoo-r-hm001274950 HTTP/1.1" 200 88019 "-" "Mozilla/5.0 (Linux; Android 6.0.1; Nexus 5X Build/MMB29P) AppleWebKit/537.36 (KHTML, like Gecko) Chrome/137.0.7151.103 Mobile Safari/537.36 (compatible; Googlebot/2.1; +http://www.google.com/bot.html)"
136.243.228.194 - - [07/Jul/2025:14:59:15 -0400] "GET /66squ27561.html HTTP/1.1" 404 23126 "-" "Mozilla/5.0 (compatible; DataForSeoBot/1.0; +https://dataforseo.com/dataforseo-bot)"
51.222.253.11 - - [07/Jul/2025:14:59:19 -0400] "GET /?sitemap294.xml HTTP/1.1" 200 17 "-" "Mozilla/5.0 (compatible; AhrefsBot/7.0; +http://ahrefs.com/robot/)"
136.243.228.194 - - [07/Jul/2025:14:59:20 -0400] "GET /295ywqit11892.html HTTP/1.1" 404 23127 "-" "Mozilla/5.0 (compatible; DataForSeoBot/1.0; +https://dataforseo.com/dataforseo-bot)"
136.243.228.194 - - [07/Jul/2025:14:59:24 -0400] "GET /199aigbv20290.html HTTP/1.1" 404 23127 "-" "Mozilla/5.0 (compatible; DataForSeoBot/1.0; +https://dataforseo.com/dataforseo-bot)"
136.243.228.194 - - [07/Jul/2025:14:59:28 -0400] "GET /items/deblv252/26922?key=prohibit HTTP/1.1" 404 23127 "-" "Mozilla/5.0 (compatible; DataForSeoBot/1.0; +https://dataforseo.com/dataforseo-bot)"
136.243.228.194 - - [07/Jul/2025:14:59:33 -0400] "GET /items/tksrn89/45771?key=traffic HTTP/1.1" 404 23127 "-" "Mozilla/5.0 (compatible; DataForSeoBot/1.0; +https://dataforseo.com/dataforseo-bot)"
66.249.64.161 - - [07/Jul/2025:14:59:38 -0400] "GET /items/ogbun8/84?key=headache HTTP/1.1" 200 86487 "-" "Mozilla/5.0 (Linux; Android 6.0.1; Nexus 5X Build/MMB29P) AppleWebKit/537.36 (KHTML, like Gecko) Chrome/137.0.7151.103 Mobile Safari/537.36 (compatible; Googlebot/2.1; +http://www.google.com/bot.html)"
136.243.228.194 - - [07/Jul/2025:14:59:37 -0400] "GET /221knqjc45360.html HTTP/1.1" 404 23126 "-" "Mozilla/5.0 (compatible; DataForSeoBot/1.0; +https://dataforseo.com/dataforseo-bot)"
20.171.207.36 - - [07/Jul/2025:14:59:37 -0400] "GET /178smwz6663.html HTTP/1.1" 404 23126 "-" "Mozilla/5.0 AppleWebKit/537.36 (KHTML, like Gecko; compatible; GPTBot/1.2; +https://openai.com/gptbot)"
136.243.228.194 - - [07/Jul/2025:14:59:41 -0400] "GET /185npv17756.html HTTP/1.1" 404 23126 "-" "Mozilla/5.0 (compatible; DataForSeoBot/1.0; +https://dataforseo.com/dataforseo-bot)"
66.249.64.161 - - [07/Jul/2025:14:59:48 -0400] "GET /pcmypage?callback=product/review/emuemushop-qt1106679282 HTTP/1.1" 200 87079 "-" "Mozilla/5.0 (Linux; Android 6.0.1; Nexus 5X Build/MMB29P) AppleWebKit/537.36 (KHTML, like Gecko) Chrome/137.0.7151.119 Mobile Safari/537.36 (compatible; Googlebot/2.1; +http://www.google.com/bot.html)"
136.243.228.194 - - [07/Jul/2025:14:59:46 -0400] "GET /items/fmtli184/16370?key=dark HTTP/1.1" 404 23126 "-" "Mozilla/5.0 (compatible; DataForSeoBot/1.0; +https://dataforseo.com/dataforseo-bot)"
136.243.228.194 - - [07/Jul/2025:14:59:51 -0400] "GET /items/trhds113/33473?key=proceed HTTP/1.1" 404 23127 "-" "Mozilla/5.0 (compatible; DataForSeoBot/1.0; +https://dataforseo.com/dataforseo-bot)"
188.166.211.225 - - [07/Jul/2025:14:59:55 -0400] "GET /wp-login.php HTTP/1.1" 200 3095 "-" "Mozilla/5.0 (Windows NT 6.1; WOW64; Trident/7.0; AS; rv:11.0) like Gecko"
188.166.211.225 - - [07/Jul/2025:14:59:57 -0400] "GET /wp-login.php HTTP/1.1" 200 3129 "-" "Mozilla/5.0 (Windows NT 6.1; WOW64; Trident/7.0; AS; rv:11.0) like Gecko"
66.249.64.163 - - [07/Jul/2025:15:00:01 -0400] "GET /items/tvvpd297/5713?key=T-shirt HTTP/1.1" 200 87124 "-" "Mozilla/5.0 (Linux; Android 6.0.1; Nexus 5X Build/MMB29P) AppleWebKit/537.36 (KHTML, like Gecko) Chrome/137.0.7151.119 Mobile Safari/537.36 (compatible; Googlebot/2.1; +http://www.google.com/bot.html)"
136.243.228.194 - - [07/Jul/2025:14:59:57 -0400] "GET /items/eshnz249/6693?key=migration HTTP/1.1" 404 23126 "-" "Mozilla/5.0 (compatible; DataForSeoBot/1.0; +https://dataforseo.com/dataforseo-bot)"
66.249.64.161 - - [07/Jul/2025:15:00:01 -0400] "GET /190htclq34283.html HTTP/1.1" 200 86946 "-" "Mozilla/5.0 (Linux; Android 6.0.1; Nexus 5X Build/MMB29P) AppleWebKit/537.36 (KHTML, like Gecko) Chrome/137.0.7151.103 Mobile Safari/537.36 (compatible; Googlebot/2.1; +http://www.google.com/bot.html)"
136.243.228.194 - - [07/Jul/2025:15:00:05 -0400] "GET /237gfvgl30958.html HTTP/1.1" 404 23126 "-" "Mozilla/5.0 (compatible; DataForSeoBot/1.0; +https://dataforseo.com/dataforseo-bot)"
66.29.146.47 - - [07/Jul/2025:15:00:15 -0400] "POST /wp-cron.php?doing_wp_cron=1751914815.5385289192199707031250 HTTP/1.1" 403 1242 "-" "WordPress/6.8; https://dangroup.sa"
66.249.64.162 - - [07/Jul/2025:15:00:18 -0400] "GET /en/home HTTP/1.1" 200 87314 "-" "Mozilla/5.0 (Linux; Android 6.0.1; Nexus 5X Build/MMB29P) AppleWebKit/537.36 (KHTML, like Gecko) Chrome/137.0.7151.119 Mobile Safari/537.36 (compatible; Googlebot/2.1; +http://www.google.com/bot.html)"
136.243.228.194 - - [07/Jul/2025:15:00:14 -0400] "GET /items/tsdkr191/12409?key=poverty HTTP/1.1" 404 23126 "-" "Mozilla/5.0 (compatible; DataForSeoBot/1.0; +https://dataforseo.com/dataforseo-bot)"
136.243.228.194 - - [07/Jul/2025:15:00:22 -0400] "GET /48qpsc11679.html HTTP/1.1" 404 23126 "-" "Mozilla/5.0 (compatible; DataForSeoBot/1.0; +https://dataforseo.com/dataforseo-bot)"
66.249.64.161 - - [07/Jul/2025:15:00:26 -0400] "GET /207epp18642.html HTTP/1.1" 200 86673 "-" "Mozilla/5.0 (Linux; Android 6.0.1; Nexus 5X Build/MMB29P) AppleWebKit/537.36 (KHTML, like Gecko) Chrome/137.0.7151.103 Mobile Safari/537.36 (compatible; Googlebot/2.1; +http://www.google.com/bot.html)"
66.249.64.161 - - [07/Jul/2025:15:00:27 -0400] "GET /items/zffto298/26232?key=anticipate HTTP/1.1" 200 86481 "-" "Mozilla/5.0 (Linux; Android 6.0.1; Nexus 5X Build/MMB29P) AppleWebKit/537.36 (KHTML, like Gecko) Chrome/137.0.7151.103 Mobile Safari/537.36 (compatible; Googlebot/2.1; +http://www.google.com/bot.html)"
136.243.228.194 - - [07/Jul/2025:15:00:27 -0400] "GET /199vrmi32602.html HTTP/1.1" 404 23126 "-" "Mozilla/5.0 (compatible; DataForSeoBot/1.0; +https://dataforseo.com/dataforseo-bot)"
136.243.228.194 - - [07/Jul/2025:15:00:33 -0400] "GET /112vegjd4655.html HTTP/1.1" 404 23126 "-" "Mozilla/5.0 (compatible; DataForSeoBot/1.0; +https://dataforseo.com/dataforseo-bot)"
66.249.64.161 - - [07/Jul/2025:15:00:37 -0400] "GET /items/hvknx41/14441?key=honor HTTP/1.1" 200 87106 "-" "Mozilla/5.0 (Linux; Android 6.0.1; Nexus 5X Build/MMB29P) AppleWebKit/537.36 (KHTML, like Gecko) Chrome/137.0.7151.103 Mobile Safari/537.36 (compatible; Googlebot/2.1; +http://www.google.com/bot.html)"
20.171.207.36 - - [07/Jul/2025:15:00:37 -0400] "GET /40mywo18333.html HTTP/1.1" 404 23126 "-" "Mozilla/5.0 AppleWebKit/537.36 (KHTML, like Gecko; compatible; GPTBot/1.2; +https://openai.com/gptbot)"
136.243.228.194 - - [07/Jul/2025:15:00:37 -0400] "GET /20acwbe34979.html HTTP/1.1" 404 23126 "-" "Mozilla/5.0 (compatible; DataForSeoBot/1.0; +https://dataforseo.com/dataforseo-bot)"
136.243.228.194 - - [07/Jul/2025:15:00:43 -0400] "GET /239yra46738.html HTTP/1.1" 404 23126 "-" "Mozilla/5.0 (compatible; DataForSeoBot/1.0; +https://dataforseo.com/dataforseo-bot)"
66.249.64.104 - - [07/Jul/2025:15:00:48 -0400] "GET /241iyke20370.html HTTP/1.1" 200 87768 "-" "Mozilla/5.0 (Linux; Android 6.0.1; Nexus 5X Build/MMB29P) AppleWebKit/537.36 (KHTML, like Gecko) Chrome/137.0.7151.103 Mobile Safari/537.36 (compatible; Googlebot/2.1; +http://www.google.com/bot.html)"
188.166.211.225 - - [07/Jul/2025:15:00:50 -0400] "GET /wp-login.php HTTP/1.1" 200 3095 "-" "Mozilla/5.0 (Windows NT 6.1; WOW64; Trident/7.0; AS; rv:11.0) like Gecko"
136.243.228.194 - - [07/Jul/2025:15:00:48 -0400] "GET /146xhn5935.html HTTP/1.1" 404 23126 "-" "Mozilla/5.0 (compatible; DataForSeoBot/1.0; +https://dataforseo.com/dataforseo-bot)"
188.166.211.225 - - [07/Jul/2025:15:00:54 -0400] "GET /wp-login.php HTTP/1.1" 200 3095 "-" "Mozilla/5.0 (Windows NT 6.1; WOW64; Trident/7.0; AS; rv:11.0) like Gecko"
136.243.228.194 - - [07/Jul/2025:15:00:53 -0400] "GET /209uqah19618.html HTTP/1.1" 404 23126 "-" "Mozilla/5.0 (compatible; DataForSeoBot/1.0; +https://dataforseo.com/dataforseo-bot)"
136.243.228.194 - - [07/Jul/2025:15:00:57 -0400] "GET /items/gnjkh223/33467?key=achievement HTTP/1.1" 404 23126 "-" "Mozilla/5.0 (compatible; DataForSeoBot/1.0; +https://dataforseo.com/dataforseo-bot)"
66.249.64.161 - - [07/Jul/2025:15:01:00 -0400] "GET /items/bvajl61/25861?key=hope HTTP/1.1" 200 87115 "-" "Mozilla/5.0 (Linux; Android 6.0.1; Nexus 5X Build/MMB29P) AppleWebKit/537.36 (KHTML, like Gecko) Chrome/137.0.7151.103 Mobile Safari/537.36 (compatible; Googlebot/2.1; +http://www.google.com/bot.html)"
66.249.64.161 - - [07/Jul/2025:15:01:01 -0400] "GET /items/uvpdr296/36714?key=vital HTTP/1.1" 200 87152 "-" "Mozilla/5.0 (Linux; Android 6.0.1; Nexus 5X Build/MMB29P) AppleWebKit/537.36 (KHTML, like Gecko) Chrome/137.0.7151.103 Mobile Safari/537.36 (compatible; Googlebot/2.1; +http://www.google.com/bot.html)"
136.243.228.194 - - [07/Jul/2025:15:01:02 -0400] "GET /items/kgqwr262/29998?key=bolt HTTP/1.1" 404 23126 "-" "Mozilla/5.0 (compatible; DataForSeoBot/1.0; +https://dataforseo.com/dataforseo-bot)"
136.243.228.194 - - [07/Jul/2025:15:01:06 -0400] "GET /287kts10208.html HTTP/1.1" 404 23126 "-" "Mozilla/5.0 (compatible; DataForSeoBot/1.0; +https://dataforseo.com/dataforseo-bot)"
66.249.64.105 - - [07/Jul/2025:15:01:11 -0400] "GET /29kqf676.html HTTP/1.1" 200 87911 "-" "Mozilla/5.0 (Linux; Android 6.0.1; Nexus 5X Build/MMB29P) AppleWebKit/537.36 (KHTML, like Gecko) Chrome/137.0.7151.103 Mobile Safari/537.36 (compatible; Googlebot/2.1; +http://www.google.com/bot.html)"
136.243.228.194 - - [07/Jul/2025:15:01:10 -0400] "GET /176nrz47187.html HTTP/1.1" 404 23126 "-" "Mozilla/5.0 (compatible; DataForSeoBot/1.0; +https://dataforseo.com/dataforseo-bot)"
66.29.146.47 - - [07/Jul/2025:15:01:19 -0400] "POST /wp-cron.php?doing_wp_cron=1751914878.7172338962554931640625 HTTP/1.1" 403 1242 "-" "WordPress/6.8; https://dangroup.sa"
66.249.64.105 - - [07/Jul/2025:15:01:22 -0400] "GET /pcmypage?callback=product%2Fdetail%2Fhirochishop-2-4570011646369 HTTP/1.1" 200 87874 "-" "Mozilla/5.0 (Linux; Android 6.0.1; Nexus 5X Build/MMB29P) AppleWebKit/537.36 (KHTML, like Gecko) Chrome/137.0.7151.103 Mobile Safari/537.36 (compatible; Googlebot/2.1; +http://www.google.com/bot.html)"
