52.138.177.55 - - [07/Jul/2025:11:14:29 -0400] "GET /wp-content/index.php HTTP/1.1" 200 0 "-" "-"
52.138.177.55 - - [07/Jul/2025:11:14:29 -0400] "GET /user.php HTTP/1.1" 404 23126 "-" "-"
136.243.228.194 - - [07/Jul/2025:11:14:30 -0400] "GET /items/qaxlf292/22780?key=grab HTTP/1.1" 404 23127 "-" "Mozilla/5.0 (compatible; DataForSeoBot/1.0; +https://dataforseo.com/dataforseo-bot)"
52.138.177.55 - - [07/Jul/2025:11:14:33 -0400] "GET /cong.php HTTP/1.1" 404 23126 "-" "-"
136.243.228.194 - - [07/Jul/2025:11:14:35 -0400] "GET /items/otplu182/3188?key=grasp HTTP/1.1" 404 23126 "-" "Mozilla/5.0 (compatible; DataForSeoBot/1.0; +https://dataforseo.com/dataforseo-bot)"
52.138.177.55 - - [07/Jul/2025:11:14:38 -0400] "GET /link.php HTTP/1.1" 404 23127 "-" "-"
20.171.207.36 - - [07/Jul/2025:11:14:41 -0400] "GET /238mkkx1645.html HTTP/1.1" 404 23126 "-" "Mozilla/5.0 AppleWebKit/537.36 (KHTML, like Gecko; compatible; GPTBot/1.2; +https://openai.com/gptbot)"
136.243.228.194 - - [07/Jul/2025:11:14:44 -0400] "GET /items/vmtlq203/3517?key=jurisdiction HTTP/1.1" 404 23126 "-" "Mozilla/5.0 (compatible; DataForSeoBot/1.0; +https://dataforseo.com/dataforseo-bot)"
66.249.75.39 - - [07/Jul/2025:11:14:52 -0400] "GET /33xgky26778.html HTTP/1.1" 200 86944 "-" "Mozilla/5.0 (compatible; Googlebot/2.1; +http://www.google.com/bot.html)"
52.138.177.55 - - [07/Jul/2025:11:14:48 -0400] "GET /wp-includes/autoload_classmap.php HTTP/1.1" 404 23126 "-" "-"
136.243.228.194 - - [07/Jul/2025:11:14:53 -0400] "GET /78axea32381.html HTTP/1.1" 404 23126 "-" "Mozilla/5.0 (compatible; DataForSeoBot/1.0; +https://dataforseo.com/dataforseo-bot)"
52.138.177.55 - - [07/Jul/2025:11:14:56 -0400] "GET /wp-admin/radio.php HTTP/1.1" 404 23126 "-" "-"
52.138.177.55 - - [07/Jul/2025:11:15:05 -0400] "GET /wp-admin/css/colors/ HTTP/1.1" 200 1093 "-" "-"
136.243.228.194 - - [07/Jul/2025:11:15:05 -0400] "GET /items/zaktl198/46036?key=halfway HTTP/1.1" 404 23126 "-" "Mozilla/5.0 (compatible; DataForSeoBot/1.0; +https://dataforseo.com/dataforseo-bot)"
52.138.177.55 - - [07/Jul/2025:11:15:07 -0400] "GET /doc.php HTTP/1.1" 404 23126 "-" "-"
66.249.64.174 - - [07/Jul/2025:11:15:10 -0400] "GET /74hkp10105.html HTTP/1.1" 200 87462 "-" "Mozilla/5.0 (Linux; Android 6.0.1; Nexus 5X Build/MMB29P) AppleWebKit/537.36 (KHTML, like Gecko) Chrome/137.0.7151.103 Mobile Safari/537.36 (compatible; Googlebot/2.1; +http://www.google.com/bot.html)"
47.82.60.7 - - [07/Jul/2025:11:15:14 -0400] "GET /278kmr409.html HTTP/1.1" 301 0 "https://www.dangroup.sa/278kmr409.html" "Mozilla/5.0 (Windows NT 10.0; Win64; x64) AppleWebKit/537.36 (KHTML, like Gecko) Chrome/114.0.0.0 Safari/537.36 Edg/114.0.1823.43"
52.138.177.55 - - [07/Jul/2025:11:15:14 -0400] "GET /public/admin.php HTTP/1.1" 404 23126 "-" "-"
47.82.60.7 - - [07/Jul/2025:11:15:16 -0400] "GET /278kmr409.html HTTP/1.1" 404 23126 "https://www.dangroup.sa/278kmr409.html" "Mozilla/5.0 (Windows NT 10.0; Win64; x64) AppleWebKit/537.36 (KHTML, like Gecko) Chrome/114.0.0.0 Safari/537.36 Edg/114.0.1823.43"
136.243.228.194 - - [07/Jul/2025:11:15:15 -0400] "GET /182tisl46977.html HTTP/1.1" 404 23126 "-" "Mozilla/5.0 (compatible; DataForSeoBot/1.0; +https://dataforseo.com/dataforseo-bot)"
52.138.177.55 - - [07/Jul/2025:11:15:20 -0400] "GET /wp-content/plugins/dummyyummy/wp-signup.php HTTP/1.1" 404 23126 "-" "-"
66.29.146.47 - - [07/Jul/2025:11:15:25 -0400] "POST /wp-cron.php?doing_wp_cron=1751901325.7147159576416015625000 HTTP/1.1" 403 1242 "-" "WordPress/6.8; https://dangroup.sa"
136.243.228.194 - - [07/Jul/2025:11:15:23 -0400] "GET /items/tiwbx283/5119?key=nobody HTTP/1.1" 404 23126 "-" "Mozilla/5.0 (compatible; DataForSeoBot/1.0; +https://dataforseo.com/dataforseo-bot)"
52.138.177.55 - - [07/Jul/2025:11:15:24 -0400] "GET /wp-content/plugins/press/wp-class.php HTTP/1.1" 404 23127 "-" "-"
52.138.177.55 - - [07/Jul/2025:11:15:29 -0400] "GET /wp-admin/css/colors/blue/index.php HTTP/1.1" 301 0 "-" "-"
52.138.177.55 - - [07/Jul/2025:11:15:30 -0400] "GET /wp-admin/css/colors/blue/ HTTP/1.1" 200 709 "-" "-"
136.243.228.194 - - [07/Jul/2025:11:15:29 -0400] "GET /items/fvvku290/16914?key=each HTTP/1.1" 404 23126 "-" "Mozilla/5.0 (compatible; DataForSeoBot/1.0; +https://dataforseo.com/dataforseo-bot)"
52.138.177.55 - - [07/Jul/2025:11:15:30 -0400] "GET /wp-content/shell20211028.php HTTP/1.1" 404 23127 "-" "-"
47.82.60.37 - - [07/Jul/2025:11:15:40 -0400] "GET /278wvi22855.html HTTP/1.1" 301 0 "https://www.dangroup.sa/278wvi22855.html" "Mozilla/5.0 (Windows NT 10.0; Win64; x64) AppleWebKit/537.36 (KHTML, like Gecko) Chrome/114.0.0.0 Safari/537.36 Edg/114.0.1823.43"
66.249.64.100 - - [07/Jul/2025:11:15:43 -0400] "GET /items/ffksu5/861?key=agree HTTP/1.1" 200 87359 "-" "Mozilla/5.0 (Linux; Android 6.0.1; Nexus 5X Build/MMB29P) AppleWebKit/537.36 (KHTML, like Gecko) Chrome/137.0.7151.103 Mobile Safari/537.36 (compatible; Googlebot/2.1; +http://www.google.com/bot.html)"
136.243.228.194 - - [07/Jul/2025:11:15:37 -0400] "GET /102obc46829.html HTTP/1.1" 404 23126 "-" "Mozilla/5.0 (compatible; DataForSeoBot/1.0; +https://dataforseo.com/dataforseo-bot)"
52.138.177.55 - - [07/Jul/2025:11:15:38 -0400] "GET /wp-admin/maint/about.php HTTP/1.1" 404 23127 "-" "-"
47.82.60.37 - - [07/Jul/2025:11:15:43 -0400] "GET /278wvi22855.html HTTP/1.1" 404 23127 "https://www.dangroup.sa/278wvi22855.html" "Mozilla/5.0 (Windows NT 10.0; Win64; x64) AppleWebKit/537.36 (KHTML, like Gecko) Chrome/114.0.0.0 Safari/537.36 Edg/114.0.1823.43"
20.171.207.36 - - [07/Jul/2025:11:15:41 -0400] "GET /60xgdz42889.html HTTP/1.1" 404 23126 "-" "Mozilla/5.0 AppleWebKit/537.36 (KHTML, like Gecko; compatible; GPTBot/1.2; +https://openai.com/gptbot)"
136.243.228.194 - - [07/Jul/2025:11:15:48 -0400] "GET /items/wljsf223/1727?key=trouble HTTP/1.1" 404 23126 "-" "Mozilla/5.0 (compatible; DataForSeoBot/1.0; +https://dataforseo.com/dataforseo-bot)"
52.138.177.55 - - [07/Jul/2025:11:15:48 -0400] "GET /atomlib.php HTTP/1.1" 404 23126 "-" "-"
52.138.177.55 - - [07/Jul/2025:11:15:54 -0400] "GET /wp-admin/maint/ HTTP/1.1" 200 621 "-" "-"
52.138.177.55 - - [07/Jul/2025:11:15:54 -0400] "GET /wp-content/radio.php HTTP/1.1" 404 23126 "-" "-"
136.243.228.194 - - [07/Jul/2025:11:15:55 -0400] "GET /items/kuwpy172/2790?key=unit HTTP/1.1" 404 23127 "-" "Mozilla/5.0 (compatible; DataForSeoBot/1.0; +https://dataforseo.com/dataforseo-bot)"
52.138.177.55 - - [07/Jul/2025:11:15:57 -0400] "GET /wp-content/themes/admin.php HTTP/1.1" 404 23126 "-" "-"
136.243.228.194 - - [07/Jul/2025:11:16:02 -0400] "GET /133xhl28604.html HTTP/1.1" 404 23127 "-" "Mozilla/5.0 (compatible; DataForSeoBot/1.0; +https://dataforseo.com/dataforseo-bot)"
52.138.177.55 - - [07/Jul/2025:11:16:07 -0400] "GET /wp-content/themes/alera/alpha.php HTTP/1.1" 404 23126 "-" "-"
188.166.211.225 - - [07/Jul/2025:11:16:14 -0400] "GET /wp-login.php HTTP/1.1" 200 3095 "-" "Mozilla/5.0 (Macintosh; Intel Mac OS X 10_11_5) AppleWebKit/537.36 (KHTML, like Gecko) Chrome/50.0.2661.102 Safari/537.36"
136.243.228.194 - - [07/Jul/2025:11:16:11 -0400] "GET /209sdvi17838.html HTTP/1.1" 404 23127 "-" "Mozilla/5.0 (compatible; DataForSeoBot/1.0; +https://dataforseo.com/dataforseo-bot)"
188.166.211.225 - - [07/Jul/2025:11:16:16 -0400] "GET /wp-login.php HTTP/1.1" 200 3095 "-" "Mozilla/5.0 (Macintosh; Intel Mac OS X 10_11_5) AppleWebKit/537.36 (KHTML, like Gecko) Chrome/50.0.2661.102 Safari/537.36"
66.249.64.174 - - [07/Jul/2025:11:16:17 -0400] "GET /147jxwuh20992.html HTTP/1.1" 200 87527 "-" "Mozilla/5.0 (Linux; Android 6.0.1; Nexus 5X Build/MMB29P) AppleWebKit/537.36 (KHTML, like Gecko) Chrome/137.0.7151.103 Mobile Safari/537.36 (compatible; Googlebot/2.1; +http://www.google.com/bot.html)"
52.138.177.55 - - [07/Jul/2025:11:16:15 -0400] "GET /mar.php HTTP/1.1" 404 23126 "-" "-"
52.138.177.55 - - [07/Jul/2025:11:16:19 -0400] "GET /gecko.php HTTP/1.1" 404 23127 "-" "-"
136.243.228.194 - - [07/Jul/2025:11:16:20 -0400] "GET /items/exluo23/38305?key=cultural HTTP/1.1" 404 23126 "-" "Mozilla/5.0 (compatible; DataForSeoBot/1.0; +https://dataforseo.com/dataforseo-bot)"
66.29.146.47 - - [07/Jul/2025:11:16:28 -0400] "POST /wp-cron.php?doing_wp_cron=1751901387.8134770393371582031250 HTTP/1.1" 403 1242 "-" "WordPress/6.8; https://dangroup.sa"
52.138.177.55 - - [07/Jul/2025:11:16:26 -0400] "GET /wp-includes/ID3/index.php HTTP/1.1" 301 0 "-" "-"
52.138.177.55 - - [07/Jul/2025:11:16:28 -0400] "GET /wp-includes/ID3/ HTTP/1.1" 200 1320 "-" "-"
52.138.177.55 - - [07/Jul/2025:11:16:28 -0400] "GET /mah.php HTTP/1.1" 404 23126 "-" "-"
136.243.228.194 - - [07/Jul/2025:11:16:27 -0400] "GET /148qxvrv3153.html HTTP/1.1" 404 23126 "-" "Mozilla/5.0 (compatible; DataForSeoBot/1.0; +https://dataforseo.com/dataforseo-bot)"
52.138.177.55 - - [07/Jul/2025:11:16:35 -0400] "GET /file2.php HTTP/1.1" 404 23126 "-" "-"
136.243.228.194 - - [07/Jul/2025:11:16:36 -0400] "GET /items/pdbif171/783?key=endure HTTP/1.1" 404 23126 "-" "Mozilla/5.0 (compatible; DataForSeoBot/1.0; +https://dataforseo.com/dataforseo-bot)"
52.138.177.55 - - [07/Jul/2025:11:16:39 -0400] "GET /sidwso.php HTTP/1.1" 404 23127 "-" "-"
52.138.177.55 - - [07/Jul/2025:11:16:43 -0400] "GET /wp-admin/user/index.php HTTP/1.1" 302 0 "-" "-"
52.138.177.55 - - [07/Jul/2025:11:16:44 -0400] "GET /wp-login.php?redirect_to=https%3A%2F%2Fdangroup.sa%2Fwp-admin%2Fuser%2Findex.php&reauth=1 HTTP/1.1" 200 3106 "-" "-"
51.222.253.4 - - [07/Jul/2025:11:16:41 -0400] "GET /251zeg29372.html HTTP/1.1" 404 23127 "-" "Mozilla/5.0 (compatible; AhrefsBot/7.0; +http://ahrefs.com/robot/)"
136.243.228.194 - - [07/Jul/2025:11:16:43 -0400] "GET /items/lihrd115/19633?key=deeply HTTP/1.1" 404 23126 "-" "Mozilla/5.0 (compatible; DataForSeoBot/1.0; +https://dataforseo.com/dataforseo-bot)"
20.171.207.36 - - [07/Jul/2025:11:16:43 -0400] "GET /98jcvk47189.html HTTP/1.1" 404 23126 "-" "Mozilla/5.0 AppleWebKit/537.36 (KHTML, like Gecko; compatible; GPTBot/1.2; +https://openai.com/gptbot)"
52.138.177.55 - - [07/Jul/2025:11:16:46 -0400] "GET /wp-admin/wp-login.php HTTP/1.1" 404 23126 "-" "-"
52.138.177.55 - - [07/Jul/2025:11:16:51 -0400] "GET /files/index.php HTTP/1.1" 301 0 "-" "-"
66.249.64.174 - - [07/Jul/2025:11:16:51 -0400] "GET /121dtkn13648.html HTTP/1.1" 200 87863 "-" "Mozilla/5.0 (Linux; Android 6.0.1; Nexus 5X Build/MMB29P) AppleWebKit/537.36 (KHTML, like Gecko) Chrome/137.0.7151.103 Mobile Safari/537.36 (compatible; Googlebot/2.1; +http://www.google.com/bot.html)"
136.243.228.194 - - [07/Jul/2025:11:16:51 -0400] "GET /276lravq14277.html HTTP/1.1" 404 23126 "-" "Mozilla/5.0 (compatible; DataForSeoBot/1.0; +https://dataforseo.com/dataforseo-bot)"
52.138.177.55 - - [07/Jul/2025:11:16:52 -0400] "GET /files/ HTTP/1.1" 404 23126 "-" "-"
136.243.228.194 - - [07/Jul/2025:11:16:56 -0400] "GET /186lveeg32877.html HTTP/1.1" 404 23126 "-" "Mozilla/5.0 (compatible; DataForSeoBot/1.0; +https://dataforseo.com/dataforseo-bot)"
52.138.177.55 - - [07/Jul/2025:11:16:56 -0400] "GET /wp-admin/classwithtostring.php HTTP/1.1" 404 23126 "-" "-"
188.166.211.225 - - [07/Jul/2025:11:17:03 -0400] "GET /wp-login.php HTTP/1.1" 200 3095 "-" "Mozilla/5.0 (Windows NT 6.3; WOW64; rv:40.0) Gecko/20100101 Firefox/40.0"
188.166.211.225 - - [07/Jul/2025:11:17:05 -0400] "GET /wp-login.php HTTP/1.1" 200 3095 "-" "Mozilla/5.0 (Windows NT 6.3; WOW64; rv:40.0) Gecko/20100101 Firefox/40.0"
52.138.177.55 - - [07/Jul/2025:11:17:01 -0400] "GET /shell20211028.php HTTP/1.1" 404 23127 "-" "-"
136.243.228.194 - - [07/Jul/2025:11:17:03 -0400] "GET /items/uqnlz293/37223?key=cease HTTP/1.1" 404 23126 "-" "Mozilla/5.0 (compatible; DataForSeoBot/1.0; +https://dataforseo.com/dataforseo-bot)"
52.138.177.55 - - [07/Jul/2025:11:17:11 -0400] "GET /wp-includes/bak.php HTTP/1.1" 404 23127 "-" "-"
66.249.64.174 - - [07/Jul/2025:11:17:21 -0400] "GET /robots.txt HTTP/1.1" 304 0 "-" "Mozilla/5.0 (compatible; Googlebot/2.1; +http://www.google.com/bot.html)"
136.243.228.194 - - [07/Jul/2025:11:17:14 -0400] "GET /145pimf8318.html HTTP/1.1" 404 23127 "-" "Mozilla/5.0 (compatible; DataForSeoBot/1.0; +https://dataforseo.com/dataforseo-bot)"
52.138.177.55 - - [07/Jul/2025:11:17:15 -0400] "GET /wp-admin/wp-signup.php HTTP/1.1" 404 23126 "-" "-"
66.29.146.47 - - [07/Jul/2025:11:17:31 -0400] "POST /wp-cron.php?doing_wp_cron=1751901451.1124179363250732421875 HTTP/1.1" 403 1242 "-" "WordPress/6.8; https://dangroup.sa"
66.29.146.47 - - [07/Jul/2025:11:17:32 -0400] "POST /wp-cron.php?doing_wp_cron=1751901452.0121889114379882812500 HTTP/1.1" 403 1242 "-" "WordPress/6.8; https://dangroup.sa"
136.243.228.194 - - [07/Jul/2025:11:17:28 -0400] "GET /items/twrui143/46579?key=dictate HTTP/1.1" 404 23126 "-" "Mozilla/5.0 (compatible; DataForSeoBot/1.0; +https://dataforseo.com/dataforseo-bot)"
52.138.177.55 - - [07/Jul/2025:11:17:29 -0400] "GET /wp-admin/autoload_classmap.php HTTP/1.1" 404 23126 "-" "-"
136.243.228.194 - - [07/Jul/2025:11:17:36 -0400] "GET /items/vowwd183/22903?key=soften HTTP/1.1" 404 23126 "-" "Mozilla/5.0 (compatible; DataForSeoBot/1.0; +https://dataforseo.com/dataforseo-bot)"
52.138.177.55 - - [07/Jul/2025:11:17:36 -0400] "GET /wp-configs.php HTTP/1.1" 404 23126 "-" "-"
52.138.177.55 - - [07/Jul/2025:11:17:40 -0400] "GET /.well-known/pki-validation/wp-login.php HTTP/1.1" 404 1251 "-" "-"
188.166.211.225 - - [07/Jul/2025:11:17:41 -0400] "GET /wp-login.php HTTP/1.1" 200 3129 "-" "Mozilla/5.0 (Windows NT 10.0; Win64; x64) AppleWebKit/537.36 (KHTML, like Gecko) Chrome/58.0.3029.110 Safari/537.3"
188.166.211.225 - - [07/Jul/2025:11:17:47 -0400] "GET /wp-login.php HTTP/1.1" 200 3129 "-" "Mozilla/5.0 (Windows NT 10.0; Win64; x64) AppleWebKit/537.36 (KHTML, like Gecko) Chrome/58.0.3029.110 Safari/537.3"
52.138.177.55 - - [07/Jul/2025:11:17:40 -0400] "GET /wp-admin/css/wp-login.php HTTP/1.1" 404 23126 "-" "-"
136.243.228.194 - - [07/Jul/2025:11:17:42 -0400] "GET /items/uilye156/12018?key=tale HTTP/1.1" 404 23127 "-" "Mozilla/5.0 (compatible; DataForSeoBot/1.0; +https://dataforseo.com/dataforseo-bot)"
20.171.207.36 - - [07/Jul/2025:11:17:44 -0400] "GET /286vzua4687.html HTTP/1.1" 404 23126 "-" "Mozilla/5.0 AppleWebKit/537.36 (KHTML, like Gecko; compatible; GPTBot/1.2; +https://openai.com/gptbot)"
52.138.177.55 - - [07/Jul/2025:11:17:51 -0400] "GET /wp-content/themes/sketch/404.php HTTP/1.1" 404 23126 "-" "-"
52.138.177.55 - - [07/Jul/2025:11:17:58 -0400] "GET /cgi-bin/index.php HTTP/1.1" 404 1251 "-" "-"
47.82.60.9 - - [07/Jul/2025:11:17:58 -0400] "GET /items/nyujh50/20160?key=miss HTTP/1.1" 301 0 "https://www.dangroup.sa/items/nyujh50/20160?key=miss" "Mozilla/5.0 (Windows NT 10.0; Win64; x64) AppleWebKit/537.36 (KHTML, like Gecko) Chrome/114.0.0.0 Safari/537.36 Edg/114.0.1823.43"
136.243.228.194 - - [07/Jul/2025:11:17:54 -0400] "GET /items/rsthe260/30448?key=secure HTTP/1.1" 404 23126 "-" "Mozilla/5.0 (compatible; DataForSeoBot/1.0; +https://dataforseo.com/dataforseo-bot)"
66.249.64.174 - - [07/Jul/2025:11:18:00 -0400] "GET / HTTP/1.1" 200 87306 "-" "Mozilla/5.0 (Linux; Android 6.0.1; Nexus 5X Build/MMB29P) AppleWebKit/537.36 (KHTML, like Gecko) Chrome/137.0.7151.103 Mobile Safari/537.36 (compatible; Googlebot/2.1; +http://www.google.com/bot.html)"
52.138.177.55 - - [07/Jul/2025:11:17:58 -0400] "GET /wp-content/admin.php HTTP/1.1" 404 23126 "-" "-"
47.82.60.9 - - [07/Jul/2025:11:17:59 -0400] "GET /items/nyujh50/20160?key=miss HTTP/1.1" 404 23126 "https://www.dangroup.sa/items/nyujh50/20160?key=miss" "Mozilla/5.0 (Windows NT 10.0; Win64; x64) AppleWebKit/537.36 (KHTML, like Gecko) Chrome/114.0.0.0 Safari/537.36 Edg/114.0.1823.43"
136.243.228.194 - - [07/Jul/2025:11:18:01 -0400] "GET /40cnil18147.html HTTP/1.1" 404 23126 "-" "Mozilla/5.0 (compatible; DataForSeoBot/1.0; +https://dataforseo.com/dataforseo-bot)"
52.138.177.55 - - [07/Jul/2025:11:18:04 -0400] "GET /wp-file.php HTTP/1.1" 404 23126 "-" "-"
136.243.228.194 - - [07/Jul/2025:11:18:07 -0400] "GET /202qyes52505.html HTTP/1.1" 404 23126 "-" "Mozilla/5.0 (compatible; DataForSeoBot/1.0; +https://dataforseo.com/dataforseo-bot)"
52.138.177.55 - - [07/Jul/2025:11:18:09 -0400] "GET /wp-admin/images/admin.php HTTP/1.1" 404 23126 "-" "-"
136.243.228.194 - - [07/Jul/2025:11:18:13 -0400] "GET /items/htsbf224/31164?key=personnel HTTP/1.1" 404 23127 "-" "Mozilla/5.0 (compatible; DataForSeoBot/1.0; +https://dataforseo.com/dataforseo-bot)"
52.138.177.55 - - [07/Jul/2025:11:18:13 -0400] "GET /1.php HTTP/1.1" 404 23126 "-" "-"
52.138.177.55 - - [07/Jul/2025:11:18:17 -0400] "GET /wp-content/autoload_classmap.php HTTP/1.1" 404 23126 "-" "-"
136.243.228.194 - - [07/Jul/2025:11:18:18 -0400] "GET /items/vcubt174/2382?key=fifth HTTP/1.1" 404 23126 "-" "Mozilla/5.0 (compatible; DataForSeoBot/1.0; +https://dataforseo.com/dataforseo-bot)"
52.138.177.55 - - [07/Jul/2025:11:18:21 -0400] "GET /system_log.php HTTP/1.1" 404 23126 "-" "-"
52.138.177.55 - - [07/Jul/2025:11:18:25 -0400] "GET /wp-includes/SimplePie/index.php HTTP/1.1" 301 0 "-" "-"
52.138.177.55 - - [07/Jul/2025:11:18:26 -0400] "GET /wp-includes/SimplePie/ HTTP/1.1" 200 689 "-" "-"
136.243.228.194 - - [07/Jul/2025:11:18:24 -0400] "GET /61ajrwp640.html HTTP/1.1" 404 23126 "-" "Mozilla/5.0 (compatible; DataForSeoBot/1.0; +https://dataforseo.com/dataforseo-bot)"
66.249.64.174 - - [07/Jul/2025:11:18:33 -0400] "GET /58zqtn27373.html HTTP/1.1" 200 86734 "-" "Mozilla/5.0 (Linux; Android 6.0.1; Nexus 5X Build/MMB29P) AppleWebKit/537.36 (KHTML, like Gecko) Chrome/137.0.7151.103 Mobile Safari/537.36 (compatible; Googlebot/2.1; +http://www.google.com/bot.html)"
66.29.146.47 - - [07/Jul/2025:11:18:34 -0400] "POST /wp-cron.php?doing_wp_cron=1751901514.6088500022888183593750 HTTP/1.1" 403 1242 "-" "WordPress/6.8; https://dangroup.sa"
52.138.177.55 - - [07/Jul/2025:11:18:27 -0400] "GET /web.php HTTP/1.1" 404 23127 "-" "-"
136.243.228.194 - - [07/Jul/2025:11:18:33 -0400] "GET /243gcfon12822.html HTTP/1.1" 404 23126 "-" "Mozilla/5.0 (compatible; DataForSeoBot/1.0; +https://dataforseo.com/dataforseo-bot)"
188.166.211.225 - - [07/Jul/2025:11:18:38 -0400] "GET /wp-login.php HTTP/1.1" 200 3095 "-" "Mozilla/5.0 (Windows NT 10.0; Win64; x64) AppleWebKit/537.36 (KHTML, like Gecko) Chrome/58.0.3029.110 Safari/537.3"
52.138.177.55 - - [07/Jul/2025:11:18:35 -0400] "GET /a.php HTTP/1.1" 404 23126 "-" "-"
188.166.211.225 - - [07/Jul/2025:11:18:43 -0400] "GET /wp-login.php HTTP/1.1" 200 3095 "-" "Mozilla/5.0 (Windows NT 10.0; Win64; x64) AppleWebKit/537.36 (KHTML, like Gecko) Chrome/58.0.3029.110 Safari/537.3"
52.138.177.55 - - [07/Jul/2025:11:18:41 -0400] "GET /wp-content/plugins/pwnd/dropdown.php HTTP/1.1" 404 23126 "-" "-"
136.243.228.194 - - [07/Jul/2025:11:18:41 -0400] "GET /items/mqifo37/11813?key=plain HTTP/1.1" 404 23126 "-" "Mozilla/5.0 (compatible; DataForSeoBot/1.0; +https://dataforseo.com/dataforseo-bot)"
52.138.177.55 - - [07/Jul/2025:11:18:45 -0400] "GET /wp-content/plugins/envato-market/inc/class-envato-market-github.php HTTP/1.1" 404 23126 "-" "-"
136.243.228.194 - - [07/Jul/2025:11:18:48 -0400] "GET /items/ulhic135/35015?key=weigh HTTP/1.1" 404 23127 "-" "Mozilla/5.0 (compatible; DataForSeoBot/1.0; +https://dataforseo.com/dataforseo-bot)"
52.138.177.55 - - [07/Jul/2025:11:18:49 -0400] "GET /byp.php HTTP/1.1" 404 23127 "-" "-"
20.171.207.36 - - [07/Jul/2025:11:18:50 -0400] "GET /60exus37997.html HTTP/1.1" 404 23127 "-" "Mozilla/5.0 AppleWebKit/537.36 (KHTML, like Gecko; compatible; GPTBot/1.2; +https://openai.com/gptbot)"
188.166.211.225 - - [07/Jul/2025:11:19:02 -0400] "GET /wp-login.php HTTP/1.1" 200 3129 "-" "Mozilla/5.0 (Macintosh; Intel Mac OS X 10_11_5) AppleWebKit/537.36 (KHTML, like Gecko) Chrome/50.0.2661.102 Safari/537.36"
136.243.228.194 - - [07/Jul/2025:11:18:57 -0400] "GET /192piftk25313.html HTTP/1.1" 404 23127 "-" "Mozilla/5.0 (compatible; DataForSeoBot/1.0; +https://dataforseo.com/dataforseo-bot)"
52.138.177.55 - - [07/Jul/2025:11:18:58 -0400] "GET /wp-admin/images/file.php HTTP/1.1" 404 23126 "-" "-"
188.166.211.225 - - [07/Jul/2025:11:19:06 -0400] "GET /wp-login.php HTTP/1.1" 200 3095 "-" "Mozilla/5.0 (Macintosh; Intel Mac OS X 10_11_5) AppleWebKit/537.36 (KHTML, like Gecko) Chrome/50.0.2661.102 Safari/537.36"
66.249.64.174 - - [07/Jul/2025:11:19:07 -0400] "GET /items/zdahl209/46411?key=ship HTTP/1.1" 200 87370 "-" "Mozilla/5.0 (Linux; Android 6.0.1; Nexus 5X Build/MMB29P) AppleWebKit/537.36 (KHTML, like Gecko) Chrome/137.0.7151.103 Mobile Safari/537.36 (compatible; Googlebot/2.1; +http://www.google.com/bot.html)"
52.138.177.55 - - [07/Jul/2025:11:19:07 -0400] "GET /wp-includes/wp-class.php HTTP/1.1" 404 23126 "-" "-"
136.243.228.194 - - [07/Jul/2025:11:19:08 -0400] "GET /57tnhm18166.html HTTP/1.1" 404 23126 "-" "Mozilla/5.0 (compatible; DataForSeoBot/1.0; +https://dataforseo.com/dataforseo-bot)"
52.138.177.55 - - [07/Jul/2025:11:19:12 -0400] "GET /wp-content/themes/astra/inc/ki1k.php HTTP/1.1" 404 23127 "-" "-"
52.138.177.55 - - [07/Jul/2025:11:19:15 -0400] "GET /wp-admin/about.php HTTP/1.1" 302 0 "-" "-"
52.138.177.55 - - [07/Jul/2025:11:19:16 -0400] "GET /wp-login.php?redirect_to=https%3A%2F%2Fdangroup.sa%2Fwp-admin%2Fabout.php&reauth=1 HTTP/1.1" 200 3115 "-" "-"
136.243.228.194 - - [07/Jul/2025:11:19:14 -0400] "GET /189sqvhb7942.html HTTP/1.1" 404 23127 "-" "Mozilla/5.0 (compatible; DataForSeoBot/1.0; +https://dataforseo.com/dataforseo-bot)"
52.138.177.55 - - [07/Jul/2025:11:19:18 -0400] "GET /wp-content/themes/twentytwenty/404.php HTTP/1.1" 404 23126 "-" "-"
136.243.228.194 - - [07/Jul/2025:11:19:21 -0400] "GET /36qwt15647.html HTTP/1.1" 404 23126 "-" "Mozilla/5.0 (compatible; DataForSeoBot/1.0; +https://dataforseo.com/dataforseo-bot)"
52.138.177.55 - - [07/Jul/2025:11:19:25 -0400] "GET /cgi-bin/file.php HTTP/1.1" 404 23126 "-" "-"
136.243.228.194 - - [07/Jul/2025:11:19:30 -0400] "GET /125ktwy6414.html HTTP/1.1" 404 23127 "-" "Mozilla/5.0 (compatible; DataForSeoBot/1.0; +https://dataforseo.com/dataforseo-bot)"
52.138.177.55 - - [07/Jul/2025:11:19:31 -0400] "GET /wp-includes/SimplePie/wp-login.php HTTP/1.1" 404 23126 "-" "-"
66.29.146.47 - - [07/Jul/2025:11:19:36 -0400] "POST /wp-cron.php?doing_wp_cron=1751901576.1272339820861816406250 HTTP/1.1" 403 1242 "-" "WordPress/6.8; https://dangroup.sa"
52.138.177.55 - - [07/Jul/2025:11:19:35 -0400] "GET /wp-includes/wp-load.php HTTP/1.1" 404 23126 "-" "-"
136.243.228.194 - - [07/Jul/2025:11:19:36 -0400] "GET /items/epwma145/67109?key=household HTTP/1.1" 404 23126 "-" "Mozilla/5.0 (compatible; DataForSeoBot/1.0; +https://dataforseo.com/dataforseo-bot)"
52.138.177.55 - - [07/Jul/2025:11:19:40 -0400] "GET /wp-content/plugins/revslider/includes/external/page/index.php HTTP/1.1" 301 0 "-" "-"
66.249.64.100 - - [07/Jul/2025:11:19:41 -0400] "GET /pcmypage?callback=product%2Fdetail%2Fhcvalor-eshop-trusco-8563279 HTTP/1.1" 200 86755 "-" "Mozilla/5.0 (Linux; Android 6.0.1; Nexus 5X Build/MMB29P) AppleWebKit/537.36 (KHTML, like Gecko) Chrome/137.0.7151.103 Mobile Safari/537.36 (compatible; Googlebot/2.1; +http://www.google.com/bot.html)"
52.138.177.55 - - [07/Jul/2025:11:19:40 -0400] "GET /wp-content/plugins/revslider/includes/external/page/ HTTP/1.1" 404 23127 "-" "-"
52.138.177.55 - - [07/Jul/2025:11:19:45 -0400] "GET /wp-admin/js/index.php HTTP/1.1" 301 0 "-" "-"
52.138.177.55 - - [07/Jul/2025:11:19:45 -0400] "GET /wp-admin/js/ HTTP/1.1" 200 2906 "-" "-"
136.243.228.194 - - [07/Jul/2025:11:19:42 -0400] "GET /222snlhl39673.html HTTP/1.1" 404 23127 "-" "Mozilla/5.0 (compatible; DataForSeoBot/1.0; +https://dataforseo.com/dataforseo-bot)"
52.138.177.55 - - [07/Jul/2025:11:19:46 -0400] "GET /priv.php HTTP/1.1" 404 23126 "-" "-"
188.166.211.225 - - [07/Jul/2025:11:19:50 -0400] "GET /wp-login.php HTTP/1.1" 200 3095 "-" "Mozilla/5.0 (Windows NT 10.0; Win64; x64) AppleWebKit/537.36 (KHTML, like Gecko) Chrome/58.0.3029.110 Safari/537.3"
136.243.228.194 - - [07/Jul/2025:11:19:47 -0400] "GET /67jfs3562.html HTTP/1.1" 404 23126 "-" "Mozilla/5.0 (compatible; DataForSeoBot/1.0; +https://dataforseo.com/dataforseo-bot)"
52.138.177.55 - - [07/Jul/2025:11:19:50 -0400] "GET /wordpress/wp-includes/IXR/allez.php HTTP/1.1" 404 23126 "-" "-"
188.166.211.225 - - [07/Jul/2025:11:19:54 -0400] "GET /wp-login.php HTTP/1.1" 200 3129 "-" "Mozilla/5.0 (Windows NT 10.0; Win64; x64) AppleWebKit/537.36 (KHTML, like Gecko) Chrome/58.0.3029.110 Safari/537.3"
136.243.228.194 - - [07/Jul/2025:11:19:53 -0400] "GET /154ajh34923.html HTTP/1.1" 404 23126 "-" "Mozilla/5.0 (compatible; DataForSeoBot/1.0; +https://dataforseo.com/dataforseo-bot)"
52.138.177.55 - - [07/Jul/2025:11:19:53 -0400] "GET /menu.php HTTP/1.1" 404 23127 "-" "-"
20.171.207.36 - - [07/Jul/2025:11:19:53 -0400] "GET /171adwu3460.html HTTP/1.1" 404 23126 "-" "Mozilla/5.0 AppleWebKit/537.36 (KHTML, like Gecko; compatible; GPTBot/1.2; +https://openai.com/gptbot)"
52.138.177.55 - - [07/Jul/2025:11:19:59 -0400] "GET /wp-admin/404.php HTTP/1.1" 404 23126 "-" "-"
136.243.228.194 - - [07/Jul/2025:11:19:58 -0400] "GET /items/wlvhx274/49726?key=approve HTTP/1.1" 404 23126 "-" "Mozilla/5.0 (compatible; DataForSeoBot/1.0; +https://dataforseo.com/dataforseo-bot)"
52.138.177.55 - - [07/Jul/2025:11:20:03 -0400] "GET /default.php HTTP/1.1" 404 23126 "-" "-"
52.138.177.55 - - [07/Jul/2025:11:20:10 -0400] "GET /xmlrpc.php HTTP/1.1" 403 1242 "-" "-"
136.243.228.194 - - [07/Jul/2025:11:20:05 -0400] "GET /147prvjf4904.html HTTP/1.1" 404 23126 "-" "Mozilla/5.0 (compatible; DataForSeoBot/1.0; +https://dataforseo.com/dataforseo-bot)"
66.249.64.105 - - [07/Jul/2025:11:20:15 -0400] "GET /pcmypage?callback=product%2Fdetail%2Fbuckteeth-jan-4953488090666 HTTP/1.1" 200 86842 "-" "Mozilla/5.0 (Linux; Android 6.0.1; Nexus 5X Build/MMB29P) AppleWebKit/537.36 (KHTML, like Gecko) Chrome/137.0.7151.103 Mobile Safari/537.36 (compatible; Googlebot/2.1; +http://www.google.com/bot.html)"
52.138.177.55 - - [07/Jul/2025:11:20:10 -0400] "GET /wp-admin/js/autoload_classmap.php HTTP/1.1" 404 23127 "-" "-"
52.138.177.55 - - [07/Jul/2025:11:20:19 -0400] "GET /.well-known/pki-validation/admin.php HTTP/1.1" 404 1251 "-" "-"
136.243.228.194 - - [07/Jul/2025:11:20:13 -0400] "GET /items/xhjdf241/13605?key=objection HTTP/1.1" 404 23126 "-" "Mozilla/5.0 (compatible; DataForSeoBot/1.0; +https://dataforseo.com/dataforseo-bot)"
52.138.177.55 - - [07/Jul/2025:11:20:19 -0400] "GET /wp-content/languages/index.php HTTP/1.1" 301 0 "-" "-"
52.138.177.55 - - [07/Jul/2025:11:20:21 -0400] "GET /wp-content/languages/ HTTP/1.1" 200 3221 "-" "-"
52.138.177.55 - - [07/Jul/2025:11:20:22 -0400] "GET /2.php HTTP/1.1" 404 23127 "-" "-"
136.243.228.194 - - [07/Jul/2025:11:20:22 -0400] "GET /items/zjbtd217/32925?key=available HTTP/1.1" 404 23127 "-" "Mozilla/5.0 (compatible; DataForSeoBot/1.0; +https://dataforseo.com/dataforseo-bot)"
52.138.177.55 - - [07/Jul/2025:11:20:30 -0400] "GET /wp-includes/widgets/themes.php HTTP/1.1" 404 23126 "-" "-"
136.243.228.194 - - [07/Jul/2025:11:20:33 -0400] "GET /items/bpopk287/25469?key=scandal HTTP/1.1" 404 23126 "-" "Mozilla/5.0 (compatible; DataForSeoBot/1.0; +https://dataforseo.com/dataforseo-bot)"
66.29.146.47 - - [07/Jul/2025:11:20:38 -0400] "POST /wp-cron.php?doing_wp_cron=1751901637.9065129756927490234375 HTTP/1.1" 403 1242 "-" "WordPress/6.8; https://dangroup.sa"
52.138.177.55 - - [07/Jul/2025:11:20:37 -0400] "GET /cgi-bin/wp-login.php HTTP/1.1" 404 23126 "-" "-"
52.138.177.55 - - [07/Jul/2025:11:20:40 -0400] "GET /.well-known/acme-challenge/themes.php HTTP/1.1" 404 23126 "-" "-"
136.243.228.194 - - [07/Jul/2025:11:20:39 -0400] "GET /111oyl44992.html HTTP/1.1" 404 23126 "-" "Mozilla/5.0 (compatible; DataForSeoBot/1.0; +https://dataforseo.com/dataforseo-bot)"
188.166.211.225 - - [07/Jul/2025:11:20:44 -0400] "GET /wp-login.php HTTP/1.1" 200 3095 "-" "Mozilla/5.0 (Macintosh; Intel Mac OS X 10_11_5) AppleWebKit/537.36 (KHTML, like Gecko) Chrome/50.0.2661.102 Safari/537.36"
188.166.211.225 - - [07/Jul/2025:11:20:46 -0400] "GET /wp-login.php HTTP/1.1" 200 3129 "-" "Mozilla/5.0 (Macintosh; Intel Mac OS X 10_11_5) AppleWebKit/537.36 (KHTML, like Gecko) Chrome/50.0.2661.102 Safari/537.36"
66.249.64.174 - - [07/Jul/2025:11:20:48 -0400] "GET /147pfog17046.html HTTP/1.1" 200 87430 "-" "Mozilla/5.0 (Linux; Android 6.0.1; Nexus 5X Build/MMB29P) AppleWebKit/537.36 (KHTML, like Gecko) Chrome/137.0.7151.103 Mobile Safari/537.36 (compatible; Googlebot/2.1; +http://www.google.com/bot.html)"
52.138.177.55 - - [07/Jul/2025:11:20:44 -0400] "GET /wp-content/themes/twenty/twenty.php HTTP/1.1" 404 23126 "-" "-"
136.243.228.194 - - [07/Jul/2025:11:20:45 -0400] "GET /items/tjxke299/3213?key=occasion HTTP/1.1" 404 23126 "-" "Mozilla/5.0 (compatible; DataForSeoBot/1.0; +https://dataforseo.com/dataforseo-bot)"
52.138.177.55 - - [07/Jul/2025:11:20:53 -0400] "GET /wp-content/cong.php HTTP/1.1" 404 23126 "-" "-"
20.171.207.36 - - [07/Jul/2025:11:20:54 -0400] "GET /198gsxj8421.html HTTP/1.1" 404 23126 "-" "Mozilla/5.0 AppleWebKit/537.36 (KHTML, like Gecko; compatible; GPTBot/1.2; +https://openai.com/gptbot)"
188.166.211.225 - - [07/Jul/2025:11:21:03 -0400] "GET /wp-login.php HTTP/1.1" 200 3095 "-" "Mozilla/5.0 (Macintosh; Intel Mac OS X 10_11_5) AppleWebKit/537.36 (KHTML, like Gecko) Chrome/50.0.2661.102 Safari/537.36"
136.243.228.194 - - [07/Jul/2025:11:20:59 -0400] "GET /items/jvncn174/1696?key=huge HTTP/1.1" 404 23126 "-" "Mozilla/5.0 (compatible; DataForSeoBot/1.0; +https://dataforseo.com/dataforseo-bot)"
188.166.211.225 - - [07/Jul/2025:11:21:07 -0400] "GET /wp-login.php HTTP/1.1" 200 3095 "-" "Mozilla/5.0 (Macintosh; Intel Mac OS X 10_11_5) AppleWebKit/537.36 (KHTML, like Gecko) Chrome/50.0.2661.102 Safari/537.36"
51.222.253.18 - - [07/Jul/2025:11:21:02 -0400] "GET /16oueca521.html HTTP/1.1" 404 23126 "-" "Mozilla/5.0 (compatible; AhrefsBot/7.0; +http://ahrefs.com/robot/)"
52.138.177.55 - - [07/Jul/2025:11:21:04 -0400] "GET /.well-known/acme-challenge/makeasmtp.php HTTP/1.1" 404 23127 "-" "-"
136.243.228.194 - - [07/Jul/2025:11:21:09 -0400] "GET /2ayqjs1637.html HTTP/1.1" 404 23126 "-" "Mozilla/5.0 (compatible; DataForSeoBot/1.0; +https://dataforseo.com/dataforseo-bot)"
66.249.64.104 - - [07/Jul/2025:11:21:22 -0400] "GET /46lfv41133.html HTTP/1.1" 200 87279 "-" "Mozilla/5.0 (Linux; Android 6.0.1; Nexus 5X Build/MMB29P) AppleWebKit/537.36 (KHTML, like Gecko) Chrome/137.0.7151.103 Mobile Safari/537.36 (compatible; Googlebot/2.1; +http://www.google.com/bot.html)"
52.138.177.55 - - [07/Jul/2025:11:21:17 -0400] "GET /mini.php HTTP/1.1" 404 23127 "-" "-"
136.243.228.194 - - [07/Jul/2025:11:21:22 -0400] "GET /143xbd44718.html HTTP/1.1" 404 23127 "-" "Mozilla/5.0 (compatible; DataForSeoBot/1.0; +https://dataforseo.com/dataforseo-bot)"
52.138.177.55 - - [07/Jul/2025:11:21:23 -0400] "GET /sidwsi.php HTTP/1.1" 404 23126 "-" "-"
188.166.211.225 - - [07/Jul/2025:11:21:30 -0400] "GET /wp-login.php HTTP/1.1" 200 3095 "-" "Mozilla/5.0 (Windows NT 10.0; Win64; x64) AppleWebKit/537.36 (KHTML, like Gecko) Chrome/58.0.3029.110 Safari/537.3"
52.138.177.55 - - [07/Jul/2025:11:21:28 -0400] "GET /readme.php HTTP/1.1" 404 23126 "-" "-"
136.243.228.194 - - [07/Jul/2025:11:21:29 -0400] "GET /items/pahaj255/31123?key=whisper HTTP/1.1" 404 23126 "-" "Mozilla/5.0 (compatible; DataForSeoBot/1.0; +https://dataforseo.com/dataforseo-bot)"
66.29.146.47 - - [07/Jul/2025:11:21:38 -0400] "POST /wp-cron.php?doing_wp_cron=1751901698.6035330295562744140625 HTTP/1.1" 403 1242 "-" "WordPress/6.8; https://dangroup.sa"
188.166.211.225 - - [07/Jul/2025:11:21:36 -0400] "GET /wp-login.php HTTP/1.1" 200 3095 "-" "Mozilla/5.0 (Windows NT 10.0; Win64; x64) AppleWebKit/537.36 (KHTML, like Gecko) Chrome/58.0.3029.110 Safari/537.3"
52.138.177.55 - - [07/Jul/2025:11:21:32 -0400] "GET /wp-links.php HTTP/1.1" 404 23126 "-" "-"
136.243.228.194 - - [07/Jul/2025:11:21:34 -0400] "GET /158zuxlz49657.html HTTP/1.1" 404 23127 "-" "Mozilla/5.0 (compatible; DataForSeoBot/1.0; +https://dataforseo.com/dataforseo-bot)"
52.138.177.55 - - [07/Jul/2025:11:21:41 -0400] "GET /wp-admin/css/colors/about.php HTTP/1.1" 404 23127 "-" "-"
136.243.228.194 - - [07/Jul/2025:11:21:44 -0400] "GET /31wowr28970.html HTTP/1.1" 404 23126 "-" "Mozilla/5.0 (compatible; DataForSeoBot/1.0; +https://dataforseo.com/dataforseo-bot)"
52.138.177.55 - - [07/Jul/2025:11:21:48 -0400] "GET /max.php HTTP/1.1" 404 23127 "-" "-"
52.138.177.55 - - [07/Jul/2025:11:21:52 -0400] "GET /css/index.php HTTP/1.1" 301 0 "-" "-"
136.243.228.194 - - [07/Jul/2025:11:21:50 -0400] "GET /items/mcloy168/10522?key=interest HTTP/1.1" 404 23127 "-" "Mozilla/5.0 (compatible; DataForSeoBot/1.0; +https://dataforseo.com/dataforseo-bot)"
66.249.64.174 - - [07/Jul/2025:11:21:56 -0400] "GET /items/gwtvr28/19496?key=sword HTTP/1.1" 200 87006 "-" "Mozilla/5.0 (Linux; Android 6.0.1; Nexus 5X Build/MMB29P) AppleWebKit/537.36 (KHTML, like Gecko) Chrome/137.0.7151.103 Mobile Safari/537.36 (compatible; Googlebot/2.1; +http://www.google.com/bot.html)"
52.138.177.55 - - [07/Jul/2025:11:21:53 -0400] "GET /css/ HTTP/1.1" 404 23127 "-" "-"
20.171.207.36 - - [07/Jul/2025:11:21:55 -0400] "GET /40nkxs23193.html HTTP/1.1" 404 23127 "-" "Mozilla/5.0 AppleWebKit/537.36 (KHTML, like Gecko; compatible; GPTBot/1.2; +https://openai.com/gptbot)"
136.243.228.194 - - [07/Jul/2025:11:21:56 -0400] "GET /181pgro11902.html HTTP/1.1" 404 23126 "-" "Mozilla/5.0 (compatible; DataForSeoBot/1.0; +https://dataforseo.com/dataforseo-bot)"
52.138.177.55 - - [07/Jul/2025:11:21:58 -0400] "GET /wp-includes/css/about.php HTTP/1.1" 404 23126 "-" "-"
52.138.177.55 - - [07/Jul/2025:11:22:03 -0400] "GET /file.php HTTP/1.1" 404 23127 "-" "-"
136.243.228.194 - - [07/Jul/2025:11:22:03 -0400] "GET /181rwdse18760.html HTTP/1.1" 404 23127 "-" "Mozilla/5.0 (compatible; DataForSeoBot/1.0; +https://dataforseo.com/dataforseo-bot)"
188.166.211.225 - - [07/Jul/2025:11:22:11 -0400] "GET /wp-login.php HTTP/1.1" 200 3095 "-" "Mozilla/5.0 (Windows NT 6.3; WOW64; rv:40.0) Gecko/20100101 Firefox/40.0"
136.243.228.194 - - [07/Jul/2025:11:22:10 -0400] "GET /162yue46087.html HTTP/1.1" 404 23126 "-" "Mozilla/5.0 (compatible; DataForSeoBot/1.0; +https://dataforseo.com/dataforseo-bot)"
188.166.211.225 - - [07/Jul/2025:11:22:15 -0400] "GET /wp-login.php HTTP/1.1" 200 3095 "-" "Mozilla/5.0 (Windows NT 6.3; WOW64; rv:40.0) Gecko/20100101 Firefox/40.0"
136.243.228.194 - - [07/Jul/2025:11:22:14 -0400] "GET /123jhmy21830.html HTTP/1.1" 404 23126 "-" "Mozilla/5.0 (compatible; DataForSeoBot/1.0; +https://dataforseo.com/dataforseo-bot)"
136.243.228.194 - - [07/Jul/2025:11:22:19 -0400] "GET /items/wmkql87/44801?key=full-time HTTP/1.1" 404 23126 "-" "Mozilla/5.0 (compatible; DataForSeoBot/1.0; +https://dataforseo.com/dataforseo-bot)"
136.243.228.194 - - [07/Jul/2025:11:22:24 -0400] "GET /246ukswj26025.html HTTP/1.1" 404 23126 "-" "Mozilla/5.0 (compatible; DataForSeoBot/1.0; +https://dataforseo.com/dataforseo-bot)"
66.249.64.174 - - [07/Jul/2025:11:22:29 -0400] "GET /212afedr3391.html HTTP/1.1" 200 86800 "-" "Mozilla/5.0 (Linux; Android 6.0.1; Nexus 5X Build/MMB29P) AppleWebKit/537.36 (KHTML, like Gecko) Chrome/137.0.7151.103 Mobile Safari/537.36 (compatible; Googlebot/2.1; +http://www.google.com/bot.html)"
136.243.228.194 - - [07/Jul/2025:11:22:28 -0400] "GET /items/duotn165/23333?key=play HTTP/1.1" 404 23126 "-" "Mozilla/5.0 (compatible; DataForSeoBot/1.0; +https://dataforseo.com/dataforseo-bot)"
136.243.228.194 - - [07/Jul/2025:11:22:33 -0400] "GET /items/asvuc297/7897?key=cover HTTP/1.1" 404 23126 "-" "Mozilla/5.0 (compatible; DataForSeoBot/1.0; +https://dataforseo.com/dataforseo-bot)"
66.29.146.47 - - [07/Jul/2025:11:22:41 -0400] "POST /wp-cron.php?doing_wp_cron=1751901761.3039159774780273437500 HTTP/1.1" 403 1242 "-" "WordPress/6.8; https://dangroup.sa"
136.243.228.194 - - [07/Jul/2025:11:22:40 -0400] "GET /217meccd14664.html HTTP/1.1" 404 23126 "-" "Mozilla/5.0 (compatible; DataForSeoBot/1.0; +https://dataforseo.com/dataforseo-bot)"
136.243.228.194 - - [07/Jul/2025:11:22:48 -0400] "GET /91sbcbe33408.html HTTP/1.1" 404 23126 "-" "Mozilla/5.0 (compatible; DataForSeoBot/1.0; +https://dataforseo.com/dataforseo-bot)"
136.243.228.194 - - [07/Jul/2025:11:22:53 -0400] "GET /237qexaa24392.html HTTP/1.1" 404 23126 "-" "Mozilla/5.0 (compatible; DataForSeoBot/1.0; +https://dataforseo.com/dataforseo-bot)"
20.171.207.36 - - [07/Jul/2025:11:22:57 -0400] "GET /287xxke6936.html HTTP/1.1" 404 23126 "-" "Mozilla/5.0 AppleWebKit/537.36 (KHTML, like Gecko; compatible; GPTBot/1.2; +https://openai.com/gptbot)"
136.243.228.194 - - [07/Jul/2025:11:22:57 -0400] "GET /187qptnm42140.html HTTP/1.1" 404 23127 "-" "Mozilla/5.0 (compatible; DataForSeoBot/1.0; +https://dataforseo.com/dataforseo-bot)"
66.249.64.174 - - [07/Jul/2025:11:23:03 -0400] "GET /5zrb21650.html HTTP/1.1" 200 87097 "-" "Mozilla/5.0 (Linux; Android 6.0.1; Nexus 5X Build/MMB29P) AppleWebKit/537.36 (KHTML, like Gecko) Chrome/137.0.7151.103 Mobile Safari/537.36 (compatible; GoogleOther)"
136.243.228.194 - - [07/Jul/2025:11:23:02 -0400] "GET /286zui33599.html HTTP/1.1" 404 23126 "-" "Mozilla/5.0 (compatible; DataForSeoBot/1.0; +https://dataforseo.com/dataforseo-bot)"
136.243.228.194 - - [07/Jul/2025:11:23:08 -0400] "GET /123myq20356.html HTTP/1.1" 404 23126 "-" "Mozilla/5.0 (compatible; DataForSeoBot/1.0; +https://dataforseo.com/dataforseo-bot)"
136.243.228.194 - - [07/Jul/2025:11:23:13 -0400] "GET /148qxdk31945.html HTTP/1.1" 404 23126 "-" "Mozilla/5.0 (compatible; DataForSeoBot/1.0; +https://dataforseo.com/dataforseo-bot)"
136.243.228.194 - - [07/Jul/2025:11:23:17 -0400] "GET /items/lsmwf193/18015?key=regularly HTTP/1.1" 404 23126 "-" "Mozilla/5.0 (compatible; DataForSeoBot/1.0; +https://dataforseo.com/dataforseo-bot)"
136.243.228.194 - - [07/Jul/2025:11:23:21 -0400] "GET /items/oqrbd211/25707?key=legal HTTP/1.1" 404 23126 "-" "Mozilla/5.0 (compatible; DataForSeoBot/1.0; +https://dataforseo.com/dataforseo-bot)"
136.243.228.194 - - [07/Jul/2025:11:23:25 -0400] "GET /items/lbrzp263/39959?key=image HTTP/1.1" 404 23126 "-" "Mozilla/5.0 (compatible; DataForSeoBot/1.0; +https://dataforseo.com/dataforseo-bot)"
188.166.211.225 - - [07/Jul/2025:11:23:31 -0400] "GET /wp-login.php HTTP/1.1" 200 3095 "-" "Mozilla/5.0 (Windows NT 6.3; WOW64; rv:40.0) Gecko/20100101 Firefox/40.0"
188.166.211.225 - - [07/Jul/2025:11:23:33 -0400] "GET /wp-login.php HTTP/1.1" 200 3129 "-" "Mozilla/5.0 (Windows NT 6.3; WOW64; rv:40.0) Gecko/20100101 Firefox/40.0"
136.243.228.194 - - [07/Jul/2025:11:23:31 -0400] "GET /items/dfpth175/28821?key=complex HTTP/1.1" 404 23126 "-" "Mozilla/5.0 (compatible; DataForSeoBot/1.0; +https://dataforseo.com/dataforseo-bot)"
66.249.64.160 - - [07/Jul/2025:11:23:36 -0400] "GET /46uoazh51.html HTTP/1.1" 200 87163 "-" "Mozilla/5.0 (Linux; Android 6.0.1; Nexus 5X Build/MMB29P) AppleWebKit/537.36 (KHTML, like Gecko) Chrome/137.0.7151.103 Mobile Safari/537.36 (compatible; Googlebot/2.1; +http://www.google.com/bot.html)"
136.243.228.194 - - [07/Jul/2025:11:23:37 -0400] "GET /items/bovue214/19606?key=alike HTTP/1.1" 404 23126 "-" "Mozilla/5.0 (compatible; DataForSeoBot/1.0; +https://dataforseo.com/dataforseo-bot)"
66.29.146.47 - - [07/Jul/2025:11:23:42 -0400] "POST /wp-cron.php?doing_wp_cron=1751901822.0409181118011474609375 HTTP/1.1" 403 1242 "-" "WordPress/6.8; https://dangroup.sa"
136.243.228.194 - - [07/Jul/2025:11:23:41 -0400] "GET /40ecw33135.html HTTP/1.1" 404 23126 "-" "Mozilla/5.0 (compatible; DataForSeoBot/1.0; +https://dataforseo.com/dataforseo-bot)"
136.243.228.194 - - [07/Jul/2025:11:23:46 -0400] "GET /219jdv12014.html HTTP/1.1" 404 23126 "-" "Mozilla/5.0 (compatible; DataForSeoBot/1.0; +https://dataforseo.com/dataforseo-bot)"
188.166.211.225 - - [07/Jul/2025:11:23:53 -0400] "GET /wp-login.php HTTP/1.1" 200 3095 "-" "Mozilla/5.0 (Macintosh; Intel Mac OS X 10_11_5) AppleWebKit/537.36 (KHTML, like Gecko) Chrome/50.0.2661.102 Safari/537.36"
188.166.211.225 - - [07/Jul/2025:11:23:55 -0400] "GET /wp-login.php HTTP/1.1" 200 3095 "-" "Mozilla/5.0 (Macintosh; Intel Mac OS X 10_11_5) AppleWebKit/537.36 (KHTML, like Gecko) Chrome/50.0.2661.102 Safari/537.36"
20.171.207.36 - - [07/Jul/2025:11:24:02 -0400] "GET /76ffra35929.html HTTP/1.1" 404 23126 "-" "Mozilla/5.0 AppleWebKit/537.36 (KHTML, like Gecko; compatible; GPTBot/1.2; +https://openai.com/gptbot)"
66.249.64.106 - - [07/Jul/2025:11:24:10 -0400] "GET /pcmypage?callback=product%2Fdetail%2Fdaishinshop-742-00220459 HTTP/1.1" 200 87584 "-" "Mozilla/5.0 (Linux; Android 6.0.1; Nexus 5X Build/MMB29P) AppleWebKit/537.36 (KHTML, like Gecko) Chrome/137.0.7151.103 Mobile Safari/537.36 (compatible; Googlebot/2.1; +http://www.google.com/bot.html)"
136.243.228.194 - - [07/Jul/2025:11:24:19 -0400] "GET /items/znllp148/8114?key=statistical HTTP/1.1" 404 23127 "-" "Mozilla/5.0 (compatible; DataForSeoBot/1.0; +https://dataforseo.com/dataforseo-bot)"
66.249.64.105 - - [07/Jul/2025:11:24:22 -0400] "GET /203hipwz17138.html HTTP/1.1" 200 87213 "-" "Mozilla/5.0 (Linux; Android 6.0.1; Nexus 5X Build/MMB29P) AppleWebKit/537.36 (KHTML, like Gecko) Chrome/137.0.7151.103 Mobile Safari/537.36 (compatible; Googlebot/2.1; +http://www.google.com/bot.html)"
136.243.228.194 - - [07/Jul/2025:11:24:23 -0400] "GET /256cdyx49783.html HTTP/1.1" 404 23127 "-" "Mozilla/5.0 (compatible; DataForSeoBot/1.0; +https://dataforseo.com/dataforseo-bot)"
66.249.64.174 - - [07/Jul/2025:11:24:25 -0400] "GET /278qadqi21751.html HTTP/1.1" 200 86922 "-" "Mozilla/5.0 (compatible; Googlebot/2.1; +http://www.google.com/bot.html)"
66.249.64.161 - - [07/Jul/2025:11:24:28 -0400] "GET /118nmd7959.html HTTP/1.1" 200 86827 "-" "Mozilla/5.0 (Linux; Android 6.0.1; Nexus 5X Build/MMB29P) AppleWebKit/537.36 (KHTML, like Gecko) Chrome/137.0.7151.103 Mobile Safari/537.36 (compatible; Googlebot/2.1; +http://www.google.com/bot.html)"
136.243.228.194 - - [07/Jul/2025:11:24:28 -0400] "GET /items/qivlg294/16368?key=tightly HTTP/1.1" 404 23126 "-" "Mozilla/5.0 (compatible; DataForSeoBot/1.0; +https://dataforseo.com/dataforseo-bot)"
66.249.64.160 - - [07/Jul/2025:11:24:31 -0400] "GET /items/asfks251/1313?key=array HTTP/1.1" 200 87760 "-" "Mozilla/5.0 (Linux; Android 6.0.1; Nexus 5X Build/MMB29P) AppleWebKit/537.36 (KHTML, like Gecko) Chrome/137.0.7151.103 Mobile Safari/537.36 (compatible; Googlebot/2.1; +http://www.google.com/bot.html)"
188.166.211.225 - - [07/Jul/2025:11:24:32 -0400] "GET /wp-login.php HTTP/1.1" 200 3129 "-" "Mozilla/5.0 (Windows NT 10.0; Win64; x64) AppleWebKit/537.36 (KHTML, like Gecko) Chrome/58.0.3029.110 Safari/537.3"
66.249.64.160 - - [07/Jul/2025:11:24:34 -0400] "GET /53smh46200.html HTTP/1.1" 200 86747 "-" "Mozilla/5.0 (Linux; Android 6.0.1; Nexus 5X Build/MMB29P) AppleWebKit/537.36 (KHTML, like Gecko) Chrome/137.0.7151.103 Mobile Safari/537.36 (compatible; Googlebot/2.1; +http://www.google.com/bot.html)"
136.243.228.194 - - [07/Jul/2025:11:24:32 -0400] "GET /items/uzdyo142/53398?key=plot HTTP/1.1" 404 23126 "-" "Mozilla/5.0 (compatible; DataForSeoBot/1.0; +https://dataforseo.com/dataforseo-bot)"
188.166.211.225 - - [07/Jul/2025:11:24:34 -0400] "GET /wp-login.php HTTP/1.1" 200 3095 "-" "Mozilla/5.0 (Windows NT 10.0; Win64; x64) AppleWebKit/537.36 (KHTML, like Gecko) Chrome/58.0.3029.110 Safari/537.3"
66.249.64.160 - - [07/Jul/2025:11:24:36 -0400] "GET /items/ukndz48/10638?key=mission HTTP/1.1" 200 87061 "-" "Mozilla/5.0 (Linux; Android 6.0.1; Nexus 5X Build/MMB29P) AppleWebKit/537.36 (KHTML, like Gecko) Chrome/137.0.7151.103 Mobile Safari/537.36 (compatible; Googlebot/2.1; +http://www.google.com/bot.html)"
136.243.228.194 - - [07/Jul/2025:11:24:36 -0400] "GET /97hqno39260.html HTTP/1.1" 404 23126 "-" "Mozilla/5.0 (compatible; DataForSeoBot/1.0; +https://dataforseo.com/dataforseo-bot)"
66.249.64.174 - - [07/Jul/2025:11:24:39 -0400] "GET /items/capzq170/45500?key=behave HTTP/1.1" 200 86995 "-" "Mozilla/5.0 (compatible; Googlebot/2.1; +http://www.google.com/bot.html)"
136.243.228.194 - - [07/Jul/2025:11:24:40 -0400] "GET /127qlat11560.html HTTP/1.1" 404 23126 "-" "Mozilla/5.0 (compatible; DataForSeoBot/1.0; +https://dataforseo.com/dataforseo-bot)"
66.249.64.160 - - [07/Jul/2025:11:24:42 -0400] "GET /items/ehous34/35466?key=requirement HTTP/1.1" 200 87015 "-" "Mozilla/5.0 (compatible; Googlebot/2.1; +http://www.google.com/bot.html)"
66.29.146.47 - - [07/Jul/2025:11:24:45 -0400] "POST /wp-cron.php?doing_wp_cron=1751901885.1446099281311035156250 HTTP/1.1" 403 1242 "-" "WordPress/6.8; https://dangroup.sa"
66.249.64.174 - - [07/Jul/2025:11:24:46 -0400] "GET /items/cyxsm45/19543?key=improvement HTTP/1.1" 200 87788 "-" "Mozilla/5.0 (compatible; Googlebot/2.1; +http://www.google.com/bot.html)"
136.243.228.194 - - [07/Jul/2025:11:24:44 -0400] "GET /62usnv36705.html HTTP/1.1" 404 23126 "-" "Mozilla/5.0 (compatible; DataForSeoBot/1.0; +https://dataforseo.com/dataforseo-bot)"
66.249.64.160 - - [07/Jul/2025:11:24:49 -0400] "GET /items/maqsk24/6442?key=dynamic HTTP/1.1" 200 87140 "-" "Mozilla/5.0 (compatible; Googlebot/2.1; +http://www.google.com/bot.html)"
136.243.228.194 - - [07/Jul/2025:11:24:49 -0400] "GET /221shm10804.html HTTP/1.1" 404 23126 "-" "Mozilla/5.0 (compatible; DataForSeoBot/1.0; +https://dataforseo.com/dataforseo-bot)"
66.249.64.174 - - [07/Jul/2025:11:24:52 -0400] "GET /items/yebot209/4985?key=trick HTTP/1.1" 200 86821 "-" "Mozilla/5.0 (Linux; Android 6.0.1; Nexus 5X Build/MMB29P) AppleWebKit/537.36 (KHTML, like Gecko) Chrome/137.0.7151.103 Mobile Safari/537.36 (compatible; Googlebot/2.1; +http://www.google.com/bot.html)"
136.243.228.194 - - [07/Jul/2025:11:24:53 -0400] "GET /11aiu19062.html HTTP/1.1" 404 23126 "-" "Mozilla/5.0 (compatible; DataForSeoBot/1.0; +https://dataforseo.com/dataforseo-bot)"
136.243.228.194 - - [07/Jul/2025:11:24:58 -0400] "GET /items/wmzrc237/41249?key=chemistry HTTP/1.1" 404 23126 "-" "Mozilla/5.0 (compatible; DataForSeoBot/1.0; +https://dataforseo.com/dataforseo-bot)"
136.243.228.194 - - [07/Jul/2025:11:25:03 -0400] "GET /items/wjjmv212/40324?key=entity HTTP/1.1" 404 23126 "-" "Mozilla/5.0 (compatible; DataForSeoBot/1.0; +https://dataforseo.com/dataforseo-bot)"
20.171.207.36 - - [07/Jul/2025:11:25:07 -0400] "GET /250nysw3297.html HTTP/1.1" 404 23126 "-" "Mozilla/5.0 AppleWebKit/537.36 (KHTML, like Gecko; compatible; GPTBot/1.2; +https://openai.com/gptbot)"
188.166.211.225 - - [07/Jul/2025:11:25:10 -0400] "GET /wp-login.php HTTP/1.1" 200 3095 "-" "Mozilla/5.0 (Windows NT 6.1; WOW64; Trident/7.0; AS; rv:11.0) like Gecko"
188.166.211.225 - - [07/Jul/2025:11:25:12 -0400] "GET /wp-login.php HTTP/1.1" 200 3129 "-" "Mozilla/5.0 (Windows NT 6.1; WOW64; Trident/7.0; AS; rv:11.0) like Gecko"
136.243.228.194 - - [07/Jul/2025:11:25:09 -0400] "GET /items/jdpvu2/9056?key=terrorist HTTP/1.1" 404 23126 "-" "Mozilla/5.0 (compatible; DataForSeoBot/1.0; +https://dataforseo.com/dataforseo-bot)"
136.243.228.194 - - [07/Jul/2025:11:25:15 -0400] "GET /290fewxl11447.html HTTP/1.1" 404 23127 "-" "Mozilla/5.0 (compatible; DataForSeoBot/1.0; +https://dataforseo.com/dataforseo-bot)"
66.249.64.104 - - [07/Jul/2025:11:25:22 -0400] "GET /98rav14037.html HTTP/1.1" 200 87604 "-" "Mozilla/5.0 (Linux; Android 6.0.1; Nexus 5X Build/MMB29P) AppleWebKit/537.36 (KHTML, like Gecko) Chrome/137.0.7151.103 Mobile Safari/537.36 (compatible; Googlebot/2.1; +http://www.google.com/bot.html)"
136.243.228.194 - - [07/Jul/2025:11:25:20 -0400] "GET /items/ovtds38/16214?key=conception HTTP/1.1" 404 23126 "-" "Mozilla/5.0 (compatible; DataForSeoBot/1.0; +https://dataforseo.com/dataforseo-bot)"
45.94.31.13 - - [07/Jul/2025:11:25:24 -0400] "GET /wp-admin/setup-config.php HTTP/1.1" 403 1242 "-" "Mozilla/5.0 (Windows NT 10.0; Win64; x64)"
136.243.228.194 - - [07/Jul/2025:11:25:25 -0400] "GET /items/oqefy39/18931?key=rich HTTP/1.1" 404 23127 "-" "Mozilla/5.0 (compatible; DataForSeoBot/1.0; +https://dataforseo.com/dataforseo-bot)"
217.174.152.39 - - [07/Jul/2025:11:25:28 -0400] "POST /xmlrpc.php HTTP/1.1" 403 1242 "-" "Mozilla/5.0 (X11; Ubuntu; Linux x86_64; rv:85.0) Gecko/20100101 Firefox/91.0"
136.243.228.194 - - [07/Jul/2025:11:25:29 -0400] "GET /items/moywk69/18895?key=cover HTTP/1.1" 404 23126 "-" "Mozilla/5.0 (compatible; DataForSeoBot/1.0; +https://dataforseo.com/dataforseo-bot)"
136.243.228.194 - - [07/Jul/2025:11:25:33 -0400] "GET /items/zxljp299/31289?key=protect HTTP/1.1" 404 23127 "-" "Mozilla/5.0 (compatible; DataForSeoBot/1.0; +https://dataforseo.com/dataforseo-bot)"
136.243.228.194 - - [07/Jul/2025:11:25:37 -0400] "GET /108lvvon11783.html HTTP/1.1" 404 23126 "-" "Mozilla/5.0 (compatible; DataForSeoBot/1.0; +https://dataforseo.com/dataforseo-bot)"
188.166.211.225 - - [07/Jul/2025:11:25:41 -0400] "GET /wp-login.php HTTP/1.1" 200 3129 "-" "Mozilla/5.0 (Windows NT 6.3; WOW64; rv:40.0) Gecko/20100101 Firefox/40.0"
188.166.211.225 - - [07/Jul/2025:11:25:43 -0400] "GET /wp-login.php HTTP/1.1" 200 3129 "-" "Mozilla/5.0 (Windows NT 6.3; WOW64; rv:40.0) Gecko/20100101 Firefox/40.0"
136.243.228.194 - - [07/Jul/2025:11:25:41 -0400] "GET /164ckao963.html HTTP/1.1" 404 23127 "-" "Mozilla/5.0 (compatible; DataForSeoBot/1.0; +https://dataforseo.com/dataforseo-bot)"
66.29.146.47 - - [07/Jul/2025:11:25:46 -0400] "POST /wp-cron.php?doing_wp_cron=1751901945.9138929843902587890625 HTTP/1.1" 403 1242 "-" "WordPress/6.8; https://dangroup.sa"
136.243.228.194 - - [07/Jul/2025:11:25:45 -0400] "GET /149bgg39282.html HTTP/1.1" 404 23126 "-" "Mozilla/5.0 (compatible; DataForSeoBot/1.0; +https://dataforseo.com/dataforseo-bot)"
136.243.228.194 - - [07/Jul/2025:11:25:49 -0400] "GET /60omz23183.html HTTP/1.1" 404 23126 "-" "Mozilla/5.0 (compatible; DataForSeoBot/1.0; +https://dataforseo.com/dataforseo-bot)"
136.243.228.194 - - [07/Jul/2025:11:25:53 -0400] "GET /222vwg22053.html HTTP/1.1" 404 23127 "-" "Mozilla/5.0 (compatible; DataForSeoBot/1.0; +https://dataforseo.com/dataforseo-bot)"
51.222.253.8 - - [07/Jul/2025:11:25:54 -0400] "GET /110roi48851.html HTTP/1.1" 404 23126 "-" "Mozilla/5.0 (compatible; AhrefsBot/7.0; +http://ahrefs.com/robot/)"
136.243.228.194 - - [07/Jul/2025:11:25:59 -0400] "GET /73kuzm23340.html HTTP/1.1" 404 23126 "-" "Mozilla/5.0 (compatible; DataForSeoBot/1.0; +https://dataforseo.com/dataforseo-bot)"
