66.249.64.161 - - [07/Jul/2025:13:14:23 -0400] "GET /1hoow3538.html HTTP/1.1" 200 86776 "-" "Mozilla/5.0 (Linux; Android 6.0.1; Nexus 5X Build/MMB29P) AppleWebKit/537.36 (KHTML, like Gecko) Chrome/137.0.7151.103 Mobile Safari/537.36 (compatible; Googlebot/2.1; +http://www.google.com/bot.html)"
66.249.64.161 - - [07/Jul/2025:13:14:24 -0400] "GET /pcmypage?callback=product%2Fdetail%2Fyayoimokkou-2103 HTTP/1.1" 200 86936 "-" "Mozilla/5.0 (Linux; Android 6.0.1; Nexus 5X Build/MMB29P) AppleWebKit/537.36 (KHTML, like Gecko) Chrome/137.0.7151.103 Mobile Safari/537.36 (compatible; Googlebot/2.1; +http://www.google.com/bot.html)"
136.243.228.194 - - [07/Jul/2025:13:14:23 -0400] "GET /items/pegdg239/47541?key=biography HTTP/1.1" 404 23126 "-" "Mozilla/5.0 (compatible; DataForSeoBot/1.0; +https://dataforseo.com/dataforseo-bot)"
188.166.211.225 - - [07/Jul/2025:13:14:26 -0400] "GET /wp-login.php HTTP/1.1" 200 3129 "-" "Mozilla/5.0 (Windows NT 10.0; Win64; x64) AppleWebKit/537.36 (KHTML, like Gecko) Chrome/58.0.3029.110 Safari/537.3"
136.243.228.194 - - [07/Jul/2025:13:14:28 -0400] "GET /items/rcvur155/16693?key=processor HTTP/1.1" 404 23127 "-" "Mozilla/5.0 (compatible; DataForSeoBot/1.0; +https://dataforseo.com/dataforseo-bot)"
188.166.211.225 - - [07/Jul/2025:13:14:31 -0400] "GET /wp-login.php HTTP/1.1" 200 3129 "-" "Mozilla/5.0 (Windows NT 10.0; Win64; x64) AppleWebKit/537.36 (KHTML, like Gecko) Chrome/58.0.3029.110 Safari/537.3"
136.243.228.194 - - [07/Jul/2025:13:14:31 -0400] "GET /1ssuo12274.html HTTP/1.1" 404 23126 "-" "Mozilla/5.0 (compatible; DataForSeoBot/1.0; +https://dataforseo.com/dataforseo-bot)"
66.249.64.99 - - [07/Jul/2025:13:14:36 -0400] "GET /pcmypage?callback=product%2Fdetail%2Ffirst23-trusco-8148360 HTTP/1.1" 200 86906 "-" "Mozilla/5.0 (Linux; Android 6.0.1; Nexus 5X Build/MMB29P) AppleWebKit/537.36 (KHTML, like Gecko) Chrome/137.0.7151.103 Mobile Safari/537.36 (compatible; Googlebot/2.1; +http://www.google.com/bot.html)"
136.243.228.194 - - [07/Jul/2025:13:14:35 -0400] "GET /items/dbucp248/43164?key=feather HTTP/1.1" 404 23126 "-" "Mozilla/5.0 (compatible; DataForSeoBot/1.0; +https://dataforseo.com/dataforseo-bot)"
20.171.207.36 - - [07/Jul/2025:13:14:36 -0400] "GET /137xave2008.html HTTP/1.1" 404 23127 "-" "Mozilla/5.0 AppleWebKit/537.36 (KHTML, like Gecko; compatible; GPTBot/1.2; +https://openai.com/gptbot)"
136.243.228.194 - - [07/Jul/2025:13:14:39 -0400] "GET /items/yzirh170/2786?key=resource HTTP/1.1" 404 23127 "-" "Mozilla/5.0 (compatible; DataForSeoBot/1.0; +https://dataforseo.com/dataforseo-bot)"
136.243.228.194 - - [07/Jul/2025:13:14:44 -0400] "GET /items/etnqq117/41463?key=walk HTTP/1.1" 404 23126 "-" "Mozilla/5.0 (compatible; DataForSeoBot/1.0; +https://dataforseo.com/dataforseo-bot)"
66.249.64.100 - - [07/Jul/2025:13:14:48 -0400] "GET /pcmypage?callback=/product%2Fdetail%2Froms-shop-london01 HTTP/1.1" 200 85857 "-" "Mozilla/5.0 (Linux; Android 6.0.1; Nexus 5X Build/MMB29P) AppleWebKit/537.36 (KHTML, like Gecko) Chrome/137.0.7151.103 Mobile Safari/537.36 (compatible; Googlebot/2.1; +http://www.google.com/bot.html)"
136.243.228.194 - - [07/Jul/2025:13:14:48 -0400] "GET /274aywrx679.html HTTP/1.1" 404 23126 "-" "Mozilla/5.0 (compatible; DataForSeoBot/1.0; +https://dataforseo.com/dataforseo-bot)"
136.243.228.194 - - [07/Jul/2025:13:14:51 -0400] "GET /243ejzi33782.html HTTP/1.1" 404 23126 "-" "Mozilla/5.0 (compatible; DataForSeoBot/1.0; +https://dataforseo.com/dataforseo-bot)"
136.243.228.194 - - [07/Jul/2025:13:14:55 -0400] "GET /items/vogni281/14055?key=short HTTP/1.1" 404 23126 "-" "Mozilla/5.0 (compatible; DataForSeoBot/1.0; +https://dataforseo.com/dataforseo-bot)"
136.243.228.194 - - [07/Jul/2025:13:15:00 -0400] "GET /165nor40600.html HTTP/1.1" 404 23126 "-" "Mozilla/5.0 (compatible; DataForSeoBot/1.0; +https://dataforseo.com/dataforseo-bot)"
66.249.64.162 - - [07/Jul/2025:13:15:01 -0400] "GET /263kwnee44526.html HTTP/1.1" 200 87191 "-" "Mozilla/5.0 (Linux; Android 6.0.1; Nexus 5X Build/MMB29P) AppleWebKit/537.36 (KHTML, like Gecko) Chrome/137.0.7151.103 Mobile Safari/537.36 (compatible; Googlebot/2.1; +http://www.google.com/bot.html)"
136.243.228.194 - - [07/Jul/2025:13:15:04 -0400] "GET /251sahbo31380.html HTTP/1.1" 404 23126 "-" "Mozilla/5.0 (compatible; DataForSeoBot/1.0; +https://dataforseo.com/dataforseo-bot)"
66.29.146.47 - - [07/Jul/2025:13:15:12 -0400] "POST /wp-cron.php?doing_wp_cron=1751908512.0271759033203125000000 HTTP/1.1" 403 1242 "-" "WordPress/6.8; https://dangroup.sa"
188.166.211.225 - - [07/Jul/2025:13:15:11 -0400] "GET /wp-login.php HTTP/1.1" 200 3095 "-" "Mozilla/5.0 (Windows NT 10.0; Win64; x64) AppleWebKit/537.36 (KHTML, like Gecko) Chrome/58.0.3029.110 Safari/537.3"
136.243.228.194 - - [07/Jul/2025:13:15:10 -0400] "GET /217hps2784.html HTTP/1.1" 404 23126 "-" "Mozilla/5.0 (compatible; DataForSeoBot/1.0; +https://dataforseo.com/dataforseo-bot)"
66.249.64.161 - - [07/Jul/2025:13:15:13 -0400] "GET /100mkzdk42163.html HTTP/1.1" 200 87229 "-" "Mozilla/5.0 (Linux; Android 6.0.1; Nexus 5X Build/MMB29P) AppleWebKit/537.36 (KHTML, like Gecko) Chrome/137.0.7151.103 Mobile Safari/537.36 (compatible; Googlebot/2.1; +http://www.google.com/bot.html)"
188.166.211.225 - - [07/Jul/2025:13:15:16 -0400] "GET /wp-login.php HTTP/1.1" 200 3095 "-" "Mozilla/5.0 (Windows NT 10.0; Win64; x64) AppleWebKit/537.36 (KHTML, like Gecko) Chrome/58.0.3029.110 Safari/537.3"
136.243.228.194 - - [07/Jul/2025:13:15:14 -0400] "GET /items/hfgct70/40336?key=death HTTP/1.1" 404 23126 "-" "Mozilla/5.0 (compatible; DataForSeoBot/1.0; +https://dataforseo.com/dataforseo-bot)"
136.243.228.194 - - [07/Jul/2025:13:15:18 -0400] "GET /214jhtb22011.html HTTP/1.1" 404 23126 "-" "Mozilla/5.0 (compatible; DataForSeoBot/1.0; +https://dataforseo.com/dataforseo-bot)"
136.243.228.194 - - [07/Jul/2025:13:15:22 -0400] "GET /items/rbdmj125/38557?key=signal HTTP/1.1" 404 23126 "-" "Mozilla/5.0 (compatible; DataForSeoBot/1.0; +https://dataforseo.com/dataforseo-bot)"
66.249.64.161 - - [07/Jul/2025:13:15:26 -0400] "GET /80lrv40039.html HTTP/1.1" 200 87495 "-" "Mozilla/5.0 (Linux; Android 6.0.1; Nexus 5X Build/MMB29P) AppleWebKit/537.36 (KHTML, like Gecko) Chrome/137.0.7151.103 Mobile Safari/537.36 (compatible; Googlebot/2.1; +http://www.google.com/bot.html)"
136.243.228.194 - - [07/Jul/2025:13:15:26 -0400] "GET /items/ezgah47/32303?key=equity HTTP/1.1" 404 23126 "-" "Mozilla/5.0 (compatible; DataForSeoBot/1.0; +https://dataforseo.com/dataforseo-bot)"
136.243.228.194 - - [07/Jul/2025:13:15:31 -0400] "GET /161yen23032.html HTTP/1.1" 404 23126 "-" "Mozilla/5.0 (compatible; DataForSeoBot/1.0; +https://dataforseo.com/dataforseo-bot)"
136.243.228.194 - - [07/Jul/2025:13:15:34 -0400] "GET /items/xocoj143/9331?key=automobile HTTP/1.1" 404 23126 "-" "Mozilla/5.0 (compatible; DataForSeoBot/1.0; +https://dataforseo.com/dataforseo-bot)"
20.171.207.36 - - [07/Jul/2025:13:15:38 -0400] "GET /41pycs29976.html HTTP/1.1" 404 23127 "-" "Mozilla/5.0 AppleWebKit/537.36 (KHTML, like Gecko; compatible; GPTBot/1.2; +https://openai.com/gptbot)"
188.166.211.225 - - [07/Jul/2025:13:15:40 -0400] "GET /wp-login.php HTTP/1.1" 200 3095 "-" "Mozilla/5.0 (Windows NT 10.0; Win64; x64) AppleWebKit/537.36 (KHTML, like Gecko) Chrome/58.0.3029.110 Safari/537.3"
136.243.228.194 - - [07/Jul/2025:13:15:39 -0400] "GET /items/pxuby2/27606?key=ironically HTTP/1.1" 404 23127 "-" "Mozilla/5.0 (compatible; DataForSeoBot/1.0; +https://dataforseo.com/dataforseo-bot)"
136.243.228.194 - - [07/Jul/2025:13:15:44 -0400] "GET /299gykzq22712.html HTTP/1.1" 404 23126 "-" "Mozilla/5.0 (compatible; DataForSeoBot/1.0; +https://dataforseo.com/dataforseo-bot)"
188.166.211.225 - - [07/Jul/2025:13:15:47 -0400] "GET /wp-login.php HTTP/1.1" 200 3095 "-" "Mozilla/5.0 (Windows NT 10.0; Win64; x64) AppleWebKit/537.36 (KHTML, like Gecko) Chrome/58.0.3029.110 Safari/537.3"
136.243.228.194 - - [07/Jul/2025:13:15:48 -0400] "GET /items/aukax157/36271?key=resort HTTP/1.1" 404 23127 "-" "Mozilla/5.0 (compatible; DataForSeoBot/1.0; +https://dataforseo.com/dataforseo-bot)"
66.249.64.161 - - [07/Jul/2025:13:15:52 -0400] "GET /194wlsoy41425.html HTTP/1.1" 200 87755 "-" "Mozilla/5.0 (Linux; Android 6.0.1; Nexus 5X Build/MMB29P) AppleWebKit/537.36 (KHTML, like Gecko) Chrome/137.0.7151.103 Mobile Safari/537.36 (compatible; Googlebot/2.1; +http://www.google.com/bot.html)"
136.243.228.194 - - [07/Jul/2025:13:15:52 -0400] "GET /108hbdt28431.html HTTP/1.1" 404 23127 "-" "Mozilla/5.0 (compatible; DataForSeoBot/1.0; +https://dataforseo.com/dataforseo-bot)"
136.243.228.194 - - [07/Jul/2025:13:15:55 -0400] "GET /items/ricwb98/37810?key=sign HTTP/1.1" 404 23127 "-" "Mozilla/5.0 (compatible; DataForSeoBot/1.0; +https://dataforseo.com/dataforseo-bot)"
136.243.228.194 - - [07/Jul/2025:13:16:00 -0400] "GET /items/yszmk287/44353?key=calm HTTP/1.1" 404 23126 "-" "Mozilla/5.0 (compatible; DataForSeoBot/1.0; +https://dataforseo.com/dataforseo-bot)"
136.243.228.194 - - [07/Jul/2025:13:16:03 -0400] "GET /64qblwn23573.html HTTP/1.1" 404 23126 "-" "Mozilla/5.0 (compatible; DataForSeoBot/1.0; +https://dataforseo.com/dataforseo-bot)"
188.166.211.225 - - [07/Jul/2025:13:16:06 -0400] "GET /wp-login.php HTTP/1.1" 200 3129 "-" "Mozilla/5.0 (Windows NT 6.1; WOW64; Trident/7.0; AS; rv:11.0) like Gecko"
188.166.211.225 - - [07/Jul/2025:13:16:08 -0400] "GET /wp-login.php HTTP/1.1" 200 3095 "-" "Mozilla/5.0 (Windows NT 6.1; WOW64; Trident/7.0; AS; rv:11.0) like Gecko"
66.249.64.161 - - [07/Jul/2025:13:16:08 -0400] "GET /108khyo27661.html HTTP/1.1" 200 86667 "-" "Mozilla/5.0 (compatible; Googlebot/2.1; +http://www.google.com/bot.html)"
136.243.228.194 - - [07/Jul/2025:13:16:07 -0400] "GET /150bdu38351.html HTTP/1.1" 404 23126 "-" "Mozilla/5.0 (compatible; DataForSeoBot/1.0; +https://dataforseo.com/dataforseo-bot)"
66.29.146.47 - - [07/Jul/2025:13:16:12 -0400] "POST /wp-cron.php?doing_wp_cron=1751908572.1428630352020263671875 HTTP/1.1" 403 1242 "-" "WordPress/6.8; https://dangroup.sa"
136.243.228.194 - - [07/Jul/2025:13:16:11 -0400] "GET /3rwxtr17582.html HTTP/1.1" 404 23127 "-" "Mozilla/5.0 (compatible; DataForSeoBot/1.0; +https://dataforseo.com/dataforseo-bot)"
136.243.228.194 - - [07/Jul/2025:13:16:15 -0400] "GET /96hwuo8535.html HTTP/1.1" 404 23126 "-" "Mozilla/5.0 (compatible; DataForSeoBot/1.0; +https://dataforseo.com/dataforseo-bot)"
136.243.228.194 - - [07/Jul/2025:13:16:19 -0400] "GET /15rutaj45558.html HTTP/1.1" 404 23126 "-" "Mozilla/5.0 (compatible; DataForSeoBot/1.0; +https://dataforseo.com/dataforseo-bot)"
136.243.228.194 - - [07/Jul/2025:13:16:23 -0400] "GET /237wvi22896.html HTTP/1.1" 404 23126 "-" "Mozilla/5.0 (compatible; DataForSeoBot/1.0; +https://dataforseo.com/dataforseo-bot)"
136.243.228.194 - - [07/Jul/2025:13:16:27 -0400] "GET /items/ujbsp76/16378?key=partly HTTP/1.1" 404 23126 "-" "Mozilla/5.0 (compatible; DataForSeoBot/1.0; +https://dataforseo.com/dataforseo-bot)"
136.243.228.194 - - [07/Jul/2025:13:16:31 -0400] "GET /26xbi749.html HTTP/1.1" 404 23126 "-" "Mozilla/5.0 (compatible; DataForSeoBot/1.0; +https://dataforseo.com/dataforseo-bot)"
136.243.228.194 - - [07/Jul/2025:13:16:36 -0400] "GET /24hzkxi6097.html HTTP/1.1" 404 23126 "-" "Mozilla/5.0 (compatible; DataForSeoBot/1.0; +https://dataforseo.com/dataforseo-bot)"
66.249.64.161 - - [07/Jul/2025:13:16:39 -0400] "GET /106qxo23167.html HTTP/1.1" 200 86935 "-" "Mozilla/5.0 (Linux; Android 6.0.1; Nexus 5X Build/MMB29P) AppleWebKit/537.36 (KHTML, like Gecko) Chrome/137.0.7151.103 Mobile Safari/537.36 (compatible; Googlebot/2.1; +http://www.google.com/bot.html)"
136.243.228.194 - - [07/Jul/2025:13:16:39 -0400] "GET /27tkshw37668.html HTTP/1.1" 404 23126 "-" "Mozilla/5.0 (compatible; DataForSeoBot/1.0; +https://dataforseo.com/dataforseo-bot)"
20.171.207.36 - - [07/Jul/2025:13:16:42 -0400] "GET /58rbqe21007.html HTTP/1.1" 404 23126 "-" "Mozilla/5.0 AppleWebKit/537.36 (KHTML, like Gecko; compatible; GPTBot/1.2; +https://openai.com/gptbot)"
136.243.228.194 - - [07/Jul/2025:13:16:43 -0400] "GET /181sxxmd15138.html HTTP/1.1" 404 23126 "-" "Mozilla/5.0 (compatible; DataForSeoBot/1.0; +https://dataforseo.com/dataforseo-bot)"
136.243.228.194 - - [07/Jul/2025:13:16:47 -0400] "GET /71fnys4328.html HTTP/1.1" 404 23126 "-" "Mozilla/5.0 (compatible; DataForSeoBot/1.0; +https://dataforseo.com/dataforseo-bot)"
66.249.64.106 - - [07/Jul/2025:13:16:52 -0400] "GET /pcmypage?callback=/product%2Fdetail%2Autopartsdirect-1165931631127421164 HTTP/1.1" 200 87638 "-" "Mozilla/5.0 (Linux; Android 6.0.1; Nexus 5X Build/MMB29P) AppleWebKit/537.36 (KHTML, like Gecko) Chrome/137.0.7151.103 Mobile Safari/537.36 (compatible; Googlebot/2.1; +http://www.google.com/bot.html)"
136.243.228.194 - - [07/Jul/2025:13:16:51 -0400] "GET /297sdpq32374.html HTTP/1.1" 404 23127 "-" "Mozilla/5.0 (compatible; DataForSeoBot/1.0; +https://dataforseo.com/dataforseo-bot)"
51.222.253.10 - - [07/Jul/2025:13:16:53 -0400] "GET /items/bwfpl38/1294?key=treasure HTTP/1.1" 404 23127 "-" "Mozilla/5.0 (compatible; AhrefsBot/7.0; +http://ahrefs.com/robot/)"
136.243.228.194 - - [07/Jul/2025:13:16:55 -0400] "GET /129nmh29676.html HTTP/1.1" 404 23126 "-" "Mozilla/5.0 (compatible; DataForSeoBot/1.0; +https://dataforseo.com/dataforseo-bot)"
66.249.64.162 - - [07/Jul/2025:13:17:08 -0400] "GET /51epjxm1792.html HTTP/1.1" 200 86862 "-" "Mozilla/5.0 (Linux; Android 6.0.1; Nexus 5X Build/MMB29P) AppleWebKit/537.36 (KHTML, like Gecko) Chrome/137.0.7151.103 Mobile Safari/537.36 (compatible; Googlebot/2.1; +http://www.google.com/bot.html)"
66.249.64.161 - - [07/Jul/2025:13:17:13 -0400] "GET /52vijw12745.html HTTP/1.1" 200 87361 "-" "Mozilla/5.0 (Linux; Android 6.0.1; Nexus 5X Build/MMB29P) AppleWebKit/537.36 (KHTML, like Gecko) Chrome/137.0.7151.103 Mobile Safari/537.36 (compatible; Googlebot/2.1; +http://www.google.com/bot.html)"
40.69.93.202 - - [07/Jul/2025:13:17:11 -0400] "GET /wp-content/plugins/hellopress/wp_filemanager.php HTTP/1.1" 404 23127 "-" "-"
66.29.146.47 - - [07/Jul/2025:13:17:14 -0400] "POST /wp-cron.php?doing_wp_cron=1751908634.1680409908294677734375 HTTP/1.1" 403 1242 "-" "WordPress/6.8; https://dangroup.sa"
40.69.93.202 - - [07/Jul/2025:13:17:13 -0400] "GET /file.php HTTP/1.1" 404 23126 "-" "-"
188.166.211.225 - - [07/Jul/2025:13:17:17 -0400] "GET /wp-login.php HTTP/1.1" 200 3129 "-" "Mozilla/5.0 (Windows NT 6.1; WOW64; Trident/7.0; AS; rv:11.0) like Gecko"
40.69.93.202 - - [07/Jul/2025:13:17:16 -0400] "GET /moon.php HTTP/1.1" 404 23127 "-" "-"
188.166.211.225 - - [07/Jul/2025:13:17:18 -0400] "GET /wp-login.php HTTP/1.1" 200 3095 "-" "Mozilla/5.0 (Windows NT 6.1; WOW64; Trident/7.0; AS; rv:11.0) like Gecko"
40.69.93.202 - - [07/Jul/2025:13:17:18 -0400] "GET /admin.php HTTP/1.1" 404 23126 "-" "-"
40.69.93.202 - - [07/Jul/2025:13:17:20 -0400] "GET /radio.php HTTP/1.1" 404 23126 "-" "-"
40.69.93.202 - - [07/Jul/2025:13:17:22 -0400] "GET /log.php HTTP/1.1" 404 23126 "-" "-"
40.69.93.202 - - [07/Jul/2025:13:17:24 -0400] "GET /wp-trackback.php HTTP/1.1" 403 1242 "-" "-"
40.69.93.202 - - [07/Jul/2025:13:17:25 -0400] "GET /wp-content/dropdown.php HTTP/1.1" 404 23126 "-" "-"
40.69.93.202 - - [07/Jul/2025:13:17:27 -0400] "GET /wp-includes/index.php HTTP/1.1" 301 0 "-" "-"
40.69.93.202 - - [07/Jul/2025:13:17:27 -0400] "GET /wp-includes/ HTTP/1.1" 200 6856 "-" "-"
40.69.93.202 - - [07/Jul/2025:13:17:28 -0400] "GET /simple.php HTTP/1.1" 404 23126 "-" "-"
40.69.93.202 - - [07/Jul/2025:13:17:30 -0400] "GET /about.php HTTP/1.1" 404 23126 "-" "-"
66.249.64.161 - - [07/Jul/2025:13:17:32 -0400] "GET /pcmypage?callback=product%2Fdetail%2Fauc-kobefm-289991 HTTP/1.1" 200 89072 "-" "Mozilla/5.0 (Linux; Android 6.0.1; Nexus 5X Build/MMB29P) AppleWebKit/537.36 (KHTML, like Gecko) Chrome/137.0.7151.103 Mobile Safari/537.36 (compatible; Googlebot/2.1; +http://www.google.com/bot.html)"
40.69.93.202 - - [07/Jul/2025:13:17:32 -0400] "GET /404.php HTTP/1.1" 404 23126 "-" "-"
40.69.93.202 - - [07/Jul/2025:13:17:34 -0400] "GET /admin/function.php HTTP/1.1" 404 23126 "-" "-"
40.69.93.202 - - [07/Jul/2025:13:17:36 -0400] "GET /wp-includes/assets/about.php HTTP/1.1" 404 23127 "-" "-"
40.69.93.202 - - [07/Jul/2025:13:17:38 -0400] "GET /wp-includes/assets/index.php HTTP/1.1" 301 0 "-" "-"
40.69.93.202 - - [07/Jul/2025:13:17:39 -0400] "GET /wp-includes/assets/ HTTP/1.1" 200 1043 "-" "-"
40.69.93.202 - - [07/Jul/2025:13:17:39 -0400] "GET /info.php HTTP/1.1" 404 23126 "-" "-"
40.69.93.202 - - [07/Jul/2025:13:17:41 -0400] "GET /modules/mod_simplefileuploadv1.3/elements/filemanager.php HTTP/1.1" 404 23126 "-" "-"
40.69.93.202 - - [07/Jul/2025:13:17:43 -0400] "GET /config.php HTTP/1.1" 404 23126 "-" "-"
40.69.93.202 - - [07/Jul/2025:13:17:45 -0400] "GET /wp-admin/js/index.php HTTP/1.1" 301 0 "-" "-"
40.69.93.202 - - [07/Jul/2025:13:17:45 -0400] "GET /wp-admin/js/ HTTP/1.1" 200 2906 "-" "-"
20.171.207.36 - - [07/Jul/2025:13:17:44 -0400] "GET /24ytcd48973.html HTTP/1.1" 404 23127 "-" "Mozilla/5.0 AppleWebKit/537.36 (KHTML, like Gecko; compatible; GPTBot/1.2; +https://openai.com/gptbot)"
40.69.93.202 - - [07/Jul/2025:13:17:45 -0400] "GET /fm.php HTTP/1.1" 404 23126 "-" "-"
136.243.228.194 - - [07/Jul/2025:13:17:47 -0400] "GET /91yhfc12892.html HTTP/1.1" 404 23126 "-" "Mozilla/5.0 (compatible; DataForSeoBot/1.0; +https://dataforseo.com/dataforseo-bot)"
40.69.93.202 - - [07/Jul/2025:13:17:49 -0400] "GET /wp-admin/js/widgets/index.php HTTP/1.1" 301 0 "-" "-"
40.69.93.202 - - [07/Jul/2025:13:17:50 -0400] "GET /wp-admin/js/widgets/ HTTP/1.1" 200 1200 "-" "-"
40.69.93.202 - - [07/Jul/2025:13:17:50 -0400] "GET /ty.php HTTP/1.1" 404 23126 "-" "-"
66.249.64.174 - - [07/Jul/2025:13:17:53 -0400] "GET /pcmypage?callback=/product%2Fdetail-aishinshop-742-00251447 HTTP/1.1" 200 88384 "-" "Mozilla/5.0 (Linux; Android 6.0.1; Nexus 5X Build/MMB29P) AppleWebKit/537.36 (KHTML, like Gecko) Chrome/137.0.7151.103 Mobile Safari/537.36 (compatible; Googlebot/2.1; +http://www.google.com/bot.html)"
136.243.228.194 - - [07/Jul/2025:13:17:52 -0400] "GET /168ezdaq39981.html HTTP/1.1" 404 23126 "-" "Mozilla/5.0 (compatible; DataForSeoBot/1.0; +https://dataforseo.com/dataforseo-bot)"
188.166.211.225 - - [07/Jul/2025:13:17:54 -0400] "GET /wp-login.php HTTP/1.1" 200 3129 "-" "Mozilla/5.0 (Windows NT 6.1; WOW64; Trident/7.0; AS; rv:11.0) like Gecko"
40.69.93.202 - - [07/Jul/2025:13:17:54 -0400] "GET /wp-includes/assets/admin.php HTTP/1.1" 404 23126 "-" "-"
66.249.64.174 - - [07/Jul/2025:13:17:57 -0400] "GET /138flk42321.html HTTP/1.1" 200 87667 "-" "Mozilla/5.0 (Linux; Android 6.0.1; Nexus 5X Build/MMB29P) AppleWebKit/537.36 (KHTML, like Gecko) Chrome/137.0.7151.103 Mobile Safari/537.36 (compatible; Googlebot/2.1; +http://www.google.com/bot.html)"
136.243.228.194 - - [07/Jul/2025:13:17:57 -0400] "GET /157uhc14370.html HTTP/1.1" 404 23126 "-" "Mozilla/5.0 (compatible; DataForSeoBot/1.0; +https://dataforseo.com/dataforseo-bot)"
188.166.211.225 - - [07/Jul/2025:13:17:59 -0400] "GET /wp-login.php HTTP/1.1" 200 3095 "-" "Mozilla/5.0 (Windows NT 6.1; WOW64; Trident/7.0; AS; rv:11.0) like Gecko"
40.69.93.202 - - [07/Jul/2025:13:17:57 -0400] "GET /wp-includes/fonts/admin.php HTTP/1.1" 404 23126 "-" "-"
40.69.93.202 - - [07/Jul/2025:13:18:01 -0400] "GET /403.php HTTP/1.1" 404 23126 "-" "-"
136.243.228.194 - - [07/Jul/2025:13:18:02 -0400] "GET /215cnxf36588.html HTTP/1.1" 404 23126 "-" "Mozilla/5.0 (compatible; DataForSeoBot/1.0; +https://dataforseo.com/dataforseo-bot)"
40.69.93.202 - - [07/Jul/2025:13:18:04 -0400] "GET /as.php HTTP/1.1" 404 23127 "-" "-"
136.243.228.194 - - [07/Jul/2025:13:18:06 -0400] "GET /272emwl32627.html HTTP/1.1" 404 23126 "-" "Mozilla/5.0 (compatible; DataForSeoBot/1.0; +https://dataforseo.com/dataforseo-bot)"
40.69.93.202 - - [07/Jul/2025:13:18:07 -0400] "GET /wp-includes/Text/network.php HTTP/1.1" 404 23126 "-" "-"
40.69.93.202 - - [07/Jul/2025:13:18:10 -0400] "GET /index/function.php HTTP/1.1" 404 23127 "-" "-"
136.243.228.194 - - [07/Jul/2025:13:18:12 -0400] "GET /11uxsx34474.html HTTP/1.1" 404 23127 "-" "Mozilla/5.0 (compatible; DataForSeoBot/1.0; +https://dataforseo.com/dataforseo-bot)"
40.69.93.202 - - [07/Jul/2025:13:18:13 -0400] "GET /wp-content/themes/include.php HTTP/1.1" 404 23126 "-" "-"
66.29.146.47 - - [07/Jul/2025:13:18:16 -0400] "POST /wp-cron.php?doing_wp_cron=1751908696.8369588851928710937500 HTTP/1.1" 403 1242 "-" "WordPress/6.8; https://dangroup.sa"
66.29.146.47 - - [07/Jul/2025:13:18:17 -0400] "POST /wp-cron.php?doing_wp_cron=1751908696.8511519432067871093750 HTTP/1.1" 403 1242 "-" "WordPress/6.8; https://dangroup.sa"
188.166.211.225 - - [07/Jul/2025:13:18:18 -0400] "GET /wp-login.php HTTP/1.1" 200 3129 "-" "Mozilla/5.0 (Windows NT 10.0; Win64; x64) AppleWebKit/537.36 (KHTML, like Gecko) Chrome/58.0.3029.110 Safari/537.3"
136.243.228.194 - - [07/Jul/2025:13:18:16 -0400] "GET /items/paddk249/9453?key=disappear HTTP/1.1" 404 23126 "-" "Mozilla/5.0 (compatible; DataForSeoBot/1.0; +https://dataforseo.com/dataforseo-bot)"
40.69.93.202 - - [07/Jul/2025:13:18:16 -0400] "GET /alfa.php HTTP/1.1" 404 23126 "-" "-"
40.69.93.202 - - [07/Jul/2025:13:18:20 -0400] "GET /wp-content/upgrade-temp-backup/wp-login.php HTTP/1.1" 404 23193 "-" "-"
66.249.64.106 - - [07/Jul/2025:13:18:23 -0400] "GET /214vshwx28347.html HTTP/1.1" 200 88001 "-" "Mozilla/5.0 (Linux; Android 6.0.1; Nexus 5X Build/MMB29P) AppleWebKit/537.36 (KHTML, like Gecko) Chrome/137.0.7151.103 Mobile Safari/537.36 (compatible; Googlebot/2.1; +http://www.google.com/bot.html)"
188.166.211.225 - - [07/Jul/2025:13:18:23 -0400] "GET /wp-login.php HTTP/1.1" 200 3095 "-" "Mozilla/5.0 (Windows NT 10.0; Win64; x64) AppleWebKit/537.36 (KHTML, like Gecko) Chrome/58.0.3029.110 Safari/537.3"
136.243.228.194 - - [07/Jul/2025:13:18:21 -0400] "GET /120wjl35437.html HTTP/1.1" 404 23126 "-" "Mozilla/5.0 (compatible; DataForSeoBot/1.0; +https://dataforseo.com/dataforseo-bot)"
40.69.93.202 - - [07/Jul/2025:13:18:22 -0400] "GET /css.php HTTP/1.1" 404 23126 "-" "-"
136.243.228.194 - - [07/Jul/2025:13:18:25 -0400] "GET /items/hrieb260/27880?key=mail HTTP/1.1" 404 23126 "-" "Mozilla/5.0 (compatible; DataForSeoBot/1.0; +https://dataforseo.com/dataforseo-bot)"
40.69.93.202 - - [07/Jul/2025:13:18:25 -0400] "GET /wp-content/themes/plugin.php HTTP/1.1" 404 23126 "-" "-"
40.69.93.202 - - [07/Jul/2025:13:18:31 -0400] "GET /wp-admin/includes/index.php HTTP/1.1" 301 0 "-" "-"
40.69.93.202 - - [07/Jul/2025:13:18:31 -0400] "GET /wp-admin/includes/ HTTP/1.1" 200 3331 "-" "-"
40.69.93.202 - - [07/Jul/2025:13:18:32 -0400] "GET /index.php HTTP/1.1" 301 0 "-" "-"
136.243.228.194 - - [07/Jul/2025:13:18:31 -0400] "GET /85hhd18326.html HTTP/1.1" 404 23126 "-" "Mozilla/5.0 (compatible; DataForSeoBot/1.0; +https://dataforseo.com/dataforseo-bot)"
47.82.60.43 - - [07/Jul/2025:13:18:33 -0400] "GET /300yvv18595.html HTTP/1.1" 404 23127 "https://dangroup.sa/300yvv18595.html" "Mozilla/5.0 (Windows NT 10.0; Win64; x64) AppleWebKit/537.36 (KHTML, like Gecko) Chrome/114.0.0.0 Safari/537.36 Edg/114.0.1823.43"
40.69.93.202 - - [07/Jul/2025:13:18:32 -0400] "GET / HTTP/1.1" 200 33217 "-" "-"
136.243.228.194 - - [07/Jul/2025:13:18:36 -0400] "GET /items/jcnmz107/28931?key=loop HTTP/1.1" 404 23126 "-" "Mozilla/5.0 (compatible; DataForSeoBot/1.0; +https://dataforseo.com/dataforseo-bot)"
40.69.93.202 - - [07/Jul/2025:13:18:38 -0400] "GET /classwithtostring.php HTTP/1.1" 404 23126 "-" "-"
136.243.228.194 - - [07/Jul/2025:13:18:40 -0400] "GET /items/fdzue114/36968?key=uncomfortable HTTP/1.1" 404 23126 "-" "Mozilla/5.0 (compatible; DataForSeoBot/1.0; +https://dataforseo.com/dataforseo-bot)"
40.69.93.202 - - [07/Jul/2025:13:18:41 -0400] "GET /autoload_classmap.php HTTP/1.1" 404 23127 "-" "-"
40.69.93.202 - - [07/Jul/2025:13:18:44 -0400] "GET /item.php HTTP/1.1" 404 23127 "-" "-"
66.249.64.104 - - [07/Jul/2025:13:18:48 -0400] "GET /117elb1168.html HTTP/1.1" 200 86697 "-" "Mozilla/5.0 (Linux; Android 6.0.1; Nexus 5X Build/MMB29P) AppleWebKit/537.36 (KHTML, like Gecko) Chrome/137.0.7151.103 Mobile Safari/537.36 (compatible; Googlebot/2.1; +http://www.google.com/bot.html)"
40.69.93.202 - - [07/Jul/2025:13:18:46 -0400] "GET /ini.php HTTP/1.1" 404 23127 "-" "-"
136.243.228.194 - - [07/Jul/2025:13:18:46 -0400] "GET /133mrgki23768.html HTTP/1.1" 404 23127 "-" "Mozilla/5.0 (compatible; DataForSeoBot/1.0; +https://dataforseo.com/dataforseo-bot)"
20.171.207.36 - - [07/Jul/2025:13:18:48 -0400] "GET /76ffgc35809.html HTTP/1.1" 404 23126 "-" "Mozilla/5.0 AppleWebKit/537.36 (KHTML, like Gecko; compatible; GPTBot/1.2; +https://openai.com/gptbot)"
40.69.93.202 - - [07/Jul/2025:13:18:50 -0400] "GET /default.php HTTP/1.1" 404 23126 "-" "-"
136.243.228.194 - - [07/Jul/2025:13:18:51 -0400] "GET /111nih21632.html HTTP/1.1" 404 23126 "-" "Mozilla/5.0 (compatible; DataForSeoBot/1.0; +https://dataforseo.com/dataforseo-bot)"
40.69.93.202 - - [07/Jul/2025:13:18:54 -0400] "GET /wp-admin/network/about.php HTTP/1.1" 302 0 "-" "-"
40.69.93.202 - - [07/Jul/2025:13:18:55 -0400] "GET /wp-login.php?redirect_to=https%3A%2F%2Fdangroup.sa%2Fwp-admin%2Fnetwork%2Fabout.php&reauth=1 HTTP/1.1" 200 3111 "-" "-"
40.69.93.202 - - [07/Jul/2025:13:18:55 -0400] "GET /ok.php HTTP/1.1" 404 23126 "-" "-"
136.243.228.194 - - [07/Jul/2025:13:18:57 -0400] "GET /items/mzvwz166/48194?key=wide HTTP/1.1" 404 23126 "-" "Mozilla/5.0 (compatible; DataForSeoBot/1.0; +https://dataforseo.com/dataforseo-bot)"
40.69.93.202 - - [07/Jul/2025:13:18:58 -0400] "GET /wp-content/plugins/seoplugins/mar.php HTTP/1.1" 404 23127 "-" "-"
188.166.211.225 - - [07/Jul/2025:13:19:00 -0400] "GET /wp-login.php HTTP/1.1" 200 3095 "-" "Mozilla/5.0 (Macintosh; Intel Mac OS X 10_11_5) AppleWebKit/537.36 (KHTML, like Gecko) Chrome/50.0.2661.102 Safari/537.36"
136.243.228.194 - - [07/Jul/2025:13:19:00 -0400] "GET /items/pbksa180/19148?key=bless HTTP/1.1" 404 23126 "-" "Mozilla/5.0 (compatible; DataForSeoBot/1.0; +https://dataforseo.com/dataforseo-bot)"
40.69.93.202 - - [07/Jul/2025:13:19:01 -0400] "GET /wp-content/themes/astra/inc/ki1k.php HTTP/1.1" 404 23126 "-" "-"
188.166.211.225 - - [07/Jul/2025:13:19:05 -0400] "GET /wp-login.php HTTP/1.1" 200 3095 "-" "Mozilla/5.0 (Macintosh; Intel Mac OS X 10_11_5) AppleWebKit/537.36 (KHTML, like Gecko) Chrome/50.0.2661.102 Safari/537.36"
40.69.93.202 - - [07/Jul/2025:13:19:05 -0400] "GET /inputs.php HTTP/1.1" 404 23127 "-" "-"
136.243.228.194 - - [07/Jul/2025:13:19:05 -0400] "GET /items/zhkme78/8972?key=diagnosis HTTP/1.1" 404 23127 "-" "Mozilla/5.0 (compatible; DataForSeoBot/1.0; +https://dataforseo.com/dataforseo-bot)"
40.69.93.202 - - [07/Jul/2025:13:19:08 -0400] "GET /1.php HTTP/1.1" 404 23126 "-" "-"
136.243.228.194 - - [07/Jul/2025:13:19:10 -0400] "GET /items/cjnjy19/31581?key=approve HTTP/1.1" 404 23126 "-" "Mozilla/5.0 (compatible; DataForSeoBot/1.0; +https://dataforseo.com/dataforseo-bot)"
40.69.93.202 - - [07/Jul/2025:13:19:10 -0400] "GET /infoo.php HTTP/1.1" 404 23126 "-" "-"
66.249.64.106 - - [07/Jul/2025:13:19:13 -0400] "GET /17jgwi24564.html HTTP/1.1" 200 86467 "-" "Mozilla/5.0 (Linux; Android 6.0.1; Nexus 5X Build/MMB29P) AppleWebKit/537.36 (KHTML, like Gecko) Chrome/137.0.7151.103 Mobile Safari/537.36 (compatible; Googlebot/2.1; +http://www.google.com/bot.html)"
40.69.93.202 - - [07/Jul/2025:13:19:14 -0400] "GET /cong.php HTTP/1.1" 404 23126 "-" "-"
136.243.228.194 - - [07/Jul/2025:13:19:14 -0400] "GET /items/mirii21/48089?key=spend HTTP/1.1" 404 23126 "-" "Mozilla/5.0 (compatible; DataForSeoBot/1.0; +https://dataforseo.com/dataforseo-bot)"
66.29.146.47 - - [07/Jul/2025:13:19:18 -0400] "POST /wp-cron.php?doing_wp_cron=1751908757.8460440635681152343750 HTTP/1.1" 403 1242 "-" "WordPress/6.8; https://dangroup.sa"
40.69.93.202 - - [07/Jul/2025:13:19:17 -0400] "GET /wp-admin/css/colors/ectoplasm/wp-login.php HTTP/1.1" 404 23126 "-" "-"
40.69.93.202 - - [07/Jul/2025:13:19:19 -0400] "GET /wp-content/plugins/dummyyummy/wp-signup.php HTTP/1.1" 404 23126 "-" "-"
66.249.64.174 - - [07/Jul/2025:13:19:23 -0400] "GET /86uebm9857.html HTTP/1.1" 200 86539 "-" "Mozilla/5.0 (compatible; Googlebot/2.1; +http://www.google.com/bot.html)"
136.243.228.194 - - [07/Jul/2025:13:19:20 -0400] "GET /items/wlmle152/45896?key=arrange HTTP/1.1" 404 23126 "-" "Mozilla/5.0 (compatible; DataForSeoBot/1.0; +https://dataforseo.com/dataforseo-bot)"
40.69.93.202 - - [07/Jul/2025:13:19:23 -0400] "GET /wp-content/uploads/wp-conflg.php HTTP/1.1" 404 23127 "-" "-"
188.166.211.225 - - [07/Jul/2025:13:19:25 -0400] "GET /wp-login.php HTTP/1.1" 200 3095 "-" "Mozilla/5.0 (Windows NT 10.0; Win64; x64) AppleWebKit/537.36 (KHTML, like Gecko) Chrome/58.0.3029.110 Safari/537.3"
136.243.228.194 - - [07/Jul/2025:13:19:24 -0400] "GET /items/zbfai120/22312?key=calendar HTTP/1.1" 404 23127 "-" "Mozilla/5.0 (compatible; DataForSeoBot/1.0; +https://dataforseo.com/dataforseo-bot)"
40.69.93.202 - - [07/Jul/2025:13:19:25 -0400] "GET /wp-includes/js/codemirror/about.php HTTP/1.1" 404 23126 "-" "-"
40.69.93.202 - - [07/Jul/2025:13:19:29 -0400] "GET /wp-content/themes/index.php HTTP/1.1" 200 0 "-" "-"
40.69.93.202 - - [07/Jul/2025:13:19:29 -0400] "GET /wp-includes/css/dist/preferences/index.php HTTP/1.1" 301 0 "-" "-"
40.69.93.202 - - [07/Jul/2025:13:19:29 -0400] "GET /wp-includes/css/dist/preferences/ HTTP/1.1" 200 674 "-" "-"
188.166.211.225 - - [07/Jul/2025:13:19:29 -0400] "GET /wp-login.php HTTP/1.1" 200 3095 "-" "Mozilla/5.0 (Windows NT 10.0; Win64; x64) AppleWebKit/537.36 (KHTML, like Gecko) Chrome/58.0.3029.110 Safari/537.3"
40.69.93.202 - - [07/Jul/2025:13:19:29 -0400] "GET /wp-admin/css/colors/blue/index.php HTTP/1.1" 301 0 "-" "-"
40.69.93.202 - - [07/Jul/2025:13:19:30 -0400] "GET /wp-admin/css/colors/blue/ HTTP/1.1" 200 709 "-" "-"
40.69.93.202 - - [07/Jul/2025:13:19:30 -0400] "GET /wp-content/index.php HTTP/1.1" 200 0 "-" "-"
136.243.228.194 - - [07/Jul/2025:13:19:30 -0400] "GET /items/cfhvk73/10319?key=parish HTTP/1.1" 404 23126 "-" "Mozilla/5.0 (compatible; DataForSeoBot/1.0; +https://dataforseo.com/dataforseo-bot)"
40.69.93.202 - - [07/Jul/2025:13:19:31 -0400] "GET /css/colors/blue/atomlib.php HTTP/1.1" 404 23127 "-" "-"
40.69.93.202 - - [07/Jul/2025:13:19:33 -0400] "GET /wp-admin/maint/about.php HTTP/1.1" 404 23126 "-" "-"
136.243.228.194 - - [07/Jul/2025:13:19:33 -0400] "GET /82arqdg49083.html HTTP/1.1" 404 23126 "-" "Mozilla/5.0 (compatible; DataForSeoBot/1.0; +https://dataforseo.com/dataforseo-bot)"
40.69.93.202 - - [07/Jul/2025:13:19:37 -0400] "GET /wp-includes/assets/themes.php HTTP/1.1" 404 23126 "-" "-"
136.243.228.194 - - [07/Jul/2025:13:19:38 -0400] "GET /items/hhspk264/9614?key=aesthetic HTTP/1.1" 404 23127 "-" "Mozilla/5.0 (compatible; DataForSeoBot/1.0; +https://dataforseo.com/dataforseo-bot)"
40.69.93.202 - - [07/Jul/2025:13:19:39 -0400] "GET /shell.php HTTP/1.1" 404 23127 "-" "-"
66.249.64.174 - - [07/Jul/2025:13:19:42 -0400] "GET /items/bywkc143/32481?key=operation HTTP/1.1" 200 87308 "-" "Mozilla/5.0 (compatible; Googlebot/2.1; +http://www.google.com/bot.html)"
136.243.228.194 - - [07/Jul/2025:13:19:42 -0400] "GET /21ekq15580.html HTTP/1.1" 404 23126 "-" "Mozilla/5.0 (compatible; DataForSeoBot/1.0; +https://dataforseo.com/dataforseo-bot)"
40.69.93.202 - - [07/Jul/2025:13:19:43 -0400] "GET /install.php HTTP/1.1" 404 23126 "-" "-"
40.69.93.202 - - [07/Jul/2025:13:19:46 -0400] "GET /wp-content/languages/chosen.php HTTP/1.1" 404 23126 "-" "-"
40.69.93.202 - - [07/Jul/2025:13:19:48 -0400] "GET /wp-content/plugins/seoplugins/index.php HTTP/1.1" 301 0 "-" "-"
136.243.228.194 - - [07/Jul/2025:13:19:47 -0400] "GET /items/rlwvi279/19447?key=attorney HTTP/1.1" 404 23126 "-" "Mozilla/5.0 (compatible; DataForSeoBot/1.0; +https://dataforseo.com/dataforseo-bot)"
40.69.93.202 - - [07/Jul/2025:13:19:49 -0400] "GET /wp-content/plugins/seoplugins/ HTTP/1.1" 404 23126 "-" "-"
20.171.207.36 - - [07/Jul/2025:13:19:51 -0400] "GET /102nrdi1235.html HTTP/1.1" 404 23127 "-" "Mozilla/5.0 AppleWebKit/537.36 (KHTML, like Gecko; compatible; GPTBot/1.2; +https://openai.com/gptbot)"
136.243.228.194 - - [07/Jul/2025:13:19:51 -0400] "GET /134welg37973.html HTTP/1.1" 404 23126 "-" "Mozilla/5.0 (compatible; DataForSeoBot/1.0; +https://dataforseo.com/dataforseo-bot)"
66.249.64.174 - - [07/Jul/2025:13:19:55 -0400] "GET /pcmypage?callback=product%2Fdetail%2Fmutsuura-10579452 HTTP/1.1" 200 87169 "-" "Mozilla/5.0 (Linux; Android 6.0.1; Nexus 5X Build/MMB29P) AppleWebKit/537.36 (KHTML, like Gecko) Chrome/137.0.7151.103 Mobile Safari/537.36 (compatible; Googlebot/2.1; +http://www.google.com/bot.html)"
40.69.93.202 - - [07/Jul/2025:13:19:52 -0400] "GET /wp-includes/html-api/wp-conflg.php HTTP/1.1" 404 23126 "-" "-"
40.69.93.202 - - [07/Jul/2025:13:19:57 -0400] "GET /wp-admin/js/wp-conflg.php HTTP/1.1" 404 23126 "-" "-"
66.249.64.104 - - [07/Jul/2025:13:20:00 -0400] "GET /24yvnn781.html HTTP/1.1" 200 88653 "-" "Mozilla/5.0 (Linux; Android 6.0.1; Nexus 5X Build/MMB29P) AppleWebKit/537.36 (KHTML, like Gecko) Chrome/137.0.7151.103 Mobile Safari/537.36 (compatible; Googlebot/2.1; +http://www.google.com/bot.html)"
136.243.228.194 - - [07/Jul/2025:13:19:57 -0400] "GET /246ikc18669.html HTTP/1.1" 404 23127 "-" "Mozilla/5.0 (compatible; DataForSeoBot/1.0; +https://dataforseo.com/dataforseo-bot)"
66.249.64.160 - - [07/Jul/2025:13:20:01 -0400] "GET /85mnl30348.html HTTP/1.1" 200 86293 "-" "Mozilla/5.0 (compatible; Googlebot/2.1; +http://www.google.com/bot.html)"
40.69.93.202 - - [07/Jul/2025:13:20:00 -0400] "GET /wp-content/packed.php HTTP/1.1" 404 23126 "-" "-"
136.243.228.194 - - [07/Jul/2025:13:20:03 -0400] "GET /265gmoxp8882.html HTTP/1.1" 404 23126 "-" "Mozilla/5.0 (compatible; DataForSeoBot/1.0; +https://dataforseo.com/dataforseo-bot)"
188.166.211.225 - - [07/Jul/2025:13:20:06 -0400] "GET /wp-login.php HTTP/1.1" 200 3095 "-" "Mozilla/5.0 (Windows NT 6.1; WOW64; Trident/7.0; AS; rv:11.0) like Gecko"
40.69.93.202 - - [07/Jul/2025:13:20:04 -0400] "GET /assets/images/doc.php HTTP/1.1" 404 23126 "-" "-"
40.69.93.202 - - [07/Jul/2025:13:20:09 -0400] "GET /wp.php HTTP/1.1" 404 23126 "-" "-"
40.77.167.70 - - [07/Jul/2025:13:20:12 -0400] "GET /bmjiszn24818wrowdinesses HTTP/1.1" 200 17 "-" "Mozilla/5.0 AppleWebKit/537.36 (KHTML, like Gecko; compatible; bingbot/2.0; +http://www.bing.com/bingbot.htm) Chrome/116.0.1938.76 Safari/537.36"
136.243.228.194 - - [07/Jul/2025:13:20:09 -0400] "GET /189chs2850.html HTTP/1.1" 404 23126 "-" "Mozilla/5.0 (compatible; DataForSeoBot/1.0; +https://dataforseo.com/dataforseo-bot)"
188.166.211.225 - - [07/Jul/2025:13:20:13 -0400] "GET /wp-login.php HTTP/1.1" 200 3095 "-" "Mozilla/5.0 (Windows NT 6.1; WOW64; Trident/7.0; AS; rv:11.0) like Gecko"
47.82.60.61 - - [07/Jul/2025:13:20:13 -0400] "GET /items/velcs33/42105?key=unprecedented HTTP/1.1" 404 23126 "https://dangroup.sa/items/velcs33/42105?key=unprecedented" "Mozilla/5.0 (Windows NT 10.0; Win64; x64) AppleWebKit/537.36 (KHTML, like Gecko) Chrome/114.0.0.0 Safari/537.36 Edg/114.0.1823.43"
66.29.146.47 - - [07/Jul/2025:13:20:18 -0400] "POST /wp-cron.php?doing_wp_cron=1751908818.1113700866699218750000 HTTP/1.1" 403 1242 "-" "WordPress/6.8; https://dangroup.sa"
40.69.93.202 - - [07/Jul/2025:13:20:14 -0400] "GET /wp-content/themes/file.php HTTP/1.1" 404 23126 "-" "-"
136.243.228.194 - - [07/Jul/2025:13:20:16 -0400] "GET /30hidv15491.html HTTP/1.1" 404 23126 "-" "Mozilla/5.0 (compatible; DataForSeoBot/1.0; +https://dataforseo.com/dataforseo-bot)"
40.69.93.202 - - [07/Jul/2025:13:20:20 -0400] "GET /wp-content/plugins/revslider/includes/external/page/index.php HTTP/1.1" 301 0 "-" "-"
47.82.60.61 - - [07/Jul/2025:13:20:17 -0400] "GET /181bhsbk27664.html HTTP/1.1" 404 23126 "https://dangroup.sa/181bhsbk27664.html" "Mozilla/5.0 (Windows NT 10.0; Win64; x64) AppleWebKit/537.36 (KHTML, like Gecko) Chrome/114.0.0.0 Safari/537.36 Edg/114.0.1823.43"
66.249.64.104 - - [07/Jul/2025:13:20:23 -0400] "GET /292alv25809.html HTTP/1.1" 200 87029 "-" "Mozilla/5.0 (Linux; Android 6.0.1; Nexus 5X Build/MMB29P) AppleWebKit/537.36 (KHTML, like Gecko) Chrome/137.0.7151.103 Mobile Safari/537.36 (compatible; Googlebot/2.1; +http://www.google.com/bot.html)"
40.69.93.202 - - [07/Jul/2025:13:20:22 -0400] "GET /wp-content/plugins/revslider/includes/external/page/ HTTP/1.1" 404 23126 "-" "-"
136.243.228.194 - - [07/Jul/2025:13:20:22 -0400] "GET /items/uihim43/49805?key=mad HTTP/1.1" 404 23126 "-" "Mozilla/5.0 (compatible; DataForSeoBot/1.0; +https://dataforseo.com/dataforseo-bot)"
40.69.93.202 - - [07/Jul/2025:13:20:26 -0400] "GET /m.php HTTP/1.1" 404 23126 "-" "-"
136.243.228.194 - - [07/Jul/2025:13:20:27 -0400] "GET /146cmsce36869.html HTTP/1.1" 404 23126 "-" "Mozilla/5.0 (compatible; DataForSeoBot/1.0; +https://dataforseo.com/dataforseo-bot)"
40.69.93.202 - - [07/Jul/2025:13:20:30 -0400] "GET /wp-includes/blocks/wp-conflg.php HTTP/1.1" 404 23126 "-" "-"
40.69.93.202 - - [07/Jul/2025:13:20:33 -0400] "GET /themes.php HTTP/1.1" 404 23126 "-" "-"
47.82.60.56 - - [07/Jul/2025:13:20:33 -0400] "GET /items/cnegw256/10936?key=deer HTTP/1.1" 404 23126 "https://dangroup.sa/items/cnegw256/10936?key=deer" "Mozilla/5.0 (Windows NT 10.0; Win64; x64) AppleWebKit/537.36 (KHTML, like Gecko) Chrome/114.0.0.0 Safari/537.36 Edg/114.0.1823.43"
136.243.228.194 - - [07/Jul/2025:13:20:33 -0400] "GET /228mqbys32781.html HTTP/1.1" 404 23126 "-" "Mozilla/5.0 (compatible; DataForSeoBot/1.0; +https://dataforseo.com/dataforseo-bot)"
40.69.93.202 - - [07/Jul/2025:13:20:40 -0400] "GET /manager.php HTTP/1.1" 404 23126 "-" "-"
136.243.228.194 - - [07/Jul/2025:13:20:41 -0400] "GET /126laa28887.html HTTP/1.1" 404 23126 "-" "Mozilla/5.0 (compatible; DataForSeoBot/1.0; +https://dataforseo.com/dataforseo-bot)"
40.69.93.202 - - [07/Jul/2025:13:20:43 -0400] "GET /x.php HTTP/1.1" 404 23126 "-" "-"
66.249.64.104 - - [07/Jul/2025:13:20:47 -0400] "GET /pcmypage?callback=product%2Fdetail%2Fg-bike-164321-629023 HTTP/1.1" 200 86955 "-" "Mozilla/5.0 (Linux; Android 6.0.1; Nexus 5X Build/MMB29P) AppleWebKit/537.36 (KHTML, like Gecko) Chrome/137.0.7151.103 Mobile Safari/537.36 (compatible; Googlebot/2.1; +http://www.google.com/bot.html)"
136.243.228.194 - - [07/Jul/2025:13:20:46 -0400] "GET /153wlh46408.html HTTP/1.1" 404 23126 "-" "Mozilla/5.0 (compatible; DataForSeoBot/1.0; +https://dataforseo.com/dataforseo-bot)"
40.69.93.202 - - [07/Jul/2025:13:20:47 -0400] "GET /wp-includes/ID3/autoload_classmap.php HTTP/1.1" 404 23126 "-" "-"
40.69.93.202 - - [07/Jul/2025:13:20:51 -0400] "GET /muse.php HTTP/1.1" 404 23126 "-" "-"
136.243.228.194 - - [07/Jul/2025:13:20:53 -0400] "GET /260tbdoo47273.html HTTP/1.1" 404 23127 "-" "Mozilla/5.0 (compatible; DataForSeoBot/1.0; +https://dataforseo.com/dataforseo-bot)"
20.171.207.36 - - [07/Jul/2025:13:20:53 -0400] "GET /57tkfs33460.html HTTP/1.1" 404 23126 "-" "Mozilla/5.0 AppleWebKit/537.36 (KHTML, like Gecko; compatible; GPTBot/1.2; +https://openai.com/gptbot)"
40.69.93.202 - - [07/Jul/2025:13:20:56 -0400] "GET /alfa-rex2.php HTTP/1.1" 404 23126 "-" "-"
136.243.228.194 - - [07/Jul/2025:13:20:58 -0400] "GET /items/aokvt115/12453?key=regain HTTP/1.1" 404 23126 "-" "Mozilla/5.0 (compatible; DataForSeoBot/1.0; +https://dataforseo.com/dataforseo-bot)"
40.69.93.202 - - [07/Jul/2025:13:21:00 -0400] "GET /wp-content/uploads/json.php HTTP/1.1" 404 23126 "-" "-"
66.249.64.174 - - [07/Jul/2025:13:21:05 -0400] "GET /277xggpf2954.html HTTP/1.1" 200 87653 "-" "Mozilla/5.0 (Linux; Android 6.0.1; Nexus 5X Build/MMB29P) AppleWebKit/537.36 (KHTML, like Gecko) Chrome/137.0.7151.103 Mobile Safari/537.36 (compatible; GoogleOther)"
136.243.228.194 - - [07/Jul/2025:13:21:06 -0400] "GET /items/jkhhb217/11557?key=will HTTP/1.1" 404 23126 "-" "Mozilla/5.0 (compatible; DataForSeoBot/1.0; +https://dataforseo.com/dataforseo-bot)"
40.69.93.202 - - [07/Jul/2025:13:21:06 -0400] "GET /xmrlpc.php HTTP/1.1" 404 23126 "-" "-"
40.69.93.202 - - [07/Jul/2025:13:21:14 -0400] "GET /post.php HTTP/1.1" 404 23126 "-" "-"
136.243.228.194 - - [07/Jul/2025:13:21:15 -0400] "GET /118owdaz29387.html HTTP/1.1" 404 23126 "-" "Mozilla/5.0 (compatible; DataForSeoBot/1.0; +https://dataforseo.com/dataforseo-bot)"
188.166.211.225 - - [07/Jul/2025:13:21:20 -0400] "GET /wp-login.php HTTP/1.1" 200 3095 "-" "Mozilla/5.0 (Windows NT 10.0; Win64; x64) AppleWebKit/537.36 (KHTML, like Gecko) Chrome/58.0.3029.110 Safari/537.3"
40.69.93.202 - - [07/Jul/2025:13:21:21 -0400] "GET /cgi-bin/upfile.php HTTP/1.1" 404 23126 "-" "-"
136.243.228.194 - - [07/Jul/2025:13:21:22 -0400] "GET /64piauq29917.html HTTP/1.1" 404 23126 "-" "Mozilla/5.0 (compatible; DataForSeoBot/1.0; +https://dataforseo.com/dataforseo-bot)"
188.166.211.225 - - [07/Jul/2025:13:21:25 -0400] "GET /wp-login.php HTTP/1.1" 200 3095 "-" "Mozilla/5.0 (Windows NT 10.0; Win64; x64) AppleWebKit/537.36 (KHTML, like Gecko) Chrome/58.0.3029.110 Safari/537.3"
40.69.93.202 - - [07/Jul/2025:13:21:27 -0400] "GET /wp-content/uploads/index.php HTTP/1.1" 301 0 "-" "-"
40.69.93.202 - - [07/Jul/2025:13:21:32 -0400] "GET /wp-content/uploads/ HTTP/1.1" 200 1334 "-" "-"
136.243.228.194 - - [07/Jul/2025:13:21:32 -0400] "GET /items/peynd36/22778?key=orientation HTTP/1.1" 404 23126 "-" "Mozilla/5.0 (compatible; DataForSeoBot/1.0; +https://dataforseo.com/dataforseo-bot)"
40.69.93.202 - - [07/Jul/2025:13:21:37 -0400] "GET /wp-admin/user/chosen.php HTTP/1.1" 404 23126 "-" "-"
66.249.64.105 - - [07/Jul/2025:13:21:39 -0400] "GET /pcmypage?callback=product/review/auc-gee-jee-168093 HTTP/1.1" 200 87700 "-" "Mozilla/5.0 (Linux; Android 6.0.1; Nexus 5X Build/MMB29P) AppleWebKit/537.36 (KHTML, like Gecko) Chrome/137.0.7151.103 Mobile Safari/537.36 (compatible; Googlebot/2.1; +http://www.google.com/bot.html)"
136.243.228.194 - - [07/Jul/2025:13:21:39 -0400] "GET /items/qvntr119/10245?key=bush HTTP/1.1" 404 23126 "-" "Mozilla/5.0 (compatible; DataForSeoBot/1.0; +https://dataforseo.com/dataforseo-bot)"
188.166.211.225 - - [07/Jul/2025:13:21:43 -0400] "GET /wp-login.php HTTP/1.1" 200 3095 "-" "Mozilla/5.0 (Windows NT 10.0; Win64; x64) AppleWebKit/537.36 (KHTML, like Gecko) Chrome/58.0.3029.110 Safari/537.3"
40.69.93.202 - - [07/Jul/2025:13:21:43 -0400] "GET /news.php HTTP/1.1" 404 23126 "-" "-"
136.243.228.194 - - [07/Jul/2025:13:21:45 -0400] "GET /292dco42793.html HTTP/1.1" 404 23126 "-" "Mozilla/5.0 (compatible; DataForSeoBot/1.0; +https://dataforseo.com/dataforseo-bot)"
188.166.211.225 - - [07/Jul/2025:13:21:48 -0400] "GET /wp-login.php HTTP/1.1" 200 3095 "-" "Mozilla/5.0 (Windows NT 10.0; Win64; x64) AppleWebKit/537.36 (KHTML, like Gecko) Chrome/58.0.3029.110 Safari/537.3"
40.69.93.202 - - [07/Jul/2025:13:21:48 -0400] "GET /wp-admin/wp-conflg.php HTTP/1.1" 404 23126 "-" "-"
40.69.93.202 - - [07/Jul/2025:13:21:53 -0400] "GET /wp-content/uploads/2024/index.php HTTP/1.1" 301 0 "-" "-"
136.243.228.194 - - [07/Jul/2025:13:21:51 -0400] "GET /items/elotu8/40326?key=item HTTP/1.1" 404 23126 "-" "Mozilla/5.0 (compatible; DataForSeoBot/1.0; +https://dataforseo.com/dataforseo-bot)"
40.69.93.202 - - [07/Jul/2025:13:21:57 -0400] "GET /wp-content/uploads/2024/ HTTP/1.1" 200 953 "-" "-"
40.69.93.202 - - [07/Jul/2025:13:21:59 -0400] "GET /wp-includes/images/smilies/index.php HTTP/1.1" 301 0 "-" "-"
136.243.228.194 - - [07/Jul/2025:13:21:58 -0400] "GET /201xaszp3810.html HTTP/1.1" 404 23126 "-" "Mozilla/5.0 (compatible; DataForSeoBot/1.0; +https://dataforseo.com/dataforseo-bot)"
40.69.93.202 - - [07/Jul/2025:13:22:02 -0400] "GET /wp-includes/images/smilies/ HTTP/1.1" 200 1358 "-" "-"
20.171.207.36 - - [07/Jul/2025:13:22:00 -0400] "GET /81efme35204.html HTTP/1.1" 404 23126 "-" "Mozilla/5.0 AppleWebKit/537.36 (KHTML, like Gecko; compatible; GPTBot/1.2; +https://openai.com/gptbot)"
66.249.64.104 - - [07/Jul/2025:13:22:05 -0400] "GET /pcmypage?callback=product/review/tuzukiya-s1022-3652 HTTP/1.1" 200 87691 "-" "Mozilla/5.0 (Linux; Android 6.0.1; Nexus 5X Build/MMB29P) AppleWebKit/537.36 (KHTML, like Gecko) Chrome/137.0.7151.103 Mobile Safari/537.36 (compatible; Googlebot/2.1; +http://www.google.com/bot.html)"
40.69.93.202 - - [07/Jul/2025:13:22:05 -0400] "GET /plugins.php HTTP/1.1" 404 23126 "-" "-"
136.243.228.194 - - [07/Jul/2025:13:22:06 -0400] "GET /items/iivsb240/45726?key=alone HTTP/1.1" 404 23126 "-" "Mozilla/5.0 (compatible; DataForSeoBot/1.0; +https://dataforseo.com/dataforseo-bot)"
40.69.93.202 - - [07/Jul/2025:13:22:10 -0400] "GET /chosen.php HTTP/1.1" 404 23126 "-" "-"
40.69.93.202 - - [07/Jul/2025:13:22:14 -0400] "GET /wp-includes/ID3/index.php HTTP/1.1" 301 0 "-" "-"
136.243.228.194 - - [07/Jul/2025:13:22:13 -0400] "GET /129sni18774.html HTTP/1.1" 404 23126 "-" "Mozilla/5.0 (compatible; DataForSeoBot/1.0; +https://dataforseo.com/dataforseo-bot)"
40.69.93.202 - - [07/Jul/2025:13:22:16 -0400] "GET /wp-includes/ID3/ HTTP/1.1" 200 1320 "-" "-"
40.69.93.202 - - [07/Jul/2025:13:22:17 -0400] "GET /images/admin.php HTTP/1.1" 404 23126 "-" "-"
136.243.228.194 - - [07/Jul/2025:13:22:18 -0400] "GET /items/zubbe126/26444?key=identical HTTP/1.1" 404 23126 "-" "Mozilla/5.0 (compatible; DataForSeoBot/1.0; +https://dataforseo.com/dataforseo-bot)"
40.69.93.202 - - [07/Jul/2025:13:22:22 -0400] "GET /edit.php HTTP/1.1" 404 23126 "-" "-"
136.243.228.194 - - [07/Jul/2025:13:22:25 -0400] "GET /87sgkv41460.html HTTP/1.1" 404 23126 "-" "Mozilla/5.0 (compatible; DataForSeoBot/1.0; +https://dataforseo.com/dataforseo-bot)"
40.69.93.202 - - [07/Jul/2025:13:22:27 -0400] "GET /wp-admin/user/admin.php HTTP/1.1" 302 0 "-" "-"
188.166.211.225 - - [07/Jul/2025:13:22:28 -0400] "GET /wp-login.php HTTP/1.1" 200 3095 "-" "Mozilla/5.0 (Macintosh; Intel Mac OS X 10_11_5) AppleWebKit/537.36 (KHTML, like Gecko) Chrome/50.0.2661.102 Safari/537.36"
40.69.93.202 - - [07/Jul/2025:13:22:30 -0400] "GET /wp-login.php?redirect_to=https%3A%2F%2Fdangroup.sa%2Fwp-admin%2Fuser%2Fadmin.php&reauth=1 HTTP/1.1" 200 3105 "-" "-"
47.82.60.8 - - [07/Jul/2025:13:22:29 -0400] "GET /53sblhw47502.html HTTP/1.1" 404 23126 "https://dangroup.sa/53sblhw47502.html" "Mozilla/5.0 (Windows NT 10.0; Win64; x64) AppleWebKit/537.36 (KHTML, like Gecko) Chrome/114.0.0.0 Safari/537.36 Edg/114.0.1823.43"
136.243.228.194 - - [07/Jul/2025:13:22:31 -0400] "GET /285zium49498.html HTTP/1.1" 404 23126 "-" "Mozilla/5.0 (compatible; DataForSeoBot/1.0; +https://dataforseo.com/dataforseo-bot)"
188.166.211.225 - - [07/Jul/2025:13:22:33 -0400] "GET /wp-login.php HTTP/1.1" 200 3095 "-" "Mozilla/5.0 (Macintosh; Intel Mac OS X 10_11_5) AppleWebKit/537.36 (KHTML, like Gecko) Chrome/50.0.2661.102 Safari/537.36"
40.69.93.202 - - [07/Jul/2025:13:22:33 -0400] "GET /wp-admin/css/colors/index.php HTTP/1.1" 301 0 "-" "-"
66.249.64.104 - - [07/Jul/2025:13:22:33 -0400] "GET /33uopwd13068.html HTTP/1.1" 200 88186 "-" "Mozilla/5.0 (Linux; Android 6.0.1; Nexus 5X Build/MMB29P) AppleWebKit/537.36 (KHTML, like Gecko) Chrome/137.0.7151.103 Mobile Safari/537.36 (compatible; Googlebot/2.1; +http://www.google.com/bot.html)"
40.69.93.202 - - [07/Jul/2025:13:22:36 -0400] "GET /wp-admin/css/colors/ HTTP/1.1" 200 1093 "-" "-"
47.82.60.24 - - [07/Jul/2025:13:22:33 -0400] "GET /142jhl34491.html HTTP/1.1" 404 23126 "https://dangroup.sa/142jhl34491.html" "Mozilla/5.0 (Windows NT 10.0; Win64; x64) AppleWebKit/537.36 (KHTML, like Gecko) Chrome/114.0.0.0 Safari/537.36 Edg/114.0.1823.43"
66.249.64.104 - - [07/Jul/2025:13:22:36 -0400] "GET /120bop5123.html HTTP/1.1" 200 87837 "-" "Mozilla/5.0 (Linux; Android 6.0.1; Nexus 5X Build/MMB29P) AppleWebKit/537.36 (KHTML, like Gecko) Chrome/137.0.7151.103 Mobile Safari/537.36 (compatible; Googlebot/2.1; +http://www.google.com/bot.html)"
66.249.64.161 - - [07/Jul/2025:13:22:39 -0400] "GET /165cjtiu45616.html HTTP/1.1" 200 87265 "-" "Mozilla/5.0 (Linux; Android 6.0.1; Nexus 5X Build/MMB29P) AppleWebKit/537.36 (KHTML, like Gecko) Chrome/137.0.7151.103 Mobile Safari/537.36 (compatible; Googlebot/2.1; +http://www.google.com/bot.html)"
136.243.228.194 - - [07/Jul/2025:13:22:38 -0400] "GET /30doj25675.html HTTP/1.1" 404 23126 "-" "Mozilla/5.0 (compatible; DataForSeoBot/1.0; +https://dataforseo.com/dataforseo-bot)"
40.69.93.202 - - [07/Jul/2025:13:22:38 -0400] "GET /makeasmtp.php HTTP/1.1" 404 23126 "-" "-"
40.69.93.202 - - [07/Jul/2025:13:22:44 -0400] "GET /wp-content/plugins/seoo/wsoyanz.php HTTP/1.1" 404 23126 "-" "-"
66.249.64.104 - - [07/Jul/2025:13:22:45 -0400] "GET /42ahd1745.html HTTP/1.1" 200 87381 "-" "Mozilla/5.0 (Linux; Android 6.0.1; Nexus 5X Build/MMB29P) AppleWebKit/537.36 (KHTML, like Gecko) Chrome/137.0.7151.103 Mobile Safari/537.36 (compatible; Googlebot/2.1; +http://www.google.com/bot.html)"
136.243.228.194 - - [07/Jul/2025:13:22:45 -0400] "GET /items/adrrb179/18361?key=severely HTTP/1.1" 404 23126 "-" "Mozilla/5.0 (compatible; DataForSeoBot/1.0; +https://dataforseo.com/dataforseo-bot)"
40.69.93.202 - - [07/Jul/2025:13:22:50 -0400] "GET /wp-admin/network/chosen.php HTTP/1.1" 404 23126 "-" "-"
136.243.228.194 - - [07/Jul/2025:13:22:51 -0400] "GET /17qxel3386.html HTTP/1.1" 404 23126 "-" "Mozilla/5.0 (compatible; DataForSeoBot/1.0; +https://dataforseo.com/dataforseo-bot)"
40.69.93.202 - - [07/Jul/2025:13:22:55 -0400] "GET /wp-includes/sodium_compat/autoload_classmap.php HTTP/1.1" 404 23126 "-" "-"
188.166.211.225 - - [07/Jul/2025:13:22:58 -0400] "GET /wp-login.php HTTP/1.1" 200 3095 "-" "Mozilla/5.0 (Windows NT 6.1; WOW64; Trident/7.0; AS; rv:11.0) like Gecko"
136.243.228.194 - - [07/Jul/2025:13:22:58 -0400] "GET /16yey37801.html HTTP/1.1" 404 23126 "-" "Mozilla/5.0 (compatible; DataForSeoBot/1.0; +https://dataforseo.com/dataforseo-bot)"
40.69.93.202 - - [07/Jul/2025:13:22:58 -0400] "GET /wp-includes/images/smilies/about.php HTTP/1.1" 404 23126 "-" "-"
188.166.211.225 - - [07/Jul/2025:13:23:02 -0400] "GET /wp-login.php HTTP/1.1" 200 3095 "-" "Mozilla/5.0 (Windows NT 6.1; WOW64; Trident/7.0; AS; rv:11.0) like Gecko"
20.171.207.36 - - [07/Jul/2025:13:23:03 -0400] "GET /11cubd34382.html HTTP/1.1" 404 23126 "-" "Mozilla/5.0 AppleWebKit/537.36 (KHTML, like Gecko; compatible; GPTBot/1.2; +https://openai.com/gptbot)"
40.69.93.202 - - [07/Jul/2025:13:23:04 -0400] "GET /wp-includes/autoload_classmap.php HTTP/1.1" 404 23126 "-" "-"
136.243.228.194 - - [07/Jul/2025:13:23:05 -0400] "GET /items/mibbz252/49106?key=testing HTTP/1.1" 404 23126 "-" "Mozilla/5.0 (compatible; DataForSeoBot/1.0; +https://dataforseo.com/dataforseo-bot)"
