66.249.64.174 - - [07/Jul/2025:11:58:48 -0400] "GET /218ysc14523.html HTTP/1.1" 200 86341 "-" "Mozilla/5.0 (Linux; Android 6.0.1; Nexus 5X Build/MMB29P) AppleWebKit/537.36 (KHTML, like Gecko) Chrome/137.0.7151.103 Mobile Safari/537.36 (compatible; Googlebot/2.1; +http://www.google.com/bot.html)"
136.243.228.194 - - [07/Jul/2025:11:58:50 -0400] "GET /84ksvoj2163.html HTTP/1.1" 404 23127 "-" "Mozilla/5.0 (compatible; DataForSeoBot/1.0; +https://dataforseo.com/dataforseo-bot)"
20.171.207.36 - - [07/Jul/2025:11:58:50 -0400] "GET /78mcgw30121.html HTTP/1.1" 404 23126 "-" "Mozilla/5.0 AppleWebKit/537.36 (KHTML, like Gecko; compatible; GPTBot/1.2; +https://openai.com/gptbot)"
66.249.64.174 - - [07/Jul/2025:11:59:01 -0400] "GET /134llapz18135.html HTTP/1.1" 200 87587 "-" "Mozilla/5.0 (Linux; Android 6.0.1; Nexus 5X Build/MMB29P) AppleWebKit/537.36 (KHTML, like Gecko) Chrome/137.0.7151.103 Mobile Safari/537.36 (compatible; Googlebot/2.1; +http://www.google.com/bot.html)"
136.243.228.194 - - [07/Jul/2025:11:58:59 -0400] "GET /items/qvnhs208/708?key=perspective HTTP/1.1" 404 23126 "-" "Mozilla/5.0 (compatible; DataForSeoBot/1.0; +https://dataforseo.com/dataforseo-bot)"
188.166.211.225 - - [07/Jul/2025:11:59:09 -0400] "GET /wp-login.php HTTP/1.1" 200 3095 "-" "Mozilla/5.0 (Windows NT 6.3; WOW64; rv:40.0) Gecko/20100101 Firefox/40.0"
136.243.228.194 - - [07/Jul/2025:11:59:07 -0400] "GET /items/icnwb109/25?key=inevitable HTTP/1.1" 404 23126 "-" "Mozilla/5.0 (compatible; DataForSeoBot/1.0; +https://dataforseo.com/dataforseo-bot)"
188.166.211.225 - - [07/Jul/2025:11:59:13 -0400] "GET /wp-login.php HTTP/1.1" 200 3095 "-" "Mozilla/5.0 (Windows NT 6.3; WOW64; rv:40.0) Gecko/20100101 Firefox/40.0"
136.243.228.194 - - [07/Jul/2025:11:59:12 -0400] "GET /194tciuy9009.html HTTP/1.1" 404 23126 "-" "Mozilla/5.0 (compatible; DataForSeoBot/1.0; +https://dataforseo.com/dataforseo-bot)"
66.249.64.174 - - [07/Jul/2025:11:59:16 -0400] "GET /11iav19576.html HTTP/1.1" 200 86815 "-" "Mozilla/5.0 (Linux; Android 6.0.1; Nexus 5X Build/MMB29P) AppleWebKit/537.36 (KHTML, like Gecko) Chrome/137.0.7151.103 Mobile Safari/537.36 (compatible; Googlebot/2.1; +http://www.google.com/bot.html)"
136.243.228.194 - - [07/Jul/2025:11:59:17 -0400] "GET /items/nvomv265/30717?key=mutual HTTP/1.1" 404 23126 "-" "Mozilla/5.0 (compatible; DataForSeoBot/1.0; +https://dataforseo.com/dataforseo-bot)"
136.243.228.194 - - [07/Jul/2025:11:59:22 -0400] "GET /items/udokq214/11760?key=here HTTP/1.1" 404 23127 "-" "Mozilla/5.0 (compatible; DataForSeoBot/1.0; +https://dataforseo.com/dataforseo-bot)"
136.243.228.194 - - [07/Jul/2025:11:59:25 -0400] "GET /items/xqerz151/20707?key=insight HTTP/1.1" 404 23126 "-" "Mozilla/5.0 (compatible; DataForSeoBot/1.0; +https://dataforseo.com/dataforseo-bot)"
66.29.146.47 - - [07/Jul/2025:11:59:30 -0400] "POST /wp-cron.php?doing_wp_cron=1751903970.6260890960693359375000 HTTP/1.1" 403 1242 "-" "WordPress/6.8; https://dangroup.sa"
188.166.211.225 - - [07/Jul/2025:11:59:30 -0400] "GET /wp-login.php HTTP/1.1" 200 3095 "-" "Mozilla/5.0 (Macintosh; Intel Mac OS X 10_11_5) AppleWebKit/537.36 (KHTML, like Gecko) Chrome/50.0.2661.102 Safari/537.36"
136.243.228.194 - - [07/Jul/2025:11:59:30 -0400] "GET /items/zxrrq19/7631?key=wheat HTTP/1.1" 404 23126 "-" "Mozilla/5.0 (compatible; DataForSeoBot/1.0; +https://dataforseo.com/dataforseo-bot)"
188.166.211.225 - - [07/Jul/2025:11:59:35 -0400] "GET /wp-login.php HTTP/1.1" 200 3095 "-" "Mozilla/5.0 (Macintosh; Intel Mac OS X 10_11_5) AppleWebKit/537.36 (KHTML, like Gecko) Chrome/50.0.2661.102 Safari/537.36"
136.243.228.194 - - [07/Jul/2025:11:59:35 -0400] "GET /items/xfspf172/30280?key=too HTTP/1.1" 404 23126 "-" "Mozilla/5.0 (compatible; DataForSeoBot/1.0; +https://dataforseo.com/dataforseo-bot)"
66.249.64.174 - - [07/Jul/2025:11:59:41 -0400] "GET /285gamf37114.html HTTP/1.1" 200 88606 "-" "Mozilla/5.0 (Linux; Android 6.0.1; Nexus 5X Build/MMB29P) AppleWebKit/537.36 (KHTML, like Gecko) Chrome/137.0.7151.103 Mobile Safari/537.36 (compatible; Googlebot/2.1; +http://www.google.com/bot.html)"
136.243.228.194 - - [07/Jul/2025:11:59:40 -0400] "GET /179oxnuw10084.html HTTP/1.1" 404 23126 "-" "Mozilla/5.0 (compatible; DataForSeoBot/1.0; +https://dataforseo.com/dataforseo-bot)"
136.243.228.194 - - [07/Jul/2025:11:59:44 -0400] "GET /79owhgr31580.html HTTP/1.1" 404 23126 "-" "Mozilla/5.0 (compatible; DataForSeoBot/1.0; +https://dataforseo.com/dataforseo-bot)"
136.243.228.194 - - [07/Jul/2025:11:59:49 -0400] "GET /90qma23197.html HTTP/1.1" 404 23127 "-" "Mozilla/5.0 (compatible; DataForSeoBot/1.0; +https://dataforseo.com/dataforseo-bot)"
136.243.228.194 - - [07/Jul/2025:11:59:55 -0400] "GET /items/autig22/13828?key=tribal HTTP/1.1" 404 23126 "-" "Mozilla/5.0 (compatible; DataForSeoBot/1.0; +https://dataforseo.com/dataforseo-bot)"
20.171.207.36 - - [07/Jul/2025:11:59:55 -0400] "GET /14mvgi43829.html HTTP/1.1" 404 23126 "-" "Mozilla/5.0 AppleWebKit/537.36 (KHTML, like Gecko; compatible; GPTBot/1.2; +https://openai.com/gptbot)"
66.249.64.160 - - [07/Jul/2025:12:00:07 -0400] "GET /196fojz42053.html HTTP/1.1" 200 86817 "-" "Mozilla/5.0 (Linux; Android 6.0.1; Nexus 5X Build/MMB29P) AppleWebKit/537.36 (KHTML, like Gecko) Chrome/137.0.7151.103 Mobile Safari/537.36 (compatible; Googlebot/2.1; +http://www.google.com/bot.html)"
136.243.228.194 - - [07/Jul/2025:12:00:05 -0400] "GET /265dijzd33424.html HTTP/1.1" 404 23126 "-" "Mozilla/5.0 (compatible; DataForSeoBot/1.0; +https://dataforseo.com/dataforseo-bot)"
188.166.211.225 - - [07/Jul/2025:12:00:11 -0400] "GET /wp-login.php HTTP/1.1" 200 3095 "-" "Mozilla/5.0 (Windows NT 6.1; WOW64; Trident/7.0; AS; rv:11.0) like Gecko"
188.166.211.225 - - [07/Jul/2025:12:00:14 -0400] "GET /wp-login.php HTTP/1.1" 200 3095 "-" "Mozilla/5.0 (Windows NT 6.1; WOW64; Trident/7.0; AS; rv:11.0) like Gecko"
136.243.228.194 - - [07/Jul/2025:12:00:14 -0400] "GET /items/aequa239/48795?key=rhetoric HTTP/1.1" 404 23126 "-" "Mozilla/5.0 (compatible; DataForSeoBot/1.0; +https://dataforseo.com/dataforseo-bot)"
136.243.228.194 - - [07/Jul/2025:12:00:21 -0400] "GET /items/fsoqk123/6781?key=reluctant HTTP/1.1" 404 23126 "-" "Mozilla/5.0 (compatible; DataForSeoBot/1.0; +https://dataforseo.com/dataforseo-bot)"
136.243.228.194 - - [07/Jul/2025:12:00:28 -0400] "GET /items/bwvnu274/35862?key=philosophy HTTP/1.1" 404 23126 "-" "Mozilla/5.0 (compatible; DataForSeoBot/1.0; +https://dataforseo.com/dataforseo-bot)"
66.249.64.174 - - [07/Jul/2025:12:00:32 -0400] "GET /83lhnk39546.html HTTP/1.1" 200 86691 "-" "Mozilla/5.0 (Linux; Android 6.0.1; Nexus 5X Build/MMB29P) AppleWebKit/537.36 (KHTML, like Gecko) Chrome/137.0.7151.103 Mobile Safari/537.36 (compatible; Googlebot/2.1; +http://www.google.com/bot.html)"
66.29.146.47 - - [07/Jul/2025:12:00:34 -0400] "POST /wp-cron.php?doing_wp_cron=1751904034.0329821109771728515625 HTTP/1.1" 403 1242 "-" "WordPress/6.8; https://dangroup.sa"
66.29.146.47 - - [07/Jul/2025:12:00:34 -0400] "POST /wp-cron.php?doing_wp_cron=1751904034.0800149440765380859375 HTTP/1.1" 403 1242 "-" "WordPress/6.8; https://dangroup.sa"
188.166.211.225 - - [07/Jul/2025:12:00:33 -0400] "GET /wp-login.php HTTP/1.1" 200 3095 "-" "Mozilla/5.0 (Windows NT 6.1; WOW64; Trident/7.0; AS; rv:11.0) like Gecko"
136.243.228.194 - - [07/Jul/2025:12:00:32 -0400] "GET /items/mleos71/43481?key=juror HTTP/1.1" 404 23126 "-" "Mozilla/5.0 (compatible; DataForSeoBot/1.0; +https://dataforseo.com/dataforseo-bot)"
188.166.211.225 - - [07/Jul/2025:12:00:37 -0400] "GET /wp-login.php HTTP/1.1" 200 3095 "-" "Mozilla/5.0 (Windows NT 6.1; WOW64; Trident/7.0; AS; rv:11.0) like Gecko"
136.243.228.194 - - [07/Jul/2025:12:00:39 -0400] "GET /items/pbriy256/32798?key=chief HTTP/1.1" 404 23126 "-" "Mozilla/5.0 (compatible; DataForSeoBot/1.0; +https://dataforseo.com/dataforseo-bot)"
136.243.228.194 - - [07/Jul/2025:12:00:43 -0400] "GET /items/vmtlq34/3686?key=fight HTTP/1.1" 404 23126 "-" "Mozilla/5.0 (compatible; DataForSeoBot/1.0; +https://dataforseo.com/dataforseo-bot)"
136.243.228.194 - - [07/Jul/2025:12:00:51 -0400] "GET /items/suykw243/26059?key=appoint HTTP/1.1" 404 23126 "-" "Mozilla/5.0 (compatible; DataForSeoBot/1.0; +https://dataforseo.com/dataforseo-bot)"
66.249.64.174 - - [07/Jul/2025:12:00:57 -0400] "GET /48taz4779.html HTTP/1.1" 200 87426 "-" "Mozilla/5.0 (Linux; Android 6.0.1; Nexus 5X Build/MMB29P) AppleWebKit/537.36 (KHTML, like Gecko) Chrome/137.0.7151.103 Mobile Safari/537.36 (compatible; Googlebot/2.1; +http://www.google.com/bot.html)"
136.243.228.194 - - [07/Jul/2025:12:00:59 -0400] "GET /194ufgiv7103.html HTTP/1.1" 404 23126 "-" "Mozilla/5.0 (compatible; DataForSeoBot/1.0; +https://dataforseo.com/dataforseo-bot)"
20.171.207.36 - - [07/Jul/2025:12:01:00 -0400] "GET /12ksot17943.html HTTP/1.1" 404 23126 "-" "Mozilla/5.0 AppleWebKit/537.36 (KHTML, like Gecko; compatible; GPTBot/1.2; +https://openai.com/gptbot)"
136.243.228.194 - - [07/Jul/2025:12:01:07 -0400] "GET /items/zawzf227/48201?key=north HTTP/1.1" 404 23126 "-" "Mozilla/5.0 (compatible; DataForSeoBot/1.0; +https://dataforseo.com/dataforseo-bot)"
66.249.64.161 - - [07/Jul/2025:12:01:14 -0400] "GET /items/wxtsm19/12515?key=excitement HTTP/1.1" 200 86876 "-" "Mozilla/5.0 (Linux; Android 6.0.1; Nexus 5X Build/MMB29P) AppleWebKit/537.36 (KHTML, like Gecko) Chrome/137.0.7151.103 Mobile Safari/537.36 (compatible; Googlebot/2.1; +http://www.google.com/bot.html)"
136.243.228.194 - - [07/Jul/2025:12:01:16 -0400] "GET /206nubdk46375.html HTTP/1.1" 404 23126 "-" "Mozilla/5.0 (compatible; DataForSeoBot/1.0; +https://dataforseo.com/dataforseo-bot)"
66.249.64.174 - - [07/Jul/2025:12:01:22 -0400] "GET /296itgze28587.html HTTP/1.1" 200 86516 "-" "Mozilla/5.0 (Linux; Android 6.0.1; Nexus 5X Build/MMB29P) AppleWebKit/537.36 (KHTML, like Gecko) Chrome/137.0.7151.103 Mobile Safari/537.36 (compatible; Googlebot/2.1; +http://www.google.com/bot.html)"
136.243.228.194 - - [07/Jul/2025:12:01:22 -0400] "GET /146ihf32211.html HTTP/1.1" 404 23126 "-" "Mozilla/5.0 (compatible; DataForSeoBot/1.0; +https://dataforseo.com/dataforseo-bot)"
188.166.211.225 - - [07/Jul/2025:12:01:25 -0400] "GET /wp-login.php HTTP/1.1" 200 3095 "-" "Mozilla/5.0 (Windows NT 6.1; WOW64; Trident/7.0; AS; rv:11.0) like Gecko"
188.166.211.225 - - [07/Jul/2025:12:01:27 -0400] "GET /wp-login.php HTTP/1.1" 200 3129 "-" "Mozilla/5.0 (Windows NT 6.1; WOW64; Trident/7.0; AS; rv:11.0) like Gecko"
136.243.228.194 - - [07/Jul/2025:12:01:26 -0400] "GET /items/tpacr230/13928?key=rifle HTTP/1.1" 404 23126 "-" "Mozilla/5.0 (compatible; DataForSeoBot/1.0; +https://dataforseo.com/dataforseo-bot)"
136.243.228.194 - - [07/Jul/2025:12:01:31 -0400] "GET /items/llgud108/39534?key=mother HTTP/1.1" 404 23126 "-" "Mozilla/5.0 (compatible; DataForSeoBot/1.0; +https://dataforseo.com/dataforseo-bot)"
66.29.146.47 - - [07/Jul/2025:12:01:36 -0400] "POST /wp-cron.php?doing_wp_cron=1751904096.0221190452575683593750 HTTP/1.1" 403 1242 "-" "WordPress/6.8; https://dangroup.sa"
136.243.228.194 - - [07/Jul/2025:12:01:35 -0400] "GET /27vdbsj19154.html HTTP/1.1" 404 23126 "-" "Mozilla/5.0 (compatible; DataForSeoBot/1.0; +https://dataforseo.com/dataforseo-bot)"
136.243.228.194 - - [07/Jul/2025:12:01:42 -0400] "GET /295iqwx20362.html HTTP/1.1" 404 23126 "-" "Mozilla/5.0 (compatible; DataForSeoBot/1.0; +https://dataforseo.com/dataforseo-bot)"
136.243.228.194 - - [07/Jul/2025:12:01:48 -0400] "GET /items/ghznh254/20106?key=closed HTTP/1.1" 404 23126 "-" "Mozilla/5.0 (compatible; DataForSeoBot/1.0; +https://dataforseo.com/dataforseo-bot)"
188.166.211.225 - - [07/Jul/2025:12:02:00 -0400] "GET /wp-login.php HTTP/1.1" 200 3095 "-" "Mozilla/5.0 (Windows NT 6.1; WOW64; Trident/7.0; AS; rv:11.0) like Gecko"
188.166.211.225 - - [07/Jul/2025:12:02:03 -0400] "GET /wp-login.php HTTP/1.1" 200 3095 "-" "Mozilla/5.0 (Windows NT 6.1; WOW64; Trident/7.0; AS; rv:11.0) like Gecko"
136.243.228.194 - - [07/Jul/2025:12:02:00 -0400] "GET /items/nfemm51/22151?key=valuable HTTP/1.1" 404 23126 "-" "Mozilla/5.0 (compatible; DataForSeoBot/1.0; +https://dataforseo.com/dataforseo-bot)"
20.171.207.36 - - [07/Jul/2025:12:02:01 -0400] "GET /64arfs46153.html HTTP/1.1" 404 23126 "-" "Mozilla/5.0 AppleWebKit/537.36 (KHTML, like Gecko; compatible; GPTBot/1.2; +https://openai.com/gptbot)"
66.249.64.161 - - [07/Jul/2025:12:02:11 -0400] "GET /13bub25936.html HTTP/1.1" 200 87303 "-" "Mozilla/5.0 (Linux; Android 6.0.1; Nexus 5X Build/MMB29P) AppleWebKit/537.36 (KHTML, like Gecko) Chrome/137.0.7151.103 Mobile Safari/537.36 (compatible; Googlebot/2.1; +http://www.google.com/bot.html)"
136.243.228.194 - - [07/Jul/2025:12:02:10 -0400] "GET /items/kfygh5/22117?key=vary HTTP/1.1" 404 23126 "-" "Mozilla/5.0 (compatible; DataForSeoBot/1.0; +https://dataforseo.com/dataforseo-bot)"
136.243.228.194 - - [07/Jul/2025:12:02:17 -0400] "GET /235ibu43380.html HTTP/1.1" 404 23126 "-" "Mozilla/5.0 (compatible; DataForSeoBot/1.0; +https://dataforseo.com/dataforseo-bot)"
66.249.64.161 - - [07/Jul/2025:12:02:25 -0400] "GET /176nsmqc40893.html HTTP/1.1" 200 87243 "-" "Mozilla/5.0 (Linux; Android 6.0.1; Nexus 5X Build/MMB29P) AppleWebKit/537.36 (KHTML, like Gecko) Chrome/137.0.7151.103 Mobile Safari/537.36 (compatible; Googlebot/2.1; +http://www.google.com/bot.html)"
136.243.228.194 - - [07/Jul/2025:12:02:25 -0400] "GET /items/bpczq227/22517?key=mind HTTP/1.1" 404 23126 "-" "Mozilla/5.0 (compatible; DataForSeoBot/1.0; +https://dataforseo.com/dataforseo-bot)"
136.243.228.194 - - [07/Jul/2025:12:02:30 -0400] "GET /219lemo24228.html HTTP/1.1" 404 23126 "-" "Mozilla/5.0 (compatible; DataForSeoBot/1.0; +https://dataforseo.com/dataforseo-bot)"
66.29.146.47 - - [07/Jul/2025:12:02:36 -0400] "POST /wp-cron.php?doing_wp_cron=1751904156.3696410655975341796875 HTTP/1.1" 403 1242 "-" "WordPress/6.8; https://dangroup.sa"
136.243.228.194 - - [07/Jul/2025:12:02:35 -0400] "GET /items/aggim96/2720?key=discrimination HTTP/1.1" 404 23126 "-" "Mozilla/5.0 (compatible; DataForSeoBot/1.0; +https://dataforseo.com/dataforseo-bot)"
66.249.64.161 - - [07/Jul/2025:12:02:38 -0400] "GET /233botue4580.html HTTP/1.1" 200 86434 "-" "Mozilla/5.0 (Linux; Android 6.0.1; Nexus 5X Build/MMB29P) AppleWebKit/537.36 (KHTML, like Gecko) Chrome/137.0.7151.103 Mobile Safari/537.36 (compatible; Googlebot/2.1; +http://www.google.com/bot.html)"
188.166.211.225 - - [07/Jul/2025:12:02:38 -0400] "GET /wp-login.php HTTP/1.1" 200 3095 "-" "Mozilla/5.0 (Macintosh; Intel Mac OS X 10_11_5) AppleWebKit/537.36 (KHTML, like Gecko) Chrome/50.0.2661.102 Safari/537.36"
188.166.211.225 - - [07/Jul/2025:12:02:40 -0400] "GET /wp-login.php HTTP/1.1" 200 3095 "-" "Mozilla/5.0 (Macintosh; Intel Mac OS X 10_11_5) AppleWebKit/537.36 (KHTML, like Gecko) Chrome/50.0.2661.102 Safari/537.36"
66.249.64.161 - - [07/Jul/2025:12:02:41 -0400] "GET /items/critz30/32534?key=narrow HTTP/1.1" 200 87675 "-" "Mozilla/5.0 (Linux; Android 6.0.1; Nexus 5X Build/MMB29P) AppleWebKit/537.36 (KHTML, like Gecko) Chrome/137.0.7151.103 Mobile Safari/537.36 (compatible; Googlebot/2.1; +http://www.google.com/bot.html)"
136.243.228.194 - - [07/Jul/2025:12:02:41 -0400] "GET /167jesww4782.html HTTP/1.1" 404 23126 "-" "Mozilla/5.0 (compatible; DataForSeoBot/1.0; +https://dataforseo.com/dataforseo-bot)"
136.243.228.194 - - [07/Jul/2025:12:02:47 -0400] "GET /items/lgrvp234/41306?key=goat HTTP/1.1" 404 23126 "-" "Mozilla/5.0 (compatible; DataForSeoBot/1.0; +https://dataforseo.com/dataforseo-bot)"
136.243.228.194 - - [07/Jul/2025:12:02:53 -0400] "GET /items/xxioa286/26982?key=adviser HTTP/1.1" 404 23126 "-" "Mozilla/5.0 (compatible; DataForSeoBot/1.0; +https://dataforseo.com/dataforseo-bot)"
66.249.64.161 - - [07/Jul/2025:12:02:59 -0400] "GET /items/gdubm73/375?key=advice HTTP/1.1" 200 87430 "-" "Mozilla/5.0 (Linux; Android 6.0.1; Nexus 5X Build/MMB29P) AppleWebKit/537.36 (KHTML, like Gecko) Chrome/137.0.7151.103 Mobile Safari/537.36 (compatible; Googlebot/2.1; +http://www.google.com/bot.html)"
20.171.207.36 - - [07/Jul/2025:12:03:02 -0400] "GET /13jyqx42532.html HTTP/1.1" 404 23126 "-" "Mozilla/5.0 AppleWebKit/537.36 (KHTML, like Gecko; compatible; GPTBot/1.2; +https://openai.com/gptbot)"
136.243.228.194 - - [07/Jul/2025:12:03:02 -0400] "GET /290ghqy4563.html HTTP/1.1" 404 23126 "-" "Mozilla/5.0 (compatible; DataForSeoBot/1.0; +https://dataforseo.com/dataforseo-bot)"
51.222.253.17 - - [07/Jul/2025:12:03:07 -0400] "GET /items/pumxq50/28400?key=combat HTTP/1.1" 404 23126 "-" "Mozilla/5.0 (compatible; AhrefsBot/7.0; +http://ahrefs.com/robot/)"
188.166.211.225 - - [07/Jul/2025:12:03:13 -0400] "GET /wp-login.php HTTP/1.1" 200 3095 "-" "Mozilla/5.0 (Windows NT 10.0; Win64; x64) AppleWebKit/537.36 (KHTML, like Gecko) Chrome/58.0.3029.110 Safari/537.3"
136.243.228.194 - - [07/Jul/2025:12:03:10 -0400] "GET /items/brclw266/36218?key=forgive HTTP/1.1" 404 23126 "-" "Mozilla/5.0 (compatible; DataForSeoBot/1.0; +https://dataforseo.com/dataforseo-bot)"
188.166.211.225 - - [07/Jul/2025:12:03:17 -0400] "GET /wp-login.php HTTP/1.1" 200 3095 "-" "Mozilla/5.0 (Windows NT 10.0; Win64; x64) AppleWebKit/537.36 (KHTML, like Gecko) Chrome/58.0.3029.110 Safari/537.3"
66.249.64.161 - - [07/Jul/2025:12:03:19 -0400] "GET /26omusn3819.html HTTP/1.1" 200 87122 "-" "Mozilla/5.0 (Linux; Android 6.0.1; Nexus 5X Build/MMB29P) AppleWebKit/537.36 (KHTML, like Gecko) Chrome/137.0.7151.103 Mobile Safari/537.36 (compatible; Googlebot/2.1; +http://www.google.com/bot.html)"
136.243.228.194 - - [07/Jul/2025:12:03:16 -0400] "GET /items/tbasx104/19552?key=apparently HTTP/1.1" 404 23126 "-" "Mozilla/5.0 (compatible; DataForSeoBot/1.0; +https://dataforseo.com/dataforseo-bot)"
136.243.228.194 - - [07/Jul/2025:12:03:21 -0400] "GET /282gipqz37613.html HTTP/1.1" 404 23126 "-" "Mozilla/5.0 (compatible; DataForSeoBot/1.0; +https://dataforseo.com/dataforseo-bot)"
136.243.228.194 - - [07/Jul/2025:12:03:27 -0400] "GET /items/sjjqa24/5262?key=same HTTP/1.1" 404 23127 "-" "Mozilla/5.0 (compatible; DataForSeoBot/1.0; +https://dataforseo.com/dataforseo-bot)"
136.243.228.194 - - [07/Jul/2025:12:03:35 -0400] "GET /items/tsknh38/36470?key=statute HTTP/1.1" 404 23126 "-" "Mozilla/5.0 (compatible; DataForSeoBot/1.0; +https://dataforseo.com/dataforseo-bot)"
66.29.146.47 - - [07/Jul/2025:12:03:41 -0400] "POST /wp-cron.php?doing_wp_cron=1751904220.9438710212707519531250 HTTP/1.1" 403 1242 "-" "WordPress/6.8; https://dangroup.sa"
136.243.228.194 - - [07/Jul/2025:12:03:40 -0400] "GET /189brus3778.html HTTP/1.1" 404 23126 "-" "Mozilla/5.0 (compatible; DataForSeoBot/1.0; +https://dataforseo.com/dataforseo-bot)"
66.249.64.160 - - [07/Jul/2025:12:03:44 -0400] "GET /124rrd6993.html HTTP/1.1" 200 88235 "-" "Mozilla/5.0 (Linux; Android 6.0.1; Nexus 5X Build/MMB29P) AppleWebKit/537.36 (KHTML, like Gecko) Chrome/137.0.7151.103 Mobile Safari/537.36 (compatible; Googlebot/2.1; +http://www.google.com/bot.html)"
136.243.228.194 - - [07/Jul/2025:12:03:44 -0400] "GET /items/qhwah284/27910?key=diary HTTP/1.1" 404 23127 "-" "Mozilla/5.0 (compatible; DataForSeoBot/1.0; +https://dataforseo.com/dataforseo-bot)"
136.243.228.194 - - [07/Jul/2025:12:03:48 -0400] "GET /items/oekat140/7676?key=delicate HTTP/1.1" 404 23126 "-" "Mozilla/5.0 (compatible; DataForSeoBot/1.0; +https://dataforseo.com/dataforseo-bot)"
188.166.211.225 - - [07/Jul/2025:12:03:53 -0400] "GET /wp-login.php HTTP/1.1" 200 3095 "-" "Mozilla/5.0 (Macintosh; Intel Mac OS X 10_11_5) AppleWebKit/537.36 (KHTML, like Gecko) Chrome/50.0.2661.102 Safari/537.36"
136.243.228.194 - - [07/Jul/2025:12:03:53 -0400] "GET /items/kcoan13/46163?key=columnist HTTP/1.1" 404 23127 "-" "Mozilla/5.0 (compatible; DataForSeoBot/1.0; +https://dataforseo.com/dataforseo-bot)"
188.166.211.225 - - [07/Jul/2025:12:03:58 -0400] "GET /wp-login.php HTTP/1.1" 200 3095 "-" "Mozilla/5.0 (Macintosh; Intel Mac OS X 10_11_5) AppleWebKit/537.36 (KHTML, like Gecko) Chrome/50.0.2661.102 Safari/537.36"
136.243.228.194 - - [07/Jul/2025:12:03:58 -0400] "GET /93pxx30664.html HTTP/1.1" 404 23126 "-" "Mozilla/5.0 (compatible; DataForSeoBot/1.0; +https://dataforseo.com/dataforseo-bot)"
136.243.228.194 - - [07/Jul/2025:12:04:02 -0400] "GET /56hjejz13575.html HTTP/1.1" 404 23126 "-" "Mozilla/5.0 (compatible; DataForSeoBot/1.0; +https://dataforseo.com/dataforseo-bot)"
66.249.64.160 - - [07/Jul/2025:12:04:07 -0400] "GET /80nkh15051.html HTTP/1.1" 200 87205 "-" "Mozilla/5.0 (Linux; Android 6.0.1; Nexus 5X Build/MMB29P) AppleWebKit/537.36 (KHTML, like Gecko) Chrome/137.0.7151.103 Mobile Safari/537.36 (compatible; Googlebot/2.1; +http://www.google.com/bot.html)"
136.243.228.194 - - [07/Jul/2025:12:04:07 -0400] "GET /items/dvbgr148/42400?key=notion HTTP/1.1" 404 23127 "-" "Mozilla/5.0 (compatible; DataForSeoBot/1.0; +https://dataforseo.com/dataforseo-bot)"
20.171.207.36 - - [07/Jul/2025:12:04:07 -0400] "GET /279orsp3436.html HTTP/1.1" 404 23126 "-" "Mozilla/5.0 AppleWebKit/537.36 (KHTML, like Gecko; compatible; GPTBot/1.2; +https://openai.com/gptbot)"
136.243.228.194 - - [07/Jul/2025:12:04:16 -0400] "GET /items/gfshm69/33739?key=decision HTTP/1.1" 404 23126 "-" "Mozilla/5.0 (compatible; DataForSeoBot/1.0; +https://dataforseo.com/dataforseo-bot)"
136.243.228.194 - - [07/Jul/2025:12:04:24 -0400] "GET /items/vxixq253/11265?key=potentially HTTP/1.1" 404 23126 "-" "Mozilla/5.0 (compatible; DataForSeoBot/1.0; +https://dataforseo.com/dataforseo-bot)"
66.249.64.174 - - [07/Jul/2025:12:04:32 -0400] "GET /207qmk12466.html HTTP/1.1" 200 87578 "-" "Mozilla/5.0 (Linux; Android 6.0.1; Nexus 5X Build/MMB29P) AppleWebKit/537.36 (KHTML, like Gecko) Chrome/137.0.7151.103 Mobile Safari/537.36 (compatible; Googlebot/2.1; +http://www.google.com/bot.html)"
188.166.211.225 - - [07/Jul/2025:12:04:34 -0400] "GET /wp-login.php HTTP/1.1" 200 3095 "-" "Mozilla/5.0 (Windows NT 6.3; WOW64; rv:40.0) Gecko/20100101 Firefox/40.0"
136.243.228.194 - - [07/Jul/2025:12:04:30 -0400] "GET /214ftb38289.html HTTP/1.1" 404 23126 "-" "Mozilla/5.0 (compatible; DataForSeoBot/1.0; +https://dataforseo.com/dataforseo-bot)"
188.166.211.225 - - [07/Jul/2025:12:04:38 -0400] "GET /wp-login.php HTTP/1.1" 200 3095 "-" "Mozilla/5.0 (Windows NT 6.3; WOW64; rv:40.0) Gecko/20100101 Firefox/40.0"
136.243.228.194 - - [07/Jul/2025:12:04:38 -0400] "GET /items/dgnli280/9658?key=luck HTTP/1.1" 404 23126 "-" "Mozilla/5.0 (compatible; DataForSeoBot/1.0; +https://dataforseo.com/dataforseo-bot)"
66.29.146.47 - - [07/Jul/2025:12:04:43 -0400] "POST /wp-cron.php?doing_wp_cron=1751904283.0127658843994140625000 HTTP/1.1" 403 1242 "-" "WordPress/6.8; https://dangroup.sa"
136.243.228.194 - - [07/Jul/2025:12:04:42 -0400] "GET /275inh44504.html HTTP/1.1" 404 23126 "-" "Mozilla/5.0 (compatible; DataForSeoBot/1.0; +https://dataforseo.com/dataforseo-bot)"
136.243.228.194 - - [07/Jul/2025:12:04:47 -0400] "GET /items/ywqbb157/47957?key=revolutionary HTTP/1.1" 404 23126 "-" "Mozilla/5.0 (compatible; DataForSeoBot/1.0; +https://dataforseo.com/dataforseo-bot)"
136.243.228.194 - - [07/Jul/2025:12:04:51 -0400] "GET /items/nmtvt192/49908?key=interest HTTP/1.1" 404 23126 "-" "Mozilla/5.0 (compatible; DataForSeoBot/1.0; +https://dataforseo.com/dataforseo-bot)"
185.199.236.107 - - [07/Jul/2025:12:04:55 -0400] "GET /xmlrpc.php HTTP/1.1" 403 1242 "https://danevnt.com" "Mozilla/5.0 (Windows NT 10.0; Win64; x64) AppleWebKit/537.36 (KHTML, like Gecko) Chrome/115.0.5790.171 Safari/537.36 Edg/115.0.1901.203"
66.249.64.174 - - [07/Jul/2025:12:04:56 -0400] "GET /113wdbr7576.html HTTP/1.1" 200 86996 "-" "Mozilla/5.0 (Linux; Android 6.0.1; Nexus 5X Build/MMB29P) AppleWebKit/537.36 (KHTML, like Gecko) Chrome/137.0.7151.103 Mobile Safari/537.36 (compatible; Googlebot/2.1; +http://www.google.com/bot.html)"
136.243.228.194 - - [07/Jul/2025:12:04:55 -0400] "GET /items/kxsvl76/44224?key=pattern HTTP/1.1" 404 23126 "-" "Mozilla/5.0 (compatible; DataForSeoBot/1.0; +https://dataforseo.com/dataforseo-bot)"
47.82.60.16 - - [07/Jul/2025:12:04:55 -0400] "GET /items/iwzxw285/13951?key=father HTTP/1.1" 404 23126 "https://dangroup.sa/items/iwzxw285/13951?key=father" "Mozilla/5.0 (Windows NT 10.0; Win64; x64) AppleWebKit/537.36 (KHTML, like Gecko) Chrome/114.0.0.0 Safari/537.36 Edg/114.0.1823.43"
136.243.228.194 - - [07/Jul/2025:12:05:02 -0400] "GET /213elgwe1952.html HTTP/1.1" 404 23126 "-" "Mozilla/5.0 (compatible; DataForSeoBot/1.0; +https://dataforseo.com/dataforseo-bot)"
136.243.228.194 - - [07/Jul/2025:12:05:08 -0400] "GET /items/gvixd258/25566?key=noise HTTP/1.1" 404 23126 "-" "Mozilla/5.0 (compatible; DataForSeoBot/1.0; +https://dataforseo.com/dataforseo-bot)"
20.171.207.36 - - [07/Jul/2025:12:05:11 -0400] "GET /154pisj4379.html HTTP/1.1" 404 23126 "-" "Mozilla/5.0 AppleWebKit/537.36 (KHTML, like Gecko; compatible; GPTBot/1.2; +https://openai.com/gptbot)"
136.243.228.194 - - [07/Jul/2025:12:05:16 -0400] "GET /58uwvv30245.html HTTP/1.1" 404 23126 "-" "Mozilla/5.0 (compatible; DataForSeoBot/1.0; +https://dataforseo.com/dataforseo-bot)"
66.249.64.174 - - [07/Jul/2025:12:05:21 -0400] "GET /207wcfk23920.html HTTP/1.1" 200 86864 "-" "Mozilla/5.0 (Linux; Android 6.0.1; Nexus 5X Build/MMB29P) AppleWebKit/537.36 (KHTML, like Gecko) Chrome/137.0.7151.103 Mobile Safari/537.36 (compatible; Googlebot/2.1; +http://www.google.com/bot.html)"
136.243.228.194 - - [07/Jul/2025:12:05:22 -0400] "GET /items/ymuzo111/22501?key=await HTTP/1.1" 404 23126 "-" "Mozilla/5.0 (compatible; DataForSeoBot/1.0; +https://dataforseo.com/dataforseo-bot)"
188.166.211.225 - - [07/Jul/2025:12:05:27 -0400] "GET /wp-login.php HTTP/1.1" 200 3095 "-" "Mozilla/5.0 (Windows NT 10.0; Win64; x64) AppleWebKit/537.36 (KHTML, like Gecko) Chrome/58.0.3029.110 Safari/537.3"
136.243.228.194 - - [07/Jul/2025:12:05:27 -0400] "GET /items/cabqi216/47950?key=top HTTP/1.1" 404 23126 "-" "Mozilla/5.0 (compatible; DataForSeoBot/1.0; +https://dataforseo.com/dataforseo-bot)"
188.166.211.225 - - [07/Jul/2025:12:05:32 -0400] "GET /wp-login.php HTTP/1.1" 200 3095 "-" "Mozilla/5.0 (Windows NT 10.0; Win64; x64) AppleWebKit/537.36 (KHTML, like Gecko) Chrome/58.0.3029.110 Safari/537.3"
136.243.228.194 - - [07/Jul/2025:12:05:33 -0400] "GET /items/difam28/23160?key=administer HTTP/1.1" 404 23126 "-" "Mozilla/5.0 (compatible; DataForSeoBot/1.0; +https://dataforseo.com/dataforseo-bot)"
136.243.228.194 - - [07/Jul/2025:12:05:37 -0400] "GET /290pra36847.html HTTP/1.1" 404 23126 "-" "Mozilla/5.0 (compatible; DataForSeoBot/1.0; +https://dataforseo.com/dataforseo-bot)"
136.243.228.194 - - [07/Jul/2025:12:05:42 -0400] "GET /items/phrda12/42176?key=sentiment HTTP/1.1" 404 23127 "-" "Mozilla/5.0 (compatible; DataForSeoBot/1.0; +https://dataforseo.com/dataforseo-bot)"
66.249.64.160 - - [07/Jul/2025:12:05:45 -0400] "GET /245vwhpx13736.html HTTP/1.1" 200 87216 "-" "Mozilla/5.0 (Linux; Android 6.0.1; Nexus 5X Build/MMB29P) AppleWebKit/537.36 (KHTML, like Gecko) Chrome/137.0.7151.103 Mobile Safari/537.36 (compatible; Googlebot/2.1; +http://www.google.com/bot.html)"
66.249.64.160 - - [07/Jul/2025:12:05:47 -0400] "GET /58fxnuo7029.html HTTP/1.1" 200 87198 "-" "Mozilla/5.0 (Linux; Android 6.0.1; Nexus 5X Build/MMB29P) AppleWebKit/537.36 (KHTML, like Gecko) Chrome/137.0.7151.103 Mobile Safari/537.36 (compatible; Googlebot/2.1; +http://www.google.com/bot.html)"
66.29.146.47 - - [07/Jul/2025:12:05:48 -0400] "POST /wp-cron.php?doing_wp_cron=1751904348.8279399871826171875000 HTTP/1.1" 403 1242 "-" "WordPress/6.8; https://dangroup.sa"
188.166.211.225 - - [07/Jul/2025:12:05:51 -0400] "GET /wp-login.php HTTP/1.1" 200 3095 "-" "Mozilla/5.0 (Windows NT 6.3; WOW64; rv:40.0) Gecko/20100101 Firefox/40.0"
136.243.228.194 - - [07/Jul/2025:12:05:48 -0400] "GET /272cxrr11837.html HTTP/1.1" 404 23126 "-" "Mozilla/5.0 (compatible; DataForSeoBot/1.0; +https://dataforseo.com/dataforseo-bot)"
66.249.64.174 - - [07/Jul/2025:12:05:55 -0400] "GET /items/mukei226/26106?key=fog HTTP/1.1" 200 86408 "-" "Mozilla/5.0 (Linux; Android 6.0.1; Nexus 5X Build/MMB29P) AppleWebKit/537.36 (KHTML, like Gecko) Chrome/137.0.7151.103 Mobile Safari/537.36 (compatible; Googlebot/2.1; +http://www.google.com/bot.html)"
188.166.211.225 - - [07/Jul/2025:12:05:55 -0400] "GET /wp-login.php HTTP/1.1" 200 3095 "-" "Mozilla/5.0 (Windows NT 6.3; WOW64; rv:40.0) Gecko/20100101 Firefox/40.0"
136.243.228.194 - - [07/Jul/2025:12:05:54 -0400] "GET /154vqjt26955.html HTTP/1.1" 404 23127 "-" "Mozilla/5.0 (compatible; DataForSeoBot/1.0; +https://dataforseo.com/dataforseo-bot)"
66.249.64.174 - - [07/Jul/2025:12:05:59 -0400] "GET /130egh39599.html HTTP/1.1" 200 87429 "-" "Mozilla/5.0 (Linux; Android 6.0.1; Nexus 5X Build/MMB29P) AppleWebKit/537.36 (KHTML, like Gecko) Chrome/137.0.7151.103 Mobile Safari/537.36 (compatible; Googlebot/2.1; +http://www.google.com/bot.html)"
136.243.228.194 - - [07/Jul/2025:12:06:00 -0400] "GET /items/sncbo61/25601?key=jurisdiction HTTP/1.1" 404 23126 "-" "Mozilla/5.0 (compatible; DataForSeoBot/1.0; +https://dataforseo.com/dataforseo-bot)"
136.243.228.194 - - [07/Jul/2025:12:06:05 -0400] "GET /items/oivvf124/33644?key=sorry HTTP/1.1" 404 23126 "-" "Mozilla/5.0 (compatible; DataForSeoBot/1.0; +https://dataforseo.com/dataforseo-bot)"
136.243.228.194 - - [07/Jul/2025:12:06:09 -0400] "GET /items/lzglg151/37761?key=actress HTTP/1.1" 404 23126 "-" "Mozilla/5.0 (compatible; DataForSeoBot/1.0; +https://dataforseo.com/dataforseo-bot)"
136.243.228.194 - - [07/Jul/2025:12:06:14 -0400] "GET /230lmzd7733.html HTTP/1.1" 404 23126 "-" "Mozilla/5.0 (compatible; DataForSeoBot/1.0; +https://dataforseo.com/dataforseo-bot)"
20.171.207.36 - - [07/Jul/2025:12:06:16 -0400] "GET /34pqai31907.html HTTP/1.1" 404 23126 "-" "Mozilla/5.0 AppleWebKit/537.36 (KHTML, like Gecko; compatible; GPTBot/1.2; +https://openai.com/gptbot)"
136.243.228.194 - - [07/Jul/2025:12:06:20 -0400] "GET /205loulg26630.html HTTP/1.1" 404 23126 "-" "Mozilla/5.0 (compatible; DataForSeoBot/1.0; +https://dataforseo.com/dataforseo-bot)"
66.249.64.174 - - [07/Jul/2025:12:06:24 -0400] "GET /11vxzz3800.html HTTP/1.1" 200 86137 "-" "Mozilla/5.0 (Linux; Android 6.0.1; Nexus 5X Build/MMB29P) AppleWebKit/537.36 (KHTML, like Gecko) Chrome/137.0.7151.103 Mobile Safari/537.36 (compatible; Googlebot/2.1; +http://www.google.com/bot.html)"
136.243.228.194 - - [07/Jul/2025:12:06:25 -0400] "GET /items/ezvwn54/41216?key=personality HTTP/1.1" 404 23126 "-" "Mozilla/5.0 (compatible; DataForSeoBot/1.0; +https://dataforseo.com/dataforseo-bot)"
136.243.228.194 - - [07/Jul/2025:12:06:30 -0400] "GET /items/xplkh181/1875?key=slowly HTTP/1.1" 404 23126 "-" "Mozilla/5.0 (compatible; DataForSeoBot/1.0; +https://dataforseo.com/dataforseo-bot)"
136.243.228.194 - - [07/Jul/2025:12:06:35 -0400] "GET /107ngfm32472.html HTTP/1.1" 404 23126 "-" "Mozilla/5.0 (compatible; DataForSeoBot/1.0; +https://dataforseo.com/dataforseo-bot)"
136.243.228.194 - - [07/Jul/2025:12:06:41 -0400] "GET /items/qvjcq241/8065?key=sweet HTTP/1.1" 404 23126 "-" "Mozilla/5.0 (compatible; DataForSeoBot/1.0; +https://dataforseo.com/dataforseo-bot)"
66.249.64.174 - - [07/Jul/2025:12:06:47 -0400] "GET /212wsv20377.html HTTP/1.1" 200 87420 "-" "Mozilla/5.0 (Linux; Android 6.0.1; Nexus 5X Build/MMB29P) AppleWebKit/537.36 (KHTML, like Gecko) Chrome/137.0.7151.103 Mobile Safari/537.36 (compatible; Googlebot/2.1; +http://www.google.com/bot.html)"
136.243.228.194 - - [07/Jul/2025:12:06:45 -0400] "GET /53yyxys25366.html HTTP/1.1" 404 23126 "-" "Mozilla/5.0 (compatible; DataForSeoBot/1.0; +https://dataforseo.com/dataforseo-bot)"
66.29.146.47 - - [07/Jul/2025:12:06:50 -0400] "POST /wp-cron.php?doing_wp_cron=1751904409.8263950347900390625000 HTTP/1.1" 403 1242 "-" "WordPress/6.8; https://dangroup.sa"
188.166.211.225 - - [07/Jul/2025:12:06:49 -0400] "GET /wp-login.php HTTP/1.1" 200 3095 "-" "Mozilla/5.0 (Windows NT 6.3; WOW64; rv:40.0) Gecko/20100101 Firefox/40.0"
66.249.64.174 - - [07/Jul/2025:12:06:49 -0400] "GET /127fcbus33738.html HTTP/1.1" 200 89319 "-" "Mozilla/5.0 (Linux; Android 6.0.1; Nexus 5X Build/MMB29P) AppleWebKit/537.36 (KHTML, like Gecko) Chrome/137.0.7151.103 Mobile Safari/537.36 (compatible; Googlebot/2.1; +http://www.google.com/bot.html)"
20.171.53.229 - - [07/Jul/2025:12:06:50 -0400] "GET /83zupg1886.html HTTP/1.1" 404 23127 "-" "Mozilla/5.0 (Macintosh; Intel Mac OS X 10_15_7) AppleWebKit/537.36 (KHTML, like Gecko) Chrome/131.0.0.0 Safari/537.36; compatible; OAI-SearchBot/1.0; +https://openai.com/searchbot"
188.166.211.225 - - [07/Jul/2025:12:06:53 -0400] "GET /wp-login.php HTTP/1.1" 200 3095 "-" "Mozilla/5.0 (Windows NT 6.3; WOW64; rv:40.0) Gecko/20100101 Firefox/40.0"
136.243.228.194 - - [07/Jul/2025:12:06:50 -0400] "GET /126ygsi47323.html HTTP/1.1" 404 23127 "-" "Mozilla/5.0 (compatible; DataForSeoBot/1.0; +https://dataforseo.com/dataforseo-bot)"
66.249.64.160 - - [07/Jul/2025:12:06:56 -0400] "GET /189xig6982.html HTTP/1.1" 200 87054 "-" "Mozilla/5.0 (Linux; Android 6.0.1; Nexus 5X Build/MMB29P) AppleWebKit/537.36 (KHTML, like Gecko) Chrome/137.0.7151.103 Mobile Safari/537.36 (compatible; Googlebot/2.1; +http://www.google.com/bot.html)"
136.243.228.194 - - [07/Jul/2025:12:06:57 -0400] "GET /items/znght227/19085?key=permit HTTP/1.1" 404 23126 "-" "Mozilla/5.0 (compatible; DataForSeoBot/1.0; +https://dataforseo.com/dataforseo-bot)"
136.243.228.194 - - [07/Jul/2025:12:07:04 -0400] "GET /items/njqsu159/35615?key=court HTTP/1.1" 404 23127 "-" "Mozilla/5.0 (compatible; DataForSeoBot/1.0; +https://dataforseo.com/dataforseo-bot)"
136.243.228.194 - - [07/Jul/2025:12:07:09 -0400] "GET /298kip43117.html HTTP/1.1" 404 23126 "-" "Mozilla/5.0 (compatible; DataForSeoBot/1.0; +https://dataforseo.com/dataforseo-bot)"
66.249.64.160 - - [07/Jul/2025:12:07:13 -0400] "GET /items/ydnpe294/7034?key=chairman HTTP/1.1" 200 85957 "-" "Mozilla/5.0 (Linux; Android 6.0.1; Nexus 5X Build/MMB29P) AppleWebKit/537.36 (KHTML, like Gecko) Chrome/137.0.7151.103 Mobile Safari/537.36 (compatible; Googlebot/2.1; +http://www.google.com/bot.html)"
66.249.64.161 - - [07/Jul/2025:12:07:15 -0400] "GET /127tbiq19626.html HTTP/1.1" 200 87293 "-" "Mozilla/5.0 (Linux; Android 6.0.1; Nexus 5X Build/MMB29P) AppleWebKit/537.36 (KHTML, like Gecko) Chrome/137.0.7151.103 Mobile Safari/537.36 (compatible; Googlebot/2.1; +http://www.google.com/bot.html)"
136.243.228.194 - - [07/Jul/2025:12:07:14 -0400] "GET /items/mxzjv164/31684?key=ie HTTP/1.1" 404 23126 "-" "Mozilla/5.0 (compatible; DataForSeoBot/1.0; +https://dataforseo.com/dataforseo-bot)"
136.243.228.194 - - [07/Jul/2025:12:07:20 -0400] "GET /items/jmpbs124/21024?key=pursuit HTTP/1.1" 404 23126 "-" "Mozilla/5.0 (compatible; DataForSeoBot/1.0; +https://dataforseo.com/dataforseo-bot)"
20.171.207.36 - - [07/Jul/2025:12:07:21 -0400] "GET /272ghvo8459.html HTTP/1.1" 404 23126 "-" "Mozilla/5.0 AppleWebKit/537.36 (KHTML, like Gecko; compatible; GPTBot/1.2; +https://openai.com/gptbot)"
136.243.228.194 - - [07/Jul/2025:12:07:26 -0400] "GET /277nwgkr47780.html HTTP/1.1" 404 23126 "-" "Mozilla/5.0 (compatible; DataForSeoBot/1.0; +https://dataforseo.com/dataforseo-bot)"
136.243.228.194 - - [07/Jul/2025:12:07:31 -0400] "GET /items/opzkn188/17790?key=buddy HTTP/1.1" 404 23126 "-" "Mozilla/5.0 (compatible; DataForSeoBot/1.0; +https://dataforseo.com/dataforseo-bot)"
66.249.64.174 - - [07/Jul/2025:12:07:40 -0400] "GET /268mdwy9519.html HTTP/1.1" 200 86904 "-" "Mozilla/5.0 (Linux; Android 6.0.1; Nexus 5X Build/MMB29P) AppleWebKit/537.36 (KHTML, like Gecko) Chrome/137.0.7151.103 Mobile Safari/537.36 (compatible; Googlebot/2.1; +http://www.google.com/bot.html)"
188.166.211.225 - - [07/Jul/2025:12:07:46 -0400] "GET /wp-login.php HTTP/1.1" 200 3095 "-" "Mozilla/5.0 (Windows NT 10.0; Win64; x64) AppleWebKit/537.36 (KHTML, like Gecko) Chrome/58.0.3029.110 Safari/537.3"
188.166.211.225 - - [07/Jul/2025:12:07:48 -0400] "GET /wp-login.php HTTP/1.1" 200 3129 "-" "Mozilla/5.0 (Windows NT 10.0; Win64; x64) AppleWebKit/537.36 (KHTML, like Gecko) Chrome/58.0.3029.110 Safari/537.3"
66.249.64.174 - - [07/Jul/2025:12:07:53 -0400] "GET /120bovl27085.html HTTP/1.1" 200 87657 "-" "Mozilla/5.0 (Linux; Android 6.0.1; Nexus 5X Build/MMB29P) AppleWebKit/537.36 (KHTML, like Gecko) Chrome/137.0.7151.103 Mobile Safari/537.36 (compatible; GoogleOther)"
66.249.64.160 - - [07/Jul/2025:12:08:03 -0400] "GET /186ddqgq37533.html HTTP/1.1" 200 86662 "-" "Mozilla/5.0 (compatible; Googlebot/2.1; +http://www.google.com/bot.html)"
66.249.64.160 - - [07/Jul/2025:12:08:05 -0400] "GET /162gofl29101.html HTTP/1.1" 200 86727 "-" "Mozilla/5.0 (Linux; Android 6.0.1; Nexus 5X Build/MMB29P) AppleWebKit/537.36 (KHTML, like Gecko) Chrome/137.0.7151.103 Mobile Safari/537.36 (compatible; Googlebot/2.1; +http://www.google.com/bot.html)"
66.29.146.47 - - [07/Jul/2025:12:08:22 -0400] "POST /wp-cron.php?doing_wp_cron=1751904502.8101100921630859375000 HTTP/1.1" 403 1242 "-" "WordPress/6.8; https://dangroup.sa"
66.29.146.47 - - [07/Jul/2025:12:08:22 -0400] "POST /wp-cron.php?doing_wp_cron=1751904502.7237620353698730468750 HTTP/1.1" 403 1242 "-" "WordPress/6.8; https://dangroup.sa"
188.166.211.225 - - [07/Jul/2025:12:08:22 -0400] "GET /wp-login.php HTTP/1.1" 200 3095 "-" "Mozilla/5.0 (Windows NT 6.1; WOW64; Trident/7.0; AS; rv:11.0) like Gecko"
136.243.228.194 - - [07/Jul/2025:12:08:22 -0400] "GET /234amst24333.html HTTP/1.1" 404 23127 "-" "Mozilla/5.0 (compatible; DataForSeoBot/1.0; +https://dataforseo.com/dataforseo-bot)"
188.166.211.225 - - [07/Jul/2025:12:08:26 -0400] "GET /wp-login.php HTTP/1.1" 200 3129 "-" "Mozilla/5.0 (Windows NT 6.1; WOW64; Trident/7.0; AS; rv:11.0) like Gecko"
20.171.207.36 - - [07/Jul/2025:12:08:23 -0400] "GET /57ujas15964.html HTTP/1.1" 404 23127 "-" "Mozilla/5.0 AppleWebKit/537.36 (KHTML, like Gecko; compatible; GPTBot/1.2; +https://openai.com/gptbot)"
136.243.228.194 - - [07/Jul/2025:12:08:27 -0400] "GET /4jivya10219.html HTTP/1.1" 404 23126 "-" "Mozilla/5.0 (compatible; DataForSeoBot/1.0; +https://dataforseo.com/dataforseo-bot)"
66.249.64.174 - - [07/Jul/2025:12:08:30 -0400] "GET /items/ftnpr43/1019?key=refugee HTTP/1.1" 200 86783 "-" "Mozilla/5.0 (Linux; Android 6.0.1; Nexus 5X Build/MMB29P) AppleWebKit/537.36 (KHTML, like Gecko) Chrome/137.0.7151.103 Mobile Safari/537.36 (compatible; Googlebot/2.1; +http://www.google.com/bot.html)"
136.243.228.194 - - [07/Jul/2025:12:08:32 -0400] "GET /items/qthje290/45584?key=highway HTTP/1.1" 404 23127 "-" "Mozilla/5.0 (compatible; DataForSeoBot/1.0; +https://dataforseo.com/dataforseo-bot)"
136.243.228.194 - - [07/Jul/2025:12:08:37 -0400] "GET /127pelhj28866.html HTTP/1.1" 404 23126 "-" "Mozilla/5.0 (compatible; DataForSeoBot/1.0; +https://dataforseo.com/dataforseo-bot)"
136.243.228.194 - - [07/Jul/2025:12:08:41 -0400] "GET /items/ubejz28/14700?key=era HTTP/1.1" 404 23126 "-" "Mozilla/5.0 (compatible; DataForSeoBot/1.0; +https://dataforseo.com/dataforseo-bot)"
136.243.228.194 - - [07/Jul/2025:12:08:45 -0400] "GET /items/mmuvr51/5061?key=confidence HTTP/1.1" 404 23126 "-" "Mozilla/5.0 (compatible; DataForSeoBot/1.0; +https://dataforseo.com/dataforseo-bot)"
136.243.228.194 - - [07/Jul/2025:12:08:50 -0400] "GET /items/mwhma67/30761?key=telephone HTTP/1.1" 404 23126 "-" "Mozilla/5.0 (compatible; DataForSeoBot/1.0; +https://dataforseo.com/dataforseo-bot)"
136.243.228.194 - - [07/Jul/2025:12:08:53 -0400] "GET /72zzano16127.html HTTP/1.1" 404 23126 "-" "Mozilla/5.0 (compatible; DataForSeoBot/1.0; +https://dataforseo.com/dataforseo-bot)"
66.249.64.174 - - [07/Jul/2025:12:08:56 -0400] "GET /items/ztvpp81/25?key=reply HTTP/1.1" 200 86460 "-" "Mozilla/5.0 (Linux; Android 6.0.1; Nexus 5X Build/MMB29P) AppleWebKit/537.36 (KHTML, like Gecko) Chrome/137.0.7151.103 Mobile Safari/537.36 (compatible; Googlebot/2.1; +http://www.google.com/bot.html)"
136.243.228.194 - - [07/Jul/2025:12:08:57 -0400] "GET /104sbco6099.html HTTP/1.1" 404 23126 "-" "Mozilla/5.0 (compatible; DataForSeoBot/1.0; +https://dataforseo.com/dataforseo-bot)"
136.243.228.194 - - [07/Jul/2025:12:09:03 -0400] "GET /items/jyxrk125/15785?key=dining HTTP/1.1" 404 23126 "-" "Mozilla/5.0 (compatible; DataForSeoBot/1.0; +https://dataforseo.com/dataforseo-bot)"
66.249.64.174 - - [07/Jul/2025:12:09:09 -0400] "GET /items/airkg95/38517?key=contrast HTTP/1.1" 200 87500 "-" "Mozilla/5.0 (Linux; Android 6.0.1; Nexus 5X Build/MMB29P) AppleWebKit/537.36 (KHTML, like Gecko) Chrome/137.0.7151.103 Mobile Safari/537.36 (compatible; Googlebot/2.1; +http://www.google.com/bot.html)"
136.243.228.194 - - [07/Jul/2025:12:09:07 -0400] "GET /287ypj49708.html HTTP/1.1" 404 23127 "-" "Mozilla/5.0 (compatible; DataForSeoBot/1.0; +https://dataforseo.com/dataforseo-bot)"
198.235.24.20 - - [07/Jul/2025:12:09:07 -0400] "GET / HTTP/1.1" 200 33217 "-" "-"
136.243.228.194 - - [07/Jul/2025:12:09:14 -0400] "GET /193rzghf30944.html HTTP/1.1" 404 23127 "-" "Mozilla/5.0 (compatible; DataForSeoBot/1.0; +https://dataforseo.com/dataforseo-bot)"
188.166.211.225 - - [07/Jul/2025:12:09:16 -0400] "GET /wp-login.php HTTP/1.1" 200 3095 "-" "Mozilla/5.0 (Windows NT 6.3; WOW64; rv:40.0) Gecko/20100101 Firefox/40.0"
188.166.211.225 - - [07/Jul/2025:12:09:18 -0400] "GET /wp-login.php HTTP/1.1" 200 3095 "-" "Mozilla/5.0 (Windows NT 6.3; WOW64; rv:40.0) Gecko/20100101 Firefox/40.0"
66.249.64.160 - - [07/Jul/2025:12:09:20 -0400] "GET /items/ijkgt4/998?key=take HTTP/1.1" 200 87879 "-" "Mozilla/5.0 (Linux; Android 6.0.1; Nexus 5X Build/MMB29P) AppleWebKit/537.36 (KHTML, like Gecko) Chrome/137.0.7151.103 Mobile Safari/537.36 (compatible; Googlebot/2.1; +http://www.google.com/bot.html)"
51.222.253.12 - - [07/Jul/2025:12:09:18 -0400] "GET /items/phpfk23/121?key=guess HTTP/1.1" 404 23126 "-" "Mozilla/5.0 (compatible; AhrefsBot/7.0; +http://ahrefs.com/robot/)"
136.243.228.194 - - [07/Jul/2025:12:09:19 -0400] "GET /items/oalwe52/33850?key=within HTTP/1.1" 404 23126 "-" "Mozilla/5.0 (compatible; DataForSeoBot/1.0; +https://dataforseo.com/dataforseo-bot)"
66.29.146.47 - - [07/Jul/2025:12:09:26 -0400] "POST /wp-cron.php?doing_wp_cron=1751904566.5341629981994628906250 HTTP/1.1" 403 1242 "-" "WordPress/6.8; https://dangroup.sa"
136.243.228.194 - - [07/Jul/2025:12:09:25 -0400] "GET /items/fltfy7/7659?key=small HTTP/1.1" 404 23127 "-" "Mozilla/5.0 (compatible; DataForSeoBot/1.0; +https://dataforseo.com/dataforseo-bot)"
20.171.207.36 - - [07/Jul/2025:12:09:27 -0400] "GET /58xypp37067.html HTTP/1.1" 404 23126 "-" "Mozilla/5.0 AppleWebKit/537.36 (KHTML, like Gecko; compatible; GPTBot/1.2; +https://openai.com/gptbot)"
136.243.228.194 - - [07/Jul/2025:12:09:32 -0400] "GET /items/woyyq64/33092?key=flag HTTP/1.1" 404 23126 "-" "Mozilla/5.0 (compatible; DataForSeoBot/1.0; +https://dataforseo.com/dataforseo-bot)"
188.166.211.225 - - [07/Jul/2025:12:09:36 -0400] "GET /wp-login.php HTTP/1.1" 200 3095 "-" "Mozilla/5.0 (Windows NT 6.1; WOW64; Trident/7.0; AS; rv:11.0) like Gecko"
4.227.36.92 - - [07/Jul/2025:12:09:37 -0400] "GET /robots.txt HTTP/1.1" 200 102 "-" "Mozilla/5.0 AppleWebKit/537.36 (KHTML, like Gecko; compatible; GPTBot/1.2; +https://openai.com/gptbot)"
20.25.151.226 - - [07/Jul/2025:12:09:38 -0400] "GET /83zupg1886.html HTTP/1.1" 301 0 "-" "Mozilla/5.0 (Macintosh; Intel Mac OS X 10_15_7) AppleWebKit/537.36 (KHTML, like Gecko) Chrome/131.0.0.0 Safari/537.36; compatible; OAI-SearchBot/1.0; +https://openai.com/searchbot"
136.243.228.194 - - [07/Jul/2025:12:09:37 -0400] "GET /items/ilozc231/21399?key=actress HTTP/1.1" 404 23126 "-" "Mozilla/5.0 (compatible; DataForSeoBot/1.0; +https://dataforseo.com/dataforseo-bot)"
188.166.211.225 - - [07/Jul/2025:12:09:40 -0400] "GET /wp-login.php HTTP/1.1" 200 3129 "-" "Mozilla/5.0 (Windows NT 6.1; WOW64; Trident/7.0; AS; rv:11.0) like Gecko"
66.249.64.174 - - [07/Jul/2025:12:09:42 -0400] "GET /2rsmtu48745.html HTTP/1.1" 200 86601 "-" "Mozilla/5.0 (Linux; Android 6.0.1; Nexus 5X Build/MMB29P) AppleWebKit/537.36 (KHTML, like Gecko) Chrome/137.0.7151.103 Mobile Safari/537.36 (compatible; Googlebot/2.1; +http://www.google.com/bot.html)"
136.243.228.194 - - [07/Jul/2025:12:09:42 -0400] "GET /items/xoeht42/39206?key=appeal HTTP/1.1" 404 23127 "-" "Mozilla/5.0 (compatible; DataForSeoBot/1.0; +https://dataforseo.com/dataforseo-bot)"
66.249.64.174 - - [07/Jul/2025:12:09:46 -0400] "GET /132ftlz37271.html HTTP/1.1" 200 86723 "-" "Mozilla/5.0 (Linux; Android 6.0.1; Nexus 5X Build/MMB29P) AppleWebKit/537.36 (KHTML, like Gecko) Chrome/137.0.7151.103 Mobile Safari/537.36 (compatible; Googlebot/2.1; +http://www.google.com/bot.html)"
136.243.228.194 - - [07/Jul/2025:12:09:47 -0400] "GET /items/gwycj81/523?key=pine HTTP/1.1" 404 23126 "-" "Mozilla/5.0 (compatible; DataForSeoBot/1.0; +https://dataforseo.com/dataforseo-bot)"
47.82.60.11 - - [07/Jul/2025:12:09:52 -0400] "GET /items/iowtx64/492?key=case HTTP/1.1" 301 0 "https://www.dangroup.sa/items/iowtx64/492?key=case" "Mozilla/5.0 (Windows NT 10.0; Win64; x64) AppleWebKit/537.36 (KHTML, like Gecko) Chrome/114.0.0.0 Safari/537.36 Edg/114.0.1823.43"
136.243.228.194 - - [07/Jul/2025:12:09:52 -0400] "GET /222fivu43651.html HTTP/1.1" 404 23126 "-" "Mozilla/5.0 (compatible; DataForSeoBot/1.0; +https://dataforseo.com/dataforseo-bot)"
66.249.64.160 - - [07/Jul/2025:12:09:56 -0400] "GET /213tafz16260.html HTTP/1.1" 200 86978 "-" "Mozilla/5.0 (Linux; Android 6.0.1; Nexus 5X Build/MMB29P) AppleWebKit/537.36 (KHTML, like Gecko) Chrome/137.0.7151.103 Mobile Safari/537.36 (compatible; Googlebot/2.1; +http://www.google.com/bot.html)"
188.166.211.225 - - [07/Jul/2025:12:09:57 -0400] "GET /wp-login.php HTTP/1.1" 200 3095 "-" "Mozilla/5.0 (Windows NT 10.0; Win64; x64) AppleWebKit/537.36 (KHTML, like Gecko) Chrome/58.0.3029.110 Safari/537.3"
47.82.60.11 - - [07/Jul/2025:12:09:54 -0400] "GET /items/iowtx64/492?key=case HTTP/1.1" 404 23126 "https://www.dangroup.sa/items/iowtx64/492?key=case" "Mozilla/5.0 (Windows NT 10.0; Win64; x64) AppleWebKit/537.36 (KHTML, like Gecko) Chrome/114.0.0.0 Safari/537.36 Edg/114.0.1823.43"
136.243.228.194 - - [07/Jul/2025:12:09:58 -0400] "GET /260sibng25057.html HTTP/1.1" 404 23126 "-" "Mozilla/5.0 (compatible; DataForSeoBot/1.0; +https://dataforseo.com/dataforseo-bot)"
66.249.64.160 - - [07/Jul/2025:12:10:02 -0400] "GET /210wwzb33227.html HTTP/1.1" 200 87601 "-" "Mozilla/5.0 (compatible; Googlebot/2.1; +http://www.google.com/bot.html)"
188.166.211.225 - - [07/Jul/2025:12:10:02 -0400] "GET /wp-login.php HTTP/1.1" 200 3129 "-" "Mozilla/5.0 (Windows NT 10.0; Win64; x64) AppleWebKit/537.36 (KHTML, like Gecko) Chrome/58.0.3029.110 Safari/537.3"
136.243.228.194 - - [07/Jul/2025:12:10:04 -0400] "GET /100onkg25163.html HTTP/1.1" 404 23126 "-" "Mozilla/5.0 (compatible; DataForSeoBot/1.0; +https://dataforseo.com/dataforseo-bot)"
66.249.64.174 - - [07/Jul/2025:12:10:07 -0400] "GET /items/xlgbh161/22085?key=lend HTTP/1.1" 200 86877 "-" "Mozilla/5.0 (compatible; Googlebot/2.1; +http://www.google.com/bot.html)"
66.249.64.174 - - [07/Jul/2025:12:10:11 -0400] "GET /21ytcd48976.html HTTP/1.1" 200 86934 "-" "Mozilla/5.0 (Linux; Android 6.0.1; Nexus 5X Build/MMB29P) AppleWebKit/537.36 (KHTML, like Gecko) Chrome/137.0.7151.103 Mobile Safari/537.36 (compatible; Googlebot/2.1; +http://www.google.com/bot.html)"
136.243.228.194 - - [07/Jul/2025:12:10:08 -0400] "GET /227fidy38944.html HTTP/1.1" 404 23126 "-" "Mozilla/5.0 (compatible; DataForSeoBot/1.0; +https://dataforseo.com/dataforseo-bot)"
136.243.228.194 - - [07/Jul/2025:12:10:15 -0400] "GET /204stem49137.html HTTP/1.1" 404 23127 "-" "Mozilla/5.0 (compatible; DataForSeoBot/1.0; +https://dataforseo.com/dataforseo-bot)"
136.243.228.194 - - [07/Jul/2025:12:10:20 -0400] "GET /items/iudgi293/22761?key=same HTTP/1.1" 404 23126 "-" "Mozilla/5.0 (compatible; DataForSeoBot/1.0; +https://dataforseo.com/dataforseo-bot)"
136.243.228.194 - - [07/Jul/2025:12:10:25 -0400] "GET /215mfz46172.html HTTP/1.1" 404 23126 "-" "Mozilla/5.0 (compatible; DataForSeoBot/1.0; +https://dataforseo.com/dataforseo-bot)"
66.29.146.47 - - [07/Jul/2025:12:10:30 -0400] "POST /wp-cron.php?doing_wp_cron=1751904630.7320408821105957031250 HTTP/1.1" 403 1242 "-" "WordPress/6.8; https://dangroup.sa"
136.243.228.194 - - [07/Jul/2025:12:10:30 -0400] "GET /items/vnqtt220/39116?key=Russian HTTP/1.1" 404 23126 "-" "Mozilla/5.0 (compatible; DataForSeoBot/1.0; +https://dataforseo.com/dataforseo-bot)"
66.249.64.174 - - [07/Jul/2025:12:10:33 -0400] "GET /169fhusq23636.html HTTP/1.1" 200 86874 "-" "Mozilla/5.0 (compatible; Googlebot/2.1; +http://www.google.com/bot.html)"
20.171.207.36 - - [07/Jul/2025:12:10:33 -0400] "GET /107szjt2086.html HTTP/1.1" 404 23126 "-" "Mozilla/5.0 AppleWebKit/537.36 (KHTML, like Gecko; compatible; GPTBot/1.2; +https://openai.com/gptbot)"
66.249.64.105 - - [07/Jul/2025:12:10:36 -0400] "GET /pcmypage?callback=/product%2Fdetail%2Buckteeth-jan-set4971544002019-5 HTTP/1.1" 200 87361 "-" "Mozilla/5.0 (Linux; Android 6.0.1; Nexus 5X Build/MMB29P) AppleWebKit/537.36 (KHTML, like Gecko) Chrome/137.0.7151.103 Mobile Safari/537.36 (compatible; Googlebot/2.1; +http://www.google.com/bot.html)"
188.166.211.225 - - [07/Jul/2025:12:10:37 -0400] "GET /wp-login.php HTTP/1.1" 200 3095 "-" "Mozilla/5.0 (Macintosh; Intel Mac OS X 10_11_5) AppleWebKit/537.36 (KHTML, like Gecko) Chrome/50.0.2661.102 Safari/537.36"
136.243.228.194 - - [07/Jul/2025:12:10:35 -0400] "GET /items/asjad205/29567?key=monitor HTTP/1.1" 404 23126 "-" "Mozilla/5.0 (compatible; DataForSeoBot/1.0; +https://dataforseo.com/dataforseo-bot)"
188.166.211.225 - - [07/Jul/2025:12:10:39 -0400] "GET /wp-login.php HTTP/1.1" 200 3095 "-" "Mozilla/5.0 (Macintosh; Intel Mac OS X 10_11_5) AppleWebKit/537.36 (KHTML, like Gecko) Chrome/50.0.2661.102 Safari/537.36"
136.243.228.194 - - [07/Jul/2025:12:10:41 -0400] "GET /items/upzyw223/7671?key=regularly HTTP/1.1" 404 23127 "-" "Mozilla/5.0 (compatible; DataForSeoBot/1.0; +https://dataforseo.com/dataforseo-bot)"
136.243.228.194 - - [07/Jul/2025:12:10:46 -0400] "GET /247ganky37042.html HTTP/1.1" 404 23126 "-" "Mozilla/5.0 (compatible; DataForSeoBot/1.0; +https://dataforseo.com/dataforseo-bot)"
136.243.228.194 - - [07/Jul/2025:12:10:50 -0400] "GET /items/kxnxg119/13287?key=fund HTTP/1.1" 404 23126 "-" "Mozilla/5.0 (compatible; DataForSeoBot/1.0; +https://dataforseo.com/dataforseo-bot)"
